20.171.207.223 - - [16/Feb/2025:00:11:54 +0100] "GET /ticket2/opencms/set_aff_cookie.jsp?partner=6F250EA7-4505-FA01-D601-8847F2573405&url=%252Fno%252Fbuy%252Findex.html%253Fpage%253D1%2526edid%253D2B069145-96C4-9DB2-7920-56A0B5CF95BF%2526hlv%253D60c9f3d9-8f0c-4185-af2d-2b7a0a01000f%2523v_260958538 HTTP/1.1" 200 246
40.77.167.13 - - [16/Feb/2025:00:11:55 +0100] "GET /ticket2/opencms/uk/magazine/article?title=january-transfer-windows-most-expensive-signings HTTP/1.1" 200 94263
20.171.207.223 - - [16/Feb/2025:00:11:56 +0100] "GET /ticket2/opencms/set_aff_cookie.jsp?partner=692E2C6A-EC6F-1C93-AFCC-C5ACC23A93EA&url=%252Fen%252Fbuy%252Findex.html%253Fpage%253D1%2526edid%253D5C50ECB1-C172-E904-ECBC-6CD309D8DD4A%2526hlv%253D611bc881-e614-4d1a-9a78-4ffa0a01000f%2523v_1603882190 HTTP/1.1" 200 247
23.20.178.124 - - [16/Feb/2025:00:11:57 +0100] "GET /ticket2/opencms/sv/buy/?edid=DABBB04A-934B-281D-ABA7-8CACF7859BC6&page=1 HTTP/1.1" 200 107986
54.36.148.37 - - [16/Feb/2025:00:11:57 +0100] "GET /ticket2/opencms/hu/buy?page=1&edid=1AD4E11C-C792-1721-4D1A-2229101A30FD HTTP/1.1" 200 144945
20.171.207.223 - - [16/Feb/2025:00:11:57 +0100] "GET /ticket2/opencms/set_aff_cookie.jsp?partner=2E02071B-A8C3-4CBA-3097-C27D61C02ED8&url=%252Fdk%252Fbuy%252Findex.html%253Fpage%253D1%2526edid%253D4457AAA5-B79C-4CFF-795B-48A1890E4376%2526hlv%253D6145d3d4-4710-4805-a026-6b830a01000f%2523v_1155379266 HTTP/1.1" 200 247
202.8.42.191 - - [16/Feb/2025:00:11:58 +0100] "GET /ticket2/opencms/system/modules/com.gridnine.opencms.ticketbrokerage.site/resources/css/jquery-ui.css HTTP/1.1" 200 33221
202.8.42.191 - - [16/Feb/2025:00:11:58 +0100] "GET /ticket2/opencms/system/modules/com.gridnine.opencms.ticketbrokerage.site/resources/css/calendar.css HTTP/1.1" 200 6871
202.8.42.191 - - [16/Feb/2025:00:11:58 +0100] "GET /ticket2/opencms/system/modules/com.gridnine.opencms.ticketbrokerage.site/resources/css/jquery.fancybox.css HTTP/1.1" 200 4939
202.8.42.191 - - [16/Feb/2025:00:11:58 +0100] "GET /ticket2/opencms/system/modules/com.gridnine.opencms.ticketbrokerage.site/resources/css/ticketbrokerage.css HTTP/1.1" 200 39339
202.8.42.191 - - [16/Feb/2025:00:11:58 +0100] "GET /ticket2/opencms/system/modules/com.gridnine.opencms.ticketbrokerage.site/resources/css/standard.css HTTP/1.1" 200 73904
20.171.207.223 - - [16/Feb/2025:00:11:58 +0100] "GET /ticket2/opencms/set_aff_cookie.jsp?partner=57601924-FB09-5BB2-867F-08B4EB522BA8&url=%252Fdk%252Fbuy%252Findex.html%253Fpage%253D1%2526edid%253D6619AF23-B82A-4933-7AAB-7FCD989DC8B0%2526hlv%253D6145bdcb-c9dc-4aaf-8077-64fe0a01000f%2523v_1274916633 HTTP/1.1" 200 247
202.8.42.191 - - [16/Feb/2025:00:11:58 +0100] "GET /ticket2/opencms/system/modules/com.gridnine.opencms.ticketbrokerage.site/resources/js/stickyfill.min.js HTTP/1.1" 200 5672
202.8.42.191 - - [16/Feb/2025:00:11:59 +0100] "GET /ticket2/opencms/system/modules/com.gridnine.opencms.ticketbrokerage.site/resources/js/jquery/jquery.js HTTP/1.1" 200 93868
202.8.42.191 - - [16/Feb/2025:00:11:59 +0100] "GET /ticket2/opencms/system/modules/com.gridnine.opencms.ticketbrokerage.site/resources/js/jquery/jquery-ui.js HTTP/1.1" 200 228088
202.8.42.191 - - [16/Feb/2025:00:11:59 +0100] "GET /ticket2/opencms/system/modules/com.gridnine.opencms.ticketbrokerage.site/resources/js/functions.js HTTP/1.1" 200 1583
202.8.42.191 - - [16/Feb/2025:00:11:59 +0100] "GET /ticket2/opencms/system/modules/com.gridnine.opencms.ticketbrokerage.site/resources/js/calendar-en.js HTTP/1.1" 200 3338
202.8.42.191 - - [16/Feb/2025:00:11:59 +0100] "GET /ticket2/opencms/system/modules/com.gridnine.opencms.ticketbrokerage.site/resources/js/calendar.js HTTP/1.1" 200 49229
202.8.42.191 - - [16/Feb/2025:00:11:59 +0100] "GET /ticket2/opencms/system/modules/com.gridnine.opencms.ticketbrokerage.site/resources/js/calendar-setup.js HTTP/1.1" 200 4923
202.8.42.191 - - [16/Feb/2025:00:11:59 +0100] "GET /ticket2/opencms/system/modules/com.gridnine.opencms.ticketbrokerage.site/resources/js/jquery.fancybox.pack.js HTTP/1.1" 200 23187
202.8.42.191 - - [16/Feb/2025:00:11:59 +0100] "GET /ticket2/opencms/system/modules/com.gridnine.opencms.ticketbrokerage.site/resources/js/standard.js HTTP/1.1" 200 3983
202.8.42.191 - - [16/Feb/2025:00:11:59 +0100] "GET /ticket2/opencms/system/modules/com.gridnine.opencms.ticketbrokerage.site/resources/js/jquery.placeholder.min.js HTTP/1.1" 200 1737
202.8.42.191 - - [16/Feb/2025:00:11:59 +0100] "GET /ticket2/opencms/system/modules/com.gridnine.opencms.ticketbrokerage.site/resources/js/common-ajax.js HTTP/1.1" 200 20175
202.8.42.191 - - [16/Feb/2025:00:11:59 +0100] "GET /ticket2/opencms/hu/ask-form.html HTTP/1.1" 200 3156
85.208.96.199 - - [16/Feb/2025:00:11:59 +0100] "GET /ticket2/opencms/fi/urheilu/hockey/nhl/chicago_blackhawks/ HTTP/1.1" 200 90140
202.8.42.191 - - [16/Feb/2025:00:11:59 +0100] "GET /ticket2/opencms/system/modules/com.gridnine.opencms.ticketbrokerage.site/resources/css/ticketbrokerage.css HTTP/1.1" 200 39339
20.171.207.223 - - [16/Feb/2025:00:12:00 +0100] "GET /ticket2/opencms/set_aff_cookie.jsp?partner=692E2C6A-EC6F-1C93-AFCC-C5ACC23A93EA&url=%252Ffi%252Fbuy%252Findex.html%253Fpage%253D1%2526edid%253DDDC40197-C63B-2875-1DBD-858E36E0D61F%2526hlv%253D61154d02-d338-438f-8aef-161a0a01000f%2523v_1140717731 HTTP/1.1" 200 247
3.218.103.254 - - [16/Feb/2025:00:12:01 +0100] "GET /ticket2/opencms/sv/buy/?edid=F6F96A56-F5DB-5CCB-7CBF-891CB25B6D4A&page=1 HTTP/1.1" 200 108039
40.77.167.79 - - [16/Feb/2025:00:12:01 +0100] "GET /ticket2/opencms/hu/affiliateprogram.html HTTP/1.1" 200 87742
185.191.171.15 - - [16/Feb/2025:00:12:03 +0100] "GET /ticket2/opencms/sv/magazine/article?articleId=15 HTTP/1.1" 200 95541
35.171.141.42 - - [16/Feb/2025:00:12:05 +0100] "GET /ticket2/opencms/sv/buy/?edid=59EE7C1E-928C-0B67-F8CD-0935739262E0&page=1 HTTP/1.1" 200 119681
20.171.207.223 - - [16/Feb/2025:00:12:07 +0100] "GET /ticket2/opencms/set_aff_cookie.jsp?partner=57601924-FB09-5BB2-867F-08B4EB522BA8&url=%252Fru%252Fbuy%252Findex.html%253Fpage%253D1%2526edid%253DD1B6D814-A677-3D90-03BA-1F7CF35352A4%2526hlv%253D60ca1e7b-fe20-4f71-99aa-40890a01000f%2523v_166985653 HTTP/1.1" 200 246
52.203.237.170 - - [16/Feb/2025:00:12:09 +0100] "GET /ticket2/opencms/sv/buy/?edid=5B798669-5101-DFDA-74DC-0F364B61FBD5&page=1 HTTP/1.1" 200 119731
52.167.144.187 - - [16/Feb/2025:00:12:09 +0100] "GET /ticket2/opencms/nl/magazine/article?title=analyse-zo-veel-zijn-de-ticketprijzen-van-de-premier-league-gestegen-liverpool-en-arsenal-zijn-het-duurst HTTP/1.1" 200 98558
52.167.144.187 - - [16/Feb/2025:00:12:11 +0100] "GET /ticket2/opencms/sv/magazine/article?title=anfield-liverpools-hemmaarena HTTP/1.1" 200 91424
3.231.193.38 - - [16/Feb/2025:00:12:12 +0100] "GET /ticket2/opencms/sv/buy/?edid=7BBDFB0E-EE23-5294-44DC-2CB1E8C1A24F&page=1 HTTP/1.1" 200 119729
20.171.207.223 - - [16/Feb/2025:00:12:13 +0100] "GET /ticket2/opencms/set_aff_cookie.jsp?partner=57601924-FB09-5BB2-867F-08B4EB522BA8&url=%252Fno%252Fbuy%252Findex.html%253Fpage%253D1%2526edid%253D5F737A44-E043-889A-3C4C-656072CFE9D8%2526hlv%253D612ab292-62c4-486b-96ce-74330a01000f%2523v_412721540 HTTP/1.1" 200 246
20.171.207.223 - - [16/Feb/2025:00:12:14 +0100] "GET /ticket2/opencms/set_aff_cookie.jsp?partner=8F6DE15D-D831-5787-AE7E-FEFF53476F85&url=%252Ffi%252Fbuy%252Findex.html%253Fpage%253D1%2526edid%253DFEB03BB6-02B5-C800-F6B0-987523006767%2526hlv%253D6149f81d-ded4-46c2-b7b6-28260a01000f%2523v_1870122034 HTTP/1.1" 200 247
20.171.207.223 - - [16/Feb/2025:00:12:15 +0100] "GET /ticket2/opencms/set_aff_cookie.jsp?partner=8F6DE15D-D831-5787-AE7E-FEFF53476F85&url=%252Fen%252Fbuy%252Findex.html%253Fpage%253D1%2526edid%253D2C71E7BD-CB87-D4AB-FF92-C8306AEAEEF3%2526hlv%253D60f80f5b-c490-445e-b2de-5a080a01000f%2523v_811310238 HTTP/1.1" 200 246
54.36.148.184 - - [16/Feb/2025:00:12:16 +0100] "GET /ticket2/opencms/hu/buy?page=1&edid=5E608C7A-903B-E4BB-4868-5D83917347B8 HTTP/1.1" 200 148918
20.171.207.223 - - [16/Feb/2025:00:12:16 +0100] "GET /ticket2/opencms/set_aff_cookie.jsp?partner=692E2C6A-EC6F-1C93-AFCC-C5ACC23A93EA&url=%252Fru%252Fbuy%252Findex.html%253Fpage%253D1%2526edid%253D7B81DA8C-BC62-30BF-75BA-614CF7ADBC43%2526hlv%253D614c76de-58b0-43a1-9ee0-18a60a01000f%2523v_202680683 HTTP/1.1" 200 246
52.54.249.218 - - [16/Feb/2025:00:12:17 +0100] "GET /ticket2/opencms/sv/buy/?edid=890CCDBB-BBBF-11B0-1E79-EA111E8EF281&page=1 HTTP/1.1" 200 119692
202.8.41.56 - - [16/Feb/2025:00:12:17 +0100] "GET /ticket2/opencms/system/modules/com.gridnine.opencms.ticketbrokerage.site/resources/css/ticketbrokerage.css HTTP/1.1" 200 39339
202.8.41.56 - - [16/Feb/2025:00:12:17 +0100] "GET /ticket2/opencms/system/modules/com.gridnine.opencms.ticketbrokerage.site/resources/css/jquery-ui.css HTTP/1.1" 200 33221
202.8.41.56 - - [16/Feb/2025:00:12:17 +0100] "GET /ticket2/opencms/system/modules/com.gridnine.opencms.ticketbrokerage.site/resources/css/calendar.css HTTP/1.1" 200 6871
202.8.41.56 - - [16/Feb/2025:00:12:17 +0100] "GET /ticket2/opencms/system/modules/com.gridnine.opencms.ticketbrokerage.site/resources/css/jquery.fancybox.css HTTP/1.1" 200 4939
202.8.41.56 - - [16/Feb/2025:00:12:17 +0100] "GET /ticket2/opencms/system/modules/com.gridnine.opencms.ticketbrokerage.site/resources/css/standard.css HTTP/1.1" 200 73904
202.8.41.56 - - [16/Feb/2025:00:12:17 +0100] "GET /ticket2/opencms/system/modules/com.gridnine.opencms.ticketbrokerage.site/resources/js/jquery/jquery.js HTTP/1.1" 200 93868
202.8.41.56 - - [16/Feb/2025:00:12:17 +0100] "GET /ticket2/opencms/system/modules/com.gridnine.opencms.ticketbrokerage.site/resources/js/jquery/jquery-ui.js HTTP/1.1" 200 228088
202.8.41.56 - - [16/Feb/2025:00:12:17 +0100] "GET /ticket2/opencms/system/modules/com.gridnine.opencms.ticketbrokerage.site/resources/js/functions.js HTTP/1.1" 200 1583
202.8.41.56 - - [16/Feb/2025:00:12:17 +0100] "GET /ticket2/opencms/system/modules/com.gridnine.opencms.ticketbrokerage.site/resources/js/calendar.js HTTP/1.1" 200 49229
202.8.41.56 - - [16/Feb/2025:00:12:17 +0100] "GET /ticket2/opencms/system/modules/com.gridnine.opencms.ticketbrokerage.site/resources/js/calendar-en.js HTTP/1.1" 200 3338
202.8.41.56 - - [16/Feb/2025:00:12:17 +0100] "GET /ticket2/opencms/system/modules/com.gridnine.opencms.ticketbrokerage.site/resources/js/calendar-setup.js HTTP/1.1" 200 4923
20.171.207.223 - - [16/Feb/2025:00:12:17 +0100] "GET /ticket2/opencms/set_aff_cookie.jsp?partner=692E2C6A-EC6F-1C93-AFCC-C5ACC23A93EA&url=%252Fen%252Fbuy%252Findex.html%253Fpage%253D1%2526edid%253DDB8E6B8B-D5E6-2798-B4FA-A83F6B0F61B9%2526hlv%253D615c4628-faa4-4473-9d05-254f0a01000f%2523v_1652278836 HTTP/1.1" 200 247
202.8.41.56 - - [16/Feb/2025:00:12:17 +0100] "GET /ticket2/opencms/system/modules/com.gridnine.opencms.ticketbrokerage.site/resources/js/jquery.fancybox.pack.js HTTP/1.1" 200 23187
202.8.41.56 - - [16/Feb/2025:00:12:17 +0100] "GET /ticket2/opencms/system/modules/com.gridnine.opencms.ticketbrokerage.site/resources/js/standard.js HTTP/1.1" 200 3983
202.8.41.56 - - [16/Feb/2025:00:12:17 +0100] "GET /ticket2/opencms/system/modules/com.gridnine.opencms.ticketbrokerage.site/resources/js/stickyfill.min.js HTTP/1.1" 200 5672
202.8.41.56 - - [16/Feb/2025:00:12:17 +0100] "GET /ticket2/opencms/system/modules/com.gridnine.opencms.ticketbrokerage.site/resources/js/jquery.placeholder.min.js HTTP/1.1" 200 1737
202.8.41.56 - - [16/Feb/2025:00:12:17 +0100] "GET /ticket2/opencms/system/modules/com.gridnine.opencms.ticketbrokerage.site/resources/js/common-ajax.js HTTP/1.1" 200 20175
202.8.41.56 - - [16/Feb/2025:00:12:17 +0100] "GET /ticket2/opencms/hu/ask-form.html HTTP/1.1" 200 3156
202.8.41.56 - - [16/Feb/2025:00:12:18 +0100] "GET /ticket2/opencms/system/modules/com.gridnine.opencms.ticketbrokerage.site/resources/css/ticketbrokerage.css HTTP/1.1" 200 39339
20.171.207.223 - - [16/Feb/2025:00:12:20 +0100] "GET /ticket2/opencms/set_aff_cookie.jsp?partner=57601924-FB09-5BB2-867F-08B4EB522BA8&url=%252Fsv%252Fbuy%252Findex.html%253Fpage%253D1%2526edid%253D50F7AB81-6A9C-C90F-2794-DEB00B53E681%2526hlv%253D612aadca-5b20-4bc4-b52e-73000a01000f%2523v_2066198691 HTTP/1.1" 200 247
3.94.40.182 - - [16/Feb/2025:00:12:21 +0100] "GET /ticket2/opencms/sv/buy/?edid=A4CA2F1E-95F7-CE47-5A50-DF7E2BC18D85&page=1 HTTP/1.1" 200 119779
20.171.207.223 - - [16/Feb/2025:00:12:21 +0100] "GET /ticket2/opencms/set_aff_cookie.jsp?partner=8F6DE15D-D831-5787-AE7E-FEFF53476F85&url=%252Fno%252Fbuy%252Findex.html%253Fpage%253D1%2526edid%253DEBB2685E-B5CD-E71D-6D7A-2FAD449CA6CA%2526hlv%253D60f816c0-31a8-47f4-aa5c-5aaa0a01000f%2523v_1313138784 HTTP/1.1" 200 247
54.36.148.17 - - [16/Feb/2025:00:12:21 +0100] "GET /ticket2/opencms/en/sport/ HTTP/1.1" 200 88037
20.171.207.223 - - [16/Feb/2025:00:12:22 +0100] "GET /ticket2/opencms/set_aff_cookie.jsp?partner=5E0CDF29-E7BE-9F6B-6869-7BF66B04006F&url=%252Fnl%252Fbuy%252Findex.html%253Fpage%253D1%2526edid%253D8732C1C6-4A53-46DF-DAC1-C15A12FE5914%2526hlv%253D60f84b29-3820-4c8a-9ab1-72630a01000f%2523v_273015713 HTTP/1.1" 200 246
114.119.130.154 - - [16/Feb/2025:00:12:22 +0100] "GET /ticket2/opencms/ro/buy?page=1&edid=9DCC0E66-25C8-5156-35A8-BF56F5E3E1AA HTTP/1.1" 200 111674
20.171.207.223 - - [16/Feb/2025:00:12:23 +0100] "GET /ticket2/opencms/set_aff_cookie.jsp?partner=692E2C6A-EC6F-1C93-AFCC-C5ACC23A93EA&url=%252Fnl%252Fbuy%252Findex.html%253Fpage%253D1%2526edid%253D9A90005D-FFD3-93B7-7576-3A0ED35BFF2F%2526hlv%253D60f84b92-725c-4424-a511-72a90a01000f%2523v_1377385037 HTTP/1.1" 200 247
47.128.20.29 - - [16/Feb/2025:00:12:24 +0100] "GET /ticket2/opencms/be/sport/futbol-kvitki/english-championship/cardiff/ HTTP/1.1" 200 101961
114.119.141.178 - - [16/Feb/2025:00:12:24 +0100] "GET /ticket2/opencms/en/buy/?page=1&edid=5013A1E7-6B46-F1F8-6B39-0131EFEB0CDA HTTP/1.1" 200 116759
44.212.106.171 - - [16/Feb/2025:00:12:25 +0100] "GET /ticket2/opencms/sv/buy/?edid=BCB4C6BC-01F1-9B82-B9A0-788195DE1926&page=1 HTTP/1.1" 200 119726
54.36.148.96 - - [16/Feb/2025:00:12:27 +0100] "GET /ticket2/opencms/is/sport/fotbolti/bundesliga/bochum HTTP/1.1" 200 95966
173.252.83.115 - - [16/Feb/2025:00:12:28 +0100] "GET /ticket2/opencms/en/buy/?page=1&edid=28603009-1BBB-6024-D289-76A34CC16DB3 HTTP/1.1" 200 110023
85.208.96.200 - - [16/Feb/2025:00:12:28 +0100] "GET /ticket2/opencms/uk/search.html HTTP/1.1" 200 97311
166.108.234.88 - - [16/Feb/2025:00:12:28 +0100] "GET /ticket2/opencms/az/buy?page=1&edid=DCF22239-47F2-2282-C13B-85FCE1D7C913 HTTP/1.1" 200 136590
202.8.40.21 - - [16/Feb/2025:00:12:28 +0100] "GET /ticket2/opencms/system/modules/com.gridnine.opencms.ticketbrokerage.site/resources/css/jquery-ui.css HTTP/1.1" 200 33221
202.8.40.21 - - [16/Feb/2025:00:12:28 +0100] "GET /ticket2/opencms/system/modules/com.gridnine.opencms.ticketbrokerage.site/resources/css/ticketbrokerage.css HTTP/1.1" 200 39339
202.8.40.21 - - [16/Feb/2025:00:12:28 +0100] "GET /ticket2/opencms/system/modules/com.gridnine.opencms.ticketbrokerage.site/resources/css/standard.css HTTP/1.1" 200 73904
202.8.40.21 - - [16/Feb/2025:00:12:28 +0100] "GET /ticket2/opencms/system/modules/com.gridnine.opencms.ticketbrokerage.site/resources/css/jquery.fancybox.css HTTP/1.1" 200 4939
202.8.40.21 - - [16/Feb/2025:00:12:28 +0100] "GET /ticket2/opencms/system/modules/com.gridnine.opencms.ticketbrokerage.site/resources/css/calendar.css HTTP/1.1" 200 6871
202.8.40.21 - - [16/Feb/2025:00:12:28 +0100] "GET /ticket2/opencms/system/modules/com.gridnine.opencms.ticketbrokerage.site/resources/js/jquery/jquery.js HTTP/1.1" 200 93868
202.8.40.21 - - [16/Feb/2025:00:12:28 +0100] "GET /ticket2/opencms/system/modules/com.gridnine.opencms.ticketbrokerage.site/resources/js/jquery/jquery-ui.js HTTP/1.1" 200 228088
202.8.40.21 - - [16/Feb/2025:00:12:28 +0100] "GET /ticket2/opencms/system/modules/com.gridnine.opencms.ticketbrokerage.site/resources/js/functions.js HTTP/1.1" 200 1583
202.8.40.21 - - [16/Feb/2025:00:12:28 +0100] "GET /ticket2/opencms/system/modules/com.gridnine.opencms.ticketbrokerage.site/resources/js/calendar.js HTTP/1.1" 200 49229
202.8.40.21 - - [16/Feb/2025:00:12:28 +0100] "GET /ticket2/opencms/system/modules/com.gridnine.opencms.ticketbrokerage.site/resources/js/calendar-setup.js HTTP/1.1" 200 4923
202.8.40.21 - - [16/Feb/2025:00:12:28 +0100] "GET /ticket2/opencms/system/modules/com.gridnine.opencms.ticketbrokerage.site/resources/js/calendar-en.js HTTP/1.1" 200 3338
202.8.40.21 - - [16/Feb/2025:00:12:28 +0100] "GET /ticket2/opencms/system/modules/com.gridnine.opencms.ticketbrokerage.site/resources/js/jquery.fancybox.pack.js HTTP/1.1" 200 23187
202.8.40.21 - - [16/Feb/2025:00:12:29 +0100] "GET /ticket2/opencms/system/modules/com.gridnine.opencms.ticketbrokerage.site/resources/js/stickyfill.min.js HTTP/1.1" 200 5672
202.8.40.21 - - [16/Feb/2025:00:12:29 +0100] "GET /ticket2/opencms/system/modules/com.gridnine.opencms.ticketbrokerage.site/resources/js/standard.js HTTP/1.1" 200 3983
202.8.40.21 - - [16/Feb/2025:00:12:29 +0100] "GET /ticket2/opencms/system/modules/com.gridnine.opencms.ticketbrokerage.site/resources/js/jquery.placeholder.min.js HTTP/1.1" 200 1737
202.8.40.21 - - [16/Feb/2025:00:12:29 +0100] "GET /ticket2/opencms/system/modules/com.gridnine.opencms.ticketbrokerage.site/resources/js/common-ajax.js HTTP/1.1" 200 20175
44.216.172.204 - - [16/Feb/2025:00:12:29 +0100] "GET /ticket2/opencms/sv/buy/?edid=D402E731-16BD-6054-BEC0-D195836DBFA5&page=1 HTTP/1.1" 200 119671
20.171.207.223 - - [16/Feb/2025:00:12:30 +0100] "GET /ticket2/opencms/set_aff_cookie.jsp?partner=2E02071B-A8C3-4CBA-3097-C27D61C02ED8&url=%252Fno%252Fbuy%252Findex.html%253Fpage%253D1%2526edid%253D9AE493CE-16E5-66DA-B419-2CD7D152F786%2526hlv%253D60c9de17-ef5c-4c19-b1b0-21c40a01000f%2523v_2110756742 HTTP/1.1" 200 247
100.29.164.178 - - [16/Feb/2025:00:12:33 +0100] "GET /ticket2/opencms/sv/buy/?edid=1848722C-7496-89CC-162E-A03E4F33CA8A&page=1 HTTP/1.1" 200 108070
114.119.129.189 - - [16/Feb/2025:00:12:36 +0100] "GET /ticket2/opencms/es/buy/?page=1&edid=51218E22-B416-8A45-FFDA-8364D5067E03 HTTP/1.1" 200 90484
20.171.207.223 - - [16/Feb/2025:00:12:36 +0100] "GET /ticket2/opencms/set_aff_cookie.jsp?partner=5E0CDF29-E7BE-9F6B-6869-7BF66B04006F&url=%252Fru%252Fbuy%252Findex.html%253Fpage%253D1%2526edid%253D7F453E70-42C2-9829-6707-8F3A9E689502%2526hlv%253D60f81690-95c0-4cf6-8a26-5c9e0a01000f%2523v_2059145197 HTTP/1.1" 200 247
3.94.40.182 - - [16/Feb/2025:00:12:36 +0100] "GET /ticket2/opencms/sv/buy/?edid=2F903B76-B444-9E06-66EB-768066A106B0&page=1 HTTP/1.1" 200 108054
20.171.207.223 - - [16/Feb/2025:00:12:37 +0100] "GET /ticket2/opencms/set_aff_cookie.jsp?partner=57601924-FB09-5BB2-867F-08B4EB522BA8&url=%252Fen%252Fbuy%252Findex.html%253Fpage%253D1%2526edid%253D8C84F5E0-FA25-C5E3-D5D6-2695128F01FC%2526hlv%253D60c9eb03-85b4-4ea2-856e-28310a01000f%2523v_1153246109 HTTP/1.1" 200 247
20.171.207.223 - - [16/Feb/2025:00:12:38 +0100] "GET /ticket2/opencms/set_aff_cookie.jsp?partner=2E02071B-A8C3-4CBA-3097-C27D61C02ED8&url=%252Ffi%252Fbuy%252Findex.html%253Fpage%253D1%2526edid%253D1922F4C1-0D89-1ACA-A50D-EFC3C58AA17B%2526hlv%253D60f5c537-40b4-410c-a21b-1de00a01000f%2523v_2137503579 HTTP/1.1" 200 247
20.171.207.223 - - [16/Feb/2025:00:12:39 +0100] "GET /ticket2/opencms/set_aff_cookie.jsp?partner=57601924-FB09-5BB2-867F-08B4EB522BA8&url=%252Fdk%252Fbuy%252Findex.html%253Fpage%253D1%2526edid%253DE3B46C02-527F-BFED-1199-3D6C38556545%2526hlv%253D60c9e543-1360-4ccd-8ac9-237d0a01000f%2523v_436524534 HTTP/1.1" 200 246
20.171.207.223 - - [16/Feb/2025:00:12:40 +0100] "GET /ticket2/opencms/set_aff_cookie.jsp?partner=57601924-FB09-5BB2-867F-08B4EB522BA8&url=%252Fru%252Fbuy%252Findex.html%253Fpage%253D1%2526edid%253D098D538E-CDF4-9B35-6974-D784A58EF2F5%2526hlv%253D60f81a82-7b08-465c-b3d5-5d200a01000f%2523v_222138618 HTTP/1.1" 200 246
3.209.174.110 - - [16/Feb/2025:00:12:41 +0100] "GET /ticket2/opencms/sv/buy/?edid=582C4192-AED1-C43A-6B53-0F2BB3B8E830&page=1 HTTP/1.1" 200 108117
20.171.207.223 - - [16/Feb/2025:00:12:43 +0100] "GET /ticket2/opencms/set_aff_cookie.jsp?partner=692E2C6A-EC6F-1C93-AFCC-C5ACC23A93EA&url=%252Ffi%252Fbuy%252Findex.html%253Fpage%253D1%2526edid%253DBF34F1E5-432B-C27C-0DC0-AA009BE6EB81%2526hlv%253D60f8171c-09d4-40b4-bcd1-5d370a01000f%2523v_460903450 HTTP/1.1" 200 246
20.171.207.223 - - [16/Feb/2025:00:12:44 +0100] "GET /ticket2/opencms/set_aff_cookie.jsp?partner=57601924-FB09-5BB2-867F-08B4EB522BA8&url=%252Fru%252Fbuy%252Findex.html%253Fpage%253D1%2526edid%253D58849721-189F-D09B-851E-CCAD1153A6C9%2526hlv%253D60c9ddb8-6c54-4aac-ba7f-20f20a01000f%2523v_222465555 HTTP/1.1" 200 246
107.20.255.194 - - [16/Feb/2025:00:12:44 +0100] "GET /ticket2/opencms/sv/buy/?edid=7608A35C-00D9-64A3-BF47-D099F0A5B944&page=1 HTTP/1.1" 200 108080
20.171.207.223 - - [16/Feb/2025:00:12:45 +0100] "GET /ticket2/opencms/set_aff_cookie.jsp?partner=692E2C6A-EC6F-1C93-AFCC-C5ACC23A93EA&url=%252Fno%252Fbuy%252Findex.html%253Fpage%253D1%2526edid%253DE77D1482-9B03-FDD7-FAAB-25B9204A3A75%2526hlv%253D611bcaf1-c024-4553-a106-529e0a01000f%2523v_1193519584 HTTP/1.1" 200 247
20.171.207.223 - - [16/Feb/2025:00:12:46 +0100] "GET /ticket2/opencms/set_aff_cookie.jsp?partner=692E2C6A-EC6F-1C93-AFCC-C5ACC23A93EA&url=%252Fsv%252Fbuy%252Findex.html%253Fpage%253D1%2526edid%253D50F18BFF-700E-1E6F-C17F-C358E206F903%2526hlv%253D60d0e453-8b8c-4bc8-b4a9-41810a01000f%2523v_1829106731 HTTP/1.1" 200 247
114.119.146.36 - - [16/Feb/2025:00:12:48 +0100] "GET /ticket2/opencms/en/venue/?venueid=701663DC-2455-294E-2D99-0CDACEA4F260 HTTP/1.1" 200 85415
23.23.212.212 - - [16/Feb/2025:00:12:48 +0100] "GET /ticket2/opencms/sv/buy/?edid=76B00707-D3EA-3D94-DEEA-CEE4CD43DF30&page=1 HTTP/1.1" 200 108081
54.36.148.157 - - [16/Feb/2025:00:12:53 +0100] "GET /ticket2/opencms/fr/buy?page=1&edid=3583D5C7-607A-E528-A709-844E6A72DC1B HTTP/1.1" 200 141154
50.19.102.70 - - [16/Feb/2025:00:12:53 +0100] "GET /ticket2/opencms/sv/buy/?edid=9662AEC5-C2DE-EE5D-5D3B-AAB4B46EF79E&page=1 HTTP/1.1" 200 108039
20.171.207.223 - - [16/Feb/2025:00:12:53 +0100] "GET /ticket2/opencms/set_aff_cookie.jsp?partner=2E02071B-A8C3-4CBA-3097-C27D61C02ED8&url=%252Fru%252Fbuy%252Findex.html%253Fpage%253D1%2526edid%253DF90DC262-1A9F-4FB5-A462-84BFB9E077F0%2526hlv%253D61136d00-9e54-4044-9178-7d310a01000f%2523v_1213087370 HTTP/1.1" 200 247
202.8.42.81 - - [16/Feb/2025:00:12:54 +0100] "GET /ticket2/opencms/system/modules/com.gridnine.opencms.ticketbrokerage.site/resources/css/jquery-ui.css HTTP/1.1" 200 33221
202.8.42.81 - - [16/Feb/2025:00:12:54 +0100] "GET /ticket2/opencms/system/modules/com.gridnine.opencms.ticketbrokerage.site/resources/css/ticketbrokerage.css HTTP/1.1" 200 39339
202.8.42.81 - - [16/Feb/2025:00:12:54 +0100] "GET /ticket2/opencms/system/modules/com.gridnine.opencms.ticketbrokerage.site/resources/css/jquery.fancybox.css HTTP/1.1" 200 4939
202.8.42.81 - - [16/Feb/2025:00:12:54 +0100] "GET /ticket2/opencms/system/modules/com.gridnine.opencms.ticketbrokerage.site/resources/css/calendar.css HTTP/1.1" 200 6871
202.8.42.81 - - [16/Feb/2025:00:12:54 +0100] "GET /ticket2/opencms/system/modules/com.gridnine.opencms.ticketbrokerage.site/resources/css/standard.css HTTP/1.1" 200 73904
202.8.42.81 - - [16/Feb/2025:00:12:54 +0100] "GET /ticket2/opencms/system/modules/com.gridnine.opencms.ticketbrokerage.site/resources/js/jquery/jquery-ui.js HTTP/1.1" 200 228088
202.8.42.81 - - [16/Feb/2025:00:12:54 +0100] "GET /ticket2/opencms/system/modules/com.gridnine.opencms.ticketbrokerage.site/resources/js/calendar.js HTTP/1.1" 200 49229
202.8.42.81 - - [16/Feb/2025:00:12:54 +0100] "GET /ticket2/opencms/system/modules/com.gridnine.opencms.ticketbrokerage.site/resources/js/calendar-en.js HTTP/1.1" 200 3338
202.8.42.81 - - [16/Feb/2025:00:12:54 +0100] "GET /ticket2/opencms/system/modules/com.gridnine.opencms.ticketbrokerage.site/resources/js/jquery/jquery.js HTTP/1.1" 200 93868
202.8.42.81 - - [16/Feb/2025:00:12:54 +0100] "GET /ticket2/opencms/system/modules/com.gridnine.opencms.ticketbrokerage.site/resources/js/functions.js HTTP/1.1" 200 1583
202.8.42.81 - - [16/Feb/2025:00:12:54 +0100] "GET /ticket2/opencms/system/modules/com.gridnine.opencms.ticketbrokerage.site/resources/js/calendar-setup.js HTTP/1.1" 200 4923
202.8.42.81 - - [16/Feb/2025:00:12:54 +0100] "GET /ticket2/opencms/system/modules/com.gridnine.opencms.ticketbrokerage.site/resources/js/jquery.fancybox.pack.js HTTP/1.1" 200 23187
202.8.42.81 - - [16/Feb/2025:00:12:54 +0100] "GET /ticket2/opencms/system/modules/com.gridnine.opencms.ticketbrokerage.site/resources/js/stickyfill.min.js HTTP/1.1" 200 5672
202.8.42.81 - - [16/Feb/2025:00:12:54 +0100] "GET /ticket2/opencms/system/modules/com.gridnine.opencms.ticketbrokerage.site/resources/js/standard.js HTTP/1.1" 200 3983
202.8.42.81 - - [16/Feb/2025:00:12:54 +0100] "GET /ticket2/opencms/system/modules/com.gridnine.opencms.ticketbrokerage.site/resources/js/jquery.placeholder.min.js HTTP/1.1" 200 1737
202.8.42.81 - - [16/Feb/2025:00:12:54 +0100] "GET /ticket2/opencms/system/modules/com.gridnine.opencms.ticketbrokerage.site/resources/js/common-ajax.js HTTP/1.1" 200 20175
202.8.42.81 - - [16/Feb/2025:00:12:54 +0100] "GET /ticket2/opencms/fr/ask-form.html HTTP/1.1" 200 3156
202.8.42.81 - - [16/Feb/2025:00:12:55 +0100] "GET /ticket2/opencms/system/modules/com.gridnine.opencms.ticketbrokerage.site/resources/css/ticketbrokerage.css HTTP/1.1" 200 39339
34.205.163.103 - - [16/Feb/2025:00:12:57 +0100] "GET /ticket2/opencms/sv/buy/?edid=9F80D7E4-C3CD-1252-256F-CE7A7B9BF210&page=1 HTTP/1.1" 200 108071
20.171.207.223 - - [16/Feb/2025:00:13:00 +0100] "GET /ticket2/opencms/set_aff_cookie.jsp?partner=8F6DE15D-D831-5787-AE7E-FEFF53476F85&url=%252Fen%252Fbuy%252Findex.html%253Fpage%253D1%2526edid%253D5704F8FD-9CBB-9159-7288-CA17B9D0D4E2%2526hlv%253D6149f8a0-f748-40da-ab64-287d0a01000f%2523v_1230064575 HTTP/1.1" 200 247
98.82.59.253 - - [16/Feb/2025:00:13:01 +0100] "GET /ticket2/opencms/sv/buy/?edid=D5993B62-7816-676A-D732-F9106CE20C20&page=1 HTTP/1.1" 200 108069
20.171.207.223 - - [16/Feb/2025:00:13:01 +0100] "GET /ticket2/opencms/set_aff_cookie.jsp?partner=6F250EA7-4505-FA01-D601-8847F2573405&url=%252Fru%252Fbuy%252Findex.html%253Fpage%253D1%2526edid%253DB2C09047-47EF-D3CC-C470-1A1DFD8204C6%2526hlv%253D60f846d7-9aa8-4409-9ece-6ed00a01000f%2523v_887061568 HTTP/1.1" 200 246
20.171.207.223 - - [16/Feb/2025:00:13:02 +0100] "GET /ticket2/opencms/set_aff_cookie.jsp?partner=57601924-FB09-5BB2-867F-08B4EB522BA8&url=%252Fsv%252Fbuy%252Findex.html%253Fpage%253D1%2526edid%253D367C01C8-55E8-5761-77A6-1E1A5784FE1B%2526hlv%253D60ca166b-0c04-4138-80e0-3d4d0a01000f%2523v_1958906982 HTTP/1.1" 200 247
20.171.207.223 - - [16/Feb/2025:00:13:03 +0100] "GET /ticket2/opencms/set_aff_cookie.jsp?partner=692E2C6A-EC6F-1C93-AFCC-C5ACC23A93EA&url=%252Ffi%252Fbuy%252Findex.html%253Fpage%253D1%2526edid%253D497CFADB-43B9-65B9-4674-F7F3D004A91F%2526hlv%253D6145d39e-7a34-4ae0-b31b-6b830a01000f%2523v_625122607 HTTP/1.1" 200 246
54.36.149.15 - - [16/Feb/2025:00:13:04 +0100] "GET /ticket2/opencms/sv/buy?page=1&edid=E9DB3A42-82BF-9B65-3ED4-EE5A32871388 HTTP/1.1" 200 111829
50.16.72.185 - - [16/Feb/2025:00:13:05 +0100] "GET /ticket2/opencms/sv/buy/?edid=D8011C50-93A6-4225-F35F-417FEFE3121C&page=1 HTTP/1.1" 200 108030
20.171.207.223 - - [16/Feb/2025:00:13:06 +0100] "GET /ticket2/opencms/set_aff_cookie.jsp?partner=57601924-FB09-5BB2-867F-08B4EB522BA8&url=%252Fru%252Fbuy%252Findex.html%253Fpage%253D1%2526edid%253DDD7009E0-BEDD-5FDF-FBEC-9803C9276491%2526hlv%253D60ca0db9-3048-4a59-b52d-38b40a01000f%2523v_1410624403 HTTP/1.1" 200 247
159.138.141.121 - - [16/Feb/2025:00:13:07 +0100] "GET /ticket2/opencms/az/buy?page=1&edid=D09C9861-7426-A328-53B1-A881873601B3 HTTP/1.1" 200 108985
20.171.207.223 - - [16/Feb/2025:00:13:07 +0100] "GET /ticket2/opencms/set_aff_cookie.jsp?partner=6F250EA7-4505-FA01-D601-8847F2573405&url=%252Fru%252Fbuy%252Findex.html%253Fpage%253D1%2526edid%253D2EE507F3-808B-9FC3-0AF8-CB6905B06BBA%2526hlv%253D60f814cd-a844-4abf-9e0c-5aaa0a01000f%2523v_512872801 HTTP/1.1" 200 246
20.171.207.223 - - [16/Feb/2025:00:13:08 +0100] "GET /ticket2/opencms/set_aff_cookie.jsp?partner=692E2C6A-EC6F-1C93-AFCC-C5ACC23A93EA&url=%252Fru%252Fbuy%252Findex.html%253Fpage%253D1%2526edid%253D5EBD2CAF-0480-558F-38B0-42EFEC65C121%2526hlv%253D61152219-811c-4396-b0f0-07220a01000f%2523v_1964463409 HTTP/1.1" 200 247
34.225.243.131 - - [16/Feb/2025:00:13:08 +0100] "GET /ticket2/opencms/sv/buy/?edid=6B023766-ECB3-24CC-F992-263AD5C5EB2E&page=1 HTTP/1.1" 200 111248
20.171.207.223 - - [16/Feb/2025:00:13:09 +0100] "GET /ticket2/opencms/set_aff_cookie.jsp?partner=8F6DE15D-D831-5787-AE7E-FEFF53476F85&url=%252Fno%252Fbuy%252Findex.html%253Fpage%253D1%2526edid%253DD737459F-8C33-1A07-DB7F-17A3C6E8F82A%2526hlv%253D60f816be-f8bc-413a-86f7-5b830a01000f%2523v_1471882355 HTTP/1.1" 200 247
20.171.207.223 - - [16/Feb/2025:00:13:10 +0100] "GET /ticket2/opencms/set_aff_cookie.jsp?partner=6F250EA7-4505-FA01-D601-8847F2573405&url=%252Fsv%252Fbuy%252Findex.html%253Fpage%253D1%2526edid%253D73A0CE9A-5EBB-FE53-CE06-D8F253C63B51%2526hlv%253D611bd36c-8c78-479e-910a-57120a01000f%2523v_1470567859 HTTP/1.1" 200 247
54.36.148.142 - - [16/Feb/2025:00:13:12 +0100] "GET /ticket2/opencms/it/sport/biglietti-calcio/la-liga/celta_vigo HTTP/1.1" 200 100574
3.216.13.10 - - [16/Feb/2025:00:13:13 +0100] "GET /ticket2/opencms/sv/buy/?edid=820E820B-37CC-F66B-02F7-31FA2470012D&page=1 HTTP/1.1" 200 111273
202.8.42.220 - - [16/Feb/2025:00:13:13 +0100] "GET /ticket2/opencms/system/modules/com.gridnine.opencms.ticketbrokerage.site/resources/css/calendar.css HTTP/1.1" 200 6871
202.8.42.220 - - [16/Feb/2025:00:13:13 +0100] "GET /ticket2/opencms/system/modules/com.gridnine.opencms.ticketbrokerage.site/resources/css/ticketbrokerage.css HTTP/1.1" 200 39339
202.8.42.220 - - [16/Feb/2025:00:13:13 +0100] "GET /ticket2/opencms/system/modules/com.gridnine.opencms.ticketbrokerage.site/resources/css/jquery-ui.css HTTP/1.1" 200 33221
202.8.42.220 - - [16/Feb/2025:00:13:13 +0100] "GET /ticket2/opencms/system/modules/com.gridnine.opencms.ticketbrokerage.site/resources/css/standard.css HTTP/1.1" 200 73904
202.8.42.220 - - [16/Feb/2025:00:13:13 +0100] "GET /ticket2/opencms/system/modules/com.gridnine.opencms.ticketbrokerage.site/resources/css/jquery.fancybox.css HTTP/1.1" 200 4939
202.8.42.220 - - [16/Feb/2025:00:13:13 +0100] "GET /ticket2/opencms/system/modules/com.gridnine.opencms.ticketbrokerage.site/resources/js/jquery/jquery.js HTTP/1.1" 200 93868
202.8.42.220 - - [16/Feb/2025:00:13:13 +0100] "GET /ticket2/opencms/system/modules/com.gridnine.opencms.ticketbrokerage.site/resources/js/jquery/jquery-ui.js HTTP/1.1" 200 228088
202.8.42.220 - - [16/Feb/2025:00:13:13 +0100] "GET /ticket2/opencms/system/modules/com.gridnine.opencms.ticketbrokerage.site/resources/js/functions.js HTTP/1.1" 200 1583
202.8.42.220 - - [16/Feb/2025:00:13:13 +0100] "GET /ticket2/opencms/system/modules/com.gridnine.opencms.ticketbrokerage.site/resources/js/calendar-en.js HTTP/1.1" 200 3338
202.8.42.220 - - [16/Feb/2025:00:13:13 +0100] "GET /ticket2/opencms/system/modules/com.gridnine.opencms.ticketbrokerage.site/resources/js/calendar.js HTTP/1.1" 200 49229
202.8.42.220 - - [16/Feb/2025:00:13:13 +0100] "GET /ticket2/opencms/system/modules/com.gridnine.opencms.ticketbrokerage.site/resources/js/calendar-setup.js HTTP/1.1" 200 4923
202.8.42.220 - - [16/Feb/2025:00:13:13 +0100] "GET /ticket2/opencms/system/modules/com.gridnine.opencms.ticketbrokerage.site/resources/js/jquery.fancybox.pack.js HTTP/1.1" 200 23187
202.8.42.220 - - [16/Feb/2025:00:13:13 +0100] "GET /ticket2/opencms/system/modules/com.gridnine.opencms.ticketbrokerage.site/resources/js/standard.js HTTP/1.1" 200 3983
202.8.42.220 - - [16/Feb/2025:00:13:13 +0100] "GET /ticket2/opencms/system/modules/com.gridnine.opencms.ticketbrokerage.site/resources/js/stickyfill.min.js HTTP/1.1" 200 5672
202.8.42.220 - - [16/Feb/2025:00:13:13 +0100] "GET /ticket2/opencms/system/modules/com.gridnine.opencms.ticketbrokerage.site/resources/js/jquery.placeholder.min.js HTTP/1.1" 200 1737
202.8.42.220 - - [16/Feb/2025:00:13:13 +0100] "GET /ticket2/opencms/system/modules/com.gridnine.opencms.ticketbrokerage.site/resources/js/common-ajax.js HTTP/1.1" 200 20175
216.244.66.238 - - [16/Feb/2025:00:13:14 +0100] "GET /ticket2/opencms/dk/buy/?page=1&edid=8E99D440-8A14-8CFA-023A-DD2039BB9EB8 HTTP/1.1" 200 107187
54.36.148.233 - - [16/Feb/2025:00:13:15 +0100] "GET /ticket2/opencms/fr/buy?page=1&edid=1AD4E11C-C792-1721-4D1A-2229101A30FD HTTP/1.1" 200 144696
202.8.40.70 - - [16/Feb/2025:00:13:16 +0100] "GET /ticket2/opencms/system/modules/com.gridnine.opencms.ticketbrokerage.site/resources/css/calendar.css HTTP/1.1" 200 6871
202.8.40.70 - - [16/Feb/2025:00:13:16 +0100] "GET /ticket2/opencms/system/modules/com.gridnine.opencms.ticketbrokerage.site/resources/css/ticketbrokerage.css HTTP/1.1" 200 39339
202.8.40.70 - - [16/Feb/2025:00:13:16 +0100] "GET /ticket2/opencms/system/modules/com.gridnine.opencms.ticketbrokerage.site/resources/css/jquery-ui.css HTTP/1.1" 200 33221
202.8.40.70 - - [16/Feb/2025:00:13:16 +0100] "GET /ticket2/opencms/system/modules/com.gridnine.opencms.ticketbrokerage.site/resources/css/standard.css HTTP/1.1" 200 73904
202.8.40.70 - - [16/Feb/2025:00:13:16 +0100] "GET /ticket2/opencms/system/modules/com.gridnine.opencms.ticketbrokerage.site/resources/css/jquery.fancybox.css HTTP/1.1" 200 4939
202.8.40.70 - - [16/Feb/2025:00:13:16 +0100] "GET /ticket2/opencms/system/modules/com.gridnine.opencms.ticketbrokerage.site/resources/js/jquery/jquery.js HTTP/1.1" 200 93868
202.8.40.70 - - [16/Feb/2025:00:13:16 +0100] "GET /ticket2/opencms/system/modules/com.gridnine.opencms.ticketbrokerage.site/resources/js/jquery/jquery-ui.js HTTP/1.1" 200 228088
202.8.40.70 - - [16/Feb/2025:00:13:16 +0100] "GET /ticket2/opencms/system/modules/com.gridnine.opencms.ticketbrokerage.site/resources/js/functions.js HTTP/1.1" 200 1583
202.8.40.70 - - [16/Feb/2025:00:13:16 +0100] "GET /ticket2/opencms/system/modules/com.gridnine.opencms.ticketbrokerage.site/resources/js/calendar-en.js HTTP/1.1" 200 3338
202.8.40.70 - - [16/Feb/2025:00:13:16 +0100] "GET /ticket2/opencms/system/modules/com.gridnine.opencms.ticketbrokerage.site/resources/js/calendar.js HTTP/1.1" 200 49229
202.8.40.70 - - [16/Feb/2025:00:13:16 +0100] "GET /ticket2/opencms/system/modules/com.gridnine.opencms.ticketbrokerage.site/resources/js/calendar-setup.js HTTP/1.1" 200 4923
202.8.40.70 - - [16/Feb/2025:00:13:16 +0100] "GET /ticket2/opencms/system/modules/com.gridnine.opencms.ticketbrokerage.site/resources/js/jquery.fancybox.pack.js HTTP/1.1" 200 23187
202.8.40.70 - - [16/Feb/2025:00:13:16 +0100] "GET /ticket2/opencms/system/modules/com.gridnine.opencms.ticketbrokerage.site/resources/js/stickyfill.min.js HTTP/1.1" 200 5672
202.8.40.70 - - [16/Feb/2025:00:13:16 +0100] "GET /ticket2/opencms/system/modules/com.gridnine.opencms.ticketbrokerage.site/resources/js/standard.js HTTP/1.1" 200 3983
202.8.40.70 - - [16/Feb/2025:00:13:16 +0100] "GET /ticket2/opencms/system/modules/com.gridnine.opencms.ticketbrokerage.site/resources/js/jquery.placeholder.min.js HTTP/1.1" 200 1737
202.8.40.70 - - [16/Feb/2025:00:13:16 +0100] "GET /ticket2/opencms/system/modules/com.gridnine.opencms.ticketbrokerage.site/resources/js/common-ajax.js HTTP/1.1" 200 20175
202.8.40.70 - - [16/Feb/2025:00:13:16 +0100] "GET /ticket2/opencms/fr/ask-form.html HTTP/1.1" 200 3156
202.8.40.70 - - [16/Feb/2025:00:13:16 +0100] "GET /ticket2/opencms/system/modules/com.gridnine.opencms.ticketbrokerage.site/resources/css/ticketbrokerage.css HTTP/1.1" 200 39339
216.244.66.196 - - [16/Feb/2025:00:13:17 +0100] "GET /ticket2/opencms/hr/magazine/article?title=najskuplja-pojacanja-u-sijecanjskom-prijelaznom-roku HTTP/1.1" 200 93545
66.249.79.4 - - [16/Feb/2025:00:13:17 +0100] "GET /ticket2/opencms/robots.txt HTTP/1.1" 200 773
34.230.124.21 - - [16/Feb/2025:00:13:17 +0100] "GET /ticket2/opencms/sv/buy/?edid=872A1CAC-EC9F-5A17-CC81-87C861412BDF&page=1 HTTP/1.1" 200 111255
20.171.207.223 - - [16/Feb/2025:00:13:18 +0100] "GET /ticket2/opencms/set_aff_cookie.jsp?partner=692E2C6A-EC6F-1C93-AFCC-C5ACC23A93EA&url=%252Fnl%252Fbuy%252Findex.html%253Fpage%253D1%2526edid%253DBBC9E6CA-B1D9-1FBB-70CA-BD39F7126BAB%2526hlv%253D610a5752-d44c-442b-9a47-09f30a01000f%2523v_1931251377 HTTP/1.1" 200 247
66.249.79.3 - - [16/Feb/2025:00:13:19 +0100] "GET /ticket2/opencms/de/buy/?page=1&edid=151755CC-6470-A9AF-4FE7-BAC9FAA3C886 HTTP/1.1" 200 110257
3.217.171.106 - - [16/Feb/2025:00:13:21 +0100] "GET /ticket2/opencms/sv/buy/?edid=8C8B6CAD-0E9C-D59D-F548-EF8ED0013C05&page=1 HTTP/1.1" 200 111255
52.167.144.150 - - [16/Feb/2025:00:13:21 +0100] "GET /ticket2/opencms/sv/sport/fotbollsbiljetter/uefa-champions-league/final/ HTTP/1.1" 200 88147
54.36.148.197 - - [16/Feb/2025:00:13:22 +0100] "GET /ticket2/opencms/pl/magazine HTTP/1.1" 200 153322
52.167.144.150 - - [16/Feb/2025:00:13:23 +0100] "GET /ticket2/opencms/nl/magazine/article?title=ek-sterren-die-het-meest-worden-gegoogeld-en-het-grootst-zijn-op-instagram HTTP/1.1" 200 97238
202.8.43.4 - - [16/Feb/2025:00:13:23 +0100] "GET /ticket2/opencms/system/modules/com.gridnine.opencms.ticketbrokerage.site/resources/css/ticketbrokerage.css HTTP/1.1" 200 39339
202.8.43.4 - - [16/Feb/2025:00:13:23 +0100] "GET /ticket2/opencms/system/modules/com.gridnine.opencms.ticketbrokerage.site/resources/css/jquery-ui.css HTTP/1.1" 200 33221
202.8.43.4 - - [16/Feb/2025:00:13:23 +0100] "GET /ticket2/opencms/system/modules/com.gridnine.opencms.ticketbrokerage.site/resources/css/calendar.css HTTP/1.1" 200 6871
202.8.43.4 - - [16/Feb/2025:00:13:23 +0100] "GET /ticket2/opencms/system/modules/com.gridnine.opencms.ticketbrokerage.site/resources/css/standard.css HTTP/1.1" 200 73904
202.8.43.4 - - [16/Feb/2025:00:13:23 +0100] "GET /ticket2/opencms/system/modules/com.gridnine.opencms.ticketbrokerage.site/resources/css/jquery.fancybox.css HTTP/1.1" 200 4939
202.8.43.4 - - [16/Feb/2025:00:13:23 +0100] "GET /ticket2/opencms/system/modules/com.gridnine.opencms.ticketbrokerage.site/resources/js/jquery/jquery.js HTTP/1.1" 200 93868
202.8.43.4 - - [16/Feb/2025:00:13:23 +0100] "GET /ticket2/opencms/system/modules/com.gridnine.opencms.ticketbrokerage.site/resources/js/jquery/jquery-ui.js HTTP/1.1" 200 228088
202.8.43.4 - - [16/Feb/2025:00:13:23 +0100] "GET /ticket2/opencms/system/modules/com.gridnine.opencms.ticketbrokerage.site/resources/js/calendar.js HTTP/1.1" 200 49229
202.8.43.4 - - [16/Feb/2025:00:13:23 +0100] "GET /ticket2/opencms/system/modules/com.gridnine.opencms.ticketbrokerage.site/resources/js/functions.js HTTP/1.1" 200 1583
202.8.43.4 - - [16/Feb/2025:00:13:23 +0100] "GET /ticket2/opencms/system/modules/com.gridnine.opencms.ticketbrokerage.site/resources/js/calendar-en.js HTTP/1.1" 200 3338
202.8.43.4 - - [16/Feb/2025:00:13:23 +0100] "GET /ticket2/opencms/system/modules/com.gridnine.opencms.ticketbrokerage.site/resources/js/calendar-setup.js HTTP/1.1" 200 4923
202.8.43.4 - - [16/Feb/2025:00:13:24 +0100] "GET /ticket2/opencms/system/modules/com.gridnine.opencms.ticketbrokerage.site/resources/js/jquery.fancybox.pack.js HTTP/1.1" 200 23187
202.8.43.4 - - [16/Feb/2025:00:13:24 +0100] "GET /ticket2/opencms/system/modules/com.gridnine.opencms.ticketbrokerage.site/resources/js/stickyfill.min.js HTTP/1.1" 200 5672
202.8.43.4 - - [16/Feb/2025:00:13:24 +0100] "GET /ticket2/opencms/system/modules/com.gridnine.opencms.ticketbrokerage.site/resources/js/standard.js HTTP/1.1" 200 3983
20.171.207.223 - - [16/Feb/2025:00:13:24 +0100] "GET /ticket2/opencms/set_aff_cookie.jsp?partner=57601924-FB09-5BB2-867F-08B4EB522BA8&url=%252Fen%252Fbuy%252Findex.html%253Fpage%253D1%2526edid%253D11CA2095-DE4E-F08C-CA73-D1F7DF0C2455%2526hlv%253D60c9deb0-ef14-4eac-8aa2-21d20a01000f%2523v_1214405719 HTTP/1.1" 200 247
202.8.43.4 - - [16/Feb/2025:00:13:24 +0100] "GET /ticket2/opencms/system/modules/com.gridnine.opencms.ticketbrokerage.site/resources/js/jquery.placeholder.min.js HTTP/1.1" 200 1737
202.8.43.4 - - [16/Feb/2025:00:13:24 +0100] "GET /ticket2/opencms/system/modules/com.gridnine.opencms.ticketbrokerage.site/resources/js/common-ajax.js HTTP/1.1" 200 20175
20.171.207.223 - - [16/Feb/2025:00:13:24 +0100] "GET /ticket2/opencms/set_aff_cookie.jsp?partner=2E02071B-A8C3-4CBA-3097-C27D61C02ED8&url=%252Fno%252Fbuy%252Findex.html%253Fpage%253D1%2526edid%253DF4167223-BE9D-8076-FAEB-44CE8CD5CEB9%2526hlv%253D611bc757-d8d0-41f3-9b3e-503e0a01000f%2523v_1564367386 HTTP/1.1" 200 247
52.3.104.214 - - [16/Feb/2025:00:13:25 +0100] "GET /ticket2/opencms/sv/buy/?edid=B07556EE-85E6-A902-E46B-ABCA49980DB1&page=1 HTTP/1.1" 200 111253
20.171.207.223 - - [16/Feb/2025:00:13:26 +0100] "GET /ticket2/opencms/set_aff_cookie.jsp?partner=57601924-FB09-5BB2-867F-08B4EB522BA8&url=%252Fdk%252Fbuy%252Findex.html%253Fpage%253D1%2526edid%253DD1B6D814-A677-3D90-03BA-1F7CF35352A4%2526hlv%253D6145bf12-2578-4ab2-a291-65670a01000f%2523v_953457479 HTTP/1.1" 200 246
20.171.207.223 - - [16/Feb/2025:00:13:27 +0100] "GET /ticket2/opencms/set_aff_cookie.jsp?partner=8F6DE15D-D831-5787-AE7E-FEFF53476F85&url=%252Fen%252Fbuy%252Findex.html%253Fpage%253D1%2526edid%253D15663D62-2271-4E56-54F8-D55FBC72F26B%2526hlv%253D61152026-44b0-497c-aed6-05810a01000f%2523v_1207951020 HTTP/1.1" 200 247
52.204.174.139 - - [16/Feb/2025:00:13:28 +0100] "GET /ticket2/opencms/sv/buy/?edid=C49A930A-3CDD-7FC6-981C-4D6ED2E66AA8&page=1 HTTP/1.1" 200 111172
20.171.207.223 - - [16/Feb/2025:00:13:29 +0100] "GET /ticket2/opencms/set_aff_cookie.jsp?partner=5E0CDF29-E7BE-9F6B-6869-7BF66B04006F&url=%252Fsv%252Fbuy%252Findex.html%253Fpage%253D1%2526edid%253DCF3BDDE8-6C6B-F85B-528C-11C48A316B2B%2526hlv%253D6144966f-c964-4747-8182-79030a01000f%2523v_518144876 HTTP/1.1" 200 246
20.171.207.223 - - [16/Feb/2025:00:13:30 +0100] "GET /ticket2/opencms/set_aff_cookie.jsp?partner=692E2C6A-EC6F-1C93-AFCC-C5ACC23A93EA&url=%252Fdk%252Fbuy%252Findex.html%253Fpage%253D1%2526edid%253D1704DC47-D333-EEEA-B66A-BC4C3DDB8A1C%2526hlv%253D614ed544-2884-4856-a727-7ac70a01000f%2523v_1501981205 HTTP/1.1" 200 247
20.171.207.223 - - [16/Feb/2025:00:13:31 +0100] "GET /ticket2/opencms/set_aff_cookie.jsp?partner=8F6DE15D-D831-5787-AE7E-FEFF53476F85&url=%252Ffi%252Fbuy%252Findex.html%253Fpage%253D1%2526edid%253D8F381869-E5D9-0711-5F43-47D1B58D17C6%2526hlv%253D614d7028-79bc-4bbd-8099-76e10a01000f%2523v_731506350 HTTP/1.1" 200 246
54.36.148.45 - - [16/Feb/2025:00:13:32 +0100] "GET /ticket2/opencms/cs/buy?page=1&edid=6C0AA1CC-8488-7981-DA23-AD8E06F80ABD HTTP/1.1" 200 111284
173.252.107.4 - - [16/Feb/2025:00:13:32 +0100] "GET /ticket2/opencms/de/sport/fussball-tickets/la_liga/real_betis/ HTTP/1.1" 200 100958
216.244.66.238 - - [16/Feb/2025:00:13:33 +0100] "GET /ticket2/opencms/en/buy/?page=1&edid=03DBF41B-5E04-7E31-0065-727C62D87FDC HTTP/1.1" 200 106825
18.210.58.238 - - [16/Feb/2025:00:13:33 +0100] "GET /ticket2/opencms/sv/buy/?edid=DB78564C-15B8-80D7-4417-3A2B0F9689F8&page=1 HTTP/1.1" 200 111280
20.171.207.223 - - [16/Feb/2025:00:13:34 +0100] "GET /ticket2/opencms/set_aff_cookie.jsp?partner=5E0CDF29-E7BE-9F6B-6869-7BF66B04006F&url=%252Fsv%252Fbuy%252Findex.html%253Fpage%253D1%2526edid%253D74A57CFE-A85C-345D-E9F7-0AF79537083B%2526hlv%253D60ca1c6c-e410-4937-8843-40950a01000f%2523v_387498861 HTTP/1.1" 200 246
35.173.18.61 - - [16/Feb/2025:00:13:37 +0100] "GET /ticket2/opencms/sv/buy/?edid=0C675B35-F010-2227-D951-9B816929F720&page=1 HTTP/1.1" 200 117253
114.119.134.48 - - [16/Feb/2025:00:13:39 +0100] "GET /ticket2/opencms/es/buy/?page=1&edid=A8FCDF96-5BE9-3FBC-BBD6-5BFAFD5454D2 HTTP/1.1" 200 108657
20.171.207.223 - - [16/Feb/2025:00:13:40 +0100] "GET /ticket2/opencms/set_aff_cookie.jsp?partner=23A6AD98-906E-5BDD-600E-EC4EC8A45F97&url=%252Fen%252Fbuy%252Findex.html%253Fpage%253D1%2526edid%253D025EADBA-4CCB-DA07-4742-9BE67C2EAFE5%2526hlv%253D60f8449e-06a4-49ee-93e2-6ed00a01000f%2523v_535186208 HTTP/1.1" 200 246
85.208.96.197 - - [16/Feb/2025:00:13:40 +0100] "GET /ticket2/opencms/fi/urheilu/jalkapallo/premier_league/ HTTP/1.1" 200 97660
34.238.45.183 - - [16/Feb/2025:00:13:41 +0100] "GET /ticket2/opencms/sv/buy/?edid=402D4ADF-F1A8-8EDD-0E47-FAEC0616E1C7&page=1 HTTP/1.1" 200 117372
20.171.207.223 - - [16/Feb/2025:00:13:44 +0100] "GET /ticket2/opencms/set_aff_cookie.jsp?partner=57601924-FB09-5BB2-867F-08B4EB522BA8&url=%252Fnl%252Fbuy%252Findex.html%253Fpage%253D1%2526edid%253DE3B46C02-527F-BFED-1199-3D6C38556545%2526hlv%253D6145cbb4-0630-4dc9-a46b-69130a01000f%2523v_386204258 HTTP/1.1" 200 246
47.128.16.211 - - [16/Feb/2025:00:13:45 +0100] "GET /ticket2/opencms/sv/buy/?edid=3BDAF33D-50D2-45C6-26D6-3F2B5E36F1B0 HTTP/1.1" 200 91214
107.23.62.75 - - [16/Feb/2025:00:13:45 +0100] "GET /ticket2/opencms/sv/buy/?edid=66FFE717-0C93-3F01-2AC8-8E7FC5F9BAB1&page=1 HTTP/1.1" 200 117263
20.171.207.223 - - [16/Feb/2025:00:13:46 +0100] "GET /ticket2/opencms/set_aff_cookie.jsp?partner=692E2C6A-EC6F-1C93-AFCC-C5ACC23A93EA&url=%252Fno%252Fbuy%252Findex.html%253Fpage%253D1%2526edid%253DF6846B21-DFB1-3342-F8E4-3CC69EE92178%2526hlv%253D60ca0cea-77e4-4e25-8a3f-36280a01000f%2523v_1575670271 HTTP/1.1" 200 247
20.171.207.223 - - [16/Feb/2025:00:13:48 +0100] "GET /ticket2/opencms/set_aff_cookie.jsp?partner=2E02071B-A8C3-4CBA-3097-C27D61C02ED8&url=%252Ffi%252Fbuy%252Findex.html%253Fpage%253D1%2526edid%253D66B6FB17-4C70-8B35-3D9C-B87B9C32022F%2526hlv%253D60f84baa-1fa8-439c-9a3b-72280a01000f%2523v_2115843927 HTTP/1.1" 200 247
207.46.13.168 - - [16/Feb/2025:00:13:48 +0100] "GET /ticket2/opencms/mo/magazine/article?title=fc HTTP/1.1" 200 96660
83.187.186.55 - - [16/Feb/2025:00:13:48 +0100] "GET /ticket2/opencms/sv/konsertbiljetter/artister/konsertbiljetter/oasis.html HTTP/1.1" 200 100657
83.187.186.55 - - [16/Feb/2025:00:13:48 +0100] "GET /ticket2/opencms/system/modules/com.gridnine.opencms.ticketbrokerage.site/resources/css/calendar.css HTTP/1.1" 200 6871
83.187.186.55 - - [16/Feb/2025:00:13:48 +0100] "GET /ticket2/opencms/system/modules/com.gridnine.opencms.ticketbrokerage.site/resources/css/ticketbrokerage.css HTTP/1.1" 200 39339
83.187.186.55 - - [16/Feb/2025:00:13:48 +0100] "GET /ticket2/opencms/system/modules/com.gridnine.opencms.ticketbrokerage.site/resources/js/jquery/jquery-ui.js HTTP/1.1" 200 228088
83.187.186.55 - - [16/Feb/2025:00:13:48 +0100] "GET /ticket2/opencms/system/modules/com.gridnine.opencms.ticketbrokerage.site/resources/js/functions.js HTTP/1.1" 200 1583
83.187.186.55 - - [16/Feb/2025:00:13:48 +0100] "GET /ticket2/opencms/system/modules/com.gridnine.opencms.ticketbrokerage.site/resources/js/jquery.placeholder.min.js HTTP/1.1" 200 1737
83.187.186.55 - - [16/Feb/2025:00:13:48 +0100] "GET /ticket2/opencms/system/modules/com.gridnine.opencms.ticketbrokerage.site/resources/js/calendar.js HTTP/1.1" 200 49229
83.187.186.55 - - [16/Feb/2025:00:13:48 +0100] "GET /ticket2/opencms/system/modules/com.gridnine.opencms.ticketbrokerage.site/resources/css/jquery-ui.css HTTP/1.1" 200 33221
83.187.186.55 - - [16/Feb/2025:00:13:48 +0100] "GET /ticket2/opencms/system/modules/com.gridnine.opencms.ticketbrokerage.site/resources/js/calendar-en.js HTTP/1.1" 200 3338
83.187.186.55 - - [16/Feb/2025:00:13:48 +0100] "GET /ticket2/opencms/system/modules/com.gridnine.opencms.ticketbrokerage.site/resources/js/calendar-setup.js HTTP/1.1" 200 4923
83.187.186.55 - - [16/Feb/2025:00:13:48 +0100] "GET /ticket2/opencms/system/modules/com.gridnine.opencms.ticketbrokerage.site/resources/js/common-ajax.js HTTP/1.1" 200 20175
83.187.186.55 - - [16/Feb/2025:00:13:48 +0100] "GET /ticket2/opencms/system/modules/com.gridnine.opencms.ticketbrokerage.site/resources/css/standard.css HTTP/1.1" 200 73904
83.187.186.55 - - [16/Feb/2025:00:13:48 +0100] "GET /ticket2/opencms/system/modules/com.gridnine.opencms.ticketbrokerage.site/resources/js/stickyfill.min.js HTTP/1.1" 200 5672
83.187.186.55 - - [16/Feb/2025:00:13:48 +0100] "GET /ticket2/opencms/system/modules/com.gridnine.opencms.ticketbrokerage.site/resources/js/jquery.fancybox.pack.js HTTP/1.1" 200 23187
83.187.186.55 - - [16/Feb/2025:00:13:48 +0100] "GET /ticket2/opencms/system/modules/com.gridnine.opencms.ticketbrokerage.site/resources/js/standard.js HTTP/1.1" 200 3983
3.232.102.111 - - [16/Feb/2025:00:13:49 +0100] "GET /ticket2/opencms/sv/buy/?edid=AC44825D-2793-0C67-BD3C-7AB6359F86DA&page=1 HTTP/1.1" 200 117323
20.171.207.223 - - [16/Feb/2025:00:13:49 +0100] "GET /ticket2/opencms/set_aff_cookie.jsp?partner=8F6DE15D-D831-5787-AE7E-FEFF53476F85&url=%252Fno%252Fbuy%252Findex.html%253Fpage%253D1%2526edid%253DCC994673-5D69-5FF0-6706-9E7C98B375FE%2526hlv%253D610bcc61-3a00-43df-ad13-155c0a01000f%2523v_651366672 HTTP/1.1" 200 246
83.187.186.55 - - [16/Feb/2025:00:13:49 +0100] "GET /ticket2/opencms/system/modules/com.gridnine.opencms.ticketbrokerage.site/resources/css/jquery.fancybox.css HTTP/1.1" 200 4939
83.187.186.55 - - [16/Feb/2025:00:13:49 +0100] "GET /ticket2/opencms/system/modules/com.gridnine.opencms.ticketbrokerage.site/resources/pics/logo-new.png HTTP/1.1" 200 13541
83.187.186.55 - - [16/Feb/2025:00:13:49 +0100] "GET /ticket2/opencms/system/modules/com.gridnine.opencms.ticketbrokerage.site/resources/js/jquery/jquery.js HTTP/1.1" 200 93868
83.187.186.55 - - [16/Feb/2025:00:13:49 +0100] "GET /ticket2/opencms/img/insta.png HTTP/1.1" 200 3967
83.187.186.55 - - [16/Feb/2025:00:13:49 +0100] "GET /ticket2/opencms/img/fb.png HTTP/1.1" 200 1269
83.187.186.55 - - [16/Feb/2025:00:13:49 +0100] "GET /ticket2/opencms/sites/ticketbrokerage/export/img/oasis.jpg HTTP/1.1" 404 -
83.187.186.55 - - [16/Feb/2025:00:13:49 +0100] "GET /ticket2/opencms/common/images/oasis.jpg HTTP/1.1" 200 61628
83.187.186.55 - - [16/Feb/2025:00:13:49 +0100] "GET /ticket2/opencms/system/modules/com.gridnine.opencms.ticketbrokerage.site/resources/pics/footer-img.jpg HTTP/1.1" 200 67642
216.244.66.238 - - [16/Feb/2025:00:13:49 +0100] "GET /ticket2/opencms/en/buy/?page=1&edid=A357EDE4-B857-8B9E-2656-77C2AD9EDD83 HTTP/1.1" 200 109943
83.187.186.55 - - [16/Feb/2025:00:13:49 +0100] "GET /ticket2/opencms/img/check.png HTTP/1.1" 200 548
83.187.186.55 - - [16/Feb/2025:00:13:49 +0100] "GET /ticket2/opencms/img/mail.png HTTP/1.1" 200 403
166.108.228.4 - - [16/Feb/2025:00:13:49 +0100] "GET /ticket2/opencms/az/buy/?page=1&edid=0DB0B92F-3B3A-E824-76FA-F690AF646C74 HTTP/1.1" 200 108894
83.187.186.55 - - [16/Feb/2025:00:13:49 +0100] "GET /ticket2/opencms/img/chat.png HTTP/1.1" 200 416
