202.8.41.242 - - [16/Feb/2025:00:40:05 +0100] "GET /ticket2/opencms/system/modules/com.gridnine.opencms.ticketbrokerage.site/resources/js/jquery/jquery.js HTTP/1.1" 200 93868
202.8.41.242 - - [16/Feb/2025:00:40:05 +0100] "GET /ticket2/opencms/system/modules/com.gridnine.opencms.ticketbrokerage.site/resources/js/jquery/jquery-ui.js HTTP/1.1" 200 228088
202.8.41.242 - - [16/Feb/2025:00:40:05 +0100] "GET /ticket2/opencms/system/modules/com.gridnine.opencms.ticketbrokerage.site/resources/js/functions.js HTTP/1.1" 200 1583
202.8.41.242 - - [16/Feb/2025:00:40:05 +0100] "GET /ticket2/opencms/system/modules/com.gridnine.opencms.ticketbrokerage.site/resources/js/calendar.js HTTP/1.1" 200 49229
202.8.41.242 - - [16/Feb/2025:00:40:05 +0100] "GET /ticket2/opencms/system/modules/com.gridnine.opencms.ticketbrokerage.site/resources/js/calendar-en.js HTTP/1.1" 200 3338
202.8.41.242 - - [16/Feb/2025:00:40:05 +0100] "GET /ticket2/opencms/system/modules/com.gridnine.opencms.ticketbrokerage.site/resources/js/calendar-setup.js HTTP/1.1" 200 4923
202.8.41.242 - - [16/Feb/2025:00:40:05 +0100] "GET /ticket2/opencms/system/modules/com.gridnine.opencms.ticketbrokerage.site/resources/js/jquery.fancybox.pack.js HTTP/1.1" 200 23187
202.8.41.242 - - [16/Feb/2025:00:40:05 +0100] "GET /ticket2/opencms/system/modules/com.gridnine.opencms.ticketbrokerage.site/resources/js/stickyfill.min.js HTTP/1.1" 200 5672
202.8.41.242 - - [16/Feb/2025:00:40:05 +0100] "GET /ticket2/opencms/system/modules/com.gridnine.opencms.ticketbrokerage.site/resources/js/standard.js HTTP/1.1" 200 3983
202.8.41.242 - - [16/Feb/2025:00:40:06 +0100] "GET /ticket2/opencms/system/modules/com.gridnine.opencms.ticketbrokerage.site/resources/js/jquery.placeholder.min.js HTTP/1.1" 200 1737
202.8.41.242 - - [16/Feb/2025:00:40:06 +0100] "GET /ticket2/opencms/system/modules/com.gridnine.opencms.ticketbrokerage.site/resources/js/common-ajax.js HTTP/1.1" 200 20175
202.8.41.242 - - [16/Feb/2025:00:40:06 +0100] "GET /ticket2/opencms/hu/ask-form.html HTTP/1.1" 200 3156
202.8.41.242 - - [16/Feb/2025:00:40:06 +0100] "GET /ticket2/opencms/system/modules/com.gridnine.opencms.ticketbrokerage.site/resources/css/ticketbrokerage.css HTTP/1.1" 200 39339
20.171.207.223 - - [16/Feb/2025:00:40:06 +0100] "GET /ticket2/opencms/set_aff_cookie.jsp?partner=8F6DE15D-D831-5787-AE7E-FEFF53476F85&url=%252Fru%252Fbuy%252Findex.html%253Fpage%253D1%2526edid%253D0D33199C-853B-C4DC-F1E2-6CF75BE0B211%2526hlv%253D60c9e9bd-7394-4e96-97b3-272c0a01000f%2523v_587133460 HTTP/1.1" 200 246
20.171.207.223 - - [16/Feb/2025:00:40:07 +0100] "GET /ticket2/opencms/set_aff_cookie.jsp?partner=8F6DE15D-D831-5787-AE7E-FEFF53476F85&url=%252Fdk%252Fbuy%252Findex.html%253Fpage%253D1%2526edid%253D9247E57F-45C6-02AB-BF4B-104F5210D220%2526hlv%253D612b51b7-ff4c-4c14-a877-3c0e0a01000f%2523v_1315689899 HTTP/1.1" 200 247
23.23.212.212 - - [16/Feb/2025:00:40:09 +0100] "GET /ticket2/opencms/sv/buy/?catid=6BD6E0B0-84AF-3A0D-3851-C1357CE9B771&comcatid=A17713B6-D984-201A-4143-ED4DB5ED5C2E HTTP/1.1" 200 102769
20.171.207.223 - - [16/Feb/2025:00:40:10 +0100] "GET /ticket2/opencms/set_aff_cookie.jsp?partner=5E0CDF29-E7BE-9F6B-6869-7BF66B04006F&url=%252Fdk%252Fbuy%252Findex.html%253Fpage%253D1%2526edid%253DB6D0A9AB-69A7-9419-F7A9-AFE901370F8E%2526hlv%253D60f821f5-9850-4b02-8d38-5e5c0a01000f%2523v_1447972635 HTTP/1.1" 200 247
20.171.207.223 - - [16/Feb/2025:00:40:11 +0100] "GET /ticket2/opencms/set_aff_cookie.jsp?partner=5E0CDF29-E7BE-9F6B-6869-7BF66B04006F&url=%252Fdk%252Fbuy%252Findex.html%253Fpage%253D1%2526edid%253DD94AE43C-36DF-9EFE-9CDF-702DED3992BF%2526hlv%253D60f96951-4800-4eb0-8d64-61850a01000f%2523v_977782435 HTTP/1.1" 200 246
66.249.76.193 - - [16/Feb/2025:00:40:11 +0100] "GET /ticket2/opencms/dk/magazine/article?title=kan-viktor-gyokeres-forlade-sporting-tidligere-end-planlagt HTTP/1.1" 200 92795
34.194.226.74 - - [16/Feb/2025:00:40:12 +0100] "GET /ticket2/opencms/sv/buy/?catid=70B37487-FE30-D476-CAE7-E6AFEA3153F2&comcatid=A17713B6-D984-201A-4143-ED4DB5ED5C2E HTTP/1.1" 200 102990
20.171.207.223 - - [16/Feb/2025:00:40:13 +0100] "GET /ticket2/opencms/set_aff_cookie.jsp?partner=57601924-FB09-5BB2-867F-08B4EB522BA8&url=%252Fdk%252Fbuy%252Findex.html%253Fpage%253D1%2526edid%253D3754A801-0360-9F1A-6DA4-BE3220BB9FC0%2526hlv%253D612e1ae2-33d8-4cde-8a39-59a50a01000f%2523v_2143805448 HTTP/1.1" 200 247
85.208.96.198 - - [16/Feb/2025:00:40:14 +0100] "GET /ticket2/opencms/cs/sport/fotbalove-listky/bundesliga/freiburg HTTP/1.1" 200 101424
54.36.148.209 - - [16/Feb/2025:00:40:15 +0100] "GET /ticket2/opencms/sr/buy?page=1&edid=055941D5-AAA9-3559-090F-26D27D65FBDA HTTP/1.1" 200 122018
202.8.41.126 - - [16/Feb/2025:00:40:16 +0100] "GET /ticket2/opencms/system/modules/com.gridnine.opencms.ticketbrokerage.site/resources/css/jquery-ui.css HTTP/1.1" 200 33221
202.8.41.126 - - [16/Feb/2025:00:40:16 +0100] "GET /ticket2/opencms/system/modules/com.gridnine.opencms.ticketbrokerage.site/resources/css/standard.css HTTP/1.1" 200 73904
202.8.41.126 - - [16/Feb/2025:00:40:16 +0100] "GET /ticket2/opencms/system/modules/com.gridnine.opencms.ticketbrokerage.site/resources/css/calendar.css HTTP/1.1" 200 6871
202.8.41.126 - - [16/Feb/2025:00:40:16 +0100] "GET /ticket2/opencms/system/modules/com.gridnine.opencms.ticketbrokerage.site/resources/css/ticketbrokerage.css HTTP/1.1" 200 39339
202.8.41.126 - - [16/Feb/2025:00:40:16 +0100] "GET /ticket2/opencms/system/modules/com.gridnine.opencms.ticketbrokerage.site/resources/css/jquery.fancybox.css HTTP/1.1" 200 4939
202.8.41.126 - - [16/Feb/2025:00:40:16 +0100] "GET /ticket2/opencms/system/modules/com.gridnine.opencms.ticketbrokerage.site/resources/js/jquery/jquery.js HTTP/1.1" 200 93868
202.8.41.126 - - [16/Feb/2025:00:40:16 +0100] "GET /ticket2/opencms/system/modules/com.gridnine.opencms.ticketbrokerage.site/resources/js/functions.js HTTP/1.1" 200 1583
202.8.41.126 - - [16/Feb/2025:00:40:16 +0100] "GET /ticket2/opencms/system/modules/com.gridnine.opencms.ticketbrokerage.site/resources/js/calendar-en.js HTTP/1.1" 200 3338
202.8.41.126 - - [16/Feb/2025:00:40:16 +0100] "GET /ticket2/opencms/system/modules/com.gridnine.opencms.ticketbrokerage.site/resources/js/calendar.js HTTP/1.1" 200 49229
202.8.41.126 - - [16/Feb/2025:00:40:16 +0100] "GET /ticket2/opencms/system/modules/com.gridnine.opencms.ticketbrokerage.site/resources/js/jquery/jquery-ui.js HTTP/1.1" 200 228088
202.8.41.126 - - [16/Feb/2025:00:40:16 +0100] "GET /ticket2/opencms/system/modules/com.gridnine.opencms.ticketbrokerage.site/resources/js/calendar-setup.js HTTP/1.1" 200 4923
202.8.41.126 - - [16/Feb/2025:00:40:16 +0100] "GET /ticket2/opencms/system/modules/com.gridnine.opencms.ticketbrokerage.site/resources/js/standard.js HTTP/1.1" 200 3983
202.8.41.126 - - [16/Feb/2025:00:40:16 +0100] "GET /ticket2/opencms/system/modules/com.gridnine.opencms.ticketbrokerage.site/resources/js/jquery.fancybox.pack.js HTTP/1.1" 200 23187
202.8.41.126 - - [16/Feb/2025:00:40:16 +0100] "GET /ticket2/opencms/system/modules/com.gridnine.opencms.ticketbrokerage.site/resources/js/stickyfill.min.js HTTP/1.1" 200 5672
44.206.65.8 - - [16/Feb/2025:00:40:16 +0100] "GET /ticket2/opencms/sv/buy/?catid=7ACC33AD-EE7E-AAA7-9050-0F4587759B87&comcatid=A17713B6-D984-201A-4143-ED4DB5ED5C2E HTTP/1.1" 200 102966
202.8.41.126 - - [16/Feb/2025:00:40:16 +0100] "GET /ticket2/opencms/system/modules/com.gridnine.opencms.ticketbrokerage.site/resources/js/jquery.placeholder.min.js HTTP/1.1" 200 1737
202.8.41.126 - - [16/Feb/2025:00:40:16 +0100] "GET /ticket2/opencms/system/modules/com.gridnine.opencms.ticketbrokerage.site/resources/js/common-ajax.js HTTP/1.1" 200 20175
202.8.41.126 - - [16/Feb/2025:00:40:16 +0100] "GET /ticket2/opencms/sr/ask-form.html HTTP/1.1" 200 3156
20.171.207.223 - - [16/Feb/2025:00:40:16 +0100] "GET /ticket2/opencms/set_aff_cookie.jsp?partner=8F6DE15D-D831-5787-AE7E-FEFF53476F85&url=%252Fno%252Fbuy%252Findex.html%253Fpage%253D1%2526edid%253D0C5C9043-4446-42CC-4F8E-C746AC0B1F53%2526hlv%253D61475949-76e0-4bcd-a38c-0b7e0a01000f%2523v_1528668457 HTTP/1.1" 200 247
202.8.41.126 - - [16/Feb/2025:00:40:16 +0100] "GET /ticket2/opencms/system/modules/com.gridnine.opencms.ticketbrokerage.site/resources/css/ticketbrokerage.css HTTP/1.1" 200 39339
20.171.207.223 - - [16/Feb/2025:00:40:20 +0100] "GET /ticket2/opencms/set_aff_cookie.jsp?partner=8F6DE15D-D831-5787-AE7E-FEFF53476F85&url=%252Ffi%252Fbuy%252Findex.html%253Fpage%253D1%2526edid%253DF2C7182B-D237-C2BF-D71F-CBB98BBDC9C7%2526hlv%253D60f5c58a-caa0-4ad0-ad82-1df10a01000f%2523v_630653575 HTTP/1.1" 200 246
54.198.33.233 - - [16/Feb/2025:00:40:21 +0100] "GET /ticket2/opencms/sv/buy/?catid=7BADFFFB-57C5-5DBC-E7EB-B45075B3D8F9&comcatid=A17713B6-D984-201A-4143-ED4DB5ED5C2E HTTP/1.1" 200 102893
20.171.207.223 - - [16/Feb/2025:00:40:23 +0100] "GET /ticket2/opencms/set_aff_cookie.jsp?partner=57601924-FB09-5BB2-867F-08B4EB522BA8&url=%252Fdk%252Fbuy%252Findex.html%253Fpage%253D1%2526edid%253DB34FC5D8-17C2-148F-346E-D5A9AE0C7EAA%2526hlv%253D610bcd94-0aa8-4e77-b5f4-162a0a01000f%2523v_600496115 HTTP/1.1" 200 246
34.196.114.170 - - [16/Feb/2025:00:40:24 +0100] "GET /ticket2/opencms/sv/buy/?catid=7EF04817-972D-18B1-F941-DE800D088075&comcatid=A17713B6-D984-201A-4143-ED4DB5ED5C2E HTTP/1.1" 200 105176
20.171.207.223 - - [16/Feb/2025:00:40:26 +0100] "GET /ticket2/opencms/set_aff_cookie.jsp?partner=692E2C6A-EC6F-1C93-AFCC-C5ACC23A93EA&url=%252Fen%252Fbuy%252Findex.html%253Fpage%253D1%2526edid%253D15AF8D2B-EC86-F832-6A25-EDE861BB730F%2526hlv%253D610bcde8-e674-4f9b-bbb3-146b0a01000f%2523v_1913960780 HTTP/1.1" 200 247
20.171.207.223 - - [16/Feb/2025:00:40:27 +0100] "GET /ticket2/opencms/set_aff_cookie.jsp?partner=5E0CDF29-E7BE-9F6B-6869-7BF66B04006F&url=%252Fdk%252Fbuy%252Findex.html%253Fpage%253D1%2526edid%253DCA3FABDD-43B5-8DDC-6DAC-2917B68B145E%2526hlv%253D60c9f21e-4d14-4ca4-94a5-299e0a01000f%2523v_1434720053 HTTP/1.1" 200 247
44.208.223.68 - - [16/Feb/2025:00:40:28 +0100] "GET /ticket2/opencms/sv/buy/?catid=A3372871-3019-08B8-80CE-74B78F441ACA&comcatid=A17713B6-D984-201A-4143-ED4DB5ED5C2E HTTP/1.1" 200 103588
20.171.207.223 - - [16/Feb/2025:00:40:29 +0100] "GET /ticket2/opencms/set_aff_cookie.jsp?partner=57601924-FB09-5BB2-867F-08B4EB522BA8&url=%252Fru%252Fbuy%252Findex.html%253Fpage%253D1%2526edid%253D50F18BFF-700E-1E6F-C17F-C358E206F903%2526hlv%253D60ca0a77-0644-4e4d-8efe-36280a01000f%2523v_830653399 HTTP/1.1" 200 246
20.171.207.223 - - [16/Feb/2025:00:40:30 +0100] "GET /ticket2/opencms/set_aff_cookie.jsp?partner=5E0CDF29-E7BE-9F6B-6869-7BF66B04006F&url=%252Fdk%252Fbuy%252Findex.html%253Fpage%253D1%2526edid%253D0FD8C94D-BC20-A9A1-B75F-6B50E0D9D5B1%2526hlv%253D60f951c1-1320-40d7-930d-56980a01000f%2523v_809162592 HTTP/1.1" 200 246
54.36.148.22 - - [16/Feb/2025:00:40:31 +0100] "GET /ticket2/opencms/no/buy?page=1&edid=A5DC3557-7021-B208-917D-35A78F466827 HTTP/1.1" 200 111158
23.21.119.232 - - [16/Feb/2025:00:40:32 +0100] "GET /ticket2/opencms/sv/buy/?catid=A4D9EA9A-192D-0274-BF26-9C98D8B902AB&comcatid=A17713B6-D984-201A-4143-ED4DB5ED5C2E HTTP/1.1" 200 102932
20.171.207.223 - - [16/Feb/2025:00:40:33 +0100] "GET /ticket2/opencms/set_aff_cookie.jsp?partner=8F6DE15D-D831-5787-AE7E-FEFF53476F85&url=%252Fsv%252Fbuy%252Findex.html%253Fpage%253D1%2526edid%253D1A0D0579-4E59-3474-5A13-81F3BA1DEBCE%2526hlv%253D60f95402-52d4-4d74-bdf5-580f0a01000f%2523v_182829570 HTTP/1.1" 200 246
20.171.207.223 - - [16/Feb/2025:00:40:34 +0100] "GET /ticket2/opencms/set_aff_cookie.jsp?partner=5E0CDF29-E7BE-9F6B-6869-7BF66B04006F&url=%252Fen%252Fbuy%252Findex.html%253Fpage%253D1%2526edid%253D598F3B0A-9912-7BA4-D7AA-A33BDA98D7B4%2526hlv%253D60ca153e-d0d4-4f2c-8525-369c0a01000f%2523v_1435763350 HTTP/1.1" 200 247
54.36.149.72 - - [16/Feb/2025:00:40:34 +0100] "GET /ticket2/opencms/lv/buy?page=1&edid=BE18676F-AB94-E65E-A849-408190E75353 HTTP/1.1" 200 117828
202.8.40.3 - - [16/Feb/2025:00:40:35 +0100] "GET /ticket2/opencms/system/modules/com.gridnine.opencms.ticketbrokerage.site/resources/css/jquery-ui.css HTTP/1.1" 200 33221
202.8.40.3 - - [16/Feb/2025:00:40:35 +0100] "GET /ticket2/opencms/system/modules/com.gridnine.opencms.ticketbrokerage.site/resources/css/ticketbrokerage.css HTTP/1.1" 200 39339
202.8.40.3 - - [16/Feb/2025:00:40:35 +0100] "GET /ticket2/opencms/system/modules/com.gridnine.opencms.ticketbrokerage.site/resources/css/calendar.css HTTP/1.1" 200 6871
202.8.40.3 - - [16/Feb/2025:00:40:35 +0100] "GET /ticket2/opencms/system/modules/com.gridnine.opencms.ticketbrokerage.site/resources/css/jquery.fancybox.css HTTP/1.1" 200 4939
202.8.40.3 - - [16/Feb/2025:00:40:35 +0100] "GET /ticket2/opencms/system/modules/com.gridnine.opencms.ticketbrokerage.site/resources/css/standard.css HTTP/1.1" 200 73904
202.8.40.3 - - [16/Feb/2025:00:40:35 +0100] "GET /ticket2/opencms/system/modules/com.gridnine.opencms.ticketbrokerage.site/resources/js/jquery/jquery.js HTTP/1.1" 200 93868
202.8.40.3 - - [16/Feb/2025:00:40:35 +0100] "GET /ticket2/opencms/system/modules/com.gridnine.opencms.ticketbrokerage.site/resources/js/calendar-en.js HTTP/1.1" 200 3338
202.8.40.3 - - [16/Feb/2025:00:40:35 +0100] "GET /ticket2/opencms/system/modules/com.gridnine.opencms.ticketbrokerage.site/resources/js/calendar.js HTTP/1.1" 200 49229
202.8.40.3 - - [16/Feb/2025:00:40:35 +0100] "GET /ticket2/opencms/system/modules/com.gridnine.opencms.ticketbrokerage.site/resources/js/jquery/jquery-ui.js HTTP/1.1" 200 228088
202.8.40.3 - - [16/Feb/2025:00:40:35 +0100] "GET /ticket2/opencms/system/modules/com.gridnine.opencms.ticketbrokerage.site/resources/js/functions.js HTTP/1.1" 200 1583
202.8.40.3 - - [16/Feb/2025:00:40:35 +0100] "GET /ticket2/opencms/system/modules/com.gridnine.opencms.ticketbrokerage.site/resources/js/calendar-setup.js HTTP/1.1" 200 4923
202.8.40.3 - - [16/Feb/2025:00:40:35 +0100] "GET /ticket2/opencms/system/modules/com.gridnine.opencms.ticketbrokerage.site/resources/js/jquery.fancybox.pack.js HTTP/1.1" 200 23187
202.8.40.3 - - [16/Feb/2025:00:40:35 +0100] "GET /ticket2/opencms/system/modules/com.gridnine.opencms.ticketbrokerage.site/resources/js/stickyfill.min.js HTTP/1.1" 200 5672
202.8.40.3 - - [16/Feb/2025:00:40:35 +0100] "GET /ticket2/opencms/system/modules/com.gridnine.opencms.ticketbrokerage.site/resources/js/standard.js HTTP/1.1" 200 3983
202.8.40.3 - - [16/Feb/2025:00:40:35 +0100] "GET /ticket2/opencms/system/modules/com.gridnine.opencms.ticketbrokerage.site/resources/js/jquery.placeholder.min.js HTTP/1.1" 200 1737
202.8.40.3 - - [16/Feb/2025:00:40:36 +0100] "GET /ticket2/opencms/system/modules/com.gridnine.opencms.ticketbrokerage.site/resources/js/common-ajax.js HTTP/1.1" 200 20175
202.8.40.3 - - [16/Feb/2025:00:40:36 +0100] "GET /ticket2/opencms/lv/ask-form.html HTTP/1.1" 200 3156
202.8.40.3 - - [16/Feb/2025:00:40:36 +0100] "GET /ticket2/opencms/system/modules/com.gridnine.opencms.ticketbrokerage.site/resources/css/ticketbrokerage.css HTTP/1.1" 200 39339
20.171.207.223 - - [16/Feb/2025:00:40:36 +0100] "GET /ticket2/opencms/set_aff_cookie.jsp?partner=57601924-FB09-5BB2-867F-08B4EB522BA8&url=%252Ffi%252Fbuy%252Findex.html%253Fpage%253D1%2526edid%253DB65C9998-D30F-32EE-08AA-C0A071FB93ED%2526hlv%253D60ca1207-2cdc-4a43-9494-3a900a01000f%2523v_379147373 HTTP/1.1" 200 246
52.1.157.90 - - [16/Feb/2025:00:40:38 +0100] "GET /ticket2/opencms/sv/buy/?catid=D8B345C9-F7A5-E620-4B43-C34EB0D6885B&comcatid=A17713B6-D984-201A-4143-ED4DB5ED5C2E HTTP/1.1" 200 203490
20.171.207.223 - - [16/Feb/2025:00:40:40 +0100] "GET /ticket2/opencms/set_aff_cookie.jsp?partner=6F250EA7-4505-FA01-D601-8847F2573405&url=%252Fdk%252Fbuy%252Findex.html%253Fpage%253D1%2526edid%253D47C5221C-D928-A354-3BAB-DBCEA1F436C4%2526hlv%253D61151944-25cc-4ba5-b526-7f050a01000f%2523v_809775445 HTTP/1.1" 200 246
44.205.120.22 - - [16/Feb/2025:00:40:40 +0100] "GET /ticket2/opencms/sv/buy/?catid=E92E6B1B-7CD1-74B1-312C-265A7D8125D0&comcatid=A17713B6-D984-201A-4143-ED4DB5ED5C2E HTTP/1.1" 200 102905
52.167.144.184 - - [16/Feb/2025:00:40:42 +0100] "GET /ticket2/opencms/sr/magazine/article?title=mi-smo-najgori-tim-u-istoriji-kluba HTTP/1.1" 200 93404
20.171.207.223 - - [16/Feb/2025:00:40:43 +0100] "GET /ticket2/opencms/set_aff_cookie.jsp?partner=57601924-FB09-5BB2-867F-08B4EB522BA8&url=%252Fno%252Fbuy%252Findex.html%253Fpage%253D1%2526edid%253DBF3AA6AC-945D-BFDA-58A9-FBECF19591A2%2526hlv%253D6115214d-e248-41a7-9ae3-063c0a01000f%2523v_376618248 HTTP/1.1" 200 246
124.243.174.7 - - [16/Feb/2025:00:40:43 +0100] "GET /ticket2/opencms/az/sport/futbol-biletleri/la-liga/valencia HTTP/1.1" 200 94549
47.128.26.45 - - [16/Feb/2025:00:40:44 +0100] "GET /ticket2/opencms/no/buy/?edid=51218E22-B416-8A45-FFDA-8364D5067E03 HTTP/1.1" 200 90998
34.236.185.101 - - [16/Feb/2025:00:40:44 +0100] "GET /ticket2/opencms/sv/buy/?catid=E961462E-5AC2-64D6-5850-A310C9DEAA06&comcatid=A17713B6-D984-201A-4143-ED4DB5ED5C2E HTTP/1.1" 200 102909
54.36.148.86 - - [16/Feb/2025:00:40:45 +0100] "GET /ticket2/opencms/cs/buy?page=1&edid=65C03F06-B4E6-0D65-D535-E007A0321D02 HTTP/1.1" 200 111824
207.46.13.160 - - [16/Feb/2025:00:40:45 +0100] "GET /ticket2/opencms/nl/buy/?page=1&edid=A2A4078E-C8E8-C113-199B-69C1FEB231B0 HTTP/1.1" 200 133279
20.171.207.223 - - [16/Feb/2025:00:40:46 +0100] "GET /ticket2/opencms/set_aff_cookie.jsp?partner=57601924-FB09-5BB2-867F-08B4EB522BA8&url=%252Fru%252Fbuy%252Findex.html%253Fpage%253D1%2526edid%253D590EDDB9-B981-09D2-E0FC-F6E1B491368A%2526hlv%253D60ca0d5c-0b78-40f3-b5a4-369c0a01000f%2523v_1054332609 HTTP/1.1" 200 247
3.221.244.28 - - [16/Feb/2025:00:40:48 +0100] "GET /ticket2/opencms/sv/buy/?catid=F2006A3D-5EE0-B40B-5749-60C15271538F&comcatid=A17713B6-D984-201A-4143-ED4DB5ED5C2E HTTP/1.1" 200 102858
20.171.207.223 - - [16/Feb/2025:00:40:49 +0100] "GET /ticket2/opencms/set_aff_cookie.jsp?partner=57601924-FB09-5BB2-867F-08B4EB522BA8&url=%252Fdk%252Fbuy%252Findex.html%253Fpage%253D1%2526edid%253D7EF10304-98E0-2B58-2938-76F08ACE3694%2526hlv%253D60f81f20-5b68-4022-b175-5dba0a01000f%2523v_348960811 HTTP/1.1" 200 246
20.171.207.223 - - [16/Feb/2025:00:40:50 +0100] "GET /ticket2/opencms/set_aff_cookie.jsp?partner=5E0CDF29-E7BE-9F6B-6869-7BF66B04006F&url=%252Fsv%252Fbuy%252Findex.html%253Fpage%253D1%2526edid%253DD5ECBB60-B9DE-C9C5-5B4C-845CEC40C77F%2526hlv%253D61154dca-0dec-4784-bd12-16150a01000f%2523v_1707745912 HTTP/1.1" 200 247
98.84.200.43 - - [16/Feb/2025:00:40:52 +0100] "GET /ticket2/opencms/sv/buy/?edid=355D3270-70A4-08B0-6A25-52C4305F40B2&page=1 HTTP/1.1" 200 107946
20.171.207.223 - - [16/Feb/2025:00:40:52 +0100] "GET /ticket2/opencms/set_aff_cookie.jsp?partner=692E2C6A-EC6F-1C93-AFCC-C5ACC23A93EA&url=%252Fnl%252Fbuy%252Findex.html%253Fpage%253D1%2526edid%253DDEC5FD59-47B9-C401-93D5-AF9656E4B9E7%2526hlv%253D61154cd5-a094-48d0-836c-15fa0a01000f%2523v_1144180540 HTTP/1.1" 200 247
20.171.207.223 - - [16/Feb/2025:00:40:53 +0100] "GET /ticket2/opencms/set_aff_cookie.jsp?partner=2E02071B-A8C3-4CBA-3097-C27D61C02ED8&url=%252Fdk%252Fbuy%252Findex.html%253Fpage%253D1%2526edid%253D10320789-4754-46D6-EB18-7303900B68CE%2526hlv%253D60f94ea0-d26c-4272-8ffe-53ff0a01000f%2523v_1274044252 HTTP/1.1" 200 247
54.36.148.25 - - [16/Feb/2025:00:40:56 +0100] "GET /ticket2/opencms/cs/buy?page=1&edid=BE18676F-AB94-E65E-A849-408190E75353 HTTP/1.1" 200 117768
20.171.207.223 - - [16/Feb/2025:00:40:56 +0100] "GET /ticket2/opencms/set_aff_cookie.jsp?partner=2E02071B-A8C3-4CBA-3097-C27D61C02ED8&url=%252Fen%252Fbuy%252Findex.html%253Fpage%253D1%2526edid%253DF4C61204-D1C7-427C-4F65-1F077CA01CD3%2526hlv%253D60f69944-baf8-4f9c-9f8a-62fb0a01000f%2523v_1394650849 HTTP/1.1" 200 247
52.71.218.25 - - [16/Feb/2025:00:40:56 +0100] "GET /ticket2/opencms/sv/buy/?edid=4AD725E8-32BF-557B-C84C-ACBE0C56CBE4&page=1 HTTP/1.1" 200 111233
202.8.40.5 - - [16/Feb/2025:00:40:57 +0100] "GET /ticket2/opencms/system/modules/com.gridnine.opencms.ticketbrokerage.site/resources/css/calendar.css HTTP/1.1" 200 6871
202.8.40.5 - - [16/Feb/2025:00:40:57 +0100] "GET /ticket2/opencms/system/modules/com.gridnine.opencms.ticketbrokerage.site/resources/css/jquery.fancybox.css HTTP/1.1" 200 4939
202.8.40.5 - - [16/Feb/2025:00:40:57 +0100] "GET /ticket2/opencms/system/modules/com.gridnine.opencms.ticketbrokerage.site/resources/css/ticketbrokerage.css HTTP/1.1" 200 39339
202.8.40.5 - - [16/Feb/2025:00:40:57 +0100] "GET /ticket2/opencms/system/modules/com.gridnine.opencms.ticketbrokerage.site/resources/css/jquery-ui.css HTTP/1.1" 200 33221
202.8.40.5 - - [16/Feb/2025:00:40:57 +0100] "GET /ticket2/opencms/system/modules/com.gridnine.opencms.ticketbrokerage.site/resources/css/standard.css HTTP/1.1" 200 73904
202.8.40.5 - - [16/Feb/2025:00:40:57 +0100] "GET /ticket2/opencms/system/modules/com.gridnine.opencms.ticketbrokerage.site/resources/js/jquery/jquery.js HTTP/1.1" 200 93868
202.8.40.5 - - [16/Feb/2025:00:40:57 +0100] "GET /ticket2/opencms/system/modules/com.gridnine.opencms.ticketbrokerage.site/resources/js/jquery/jquery-ui.js HTTP/1.1" 200 228088
202.8.40.5 - - [16/Feb/2025:00:40:57 +0100] "GET /ticket2/opencms/system/modules/com.gridnine.opencms.ticketbrokerage.site/resources/js/functions.js HTTP/1.1" 200 1583
202.8.40.5 - - [16/Feb/2025:00:40:57 +0100] "GET /ticket2/opencms/system/modules/com.gridnine.opencms.ticketbrokerage.site/resources/js/calendar-en.js HTTP/1.1" 200 3338
202.8.40.5 - - [16/Feb/2025:00:40:57 +0100] "GET /ticket2/opencms/system/modules/com.gridnine.opencms.ticketbrokerage.site/resources/js/calendar.js HTTP/1.1" 200 49229
202.8.40.5 - - [16/Feb/2025:00:40:57 +0100] "GET /ticket2/opencms/system/modules/com.gridnine.opencms.ticketbrokerage.site/resources/js/calendar-setup.js HTTP/1.1" 200 4923
202.8.40.5 - - [16/Feb/2025:00:40:57 +0100] "GET /ticket2/opencms/system/modules/com.gridnine.opencms.ticketbrokerage.site/resources/js/stickyfill.min.js HTTP/1.1" 200 5672
202.8.40.5 - - [16/Feb/2025:00:40:57 +0100] "GET /ticket2/opencms/system/modules/com.gridnine.opencms.ticketbrokerage.site/resources/js/jquery.fancybox.pack.js HTTP/1.1" 200 23187
202.8.40.5 - - [16/Feb/2025:00:40:57 +0100] "GET /ticket2/opencms/system/modules/com.gridnine.opencms.ticketbrokerage.site/resources/js/standard.js HTTP/1.1" 200 3983
202.8.40.5 - - [16/Feb/2025:00:40:57 +0100] "GET /ticket2/opencms/system/modules/com.gridnine.opencms.ticketbrokerage.site/resources/js/jquery.placeholder.min.js HTTP/1.1" 200 1737
202.8.40.5 - - [16/Feb/2025:00:40:57 +0100] "GET /ticket2/opencms/system/modules/com.gridnine.opencms.ticketbrokerage.site/resources/js/common-ajax.js HTTP/1.1" 200 20175
202.8.40.5 - - [16/Feb/2025:00:40:57 +0100] "GET /ticket2/opencms/cs/ask-form.html HTTP/1.1" 200 3156
202.8.40.5 - - [16/Feb/2025:00:40:57 +0100] "GET /ticket2/opencms/system/modules/com.gridnine.opencms.ticketbrokerage.site/resources/css/ticketbrokerage.css HTTP/1.1" 200 39339
20.171.207.223 - - [16/Feb/2025:00:40:59 +0100] "GET /ticket2/opencms/set_aff_cookie.jsp?partner=692E2C6A-EC6F-1C93-AFCC-C5ACC23A93EA&url=%252Fnl%252Fbuy%252Findex.html%253Fpage%253D1%2526edid%253D9BCFA842-8EB3-2895-3674-5E046AE9AE63%2526hlv%253D60ca142a-f32c-4c1b-9956-369c0a01000f%2523v_974550944 HTTP/1.1" 200 246
54.167.32.123 - - [16/Feb/2025:00:41:01 +0100] "GET /ticket2/opencms/sv/buy/?catid=0A9E385E-33D9-328E-DC79-CA2C7009C829&comcatid=A17713B6-D984-201A-4143-ED4DB5ED5C2E HTTP/1.1" 200 102826
20.171.207.223 - - [16/Feb/2025:00:41:03 +0100] "GET /ticket2/opencms/set_aff_cookie.jsp?partner=57601924-FB09-5BB2-867F-08B4EB522BA8&url=%252Fen%252Fbuy%252Findex.html%253Fpage%253D1%2526edid%253D50F7AB81-6A9C-C90F-2794-DEB00B53E681%2526hlv%253D612aadca-1d70-4a89-a02c-73000a01000f%2523v_880452015 HTTP/1.1" 200 246
23.23.214.190 - - [16/Feb/2025:00:41:05 +0100] "GET /ticket2/opencms/sv/buy/?catid=36394212-F82E-F845-399B-42BED55969CC&comcatid=A17713B6-D984-201A-4143-ED4DB5ED5C2E HTTP/1.1" 200 173651
52.167.144.203 - - [16/Feb/2025:00:41:05 +0100] "GET /ticket2/opencms/sr/buy/?page=1&edid=2C81F7FB-5C92-E271-C03D-9F768923CF00 HTTP/1.1" 200 112213
20.171.207.223 - - [16/Feb/2025:00:41:06 +0100] "GET /ticket2/opencms/set_aff_cookie.jsp?partner=8F6DE15D-D831-5787-AE7E-FEFF53476F85&url=%252Ffi%252Fbuy%252Findex.html%253Fpage%253D1%2526edid%253DDDC40197-C63B-2875-1DBD-858E36E0D61F%2526hlv%253D61154d02-d338-438f-8aef-161a0a01000f%2523v_1140717731 HTTP/1.1" 200 247
52.167.144.138 - - [16/Feb/2025:00:41:07 +0100] "GET /ticket2/opencms/fi/buy?page=1&edid=C8E47E46-ADCD-586A-7BE4-CF1C96256B2D HTTP/1.1" 200 112097
20.171.207.223 - - [16/Feb/2025:00:41:08 +0100] "GET /ticket2/opencms/set_aff_cookie.jsp?partner=6F250EA7-4505-FA01-D601-8847F2573405&url=%252Fnl%252Fbuy%252Findex.html%253Fpage%253D1%2526edid%253DF9D480C8-CC9A-5C4B-D090-F29D97AF622B%2526hlv%253D6145cb31-916c-4561-b4e5-68480a01000f%2523v_583266884 HTTP/1.1" 200 246
44.223.116.149 - - [16/Feb/2025:00:41:10 +0100] "GET /ticket2/opencms/sv/buy/?catid=3B549160-8B9C-E872-44A9-20FEA86B30E8&comcatid=A17713B6-D984-201A-4143-ED4DB5ED5C2E HTTP/1.1" 200 102913
54.36.149.83 - - [16/Feb/2025:00:41:10 +0100] "GET /ticket2/opencms/lt/buy?page=1&edid=D4F26649-49E7-D9AD-008F-6A1EF16B5F3C HTTP/1.1" 200 127051
173.252.87.5 - - [16/Feb/2025:00:41:12 +0100] "GET /ticket2/opencms/ro/buy?page=1&edid=E46B7BC6-4C27-35AD-CA54-AE12489EE42A HTTP/1.1" 200 111989
20.171.207.223 - - [16/Feb/2025:00:41:12 +0100] "GET /ticket2/opencms/set_aff_cookie.jsp?partner=2E02071B-A8C3-4CBA-3097-C27D61C02ED8&url=%252Fnl%252Fbuy%252Findex.html%253Fpage%253D1%2526edid%253D26B722A8-A37B-F70B-4316-1551E2D204EA%2526hlv%253D60f68d14-ab54-4df8-af1a-5ad30a01000f%2523v_1772420023 HTTP/1.1" 200 247
3.221.50.71 - - [16/Feb/2025:00:41:12 +0100] "GET /ticket2/opencms/sv/buy/?catid=4B941E1B-E4E2-C53E-C693-9FA91BBA9AD5&comcatid=A17713B6-D984-201A-4143-ED4DB5ED5C2E HTTP/1.1" 200 102886
20.171.207.223 - - [16/Feb/2025:00:41:13 +0100] "GET /ticket2/opencms/set_aff_cookie.jsp?partner=6F250EA7-4505-FA01-D601-8847F2573405&url=%252Fno%252Fbuy%252Findex.html%253Fpage%253D1%2526edid%253D543D9F4F-FAE8-D606-2F86-FDCC2C711D5A%2526hlv%253D61151de6-46f0-4224-b6ed-04280a01000f%2523v_1691601098 HTTP/1.1" 200 247
20.171.207.223 - - [16/Feb/2025:00:41:15 +0100] "GET /ticket2/opencms/set_aff_cookie.jsp?partner=6F250EA7-4505-FA01-D601-8847F2573405&url=%252Fru%252Fbuy%252Findex.html%253Fpage%253D1%2526edid%253DDD7009E0-BEDD-5FDF-FBEC-9803C9276491%2526hlv%253D614ed461-5480-49e3-8ce7-7af20a01000f%2523v_1785853132 HTTP/1.1" 200 247
85.208.96.195 - - [16/Feb/2025:00:41:16 +0100] "GET /ticket2/opencms/bg HTTP/1.1" 200 110824
20.171.207.223 - - [16/Feb/2025:00:41:16 +0100] "GET /ticket2/opencms/set_aff_cookie.jsp?partner=6F250EA7-4505-FA01-D601-8847F2573405&url=%252Fno%252Fbuy%252Findex.html%253Fpage%253D1%2526edid%253D543D9F4F-FAE8-D606-2F86-FDCC2C711D5A%2526hlv%253D61151de6-77d8-4117-9fa6-04280a01000f%2523v_129623294 HTTP/1.1" 200 246
3.213.46.222 - - [16/Feb/2025:00:41:16 +0100] "GET /ticket2/opencms/sv/buy/?catid=573B7747-EE85-D769-C87D-F3F61FB64AA5&comcatid=A17713B6-D984-201A-4143-ED4DB5ED5C2E HTTP/1.1" 200 102894
20.171.207.223 - - [16/Feb/2025:00:41:19 +0100] "GET /ticket2/opencms/set_aff_cookie.jsp?partner=57601924-FB09-5BB2-867F-08B4EB522BA8&url=%252Fno%252Fbuy%252Findex.html%253Fpage%253D1%2526edid%253DE210EA08-C305-62F6-445A-64FC62365EF4%2526hlv%253D60c9ebcd-9644-45bf-b421-28380a01000f%2523v_1313801512 HTTP/1.1" 200 247
18.214.238.178 - - [16/Feb/2025:00:41:20 +0100] "GET /ticket2/opencms/sv/buy/?catid=64756941-02D2-3538-2077-8C2508F4A3A8&comcatid=A17713B6-D984-201A-4143-ED4DB5ED5C2E HTTP/1.1" 200 102891
20.171.207.223 - - [16/Feb/2025:00:41:21 +0100] "GET /ticket2/opencms/set_aff_cookie.jsp?partner=2E02071B-A8C3-4CBA-3097-C27D61C02ED8&url=%252Fsv%252Fbuy%252Findex.html%253Fpage%253D1%2526edid%253D2011FF90-8A57-6A2F-9B46-947EE7103FE5%2526hlv%253D615c4849-3550-467c-bbac-27130a01000f%2523v_360413648 HTTP/1.1" 200 246
20.171.207.223 - - [16/Feb/2025:00:41:22 +0100] "GET /ticket2/opencms/set_aff_cookie.jsp?partner=8F6DE15D-D831-5787-AE7E-FEFF53476F85&url=%252Ffi%252Fbuy%252Findex.html%253Fpage%253D1%2526edid%253D367C01C8-55E8-5761-77A6-1E1A5784FE1B%2526hlv%253D60ca166b-c8f4-47c3-9db7-3d4d0a01000f%2523v_2139729918 HTTP/1.1" 200 247
52.167.144.203 - - [16/Feb/2025:00:41:24 +0100] "GET /ticket2/opencms/pl/buy?page=6&comcatid=A17713B6-D984-201A-4143-ED4DB5ED5C2E&catid=D8B345C9-F7A5-E620-4B43-C34EB0D6885B&eventid=C483161C-4419-F1CF-1E30-2319B48E0485 HTTP/1.1" 200 114977
114.119.130.154 - - [16/Feb/2025:00:41:24 +0100] "GET /ticket2/opencms/sq/buy?page=1&=B07556EE-85E6-A902-E46B-ABCA49980DB1 HTTP/1.1" 200 -
35.171.117.160 - - [16/Feb/2025:00:41:24 +0100] "GET /ticket2/opencms/sv/buy/?catid=6E0E0CA4-3F14-9697-92B9-3687047BE453&comcatid=A17713B6-D984-201A-4143-ED4DB5ED5C2E HTTP/1.1" 200 102964
159.138.105.115 - - [16/Feb/2025:00:41:26 +0100] "GET /ticket2/opencms/az/?page=6&comcatid=0A6B8208-FDA4-E929-9D72-5312FD481B76&catid=5ED34547-492C-90DA-709D-448345844685 HTTP/1.1" 200 109236
20.171.207.223 - - [16/Feb/2025:00:41:27 +0100] "GET /ticket2/opencms/set_aff_cookie.jsp?partner=2E02071B-A8C3-4CBA-3097-C27D61C02ED8&url=%252Fnl%252Fbuy%252Findex.html%253Fpage%253D1%2526edid%253D4F1B6DF5-628F-F25D-981B-BD9489467C6D%2526hlv%253D60f5c59d-4d2c-4485-aba9-1ecb0a01000f%2523v_1426922716 HTTP/1.1" 200 247
207.46.13.102 - - [16/Feb/2025:00:41:28 +0100] "GET /ticket2/opencms/lv/magazine/article?title=bergvalls-un-kulusevski-iespaido HTTP/1.1" 200 94060
34.195.248.30 - - [16/Feb/2025:00:41:28 +0100] "GET /ticket2/opencms/sv/buy/?catid=739BFC5D-78FA-6834-D764-6CE64CA5F9EC&comcatid=A17713B6-D984-201A-4143-ED4DB5ED5C2E HTTP/1.1" 200 102917
20.171.207.223 - - [16/Feb/2025:00:41:31 +0100] "GET /ticket2/opencms/set_aff_cookie.jsp?partner=2E02071B-A8C3-4CBA-3097-C27D61C02ED8&url=%252Fno%252Fbuy%252Findex.html%253Fpage%253D1%2526edid%253D0C5C9043-4446-42CC-4F8E-C746AC0B1F53%2526hlv%253D60c9e8e2-52f4-4fe9-9e69-26d70a01000f%2523v_850307909 HTTP/1.1" 200 246
20.171.207.223 - - [16/Feb/2025:00:41:32 +0100] "GET /ticket2/opencms/set_aff_cookie.jsp?partner=6F250EA7-4505-FA01-D601-8847F2573405&url=%252Fno%252Fbuy%252Findex.html%253Fpage%253D1%2526edid%253D543D9F4F-FAE8-D606-2F86-FDCC2C711D5A%2526hlv%253D61151de6-7a9c-489d-b6c5-04280a01000f%2523v_1812437494 HTTP/1.1" 200 247
52.45.15.233 - - [16/Feb/2025:00:41:32 +0100] "GET /ticket2/opencms/sv/buy/?catid=7CF2D645-F785-0CBB-1B7C-C4711617EAAD&comcatid=A17713B6-D984-201A-4143-ED4DB5ED5C2E HTTP/1.1" 200 103588
54.36.148.112 - - [16/Feb/2025:00:41:33 +0100] "GET /ticket2/opencms/uk/buy?page=1&edid=65C03F06-B4E6-0D65-D535-E007A0321D02 HTTP/1.1" 200 114195
20.171.207.223 - - [16/Feb/2025:00:41:35 +0100] "GET /ticket2/opencms/set_aff_cookie.jsp?partner=57601924-FB09-5BB2-867F-08B4EB522BA8&url=%252Ffi%252Fbuy%252Findex.html%253Fpage%253D1%2526edid%253DD8F859FF-4C2A-2436-3BFD-25BEC2E8CC5C%2526hlv%253D60f81c47-69e8-4e39-adba-5dc60a01000f%2523v_1165925942 HTTP/1.1" 200 247
54.225.199.17 - - [16/Feb/2025:00:41:36 +0100] "GET /ticket2/opencms/sv/buy/?catid=82F804FA-9F69-CB6B-D41D-7BF7C716058B&comcatid=A17713B6-D984-201A-4143-ED4DB5ED5C2E HTTP/1.1" 200 102929
54.36.149.62 - - [16/Feb/2025:00:41:37 +0100] "GET /ticket2/opencms/en/venue/?countryid=2F10777F-9907-2201-7AD1-ACB3606C47A4 HTTP/1.1" 200 114762
54.36.149.87 - - [16/Feb/2025:00:41:37 +0100] "GET /ticket2/opencms/hu/buy?page=1&edid=65C03F06-B4E6-0D65-D535-E007A0321D02 HTTP/1.1" 200 111881
20.171.207.223 - - [16/Feb/2025:00:41:37 +0100] "GET /ticket2/opencms/set_aff_cookie.jsp?partner=57601924-FB09-5BB2-867F-08B4EB522BA8&url=%252Fsv%252Fbuy%252Findex.html%253Fpage%253D1%2526edid%253DC168AC79-9AE4-687F-692F-70BDD7169AA1%2526hlv%253D60f8154f-ce98-4057-8589-5b830a01000f%2523v_2040954351 HTTP/1.1" 200 247
20.171.207.223 - - [16/Feb/2025:00:41:39 +0100] "GET /ticket2/opencms/set_aff_cookie.jsp?partner=692E2C6A-EC6F-1C93-AFCC-C5ACC23A93EA&url=%252Fen%252Fbuy%252Findex.html%253Fpage%253D1%2526edid%253D84D5EC5C-3CAF-83D2-AB4F-32987436B757%2526hlv%253D611cd227-88dc-40f3-998a-5d800a01000f%2523v_148028656 HTTP/1.1" 200 246
20.171.207.223 - - [16/Feb/2025:00:41:40 +0100] "GET /ticket2/opencms/set_aff_cookie.jsp?partner=692E2C6A-EC6F-1C93-AFCC-C5ACC23A93EA&url=%252Fru%252Fbuy%252Findex.html%253Fpage%253D1%2526edid%253D26946324-80EA-5BC2-A081-74A9001A9422%2526hlv%253D60f6996b-9ae0-4aa9-817d-644f0a01000f%2523v_921166534 HTTP/1.1" 200 246
3.209.174.110 - - [16/Feb/2025:00:41:40 +0100] "GET /ticket2/opencms/sv/buy/?catid=88C381AD-5D76-A34D-AC15-A7129F8EF5BE&comcatid=A17713B6-D984-201A-4143-ED4DB5ED5C2E HTTP/1.1" 200 104328
20.171.207.223 - - [16/Feb/2025:00:41:41 +0100] "GET /ticket2/opencms/set_aff_cookie.jsp?partner=6F250EA7-4505-FA01-D601-8847F2573405&url=%252Fnl%252Fbuy%252Findex.html%253Fpage%253D1%2526edid%253D87A2E0C8-FB06-9F72-D01C-6586D722A374%2526hlv%253D614c76fa-5fac-46fb-92e7-17c60a01000f%2523v_277775739 HTTP/1.1" 200 246
20.171.207.223 - - [16/Feb/2025:00:41:44 +0100] "GET /ticket2/opencms/set_aff_cookie.jsp?partner=8F6DE15D-D831-5787-AE7E-FEFF53476F85&url=%252Fno%252Fbuy%252Findex.html%253Fpage%253D1%2526edid%253D2DEDC008-A8E2-8338-9113-89CEDCB5E81A%2526hlv%253D60ca09d3-5df8-48f5-b3fc-36280a01000f%2523v_429499451 HTTP/1.1" 200 246
18.214.124.6 - - [16/Feb/2025:00:41:44 +0100] "GET /ticket2/opencms/sv/buy/?catid=8AA488FA-6797-D710-8108-3088D6948FC1&comcatid=A17713B6-D984-201A-4143-ED4DB5ED5C2E HTTP/1.1" 200 102939
20.171.207.223 - - [16/Feb/2025:00:41:45 +0100] "GET /ticket2/opencms/set_aff_cookie.jsp?partner=5E0CDF29-E7BE-9F6B-6869-7BF66B04006F&url=%252Fru%252Fbuy%252Findex.html%253Fpage%253D1%2526edid%253DDB8E6B8B-D5E6-2798-B4FA-A83F6B0F61B9%2526hlv%253D615c4628-1a9c-448a-9832-254f0a01000f%2523v_610329793 HTTP/1.1" 200 246
20.171.207.223 - - [16/Feb/2025:00:41:48 +0100] "GET /ticket2/opencms/set_aff_cookie.jsp?partner=5E0CDF29-E7BE-9F6B-6869-7BF66B04006F&url=%252Fen%252Fbuy%252Findex.html%253Fpage%253D1%2526edid%253DCF3BDDE8-6C6B-F85B-528C-11C48A316B2B%2526hlv%253D60d0e49f-4e3c-4c3e-aa07-407f0a01000f%2523v_1453492274 HTTP/1.1" 200 247
54.36.149.96 - - [16/Feb/2025:00:41:48 +0100] "GET /ticket2/opencms/et/buy?page=1&edid=BE18676F-AB94-E65E-A849-408190E75353 HTTP/1.1" 200 117702
184.73.239.35 - - [16/Feb/2025:00:41:48 +0100] "GET /ticket2/opencms/sv/buy/?catid=97608B80-50C4-18AE-7A82-0413C62E9243&comcatid=A17713B6-D984-201A-4143-ED4DB5ED5C2E HTTP/1.1" 200 102863
202.8.41.1 - - [16/Feb/2025:00:41:49 +0100] "GET /ticket2/opencms/system/modules/com.gridnine.opencms.ticketbrokerage.site/resources/css/jquery-ui.css HTTP/1.1" 200 33221
202.8.41.1 - - [16/Feb/2025:00:41:49 +0100] "GET /ticket2/opencms/system/modules/com.gridnine.opencms.ticketbrokerage.site/resources/css/ticketbrokerage.css HTTP/1.1" 200 39339
202.8.41.1 - - [16/Feb/2025:00:41:49 +0100] "GET /ticket2/opencms/system/modules/com.gridnine.opencms.ticketbrokerage.site/resources/css/calendar.css HTTP/1.1" 200 6871
202.8.41.1 - - [16/Feb/2025:00:41:49 +0100] "GET /ticket2/opencms/system/modules/com.gridnine.opencms.ticketbrokerage.site/resources/css/standard.css HTTP/1.1" 200 73904
202.8.41.1 - - [16/Feb/2025:00:41:49 +0100] "GET /ticket2/opencms/system/modules/com.gridnine.opencms.ticketbrokerage.site/resources/css/jquery.fancybox.css HTTP/1.1" 200 4939
202.8.41.1 - - [16/Feb/2025:00:41:49 +0100] "GET /ticket2/opencms/system/modules/com.gridnine.opencms.ticketbrokerage.site/resources/js/jquery/jquery.js HTTP/1.1" 200 93868
202.8.41.1 - - [16/Feb/2025:00:41:49 +0100] "GET /ticket2/opencms/system/modules/com.gridnine.opencms.ticketbrokerage.site/resources/js/functions.js HTTP/1.1" 200 1583
202.8.41.1 - - [16/Feb/2025:00:41:49 +0100] "GET /ticket2/opencms/system/modules/com.gridnine.opencms.ticketbrokerage.site/resources/js/jquery/jquery-ui.js HTTP/1.1" 200 228088
202.8.41.1 - - [16/Feb/2025:00:41:49 +0100] "GET /ticket2/opencms/system/modules/com.gridnine.opencms.ticketbrokerage.site/resources/js/calendar.js HTTP/1.1" 200 49229
202.8.41.1 - - [16/Feb/2025:00:41:49 +0100] "GET /ticket2/opencms/system/modules/com.gridnine.opencms.ticketbrokerage.site/resources/js/calendar-setup.js HTTP/1.1" 200 4923
202.8.41.1 - - [16/Feb/2025:00:41:49 +0100] "GET /ticket2/opencms/system/modules/com.gridnine.opencms.ticketbrokerage.site/resources/js/calendar-en.js HTTP/1.1" 200 3338
202.8.41.1 - - [16/Feb/2025:00:41:49 +0100] "GET /ticket2/opencms/system/modules/com.gridnine.opencms.ticketbrokerage.site/resources/js/jquery.fancybox.pack.js HTTP/1.1" 200 23187
202.8.41.1 - - [16/Feb/2025:00:41:49 +0100] "GET /ticket2/opencms/system/modules/com.gridnine.opencms.ticketbrokerage.site/resources/js/stickyfill.min.js HTTP/1.1" 200 5672
202.8.41.1 - - [16/Feb/2025:00:41:49 +0100] "GET /ticket2/opencms/system/modules/com.gridnine.opencms.ticketbrokerage.site/resources/js/standard.js HTTP/1.1" 200 3983
202.8.41.1 - - [16/Feb/2025:00:41:49 +0100] "GET /ticket2/opencms/system/modules/com.gridnine.opencms.ticketbrokerage.site/resources/js/jquery.placeholder.min.js HTTP/1.1" 200 1737
202.8.41.1 - - [16/Feb/2025:00:41:49 +0100] "GET /ticket2/opencms/system/modules/com.gridnine.opencms.ticketbrokerage.site/resources/js/common-ajax.js HTTP/1.1" 200 20175
202.8.41.1 - - [16/Feb/2025:00:41:49 +0100] "GET /ticket2/opencms/et/ask-form.html HTTP/1.1" 200 3156
202.8.41.1 - - [16/Feb/2025:00:41:49 +0100] "GET /ticket2/opencms/system/modules/com.gridnine.opencms.ticketbrokerage.site/resources/css/ticketbrokerage.css HTTP/1.1" 200 39339
40.77.167.13 - - [16/Feb/2025:00:41:50 +0100] "GET /ticket2/opencms/bg/buy/?page=1&edid=2F3C07F1-6B7D-D90B-933D-3302CCE5FD28 HTTP/1.1" 200 113489
34.205.170.13 - - [16/Feb/2025:00:41:52 +0100] "GET /ticket2/opencms/sv/buy/?catid=A7674DEA-B39E-502C-2F76-760AE08947E9&comcatid=A17713B6-D984-201A-4143-ED4DB5ED5C2E HTTP/1.1" 200 106696
20.171.207.223 - - [16/Feb/2025:00:41:55 +0100] "GET /ticket2/opencms/set_aff_cookie.jsp?partner=2E02071B-A8C3-4CBA-3097-C27D61C02ED8&url=%252Fdk%252Fbuy%252Findex.html%253Fpage%253D1%2526edid%253DE7560AB3-0BA2-E806-DEFE-5D8CC4C6CAA3%2526hlv%253D610bcffc-eb2c-4d22-b622-16270a01000f%2523v_1677267027 HTTP/1.1" 200 247
98.82.66.172 - - [16/Feb/2025:00:41:56 +0100] "GET /ticket2/opencms/sv/buy/?catid=AE3FE643-AE41-BAA6-237D-5206D1B044A1&comcatid=A17713B6-D984-201A-4143-ED4DB5ED5C2E HTTP/1.1" 200 102944
20.171.207.223 - - [16/Feb/2025:00:41:58 +0100] "GET /ticket2/opencms/set_aff_cookie.jsp?partner=8F6DE15D-D831-5787-AE7E-FEFF53476F85&url=%252Fsv%252Fbuy%252Findex.html%253Fpage%253D1%2526edid%253D74A57CFE-A85C-345D-E9F7-0AF79537083B%2526hlv%253D614c76ae-fce4-4d09-88c6-18980a01000f%2523v_731980523 HTTP/1.1" 200 246
66.249.79.35 - - [16/Feb/2025:00:42:00 +0100] "GET /ticket2/opencms/is/buy/?page=1&edid=2A94D260-B353-E604-8B7A-7304DE73276A HTTP/1.1" 200 111909
52.45.29.57 - - [16/Feb/2025:00:42:00 +0100] "GET /ticket2/opencms/sv/buy/?catid=B0817F4C-4B6F-A68C-6229-209BB05F84D4&comcatid=A17713B6-D984-201A-4143-ED4DB5ED5C2E HTTP/1.1" 200 102906
20.171.207.223 - - [16/Feb/2025:00:42:00 +0100] "GET /ticket2/opencms/set_aff_cookie.jsp?partner=57601924-FB09-5BB2-867F-08B4EB522BA8&url=%252Fno%252Fbuy%252Findex.html%253Fpage%253D1%2526edid%253D156562D2-0263-CCAA-DF54-9314F5D26523%2526hlv%253D60ca15b2-5300-4d66-a303-3b1b0a01000f%2523v_1261933679 HTTP/1.1" 200 247
54.36.148.221 - - [16/Feb/2025:00:42:01 +0100] "GET /ticket2/opencms/dk/buy?page=1&edid=D4F26649-49E7-D9AD-008F-6A1EF16B5F3C HTTP/1.1" 200 125620
20.171.207.223 - - [16/Feb/2025:00:42:01 +0100] "GET /ticket2/opencms/set_aff_cookie.jsp?partner=692E2C6A-EC6F-1C93-AFCC-C5ACC23A93EA&url=%252Fen%252Fbuy%252Findex.html%253Fpage%253D1%2526edid%253D5C50ECB1-C172-E904-ECBC-6CD309D8DD4A%2526hlv%253D611bc881-f934-46ed-af98-4ffa0a01000f%2523v_803093320 HTTP/1.1" 200 246
111.119.218.201 - - [16/Feb/2025:00:42:02 +0100] "GET /ticket2/opencms/az/buy?page=1&edid=26CFADD1-A0DC-1F95-EC1A-E3CF6C837B2E HTTP/1.1" 200 108979
66.249.79.34 - - [16/Feb/2025:00:42:02 +0100] "GET /ticket2/opencms/ HTTP/1.1" 302 -
20.171.207.223 - - [16/Feb/2025:00:42:03 +0100] "GET /ticket2/opencms/set_aff_cookie.jsp?partner=8F6DE15D-D831-5787-AE7E-FEFF53476F85&url=%252Fsv%252Fbuy%252Findex.html%253Fpage%253D1%2526edid%253D1BFF3C4B-0AF3-F040-1041-C55D427FE053%2526hlv%253D60f84785-6298-4d51-a20d-6e120a01000f%2523v_1700164208 HTTP/1.1" 200 247
20.171.207.223 - - [16/Feb/2025:00:42:04 +0100] "GET /ticket2/opencms/set_aff_cookie.jsp?partner=692E2C6A-EC6F-1C93-AFCC-C5ACC23A93EA&url=%252Fno%252Fbuy%252Findex.html%253Fpage%253D1%2526edid%253D7F453E70-42C2-9829-6707-8F3A9E689502%2526hlv%253D60f81690-4288-4047-b9fd-5c9e0a01000f%2523v_299411882 HTTP/1.1" 200 246
66.249.79.34 - - [16/Feb/2025:00:42:04 +0100] "GET /ticket2/opencms/en/ HTTP/1.1" 200 107206
54.157.99.244 - - [16/Feb/2025:00:42:04 +0100] "GET /ticket2/opencms/sv/buy/?catid=BDD8C04C-DD99-1C07-B5F3-F2AB98D157E8&comcatid=A17713B6-D984-201A-4143-ED4DB5ED5C2E HTTP/1.1" 200 102909
20.171.207.223 - - [16/Feb/2025:00:42:05 +0100] "GET /ticket2/opencms/set_aff_cookie.jsp?partner=6F250EA7-4505-FA01-D601-8847F2573405&url=%252Fsv%252Fbuy%252Findex.html%253Fpage%253D1%2526edid%253DB6D0A9AB-69A7-9419-F7A9-AFE901370F8E%2526hlv%253D60f821f6-276c-461d-b4d3-5e5c0a01000f%2523v_1690401533 HTTP/1.1" 200 247
47.128.49.227 - - [16/Feb/2025:00:42:06 +0100] "GET /ticket2/opencms/ro/magazine/article/ HTTP/1.1" 200 89233
20.171.207.223 - - [16/Feb/2025:00:42:07 +0100] "GET /ticket2/opencms/set_aff_cookie.jsp?partner=6F250EA7-4505-FA01-D601-8847F2573405&url=%252Fnl%252Fbuy%252Findex.html%253Fpage%253D1%2526edid%253D069BDDEE-360C-8EC7-E690-DACC87DA3282%2526hlv%253D61151474-73e8-416e-b292-7aff0a01000f%2523v_1079686523 HTTP/1.1" 200 247
23.22.105.143 - - [16/Feb/2025:00:42:08 +0100] "GET /ticket2/opencms/sv/buy/?catid=BE041FBE-C1A7-918C-EB61-99ED02D12F5B&comcatid=A17713B6-D984-201A-4143-ED4DB5ED5C2E HTTP/1.1" 200 102900
20.171.207.223 - - [16/Feb/2025:00:42:08 +0100] "GET /ticket2/opencms/set_aff_cookie.jsp?partner=8F6DE15D-D831-5787-AE7E-FEFF53476F85&url=%252Fnl%252Fbuy%252Findex.html%253Fpage%253D1%2526edid%253D17E24C11-FC8F-D475-1B0A-332A9CB78F89%2526hlv%253D60f82055-dd44-4298-9e67-5d840a01000f%2523v_656256115 HTTP/1.1" 200 246
20.171.207.223 - - [16/Feb/2025:00:42:11 +0100] "GET /ticket2/opencms/set_aff_cookie.jsp?partner=8F6DE15D-D831-5787-AE7E-FEFF53476F85&url=%252Fen%252Fbuy%252Findex.html%253Fpage%253D1%2526edid%253DBD803897-0AF1-6865-317A-1580BE02E250%2526hlv%253D60ca1e6f-ae14-43b4-9598-40890a01000f%2523v_109091888 HTTP/1.1" 200 246
54.36.149.42 - - [16/Feb/2025:00:42:12 +0100] "GET /ticket2/opencms/mo/sport/bilete-la-fotbal/la-liga/leganes HTTP/1.1" 200 100914
54.225.98.148 - - [16/Feb/2025:00:42:13 +0100] "GET /ticket2/opencms/sv/buy/?catid=C0DF818C-DB21-6E2E-4056-DB751FFE0C41&comcatid=A17713B6-D984-201A-4143-ED4DB5ED5C2E HTTP/1.1" 200 102919
202.8.42.232 - - [16/Feb/2025:00:42:13 +0100] "GET /ticket2/opencms/system/modules/com.gridnine.opencms.ticketbrokerage.site/resources/css/standard.css HTTP/1.1" 200 73904
202.8.42.232 - - [16/Feb/2025:00:42:13 +0100] "GET /ticket2/opencms/system/modules/com.gridnine.opencms.ticketbrokerage.site/resources/css/ticketbrokerage.css HTTP/1.1" 200 39339
202.8.42.232 - - [16/Feb/2025:00:42:13 +0100] "GET /ticket2/opencms/system/modules/com.gridnine.opencms.ticketbrokerage.site/resources/css/jquery.fancybox.css HTTP/1.1" 200 4939
202.8.42.232 - - [16/Feb/2025:00:42:13 +0100] "GET /ticket2/opencms/system/modules/com.gridnine.opencms.ticketbrokerage.site/resources/css/jquery-ui.css HTTP/1.1" 200 33221
202.8.42.232 - - [16/Feb/2025:00:42:13 +0100] "GET /ticket2/opencms/system/modules/com.gridnine.opencms.ticketbrokerage.site/resources/css/calendar.css HTTP/1.1" 200 6871
202.8.42.232 - - [16/Feb/2025:00:42:13 +0100] "GET /ticket2/opencms/system/modules/com.gridnine.opencms.ticketbrokerage.site/resources/js/jquery/jquery.js HTTP/1.1" 200 93868
202.8.42.232 - - [16/Feb/2025:00:42:13 +0100] "GET /ticket2/opencms/system/modules/com.gridnine.opencms.ticketbrokerage.site/resources/js/jquery/jquery-ui.js HTTP/1.1" 200 228088
202.8.42.232 - - [16/Feb/2025:00:42:13 +0100] "GET /ticket2/opencms/system/modules/com.gridnine.opencms.ticketbrokerage.site/resources/js/functions.js HTTP/1.1" 200 1583
202.8.42.232 - - [16/Feb/2025:00:42:13 +0100] "GET /ticket2/opencms/system/modules/com.gridnine.opencms.ticketbrokerage.site/resources/js/calendar.js HTTP/1.1" 200 49229
202.8.42.232 - - [16/Feb/2025:00:42:13 +0100] "GET /ticket2/opencms/system/modules/com.gridnine.opencms.ticketbrokerage.site/resources/js/calendar-setup.js HTTP/1.1" 200 4923
202.8.42.232 - - [16/Feb/2025:00:42:13 +0100] "GET /ticket2/opencms/system/modules/com.gridnine.opencms.ticketbrokerage.site/resources/js/calendar-en.js HTTP/1.1" 200 3338
202.8.42.232 - - [16/Feb/2025:00:42:13 +0100] "GET /ticket2/opencms/system/modules/com.gridnine.opencms.ticketbrokerage.site/resources/js/jquery.fancybox.pack.js HTTP/1.1" 200 23187
202.8.42.232 - - [16/Feb/2025:00:42:13 +0100] "GET /ticket2/opencms/system/modules/com.gridnine.opencms.ticketbrokerage.site/resources/js/stickyfill.min.js HTTP/1.1" 200 5672
202.8.42.232 - - [16/Feb/2025:00:42:13 +0100] "GET /ticket2/opencms/system/modules/com.gridnine.opencms.ticketbrokerage.site/resources/js/standard.js HTTP/1.1" 200 3983
202.8.42.232 - - [16/Feb/2025:00:42:14 +0100] "GET /ticket2/opencms/system/modules/com.gridnine.opencms.ticketbrokerage.site/resources/js/jquery.placeholder.min.js HTTP/1.1" 200 1737
202.8.42.232 - - [16/Feb/2025:00:42:14 +0100] "GET /ticket2/opencms/system/modules/com.gridnine.opencms.ticketbrokerage.site/resources/js/common-ajax.js HTTP/1.1" 200 20175
192.95.30.21 - - [16/Feb/2025:00:42:16 +0100] "GET /ticket2/opencms/robots.txt HTTP/1.1" 200 773
3.89.170.186 - - [16/Feb/2025:00:42:16 +0100] "GET /ticket2/opencms/sv/buy/?catid=C48671DB-5AEB-8CE2-928E-38417FFBE085&comcatid=A17713B6-D984-201A-4143-ED4DB5ED5C2E HTTP/1.1" 200 102941
20.171.207.223 - - [16/Feb/2025:00:42:18 +0100] "GET /ticket2/opencms/set_aff_cookie.jsp?partner=692E2C6A-EC6F-1C93-AFCC-C5ACC23A93EA&url=%252Fdk%252Fbuy%252Findex.html%253Fpage%253D1%2526edid%253D3724421D-8712-70E6-408D-D3669BC23C72%2526hlv%253D60f69962-d964-4e68-8e44-644f0a01000f%2523v_219043855 HTTP/1.1" 200 246
192.95.30.21 - - [16/Feb/2025:00:42:20 +0100] "GET /ticket2/opencms/en/login/?edid=B9E742CB-A93D-96CD-9A6E-0E3E2693F981 HTTP/1.1" 200 90084
52.203.237.170 - - [16/Feb/2025:00:42:21 +0100] "GET /ticket2/opencms/sv/buy/?catid=C871EAE3-C584-718A-9795-07CDEF43FA75&comcatid=A17713B6-D984-201A-4143-ED4DB5ED5C2E HTTP/1.1" 200 102894
20.171.207.223 - - [16/Feb/2025:00:42:21 +0100] "GET /ticket2/opencms/set_aff_cookie.jsp?partner=692E2C6A-EC6F-1C93-AFCC-C5ACC23A93EA&url=%252Fdk%252Fbuy%252Findex.html%253Fpage%253D1%2526edid%253DAA8F437D-FB32-9DC7-FD41-122608E61459%2526hlv%253D610bcdaf-1a5c-4f7d-b203-146b0a01000f%2523v_765291624 HTTP/1.1" 200 246
54.36.148.120 - - [16/Feb/2025:00:42:23 +0100] "GET /ticket2/opencms/ro/buy?page=1&edid=A5DC3557-7021-B208-917D-35A78F466827 HTTP/1.1" 200 111958
20.171.207.223 - - [16/Feb/2025:00:42:23 +0100] "GET /ticket2/opencms/set_aff_cookie.jsp?partner=6F250EA7-4505-FA01-D601-8847F2573405&url=%252Fru%252Fbuy%252Findex.html%253Fpage%253D1%2526edid%253DD6A1B130-9B06-3599-EB71-2853514A277E%2526hlv%253D60c9ee8e-ca80-4dfe-9eb0-299e0a01000f%2523v_1932065289 HTTP/1.1" 200 247
3.230.224.6 - - [16/Feb/2025:00:42:24 +0100] "GET /ticket2/opencms/sv/buy/?catid=D08E96E8-A514-9E09-4E22-63713911E0B8&comcatid=A17713B6-D984-201A-4143-ED4DB5ED5C2E HTTP/1.1" 200 102938
20.171.207.223 - - [16/Feb/2025:00:42:25 +0100] "GET /ticket2/opencms/set_aff_cookie.jsp?partner=57601924-FB09-5BB2-867F-08B4EB522BA8&url=%252Ffi%252Fbuy%252Findex.html%253Fpage%253D1%2526edid%253DCA3FABDD-43B5-8DDC-6DAC-2917B68B145E%2526hlv%253D60c9ee7f-7bc0-4607-af7f-298a0a01000f%2523v_1057764972 HTTP/1.1" 200 247
192.95.30.21 - - [16/Feb/2025:00:42:25 +0100] "GET /ticket2/opencms/en/login/?edid=BA9FE2BC-D5C3-0C95-5A35-8594BE85BD7D HTTP/1.1" 200 90122
20.171.207.223 - - [16/Feb/2025:00:42:26 +0100] "GET /ticket2/opencms/set_aff_cookie.jsp?partner=57601924-FB09-5BB2-867F-08B4EB522BA8&url=%252Ffi%252Fbuy%252Findex.html%253Fpage%253D1%2526edid%253D0D33199C-853B-C4DC-F1E2-6CF75BE0B211%2526hlv%253D60c9e769-739c-4c77-bb41-25330a01000f%2523v_1312029572 HTTP/1.1" 200 247
20.171.207.223 - - [16/Feb/2025:00:42:27 +0100] "GET /ticket2/opencms/set_aff_cookie.jsp?partner=57601924-FB09-5BB2-867F-08B4EB522BA8&url=%252Fen%252Fbuy%252Findex.html%253Fpage%253D1%2526edid%253DCD6EABFF-F2F6-FE26-CC78-420DEA1CEE33%2526hlv%253D6145b497-11b0-4539-a393-61fd0a01000f%2523v_1221413830 HTTP/1.1" 200 247
20.171.207.223 - - [16/Feb/2025:00:42:28 +0100] "GET /ticket2/opencms/set_aff_cookie.jsp?partner=692E2C6A-EC6F-1C93-AFCC-C5ACC23A93EA&url=%252Ffi%252Fbuy%252Findex.html%253Fpage%253D1%2526edid%253DD6A1B130-9B06-3599-EB71-2853514A277E%2526hlv%253D60c9ee8e-6a64-4df8-925b-299e0a01000f%2523v_1678113077 HTTP/1.1" 200 247
52.204.71.8 - - [16/Feb/2025:00:42:28 +0100] "GET /ticket2/opencms/sv/buy/?catid=F03B8ADD-988E-AE6A-8DBA-AF502C691C60&comcatid=A17713B6-D984-201A-4143-ED4DB5ED5C2E HTTP/1.1" 200 102954
54.36.148.88 - - [16/Feb/2025:00:42:29 +0100] "GET /ticket2/opencms/lt/buy?page=1&edid=65C03F06-B4E6-0D65-D535-E007A0321D02 HTTP/1.1" 200 112011
192.95.30.21 - - [16/Feb/2025:00:42:29 +0100] "GET /ticket2/opencms/en/login/?edid=BB55F343-180C-1A1B-8A3A-1B93494C6A07 HTTP/1.1" 200 90133
20.171.207.223 - - [16/Feb/2025:00:42:30 +0100] "GET /ticket2/opencms/set_aff_cookie.jsp?partner=2E02071B-A8C3-4CBA-3097-C27D61C02ED8&url=%252Fen%252Fbuy%252Findex.html%253Fpage%253D1%2526edid%253D52E48250-C92A-48C2-45BB-C1536603E8B5%2526hlv%253D611bd379-ed44-4459-891f-57760a01000f%2523v_424607179 HTTP/1.1" 200 246
44.218.170.184 - - [16/Feb/2025:00:42:33 +0100] "GET /ticket2/opencms/sv/buy/?catid=FF8D7FE7-4B09-7305-01C7-2D47F7913EB8&comcatid=A17713B6-D984-201A-4143-ED4DB5ED5C2E HTTP/1.1" 200 102893
192.95.30.21 - - [16/Feb/2025:00:42:33 +0100] "GET /ticket2/opencms/en/login/?edid=BB57F35E-6478-14BB-4275-250EF35D5370 HTTP/1.1" 200 90106
20.171.207.223 - - [16/Feb/2025:00:42:34 +0100] "GET /ticket2/opencms/set_aff_cookie.jsp?partner=57601924-FB09-5BB2-867F-08B4EB522BA8&url=%252Fnl%252Fbuy%252Findex.html%253Fpage%253D1%2526edid%253D3FBB7D7B-D75F-7C1C-78F5-08C145E9FDB1%2526hlv%253D610bce49-dbac-40cd-82a2-16280a01000f%2523v_311654759 HTTP/1.1" 200 246
