195.191.219.131 - - [16/Feb/2025:01:09:38 +0100] "GET /ticket2/opencms/en/login/?edid=96E1C346-5B27-E6ED-B287-765781F576E7 HTTP/1.1" 200 90237
192.95.30.21 - - [16/Feb/2025:01:09:38 +0100] "GET /ticket2/opencms/sv/login/?edid=10C3AE1B-7EC1-3568-BA3C-B22A28F31934 HTTP/1.1" 200 91439
95.91.104.62 - - [16/Feb/2025:01:09:39 +0100] "GET /ticket2/opencms/dk/buy/?page=1&edid=07E994FA-5ABF-79E5-A7D3-0B7E2EE6286D HTTP/1.1" 200 107318
20.171.207.223 - - [16/Feb/2025:01:09:40 +0100] "GET /ticket2/opencms/set_aff_cookie.jsp?partner=5E0CDF29-E7BE-9F6B-6869-7BF66B04006F&url=%252Fdk%252Fbuy%252Findex.html%253Fpage%253D1%2526edid%253DBF3AA6AC-945D-BFDA-58A9-FBECF19591A2%2526hlv%253D6115214d-9094-4a35-9af0-063c0a01000f%2523v_2023895529 HTTP/1.1" 200 247
185.191.171.13 - - [16/Feb/2025:01:09:40 +0100] "GET /ticket2/opencms/uk/magazine/article?title=premier-league-transfer-windows-most-interesting-transfers HTTP/1.1" 200 95871
3.216.13.10 - - [16/Feb/2025:01:09:41 +0100] "GET /ticket2/opencms/be/buy/?edid=47C0370F-9915-7673-E038-7AD65907592C&page=1 HTTP/1.1" 200 136960
20.171.207.223 - - [16/Feb/2025:01:09:41 +0100] "GET /ticket2/opencms/set_aff_cookie.jsp?partner=57601924-FB09-5BB2-867F-08B4EB522BA8&url=%252Ffi%252Fbuy%252Findex.html%253Fpage%253D1%2526edid%253D0C5C9043-4446-42CC-4F8E-C746AC0B1F53%2526hlv%253D60c9eba7-a4f8-414a-9434-280b0a01000f%2523v_729051540 HTTP/1.1" 200 246
195.191.219.131 - - [16/Feb/2025:01:09:41 +0100] "GET /ticket2/opencms/en/sell/?edid=A6EF4FE9-AE81-1F17-8E2D-2A4D92605292 HTTP/1.1" 302 -
192.95.30.21 - - [16/Feb/2025:01:09:42 +0100] "GET /ticket2/opencms/sv/login/?edid=10D9C6ED-4239-939C-EE12-6D152DF1B2D3 HTTP/1.1" 200 91401
20.171.207.223 - - [16/Feb/2025:01:09:42 +0100] "GET /ticket2/opencms/set_aff_cookie.jsp?partner=57601924-FB09-5BB2-867F-08B4EB522BA8&url=%252Fnl%252Fbuy%252Findex.html%253Fpage%253D1%2526edid%253D866FFC50-DF27-5378-DBAB-F17893C3BF22%2526hlv%253D60f815cc-0d6c-4a40-8628-5c9e0a01000f%2523v_907564682 HTTP/1.1" 200 246
75.226.40.62 - - [16/Feb/2025:01:09:43 +0100] "GET /ticket2/opencms/img/shutterstock_1559114345.jpg HTTP/1.1" 200 1583836
95.91.104.62 - - [16/Feb/2025:01:09:44 +0100] "GET /ticket2/opencms/dk/buy/?page=1&edid=1FCCAF41-8F72-B854-6226-730B50636E32 HTTP/1.1" 200 109397
185.191.171.10 - - [16/Feb/2025:01:09:44 +0100] "GET /ticket2/opencms/sv/magazine/article?title=jurgen-klopp-lamnar-liverpool-en-framgangssaga-pa-anfield HTTP/1.1" 200 96093
54.36.148.168 - - [16/Feb/2025:01:09:44 +0100] "GET /ticket2/opencms/lv/magazine/article?title=abdul-fatawu-palaidis-garam-atlikuso-sezonas-dalu HTTP/1.1" 200 94087
20.171.207.223 - - [16/Feb/2025:01:09:45 +0100] "GET /ticket2/opencms/set_aff_cookie.jsp?partner=5E0CDF29-E7BE-9F6B-6869-7BF66B04006F&url=%252Fsv%252Fbuy%252Findex.html%253Fpage%253D1%2526edid%253D15EB8492-E613-A503-0EBC-61EBB18066B8%2526hlv%253D60f81f80-a9f4-4845-99b7-5e5c0a01000f%2523v_1125643063 HTTP/1.1" 200 247
195.191.219.131 - - [16/Feb/2025:01:09:45 +0100] "GET /ticket2/opencms/en/login/?edid=A6EF4FE9-AE81-1F17-8E2D-2A4D92605292 HTTP/1.1" 200 90204
35.173.18.61 - - [16/Feb/2025:01:09:45 +0100] "GET /ticket2/opencms/be/buy/?edid=48F110A0-CF55-13C3-BFB3-A057F2A6E27A&page=1 HTTP/1.1" 200 137717
192.95.30.21 - - [16/Feb/2025:01:09:46 +0100] "GET /ticket2/opencms/sv/login/?edid=1166374B-7E10-06B9-9854-6B1FC2D1568C HTTP/1.1" 200 91447
95.91.104.62 - - [16/Feb/2025:01:09:48 +0100] "GET /ticket2/opencms/dk/buy/?page=1&edid=3FF858CF-7356-7395-9E59-43541CB37D87&sortorder=desc&column=price HTTP/1.1" 200 111521
44.217.177.142 - - [16/Feb/2025:01:09:48 +0100] "GET /ticket2/opencms/be/buy/?edid=49AE40A4-FFEF-9739-399E-88E262ED311F&page=1 HTTP/1.1" 200 111000
195.191.219.131 - - [16/Feb/2025:01:09:48 +0100] "GET /ticket2/opencms/en/sell/?edid=B268A7F3-2740-4C2E-AA62-15694FF51EF3 HTTP/1.1" 302 -
20.171.207.223 - - [16/Feb/2025:01:09:49 +0100] "GET /ticket2/opencms/set_aff_cookie.jsp?partner=2E02071B-A8C3-4CBA-3097-C27D61C02ED8&url=%252Fnl%252Fbuy%252Findex.html%253Fpage%253D1%2526edid%253D590EDDB9-B981-09D2-E0FC-F6E1B491368A%2526hlv%253D60e4cc76-a358-4549-93b5-23050a01000f%2523v_533032230 HTTP/1.1" 200 246
20.171.207.223 - - [16/Feb/2025:01:09:49 +0100] "GET /ticket2/opencms/set_aff_cookie.jsp?partner=6F250EA7-4505-FA01-D601-8847F2573405&url=%252Fru%252Fbuy%252Findex.html%253Fpage%253D1%2526edid%253DCAC8203B-A7CB-D983-BA35-4898C9BB630C%2526hlv%253D61162f82-8454-42b5-99dd-6f8a0a01000f%2523v_487551419 HTTP/1.1" 200 246
192.95.30.21 - - [16/Feb/2025:01:09:50 +0100] "GET /ticket2/opencms/sv/login/?edid=118A3802-D725-F51C-C728-F00DE572E0E3 HTTP/1.1" 200 91440
20.171.207.223 - - [16/Feb/2025:01:09:50 +0100] "GET /ticket2/opencms/set_aff_cookie.jsp?partner=57601924-FB09-5BB2-867F-08B4EB522BA8&url=%252Fen%252Fbuy%252Findex.html%253Fpage%253D1%2526edid%253D32AF2F6F-F4AA-C9F3-8E82-B7B8DB065132%2526hlv%253D611bb8ba-a190-4f2c-99c9-4b1b0a01000f%2523v_1796350738 HTTP/1.1" 200 247
95.91.104.62 - - [16/Feb/2025:01:09:52 +0100] "GET /ticket2/opencms/dk/buy/?page=1&edid=3FF858CF-7356-7395-9E59-43541CB37D87&sortorder=desc&column=row HTTP/1.1" 200 111562
98.83.10.183 - - [16/Feb/2025:01:09:52 +0100] "GET /ticket2/opencms/be/buy/?edid=4A2B37C9-3D90-F2FE-13EA-D5249A2BEA8E&page=1 HTTP/1.1" 200 110945
195.191.219.131 - - [16/Feb/2025:01:09:52 +0100] "GET /ticket2/opencms/en/login/?edid=B268A7F3-2740-4C2E-AA62-15694FF51EF3 HTTP/1.1" 200 90065
66.249.79.34 - - [16/Feb/2025:01:09:53 +0100] "GET /ticket2/opencms/uk/buy/?page=1&edid=2A94D260-B353-E604-8B7A-7304DE73276A HTTP/1.1" 200 114126
40.77.167.144 - - [16/Feb/2025:01:09:53 +0100] "GET /ticket2/opencms/de/buy/?page=1&edid=AD367739-9B97-22E1-AB45-C515C55EA5C1 HTTP/1.1" 200 111587
192.95.30.21 - - [16/Feb/2025:01:09:54 +0100] "GET /ticket2/opencms/sv/login/?edid=118E47BF-C955-525A-E288-4BE392C3F248 HTTP/1.1" 200 91405
20.171.207.223 - - [16/Feb/2025:01:09:55 +0100] "GET /ticket2/opencms/set_aff_cookie.jsp?partner=692E2C6A-EC6F-1C93-AFCC-C5ACC23A93EA&url=%252Fru%252Fbuy%252Findex.html%253Fpage%253D1%2526edid%253D4E106B5B-D146-527B-52D2-7FE76AA90207%2526hlv%253D60f95807-dc98-4013-baff-590b0a01000f%2523v_1011168106 HTTP/1.1" 200 247
54.36.148.163 - - [16/Feb/2025:01:09:56 +0100] "GET /ticket2/opencms/sl/buy?page=1&edid=4EF4CC9A-B0ED-46BC-F297-21E10A9EA6B6 HTTP/1.1" 200 111594
54.36.149.20 - - [16/Feb/2025:01:09:56 +0100] "GET /ticket2/opencms/ga/buy?page=1&edid=6C967880-E08B-3121-25D0-F145A5542A49 HTTP/1.1" 200 127317
195.191.219.131 - - [16/Feb/2025:01:09:56 +0100] "GET /ticket2/opencms/en/sell/?edid=B2DAFF92-E136-C5E2-F0C0-0D21CE1F73E4 HTTP/1.1" 302 -
52.203.152.231 - - [16/Feb/2025:01:09:56 +0100] "GET /ticket2/opencms/be/buy/?edid=52097123-D272-930E-ACDD-5F9218EDFF4D&page=1 HTTP/1.1" 200 110915
20.171.207.223 - - [16/Feb/2025:01:09:57 +0100] "GET /ticket2/opencms/set_aff_cookie.jsp?partner=2E02071B-A8C3-4CBA-3097-C27D61C02ED8&url=%252Fnl%252Fbuy%252Findex.html%253Fpage%253D1%2526edid%253D028282C2-0C5B-764B-9EA9-7BEDB9FB5AF4%2526hlv%253D615c45cd-0ffc-412a-b839-256e0a01000f%2523v_421058398 HTTP/1.1" 200 246
95.91.104.62 - - [16/Feb/2025:01:09:58 +0100] "GET /ticket2/opencms/dk/buy/?page=1&edid=43C8C89A-EBA2-AC5D-8C6D-E2CF3D4F2F4A&sortorder=desc&column=price HTTP/1.1" 200 111908
192.95.30.21 - - [16/Feb/2025:01:09:58 +0100] "GET /ticket2/opencms/sv/login/?edid=11EFBC55-130A-2310-B776-C5D86878BDAB HTTP/1.1" 200 91499
20.171.207.223 - - [16/Feb/2025:01:09:58 +0100] "GET /ticket2/opencms/set_aff_cookie.jsp?partner=57601924-FB09-5BB2-867F-08B4EB522BA8&url=%252Fsv%252Fbuy%252Findex.html%253Fpage%253D1%2526edid%253D782DA820-81A9-DE17-547C-521616A84CAF%2526hlv%253D615c45f1-db2c-49a2-920a-256e0a01000f%2523v_1561284084 HTTP/1.1" 200 247
85.208.96.193 - - [16/Feb/2025:01:09:59 +0100] "GET /ticket2/opencms/sq/magazine/article?title=chelsea-fc-dhe-lufta-e-tyre-per-stabilitet HTTP/1.1" 200 95343
195.191.219.131 - - [16/Feb/2025:01:10:00 +0100] "GET /ticket2/opencms/en/login/?edid=B2DAFF92-E136-C5E2-F0C0-0D21CE1F73E4 HTTP/1.1" 200 90113
3.208.156.9 - - [16/Feb/2025:01:10:00 +0100] "GET /ticket2/opencms/be/buy/?edid=552202FE-6CC9-18FE-8F33-9429723BB7EB&page=1 HTTP/1.1" 200 122098
54.36.148.201 - - [16/Feb/2025:01:10:01 +0100] "GET /ticket2/opencms/bg/about/contact HTTP/1.1" 200 87246
52.167.144.203 - - [16/Feb/2025:01:10:01 +0100] "GET /ticket2/opencms/it/buy/?page=1&edid=09FE5788-4688-927B-6E7E-78103CC2E4DA HTTP/1.1" 200 90170
192.95.30.21 - - [16/Feb/2025:01:10:02 +0100] "GET /ticket2/opencms/sv/login/?edid=12DB6E27-9631-1950-2D26-8A0266A8AC10 HTTP/1.1" 200 91469
20.171.207.223 - - [16/Feb/2025:01:10:03 +0100] "GET /ticket2/opencms/set_aff_cookie.jsp?partner=2E02071B-A8C3-4CBA-3097-C27D61C02ED8&url=%252Fdk%252Fbuy%252Findex.html%253Fpage%253D1%2526edid%253D89FE7505-90F7-E10A-4E29-615C9B572E94%2526hlv%253D60c9f1ab-6630-487f-8a11-29350a01000f%2523v_338855590 HTTP/1.1" 200 246
195.191.219.131 - - [16/Feb/2025:01:10:03 +0100] "GET /ticket2/opencms/en/sell/?edid=B4AC4F8E-B457-6CFB-D422-57B9B6443109 HTTP/1.1" 302 -
20.171.207.223 - - [16/Feb/2025:01:10:04 +0100] "GET /ticket2/opencms/set_aff_cookie.jsp?partner=6F250EA7-4505-FA01-D601-8847F2573405&url=%252Fsv%252Fbuy%252Findex.html%253Fpage%253D1%2526edid%253D9AD4B11B-4601-F5E9-C96F-7BECC055632D%2526hlv%253D61475a3f-ca14-465c-baf8-0a800a01000f%2523v_1887226132 HTTP/1.1" 200 247
23.22.105.143 - - [16/Feb/2025:01:10:04 +0100] "GET /ticket2/opencms/be/buy/?edid=58BBF638-5A76-A8D6-7263-FAE40850FA7F&page=1 HTTP/1.1" 200 120400
20.171.207.223 - - [16/Feb/2025:01:10:05 +0100] "GET /ticket2/opencms/set_aff_cookie.jsp?partner=8F6DE15D-D831-5787-AE7E-FEFF53476F85&url=%252Fdk%252Fbuy%252Findex.html%253Fpage%253D1%2526edid%253D89FE7505-90F7-E10A-4E29-615C9B572E94%2526hlv%253D60d0daea-6b7c-46f9-8a0c-3e2d0a01000f%2523v_189205876 HTTP/1.1" 200 246
95.91.104.62 - - [16/Feb/2025:01:10:06 +0100] "GET /ticket2/opencms/dk/buy/?page=1&edid=44FFBFC9-1B8A-5A9D-1686-BF1700915FD9&sortorder=asc&column=row HTTP/1.1" 200 111341
192.95.30.21 - - [16/Feb/2025:01:10:06 +0100] "GET /ticket2/opencms/sv/login/?edid=12FE9A0A-4E2D-5275-1076-E343F4E21442 HTTP/1.1" 200 91453
40.77.167.59 - - [16/Feb/2025:01:10:07 +0100] "GET /ticket2/opencms/fi/buy/?page=6&comcatid=A17713B6-D984-201A-4143-ED4DB5ED5C2E&catid=061607E6-22B7-6FFA-03FD-A4B8B13A943F HTTP/1.1" 200 103879
195.191.219.131 - - [16/Feb/2025:01:10:08 +0100] "GET /ticket2/opencms/en/login/?edid=B4AC4F8E-B457-6CFB-D422-57B9B6443109 HTTP/1.1" 200 90013
20.171.207.223 - - [16/Feb/2025:01:10:08 +0100] "GET /ticket2/opencms/set_aff_cookie.jsp?partner=692E2C6A-EC6F-1C93-AFCC-C5ACC23A93EA&url=%252Fno%252Fbuy%252Findex.html%253Fpage%253D1%2526edid%253DB12EFA8D-4EC4-DDCD-8B91-E676E87E71DF%2526hlv%253D60f957c0-7000-4907-94fb-58a00a01000f%2523v_1750914126 HTTP/1.1" 200 247
52.204.253.129 - - [16/Feb/2025:01:10:08 +0100] "GET /ticket2/opencms/be/buy/?edid=5CEA98CB-80E1-9ACA-6E51-8C7E3E9275D3&page=1 HTTP/1.1" 200 123717
95.91.104.62 - - [16/Feb/2025:01:10:10 +0100] "GET /ticket2/opencms/dk/buy/?page=1&edid=45834EE8-C219-D703-E9BA-9F2A8B0B5D86 HTTP/1.1" 200 110388
192.95.30.21 - - [16/Feb/2025:01:10:10 +0100] "GET /ticket2/opencms/sv/login/?edid=1851EA6A-7866-6C52-4263-96E93DBF3701 HTTP/1.1" 200 91511
20.171.207.223 - - [16/Feb/2025:01:10:11 +0100] "GET /ticket2/opencms/set_aff_cookie.jsp?partner=692E2C6A-EC6F-1C93-AFCC-C5ACC23A93EA&url=%252Fsv%252Fbuy%252Findex.html%253Fpage%253D1%2526edid%253D8639D4E1-C0DC-DB58-D9B0-F439F1BE39EE%2526hlv%253D60f84462-060c-4792-b4ad-6c480a01000f%2523v_444699121 HTTP/1.1" 200 246
195.191.219.131 - - [16/Feb/2025:01:10:11 +0100] "GET /ticket2/opencms/en/sell/?edid=B6C24EA9-94D9-736B-1874-C20B987B17F6 HTTP/1.1" 302 -
173.252.87.116 - - [16/Feb/2025:01:10:12 +0100] "GET /ticket2/opencms/en/archive/ HTTP/1.1" 200 85412
40.77.167.144 - - [16/Feb/2025:01:10:12 +0100] "GET /ticket2/opencms/hu/buy?page=1&edid=CE09E9D6-3CEE-5013-57C1-817C68FF8DA4&sortorder=desc&column=row HTTP/1.1" 200 108991
20.171.207.223 - - [16/Feb/2025:01:10:12 +0100] "GET /ticket2/opencms/set_aff_cookie.jsp?partner=6F250EA7-4505-FA01-D601-8847F2573405&url=%252Fru%252Fbuy%252Findex.html%253Fpage%253D1%2526edid%253DF2FE555C-AC27-5AA8-8120-C9C64D18709B%2526hlv%253D6145cd0d-d720-4caf-a136-69820a01000f%2523v_1298398106 HTTP/1.1" 200 247
3.229.95.193 - - [16/Feb/2025:01:10:13 +0100] "GET /ticket2/opencms/be/buy/?edid=5EDAD7EF-4482-E566-628C-36CFA67969B0&page=1 HTTP/1.1" 200 117179
20.171.207.223 - - [16/Feb/2025:01:10:14 +0100] "GET /ticket2/opencms/set_aff_cookie.jsp?partner=8F6DE15D-D831-5787-AE7E-FEFF53476F85&url=%252Fdk%252Fbuy%252Findex.html%253Fpage%253D1%2526edid%253D938ECB82-2408-02B3-A5B3-53D3737EA4C9%2526hlv%253D60f844b0-87d0-4e59-8183-6e190a01000f%2523v_938378545 HTTP/1.1" 200 246
192.95.30.21 - - [16/Feb/2025:01:10:14 +0100] "GET /ticket2/opencms/sv/login/?edid=1B758EC3-A0AE-5D81-985E-920903B76379 HTTP/1.1" 200 91545
95.91.104.62 - - [16/Feb/2025:01:10:14 +0100] "GET /ticket2/opencms/dk/buy/?page=1&edid=4EA30F19-4F1F-CA94-8E6B-6CAB4FA17C32&sortorder=asc&column=section HTTP/1.1" 200 110771
54.36.148.240 - - [16/Feb/2025:01:10:14 +0100] "GET /ticket2/opencms/mo/buy?page=1&edid=4EF4CC9A-B0ED-46BC-F297-21E10A9EA6B6 HTTP/1.1" 200 111919
195.191.219.131 - - [16/Feb/2025:01:10:15 +0100] "GET /ticket2/opencms/en/login/?edid=B6C24EA9-94D9-736B-1874-C20B987B17F6 HTTP/1.1" 200 90186
23.21.179.27 - - [16/Feb/2025:01:10:16 +0100] "GET /ticket2/opencms/be/buy/?edid=60F178DE-34D0-F541-48CD-E75B1D1E51B1&page=1 HTTP/1.1" 200 110866
166.108.206.95 - - [16/Feb/2025:01:10:17 +0100] "GET /ticket2/opencms/az/buy?page=1&edid=650A0D78-456F-EC5A-28FD-BB522C4AB0A0 HTTP/1.1" 200 111415
95.91.104.62 - - [16/Feb/2025:01:10:18 +0100] "GET /ticket2/opencms/dk/buy/?page=1&edid=50EEEE9D-1067-0876-D2D4-455F95B84A02&sortorder=asc&column=price HTTP/1.1" 200 110225
20.171.207.223 - - [16/Feb/2025:01:10:18 +0100] "GET /ticket2/opencms/set_aff_cookie.jsp?partner=57601924-FB09-5BB2-867F-08B4EB522BA8&url=%252Ffi%252Fbuy%252Findex.html%253Fpage%253D1%2526edid%253D47765F02-5EE4-F2A0-55C6-9B445E387E6A%2526hlv%253D61162ffd-6650-4a2e-91cd-6f390a01000f%2523v_809460388 HTTP/1.1" 200 246
192.95.30.21 - - [16/Feb/2025:01:10:18 +0100] "GET /ticket2/opencms/sv/login/?edid=1C109B19-215B-025B-D9B8-6D4E44843BBC HTTP/1.1" 200 91495
195.191.219.131 - - [16/Feb/2025:01:10:19 +0100] "GET /ticket2/opencms/en/sell/?edid=B762BDA4-1E96-1980-2A63-9064BB71B032 HTTP/1.1" 302 -
3.214.176.44 - - [16/Feb/2025:01:10:20 +0100] "GET /ticket2/opencms/be/buy/?edid=650A0D78-456F-EC5A-28FD-BB522C4AB0A0&page=1 HTTP/1.1" 200 113442
20.171.207.223 - - [16/Feb/2025:01:10:20 +0100] "GET /ticket2/opencms/set_aff_cookie.jsp?partner=6F250EA7-4505-FA01-D601-8847F2573405&url=%252Fno%252Fbuy%252Findex.html%253Fpage%253D1%2526edid%253D1922F4C1-0D89-1ACA-A50D-EFC3C58AA17B%2526hlv%253D60f5c537-acf4-4aa5-8071-1de00a01000f%2523v_230155868 HTTP/1.1" 200 246
173.252.69.113 - - [16/Feb/2025:01:10:21 +0100] "GET /ticket2/opencms/en/buy?page=1&edid=81ED6DDC-8A95-C021-CA9A-A72788EB9E3B HTTP/1.1" 200 110215
185.191.171.10 - - [16/Feb/2025:01:10:21 +0100] "GET /ticket2/opencms/sl/magazine/ HTTP/1.1" 200 152276
54.36.149.32 - - [16/Feb/2025:01:10:22 +0100] "GET /ticket2/opencms/ro/buy?page=1&edid=CE14821B-D021-D288-1C4B-D1BD4F4FA42F HTTP/1.1" 200 111783
95.91.104.62 - - [16/Feb/2025:01:10:22 +0100] "GET /ticket2/opencms/dk/buy/?page=1&edid=5EE257CD-6CFD-C3AA-E97B-8BF12044F3A7&sortorder=desc&column=price HTTP/1.1" 200 110870
192.95.30.21 - - [16/Feb/2025:01:10:22 +0100] "GET /ticket2/opencms/sv/login/?edid=1C478580-39F3-86DC-8E36-CAB56950620B HTTP/1.1" 200 91525
195.191.219.131 - - [16/Feb/2025:01:10:22 +0100] "GET /ticket2/opencms/en/login/?edid=B762BDA4-1E96-1980-2A63-9064BB71B032 HTTP/1.1" 200 90102
202.8.40.39 - - [16/Feb/2025:01:10:23 +0100] "GET /ticket2/opencms/system/modules/com.gridnine.opencms.ticketbrokerage.site/resources/css/calendar.css HTTP/1.1" 200 6871
202.8.40.39 - - [16/Feb/2025:01:10:23 +0100] "GET /ticket2/opencms/system/modules/com.gridnine.opencms.ticketbrokerage.site/resources/css/ticketbrokerage.css HTTP/1.1" 200 39339
202.8.40.39 - - [16/Feb/2025:01:10:23 +0100] "GET /ticket2/opencms/system/modules/com.gridnine.opencms.ticketbrokerage.site/resources/css/jquery-ui.css HTTP/1.1" 200 33221
202.8.40.39 - - [16/Feb/2025:01:10:23 +0100] "GET /ticket2/opencms/system/modules/com.gridnine.opencms.ticketbrokerage.site/resources/css/standard.css HTTP/1.1" 200 73904
202.8.40.39 - - [16/Feb/2025:01:10:23 +0100] "GET /ticket2/opencms/system/modules/com.gridnine.opencms.ticketbrokerage.site/resources/css/jquery.fancybox.css HTTP/1.1" 200 4939
202.8.40.39 - - [16/Feb/2025:01:10:23 +0100] "GET /ticket2/opencms/system/modules/com.gridnine.opencms.ticketbrokerage.site/resources/js/jquery/jquery.js HTTP/1.1" 200 93868
202.8.40.39 - - [16/Feb/2025:01:10:23 +0100] "GET /ticket2/opencms/system/modules/com.gridnine.opencms.ticketbrokerage.site/resources/js/jquery/jquery-ui.js HTTP/1.1" 200 228088
202.8.40.39 - - [16/Feb/2025:01:10:23 +0100] "GET /ticket2/opencms/system/modules/com.gridnine.opencms.ticketbrokerage.site/resources/js/functions.js HTTP/1.1" 200 1583
202.8.40.39 - - [16/Feb/2025:01:10:23 +0100] "GET /ticket2/opencms/system/modules/com.gridnine.opencms.ticketbrokerage.site/resources/js/calendar.js HTTP/1.1" 200 49229
202.8.40.39 - - [16/Feb/2025:01:10:23 +0100] "GET /ticket2/opencms/system/modules/com.gridnine.opencms.ticketbrokerage.site/resources/js/calendar-en.js HTTP/1.1" 200 3338
202.8.40.39 - - [16/Feb/2025:01:10:23 +0100] "GET /ticket2/opencms/system/modules/com.gridnine.opencms.ticketbrokerage.site/resources/js/calendar-setup.js HTTP/1.1" 200 4923
202.8.40.39 - - [16/Feb/2025:01:10:23 +0100] "GET /ticket2/opencms/system/modules/com.gridnine.opencms.ticketbrokerage.site/resources/js/jquery.fancybox.pack.js HTTP/1.1" 200 23187
202.8.40.39 - - [16/Feb/2025:01:10:23 +0100] "GET /ticket2/opencms/system/modules/com.gridnine.opencms.ticketbrokerage.site/resources/js/stickyfill.min.js HTTP/1.1" 200 5672
202.8.40.39 - - [16/Feb/2025:01:10:23 +0100] "GET /ticket2/opencms/system/modules/com.gridnine.opencms.ticketbrokerage.site/resources/js/standard.js HTTP/1.1" 200 3983
202.8.40.39 - - [16/Feb/2025:01:10:23 +0100] "GET /ticket2/opencms/system/modules/com.gridnine.opencms.ticketbrokerage.site/resources/js/jquery.placeholder.min.js HTTP/1.1" 200 1737
202.8.40.39 - - [16/Feb/2025:01:10:23 +0100] "GET /ticket2/opencms/system/modules/com.gridnine.opencms.ticketbrokerage.site/resources/js/common-ajax.js HTTP/1.1" 200 20175
202.8.40.39 - - [16/Feb/2025:01:10:23 +0100] "GET /ticket2/opencms/ro/ask-form.html HTTP/1.1" 200 3156
202.8.40.39 - - [16/Feb/2025:01:10:23 +0100] "GET /ticket2/opencms/system/modules/com.gridnine.opencms.ticketbrokerage.site/resources/css/ticketbrokerage.css HTTP/1.1" 200 39339
3.93.98.99 - - [16/Feb/2025:01:10:24 +0100] "GET /ticket2/opencms/be/buy/?edid=6713F743-CFE1-C987-288D-AC8AB79C37B8&page=1 HTTP/1.1" 200 120840
95.91.104.62 - - [16/Feb/2025:01:10:25 +0100] "GET /ticket2/opencms/dk/buy/?page=1&edid=5EE257CD-6CFD-C3AA-E97B-8BF12044F3A7&sortorder=desc&column=row HTTP/1.1" 200 110796
192.95.30.21 - - [16/Feb/2025:01:10:26 +0100] "GET /ticket2/opencms/sv/login/?edid=1C663B38-AAE8-15E5-78AB-F7247D2C67D4 HTTP/1.1" 200 91390
20.171.207.223 - - [16/Feb/2025:01:10:27 +0100] "GET /ticket2/opencms/set_aff_cookie.jsp?partner=57601924-FB09-5BB2-867F-08B4EB522BA8&url=%252Fru%252Fbuy%252Findex.html%253Fpage%253D1%2526edid%253DC2EAC35C-806F-010C-DE25-D13971AC8E7C%2526hlv%253D60c9e010-4d30-4930-9674-22830a01000f%2523v_1009625640 HTTP/1.1" 200 247
20.171.207.223 - - [16/Feb/2025:01:10:27 +0100] "GET /ticket2/opencms/set_aff_cookie.jsp?partner=692E2C6A-EC6F-1C93-AFCC-C5ACC23A93EA&url=%252Fdk%252Fbuy%252Findex.html%253Fpage%253D1%2526edid%253DCA3FABDD-43B5-8DDC-6DAC-2917B68B145E%2526hlv%253D60c9ee7f-3bc0-4702-bbdc-298a0a01000f%2523v_733001119 HTTP/1.1" 200 246
20.171.207.223 - - [16/Feb/2025:01:10:28 +0100] "GET /ticket2/opencms/set_aff_cookie.jsp?partner=692E2C6A-EC6F-1C93-AFCC-C5ACC23A93EA&url=%252Fnl%252Fbuy%252Findex.html%253Fpage%253D1%2526edid%253DBF3AA6AC-945D-BFDA-58A9-FBECF19591A2%2526hlv%253D6115214d-a348-4750-9117-063c0a01000f%2523v_573929738 HTTP/1.1" 200 246
54.235.125.129 - - [16/Feb/2025:01:10:29 +0100] "GET /ticket2/opencms/be/buy/?edid=697BE447-74B7-A748-152F-A1818DA4BEC9&page=1 HTTP/1.1" 200 137587
95.91.104.62 - - [16/Feb/2025:01:10:29 +0100] "GET /ticket2/opencms/dk/buy/?page=1&edid=5FE5E603-3E0B-A7DE-AC88-0C08078B3810&sortorder=desc&column=price HTTP/1.1" 200 111566
192.95.30.21 - - [16/Feb/2025:01:10:30 +0100] "GET /ticket2/opencms/sv/login/?edid=1C6DA568-ABB1-19DD-6002-053E60181C9F HTTP/1.1" 200 91471
54.36.148.198 - - [16/Feb/2025:01:10:30 +0100] "GET /ticket2/opencms/sv/buy?page=1&edid=4EF4CC9A-B0ED-46BC-F297-21E10A9EA6B6 HTTP/1.1" 200 111218
195.191.219.131 - - [16/Feb/2025:01:10:31 +0100] "GET /ticket2/opencms/en/sell/?edid=C09170B2-039D-79C4-A33F-9C0DE73981AE HTTP/1.1" 302 -
20.171.207.223 - - [16/Feb/2025:01:10:31 +0100] "GET /ticket2/opencms/set_aff_cookie.jsp?partner=5E0CDF29-E7BE-9F6B-6869-7BF66B04006F&url=%252Fsv%252Fbuy%252Findex.html%253Fpage%253D1%2526edid%253DCF3BDDE8-6C6B-F85B-528C-11C48A316B2B%2526hlv%253D614ed4d5-bbf0-443f-b749-7ae80a01000f%2523v_1946047903 HTTP/1.1" 200 247
54.36.149.50 - - [16/Feb/2025:01:10:31 +0100] "GET /ticket2/opencms/bs/buy?page=1&edid=8EE24D2F-4BF0-A103-6944-36103BCA6278 HTTP/1.1" 200 122266
114.119.150.86 - - [16/Feb/2025:01:10:32 +0100] "GET /ticket2/opencms/lv/buy?page=1&edid=BE3873A7-BEF9-BB12-98AD-D5F56594BB8B HTTP/1.1" 200 108601
52.200.58.199 - - [16/Feb/2025:01:10:33 +0100] "GET /ticket2/opencms/be/buy/?edid=6C1ED87B-DDA5-3BB2-3EDA-87860E37D5E0&page=1 HTTP/1.1" 200 120360
95.91.104.62 - - [16/Feb/2025:01:10:33 +0100] "GET /ticket2/opencms/dk/buy/?page=1&edid=5FE5E603-3E0B-A7DE-AC88-0C08078B3810&sortorder=desc&column=row HTTP/1.1" 200 111528
20.171.207.223 - - [16/Feb/2025:01:10:33 +0100] "GET /ticket2/opencms/set_aff_cookie.jsp?partner=5E0CDF29-E7BE-9F6B-6869-7BF66B04006F&url=%252Ffi%252Fbuy%252Findex.html%253Fpage%253D1%2526edid%253D2DC06F61-5D5D-7D55-527B-266122082029%2526hlv%253D60f5c54d-2298-43a5-9188-1e9c0a01000f%2523v_1600089907 HTTP/1.1" 200 247
192.95.30.21 - - [16/Feb/2025:01:10:34 +0100] "GET /ticket2/opencms/sv/login/?edid=1C8D471F-21ED-D5C9-7736-BE6D50F9BA85 HTTP/1.1" 200 91389
20.171.207.223 - - [16/Feb/2025:01:10:34 +0100] "GET /ticket2/opencms/set_aff_cookie.jsp?partner=5E0CDF29-E7BE-9F6B-6869-7BF66B04006F&url=%252Fen%252Fbuy%252Findex.html%253Fpage%253D1%2526edid%253D7EF10304-98E0-2B58-2938-76F08ACE3694%2526hlv%253D60f81cd6-a00c-478f-a6a6-5dfa0a01000f%2523v_1820872249 HTTP/1.1" 200 247
195.191.219.131 - - [16/Feb/2025:01:10:34 +0100] "GET /ticket2/opencms/en/login/?edid=C09170B2-039D-79C4-A33F-9C0DE73981AE HTTP/1.1" 200 90076
20.171.207.223 - - [16/Feb/2025:01:10:35 +0100] "GET /ticket2/opencms/set_aff_cookie.jsp?partner=8F6DE15D-D831-5787-AE7E-FEFF53476F85&url=%252Fnl%252Fbuy%252Findex.html%253Fpage%253D1%2526edid%253D5A67179D-C7BD-4086-88F3-90FE704053E2%2526hlv%253D6145b748-36f8-4aa0-8904-62eb0a01000f%2523v_1503829768 HTTP/1.1" 200 247
54.243.63.52 - - [16/Feb/2025:01:10:36 +0100] "GET /ticket2/opencms/be/buy/?edid=6DC3E8B1-EB9E-3B74-1E36-CDC7B60DF336&page=1 HTTP/1.1" 200 110876
95.91.104.62 - - [16/Feb/2025:01:10:37 +0100] "GET /ticket2/opencms/dk/buy/?page=1&edid=60633A18-9CD3-C032-B645-6186B807E89A&sortorder=desc&column=row HTTP/1.1" 200 111526
20.171.207.223 - - [16/Feb/2025:01:10:38 +0100] "GET /ticket2/opencms/set_aff_cookie.jsp?partner=5E0CDF29-E7BE-9F6B-6869-7BF66B04006F&url=%252Fen%252Fbuy%252Findex.html%253Fpage%253D1%2526edid%253DFD59DED4-6E14-E085-382D-C3619CCA9FA8%2526hlv%253D611519b5-e184-46cd-86ea-7eaa0a01000f%2523v_1874437807 HTTP/1.1" 200 247
195.191.219.131 - - [16/Feb/2025:01:10:38 +0100] "GET /ticket2/opencms/en/sell/?edid=C45F87A6-C29F-739D-FA64-C14A4CE73BC7 HTTP/1.1" 302 -
192.95.30.21 - - [16/Feb/2025:01:10:38 +0100] "GET /ticket2/opencms/sv/login/?edid=2342A962-CD9D-E804-5B79-A5F34D32403B HTTP/1.1" 200 91495
54.36.149.21 - - [16/Feb/2025:01:10:40 +0100] "GET /ticket2/opencms/mo/buy?page=1&edid=1E92A8C8-B0AD-5FE7-B7EF-0C8AA0F43370 HTTP/1.1" 200 90361
95.91.104.62 - - [16/Feb/2025:01:10:41 +0100] "GET /ticket2/opencms/dk/buy/?page=1&edid=650FDD1F-5A1C-AEA4-D5C4-D336D1D7E3C6 HTTP/1.1" 200 109958
66.249.79.33 - - [16/Feb/2025:01:10:41 +0100] "GET /ticket2/opencms/pl/faq HTTP/1.1" 200 90216
20.171.207.223 - - [16/Feb/2025:01:10:41 +0100] "GET /ticket2/opencms/set_aff_cookie.jsp?partner=8F6DE15D-D831-5787-AE7E-FEFF53476F85&url=%252Fru%252Fbuy%252Findex.html%253Fpage%253D1%2526edid%253D5A67179D-C7BD-4086-88F3-90FE704053E2%2526hlv%253D6145c00f-51d4-468b-ae51-659e0a01000f%2523v_1236134702 HTTP/1.1" 200 247
66.249.76.170 - - [16/Feb/2025:01:10:41 +0100] "GET /ticket2/opencms/sv/buy/?comcatid=A17713B6-D984-201A-4143-ED4DB5ED5C2E&catid=70B37487-FE30-D476-CAE7-E6AFEA3153F2 HTTP/1.1" 200 102898
66.249.79.33 - - [16/Feb/2025:01:10:42 +0100] "GET /ticket2/opencms/mk/buy?page=1&edid=8B5AEECC-CDCE-98FB-62B8-1001F45C2045 HTTP/1.1" 404 -
34.234.200.207 - - [16/Feb/2025:01:10:42 +0100] "GET /ticket2/opencms/be/buy/?edid=750C6040-29F7-425D-A24F-51B977F415A3&page=1 HTTP/1.1" 200 138565
195.191.219.131 - - [16/Feb/2025:01:10:42 +0100] "GET /ticket2/opencms/en/login/?edid=C45F87A6-C29F-739D-FA64-C14A4CE73BC7 HTTP/1.1" 200 90151
192.95.30.21 - - [16/Feb/2025:01:10:42 +0100] "GET /ticket2/opencms/sv/login/?edid=238B7849-3F69-4F74-DAE2-878F69503982 HTTP/1.1" 200 91454
185.191.171.18 - - [16/Feb/2025:01:10:43 +0100] "GET /ticket2/opencms/el/athlitismos/eisitiria-podosfairou/champions-league/liverpool/ HTTP/1.1" 200 98685
20.171.207.223 - - [16/Feb/2025:01:10:43 +0100] "GET /ticket2/opencms/set_aff_cookie.jsp?partner=2E02071B-A8C3-4CBA-3097-C27D61C02ED8&url=%252Fsv%252Fbuy%252Findex.html%253Fpage%253D1%2526edid%253DFEE1A9C3-6DCD-56AA-743E-6C9021DC9161%2526hlv%253D610bcd59-e85c-475f-bdc3-15e00a01000f%2523v_1266331990 HTTP/1.1" 200 247
185.191.171.12 - - [16/Feb/2025:01:10:44 +0100] "GET /ticket2/opencms/sv/sport/fotbollsbiljetter/uefa-champions-league/valencia/ HTTP/1.1" 200 88597
95.91.104.62 - - [16/Feb/2025:01:10:44 +0100] "GET /ticket2/opencms/dk/buy/?page=1&edid=6A88913D-7B48-99C2-5EDE-808910AB282E&sortorder=asc&column=section HTTP/1.1" 200 110754
52.200.58.199 - - [16/Feb/2025:01:10:45 +0100] "GET /ticket2/opencms/be/buy/?edid=7A0F0D40-9DB7-378F-AD47-13D628B3BD24&page=1 HTTP/1.1" 200 110907
66.249.79.5 - - [16/Feb/2025:01:10:45 +0100] "GET /ticket2/opencms/de/buy/?page=1&edid=F7607B70-C7D1-859A-AF1D-90ACBF6F99CC HTTP/1.1" 200 117391
52.167.144.161 - - [16/Feb/2025:01:10:45 +0100] "GET /ticket2/opencms/bg/buy?page=1&edid=CC748805-AA77-5D07-7352-96CD97D4F5AC HTTP/1.1" 200 139634
195.191.219.131 - - [16/Feb/2025:01:10:46 +0100] "GET /ticket2/opencms/en/sell/?edid=CEF56D0C-4B94-D435-302E-2275000FA9AD HTTP/1.1" 302 -
66.220.149.8 - - [16/Feb/2025:01:10:46 +0100] "GET /ticket2/opencms/en/buy/?page=1&edid=2A51ECF8-5DB5-F349-CC30-BF574AC78AE1 HTTP/1.1" 200 88659
192.95.30.21 - - [16/Feb/2025:01:10:46 +0100] "GET /ticket2/opencms/sv/login/?edid=25666712-CB7E-CDDD-4626-F1CD96C38316 HTTP/1.1" 200 91504
85.208.96.201 - - [16/Feb/2025:01:10:47 +0100] "GET /ticket2/opencms/mt/sport/biljetti-tal-futbol/premier-league/crystal_palace/ HTTP/1.1" 200 100562
52.167.144.204 - - [16/Feb/2025:01:10:47 +0100] "GET /ticket2/opencms/sv/magazine/article?title=tottenham-burnley-2024-05-11 HTTP/1.1" 200 91395
20.171.207.223 - - [16/Feb/2025:01:10:48 +0100] "GET /ticket2/opencms/set_aff_cookie.jsp?partner=57601924-FB09-5BB2-867F-08B4EB522BA8&url=%252Fno%252Fbuy%252Findex.html%253Fpage%253D1%2526edid%253DE59A37DC-C4D5-8789-4A59-E1C7D847EADE%2526hlv%253D60c9e737-9d54-498f-910d-23650a01000f%2523v_916087445 HTTP/1.1" 200 246
95.91.104.62 - - [16/Feb/2025:01:10:48 +0100] "GET /ticket2/opencms/dk/buy/?page=1&edid=6A88913D-7B48-99C2-5EDE-808910AB282E&sortorder=desc&column=section HTTP/1.1" 200 110856
54.84.93.8 - - [16/Feb/2025:01:10:48 +0100] "GET /ticket2/opencms/be/buy/?edid=7B357C96-D15A-7330-3CD7-9115EBD86CB2&page=1 HTTP/1.1" 200 136556
195.191.219.131 - - [16/Feb/2025:01:10:49 +0100] "GET /ticket2/opencms/en/login/?edid=CEF56D0C-4B94-D435-302E-2275000FA9AD HTTP/1.1" 200 90085
192.95.30.21 - - [16/Feb/2025:01:10:50 +0100] "GET /ticket2/opencms/sv/login/?edid=266863E9-0D4A-8983-3D6E-89AEC4F0BA41 HTTP/1.1" 200 91466
20.171.207.223 - - [16/Feb/2025:01:10:50 +0100] "GET /ticket2/opencms/set_aff_cookie.jsp?partner=5E0CDF29-E7BE-9F6B-6869-7BF66B04006F&url=%252Fdk%252Fbuy%252Findex.html%253Fpage%253D1%2526edid%253DAEE686B1-0F06-BE3A-CE07-98C2BAFB7F71%2526hlv%253D611515d7-1264-4fd1-9d7a-7cee0a01000f%2523v_589508875 HTTP/1.1" 200 246
20.171.207.223 - - [16/Feb/2025:01:10:51 +0100] "GET /ticket2/opencms/set_aff_cookie.jsp?partner=692E2C6A-EC6F-1C93-AFCC-C5ACC23A93EA&url=%252Fen%252Fbuy%252Findex.html%253Fpage%253D1%2526edid%253DC150F8B4-EF11-302C-3E37-D5F5D113309B%2526hlv%253D61151847-8714-4165-9394-7f060a01000f%2523v_1034030197 HTTP/1.1" 200 247
95.91.104.62 - - [16/Feb/2025:01:10:52 +0100] "GET /ticket2/opencms/dk/buy/?page=1&edid=6E42A0C3-CDBA-EB4A-37FF-39D5E8CC32AF&sortorder=desc&column=row HTTP/1.1" 200 111134
3.223.181.32 - - [16/Feb/2025:01:10:52 +0100] "GET /ticket2/opencms/be/buy/?edid=7B7E167E-93EF-43D8-C91C-9CC46677C829&page=1 HTTP/1.1" 200 114275
195.191.219.131 - - [16/Feb/2025:01:10:53 +0100] "GET /ticket2/opencms/en/sell/?edid=FC7C15A4-04FF-B871-AC9F-BAD355747F99 HTTP/1.1" 302 -
20.171.207.223 - - [16/Feb/2025:01:10:54 +0100] "GET /ticket2/opencms/set_aff_cookie.jsp?partner=692E2C6A-EC6F-1C93-AFCC-C5ACC23A93EA&url=%252Fsv%252Fbuy%252Findex.html%253Fpage%253D1%2526edid%253D497CFADB-43B9-65B9-4674-F7F3D004A91F%2526hlv%253D614756e4-b480-488a-8dc5-0b330a01000f%2523v_1275023155 HTTP/1.1" 200 247
54.36.148.124 - - [16/Feb/2025:01:10:54 +0100] "GET /ticket2/opencms/sv/buy?page=1&edid=D04A2A75-C354-C952-6F83-6468E82B896B HTTP/1.1" 200 110315
192.95.30.21 - - [16/Feb/2025:01:10:54 +0100] "GET /ticket2/opencms/sv/login/?edid=29EFBFCC-B83C-5AD9-CA78-B89CD9BC3287 HTTP/1.1" 200 91487
202.8.41.186 - - [16/Feb/2025:01:10:55 +0100] "GET /ticket2/opencms/system/modules/com.gridnine.opencms.ticketbrokerage.site/resources/css/ticketbrokerage.css HTTP/1.1" 200 39339
202.8.41.186 - - [16/Feb/2025:01:10:55 +0100] "GET /ticket2/opencms/system/modules/com.gridnine.opencms.ticketbrokerage.site/resources/css/jquery-ui.css HTTP/1.1" 200 33221
202.8.41.186 - - [16/Feb/2025:01:10:55 +0100] "GET /ticket2/opencms/system/modules/com.gridnine.opencms.ticketbrokerage.site/resources/css/standard.css HTTP/1.1" 200 73904
202.8.41.186 - - [16/Feb/2025:01:10:55 +0100] "GET /ticket2/opencms/system/modules/com.gridnine.opencms.ticketbrokerage.site/resources/css/calendar.css HTTP/1.1" 200 6871
202.8.41.186 - - [16/Feb/2025:01:10:55 +0100] "GET /ticket2/opencms/system/modules/com.gridnine.opencms.ticketbrokerage.site/resources/css/jquery.fancybox.css HTTP/1.1" 200 4939
202.8.41.186 - - [16/Feb/2025:01:10:55 +0100] "GET /ticket2/opencms/system/modules/com.gridnine.opencms.ticketbrokerage.site/resources/js/jquery/jquery.js HTTP/1.1" 200 93868
202.8.41.186 - - [16/Feb/2025:01:10:56 +0100] "GET /ticket2/opencms/system/modules/com.gridnine.opencms.ticketbrokerage.site/resources/js/jquery/jquery-ui.js HTTP/1.1" 200 228088
202.8.41.186 - - [16/Feb/2025:01:10:56 +0100] "GET /ticket2/opencms/system/modules/com.gridnine.opencms.ticketbrokerage.site/resources/js/functions.js HTTP/1.1" 200 1583
202.8.41.186 - - [16/Feb/2025:01:10:56 +0100] "GET /ticket2/opencms/system/modules/com.gridnine.opencms.ticketbrokerage.site/resources/js/calendar.js HTTP/1.1" 200 49229
202.8.41.186 - - [16/Feb/2025:01:10:56 +0100] "GET /ticket2/opencms/system/modules/com.gridnine.opencms.ticketbrokerage.site/resources/js/calendar-en.js HTTP/1.1" 200 3338
202.8.41.186 - - [16/Feb/2025:01:10:56 +0100] "GET /ticket2/opencms/system/modules/com.gridnine.opencms.ticketbrokerage.site/resources/js/calendar-setup.js HTTP/1.1" 200 4923
202.8.41.186 - - [16/Feb/2025:01:10:56 +0100] "GET /ticket2/opencms/system/modules/com.gridnine.opencms.ticketbrokerage.site/resources/js/jquery.fancybox.pack.js HTTP/1.1" 200 23187
202.8.41.186 - - [16/Feb/2025:01:10:56 +0100] "GET /ticket2/opencms/system/modules/com.gridnine.opencms.ticketbrokerage.site/resources/js/stickyfill.min.js HTTP/1.1" 200 5672
202.8.41.186 - - [16/Feb/2025:01:10:56 +0100] "GET /ticket2/opencms/system/modules/com.gridnine.opencms.ticketbrokerage.site/resources/js/standard.js HTTP/1.1" 200 3983
202.8.41.186 - - [16/Feb/2025:01:10:56 +0100] "GET /ticket2/opencms/system/modules/com.gridnine.opencms.ticketbrokerage.site/resources/js/jquery.placeholder.min.js HTTP/1.1" 200 1737
202.8.41.186 - - [16/Feb/2025:01:10:56 +0100] "GET /ticket2/opencms/system/modules/com.gridnine.opencms.ticketbrokerage.site/resources/js/common-ajax.js HTTP/1.1" 200 20175
202.8.41.186 - - [16/Feb/2025:01:10:56 +0100] "GET /ticket2/opencms/sv/ask-form.html HTTP/1.1" 200 2950
202.8.41.186 - - [16/Feb/2025:01:10:56 +0100] "GET /ticket2/opencms/system/modules/com.gridnine.opencms.ticketbrokerage.site/resources/css/ticketbrokerage.css HTTP/1.1" 200 39339
95.91.104.62 - - [16/Feb/2025:01:10:56 +0100] "GET /ticket2/opencms/dk/buy/?page=1&edid=6E70CDDB-C7B3-B878-DD5B-C96D776C327D&sortorder=asc&column=row HTTP/1.1" 200 112003
52.23.112.144 - - [16/Feb/2025:01:10:56 +0100] "GET /ticket2/opencms/be/buy/?edid=7BBDFB0E-EE23-5294-44DC-2CB1E8C1A24F&page=1 HTTP/1.1" 200 122688
101.44.163.112 - - [16/Feb/2025:01:10:57 +0100] "GET /ticket2/opencms/az/buy?page=1&edid=AA408C72-2073-316B-FBC7-E94200A17373 HTTP/1.1" 200 109011
20.171.207.223 - - [16/Feb/2025:01:10:57 +0100] "GET /ticket2/opencms/set_aff_cookie.jsp?partner=692E2C6A-EC6F-1C93-AFCC-C5ACC23A93EA&url=%252Fsv%252Fbuy%252Findex.html%253Fpage%253D1%2526edid%253DC168AC79-9AE4-687F-692F-70BDD7169AA1%2526hlv%253D60f8154f-2580-481e-86d0-5b830a01000f%2523v_298655483 HTTP/1.1" 200 246
195.191.219.131 - - [16/Feb/2025:01:10:57 +0100] "GET /ticket2/opencms/en/login/?edid=FC7C15A4-04FF-B871-AC9F-BAD355747F99 HTTP/1.1" 200 90122
20.171.207.223 - - [16/Feb/2025:01:10:58 +0100] "GET /ticket2/opencms/set_aff_cookie.jsp?partner=8F6DE15D-D831-5787-AE7E-FEFF53476F85&url=%252Fno%252Fbuy%252Findex.html%253Fpage%253D1%2526edid%253D7911312C-1225-8A9E-7A3D-35D79ED30B2F%2526hlv%253D61126f1f-51f0-4af0-b2ed-290b0a01000f%2523v_1024984060 HTTP/1.1" 200 247
192.95.30.21 - - [16/Feb/2025:01:10:58 +0100] "GET /ticket2/opencms/sv/login/?edid=2B4B21AC-3A39-C63E-397C-084E798BD2FE HTTP/1.1" 200 91559
20.171.207.223 - - [16/Feb/2025:01:10:59 +0100] "GET /ticket2/opencms/set_aff_cookie.jsp?partner=692E2C6A-EC6F-1C93-AFCC-C5ACC23A93EA&url=%252Ffi%252Fbuy%252Findex.html%253Fpage%253D1%2526edid%253DF488B6B7-F65E-2A9C-F46B-E6910C7895D3%2526hlv%253D61127c0b-4b50-4115-aa3a-2db70a01000f%2523v_1517520621 HTTP/1.1" 200 247
35.170.205.140 - - [16/Feb/2025:01:11:00 +0100] "GET /ticket2/opencms/be/buy/?edid=7D705009-28C3-DAA4-6025-94ED0AAA4FB6&page=1 HTTP/1.1" 200 111162
95.91.104.62 - - [16/Feb/2025:01:11:00 +0100] "GET /ticket2/opencms/dk/buy/?page=1&edid=6F9E73C2-C121-BEC3-C713-1F67AF9C9388&sortorder=asc&column=price HTTP/1.1" 200 111591
20.171.207.223 - - [16/Feb/2025:01:11:00 +0100] "GET /ticket2/opencms/set_aff_cookie.jsp?partner=2E02071B-A8C3-4CBA-3097-C27D61C02ED8&url=%252Fno%252Fbuy%252Findex.html%253Fpage%253D1%2526edid%253DF2FE555C-AC27-5AA8-8120-C9C64D18709B%2526hlv%253D60c9eaa2-97e4-4d05-ae0a-280a0a01000f%2523v_234696849 HTTP/1.1" 200 246
52.167.144.203 - - [16/Feb/2025:01:11:02 +0100] "GET /ticket2/opencms/es/buy?page=10&eventid=1DE12B0C-480D-36C2-470E-09E495E7559A HTTP/1.1" 200 97087
192.95.30.21 - - [16/Feb/2025:01:11:02 +0100] "GET /ticket2/opencms/sv/login/?edid=2C2E9185-38A8-EBBD-403B-609372D69EE0 HTTP/1.1" 200 91451
114.119.136.146 - - [16/Feb/2025:01:11:03 +0100] "GET /ticket2/opencms/en/sell/?edid=9ED03C97-9F48-2006-2ABE-3DF2C47E3E8D HTTP/1.1" 302 -
95.91.104.62 - - [16/Feb/2025:01:11:04 +0100] "GET /ticket2/opencms/dk/buy/?page=1&edid=70E42281-FC73-018D-66E6-731A7D90AA13&sortorder=asc&column=row HTTP/1.1" 200 111473
114.119.152.77 - - [16/Feb/2025:01:11:04 +0100] "GET /ticket2/opencms/en/buy/?page=6&comcatid=97ECA65A-72DA-F9AF-9DBB-245D3CFED1BE&catid=55D1256D-BDD9-CBA3-47A3-0A252F702555 HTTP/1.1" 200 96465
52.0.218.219 - - [16/Feb/2025:01:11:05 +0100] "GET /ticket2/opencms/be/buy/?edid=81800969-8323-7DD5-2FF1-1DA61540AE9E&page=1 HTTP/1.1" 200 110874
20.171.207.223 - - [16/Feb/2025:01:11:05 +0100] "GET /ticket2/opencms/set_aff_cookie.jsp?partner=2E02071B-A8C3-4CBA-3097-C27D61C02ED8&url=%252Fen%252Fbuy%252Findex.html%253Fpage%253D1%2526edid%253D3830122A-8C0B-09CA-A7F9-62032F84F3E5%2526hlv%253D60f81877-42cc-4c68-a49b-5dc90a01000f%2523v_990679401 HTTP/1.1" 200 246
54.36.148.49 - - [16/Feb/2025:01:11:05 +0100] "GET /ticket2/opencms/it/buy?page=1&edid=71729821-BB19-CC1B-BEDD-F4658D5AB210 HTTP/1.1" 200 117628
72.14.199.162 - - [16/Feb/2025:01:11:06 +0100] "GET /ticket2/opencms/.well-known/assetlinks.json HTTP/1.1" 404 -
192.95.30.21 - - [16/Feb/2025:01:11:06 +0100] "GET /ticket2/opencms/sv/login/?edid=2D66E153-7DA0-9C9B-3BBB-E00F30BBA98C HTTP/1.1" 200 91444
195.191.219.131 - - [16/Feb/2025:01:11:06 +0100] "GET /ticket2/opencms/fi/buy/?page=1&edid=3FB52ADD-0B76-D8A6-EF8F-19BF0AABB668 HTTP/1.1" 200 110737
20.171.207.223 - - [16/Feb/2025:01:11:06 +0100] "GET /ticket2/opencms/set_aff_cookie.jsp?partner=6F250EA7-4505-FA01-D601-8847F2573405&url=%252Fsv%252Fbuy%252Findex.html%253Fpage%253D1%2526edid%253D0415C45A-63CA-260A-2123-85A9DAAFCE72%2526hlv%253D6145c047-20f0-4e2d-a5f1-65ca0a01000f%2523v_1238955923 HTTP/1.1" 200 247
202.8.42.143 - - [16/Feb/2025:01:11:06 +0100] "GET /ticket2/opencms/system/modules/com.gridnine.opencms.ticketbrokerage.site/resources/css/calendar.css HTTP/1.1" 200 6871
202.8.42.143 - - [16/Feb/2025:01:11:06 +0100] "GET /ticket2/opencms/system/modules/com.gridnine.opencms.ticketbrokerage.site/resources/css/ticketbrokerage.css HTTP/1.1" 200 39339
202.8.42.143 - - [16/Feb/2025:01:11:06 +0100] "GET /ticket2/opencms/system/modules/com.gridnine.opencms.ticketbrokerage.site/resources/css/jquery.fancybox.css HTTP/1.1" 200 4939
202.8.42.143 - - [16/Feb/2025:01:11:06 +0100] "GET /ticket2/opencms/system/modules/com.gridnine.opencms.ticketbrokerage.site/resources/css/jquery-ui.css HTTP/1.1" 200 33221
202.8.42.143 - - [16/Feb/2025:01:11:06 +0100] "GET /ticket2/opencms/system/modules/com.gridnine.opencms.ticketbrokerage.site/resources/css/standard.css HTTP/1.1" 200 73904
202.8.42.143 - - [16/Feb/2025:01:11:06 +0100] "GET /ticket2/opencms/system/modules/com.gridnine.opencms.ticketbrokerage.site/resources/js/jquery/jquery.js HTTP/1.1" 200 93868
202.8.42.143 - - [16/Feb/2025:01:11:07 +0100] "GET /ticket2/opencms/system/modules/com.gridnine.opencms.ticketbrokerage.site/resources/js/functions.js HTTP/1.1" 200 1583
202.8.42.143 - - [16/Feb/2025:01:11:07 +0100] "GET /ticket2/opencms/system/modules/com.gridnine.opencms.ticketbrokerage.site/resources/js/jquery/jquery-ui.js HTTP/1.1" 200 228088
202.8.42.143 - - [16/Feb/2025:01:11:07 +0100] "GET /ticket2/opencms/system/modules/com.gridnine.opencms.ticketbrokerage.site/resources/js/calendar-en.js HTTP/1.1" 200 3338
202.8.42.143 - - [16/Feb/2025:01:11:07 +0100] "GET /ticket2/opencms/system/modules/com.gridnine.opencms.ticketbrokerage.site/resources/js/calendar.js HTTP/1.1" 200 49229
202.8.42.143 - - [16/Feb/2025:01:11:07 +0100] "GET /ticket2/opencms/system/modules/com.gridnine.opencms.ticketbrokerage.site/resources/js/calendar-setup.js HTTP/1.1" 200 4923
202.8.42.143 - - [16/Feb/2025:01:11:07 +0100] "GET /ticket2/opencms/system/modules/com.gridnine.opencms.ticketbrokerage.site/resources/js/jquery.fancybox.pack.js HTTP/1.1" 200 23187
202.8.42.143 - - [16/Feb/2025:01:11:07 +0100] "GET /ticket2/opencms/system/modules/com.gridnine.opencms.ticketbrokerage.site/resources/js/stickyfill.min.js HTTP/1.1" 200 5672
202.8.42.143 - - [16/Feb/2025:01:11:07 +0100] "GET /ticket2/opencms/system/modules/com.gridnine.opencms.ticketbrokerage.site/resources/js/standard.js HTTP/1.1" 200 3983
202.8.42.143 - - [16/Feb/2025:01:11:07 +0100] "GET /ticket2/opencms/system/modules/com.gridnine.opencms.ticketbrokerage.site/resources/js/jquery.placeholder.min.js HTTP/1.1" 200 1737
40.77.167.144 - - [16/Feb/2025:01:11:07 +0100] "GET /ticket2/opencms/el/buy?page=1&edid=CD8C65AB-F506-0A9E-001A-2A1B6DBD3092&sortorder=asc&column=price HTTP/1.1" 200 117079
202.8.42.143 - - [16/Feb/2025:01:11:07 +0100] "GET /ticket2/opencms/system/modules/com.gridnine.opencms.ticketbrokerage.site/resources/js/common-ajax.js HTTP/1.1" 200 20175
202.8.42.143 - - [16/Feb/2025:01:11:07 +0100] "GET /ticket2/opencms/it/ask-form.html HTTP/1.1" 200 3156
202.8.42.143 - - [16/Feb/2025:01:11:07 +0100] "GET /ticket2/opencms/system/modules/com.gridnine.opencms.ticketbrokerage.site/resources/css/ticketbrokerage.css HTTP/1.1" 200 39339
173.252.107.14 - - [16/Feb/2025:01:11:07 +0100] "GET /ticket2/opencms/es/buy/?page=1&edid=57541A2A-A7DE-A07B-2484-0E25ED563C4B HTTP/1.1" 200 112338
114.119.136.146 - - [16/Feb/2025:01:11:07 +0100] "GET /ticket2/opencms/en/login/?url=/en/sell/ HTTP/1.1" 200 90107
20.171.207.223 - - [16/Feb/2025:01:11:07 +0100] "GET /ticket2/opencms/set_aff_cookie.jsp?partner=57601924-FB09-5BB2-867F-08B4EB522BA8&url=%252Fsv%252Fbuy%252Findex.html%253Fpage%253D1%2526edid%253D135439EE-24C6-CFFE-A3F6-AD08F6CB1A03%2526hlv%253D61449725-124c-4375-a6ed-786f0a01000f%2523v_608232498 HTTP/1.1" 200 246
175.29.184.137 - - [16/Feb/2025:01:11:09 +0100] "GET / HTTP/1.1" 404 -
44.223.116.180 - - [16/Feb/2025:01:11:09 +0100] "GET /ticket2/opencms/be/buy/?edid=89907505-B290-9C62-3837-2005C27DB101&page=1 HTTP/1.1" 200 134422
47.128.119.64 - - [16/Feb/2025:01:11:09 +0100] "GET /ticket2/opencms/no/sport/fotballsbilletter/la_liga/real_madrid/ HTTP/1.1" 200 93360
47.128.119.64 - - [16/Feb/2025:01:11:10 +0100] "GET /ticket2/opencms/system/modules/com.gridnine.opencms.ticketbrokerage.site/resources/pics/banners/Real_Madrid_CF.jpg HTTP/1.1" 200 13578
192.95.30.21 - - [16/Feb/2025:01:11:10 +0100] "GET /ticket2/opencms/sv/login/?edid=2EFD2627-895E-361A-639F-C8A896660F7C HTTP/1.1" 200 91505
195.191.219.131 - - [16/Feb/2025:01:11:10 +0100] "GET /ticket2/opencms/fi/buy/?page=1&edid=4130944B-8419-6A0B-A839-9FB45260F568 HTTP/1.1" 200 110721
3.94.156.104 - - [16/Feb/2025:01:11:13 +0100] "GET /ticket2/opencms/be/buy/?edid=8A787324-CD72-C476-64CB-87071CD71C2F&page=1 HTTP/1.1" 200 137348
20.171.207.223 - - [16/Feb/2025:01:11:14 +0100] "GET /ticket2/opencms/set_aff_cookie.jsp?partner=57601924-FB09-5BB2-867F-08B4EB522BA8&url=%252Fsv%252Fbuy%252Findex.html%253Fpage%253D1%2526edid%253D7D0FDED0-7BC4-4EA6-3DAA-20D3EE07613E%2526hlv%253D60f812e7-9594-448d-b1b9-5b6e0a01000f%2523v_1282656910 HTTP/1.1" 200 247
195.191.219.131 - - [16/Feb/2025:01:11:14 +0100] "GET /ticket2/opencms/fi/buy/?page=1&edid=4E121EC7-87EA-ACE7-3E61-53A747B52A04 HTTP/1.1" 200 107785
192.95.30.21 - - [16/Feb/2025:01:11:14 +0100] "GET /ticket2/opencms/sv/login/?edid=3289C097-2261-9433-8644-DF033A9EE354 HTTP/1.1" 200 91484
20.171.207.223 - - [16/Feb/2025:01:11:14 +0100] "GET /ticket2/opencms/set_aff_cookie.jsp?partner=5E0CDF29-E7BE-9F6B-6869-7BF66B04006F&url=%252Fsv%252Fbuy%252Findex.html%253Fpage%253D1%2526edid%253D5E44F4FF-203D-4B11-88AE-65BFB1964492%2526hlv%253D611bd347-533c-47a2-bc7b-577e0a01000f%2523v_1739215184 HTTP/1.1" 200 247
20.171.207.223 - - [16/Feb/2025:01:11:16 +0100] "GET /ticket2/opencms/set_aff_cookie.jsp?partner=57601924-FB09-5BB2-867F-08B4EB522BA8&url=%252Fsv%252Fbuy%252Findex.html%253Fpage%253D1%2526edid%253D2DEDC008-A8E2-8338-9113-89CEDCB5E81A%2526hlv%253D6144944c-63b8-455b-a692-785a0a01000f%2523v_1613966361 HTTP/1.1" 200 247
54.83.56.1 - - [16/Feb/2025:01:11:16 +0100] "GET /ticket2/opencms/be/buy/?edid=8E565EE5-A6F4-D9ED-994A-676DC5E87EA7&page=1 HTTP/1.1" 200 111017
54.36.148.13 - - [16/Feb/2025:01:11:17 +0100] "GET /ticket2/opencms/it/buy?page=1&edid=674F234C-D4CA-999E-97DA-0BB9782A36CC HTTP/1.1" 200 108441
95.91.104.62 - - [16/Feb/2025:01:11:17 +0100] "GET /ticket2/opencms/dk/buy/?page=1&edid=71504667-89C2-4748-EA82-3B9A062F14F0&sortorder=desc&column=price HTTP/1.1" 200 111395
192.95.30.21 - - [16/Feb/2025:01:11:18 +0100] "GET /ticket2/opencms/sv/login/?edid=32C765D3-F869-7E5E-98A4-5E68576F52A5 HTTP/1.1" 200 91457
20.171.207.223 - - [16/Feb/2025:01:11:20 +0100] "GET /ticket2/opencms/set_aff_cookie.jsp?partner=2E02071B-A8C3-4CBA-3097-C27D61C02ED8&url=%252Fdk%252Fbuy%252Findex.html%253Fpage%253D1%2526edid%253D9AE493CE-16E5-66DA-B419-2CD7D152F786%2526hlv%253D60c9e707-f510-466e-96cf-23650a01000f%2523v_763101484 HTTP/1.1" 200 246
195.191.219.131 - - [16/Feb/2025:01:11:20 +0100] "GET /ticket2/opencms/fi/buy/?page=1&edid=650A0D78-456F-EC5A-28FD-BB522C4AB0A0 HTTP/1.1" 200 110809
98.83.72.38 - - [16/Feb/2025:01:11:20 +0100] "GET /ticket2/opencms/be/buy/?edid=8EC06780-2F1B-062D-0558-60639CB8BA1F&page=1 HTTP/1.1" 200 110980
95.91.104.62 - - [16/Feb/2025:01:11:20 +0100] "GET /ticket2/opencms/dk/buy/?page=1&edid=72257B5A-D41C-D2B1-15C0-D04AC4E3D672&sortorder=desc&column=price HTTP/1.1" 200 108137
20.171.207.223 - - [16/Feb/2025:01:11:21 +0100] "GET /ticket2/opencms/set_aff_cookie.jsp?partner=6F250EA7-4505-FA01-D601-8847F2573405&url=%252Fsv%252Fbuy%252Findex.html%253Fpage%253D1%2526edid%253D3FBB7D7B-D75F-7C1C-78F5-08C145E9FDB1%2526hlv%253D610bce49-caa4-4629-9a0b-16280a01000f%2523v_1191295355 HTTP/1.1" 200 247
192.95.30.21 - - [16/Feb/2025:01:11:22 +0100] "GET /ticket2/opencms/sv/login/?edid=341262D8-7A59-5821-1DA8-A5F36D843BF9 HTTP/1.1" 200 91483
20.171.207.223 - - [16/Feb/2025:01:11:23 +0100] "GET /ticket2/opencms/set_aff_cookie.jsp?partner=8F6DE15D-D831-5787-AE7E-FEFF53476F85&url=%252Fsv%252Fbuy%252Findex.html%253Fpage%253D1%2526edid%253D02E70633-B7C9-B546-F009-7238F851DD63%2526hlv%253D60c9ebb7-774c-4ff5-8668-286f0a01000f%2523v_2003373102 HTTP/1.1" 200 247
20.171.207.223 - - [16/Feb/2025:01:11:24 +0100] "GET /ticket2/opencms/set_aff_cookie.jsp?partner=2E02071B-A8C3-4CBA-3097-C27D61C02ED8&url=%252Fno%252Fbuy%252Findex.html%253Fpage%253D1%2526edid%253D8283F0D6-DE7E-1E05-A6F6-A049523B2687%2526hlv%253D60f84b37-aa94-4a41-87db-6f870a01000f%2523v_1999864089 HTTP/1.1" 200 247
34.236.135.14 - - [16/Feb/2025:01:11:24 +0100] "GET /ticket2/opencms/be/buy/?edid=8EDDEFFC-C774-BA86-C4CF-809A20DBCDCB&page=1 HTTP/1.1" 200 124198
195.191.219.131 - - [16/Feb/2025:01:11:24 +0100] "GET /ticket2/opencms/fi/buy/?page=1&edid=7010A18C-5A4A-0E34-BEAB-2260102DF0D3 HTTP/1.1" 200 108323
47.128.37.100 - - [16/Feb/2025:01:11:24 +0100] "GET /ticket2/opencms/dk/sport/fodboldbilletter/bundesliga/bayern_munchen/ HTTP/1.1" 200 96716
95.91.104.62 - - [16/Feb/2025:01:11:25 +0100] "GET /ticket2/opencms/dk/buy/?page=1&edid=72CCC969-75DC-08D7-0ED6-A15B0DA3DD38&sortorder=desc&column=row HTTP/1.1" 200 110385
47.128.37.100 - - [16/Feb/2025:01:11:26 +0100] "GET /ticket2/opencms/system/modules/com.gridnine.opencms.ticketbrokerage.site/resources/pics/banners/sv/FC_Bayern_Muenchen.jpg HTTP/1.1" 200 38121
52.167.144.161 - - [16/Feb/2025:01:11:26 +0100] "GET /ticket2/opencms/lv/buy/?page=1&edid=CE3DD33A-7186-3BFF-79C5-A0B5274832DB HTTP/1.1" 200 108680
192.95.30.21 - - [16/Feb/2025:01:11:26 +0100] "GET /ticket2/opencms/sv/login/?edid=34D2BBB8-FB45-0D0E-564E-E2214021F35A HTTP/1.1" 200 91413
47.128.37.100 - - [16/Feb/2025:01:11:27 +0100] "GET /ticket2/opencms/system/modules/com.gridnine.opencms.ticketbrokerage.site/resources/css/images/event-banner.png HTTP/1.1" 404 -
173.252.87.19 - - [16/Feb/2025:01:11:28 +0100] "GET /ticket2/opencms/nl/sport/voetbal-tickets/bundesliga/bayern-munchen/ HTTP/1.1" 200 96896
20.171.207.223 - - [16/Feb/2025:01:11:28 +0100] "GET /ticket2/opencms/set_aff_cookie.jsp?partner=57601924-FB09-5BB2-867F-08B4EB522BA8&url=%252Fno%252Fbuy%252Findex.html%253Fpage%253D1%2526edid%253D30CB7959-9308-5BEA-03F2-ADAC2FC91A64%2526hlv%253D60f844ca-5448-45ee-bc1a-6ec40a01000f%2523v_1112361313 HTTP/1.1" 200 247
95.91.104.62 - - [16/Feb/2025:01:11:29 +0100] "GET /ticket2/opencms/dk/buy/?page=1&edid=78EA8C22-04CF-6C49-88D2-A91795AFB758&sortorder=asc&column=section HTTP/1.1" 200 90068
52.167.144.203 - - [16/Feb/2025:01:11:29 +0100] "GET /ticket2/opencms/sv/buy/?page=6&comcatid=A17713B6-D984-201A-4143-ED4DB5ED5C2E&catid=06324577-7173-BAB0-146D-E644C912F7C1&eventid=35A0C9BF-EC06-DE5F-22DE-E131A0832C91 HTTP/1.1" 200 112180
18.205.91.101 - - [16/Feb/2025:01:11:29 +0100] "GET /ticket2/opencms/be/buy/?edid=8EF7EC9D-9BC8-1DEC-C27C-0541D5C5F471&page=1 HTTP/1.1" 200 129469
195.191.219.131 - - [16/Feb/2025:01:11:29 +0100] "GET /ticket2/opencms/fi/buy/?page=1&edid=72D44309-5F0D-DDAA-4152-51321DBF919E HTTP/1.1" 200 107755
20.171.207.223 - - [16/Feb/2025:01:11:29 +0100] "GET /ticket2/opencms/set_aff_cookie.jsp?partner=57601924-FB09-5BB2-867F-08B4EB522BA8&url=%252Fsv%252Fbuy%252Findex.html%253Fpage%253D1%2526edid%253D4F1B6DF5-628F-F25D-981B-BD9489467C6D%2526hlv%253D60f5c59d-d654-40d6-bd87-1ecb0a01000f%2523v_1268372995 HTTP/1.1" 200 247
192.95.30.21 - - [16/Feb/2025:01:11:30 +0100] "GET /ticket2/opencms/sv/login/?edid=3554D6C4-2FFC-457C-507A-C2BD7C1E41FE HTTP/1.1" 200 91483
185.191.171.16 - - [16/Feb/2025:01:11:30 +0100] "GET /ticket2/opencms/hu/sport/focijegyek/serie-a/milan/ HTTP/1.1" 200 98529
20.171.207.223 - - [16/Feb/2025:01:11:31 +0100] "GET /ticket2/opencms/set_aff_cookie.jsp?partner=57601924-FB09-5BB2-867F-08B4EB522BA8&url=%252Fsv%252Fbuy%252Findex.html%253Fpage%253D1%2526edid%253D41E9C3A6-1ED0-8493-C595-0C2D48714D8A%2526hlv%253D60c9dfd8-deb0-431c-9816-22840a01000f%2523v_173830392 HTTP/1.1" 200 246
54.36.149.99 - - [16/Feb/2025:01:11:31 +0100] "GET /ticket2/opencms/en/venue/?countryid=BD065C1D-5EB9-6471-371C-1A2F19BD7F92 HTTP/1.1" 200 123591
95.91.104.62 - - [16/Feb/2025:01:11:33 +0100] "GET /ticket2/opencms/dk/buy/?page=1&edid=7CE5DED6-BFF5-4BF4-3E6E-E97EEDD796E2&sortorder=desc&column=row HTTP/1.1" 200 109048
195.191.219.131 - - [16/Feb/2025:01:11:33 +0100] "GET /ticket2/opencms/fi/buy/?page=1&edid=A279CA4F-563C-FA44-9E12-257295BF18EE HTTP/1.1" 200 110622
54.163.136.244 - - [16/Feb/2025:01:11:33 +0100] "GET /ticket2/opencms/be/buy/?edid=9239880C-C5C0-5076-4AD5-4881F5EBAC4A&page=1 HTTP/1.1" 200 137456
