46.230.138.208 - - [16/Feb/2025:01:16:22 +0100] "GET /ticket2/opencms/img/icons/ga.png HTTP/1.1" 200 1759
46.230.138.208 - - [16/Feb/2025:01:16:22 +0100] "GET /ticket2/opencms/img/icons/lt.png HTTP/1.1" 200 733
46.230.138.208 - - [16/Feb/2025:01:16:22 +0100] "GET /ticket2/opencms/img/icons/lv.png HTTP/1.1" 200 716
46.230.138.208 - - [16/Feb/2025:01:16:22 +0100] "GET /ticket2/opencms/img/icons/mt.png HTTP/1.1" 200 920
46.230.138.208 - - [16/Feb/2025:01:16:22 +0100] "GET /ticket2/opencms/img/icons/mo.png HTTP/1.1" 200 1468
46.230.138.208 - - [16/Feb/2025:01:16:22 +0100] "GET /ticket2/opencms/img/icons/ro.png HTTP/1.1" 200 1393
46.230.138.208 - - [16/Feb/2025:01:16:22 +0100] "GET /ticket2/opencms/img/icons/sr.png HTTP/1.1" 200 1602
46.230.138.208 - - [16/Feb/2025:01:16:22 +0100] "GET /ticket2/opencms/img/icons/sl.png HTTP/1.1" 200 966
46.230.138.208 - - [16/Feb/2025:01:16:22 +0100] "GET /ticket2/opencms/img/icons/uk.png HTTP/1.1" 200 1272
46.230.138.208 - - [16/Feb/2025:01:16:22 +0100] "GET /ticket2/opencms/img/icons/sk.png HTTP/1.1" 200 1283
46.230.138.208 - - [16/Feb/2025:01:16:22 +0100] "GET /ticket2/opencms/img/icons/tr.png HTTP/1.1" 200 1636
46.230.138.208 - - [16/Feb/2025:01:16:22 +0100] "GET /ticket2/opencms/img/banner-sa.jpeg HTTP/1.1" 200 41270
20.171.207.223 - - [16/Feb/2025:01:16:22 +0100] "GET /ticket2/opencms/set_aff_cookie.jsp?partner=692E2C6A-EC6F-1C93-AFCC-C5ACC23A93EA&url=%252Fen%252Fbuy%252Findex.html%253Fpage%253D1%2526edid%253D02E70633-B7C9-B546-F009-7238F851DD63%2526hlv%253D6145d4d1-31d4-4fa8-9879-6bd20a01000f%2523v_1727072875 HTTP/1.1" 200 247
54.36.149.91 - - [16/Feb/2025:01:16:22 +0100] "GET /ticket2/opencms/is/buy?page=1&edid=3289C097-2261-9433-8644-DF033A9EE354 HTTP/1.1" 200 140826
46.230.138.208 - - [16/Feb/2025:01:16:22 +0100] "GET /ticket2/opencms/img/icons/pl.png HTTP/1.1" 200 1578
20.171.207.223 - - [16/Feb/2025:01:16:23 +0100] "GET /ticket2/opencms/set_aff_cookie.jsp?partner=2E02071B-A8C3-4CBA-3097-C27D61C02ED8&url=%252Fdk%252Fbuy%252Findex.html%253Fpage%253D1%2526edid%253DBBC9E6CA-B1D9-1FBB-70CA-BD39F7126BAB%2526hlv%253D610a56eb-eff4-4ba5-9b99-09f30a01000f%2523v_2079024846 HTTP/1.1" 200 247
195.191.219.131 - - [16/Feb/2025:01:16:23 +0100] "GET /ticket2/opencms/fi/login/?edid=C781C90E-2A4A-BE38-23EB-6039DE2F5FA8 HTTP/1.1" 200 91865
40.77.167.54 - - [16/Feb/2025:01:16:23 +0100] "GET /ticket2/opencms/nl/buy/?page=1&edid=E3166D36-0533-1C67-661A-CD0D8BD7BA8C HTTP/1.1" 200 109468
95.91.104.62 - - [16/Feb/2025:01:16:24 +0100] "GET /ticket2/opencms/en/buy/?page=1&edid=6DB046DB-410B-73D4-9D8B-16FCC7635D61&sortorder=asc&column=row HTTP/1.1" 200 110222
35.168.238.50 - - [16/Feb/2025:01:16:24 +0100] "GET /ticket2/opencms/be/buy/?catid=24AC1CA6-1C09-0BE5-C04A-9DCCDB15D5E9&comcatid=A17713B6-D984-201A-4143-ED4DB5ED5C2E HTTP/1.1" 200 104190
20.171.207.223 - - [16/Feb/2025:01:16:24 +0100] "GET /ticket2/opencms/set_aff_cookie.jsp?partner=5E0CDF29-E7BE-9F6B-6869-7BF66B04006F&url=%252Fru%252Fbuy%252Findex.html%253Fpage%253D1%2526edid%253D497CFADB-43B9-65B9-4674-F7F3D004A91F%2526hlv%253D60c9e8c4-ae60-45c3-9561-268c0a01000f%2523v_1206889913 HTTP/1.1" 200 247
20.171.207.223 - - [16/Feb/2025:01:16:25 +0100] "GET /ticket2/opencms/set_aff_cookie.jsp?partner=692E2C6A-EC6F-1C93-AFCC-C5ACC23A93EA&url=%252Fdk%252Fbuy%252Findex.html%253Fpage%253D1%2526edid%253D94E69B18-0F80-7FE4-39B6-9D83769C26BD%2526hlv%253D6145ccfd-9508-495b-ad90-69670a01000f%2523v_1699975302 HTTP/1.1" 200 247
54.36.148.24 - - [16/Feb/2025:01:16:26 +0100] "GET /ticket2/opencms/de/buy?page=1&edid=BE18676F-AB94-E65E-A849-408190E75353 HTTP/1.1" 200 117514
195.191.219.131 - - [16/Feb/2025:01:16:27 +0100] "GET /ticket2/opencms/fi/sell/?edid=E2BA261D-8AA4-C0D3-44EE-1FFEB3ECFAE6 HTTP/1.1" 302 -
40.77.167.59 - - [16/Feb/2025:01:16:27 +0100] "GET /ticket2/opencms/dk/magazine/article?title=mareridt-for-manchester-city HTTP/1.1" 200 93629
202.8.42.53 - - [16/Feb/2025:01:16:27 +0100] "GET /ticket2/opencms/system/modules/com.gridnine.opencms.ticketbrokerage.site/resources/css/calendar.css HTTP/1.1" 200 6871
202.8.42.53 - - [16/Feb/2025:01:16:27 +0100] "GET /ticket2/opencms/system/modules/com.gridnine.opencms.ticketbrokerage.site/resources/css/jquery-ui.css HTTP/1.1" 200 33221
202.8.42.53 - - [16/Feb/2025:01:16:27 +0100] "GET /ticket2/opencms/system/modules/com.gridnine.opencms.ticketbrokerage.site/resources/css/jquery.fancybox.css HTTP/1.1" 200 4939
202.8.42.53 - - [16/Feb/2025:01:16:27 +0100] "GET /ticket2/opencms/system/modules/com.gridnine.opencms.ticketbrokerage.site/resources/css/ticketbrokerage.css HTTP/1.1" 200 39339
202.8.42.53 - - [16/Feb/2025:01:16:27 +0100] "GET /ticket2/opencms/system/modules/com.gridnine.opencms.ticketbrokerage.site/resources/css/standard.css HTTP/1.1" 200 73904
202.8.42.53 - - [16/Feb/2025:01:16:27 +0100] "GET /ticket2/opencms/system/modules/com.gridnine.opencms.ticketbrokerage.site/resources/js/jquery/jquery.js HTTP/1.1" 200 93868
202.8.42.53 - - [16/Feb/2025:01:16:27 +0100] "GET /ticket2/opencms/system/modules/com.gridnine.opencms.ticketbrokerage.site/resources/js/jquery/jquery-ui.js HTTP/1.1" 200 228088
202.8.42.53 - - [16/Feb/2025:01:16:27 +0100] "GET /ticket2/opencms/system/modules/com.gridnine.opencms.ticketbrokerage.site/resources/js/functions.js HTTP/1.1" 200 1583
202.8.42.53 - - [16/Feb/2025:01:16:27 +0100] "GET /ticket2/opencms/system/modules/com.gridnine.opencms.ticketbrokerage.site/resources/js/calendar-en.js HTTP/1.1" 200 3338
202.8.42.53 - - [16/Feb/2025:01:16:27 +0100] "GET /ticket2/opencms/system/modules/com.gridnine.opencms.ticketbrokerage.site/resources/js/calendar.js HTTP/1.1" 200 49229
202.8.42.53 - - [16/Feb/2025:01:16:27 +0100] "GET /ticket2/opencms/system/modules/com.gridnine.opencms.ticketbrokerage.site/resources/js/calendar-setup.js HTTP/1.1" 200 4923
202.8.42.53 - - [16/Feb/2025:01:16:27 +0100] "GET /ticket2/opencms/system/modules/com.gridnine.opencms.ticketbrokerage.site/resources/js/stickyfill.min.js HTTP/1.1" 200 5672
202.8.42.53 - - [16/Feb/2025:01:16:27 +0100] "GET /ticket2/opencms/system/modules/com.gridnine.opencms.ticketbrokerage.site/resources/js/jquery.fancybox.pack.js HTTP/1.1" 200 23187
202.8.42.53 - - [16/Feb/2025:01:16:27 +0100] "GET /ticket2/opencms/system/modules/com.gridnine.opencms.ticketbrokerage.site/resources/js/standard.js HTTP/1.1" 200 3983
202.8.42.53 - - [16/Feb/2025:01:16:28 +0100] "GET /ticket2/opencms/system/modules/com.gridnine.opencms.ticketbrokerage.site/resources/js/jquery.placeholder.min.js HTTP/1.1" 200 1737
95.91.104.62 - - [16/Feb/2025:01:16:28 +0100] "GET /ticket2/opencms/en/buy/?page=1&edid=6DB046DB-410B-73D4-9D8B-16FCC7635D61&sortorder=asc&column=section HTTP/1.1" 200 110302
202.8.42.53 - - [16/Feb/2025:01:16:28 +0100] "GET /ticket2/opencms/system/modules/com.gridnine.opencms.ticketbrokerage.site/resources/js/common-ajax.js HTTP/1.1" 200 20175
202.8.42.53 - - [16/Feb/2025:01:16:28 +0100] "GET /ticket2/opencms/de/ask-form.html HTTP/1.1" 200 3156
202.8.42.53 - - [16/Feb/2025:01:16:28 +0100] "GET /ticket2/opencms/system/modules/com.gridnine.opencms.ticketbrokerage.site/resources/css/ticketbrokerage.css HTTP/1.1" 200 39339
52.202.52.82 - - [16/Feb/2025:01:16:28 +0100] "GET /ticket2/opencms/be/buy/?catid=2FC3D548-EAF9-1354-0CD2-7D7619DA2334&comcatid=A17713B6-D984-201A-4143-ED4DB5ED5C2E HTTP/1.1" 200 104178
85.208.96.194 - - [16/Feb/2025:01:16:29 +0100] "GET /ticket2/opencms/az/buy?page=1 HTTP/1.1" 200 -
20.171.207.223 - - [16/Feb/2025:01:16:30 +0100] "GET /ticket2/opencms/set_aff_cookie.jsp?partner=6F250EA7-4505-FA01-D601-8847F2573405&url=%252Fnl%252Fbuy%252Findex.html%253Fpage%253D1%2526edid%253D2EE507F3-808B-9FC3-0AF8-CB6905B06BBA%2526hlv%253D60f814cd-781c-4055-84e8-5aaa0a01000f%2523v_535155554 HTTP/1.1" 200 246
195.191.219.131 - - [16/Feb/2025:01:16:30 +0100] "GET /ticket2/opencms/fi/login/?edid=E2BA261D-8AA4-C0D3-44EE-1FFEB3ECFAE6 HTTP/1.1" 200 91898
52.203.68.145 - - [16/Feb/2025:01:16:32 +0100] "GET /ticket2/opencms/be/buy/?catid=42C82D82-D02A-8562-E55C-48ADB3771882&comcatid=A17713B6-D984-201A-4143-ED4DB5ED5C2E HTTP/1.1" 200 104191
95.91.104.62 - - [16/Feb/2025:01:16:32 +0100] "GET /ticket2/opencms/en/buy/?page=1&edid=6E42A0C3-CDBA-EB4A-37FF-39D5E8CC32AF&sortorder=asc&column=price HTTP/1.1" 200 110662
195.191.219.131 - - [16/Feb/2025:01:16:34 +0100] "GET /ticket2/opencms/fi/sell/?edid=FF079107-CBD4-B70B-EC76-A896DEC733A2 HTTP/1.1" 302 -
34.234.197.175 - - [16/Feb/2025:01:16:36 +0100] "GET /ticket2/opencms/be/buy/?catid=515A9A29-35A0-2DB8-262B-AEF122DB04F6&comcatid=A17713B6-D984-201A-4143-ED4DB5ED5C2E HTTP/1.1" 200 104215
85.208.96.197 - - [16/Feb/2025:01:16:36 +0100] "GET /ticket2/opencms/fr/magazine/article?title=manchester-united-contre-arsenal HTTP/1.1" 200 93142
85.208.96.210 - - [16/Feb/2025:01:16:38 +0100] "GET /ticket2/opencms/uk/magazine/article?title=nightmare-for-manchester-city HTTP/1.1" 200 95198
195.191.219.131 - - [16/Feb/2025:01:16:38 +0100] "GET /ticket2/opencms/fi/login/?edid=FF079107-CBD4-B70B-EC76-A896DEC733A2 HTTP/1.1" 200 91865
95.91.104.62 - - [16/Feb/2025:01:16:38 +0100] "GET /ticket2/opencms/en/buy/?page=1&edid=6E42A0C3-CDBA-EB4A-37FF-39D5E8CC32AF&sortorder=asc&column=row HTTP/1.1" 200 110659
20.171.207.223 - - [16/Feb/2025:01:16:39 +0100] "GET /ticket2/opencms/set_aff_cookie.jsp?partner=57601924-FB09-5BB2-867F-08B4EB522BA8&url=%252Fno%252Fbuy%252Findex.html%253Fpage%253D1%2526edid%253D22EC4137-73E0-6CCE-0699-2175D4DB160A%2526hlv%253D60f816eb-49d8-4a1b-ab51-5d1e0a01000f%2523v_1328860607 HTTP/1.1" 200 247
20.171.207.223 - - [16/Feb/2025:01:16:39 +0100] "GET /ticket2/opencms/set_aff_cookie.jsp?partner=692E2C6A-EC6F-1C93-AFCC-C5ACC23A93EA&url=%252Fno%252Fbuy%252Findex.html%253Fpage%253D1%2526edid%253DF900566C-C31E-911B-1023-8870E4B89B03%2526hlv%253D611bd524-3554-47ca-ba6d-58330a01000f%2523v_1599116611 HTTP/1.1" 200 247
20.171.207.223 - - [16/Feb/2025:01:16:41 +0100] "GET /ticket2/opencms/set_aff_cookie.jsp?partner=8F6DE15D-D831-5787-AE7E-FEFF53476F85&url=%252Fru%252Fbuy%252Findex.html%253Fpage%253D1%2526edid%253D8777FDBE-F882-CD90-91A2-64E3F1706E23%2526hlv%253D60f844f2-c6c0-4f63-95fe-6c480a01000f%2523v_1833766651 HTTP/1.1" 200 247
18.204.152.114 - - [16/Feb/2025:01:16:41 +0100] "GET /ticket2/opencms/be/buy/?catid=5A89E483-58AD-080E-F363-E16CE738916A&comcatid=A17713B6-D984-201A-4143-ED4DB5ED5C2E HTTP/1.1" 200 104207
35.95.87.74 - - [16/Feb/2025:01:16:41 +0100] "GET /ticket2/opencms/ HTTP/1.1" 302 -
195.191.219.131 - - [16/Feb/2025:01:16:42 +0100] "GET /ticket2/opencms/fr/buy/?page=1&edid=00653391-A813-563B-EC42-2A1E972F6570 HTTP/1.1" 200 110405
54.36.148.99 - - [16/Feb/2025:01:16:42 +0100] "GET /ticket2/opencms/fr/buy/?page=1&edid=AC44825D-2793-0C67-BD3C-7AB6359F86DA HTTP/1.1" 200 117623
95.91.104.62 - - [16/Feb/2025:01:16:43 +0100] "GET /ticket2/opencms/en/buy/?page=1&edid=6E42A0C3-CDBA-EB4A-37FF-39D5E8CC32AF&sortorder=asc&column=section HTTP/1.1" 200 110793
20.171.207.223 - - [16/Feb/2025:01:16:43 +0100] "GET /ticket2/opencms/set_aff_cookie.jsp?partner=8F6DE15D-D831-5787-AE7E-FEFF53476F85&url=%252Fru%252Fbuy%252Findex.html%253Fpage%253D1%2526edid%253D88846CDD-90BD-3C14-8B7F-E56B7CEB33C4%2526hlv%253D60c9f040-9458-40c9-8b43-29c10a01000f%2523v_1421432578 HTTP/1.1" 200 247
35.95.87.74 - - [16/Feb/2025:01:16:43 +0100] "GET /ticket2/opencms/en/ HTTP/1.1" 200 107225
185.191.171.4 - - [16/Feb/2025:01:16:44 +0100] "GET /ticket2/opencms/mt/magazine/article?title=rodrigo-bentancur-sospiz-gal-seba-logbiet-wara-kumment-razzist HTTP/1.1" 200 94159
35.95.87.74 - - [16/Feb/2025:01:16:44 +0100] "GET /ticket2/opencms/system/modules/com.gridnine.opencms.ticketbrokerage.site/resources/css/ticketbrokerage.css HTTP/1.1" 200 39339
35.95.87.74 - - [16/Feb/2025:01:16:44 +0100] "GET /ticket2/opencms/system/modules/com.gridnine.opencms.ticketbrokerage.site/resources/css/calendar.css HTTP/1.1" 200 6871
35.95.87.74 - - [16/Feb/2025:01:16:44 +0100] "GET /ticket2/opencms/system/modules/com.gridnine.opencms.ticketbrokerage.site/resources/css/jquery-ui.css HTTP/1.1" 200 33221
35.95.87.74 - - [16/Feb/2025:01:16:44 +0100] "GET /ticket2/opencms/system/modules/com.gridnine.opencms.ticketbrokerage.site/resources/css/jquery.fancybox.css HTTP/1.1" 200 4939
35.95.87.74 - - [16/Feb/2025:01:16:44 +0100] "GET /ticket2/opencms/system/modules/com.gridnine.opencms.ticketbrokerage.site/resources/css/standard.css HTTP/1.1" 200 73904
35.95.87.74 - - [16/Feb/2025:01:16:44 +0100] "GET /ticket2/opencms/system/modules/com.gridnine.opencms.ticketbrokerage.site/resources/js/jquery/jquery.js HTTP/1.1" 200 93868
35.95.87.74 - - [16/Feb/2025:01:16:44 +0100] "GET /ticket2/opencms/system/modules/com.gridnine.opencms.ticketbrokerage.site/resources/js/jquery/jquery-ui.js HTTP/1.1" 200 228088
35.95.87.74 - - [16/Feb/2025:01:16:44 +0100] "GET /ticket2/opencms/system/modules/com.gridnine.opencms.ticketbrokerage.site/resources/js/functions.js HTTP/1.1" 200 1583
35.95.87.74 - - [16/Feb/2025:01:16:44 +0100] "GET /ticket2/opencms/system/modules/com.gridnine.opencms.ticketbrokerage.site/resources/js/calendar-en.js HTTP/1.1" 200 3338
35.95.87.74 - - [16/Feb/2025:01:16:44 +0100] "GET /ticket2/opencms/system/modules/com.gridnine.opencms.ticketbrokerage.site/resources/js/calendar.js HTTP/1.1" 200 49229
20.171.207.223 - - [16/Feb/2025:01:16:44 +0100] "GET /ticket2/opencms/set_aff_cookie.jsp?partner=2E02071B-A8C3-4CBA-3097-C27D61C02ED8&url=%252Fsv%252Fbuy%252Findex.html%253Fpage%253D1%2526edid%253DE29699DA-9795-6903-EBDA-496D57340F6C%2526hlv%253D61127ada-1b34-42c3-9321-2e510a01000f%2523v_1270886371 HTTP/1.1" 200 247
35.95.87.74 - - [16/Feb/2025:01:16:44 +0100] "GET /ticket2/opencms/system/modules/com.gridnine.opencms.ticketbrokerage.site/resources/js/calendar-setup.js HTTP/1.1" 200 4923
35.95.87.74 - - [16/Feb/2025:01:16:44 +0100] "GET /ticket2/opencms/system/modules/com.gridnine.opencms.ticketbrokerage.site/resources/js/jquery.fancybox.pack.js HTTP/1.1" 200 23187
35.95.87.74 - - [16/Feb/2025:01:16:44 +0100] "GET /ticket2/opencms/system/modules/com.gridnine.opencms.ticketbrokerage.site/resources/js/stickyfill.min.js HTTP/1.1" 200 5672
35.95.87.74 - - [16/Feb/2025:01:16:44 +0100] "GET /ticket2/opencms/img/icons/se.png HTTP/1.1" 200 1258
54.162.69.192 - - [16/Feb/2025:01:16:45 +0100] "GET /ticket2/opencms/be/buy/?catid=6BD6E0B0-84AF-3A0D-3851-C1357CE9B771&comcatid=A17713B6-D984-201A-4143-ED4DB5ED5C2E HTTP/1.1" 200 104119
35.95.87.74 - - [16/Feb/2025:01:16:45 +0100] "GET /ticket2/opencms/img/icons/en.png HTTP/1.1" 200 2415
35.95.87.74 - - [16/Feb/2025:01:16:45 +0100] "GET /ticket2/opencms/system/modules/com.gridnine.opencms.ticketbrokerage.site/resources/js/standard.js HTTP/1.1" 200 3983
35.95.87.74 - - [16/Feb/2025:01:16:45 +0100] "GET /ticket2/opencms/system/modules/com.gridnine.opencms.ticketbrokerage.site/resources/js/common-ajax.js HTTP/1.1" 200 20175
35.95.87.74 - - [16/Feb/2025:01:16:45 +0100] "GET /ticket2/opencms/system/modules/com.gridnine.opencms.ticketbrokerage.site/resources/js/jquery.placeholder.min.js HTTP/1.1" 200 1737
35.95.87.74 - - [16/Feb/2025:01:16:45 +0100] "GET /ticket2/opencms/system/modules/com.gridnine.opencms.ticketbrokerage.site/resources/pics/logo-new.png HTTP/1.1" 200 13541
35.95.87.74 - - [16/Feb/2025:01:16:45 +0100] "GET /ticket2/opencms/img/insta.png HTTP/1.1" 200 3967
35.95.87.74 - - [16/Feb/2025:01:16:45 +0100] "GET /ticket2/opencms/img/fb.png HTTP/1.1" 200 1269
35.95.87.74 - - [16/Feb/2025:01:16:45 +0100] "GET /ticket2/opencms/system/modules/com.gridnine.opencms.ticketbrokerage.site/resources/pics/footer-img.jpg HTTP/1.1" 200 67642
35.95.87.74 - - [16/Feb/2025:01:16:45 +0100] "GET /ticket2/opencms/img/check.png HTTP/1.1" 200 548
35.95.87.74 - - [16/Feb/2025:01:16:45 +0100] "GET /ticket2/opencms/img/mail.png HTTP/1.1" 200 403
35.95.87.74 - - [16/Feb/2025:01:16:45 +0100] "GET /ticket2/opencms/img/chat.png HTTP/1.1" 200 416
35.95.87.74 - - [16/Feb/2025:01:16:45 +0100] "GET /ticket2/opencms/img/arrow.png HTTP/1.1" 200 753
35.95.87.74 - - [16/Feb/2025:01:16:45 +0100] "GET /ticket2/opencms/img/banner-pl.jpeg HTTP/1.1" 200 41818
20.171.207.223 - - [16/Feb/2025:01:16:45 +0100] "GET /ticket2/opencms/set_aff_cookie.jsp?partner=692E2C6A-EC6F-1C93-AFCC-C5ACC23A93EA&url=%252Fsv%252Fbuy%252Findex.html%253Fpage%253D1%2526edid%253D40B70B22-910C-2CEB-BC32-2263AEA98A84%2526hlv%253D60f6990c-18fc-4556-8ce0-63120a01000f%2523v_257908661 HTTP/1.1" 200 246
35.95.87.74 - - [16/Feb/2025:01:16:45 +0100] "GET /ticket2/opencms/img/banner-ll.jpeg HTTP/1.1" 200 41825
35.95.87.74 - - [16/Feb/2025:01:16:46 +0100] "GET /ticket2/opencms/img/banner-sa.jpeg HTTP/1.1" 200 41270
35.95.87.74 - - [16/Feb/2025:01:16:46 +0100] "GET /ticket2/opencms/img/icons/en.png HTTP/1.1" 200 2415
54.36.148.195 - - [16/Feb/2025:01:16:46 +0100] "GET /ticket2/opencms/bs/buy?page=1&edid=41CD7066-237A-B852-387D-3D5D7B688DF9 HTTP/1.1" 200 134990
35.95.87.74 - - [16/Feb/2025:01:16:46 +0100] "GET /ticket2/opencms/img/icons/no.png HTTP/1.1" 200 1958
35.95.87.74 - - [16/Feb/2025:01:16:46 +0100] "GET /ticket2/opencms/img/icons/fi.png HTTP/1.1" 200 1785
35.95.87.74 - - [16/Feb/2025:01:16:46 +0100] "GET /ticket2/opencms/img/icons/globe-white.png HTTP/1.1" 200 947
35.95.87.74 - - [16/Feb/2025:01:16:46 +0100] "GET /ticket2/opencms/img/icons/dk.png HTTP/1.1" 200 1706
195.191.219.131 - - [16/Feb/2025:01:16:46 +0100] "GET /ticket2/opencms/fr/buy/?page=1&edid=0859B3F5-666A-8459-68A2-BF0A731BAF06 HTTP/1.1" 200 135099
35.95.87.74 - - [16/Feb/2025:01:16:46 +0100] "GET /ticket2/opencms/img/icons/nl.png HTTP/1.1" 200 1255
35.95.87.74 - - [16/Feb/2025:01:16:46 +0100] "GET /ticket2/opencms/img/icons/de.png HTTP/1.1" 200 1124
35.95.87.74 - - [16/Feb/2025:01:16:46 +0100] "GET /ticket2/opencms/img/icons/fr.png HTTP/1.1" 200 1764
35.95.87.74 - - [16/Feb/2025:01:16:46 +0100] "GET /ticket2/opencms/img/icons/it.png HTTP/1.1" 200 2040
35.95.87.74 - - [16/Feb/2025:01:16:46 +0100] "GET /ticket2/opencms/img/icons/pl.png HTTP/1.1" 200 1578
35.95.87.74 - - [16/Feb/2025:01:16:46 +0100] "GET /ticket2/opencms/img/icons/es.png HTTP/1.1" 200 1005
54.36.148.155 - - [16/Feb/2025:01:16:47 +0100] "GET /ticket2/opencms/et/buy/?page=1&edid=0B61E12F-3357-9D4A-8CE6-56FAB7BA659C HTTP/1.1" 200 129674
35.95.87.74 - - [16/Feb/2025:01:16:47 +0100] "GET /ticket2/opencms/img/icons/sq.png HTTP/1.1" 200 1619
35.95.87.74 - - [16/Feb/2025:01:16:47 +0100] "GET /ticket2/opencms/img/icons/az.png HTTP/1.1" 200 1445
35.95.87.74 - - [16/Feb/2025:01:16:47 +0100] "GET /ticket2/opencms/img/icons/bs.png HTTP/1.1" 200 1014
35.95.87.74 - - [16/Feb/2025:01:16:47 +0100] "GET /ticket2/opencms/img/icons/be.png HTTP/1.1" 200 1663
35.95.87.74 - - [16/Feb/2025:01:16:47 +0100] "GET /ticket2/opencms/img/icons/hr.png HTTP/1.1" 200 2024
35.95.87.74 - - [16/Feb/2025:01:16:47 +0100] "GET /ticket2/opencms/img/icons/bg.png HTTP/1.1" 200 788
35.95.87.74 - - [16/Feb/2025:01:16:47 +0100] "GET /ticket2/opencms/img/icons/et.png HTTP/1.1" 200 754
35.95.87.74 - - [16/Feb/2025:01:16:47 +0100] "GET /ticket2/opencms/img/icons/cs.png HTTP/1.1" 200 1883
35.95.87.74 - - [16/Feb/2025:01:16:47 +0100] "GET /ticket2/opencms/img/icons/ka.png HTTP/1.1" 200 860
35.95.87.74 - - [16/Feb/2025:01:16:47 +0100] "GET /ticket2/opencms/img/icons/el.png HTTP/1.1" 200 1637
35.95.87.74 - - [16/Feb/2025:01:16:47 +0100] "GET /ticket2/opencms/img/icons/is.png HTTP/1.1" 200 1884
35.95.87.74 - - [16/Feb/2025:01:16:47 +0100] "GET /ticket2/opencms/img/icons/hu.png HTTP/1.1" 200 733
95.91.104.62 - - [16/Feb/2025:01:16:47 +0100] "GET /ticket2/opencms/en/buy/?page=1&edid=6E64EF54-063D-0F55-A1E7-7781348B9C83 HTTP/1.1" 200 88639
35.95.87.74 - - [16/Feb/2025:01:16:47 +0100] "GET /ticket2/opencms/img/icons/lv.png HTTP/1.1" 200 716
35.95.87.74 - - [16/Feb/2025:01:16:47 +0100] "GET /ticket2/opencms/img/icons/ga.png HTTP/1.1" 200 1759
35.95.87.74 - - [16/Feb/2025:01:16:48 +0100] "GET /ticket2/opencms/img/icons/mt.png HTTP/1.1" 200 920
35.95.87.74 - - [16/Feb/2025:01:16:48 +0100] "GET /ticket2/opencms/img/icons/lt.png HTTP/1.1" 200 733
20.171.207.223 - - [16/Feb/2025:01:16:48 +0100] "GET /ticket2/opencms/set_aff_cookie.jsp?partner=692E2C6A-EC6F-1C93-AFCC-C5ACC23A93EA&url=%252Fru%252Fbuy%252Findex.html%253Fpage%253D1%2526edid%253DBB34AD6D-B775-E1B3-25A5-D38ADD0D1B38%2526hlv%253D610bcb81-aa90-470f-b8b3-14fe0a01000f%2523v_240163670 HTTP/1.1" 200 246
35.95.87.74 - - [16/Feb/2025:01:16:48 +0100] "GET /ticket2/opencms/img/icons/ro.png HTTP/1.1" 200 1393
35.95.87.74 - - [16/Feb/2025:01:16:48 +0100] "GET /ticket2/opencms/img/icons/mo.png HTTP/1.1" 200 1468
35.95.87.74 - - [16/Feb/2025:01:16:48 +0100] "GET /ticket2/opencms/img/icons/sr.png HTTP/1.1" 200 1602
35.95.87.74 - - [16/Feb/2025:01:16:48 +0100] "GET /ticket2/opencms/img/icons/sk.png HTTP/1.1" 200 1283
35.95.87.74 - - [16/Feb/2025:01:16:48 +0100] "GET /ticket2/opencms/img/icons/sl.png HTTP/1.1" 200 966
35.95.87.74 - - [16/Feb/2025:01:16:48 +0100] "GET /ticket2/opencms/img/icons/uk.png HTTP/1.1" 200 1272
35.95.87.74 - - [16/Feb/2025:01:16:48 +0100] "GET /ticket2/opencms/img/icons/tr.png HTTP/1.1" 200 1636
54.156.124.2 - - [16/Feb/2025:01:16:49 +0100] "GET /ticket2/opencms/be/buy/?catid=70B37487-FE30-D476-CAE7-E6AFEA3153F2&comcatid=A17713B6-D984-201A-4143-ED4DB5ED5C2E HTTP/1.1" 200 104153
20.171.207.223 - - [16/Feb/2025:01:16:49 +0100] "GET /ticket2/opencms/set_aff_cookie.jsp?partner=8F6DE15D-D831-5787-AE7E-FEFF53476F85&url=%252Fru%252Fbuy%252Findex.html%253Fpage%253D1%2526edid%253D8639D4E1-C0DC-DB58-D9B0-F439F1BE39EE%2526hlv%253D60f84462-b444-47df-9863-6c480a01000f%2523v_693609288 HTTP/1.1" 200 246
195.191.219.131 - - [16/Feb/2025:01:16:51 +0100] "GET /ticket2/opencms/fr/buy/?page=1&edid=0DB336ED-B184-1B25-4EA8-B6E94BBC2DBC HTTP/1.1" 200 135107
101.44.185.132 - - [16/Feb/2025:01:16:52 +0100] "GET /ticket2/opencms/az/buy?page=1&edid=19E84C52-A446-E058-5C60-ACFF6737EAAA HTTP/1.1" 200 108897
98.84.131.195 - - [16/Feb/2025:01:16:52 +0100] "GET /ticket2/opencms/be/buy/?catid=7ACC33AD-EE7E-AAA7-9050-0F4587759B87&comcatid=A17713B6-D984-201A-4143-ED4DB5ED5C2E HTTP/1.1" 200 104140
20.171.207.223 - - [16/Feb/2025:01:16:54 +0100] "GET /ticket2/opencms/set_aff_cookie.jsp?partner=2E02071B-A8C3-4CBA-3097-C27D61C02ED8&url=%252Ffi%252Fbuy%252Findex.html%253Fpage%253D1%2526edid%253DF6846B21-DFB1-3342-F8E4-3CC69EE92178%2526hlv%253D614ed4f6-6c20-4e75-acb6-7b270a01000f%2523v_114159918 HTTP/1.1" 200 246
195.191.219.131 - - [16/Feb/2025:01:16:55 +0100] "GET /ticket2/opencms/fr/buy/?page=1&edid=1BEE5A38-DD94-3509-3225-C4A2986A386D HTTP/1.1" 200 110750
98.82.63.147 - - [16/Feb/2025:01:16:56 +0100] "GET /ticket2/opencms/be/buy/?catid=7BADFFFB-57C5-5DBC-E7EB-B45075B3D8F9&comcatid=A17713B6-D984-201A-4143-ED4DB5ED5C2E HTTP/1.1" 200 104478
54.36.148.193 - - [16/Feb/2025:01:16:56 +0100] "GET /ticket2/opencms/sv/buy/?page=1&edid=076317A2-E374-F6BE-C2AE-88F75CAA72F3 HTTP/1.1" 200 108028
20.171.207.223 - - [16/Feb/2025:01:16:58 +0100] "GET /ticket2/opencms/set_aff_cookie.jsp?partner=2E02071B-A8C3-4CBA-3097-C27D61C02ED8&url=%252Fru%252Fbuy%252Findex.html%253Fpage%253D1%2526edid%253D63801669-9764-13A7-B058-055F32A0BC14%2526hlv%253D60d0db0d-b310-430f-9f5c-3e680a01000f%2523v_1952626754 HTTP/1.1" 200 247
52.167.144.238 - - [16/Feb/2025:01:16:58 +0100] "GET /ticket2/opencms/es/buy?page=1&edid=42626DA9-0BC1-838B-BAE0-C165FD91963D HTTP/1.1" 200 110747
195.191.219.131 - - [16/Feb/2025:01:16:59 +0100] "GET /ticket2/opencms/fr/buy/?page=1&edid=1C663B38-AAE8-15E5-78AB-F7247D2C67D4 HTTP/1.1" 200 134098
54.83.240.58 - - [16/Feb/2025:01:17:00 +0100] "GET /ticket2/opencms/be/buy/?catid=7EF04817-972D-18B1-F941-DE800D088075&comcatid=A17713B6-D984-201A-4143-ED4DB5ED5C2E HTTP/1.1" 200 106453
95.91.104.62 - - [16/Feb/2025:01:17:01 +0100] "GET /ticket2/opencms/en/buy/?page=1&edid=6EF54CBA-5DCA-5833-4E9A-B83BE735B97A&sortorder=asc&column=price HTTP/1.1" 200 110300
20.171.207.223 - - [16/Feb/2025:01:17:02 +0100] "GET /ticket2/opencms/set_aff_cookie.jsp?partner=57601924-FB09-5BB2-867F-08B4EB522BA8&url=%252Fnl%252Fbuy%252Findex.html%253Fpage%253D1%2526edid%253D700C6A66-9C47-818C-453E-16ACCDD28C59%2526hlv%253D60d0dbb4-fe6c-49c8-aa99-3ec90a01000f%2523v_2039311980 HTTP/1.1" 200 247
20.171.207.223 - - [16/Feb/2025:01:17:03 +0100] "GET /ticket2/opencms/set_aff_cookie.jsp?partner=23A6AD98-906E-5BDD-600E-EC4EC8A45F97&url=%252Fen%252Fbuy%252Findex.html%253Fpage%253D1%2526edid%253D6619AF23-B82A-4933-7AAB-7FCD989DC8B0%2526hlv%253D6145bdcb-0c08-473d-8be2-64fe0a01000f%2523v_410720444 HTTP/1.1" 200 246
195.191.219.131 - - [16/Feb/2025:01:17:03 +0100] "GET /ticket2/opencms/fr/buy/?page=1&edid=31032CFA-9DB7-AFEB-3095-C18129EF0D6C HTTP/1.1" 200 110744
20.171.207.223 - - [16/Feb/2025:01:17:04 +0100] "GET /ticket2/opencms/set_aff_cookie.jsp?partner=692E2C6A-EC6F-1C93-AFCC-C5ACC23A93EA&url=%252Fru%252Fbuy%252Findex.html%253Fpage%253D1%2526edid%253D4F1B6DF5-628F-F25D-981B-BD9489467C6D%2526hlv%253D60f5c59d-4d2c-4485-aba9-1ecb0a01000f%2523v_1426922716 HTTP/1.1" 200 247
54.84.161.62 - - [16/Feb/2025:01:17:04 +0100] "GET /ticket2/opencms/be/buy/?catid=A3372871-3019-08B8-80CE-74B78F441ACA&comcatid=A17713B6-D984-201A-4143-ED4DB5ED5C2E HTTP/1.1" 200 104811
95.91.104.62 - - [16/Feb/2025:01:17:05 +0100] "GET /ticket2/opencms/en/buy/?page=1&edid=6EF54CBA-5DCA-5833-4E9A-B83BE735B97A&sortorder=asc&column=row HTTP/1.1" 200 110289
20.171.207.223 - - [16/Feb/2025:01:17:06 +0100] "GET /ticket2/opencms/set_aff_cookie.jsp?partner=2E02071B-A8C3-4CBA-3097-C27D61C02ED8&url=%252Fdk%252Fbuy%252Findex.html%253Fpage%253D1%2526edid%253D4736DF7C-C1C2-2C08-48FA-1D2EB109FC30%2526hlv%253D611cd26c-b2d0-4105-a284-5e520a01000f%2523v_1553106250 HTTP/1.1" 200 247
195.191.219.131 - - [16/Feb/2025:01:17:07 +0100] "GET /ticket2/opencms/fr/buy/?page=1&edid=37E2A4DD-118F-C378-83A2-20232412AB9C HTTP/1.1" 200 110575
20.171.207.223 - - [16/Feb/2025:01:17:07 +0100] "GET /ticket2/opencms/set_aff_cookie.jsp?partner=57601924-FB09-5BB2-867F-08B4EB522BA8&url=%252Fnl%252Fbuy%252Findex.html%253Fpage%253D1%2526edid%253DFECC0DB2-B8D9-00EE-095F-D7560C44D578%2526hlv%253D610bce65-87b8-4a4a-a79d-15e20a01000f%2523v_875682357 HTTP/1.1" 200 246
66.249.76.1 - - [16/Feb/2025:01:17:07 +0100] "GET /ticket2/opencms/bs/affiliateprogram.html HTTP/1.1" 200 87640
54.144.185.255 - - [16/Feb/2025:01:17:08 +0100] "GET /ticket2/opencms/be/buy/?edid=8EE24D2F-4BF0-A103-6944-36103BCA6278&page=1 HTTP/1.1" 200 124914
20.171.207.223 - - [16/Feb/2025:01:17:09 +0100] "GET /ticket2/opencms/set_aff_cookie.jsp?partner=23A6AD98-906E-5BDD-600E-EC4EC8A45F97&url=%252Fen%252Fbuy%252Findex.html%253Fpage%253D1%2526edid%253DF9CBA22B-02B6-5454-FAFF-0732F7408AFD%2526hlv%253D611519bd-e924-4134-949d-7eaa0a01000f%2523v_1615068575 HTTP/1.1" 200 247
95.91.104.62 - - [16/Feb/2025:01:17:09 +0100] "GET /ticket2/opencms/en/buy/?page=1&edid=6EF54CBA-5DCA-5833-4E9A-B83BE735B97A&sortorder=asc&column=section HTTP/1.1" 200 110331
20.171.207.223 - - [16/Feb/2025:01:17:11 +0100] "GET /ticket2/opencms/set_aff_cookie.jsp?partner=8F6DE15D-D831-5787-AE7E-FEFF53476F85&url=%252Fsv%252Fbuy%252Findex.html%253Fpage%253D1%2526edid%253DB2C09047-47EF-D3CC-C470-1A1DFD8204C6%2526hlv%253D60f846d7-9aa8-4409-9ece-6ed00a01000f%2523v_887061568 HTTP/1.1" 200 246
195.191.219.131 - - [16/Feb/2025:01:17:11 +0100] "GET /ticket2/opencms/fr/buy/?page=1&edid=38BD011F-E307-1808-7BE3-74470A609319 HTTP/1.1" 200 108398
44.193.102.198 - - [16/Feb/2025:01:17:12 +0100] "GET /ticket2/opencms/be/buy/?catid=A4D9EA9A-192D-0274-BF26-9C98D8B902AB&comcatid=A17713B6-D984-201A-4143-ED4DB5ED5C2E HTTP/1.1" 200 104184
20.171.207.223 - - [16/Feb/2025:01:17:12 +0100] "GET /ticket2/opencms/set_aff_cookie.jsp?partner=2E02071B-A8C3-4CBA-3097-C27D61C02ED8&url=%252Fdk%252Fbuy%252Findex.html%253Fpage%253D1%2526edid%253D1D9CA4BE-FB3D-C126-7D02-F28EBE7434B9%2526hlv%253D60f8448b-1e98-49ae-85c0-6ec50a01000f%2523v_1984186133 HTTP/1.1" 200 247
95.91.104.62 - - [16/Feb/2025:01:17:14 +0100] "GET /ticket2/opencms/en/buy/?page=1&edid=6EF54CBA-5DCA-5833-4E9A-B83BE735B97A&sortorder=desc&column=row HTTP/1.1" 200 110252
47.128.16.47 - - [16/Feb/2025:01:17:15 +0100] "GET /ticket2/opencms/ro/buy/?edid=5DBB4F23-1DC6-5854-92A3-8C0AF6152B4D HTTP/1.1" 200 91711
195.191.219.131 - - [16/Feb/2025:01:17:15 +0100] "GET /ticket2/opencms/fr/buy/?page=1&edid=54477DFC-A823-7169-8BE6-7FEB2AAE61EA HTTP/1.1" 200 112266
54.163.136.244 - - [16/Feb/2025:01:17:16 +0100] "GET /ticket2/opencms/be/buy/?catid=D8B345C9-F7A5-E620-4B43-C34EB0D6885B&comcatid=A17713B6-D984-201A-4143-ED4DB5ED5C2E HTTP/1.1" 200 205766
20.171.207.223 - - [16/Feb/2025:01:17:17 +0100] "GET /ticket2/opencms/set_aff_cookie.jsp?partner=8F6DE15D-D831-5787-AE7E-FEFF53476F85&url=%252Fno%252Fbuy%252Findex.html%253Fpage%253D1%2526edid%253D6CF59A44-C817-F554-FFD2-03AD6BC48C9A%2526hlv%253D611bb91e-a24c-4d70-a695-4b1b0a01000f%2523v_207293674 HTTP/1.1" 200 246
95.91.104.62 - - [16/Feb/2025:01:17:17 +0100] "GET /ticket2/opencms/en/buy/?page=1&edid=6FC750EC-74FC-8FD0-F9AA-382A290160FE HTTP/1.1" 200 109633
40.77.167.45 - - [16/Feb/2025:01:17:18 +0100] "GET /ticket2/opencms/sk/buy?page=1&edid=8FAD518C-B0A7-B985-C578-1DE79EBA8F01 HTTP/1.1" 200 111295
195.191.219.131 - - [16/Feb/2025:01:17:19 +0100] "GET /ticket2/opencms/fr/buy/?page=1&edid=57541A2A-A7DE-A07B-2484-0E25ED563C4B HTTP/1.1" 200 112159
54.36.148.191 - - [16/Feb/2025:01:17:20 +0100] "GET /ticket2/opencms/no/buy?page=1&edid=6C967880-E08B-3121-25D0-F145A5542A49 HTTP/1.1" 200 126356
3.89.170.186 - - [16/Feb/2025:01:17:20 +0100] "GET /ticket2/opencms/be/buy/?edid=2FB70CE5-901D-FB66-7FC4-208504D406B6&page=1 HTTP/1.1" 200 116927
95.91.104.62 - - [16/Feb/2025:01:17:21 +0100] "GET /ticket2/opencms/en/buy/?page=1&edid=6FC750EC-74FC-8FD0-F9AA-382A290160FE&sortorder=desc&column=row HTTP/1.1" 200 110578
54.36.148.103 - - [16/Feb/2025:01:17:22 +0100] "GET /ticket2/opencms/az/buy/?page=1&edid=E283AC65-3197-392C-E040-FCBDD904729E HTTP/1.1" 200 121817
195.191.219.131 - - [16/Feb/2025:01:17:23 +0100] "GET /ticket2/opencms/fr/buy/?page=1&edid=67AD2A53-15B8-B629-CADE-F2732CA4D6A5 HTTP/1.1" 200 108312
20.171.207.223 - - [16/Feb/2025:01:17:23 +0100] "GET /ticket2/opencms/set_aff_cookie.jsp?partner=692E2C6A-EC6F-1C93-AFCC-C5ACC23A93EA&url=%252Fnl%252Fbuy%252Findex.html%253Fpage%253D1%2526edid%253D633F01D0-5A5C-9D0B-88C4-F93446CDE176%2526hlv%253D60f8170e-c49c-43b4-a6e4-5cf80a01000f%2523v_2139006271 HTTP/1.1" 200 247
34.231.156.59 - - [16/Feb/2025:01:17:24 +0100] "GET /ticket2/opencms/be/buy/?edid=397521D5-C7AB-930B-258F-17E9104F07FF&page=1 HTTP/1.1" 200 114341
95.91.104.62 - - [16/Feb/2025:01:17:25 +0100] "GET /ticket2/opencms/en/buy/?page=1&edid=708135B7-2865-EC75-9F9F-ABBDF40E8A70 HTTP/1.1" 200 109984
20.171.207.223 - - [16/Feb/2025:01:17:25 +0100] "GET /ticket2/opencms/set_aff_cookie.jsp?partner=8F6DE15D-D831-5787-AE7E-FEFF53476F85&url=%252Ffi%252Fbuy%252Findex.html%253Fpage%253D1%2526edid%253DD1B6D814-A677-3D90-03BA-1F7CF35352A4%2526hlv%253D6145b5aa-ac68-43eb-9c4a-62610a01000f%2523v_920161873 HTTP/1.1" 200 246
114.119.141.178 - - [16/Feb/2025:01:17:26 +0100] "GET /ticket2/opencms/lt/buy?page=1&=102FC15A-4406-C66D-55EB-877612BDD22A HTTP/1.1" 200 -
20.171.207.223 - - [16/Feb/2025:01:17:26 +0100] "GET /ticket2/opencms/set_aff_cookie.jsp?partner=8F6DE15D-D831-5787-AE7E-FEFF53476F85&url=%252Ffi%252Fbuy%252Findex.html%253Fpage%253D1%2526edid%253D23462A4C-8725-82B5-7A63-462FC0C8A36E%2526hlv%253D61475771-42b4-42eb-b6e7-0b1f0a01000f%2523v_2091669010 HTTP/1.1" 200 247
20.171.207.223 - - [16/Feb/2025:01:17:27 +0100] "GET /ticket2/opencms/set_aff_cookie.jsp?partner=2E02071B-A8C3-4CBA-3097-C27D61C02ED8&url=%252Fsv%252Fbuy%252Findex.html%253Fpage%253D1%2526edid%253DE305D0D4-BB5B-19E2-61CE-4AD68E07A65B%2526hlv%253D60f84e21-8cd4-48f0-90e4-6ed00a01000f%2523v_2016766772 HTTP/1.1" 200 247
98.84.200.43 - - [16/Feb/2025:01:17:28 +0100] "GET /ticket2/opencms/be/buy/?edid=4BA781DE-2024-5888-8F0F-2E0AC0F53952&page=1 HTTP/1.1" 200 116933
95.91.104.62 - - [16/Feb/2025:01:17:30 +0100] "GET /ticket2/opencms/en/buy/?page=1&edid=70D45EC6-D4AB-B18C-930C-5EB2BF7EC1BA&sortorder=asc&column=row HTTP/1.1" 200 111413
20.171.207.223 - - [16/Feb/2025:01:17:30 +0100] "GET /ticket2/opencms/set_aff_cookie.jsp?partner=8F6DE15D-D831-5787-AE7E-FEFF53476F85&url=%252Ffi%252Fbuy%252Findex.html%253Fpage%253D1%2526edid%253D3365A2FF-D272-1DCA-3F68-9640C946FBC1%2526hlv%253D61151f6f-f900-41de-a861-05ee0a01000f%2523v_1952076342 HTTP/1.1" 200 247
20.171.207.223 - - [16/Feb/2025:01:17:31 +0100] "GET /ticket2/opencms/set_aff_cookie.jsp?partner=692E2C6A-EC6F-1C93-AFCC-C5ACC23A93EA&url=%252Fsv%252Fbuy%252Findex.html%253Fpage%253D1%2526edid%253D038E9D5D-F853-3E62-678F-9F575C0DA65A%2526hlv%253D60ca0b28-1860-4bc3-9128-36280a01000f%2523v_327274528 HTTP/1.1" 200 246
49.0.202.243 - - [16/Feb/2025:01:17:31 +0100] "GET /ticket2/opencms/az/buy?page=1&edid=BF4FD546-C4DE-EDCA-D8F8-B2B17DB7AC99 HTTP/1.1" 200 112298
20.171.207.223 - - [16/Feb/2025:01:17:32 +0100] "GET /ticket2/opencms/set_aff_cookie.jsp?partner=692E2C6A-EC6F-1C93-AFCC-C5ACC23A93EA&url=%252Ffi%252Fbuy%252Findex.html%253Fpage%253D1%2526edid%253DBACAAA47-35FE-A7A6-4A5B-EC89D6F82750%2526hlv%253D611271d4-dee0-4fe8-964d-2a520a01000f%2523v_761206714 HTTP/1.1" 200 246
3.232.82.72 - - [16/Feb/2025:01:17:32 +0100] "GET /ticket2/opencms/be/buy/?edid=50E84B3D-9D0C-3B92-7082-59B92FD223D3&page=1 HTTP/1.1" 200 116989
20.171.207.223 - - [16/Feb/2025:01:17:33 +0100] "GET /ticket2/opencms/set_aff_cookie.jsp?partner=8F6DE15D-D831-5787-AE7E-FEFF53476F85&url=%252Fru%252Fbuy%252Findex.html%253Fpage%253D1%2526edid%253D07D24578-F577-FB97-B11A-7D3A32948F2C%2526hlv%253D60c9dea3-5ef4-4a23-90cc-21d40a01000f%2523v_1036432877 HTTP/1.1" 200 247
54.36.148.25 - - [16/Feb/2025:01:17:33 +0100] "GET /ticket2/opencms/no/sport/fotballsbilletter/la_liga/espanyol HTTP/1.1" 200 97332
185.191.171.10 - - [16/Feb/2025:01:17:34 +0100] "GET /ticket2/opencms/sq/magazine/article?title=stadiumi-emirates-nje-arene-ikonike HTTP/1.1" 200 97946
95.91.104.62 - - [16/Feb/2025:01:17:34 +0100] "GET /ticket2/opencms/en/buy/?page=1&edid=70D45EC6-D4AB-B18C-930C-5EB2BF7EC1BA&sortorder=asc&column=section HTTP/1.1" 200 111620
202.8.42.105 - - [16/Feb/2025:01:17:34 +0100] "GET /ticket2/opencms/system/modules/com.gridnine.opencms.ticketbrokerage.site/resources/css/calendar.css HTTP/1.1" 200 6871
202.8.42.105 - - [16/Feb/2025:01:17:34 +0100] "GET /ticket2/opencms/system/modules/com.gridnine.opencms.ticketbrokerage.site/resources/css/jquery.fancybox.css HTTP/1.1" 200 4939
202.8.42.105 - - [16/Feb/2025:01:17:34 +0100] "GET /ticket2/opencms/system/modules/com.gridnine.opencms.ticketbrokerage.site/resources/css/ticketbrokerage.css HTTP/1.1" 200 39339
202.8.42.105 - - [16/Feb/2025:01:17:34 +0100] "GET /ticket2/opencms/system/modules/com.gridnine.opencms.ticketbrokerage.site/resources/css/jquery-ui.css HTTP/1.1" 200 33221
202.8.42.105 - - [16/Feb/2025:01:17:34 +0100] "GET /ticket2/opencms/system/modules/com.gridnine.opencms.ticketbrokerage.site/resources/css/standard.css HTTP/1.1" 200 73904
202.8.42.105 - - [16/Feb/2025:01:17:34 +0100] "GET /ticket2/opencms/system/modules/com.gridnine.opencms.ticketbrokerage.site/resources/js/calendar.js HTTP/1.1" 200 49229
202.8.42.105 - - [16/Feb/2025:01:17:35 +0100] "GET /ticket2/opencms/system/modules/com.gridnine.opencms.ticketbrokerage.site/resources/js/calendar-en.js HTTP/1.1" 200 3338
202.8.42.105 - - [16/Feb/2025:01:17:35 +0100] "GET /ticket2/opencms/system/modules/com.gridnine.opencms.ticketbrokerage.site/resources/js/calendar-setup.js HTTP/1.1" 200 4923
202.8.42.105 - - [16/Feb/2025:01:17:35 +0100] "GET /ticket2/opencms/system/modules/com.gridnine.opencms.ticketbrokerage.site/resources/js/functions.js HTTP/1.1" 200 1583
202.8.42.105 - - [16/Feb/2025:01:17:35 +0100] "GET /ticket2/opencms/system/modules/com.gridnine.opencms.ticketbrokerage.site/resources/js/jquery/jquery.js HTTP/1.1" 200 93868
202.8.42.105 - - [16/Feb/2025:01:17:35 +0100] "GET /ticket2/opencms/system/modules/com.gridnine.opencms.ticketbrokerage.site/resources/js/jquery/jquery-ui.js HTTP/1.1" 200 228088
202.8.42.105 - - [16/Feb/2025:01:17:35 +0100] "GET /ticket2/opencms/system/modules/com.gridnine.opencms.ticketbrokerage.site/resources/js/stickyfill.min.js HTTP/1.1" 200 5672
202.8.42.105 - - [16/Feb/2025:01:17:35 +0100] "GET /ticket2/opencms/system/modules/com.gridnine.opencms.ticketbrokerage.site/resources/js/jquery.fancybox.pack.js HTTP/1.1" 200 23187
202.8.42.105 - - [16/Feb/2025:01:17:35 +0100] "GET /ticket2/opencms/system/modules/com.gridnine.opencms.ticketbrokerage.site/resources/js/standard.js HTTP/1.1" 200 3983
202.8.42.105 - - [16/Feb/2025:01:17:35 +0100] "GET /ticket2/opencms/system/modules/com.gridnine.opencms.ticketbrokerage.site/resources/js/jquery.placeholder.min.js HTTP/1.1" 200 1737
202.8.42.105 - - [16/Feb/2025:01:17:35 +0100] "GET /ticket2/opencms/system/modules/com.gridnine.opencms.ticketbrokerage.site/resources/js/common-ajax.js HTTP/1.1" 200 20175
114.119.130.178 - - [16/Feb/2025:01:17:36 +0100] "GET /ticket2/opencms/es/magazine/article?title=newcastle HTTP/1.1" 200 90966
52.4.229.9 - - [16/Feb/2025:01:17:37 +0100] "GET /ticket2/opencms/be/buy/?edid=59EE7C1E-928C-0B67-F8CD-0935739262E0&page=1 HTTP/1.1" 200 122777
95.91.104.62 - - [16/Feb/2025:01:17:38 +0100] "GET /ticket2/opencms/en/buy/?page=1&edid=70E42281-FC73-018D-66E6-731A7D90AA13&sortorder=desc&column=section HTTP/1.1" 200 111326
3.232.102.111 - - [16/Feb/2025:01:17:40 +0100] "GET /ticket2/opencms/be/buy/?edid=63D25C1E-F945-3D8C-F981-1BC33FDCD607&page=1 HTTP/1.1" 200 120440
20.171.207.223 - - [16/Feb/2025:01:17:40 +0100] "GET /ticket2/opencms/set_aff_cookie.jsp?partner=5E0CDF29-E7BE-9F6B-6869-7BF66B04006F&url=%252Fsv%252Fbuy%252Findex.html%253Fpage%253D1%2526edid%253DFE4C6929-80ED-F368-D1A9-B2373F77A4AE%2526hlv%253D61127563-009c-4a5b-99f7-2bd10a01000f%2523v_1144460805 HTTP/1.1" 200 247
66.249.79.34 - - [16/Feb/2025:01:17:41 +0100] "GET /ticket2/opencms/ro/buy?page=1&edid=3583D5C7-607A-E528-A709-844E6A72DC1B HTTP/1.1" 200 141335
95.91.104.62 - - [16/Feb/2025:01:17:42 +0100] "GET /ticket2/opencms/en/buy/?page=1&edid=72CCC969-75DC-08D7-0ED6-A15B0DA3DD38 HTTP/1.1" 200 109091
54.36.148.216 - - [16/Feb/2025:01:17:43 +0100] "GET /ticket2/opencms/bg/buy?page=1&edid=1ABC406A-92BD-FDCF-3BD6-80A52E60B34F HTTP/1.1" 200 147484
52.73.6.26 - - [16/Feb/2025:01:17:45 +0100] "GET /ticket2/opencms/be/buy/?edid=660EB9E2-5EAA-DCDE-B75E-74855AFB1F01&page=1 HTTP/1.1" 200 110912
20.171.207.223 - - [16/Feb/2025:01:17:46 +0100] "GET /ticket2/opencms/set_aff_cookie.jsp?partner=5E0CDF29-E7BE-9F6B-6869-7BF66B04006F&url=%252Fnl%252Fbuy%252Findex.html%253Fpage%253D1%2526edid%253DBAF8742F-F66A-CAC9-02C4-2E2E5AAE39AF%2526hlv%253D611bc760-f124-417a-9b0c-503e0a01000f%2523v_1558150611 HTTP/1.1" 200 247
85.208.96.193 - - [16/Feb/2025:01:17:46 +0100] "GET /ticket2/opencms/no/buy?page=1 HTTP/1.1" 200 -
95.91.104.62 - - [16/Feb/2025:01:17:46 +0100] "GET /ticket2/opencms/en/buy/?page=1&edid=741BB88E-73FD-9CE1-B9A3-27B0B855281D&sortorder=desc&column=section HTTP/1.1" 200 107751
20.171.207.223 - - [16/Feb/2025:01:17:47 +0100] "GET /ticket2/opencms/set_aff_cookie.jsp?partner=57601924-FB09-5BB2-867F-08B4EB522BA8&url=%252Fno%252Fbuy%252Findex.html%253Fpage%253D1%2526edid%253D66EA5353-0EED-D56D-04FB-B3F43B6CCED9%2526hlv%253D60ca0acc-d010-43e2-a3dc-36b90a01000f%2523v_1630550373 HTTP/1.1" 200 247
20.171.207.223 - - [16/Feb/2025:01:17:48 +0100] "GET /ticket2/opencms/set_aff_cookie.jsp?partner=57601924-FB09-5BB2-867F-08B4EB522BA8&url=%252Fsv%252Fbuy%252Findex.html%253Fpage%253D1%2526edid%253D904A14D5-1C95-B81F-298C-0B73DA9FDE90%2526hlv%253D61151dd3-762c-464c-a26b-04260a01000f%2523v_1502343403 HTTP/1.1" 200 247
52.204.253.129 - - [16/Feb/2025:01:17:48 +0100] "GET /ticket2/opencms/be/buy/?edid=6C755BD2-3E40-1F18-AF57-4283F42FB67F&page=1 HTTP/1.1" 200 114068
20.171.207.223 - - [16/Feb/2025:01:17:49 +0100] "GET /ticket2/opencms/set_aff_cookie.jsp?partner=5E0CDF29-E7BE-9F6B-6869-7BF66B04006F&url=%252Fdk%252Fbuy%252Findex.html%253Fpage%253D1%2526edid%253DBF34F1E5-432B-C27C-0DC0-AA009BE6EB81%2526hlv%253D60f81519-4ea0-4e57-bcb4-5bd20a01000f%2523v_1616219877 HTTP/1.1" 200 247
20.171.207.223 - - [16/Feb/2025:01:17:50 +0100] "GET /ticket2/opencms/set_aff_cookie.jsp?partner=2E02071B-A8C3-4CBA-3097-C27D61C02ED8&url=%252Fnl%252Fbuy%252Findex.html%253Fpage%253D1%2526edid%253D30B90E18-08FF-50F0-57E7-09B58974F8E4%2526hlv%253D614ed525-8edc-420a-95cf-7ae60a01000f%2523v_782796857 HTTP/1.1" 200 246
95.91.104.62 - - [16/Feb/2025:01:17:51 +0100] "GET /ticket2/opencms/en/buy/?page=1&edid=7426EE0D-C306-84EC-DE1E-E2C38CFC5448&sortorder=desc&column=price HTTP/1.1" 200 109870
54.88.84.219 - - [16/Feb/2025:01:17:52 +0100] "GET /ticket2/opencms/be/buy/?edid=719E6B6D-707F-E825-E3AA-0E552980E1EB&page=1 HTTP/1.1" 200 126418
85.208.96.209 - - [16/Feb/2025:01:17:53 +0100] "GET /ticket2/opencms/no/sport/fotballsbilletter/ligue_1/ HTTP/1.1" 404 -
20.171.207.223 - - [16/Feb/2025:01:17:53 +0100] "GET /ticket2/opencms/set_aff_cookie.jsp?partner=2E02071B-A8C3-4CBA-3097-C27D61C02ED8&url=%252Fen%252Fbuy%252Findex.html%253Fpage%253D1%2526edid%253DB0E4D276-C8CE-F4B4-2DC5-6BEA44E190B2%2526hlv%253D60c9e52d-dfa4-48f7-a9cc-239d0a01000f%2523v_803041042 HTTP/1.1" 200 246
54.36.148.185 - - [16/Feb/2025:01:17:53 +0100] "GET /ticket2/opencms/de/buy/?page=1&edid=601F2318-7477-7FC8-2487-EFF4A82C960F HTTP/1.1" 200 108175
20.171.207.223 - - [16/Feb/2025:01:17:54 +0100] "GET /ticket2/opencms/set_aff_cookie.jsp?partner=2E02071B-A8C3-4CBA-3097-C27D61C02ED8&url=%252Fnl%252Fbuy%252Findex.html%253Fpage%253D1%2526edid%253DF564A603-0EAB-3662-288F-38140C51396C%2526hlv%253D6114023c-f864-40e6-bfde-185c0a01000f%2523v_1747293435 HTTP/1.1" 200 247
20.171.207.223 - - [16/Feb/2025:01:17:55 +0100] "GET /ticket2/opencms/set_aff_cookie.jsp?partner=23A6AD98-906E-5BDD-600E-EC4EC8A45F97&url=%252Fen%252Fbuy%252Findex.html%253Fpage%253D1%2526edid%253D3754A801-0360-9F1A-6DA4-BE3220BB9FC0%2526hlv%253D6145b6dc-bdb4-495b-8bff-62c30a01000f%2523v_255152393 HTTP/1.1" 200 246
95.91.104.62 - - [16/Feb/2025:01:17:55 +0100] "GET /ticket2/opencms/en/buy/?page=1&edid=7426EE0D-C306-84EC-DE1E-E2C38CFC5448&sortorder=desc&column=row HTTP/1.1" 200 109831
34.202.88.37 - - [16/Feb/2025:01:17:56 +0100] "GET /ticket2/opencms/be/buy/?edid=855AA881-22DD-B532-D219-E200D0C8F678&page=1 HTTP/1.1" 200 110794
20.171.207.223 - - [16/Feb/2025:01:17:56 +0100] "GET /ticket2/opencms/set_aff_cookie.jsp?partner=8F6DE15D-D831-5787-AE7E-FEFF53476F85&url=%252Fru%252Fbuy%252Findex.html%253Fpage%253D1%2526edid%253DCA0E7A1E-A629-4611-3AB5-C772FFC7B02B%2526hlv%253D611cd276-2c5c-4ed4-9bf1-5e520a01000f%2523v_355483683 HTTP/1.1" 200 246
95.91.104.62 - - [16/Feb/2025:01:18:00 +0100] "GET /ticket2/opencms/en/buy/?page=1&edid=743EAABD-DD59-6451-B522-5F1C40FEEFFB&sortorder=asc&column=price HTTP/1.1" 200 109827
44.215.235.20 - - [16/Feb/2025:01:18:00 +0100] "GET /ticket2/opencms/be/buy/?edid=872A1CAC-EC9F-5A17-CC81-87C861412BDF&page=1 HTTP/1.1" 200 114253
54.36.148.69 - - [16/Feb/2025:01:18:03 +0100] "GET /ticket2/opencms/hu/buy?page=1&edid=72113169-CE1D-B963-8867-381A95276A39 HTTP/1.1" 200 112174
20.171.207.223 - - [16/Feb/2025:01:18:03 +0100] "GET /ticket2/opencms/set_aff_cookie.jsp?partner=57601924-FB09-5BB2-867F-08B4EB522BA8&url=%252Fno%252Fbuy%252Findex.html%253Fpage%253D1%2526edid%253D9AD4B11B-4601-F5E9-C96F-7BECC055632D%2526hlv%253D6145d53d-8984-4574-adf0-6b640a01000f%2523v_841338204 HTTP/1.1" 200 246
100.29.160.53 - - [16/Feb/2025:01:18:04 +0100] "GET /ticket2/opencms/be/buy/?edid=9F80D7E4-C3CD-1252-256F-CE7A7B9BF210&page=1 HTTP/1.1" 200 111214
40.77.167.45 - - [16/Feb/2025:01:18:06 +0100] "GET /ticket2/opencms/mt/buy/?page=1&edid=6C967880-E08B-3121-25D0-F145A5542A49 HTTP/1.1" 200 127300
95.91.104.62 - - [16/Feb/2025:01:18:07 +0100] "GET /ticket2/opencms/en/buy/?page=1&edid=75E717A6-CA77-1376-528F-F251ACBD0624 HTTP/1.1" 200 110058
54.84.250.51 - - [16/Feb/2025:01:18:08 +0100] "GET /ticket2/opencms/be/buy/?edid=AC44825D-2793-0C67-BD3C-7AB6359F86DA&page=1 HTTP/1.1" 200 120282
20.171.207.223 - - [16/Feb/2025:01:18:09 +0100] "GET /ticket2/opencms/set_aff_cookie.jsp?partner=57601924-FB09-5BB2-867F-08B4EB522BA8&url=%252Fen%252Fbuy%252Findex.html%253Fpage%253D1%2526edid%253D1B2497C9-50FD-C481-B810-5D82DC9B4FE5%2526hlv%253D60ca1e8b-aa18-4ae0-8242-41000a01000f%2523v_1136119948 HTTP/1.1" 200 247
20.171.207.223 - - [16/Feb/2025:01:18:10 +0100] "GET /ticket2/opencms/set_aff_cookie.jsp?partner=692E2C6A-EC6F-1C93-AFCC-C5ACC23A93EA&url=%252Fdk%252Fbuy%252Findex.html%253Fpage%253D1%2526edid%253D97B6F388-41F1-ECE1-6945-6F81F9384D51%2526hlv%253D60f819cc-26b8-4fbf-88fc-5d1e0a01000f%2523v_977567522 HTTP/1.1" 200 246
20.171.207.223 - - [16/Feb/2025:01:18:11 +0100] "GET /ticket2/opencms/set_aff_cookie.jsp?partner=5E0CDF29-E7BE-9F6B-6869-7BF66B04006F&url=%252Fnl%252Fbuy%252Findex.html%253Fpage%253D1%2526edid%253DB7675F2E-12BD-02A6-E9A9-75752EB2042D%2526hlv%253D610bce29-0ed0-428f-a1b1-146b0a01000f%2523v_302529351 HTTP/1.1" 200 246
95.91.104.62 - - [16/Feb/2025:01:18:11 +0100] "GET /ticket2/opencms/en/buy/?page=1&edid=75E717A6-CA77-1376-528F-F251ACBD0624&sortorder=desc&column=price HTTP/1.1" 200 110968
44.215.210.112 - - [16/Feb/2025:01:18:12 +0100] "GET /ticket2/opencms/be/buy/?edid=AC8F7448-8C97-BB58-DCF6-B6425E43C512&page=1 HTTP/1.1" 200 110941
20.171.207.223 - - [16/Feb/2025:01:18:12 +0100] "GET /ticket2/opencms/set_aff_cookie.jsp?partner=692E2C6A-EC6F-1C93-AFCC-C5ACC23A93EA&url=%252Fnl%252Fbuy%252Findex.html%253Fpage%253D1%2526edid%253DE633D85E-2631-44B3-2B1B-38B280DE86F7%2526hlv%253D60f84b64-9d44-41e9-bcf2-72280a01000f%2523v_263426022 HTTP/1.1" 200 246
188.239.47.84 - - [16/Feb/2025:01:18:13 +0100] "GET /ticket2/opencms/az/buy/?page=1&edid=B07556EE-85E6-A902-E46B-ABCA49980DB1 HTTP/1.1" 200 112226
20.171.207.223 - - [16/Feb/2025:01:18:13 +0100] "GET /ticket2/opencms/set_aff_cookie.jsp?partner=2E02071B-A8C3-4CBA-3097-C27D61C02ED8&url=%252Ffi%252Fbuy%252Findex.html%253Fpage%253D1%2526edid%253DD017627D-6895-48D5-7AF6-3326E738EE9B%2526hlv%253D61127aff-4364-4775-9ba7-2e4e0a01000f%2523v_836289065 HTTP/1.1" 200 246
95.91.104.62 - - [16/Feb/2025:01:18:15 +0100] "GET /ticket2/opencms/en/buy/?page=1&edid=7688C6EE-586D-CDED-4F8D-81480DD2EC0C HTTP/1.1" 200 110214
20.171.207.223 - - [16/Feb/2025:01:18:16 +0100] "GET /ticket2/opencms/set_aff_cookie.jsp?partner=692E2C6A-EC6F-1C93-AFCC-C5ACC23A93EA&url=%252Fno%252Fbuy%252Findex.html%253Fpage%253D1%2526edid%253D590EDDB9-B981-09D2-E0FC-F6E1B491368A%2526hlv%253D60d1b1ed-83d4-4fc7-9d02-2c1a0a01000f%2523v_398961172 HTTP/1.1" 200 246
52.205.141.124 - - [16/Feb/2025:01:18:16 +0100] "GET /ticket2/opencms/be/buy/?edid=BC781D5C-058D-8CA8-2F4E-240C11D0769A&page=1 HTTP/1.1" 200 120318
185.191.171.14 - - [16/Feb/2025:01:18:17 +0100] "GET /ticket2/opencms/fi/search.html?searchQuery=Pittsburgh HTTP/1.1" 200 98633
20.171.207.223 - - [16/Feb/2025:01:18:17 +0100] "GET /ticket2/opencms/set_aff_cookie.jsp?partner=692E2C6A-EC6F-1C93-AFCC-C5ACC23A93EA&url=%252Fno%252Fbuy%252Findex.html%253Fpage%253D1%2526edid%253D88846CDD-90BD-3C14-8B7F-E56B7CEB33C4%2526hlv%253D60c9f040-9458-40c9-8b43-29c10a01000f%2523v_1421432578 HTTP/1.1" 200 247
20.171.207.223 - - [16/Feb/2025:01:18:19 +0100] "GET /ticket2/opencms/set_aff_cookie.jsp?partner=692E2C6A-EC6F-1C93-AFCC-C5ACC23A93EA&url=%252Fnl%252Fbuy%252Findex.html%253Fpage%253D1%2526edid%253D544F9932-EE47-A783-F07C-2D3DCD93C6A7%2526hlv%253D60c9e696-4428-42de-8851-25330a01000f%2523v_433950426 HTTP/1.1" 200 246
95.91.104.62 - - [16/Feb/2025:01:18:20 +0100] "GET /ticket2/opencms/en/buy/?page=1&edid=77AE6AB1-95B2-B9C6-36E3-2143409BAD69&sortorder=desc&column=section HTTP/1.1" 200 110631
20.171.207.223 - - [16/Feb/2025:01:18:20 +0100] "GET /ticket2/opencms/set_aff_cookie.jsp?partner=692E2C6A-EC6F-1C93-AFCC-C5ACC23A93EA&url=%252Fdk%252Fbuy%252Findex.html%253Fpage%253D1%2526edid%253D57459A80-66BC-2154-84E8-27032EAB09A5%2526hlv%253D615c468b-9698-4bd3-b70d-253d0a01000f%2523v_389409079 HTTP/1.1" 200 246
44.193.102.198 - - [16/Feb/2025:01:18:21 +0100] "GET /ticket2/opencms/be/buy/?edid=CA5B0C82-DB36-D129-88EF-15CA8AFD33CA&page=1 HTTP/1.1" 200 111078
95.91.104.62 - - [16/Feb/2025:01:18:24 +0100] "GET /ticket2/opencms/en/buy/?page=1&edid=788963AF-9A89-75A3-2D87-6B3C9C1E0D23&sortorder=asc&column=section HTTP/1.1" 200 110627
44.220.2.97 - - [16/Feb/2025:01:18:24 +0100] "GET /ticket2/opencms/be/buy/?edid=DF09DA20-E43F-35F9-26B1-56353C7187EA&page=1 HTTP/1.1" 200 113946
20.171.207.223 - - [16/Feb/2025:01:18:27 +0100] "GET /ticket2/opencms/set_aff_cookie.jsp?partner=2E02071B-A8C3-4CBA-3097-C27D61C02ED8&url=%252Fdk%252Fbuy%252Findex.html%253Fpage%253D1%2526edid%253D208620A3-CAD7-367C-C114-D9C4D84F40F8%2526hlv%253D60f81c57-ffb0-47b6-bb8c-5dba0a01000f%2523v_1045822476 HTTP/1.1" 200 247
95.91.104.62 - - [16/Feb/2025:01:18:28 +0100] "GET /ticket2/opencms/en/buy/?page=1&edid=7D0FDED0-7BC4-4EA6-3DAA-20D3EE07613E HTTP/1.1" 200 109686
35.169.102.85 - - [16/Feb/2025:01:18:28 +0100] "GET /ticket2/opencms/be/buy/?edid=F70FF3E6-2D68-06C1-2E1B-CFF8AEEA395A&page=1 HTTP/1.1" 200 126076
54.36.148.69 - - [16/Feb/2025:01:18:29 +0100] "GET /ticket2/opencms/be/buy/?page=1&edid=F93A2292-3F60-7656-2C0B-2AB157A0BB0B HTTP/1.1" 200 136877
20.171.207.223 - - [16/Feb/2025:01:18:30 +0100] "GET /ticket2/opencms/set_aff_cookie.jsp?partner=2E02071B-A8C3-4CBA-3097-C27D61C02ED8&url=%252Ffi%252Fbuy%252Findex.html%253Fpage%253D1%2526edid%253D4F1B6DF5-628F-F25D-981B-BD9489467C6D%2526hlv%253D6149ebd1-f92c-4108-931c-1f000a01000f%2523v_962306436 HTTP/1.1" 200 246
54.36.148.229 - - [16/Feb/2025:01:18:30 +0100] "GET /ticket2/opencms/is/buy?page=1&edid=A5DC3557-7021-B208-917D-35A78F466827 HTTP/1.1" 200 111715
18.232.11.247 - - [16/Feb/2025:01:18:32 +0100] "GET /ticket2/opencms/be/buy/?edid=FDBFACD9-E01A-CBEB-FBF2-160E9CEDBACD&page=1 HTTP/1.1" 200 110950
20.171.207.223 - - [16/Feb/2025:01:18:33 +0100] "GET /ticket2/opencms/set_aff_cookie.jsp?partner=6F250EA7-4505-FA01-D601-8847F2573405&url=%252Fdk%252Fbuy%252Findex.html%253Fpage%253D1%2526edid%253D7A5ADC93-0EC8-0537-E5DD-6AC1A00B3DE9%2526hlv%253D60f812ab-e608-4346-ac03-5b710a01000f%2523v_473193024 HTTP/1.1" 200 246
95.91.104.62 - - [16/Feb/2025:01:18:33 +0100] "GET /ticket2/opencms/en/buy/?page=1&edid=7D0FDED0-7BC4-4EA6-3DAA-20D3EE07613E&sortorder=desc&column=section HTTP/1.1" 200 110674
