192.95.30.21 - - [16/Feb/2025:01:11:34 +0100] "GET /ticket2/opencms/sv/login/?edid=361EAD73-436C-F7FD-91EE-7D353735C8BC HTTP/1.1" 200 91539
40.77.167.144 - - [16/Feb/2025:01:11:34 +0100] "GET /ticket2/opencms/fi/buy?page=1&edid=109F549A-9FD7-B1FC-87D6-DB5E9ECA3E58 HTTP/1.1" 200 111642
40.77.167.144 - - [16/Feb/2025:01:11:35 +0100] "GET /ticket2/opencms/et/buy/?page=1&edid=4DAA5E3F-08F2-D085-FD70-1B0082E18DDD HTTP/1.1" 200 110565
110.238.108.0 - - [16/Feb/2025:01:11:35 +0100] "GET /ticket2/opencms/az/buy?page=1&edid=0F5B2278-CB2B-6519-1D28-92A45D61B015 HTTP/1.1" 200 112869
52.54.157.23 - - [16/Feb/2025:01:11:36 +0100] "GET /ticket2/opencms/be/buy/?edid=92C32EFB-1ABC-12BA-1886-A9767DA4FF70&page=1 HTTP/1.1" 200 110933
95.91.104.62 - - [16/Feb/2025:01:11:36 +0100] "GET /ticket2/opencms/dk/buy/?page=1&edid=82738ED1-4044-CFC0-CF18-FC52772F06E9&sortorder=desc&column=price HTTP/1.1" 200 110273
20.171.207.223 - - [16/Feb/2025:01:11:37 +0100] "GET /ticket2/opencms/set_aff_cookie.jsp?partner=692E2C6A-EC6F-1C93-AFCC-C5ACC23A93EA&url=%252Fnl%252Fbuy%252Findex.html%253Fpage%253D1%2526edid%253D97B6F388-41F1-ECE1-6945-6F81F9384D51%2526hlv%253D60f819f4-be84-47c9-8e7b-5d200a01000f%2523v_1603086183 HTTP/1.1" 200 247
20.171.207.223 - - [16/Feb/2025:01:11:38 +0100] "GET /ticket2/opencms/set_aff_cookie.jsp?partner=2E02071B-A8C3-4CBA-3097-C27D61C02ED8&url=%252Fru%252Fbuy%252Findex.html%253Fpage%253D1%2526edid%253DB0342119-7DEE-A961-582D-4DB4FC7F38E6%2526hlv%253D6149ea73-3da8-4885-ab06-1dea0a01000f%2523v_1472982527 HTTP/1.1" 200 247
195.191.219.131 - - [16/Feb/2025:01:11:38 +0100] "GET /ticket2/opencms/fi/buy/?page=1&edid=A2A4078E-C8E8-C113-199B-69C1FEB231B0 HTTP/1.1" 200 135390
192.95.30.21 - - [16/Feb/2025:01:11:38 +0100] "GET /ticket2/opencms/sv/login/?edid=38A9CF02-8181-1667-78E4-4388829901BC HTTP/1.1" 200 91467
54.36.149.101 - - [16/Feb/2025:01:11:38 +0100] "GET /ticket2/opencms/es/buy?page=1&edid=71729821-BB19-CC1B-BEDD-F4658D5AB210 HTTP/1.1" 200 117823
20.171.207.223 - - [16/Feb/2025:01:11:39 +0100] "GET /ticket2/opencms/set_aff_cookie.jsp?partner=2E02071B-A8C3-4CBA-3097-C27D61C02ED8&url=%252Fsv%252Fbuy%252Findex.html%253Fpage%253D1%2526edid%253DB7675F2E-12BD-02A6-E9A9-75752EB2042D%2526hlv%253D610bce29-eacc-4922-b1f7-146b0a01000f%2523v_1685311626 HTTP/1.1" 200 247
202.8.42.139 - - [16/Feb/2025:01:11:40 +0100] "GET /ticket2/opencms/system/modules/com.gridnine.opencms.ticketbrokerage.site/resources/css/ticketbrokerage.css HTTP/1.1" 200 39339
202.8.42.139 - - [16/Feb/2025:01:11:40 +0100] "GET /ticket2/opencms/system/modules/com.gridnine.opencms.ticketbrokerage.site/resources/css/jquery-ui.css HTTP/1.1" 200 33221
202.8.42.139 - - [16/Feb/2025:01:11:40 +0100] "GET /ticket2/opencms/system/modules/com.gridnine.opencms.ticketbrokerage.site/resources/css/calendar.css HTTP/1.1" 200 6871
202.8.42.139 - - [16/Feb/2025:01:11:40 +0100] "GET /ticket2/opencms/system/modules/com.gridnine.opencms.ticketbrokerage.site/resources/css/standard.css HTTP/1.1" 200 73904
202.8.42.139 - - [16/Feb/2025:01:11:40 +0100] "GET /ticket2/opencms/system/modules/com.gridnine.opencms.ticketbrokerage.site/resources/js/jquery/jquery.js HTTP/1.1" 200 93868
202.8.42.139 - - [16/Feb/2025:01:11:40 +0100] "GET /ticket2/opencms/system/modules/com.gridnine.opencms.ticketbrokerage.site/resources/css/jquery.fancybox.css HTTP/1.1" 200 4939
202.8.42.139 - - [16/Feb/2025:01:11:40 +0100] "GET /ticket2/opencms/system/modules/com.gridnine.opencms.ticketbrokerage.site/resources/js/functions.js HTTP/1.1" 200 1583
202.8.42.139 - - [16/Feb/2025:01:11:40 +0100] "GET /ticket2/opencms/system/modules/com.gridnine.opencms.ticketbrokerage.site/resources/js/jquery/jquery-ui.js HTTP/1.1" 200 228088
202.8.42.139 - - [16/Feb/2025:01:11:40 +0100] "GET /ticket2/opencms/system/modules/com.gridnine.opencms.ticketbrokerage.site/resources/js/calendar-setup.js HTTP/1.1" 200 4923
202.8.42.139 - - [16/Feb/2025:01:11:40 +0100] "GET /ticket2/opencms/system/modules/com.gridnine.opencms.ticketbrokerage.site/resources/js/calendar.js HTTP/1.1" 200 49229
202.8.42.139 - - [16/Feb/2025:01:11:40 +0100] "GET /ticket2/opencms/system/modules/com.gridnine.opencms.ticketbrokerage.site/resources/js/calendar-en.js HTTP/1.1" 200 3338
202.8.42.139 - - [16/Feb/2025:01:11:40 +0100] "GET /ticket2/opencms/system/modules/com.gridnine.opencms.ticketbrokerage.site/resources/js/jquery.fancybox.pack.js HTTP/1.1" 200 23187
202.8.42.139 - - [16/Feb/2025:01:11:40 +0100] "GET /ticket2/opencms/system/modules/com.gridnine.opencms.ticketbrokerage.site/resources/js/standard.js HTTP/1.1" 200 3983
202.8.42.139 - - [16/Feb/2025:01:11:40 +0100] "GET /ticket2/opencms/system/modules/com.gridnine.opencms.ticketbrokerage.site/resources/js/stickyfill.min.js HTTP/1.1" 200 5672
202.8.42.139 - - [16/Feb/2025:01:11:40 +0100] "GET /ticket2/opencms/system/modules/com.gridnine.opencms.ticketbrokerage.site/resources/js/jquery.placeholder.min.js HTTP/1.1" 200 1737
44.193.115.232 - - [16/Feb/2025:01:11:40 +0100] "GET /ticket2/opencms/be/buy/?edid=9A56F165-F35D-9973-F50A-5FE9863E2B16&page=1 HTTP/1.1" 200 113583
202.8.42.139 - - [16/Feb/2025:01:11:40 +0100] "GET /ticket2/opencms/system/modules/com.gridnine.opencms.ticketbrokerage.site/resources/js/common-ajax.js HTTP/1.1" 200 20175
202.8.42.139 - - [16/Feb/2025:01:11:40 +0100] "GET /ticket2/opencms/es/ask-form.html HTTP/1.1" 200 3156
202.8.42.139 - - [16/Feb/2025:01:11:40 +0100] "GET /ticket2/opencms/system/modules/com.gridnine.opencms.ticketbrokerage.site/resources/css/ticketbrokerage.css HTTP/1.1" 200 39339
95.91.104.62 - - [16/Feb/2025:01:11:40 +0100] "GET /ticket2/opencms/dk/buy/?page=1&edid=82CD5B36-CDC8-E695-F2A6-A362041AEA89&sortorder=asc&column=price HTTP/1.1" 200 108244
195.191.219.131 - - [16/Feb/2025:01:11:42 +0100] "GET /ticket2/opencms/fi/buy/?page=1&edid=A457FF13-7A37-0365-AFA9-2CC7C635642A HTTP/1.1" 200 110671
192.95.30.21 - - [16/Feb/2025:01:11:42 +0100] "GET /ticket2/opencms/sv/login/?edid=39289D35-63FA-63A2-5B00-1BD8BF9346B7 HTTP/1.1" 200 91375
20.171.207.223 - - [16/Feb/2025:01:11:43 +0100] "GET /ticket2/opencms/set_aff_cookie.jsp?partner=8F6DE15D-D831-5787-AE7E-FEFF53476F85&url=%252Fen%252Fbuy%252Findex.html%253Fpage%253D1%2526edid%253D025EADBA-4CCB-DA07-4742-9BE67C2EAFE5%2526hlv%253D60f8449e-e9a4-4bc8-9cd3-6ed00a01000f%2523v_1525508770 HTTP/1.1" 200 247
95.91.104.62 - - [16/Feb/2025:01:11:44 +0100] "GET /ticket2/opencms/dk/buy/?page=1&edid=84038E4F-7827-3966-E05C-79E830ED2F20&sortorder=asc&column=row HTTP/1.1" 200 111274
20.171.207.223 - - [16/Feb/2025:01:11:44 +0100] "GET /ticket2/opencms/set_aff_cookie.jsp?partner=6F250EA7-4505-FA01-D601-8847F2573405&url=%252Ffi%252Fbuy%252Findex.html%253Fpage%253D1%2526edid%253DD3AC8ED2-9B15-6187-BB41-9830D862CD00%2526hlv%253D60c9ddfc-2970-42f4-a5e4-1e090a01000f%2523v_2088868709 HTTP/1.1" 200 247
18.215.49.176 - - [16/Feb/2025:01:11:45 +0100] "GET /ticket2/opencms/be/buy/?edid=9AA6E90F-1A8F-8723-F266-C4056D23056B&page=1 HTTP/1.1" 200 126677
195.191.219.131 - - [16/Feb/2025:01:11:45 +0100] "GET /ticket2/opencms/fi/buy/?page=1&edid=A8FCDF96-5BE9-3FBC-BBD6-5BFAFD5454D2 HTTP/1.1" 200 108300
20.171.207.223 - - [16/Feb/2025:01:11:46 +0100] "GET /ticket2/opencms/set_aff_cookie.jsp?partner=8F6DE15D-D831-5787-AE7E-FEFF53476F85&url=%252Fnl%252Fbuy%252Findex.html%253Fpage%253D1%2526edid%253D8639D4E1-C0DC-DB58-D9B0-F439F1BE39EE%2526hlv%253D60f84462-060c-4792-b4ad-6c480a01000f%2523v_444699121 HTTP/1.1" 200 246
192.95.30.21 - - [16/Feb/2025:01:11:46 +0100] "GET /ticket2/opencms/sv/login/?edid=3992355A-3B72-1779-5CF5-F88F7FEA3824 HTTP/1.1" 200 91483
20.171.207.223 - - [16/Feb/2025:01:11:47 +0100] "GET /ticket2/opencms/set_aff_cookie.jsp?partner=57601924-FB09-5BB2-867F-08B4EB522BA8&url=%252Fdk%252Fbuy%252Findex.html%253Fpage%253D1%2526edid%253DCED6DE10-6695-ABEA-2AE7-19BEAE2C210B%2526hlv%253D61154ced-bcf0-4e09-aeda-16170a01000f%2523v_1525464274 HTTP/1.1" 200 247
95.91.104.62 - - [16/Feb/2025:01:11:48 +0100] "GET /ticket2/opencms/dk/buy/?page=1&edid=867E5C69-A11C-A0A4-176A-7AA1621CA972&sortorder=asc&column=section HTTP/1.1" 200 110512
3.212.205.90 - - [16/Feb/2025:01:11:49 +0100] "GET /ticket2/opencms/be/buy/?edid=9F8544B2-CF19-221B-478E-5476FF460535&page=1 HTTP/1.1" 200 134242
195.191.219.131 - - [16/Feb/2025:01:11:49 +0100] "GET /ticket2/opencms/fi/buy/?page=1&edid=AA0CB053-7E44-E554-2B96-FB5320A1DEC1 HTTP/1.1" 200 107721
192.95.30.21 - - [16/Feb/2025:01:11:50 +0100] "GET /ticket2/opencms/sv/login/?edid=3B157B14-2ACC-30A7-0D5C-8313AB0A1A32 HTTP/1.1" 200 91428
20.171.207.223 - - [16/Feb/2025:01:11:51 +0100] "GET /ticket2/opencms/set_aff_cookie.jsp?partner=2E02071B-A8C3-4CBA-3097-C27D61C02ED8&url=%252Fru%252Fbuy%252Findex.html%253Fpage%253D1%2526edid%253D864966C0-6945-AA58-A6C7-9273AE6642E0%2526hlv%253D611bcafb-056c-4c1b-9e76-529e0a01000f%2523v_1482896902 HTTP/1.1" 200 247
54.36.148.113 - - [16/Feb/2025:01:11:52 +0100] "GET /ticket2/opencms/de/magazine/article?title=ipswichs-erster-premier-league-sieg-seit-22-jahren HTTP/1.1" 200 93918
47.128.114.243 - - [16/Feb/2025:01:11:52 +0100] "GET /ticket2/opencms/nl/buy/?edid=91131440-6E9B-EF94-52C2-EDE415172430 HTTP/1.1" 200 89354
52.167.144.203 - - [16/Feb/2025:01:11:52 +0100] "GET /ticket2/opencms/mo/buy/?page=1&edid=54477DFC-A823-7169-8BE6-7FEB2AAE61EA HTTP/1.1" 200 112612
95.91.104.62 - - [16/Feb/2025:01:11:52 +0100] "GET /ticket2/opencms/dk/buy/?page=1&edid=8B8D03CA-348F-34ED-7DD6-21F5A2F370C9&sortorder=asc&column=row HTTP/1.1" 200 108123
98.82.59.253 - - [16/Feb/2025:01:11:52 +0100] "GET /ticket2/opencms/be/buy/?edid=AAD8B8EA-9AED-21A9-2967-40D5EB8A5581&page=1 HTTP/1.1" 200 110912
20.171.207.223 - - [16/Feb/2025:01:11:53 +0100] "GET /ticket2/opencms/set_aff_cookie.jsp?partner=8F6DE15D-D831-5787-AE7E-FEFF53476F85&url=%252Fnl%252Fbuy%252Findex.html%253Fpage%253D1%2526edid%253D2C71E7BD-CB87-D4AB-FF92-C8306AEAEEF3%2526hlv%253D60f80ac1-917c-4d95-a668-57fd0a01000f%2523v_1172475196 HTTP/1.1" 200 247
195.191.219.131 - - [16/Feb/2025:01:11:53 +0100] "GET /ticket2/opencms/fi/buy/?page=1&edid=AAD8B8EA-9AED-21A9-2967-40D5EB8A5581 HTTP/1.1" 200 108445
20.171.207.223 - - [16/Feb/2025:01:11:54 +0100] "GET /ticket2/opencms/set_aff_cookie.jsp?partner=2E02071B-A8C3-4CBA-3097-C27D61C02ED8&url=%252Ffi%252Fbuy%252Findex.html%253Fpage%253D1%2526edid%253D156562D2-0263-CCAA-DF54-9314F5D26523%2526hlv%253D60ca1214-73dc-4065-8aea-3a900a01000f%2523v_1325944700 HTTP/1.1" 200 247
192.95.30.21 - - [16/Feb/2025:01:11:54 +0100] "GET /ticket2/opencms/sv/login/?edid=3B4E0EA3-B775-35AA-67EB-62D962B0531D HTTP/1.1" 200 91500
95.91.104.62 - - [16/Feb/2025:01:11:56 +0100] "GET /ticket2/opencms/dk/buy/?page=1&edid=94E5A4F4-AB94-0901-908E-7A0E74B98508&sortorder=desc&column=section HTTP/1.1" 200 111491
23.23.104.107 - - [16/Feb/2025:01:11:57 +0100] "GET /ticket2/opencms/be/buy/?edid=BB2F3A74-7E9F-DB09-2C3F-D2D8CE32979C&page=1 HTTP/1.1" 200 120289
195.191.219.131 - - [16/Feb/2025:01:11:57 +0100] "GET /ticket2/opencms/fi/buy/?page=1&edid=B386D539-2AE4-5E25-8B69-DC3E34789331 HTTP/1.1" 200 110654
89.104.101.196 - - [16/Feb/2025:01:11:58 +0100] "GET /ticket2/opencms/ HTTP/1.1" 302 -
192.95.30.21 - - [16/Feb/2025:01:11:58 +0100] "GET /ticket2/opencms/sv/login/?edid=3D90558B-59E5-DB4E-10D0-F79B6C89B78E HTTP/1.1" 200 91492
20.171.207.223 - - [16/Feb/2025:01:12:00 +0100] "GET /ticket2/opencms/set_aff_cookie.jsp?partner=5E0CDF29-E7BE-9F6B-6869-7BF66B04006F&url=%252Fdk%252Fbuy%252Findex.html%253Fpage%253D1%2526edid%253D1704DC47-D333-EEEA-B66A-BC4C3DDB8A1C%2526hlv%253D60ca0f76-6cd4-4a34-89f3-36340a01000f%2523v_1732385988 HTTP/1.1" 200 247
95.91.104.62 - - [16/Feb/2025:01:12:00 +0100] "GET /ticket2/opencms/dk/buy/?page=1&edid=97688022-64E2-C322-BF2D-348E11C2E2E3&sortorder=asc&column=price HTTP/1.1" 200 112049
89.104.101.196 - - [16/Feb/2025:01:12:00 +0100] "GET /ticket2/opencms/en/ HTTP/1.1" 200 107216
34.202.88.37 - - [16/Feb/2025:01:12:01 +0100] "GET /ticket2/opencms/be/buy/?edid=BD28444D-8483-F179-3965-1E8A674294B4&page=1 HTTP/1.1" 200 128117
195.191.219.131 - - [16/Feb/2025:01:12:01 +0100] "GET /ticket2/opencms/fi/buy/?page=1&edid=B62F8ADF-FB26-8030-EC23-674FBF49AA39 HTTP/1.1" 200 108440
176.53.217.73 - - [16/Feb/2025:01:12:01 +0100] "GET /ticket2/opencms/favicon.ico HTTP/1.1" 200 15406
20.171.207.223 - - [16/Feb/2025:01:12:02 +0100] "GET /ticket2/opencms/set_aff_cookie.jsp?partner=8F6DE15D-D831-5787-AE7E-FEFF53476F85&url=%252Fdk%252Fbuy%252Findex.html%253Fpage%253D1%2526edid%253D8D39CD86-5C30-53BA-56DE-BD6671BB60E9%2526hlv%253D60f815af-4070-400a-91b1-5c120a01000f%2523v_666705635 HTTP/1.1" 200 246
89.104.101.196 - - [16/Feb/2025:01:12:02 +0100] "GET /ticket2/opencms/favicon.ico HTTP/1.1" 200 15406
66.220.149.20 - - [16/Feb/2025:01:12:03 +0100] "GET /ticket2/opencms/mo/buy?page=1&edid=545500C1-BB0B-5A7A-19F5-5BE1D1D185C5 HTTP/1.1" 200 111978
192.95.30.21 - - [16/Feb/2025:01:12:03 +0100] "GET /ticket2/opencms/sv/login/?edid=3EE4A476-CEF9-2137-D771-AEC1A5257F62 HTTP/1.1" 200 91554
20.171.207.223 - - [16/Feb/2025:01:12:03 +0100] "GET /ticket2/opencms/set_aff_cookie.jsp?partner=2E02071B-A8C3-4CBA-3097-C27D61C02ED8&url=%252Fru%252Fbuy%252Findex.html%253Fpage%253D1%2526edid%253DB0342119-7DEE-A961-582D-4DB4FC7F38E6%2526hlv%253D6149f0b3-b2fc-4dc2-a2c4-22fd0a01000f%2523v_2068598895 HTTP/1.1" 200 247
95.91.104.62 - - [16/Feb/2025:01:12:04 +0100] "GET /ticket2/opencms/dk/buy/?page=1&edid=99DFB5E4-45A1-7731-4884-F800255E5FAB&sortorder=asc&column=price HTTP/1.1" 200 108138
100.29.164.178 - - [16/Feb/2025:01:12:05 +0100] "GET /ticket2/opencms/be/buy/?edid=C28B3B84-6A6E-6FCB-67EF-1F8424FD799A&page=1 HTTP/1.1" 200 126389
66.249.76.42 - - [16/Feb/2025:01:12:06 +0100] "GET /ticket2/opencms/fr/buy/?page=1&edid=DE6EAF1E-F0E3-BCEF-6FE9-789554B2D96C HTTP/1.1" 200 123685
20.171.207.223 - - [16/Feb/2025:01:12:06 +0100] "GET /ticket2/opencms/set_aff_cookie.jsp?partner=57601924-FB09-5BB2-867F-08B4EB522BA8&url=%252Fdk%252Fbuy%252Findex.html%253Fpage%253D1%2526edid%253DFEB03BB6-02B5-C800-F6B0-987523006767%2526hlv%253D60f5c5b6-ae30-4766-b4a5-1eb60a01000f%2523v_1269082693 HTTP/1.1" 200 247
192.95.30.21 - - [16/Feb/2025:01:12:07 +0100] "GET /ticket2/opencms/sv/login/?edid=3F2D99A8-7547-83C1-C9EB-9D79E7CF5003 HTTP/1.1" 200 91498
85.208.96.206 - - [16/Feb/2025:01:12:07 +0100] "GET /ticket2/opencms/no/magazine/article?title=hugo-larsson-20-aringen-som-gar-fra-klarhet-til-klarhet HTTP/1.1" 200 95374
20.171.207.223 - - [16/Feb/2025:01:12:07 +0100] "GET /ticket2/opencms/set_aff_cookie.jsp?partner=6F250EA7-4505-FA01-D601-8847F2573405&url=%252Fsv%252Fbuy%252Findex.html%253Fpage%253D1%2526edid%253D0415C45A-63CA-260A-2123-85A9DAAFCE72%2526hlv%253D6145b771-a324-48ca-8d72-62a50a01000f%2523v_530862006 HTTP/1.1" 200 246
95.91.104.62 - - [16/Feb/2025:01:12:08 +0100] "GET /ticket2/opencms/dk/buy/?page=1&edid=A6BE99B8-F765-5FEA-F3B0-908AFC365D77&sortorder=asc&column=row HTTP/1.1" 200 111519
20.171.207.223 - - [16/Feb/2025:01:12:08 +0100] "GET /ticket2/opencms/set_aff_cookie.jsp?partner=8F6DE15D-D831-5787-AE7E-FEFF53476F85&url=%252Fru%252Fbuy%252Findex.html%253Fpage%253D1%2526edid%253D4D091DAA-A6FD-9335-E2FA-E89697CE58C9%2526hlv%253D61475a7d-1910-410a-b7aa-0bb40a01000f%2523v_694440459 HTTP/1.1" 200 246
50.19.79.213 - - [16/Feb/2025:01:12:09 +0100] "GET /ticket2/opencms/be/buy/?edid=C49A930A-3CDD-7FC6-981C-4D6ED2E66AA8&page=1 HTTP/1.1" 200 114204
195.191.219.131 - - [16/Feb/2025:01:12:09 +0100] "GET /ticket2/opencms/fi/buy/?page=1&edid=BD28444D-8483-F179-3965-1E8A674294B4 HTTP/1.1" 200 124677
20.171.207.223 - - [16/Feb/2025:01:12:10 +0100] "GET /ticket2/opencms/set_aff_cookie.jsp?partner=6F250EA7-4505-FA01-D601-8847F2573405&url=%252Fru%252Fbuy%252Findex.html%253Fpage%253D1%2526edid%253D6FC750EC-74FC-8FD0-F9AA-382A290160FE%2526hlv%253D60f80ca9-8124-4a5b-b86e-587e0a01000f%2523v_1801363446 HTTP/1.1" 200 247
192.95.30.21 - - [16/Feb/2025:01:12:11 +0100] "GET /ticket2/opencms/sv/login/?edid=42C5D83C-45F5-510D-23C9-7B4CE8796C8F HTTP/1.1" 200 91531
54.36.148.33 - - [16/Feb/2025:01:12:11 +0100] "GET /ticket2/opencms/ga/magazine/article?title=legendaren-i-heit-ordvaxling-med-supporter HTTP/1.1" 200 94707
95.91.104.62 - - [16/Feb/2025:01:12:12 +0100] "GET /ticket2/opencms/dk/buy/?page=1&edid=A6BE99B8-F765-5FEA-F3B0-908AFC365D77&sortorder=asc&column=section HTTP/1.1" 200 111580
20.171.207.223 - - [16/Feb/2025:01:12:12 +0100] "GET /ticket2/opencms/set_aff_cookie.jsp?partner=2E02071B-A8C3-4CBA-3097-C27D61C02ED8&url=%252Ffi%252Fbuy%252Findex.html%253Fpage%253D1%2526edid%253D038E9D5D-F853-3E62-678F-9F575C0DA65A%2526hlv%253D611baa8f-7bdc-4f2b-b626-45010a01000f%2523v_1835053052 HTTP/1.1" 200 247
34.230.124.21 - - [16/Feb/2025:01:12:13 +0100] "GET /ticket2/opencms/be/buy/?edid=C68D3A19-7AB1-B0F6-2F8E-E937CB754241&page=1 HTTP/1.1" 200 134223
114.119.151.93 - - [16/Feb/2025:01:12:13 +0100] "GET /ticket2/opencms/lt/buy?page=1&=CA58C888-F6D9-C60F-ADB8-6143B0EE43C9 HTTP/1.1" 200 -
195.191.219.131 - - [16/Feb/2025:01:12:13 +0100] "GET /ticket2/opencms/fi/buy/?page=1&edid=BF8D38D6-BFC5-94DC-F957-47D6FB3C9AF0 HTTP/1.1" 200 107696
192.95.30.21 - - [16/Feb/2025:01:12:15 +0100] "GET /ticket2/opencms/sv/login/?edid=44CED33F-42AD-C6D4-14A9-7231DC34EF67 HTTP/1.1" 200 91512
20.171.207.223 - - [16/Feb/2025:01:12:15 +0100] "GET /ticket2/opencms/set_aff_cookie.jsp?partner=8F6DE15D-D831-5787-AE7E-FEFF53476F85&url=%252Fru%252Fbuy%252Findex.html%253Fpage%253D1%2526edid%253D0AF722C7-398C-BD7F-56C9-079824699138%2526hlv%253D60f81a7b-adc4-4cf9-a054-5d1e0a01000f%2523v_1209136558 HTTP/1.1" 200 247
94.74.90.73 - - [16/Feb/2025:01:12:15 +0100] "GET /ticket2/opencms/az/buy?page=1&edid=FC400B0C-3F35-28FE-BA32-45A117020656 HTTP/1.1" 200 112243
95.91.104.62 - - [16/Feb/2025:01:12:16 +0100] "GET /ticket2/opencms/dk/buy/?page=1&edid=A6C4D480-69FB-83C2-D404-544032F1E834&sortorder=desc&column=row HTTP/1.1" 200 110485
52.207.47.227 - - [16/Feb/2025:01:12:16 +0100] "GET /ticket2/opencms/be/buy/?edid=C8B54E4D-ACCA-9CAC-8303-90318E9CF170&page=1 HTTP/1.1" 200 114075
20.171.207.223 - - [16/Feb/2025:01:12:16 +0100] "GET /ticket2/opencms/set_aff_cookie.jsp?partner=57601924-FB09-5BB2-867F-08B4EB522BA8&url=%252Fnl%252Fbuy%252Findex.html%253Fpage%253D1%2526edid%253DC40B04F3-522D-9ED3-C6F9-40FD85E2C8C7%2526hlv%253D61127dd6-4464-4f56-98e6-2fdb0a01000f%2523v_966748582 HTTP/1.1" 200 246
195.191.219.131 - - [16/Feb/2025:01:12:17 +0100] "GET /ticket2/opencms/fi/buy/?page=1&edid=D04A2A75-C354-C952-6F83-6468E82B896B HTTP/1.1" 200 110743
52.167.144.161 - - [16/Feb/2025:01:12:17 +0100] "GET /ticket2/opencms/sk/buy?page=1&edid=5BBE11E9-221E-0388-81D1-7607B43518F1 HTTP/1.1" 200 111311
173.252.83.10 - - [16/Feb/2025:01:12:18 +0100] "GET /ticket2/opencms/sq/buy?page=1&edid=4660DE29-C3F1-FFBE-5E6B-4C74E874EC91 HTTP/1.1" 200 112784
192.95.30.21 - - [16/Feb/2025:01:12:19 +0100] "GET /ticket2/opencms/sv/login/?edid=44FBC1CF-A416-2795-B9FA-E57E9A79C34D HTTP/1.1" 200 91451
100.28.44.58 - - [16/Feb/2025:01:12:21 +0100] "GET /ticket2/opencms/be/buy/?edid=CDC8380D-9E34-4AA8-C5EB-B98118612E7B&page=1 HTTP/1.1" 200 123848
195.191.219.131 - - [16/Feb/2025:01:12:21 +0100] "GET /ticket2/opencms/fi/buy/?page=1&edid=D82A55E9-700E-0A50-F575-755C8E3E7147 HTTP/1.1" 200 110831
20.171.207.223 - - [16/Feb/2025:01:12:23 +0100] "GET /ticket2/opencms/set_aff_cookie.jsp?partner=6F250EA7-4505-FA01-D601-8847F2573405&url=%252Fen%252Fbuy%252Findex.html%253Fpage%253D1%2526edid%253D5EBD2CAF-0480-558F-38B0-42EFEC65C121%2526hlv%253D6115228b-bf24-494e-acd4-07410a01000f%2523v_2050516429 HTTP/1.1" 200 247
192.95.30.21 - - [16/Feb/2025:01:12:23 +0100] "GET /ticket2/opencms/sv/login/?edid=45F6B2AD-17A6-3A66-C509-85761B6A5E9A HTTP/1.1" 200 91469
52.2.83.227 - - [16/Feb/2025:01:12:24 +0100] "GET /ticket2/opencms/be/buy/?edid=CFE3AD1D-4887-F2C9-CE30-778894EF867F&page=1 HTTP/1.1" 200 120261
20.171.207.223 - - [16/Feb/2025:01:12:24 +0100] "GET /ticket2/opencms/set_aff_cookie.jsp?partner=5E0CDF29-E7BE-9F6B-6869-7BF66B04006F&url=%252Fnl%252Fbuy%252Findex.html%253Fpage%253D1%2526edid%253D3F6B6B17-F159-59CA-9275-25779C692B45%2526hlv%253D60c9f38e-1440-4997-b99b-2bbd0a01000f%2523v_478957752 HTTP/1.1" 200 246
195.191.219.131 - - [16/Feb/2025:01:12:25 +0100] "GET /ticket2/opencms/fi/buy/?page=1&edid=D8A9B55B-90B1-065C-5A4F-22204AB6F0EC HTTP/1.1" 200 110289
20.171.207.223 - - [16/Feb/2025:01:12:26 +0100] "GET /ticket2/opencms/set_aff_cookie.jsp?partner=57601924-FB09-5BB2-867F-08B4EB522BA8&url=%252Fen%252Fbuy%252Findex.html%253Fpage%253D1%2526edid%253DE7560AB3-0BA2-E806-DEFE-5D8CC4C6CAA3%2526hlv%253D610bcffc-5528-4ac1-a1d0-16270a01000f%2523v_1468141672 HTTP/1.1" 200 247
54.36.148.227 - - [16/Feb/2025:01:12:26 +0100] "GET /ticket2/opencms/pl/buy?page=1&edid=D4F26649-49E7-D9AD-008F-6A1EF16B5F3C HTTP/1.1" 200 126937
192.95.30.21 - - [16/Feb/2025:01:12:27 +0100] "GET /ticket2/opencms/sv/login/?edid=463B85F1-158C-B9D0-587B-5FBBABC2ECA2 HTTP/1.1" 200 91379
52.45.77.169 - - [16/Feb/2025:01:12:28 +0100] "GET /ticket2/opencms/be/buy/?edid=D5993B62-7816-676A-D732-F9106CE20C20&page=1 HTTP/1.1" 200 110862
20.171.207.223 - - [16/Feb/2025:01:12:29 +0100] "GET /ticket2/opencms/set_aff_cookie.jsp?partner=692E2C6A-EC6F-1C93-AFCC-C5ACC23A93EA&url=%252Fnl%252Fbuy%252Findex.html%253Fpage%253D1%2526edid%253D2719FEF6-C3A2-38D8-D55F-559BB24F7DCB%2526hlv%253D610bce74-8e8c-4637-9abb-16270a01000f%2523v_1330865852 HTTP/1.1" 200 247
195.191.219.131 - - [16/Feb/2025:01:12:30 +0100] "GET /ticket2/opencms/fi/buy/?page=1&edid=E812DC98-AE38-97F5-2101-8A924E9CC5AE HTTP/1.1" 200 120735
95.91.104.62 - - [16/Feb/2025:01:12:30 +0100] "GET /ticket2/opencms/dk/buy/?page=1&edid=A7D95905-7BDA-50BA-8772-CC73300FE2E6&sortorder=desc&column=row HTTP/1.1" 200 110021
20.171.207.223 - - [16/Feb/2025:01:12:30 +0100] "GET /ticket2/opencms/set_aff_cookie.jsp?partner=6F250EA7-4505-FA01-D601-8847F2573405&url=%252Fnl%252Fbuy%252Findex.html%253Fpage%253D1%2526edid%253D4D091DAA-A6FD-9335-E2FA-E89697CE58C9%2526hlv%253D61475a7e-0edc-422f-a862-0bb40a01000f%2523v_2090252689 HTTP/1.1" 200 247
85.208.96.202 - - [16/Feb/2025:01:12:31 +0100] "GET /ticket2/opencms/lv/magazine/article?title=atklaj-la-liga-tiesraide-iegadajies-biletes-vietne-ticket2 HTTP/1.1" 200 94161
20.171.207.223 - - [16/Feb/2025:01:12:31 +0100] "GET /ticket2/opencms/set_aff_cookie.jsp?partner=2E02071B-A8C3-4CBA-3097-C27D61C02ED8&url=%252Fnl%252Fbuy%252Findex.html%253Fpage%253D1%2526edid%253D681ED521-EBC9-E1AB-D0B9-DB2B7375D564%2526hlv%253D60f81639-7360-47dc-86c1-5b6e0a01000f%2523v_469561925 HTTP/1.1" 200 246
192.95.30.21 - - [16/Feb/2025:01:12:31 +0100] "GET /ticket2/opencms/sv/login/?edid=4660DE29-C3F1-FFBE-5E6B-4C74E874EC91 HTTP/1.1" 200 91526
44.208.223.68 - - [16/Feb/2025:01:12:32 +0100] "GET /ticket2/opencms/be/buy/?edid=D67B497F-CF10-C7AE-77D9-D57AFD6ED0DB&page=1 HTTP/1.1" 200 111142
20.171.207.223 - - [16/Feb/2025:01:12:33 +0100] "GET /ticket2/opencms/set_aff_cookie.jsp?partner=57601924-FB09-5BB2-867F-08B4EB522BA8&url=%252Fno%252Fbuy%252Findex.html%253Fpage%253D1%2526edid%253D3754A801-0360-9F1A-6DA4-BE3220BB9FC0%2526hlv%253D614c78df-3bc8-40fe-888f-192e0a01000f%2523v_2094299431 HTTP/1.1" 200 247
195.191.219.131 - - [16/Feb/2025:01:12:33 +0100] "GET /ticket2/opencms/fi/buy/?page=1&edid=F470DBBF-86C7-739C-C511-DD5626B6BC19 HTTP/1.1" 200 110761
95.91.104.62 - - [16/Feb/2025:01:12:34 +0100] "GET /ticket2/opencms/dk/buy/?page=1&edid=A80995E7-8771-9176-CE64-C467ADECCBC7&sortorder=desc&column=price HTTP/1.1" 200 111931
66.249.79.33 - - [16/Feb/2025:01:12:34 +0100] "GET /ticket2/opencms/es/buy?page=1&edid=57C8D150-DCBD-4911-196A-160A37952FA8 HTTP/1.1" 200 135354
185.191.171.15 - - [16/Feb/2025:01:12:34 +0100] "GET /ticket2/opencms/bg/magazine/article?title=eredivizi HTTP/1.1" 200 98043
20.171.207.223 - - [16/Feb/2025:01:12:35 +0100] "GET /ticket2/opencms/set_aff_cookie.jsp?partner=692E2C6A-EC6F-1C93-AFCC-C5ACC23A93EA&url=%252Fen%252Fbuy%252Findex.html%253Fpage%253D1%2526edid%253D1922F4C1-0D89-1ACA-A50D-EFC3C58AA17B%2526hlv%253D60f5c537-bd8c-4c82-87aa-1de00a01000f%2523v_1964531614 HTTP/1.1" 200 247
192.95.30.21 - - [16/Feb/2025:01:12:35 +0100] "GET /ticket2/opencms/sv/login/?edid=46DDC203-41AB-936F-F42F-3447B1C39BFC HTTP/1.1" 200 91480
98.83.72.38 - - [16/Feb/2025:01:12:37 +0100] "GET /ticket2/opencms/be/buy/?edid=D96122AD-C3AA-80F5-DDA8-935E03AE952D&page=1 HTTP/1.1" 200 137284
54.36.148.19 - - [16/Feb/2025:01:12:37 +0100] "GET /ticket2/opencms/no/buy?page=1&edid=56062CAE-66F5-81C7-DD42-F372CD5AE180 HTTP/1.1" 200 111635
114.119.145.123 - - [16/Feb/2025:01:12:37 +0100] "GET /ticket2/opencms/en/venue/?venueid=0C203D5B-81E0-DD4B-D85D-9F4614266613 HTTP/1.1" 200 85391
95.91.104.62 - - [16/Feb/2025:01:12:38 +0100] "GET /ticket2/opencms/dk/buy/?page=1&edid=BAF33BAB-F3FE-A596-F7A7-D750C5098FEC&sortorder=asc&column=section HTTP/1.1" 200 112148
192.95.30.21 - - [16/Feb/2025:01:12:39 +0100] "GET /ticket2/opencms/sv/login/?edid=46ED3103-DE6B-A6DD-76D4-FB2A3432E453 HTTP/1.1" 200 91513
20.171.207.223 - - [16/Feb/2025:01:12:39 +0100] "GET /ticket2/opencms/set_aff_cookie.jsp?partner=8F6DE15D-D831-5787-AE7E-FEFF53476F85&url=%252Fno%252Fbuy%252Findex.html%253Fpage%253D1%2526edid%253DFE4C6929-80ED-F368-D1A9-B2373F77A4AE%2526hlv%253D61127563-a974-49fb-9fec-2bd10a01000f%2523v_180215971 HTTP/1.1" 200 246
20.171.207.223 - - [16/Feb/2025:01:12:41 +0100] "GET /ticket2/opencms/set_aff_cookie.jsp?partner=6F250EA7-4505-FA01-D601-8847F2573405&url=%252Fru%252Fbuy%252Findex.html%253Fpage%253D1%2526edid%253D1E25B326-4F8F-7BA0-5AB1-018D89AC8C22%2526hlv%253D60f811ce-f23c-4c87-80af-5a960a01000f%2523v_1212519820 HTTP/1.1" 200 247
23.21.225.190 - - [16/Feb/2025:01:12:41 +0100] "GET /ticket2/opencms/be/buy/?edid=D9F2239E-EF6A-EAF8-CB00-12A5392DA498&page=1 HTTP/1.1" 200 133899
95.91.104.62 - - [16/Feb/2025:01:12:42 +0100] "GET /ticket2/opencms/dk/buy/?page=1&edid=BC0640B2-F0A4-FC1E-E720-5165EC166C36&sortorder=asc&column=price HTTP/1.1" 200 108152
192.95.30.21 - - [16/Feb/2025:01:12:44 +0100] "GET /ticket2/opencms/sv/login/?edid=47C0370F-9915-7673-E038-7AD65907592C HTTP/1.1" 200 91521
54.225.199.17 - - [16/Feb/2025:01:12:45 +0100] "GET /ticket2/opencms/be/buy/?edid=DC8C6DF9-1F64-EF64-EDCA-FE833C9E28DD&page=1 HTTP/1.1" 200 110916
20.171.207.223 - - [16/Feb/2025:01:12:45 +0100] "GET /ticket2/opencms/set_aff_cookie.jsp?partner=8F6DE15D-D831-5787-AE7E-FEFF53476F85&url=%252Fru%252Fbuy%252Findex.html%253Fpage%253D1%2526edid%253D8934C2AC-6876-4053-807F-3C9624A74CB0%2526hlv%253D611bc86f-4234-4fa0-9a57-50480a01000f%2523v_208822928 HTTP/1.1" 200 246
95.91.104.62 - - [16/Feb/2025:01:12:46 +0100] "GET /ticket2/opencms/dk/buy/?page=1&edid=BC4B2DC9-87D1-1B87-AA3A-E251321C133F&sortorder=asc&column=section HTTP/1.1" 200 111450
195.191.219.131 - - [16/Feb/2025:01:12:46 +0100] "GET /ticket2/opencms/fi/buy/?page=1&edid=F9CBDA74-1975-ACB0-9F7B-F63B7B1D5539 HTTP/1.1" 200 110729
20.171.207.223 - - [16/Feb/2025:01:12:48 +0100] "GET /ticket2/opencms/set_aff_cookie.jsp?partner=5E0CDF29-E7BE-9F6B-6869-7BF66B04006F&url=%252Fdk%252Fbuy%252Findex.html%253Fpage%253D1%2526edid%253DF3756B07-2F5C-FFFD-72BE-0A74CDBD5EA0%2526hlv%253D6149ec5e-d63c-4d8c-80fc-1f820a01000f%2523v_417450295 HTTP/1.1" 200 246
157.55.39.6 - - [16/Feb/2025:01:12:48 +0100] "GET /ticket2/opencms/nl/buy/?page=1&edid=D63941C3-9D9D-1874-34EF-F67984762D0B HTTP/1.1" 200 108403
192.95.30.21 - - [16/Feb/2025:01:12:48 +0100] "GET /ticket2/opencms/sv/login/?edid=486EB1CD-95BE-ED77-9E64-4E49BB28C6F8 HTTP/1.1" 200 91473
20.171.207.223 - - [16/Feb/2025:01:12:49 +0100] "GET /ticket2/opencms/set_aff_cookie.jsp?partner=6F250EA7-4505-FA01-D601-8847F2573405&url=%252Ffi%252Fbuy%252Findex.html%253Fpage%253D1%2526edid%253D7EF10304-98E0-2B58-2938-76F08ACE3694%2526hlv%253D60f81f20-9d5c-4a2b-b7d3-5dba0a01000f%2523v_289963307 HTTP/1.1" 200 246
95.91.104.62 - - [16/Feb/2025:01:12:50 +0100] "GET /ticket2/opencms/dk/buy/?page=1&edid=BF40BAC7-A9FF-D877-E4C0-6A1A339DA42F&sortorder=desc&column=row HTTP/1.1" 200 112000
195.191.219.131 - - [16/Feb/2025:01:12:50 +0100] "GET /ticket2/opencms/fi/buy/?page=1&edid=FC000D61-FABC-A881-9E2E-0971242A71A3 HTTP/1.1" 200 110774
20.171.207.223 - - [16/Feb/2025:01:12:50 +0100] "GET /ticket2/opencms/set_aff_cookie.jsp?partner=8F6DE15D-D831-5787-AE7E-FEFF53476F85&url=%252Fdk%252Fbuy%252Findex.html%253Fpage%253D1%2526edid%253D097474E7-8A8F-522A-B62A-D10F10D973DA%2526hlv%253D61127b50-c454-4a04-8546-2e4f0a01000f%2523v_331598447 HTTP/1.1" 200 246
100.29.164.178 - - [16/Feb/2025:01:12:50 +0100] "GET /ticket2/opencms/be/buy/?edid=DD06A750-81DC-2084-5EA7-F99D030C75E7&page=1 HTTP/1.1" 200 137497
192.95.30.21 - - [16/Feb/2025:01:12:52 +0100] "GET /ticket2/opencms/sv/login/?edid=48E72B51-00CE-CE36-D8BB-29D37358C55B HTTP/1.1" 200 91517
3.226.106.93 - - [16/Feb/2025:01:12:52 +0100] "GET /ticket2/opencms/be/buy/?edid=DE0D0DE3-BA42-3783-5C74-6058213C61AE&page=1 HTTP/1.1" 200 110826
95.91.104.62 - - [16/Feb/2025:01:12:54 +0100] "GET /ticket2/opencms/dk/buy/?page=1&edid=C10D9635-5494-FEA9-6350-024287F4715F&sortorder=asc&column=section HTTP/1.1" 200 110990
195.191.219.131 - - [16/Feb/2025:01:12:54 +0100] "GET /ticket2/opencms/fi/buy/?page=10&eventid=29425CD0-51B2-1314-2678-3AB7A21FD119&venueid=6D8A0FE7-2FEF-4BDE-AC7E-1937EABDAEF4 HTTP/1.1" 200 99516
124.243.178.155 - - [16/Feb/2025:01:12:54 +0100] "GET /ticket2/opencms/az/buy?page=1&edid=A50C9DBA-FE79-ABA2-A67C-ED9083C7A802 HTTP/1.1" 200 90558
20.171.207.223 - - [16/Feb/2025:01:12:54 +0100] "GET /ticket2/opencms/set_aff_cookie.jsp?partner=692E2C6A-EC6F-1C93-AFCC-C5ACC23A93EA&url=%252Fnl%252Fbuy%252Findex.html%253Fpage%253D1%2526edid%253D6619AF23-B82A-4933-7AAB-7FCD989DC8B0%2526hlv%253D60ca1e3e-c360-41e7-aece-41190a01000f%2523v_826660534 HTTP/1.1" 200 246
20.171.207.223 - - [16/Feb/2025:01:12:56 +0100] "GET /ticket2/opencms/set_aff_cookie.jsp?partner=2E02071B-A8C3-4CBA-3097-C27D61C02ED8&url=%252Fen%252Fbuy%252Findex.html%253Fpage%253D1%2526edid%253D75E717A6-CA77-1376-528F-F251ACBD0624%2526hlv%253D610bcfb5-784c-493b-aa3c-146b0a01000f%2523v_1408991122 HTTP/1.1" 200 247
192.95.30.21 - - [16/Feb/2025:01:12:56 +0100] "GET /ticket2/opencms/sv/login/?edid=4D379F8B-AE2A-EBF4-6C2E-EB40FFD2EAEF HTTP/1.1" 200 91454
18.214.251.19 - - [16/Feb/2025:01:12:56 +0100] "GET /ticket2/opencms/be/buy/?edid=E0DCB6F1-32E5-4B69-7659-12DFC9BB0380&page=1 HTTP/1.1" 200 113175
20.171.207.223 - - [16/Feb/2025:01:12:57 +0100] "GET /ticket2/opencms/set_aff_cookie.jsp?partner=692E2C6A-EC6F-1C93-AFCC-C5ACC23A93EA&url=%252Fen%252Fbuy%252Findex.html%253Fpage%253D1%2526edid%253D497CFADB-43B9-65B9-4674-F7F3D004A91F%2526hlv%253D6145d39e-dff8-4a73-81bf-6b830a01000f%2523v_1035961282 HTTP/1.1" 200 247
195.191.219.131 - - [16/Feb/2025:01:12:57 +0100] "GET /ticket2/opencms/fi/buy/?page=10&eventid=6BFEAC6D-603C-86F7-45AA-ABF1A48CE94F&venueid=7943BD7F-85DA-A73F-DD60-967562D19B0E HTTP/1.1" 200 98857
95.91.104.62 - - [16/Feb/2025:01:12:58 +0100] "GET /ticket2/opencms/dk/buy/?page=1&edid=C2A51360-6A0D-EA25-5FF4-CC9351F00343&sortorder=asc&column=section HTTP/1.1" 200 112126
20.171.207.223 - - [16/Feb/2025:01:12:58 +0100] "GET /ticket2/opencms/set_aff_cookie.jsp?partner=8F6DE15D-D831-5787-AE7E-FEFF53476F85&url=%252Fru%252Fbuy%252Findex.html%253Fpage%253D1%2526edid%253DCA3FABDD-43B5-8DDC-6DAC-2917B68B145E%2526hlv%253D60c9f21e-4d14-4ca4-94a5-299e0a01000f%2523v_1434720053 HTTP/1.1" 200 247
54.36.148.72 - - [16/Feb/2025:01:12:59 +0100] "GET /ticket2/opencms/uk/buy?page=1&edid=24655ACD-2857-6493-1E75-CE7F2FE875D2 HTTP/1.1" 200 114230
192.95.30.21 - - [16/Feb/2025:01:12:59 +0100] "GET /ticket2/opencms/sv/login/?edid=4DF0D9FC-63B4-BC0C-C1C6-5A8F2E684398 HTTP/1.1" 200 91357
54.156.55.147 - - [16/Feb/2025:01:13:01 +0100] "GET /ticket2/opencms/be/buy/?edid=E8BA54CC-B112-3D61-BE02-1B4D1E4F63D1&page=1 HTTP/1.1" 200 136436
95.91.104.62 - - [16/Feb/2025:01:13:02 +0100] "GET /ticket2/opencms/dk/buy/?page=1&edid=C2A51360-6A0D-EA25-5FF4-CC9351F00343&sortorder=desc&column=row HTTP/1.1" 200 112046
20.171.207.223 - - [16/Feb/2025:01:13:02 +0100] "GET /ticket2/opencms/set_aff_cookie.jsp?partner=2E02071B-A8C3-4CBA-3097-C27D61C02ED8&url=%252Fno%252Fbuy%252Findex.html%253Fpage%253D1%2526edid%253DA11B886E-58FD-585E-C844-3A5188D11667%2526hlv%253D6149f42b-ed7c-4570-9e64-258b0a01000f%2523v_1865158760 HTTP/1.1" 200 247
20.171.207.223 - - [16/Feb/2025:01:13:04 +0100] "GET /ticket2/opencms/set_aff_cookie.jsp?partner=5E0CDF29-E7BE-9F6B-6869-7BF66B04006F&url=%252Fsv%252Fbuy%252Findex.html%253Fpage%253D1%2526edid%253DCF3BDDE8-6C6B-F85B-528C-11C48A316B2B%2526hlv%253D614ed4d5-6be0-4f0f-b283-7ae80a01000f%2523v_1589737928 HTTP/1.1" 200 247
192.95.30.21 - - [16/Feb/2025:01:13:04 +0100] "GET /ticket2/opencms/sv/login/?edid=4DFD725A-4EAE-5578-E2C8-F093AEA223CD HTTP/1.1" 200 91477
100.29.164.178 - - [16/Feb/2025:01:13:04 +0100] "GET /ticket2/opencms/be/buy/?edid=E9F0B041-BF0A-CE11-045F-89CD49D4FA7D&page=1 HTTP/1.1" 200 116965
20.171.207.223 - - [16/Feb/2025:01:13:05 +0100] "GET /ticket2/opencms/set_aff_cookie.jsp?partner=6F250EA7-4505-FA01-D601-8847F2573405&url=%252Fru%252Fbuy%252Findex.html%253Fpage%253D1%2526edid%253D0C5C9043-4446-42CC-4F8E-C746AC0B1F53%2526hlv%253D60c9eba7-cf5c-4544-8e75-280b0a01000f%2523v_610147928 HTTP/1.1" 200 246
54.36.148.233 - - [16/Feb/2025:01:13:05 +0100] "GET /ticket2/opencms/sr/buy?page=1&edid=4EF4CC9A-B0ED-46BC-F297-21E10A9EA6B6 HTTP/1.1" 200 112512
95.91.104.62 - - [16/Feb/2025:01:13:06 +0100] "GET /ticket2/opencms/dk/buy/?page=1&edid=C3C3C4B4-8DE9-0BBD-5349-6EF9935BCF15&sortorder=asc&column=row HTTP/1.1" 200 110308
192.95.30.21 - - [16/Feb/2025:01:13:07 +0100] "GET /ticket2/opencms/sv/login/?edid=4EEBDF1A-3C1D-BDB9-B11A-8D66ED171C2B HTTP/1.1" 200 91433
54.159.18.27 - - [16/Feb/2025:01:13:09 +0100] "GET /ticket2/opencms/be/buy/?edid=EC9F155C-D7A4-D175-1C63-F69B97D44FFB&page=1 HTTP/1.1" 200 134165
95.91.104.62 - - [16/Feb/2025:01:13:10 +0100] "GET /ticket2/opencms/dk/buy/?page=1&edid=D4AE18EB-89B6-CB63-7190-1A9E1DD061D4&sortorder=desc&column=section HTTP/1.1" 200 108239
20.171.207.223 - - [16/Feb/2025:01:13:11 +0100] "GET /ticket2/opencms/set_aff_cookie.jsp?partner=692E2C6A-EC6F-1C93-AFCC-C5ACC23A93EA&url=%252Fdk%252Fbuy%252Findex.html%253Fpage%253D1%2526edid%253DF47DF802-2646-14FD-FC5A-796CF117DF06%2526hlv%253D61127b0d-3afc-4ebf-9d18-2e4e0a01000f%2523v_365100609 HTTP/1.1" 200 246
195.191.219.131 - - [16/Feb/2025:01:13:11 +0100] "GET /ticket2/opencms/fi/buy/?page=10&eventid=A8C3CD81-201D-B4A4-E52D-57A2F254AB92&venueid=696CF794-7D31-9FC6-0B42-8ABB3E78F390 HTTP/1.1" 200 94519
192.95.30.21 - - [16/Feb/2025:01:13:11 +0100] "GET /ticket2/opencms/sv/login/?edid=511F4D14-32A6-951A-CF83-6CDB1707BEA4 HTTP/1.1" 200 91546
20.171.207.223 - - [16/Feb/2025:01:13:12 +0100] "GET /ticket2/opencms/set_aff_cookie.jsp?partner=8F6DE15D-D831-5787-AE7E-FEFF53476F85&url=%252Fru%252Fbuy%252Findex.html%253Fpage%253D1%2526edid%253D8A1D7FDE-61D9-CA78-3F14-088E085C1428%2526hlv%253D610bcc6e-ece8-4977-8f49-155c0a01000f%2523v_1282739401 HTTP/1.1" 200 247
47.128.33.71 - - [16/Feb/2025:01:13:12 +0100] "GET /ticket2/opencms/ga/buy/?edid=6ED08D04-7263-AC79-DA04-AFB97DC97A00 HTTP/1.1" 200 91760
20.171.207.223 - - [16/Feb/2025:01:13:13 +0100] "GET /ticket2/opencms/set_aff_cookie.jsp?partner=6F250EA7-4505-FA01-D601-8847F2573405&url=%252Fen%252Fbuy%252Findex.html%253Fpage%253D1%2526edid%253DDD7009E0-BEDD-5FDF-FBEC-9803C9276491%2526hlv%253D611babab-ae18-4f25-acc2-45c30a01000f%2523v_1902121088 HTTP/1.1" 200 247
44.195.50.71 - - [16/Feb/2025:01:13:13 +0100] "GET /ticket2/opencms/be/buy/?edid=EE1094B0-5F8D-7F5A-3592-6F4F9BDBF532&page=1 HTTP/1.1" 200 137587
95.91.104.62 - - [16/Feb/2025:01:13:13 +0100] "GET /ticket2/opencms/dk/buy/?page=1&edid=ED58C87A-DACC-536D-405C-4E12BB2B9BDC&sortorder=asc&column=row HTTP/1.1" 200 111286
192.95.30.21 - - [16/Feb/2025:01:13:15 +0100] "GET /ticket2/opencms/sv/login/?edid=517A50ED-F64F-1CFB-FDC1-54D2A7704E06 HTTP/1.1" 200 91563
195.191.219.131 - - [16/Feb/2025:01:13:16 +0100] "GET /ticket2/opencms/fi/buy/?page=6&comcatid=A17713B6-D984-201A-4143-ED4DB5ED5C2E&catid=0A6C99D2-F5BD-7A18-9A5F-5668827042E0&eventid=AF9FA49A-6673-4DB3-CFBA-78E9C1C516AC HTTP/1.1" 200 109555
184.72.84.154 - - [16/Feb/2025:01:13:16 +0100] "GET /ticket2/opencms/be/buy/?edid=F6F96A56-F5DB-5CCB-7CBF-891CB25B6D4A&page=1 HTTP/1.1" 200 110949
173.252.83.10 - - [16/Feb/2025:01:13:16 +0100] "GET /ticket2/opencms/cs/buy/?page=1&edid=E46B7BC6-4C27-35AD-CA54-AE12489EE42A HTTP/1.1" 200 111825
95.91.104.62 - - [16/Feb/2025:01:13:17 +0100] "GET /ticket2/opencms/dk/buy/?page=1&edid=EE0B5545-A4DD-24A5-CE2A-0376591DD1C7&sortorder=asc&column=price HTTP/1.1" 200 108159
20.171.207.223 - - [16/Feb/2025:01:13:17 +0100] "GET /ticket2/opencms/set_aff_cookie.jsp?partner=8F6DE15D-D831-5787-AE7E-FEFF53476F85&url=%252Fen%252Fbuy%252Findex.html%253Fpage%253D1%2526edid%253DC5BE8910-C31D-1B7A-D498-4C5862D3F5A8%2526hlv%253D6145b70c-74b8-4eec-8eca-62e90a01000f%2523v_812507923 HTTP/1.1" 200 246
20.171.207.223 - - [16/Feb/2025:01:13:19 +0100] "GET /ticket2/opencms/set_aff_cookie.jsp?partner=692E2C6A-EC6F-1C93-AFCC-C5ACC23A93EA&url=%252Fru%252Fbuy%252Findex.html%253Fpage%253D1%2526edid%253D2DEDC008-A8E2-8338-9113-89CEDCB5E81A%2526hlv%253D60ca09d3-54b0-40ae-9b0e-36280a01000f%2523v_1881085290 HTTP/1.1" 200 247
54.36.148.88 - - [16/Feb/2025:01:13:19 +0100] "GET /ticket2/opencms/cs/buy?page=1&edid=4EF4CC9A-B0ED-46BC-F297-21E10A9EA6B6 HTTP/1.1" 200 111771
192.95.30.21 - - [16/Feb/2025:01:13:19 +0100] "GET /ticket2/opencms/sv/login/?edid=53C1FCAB-7989-5EF8-3F19-6DBACF1FA24F HTTP/1.1" 200 91399
20.171.207.223 - - [16/Feb/2025:01:13:20 +0100] "GET /ticket2/opencms/set_aff_cookie.jsp?partner=57601924-FB09-5BB2-867F-08B4EB522BA8&url=%252Ffi%252Fbuy%252Findex.html%253Fpage%253D1%2526edid%253D73A0CE9A-5EBB-FE53-CE06-D8F253C63B51%2526hlv%253D611bd36d-7eac-4c08-a0ce-57120a01000f%2523v_1509514358 HTTP/1.1" 200 247
195.191.219.131 - - [16/Feb/2025:01:13:20 +0100] "GET /ticket2/opencms/fi/buy/?page=6&comcatid=A17713B6-D984-201A-4143-ED4DB5ED5C2E&catid=36394212-F82E-F845-399B-42BED55969CC&eventid=FF812D0C-FCB2-7645-0CFD-1ACFB0013262 HTTP/1.1" 200 112232
20.171.207.223 - - [16/Feb/2025:01:13:21 +0100] "GET /ticket2/opencms/set_aff_cookie.jsp?partner=692E2C6A-EC6F-1C93-AFCC-C5ACC23A93EA&url=%252Ffi%252Fbuy%252Findex.html%253Fpage%253D1%2526edid%253D1262C5E9-4459-6D63-F273-010CB7E37FF2%2526hlv%253D60ca1483-545c-4484-9995-3ad80a01000f%2523v_1391722957 HTTP/1.1" 200 247
44.215.210.112 - - [16/Feb/2025:01:13:21 +0100] "GET /ticket2/opencms/be/buy/?edid=FB5480CB-FDB3-16C8-62C0-C378411EBA39&page=1 HTTP/1.1" 200 134245
95.91.104.62 - - [16/Feb/2025:01:13:21 +0100] "GET /ticket2/opencms/dk/buy/?page=1&edid=EE831D81-430C-2742-EF81-913C033FACF9&sortorder=asc&column=section HTTP/1.1" 200 112159
185.191.171.13 - - [16/Feb/2025:01:13:22 +0100] "GET /ticket2/opencms/it/sport/biglietti-calcio/premier-league/ HTTP/1.1" 200 102977
18.208.11.93 - - [16/Feb/2025:01:13:24 +0100] "GET /ticket2/opencms/be/buy/?edid=FCF728A3-440F-219A-F294-671476E9F932&page=1 HTTP/1.1" 200 116918
195.191.219.131 - - [16/Feb/2025:01:13:24 +0100] "GET /ticket2/opencms/fi/buy/?page=6&comcatid=A17713B6-D984-201A-4143-ED4DB5ED5C2E&catid=A7674DEA-B39E-502C-2F76-760AE08947E9&eventid=53F27A05-DBF6-27A7-B680-C587F93AF7CA HTTP/1.1" 200 107670
20.171.207.223 - - [16/Feb/2025:01:13:25 +0100] "GET /ticket2/opencms/set_aff_cookie.jsp?partner=2E02071B-A8C3-4CBA-3097-C27D61C02ED8&url=%252Fno%252Fbuy%252Findex.html%253Fpage%253D1%2526edid%253DE45E8CAC-C9E1-5B17-FCDC-FD9DFD7F01BC%2526hlv%253D60f81f77-a40c-41dd-9e7d-603c0a01000f%2523v_1146099951 HTTP/1.1" 200 247
95.91.104.62 - - [16/Feb/2025:01:13:26 +0100] "GET /ticket2/opencms/dk/buy/?page=1&edid=F0BB4202-2944-A849-AD75-EF4C542F402F&sortorder=desc&column=price HTTP/1.1" 200 110263
20.171.207.223 - - [16/Feb/2025:01:13:27 +0100] "GET /ticket2/opencms/set_aff_cookie.jsp?partner=8F6DE15D-D831-5787-AE7E-FEFF53476F85&url=%252Fdk%252Fbuy%252Findex.html%253Fpage%253D1%2526edid%253DFD59DED4-6E14-E085-382D-C3619CCA9FA8%2526hlv%253D611519b5-b710-4796-8414-7eaa0a01000f%2523v_1043383651 HTTP/1.1" 200 247
20.171.207.223 - - [16/Feb/2025:01:13:28 +0100] "GET /ticket2/opencms/set_aff_cookie.jsp?partner=57601924-FB09-5BB2-867F-08B4EB522BA8&url=%252Fru%252Fbuy%252Findex.html%253Fpage%253D1%2526edid%253D1262C5E9-4459-6D63-F273-010CB7E37FF2%2526hlv%253D60ca1650-9b30-4d0c-a066-3ad80a01000f%2523v_1188710832 HTTP/1.1" 200 247
195.191.219.131 - - [16/Feb/2025:01:13:28 +0100] "GET /ticket2/opencms/fi/login/?edid=16BA48F9-E787-F00A-EC7D-F97A99AECBFB HTTP/1.1" 200 91841
52.167.144.161 - - [16/Feb/2025:01:13:28 +0100] "GET /ticket2/opencms/be/buy?page=1&edid=4D379F8B-AE2A-EBF4-6C2E-EB40FFD2EAEF HTTP/1.1" 200 113637
18.211.148.239 - - [16/Feb/2025:01:13:28 +0100] "GET /ticket2/opencms/be/buy/?catid=061607E6-22B7-6FFA-03FD-A4B8B13A943F&comcatid=A17713B6-D984-201A-4143-ED4DB5ED5C2E HTTP/1.1" 200 104134
52.167.144.161 - - [16/Feb/2025:01:13:29 +0100] "GET /ticket2/opencms/sl/buy/?page=1&edid=C065E77D-CAA2-653C-DADC-24A01CBF0EB5 HTTP/1.1" 200 111654
95.91.104.62 - - [16/Feb/2025:01:13:29 +0100] "GET /ticket2/opencms/dk/buy/?page=1&edid=FF0FFBB7-01D1-CC6B-4FB6-722B87EE8E38&sortorder=asc&column=row HTTP/1.1" 200 110379
54.36.148.138 - - [16/Feb/2025:01:13:31 +0100] "GET /ticket2/opencms/hr/buy?page=1&edid=AC996AD7-E82D-D922-E0F1-608A8CC76E7A HTTP/1.1" 200 111657
195.191.219.131 - - [16/Feb/2025:01:13:32 +0100] "GET /ticket2/opencms/fi/login/?edid=4CA369BE-7848-7A9B-1CC8-A6F58FD34D24 HTTP/1.1" 200 91744
18.211.148.239 - - [16/Feb/2025:01:13:32 +0100] "GET /ticket2/opencms/be/buy/?catid=06324577-7173-BAB0-146D-E644C912F7C1&comcatid=A17713B6-D984-201A-4143-ED4DB5ED5C2E HTTP/1.1" 200 164753
20.171.207.223 - - [16/Feb/2025:01:13:34 +0100] "GET /ticket2/opencms/set_aff_cookie.jsp?partner=57601924-FB09-5BB2-867F-08B4EB522BA8&url=%252Fno%252Fbuy%252Findex.html%253Fpage%253D1%2526edid%253DFD59DED4-6E14-E085-382D-C3619CCA9FA8%2526hlv%253D611519b5-e184-46cd-86ea-7eaa0a01000f%2523v_1874437807 HTTP/1.1" 200 247
94.74.85.33 - - [16/Feb/2025:01:13:34 +0100] "GET /ticket2/opencms/az/buy?page=1&edid=6DC3E8B1-EB9E-3B74-1E36-CDC7B60DF336 HTTP/1.1" 200 108946
20.171.207.223 - - [16/Feb/2025:01:13:35 +0100] "GET /ticket2/opencms/set_aff_cookie.jsp?partner=2E02071B-A8C3-4CBA-3097-C27D61C02ED8&url=%252Fnl%252Fbuy%252Findex.html%253Fpage%253D1%2526edid%253D1964B21D-BF30-22BC-8931-DEC6C4EDF1DE%2526hlv%253D611514d1-b260-4765-b51c-7a5b0a01000f%2523v_1782934527 HTTP/1.1" 200 247
195.191.219.131 - - [16/Feb/2025:01:13:35 +0100] "GET /ticket2/opencms/fi/login/?edid=533C9666-8CEC-6A87-EB2B-BCF155BFF94A HTTP/1.1" 200 91796
20.171.207.223 - - [16/Feb/2025:01:13:36 +0100] "GET /ticket2/opencms/set_aff_cookie.jsp?partner=6F250EA7-4505-FA01-D601-8847F2573405&url=%252Fen%252Fbuy%252Findex.html%253Fpage%253D1%2526edid%253DD476BBBD-CF0B-7C17-55DD-EB91C312DE17%2526hlv%253D611bd33a-a6dc-4282-a237-57670a01000f%2523v_977487997 HTTP/1.1" 200 246
44.212.106.171 - - [16/Feb/2025:01:13:36 +0100] "GET /ticket2/opencms/be/buy/?catid=08F27F2A-1872-A39F-A97C-63093E77B18A&comcatid=A17713B6-D984-201A-4143-ED4DB5ED5C2E HTTP/1.1" 200 104161
52.167.144.160 - - [16/Feb/2025:01:13:36 +0100] "GET /ticket2/opencms/nl/buy/?page=1&edid=FA7F94B4-317A-0ECF-FA42-3F7BBDB83D52 HTTP/1.1" 200 106355
95.91.104.62 - - [16/Feb/2025:01:13:36 +0100] "GET /ticket2/opencms/dk/login/?edid=098D538E-CDF4-9B35-6974-D784A58EF2F5 HTTP/1.1" 200 90661
114.119.130.91 - - [16/Feb/2025:01:13:38 +0100] "GET /ticket2/opencms/es/buy/?page=1&edid=05D0BF65-0ACD-F8DF-E1ED-172C77D65348 HTTP/1.1" 200 108546
195.191.219.131 - - [16/Feb/2025:01:13:39 +0100] "GET /ticket2/opencms/fi/login/?edid=552202FE-6CC9-18FE-8F33-9429723BB7EB HTTP/1.1" 200 91877
54.36.148.88 - - [16/Feb/2025:01:13:40 +0100] "GET /ticket2/opencms/cs/buy?page=1&edid=9DCC0E66-25C8-5156-35A8-BF56F5E3E1AA HTTP/1.1" 200 111456
20.171.207.223 - - [16/Feb/2025:01:13:40 +0100] "GET /ticket2/opencms/set_aff_cookie.jsp?partner=692E2C6A-EC6F-1C93-AFCC-C5ACC23A93EA&url=%252Fru%252Fbuy%252Findex.html%253Fpage%253D1%2526edid%253DC2EAC35C-806F-010C-DE25-D13971AC8E7C%2526hlv%253D60c9e6a9-ae88-493c-8a5b-25330a01000f%2523v_961043617 HTTP/1.1" 200 246
95.91.104.62 - - [16/Feb/2025:01:13:41 +0100] "GET /ticket2/opencms/dk/login/?edid=0B813C59-BEEE-247A-4323-96A834637DDB HTTP/1.1" 200 90604
23.21.204.95 - - [16/Feb/2025:01:13:41 +0100] "GET /ticket2/opencms/be/buy/?catid=0A6C99D2-F5BD-7A18-9A5F-5668827042E0&comcatid=A17713B6-D984-201A-4143-ED4DB5ED5C2E HTTP/1.1" 200 207622
20.171.207.223 - - [16/Feb/2025:01:13:42 +0100] "GET /ticket2/opencms/set_aff_cookie.jsp?partner=692E2C6A-EC6F-1C93-AFCC-C5ACC23A93EA&url=%252Fru%252Fbuy%252Findex.html%253Fpage%253D1%2526edid%253D038E9D5D-F853-3E62-678F-9F575C0DA65A%2526hlv%253D60ca0d7a-db28-4e6b-ad63-36360a01000f%2523v_995671171 HTTP/1.1" 200 246
20.171.207.223 - - [16/Feb/2025:01:13:43 +0100] "GET /ticket2/opencms/set_aff_cookie.jsp?partner=57601924-FB09-5BB2-867F-08B4EB522BA8&url=%252Fru%252Fbuy%252Findex.html%253Fpage%253D1%2526edid%253D50F7AB81-6A9C-C90F-2794-DEB00B53E681%2526hlv%253D612aadca-1d70-4a89-a02c-73000a01000f%2523v_880452015 HTTP/1.1" 200 246
195.191.219.131 - - [16/Feb/2025:01:13:43 +0100] "GET /ticket2/opencms/fi/login/?edid=6C0AA1CC-8488-7981-DA23-AD8E06F80ABD HTTP/1.1" 200 91752
20.171.207.223 - - [16/Feb/2025:01:13:44 +0100] "GET /ticket2/opencms/set_aff_cookie.jsp?partner=8F6DE15D-D831-5787-AE7E-FEFF53476F85&url=%252Fnl%252Fbuy%252Findex.html%253Fpage%253D1%2526edid%253DD1B6D814-A677-3D90-03BA-1F7CF35352A4%2526hlv%253D6145b5aa-62a0-44a3-989b-62610a01000f%2523v_1921944947 HTTP/1.1" 200 247
95.91.104.62 - - [16/Feb/2025:01:13:45 +0100] "GET /ticket2/opencms/dk/login/?edid=0CEC8633-C400-C905-54E3-2A651C6B122C HTTP/1.1" 200 90681
34.192.67.98 - - [16/Feb/2025:01:13:46 +0100] "GET /ticket2/opencms/be/buy/?edid=2C2E9185-38A8-EBBD-403B-609372D69EE0&page=1 HTTP/1.1" 200 136510
66.249.76.161 - - [16/Feb/2025:01:13:46 +0100] "GET /ticket2/opencms/tr/buy/?page=1&edid=F0EFBD65-77E6-B7AA-81F6-50717F1EFF56 HTTP/1.1" 200 90549
195.191.219.131 - - [16/Feb/2025:01:13:47 +0100] "GET /ticket2/opencms/fi/login/?edid=73A88563-7759-0E47-FDEF-C8A00CE04F94 HTTP/1.1" 200 91875
20.171.207.223 - - [16/Feb/2025:01:13:48 +0100] "GET /ticket2/opencms/set_aff_cookie.jsp?partner=2E02071B-A8C3-4CBA-3097-C27D61C02ED8&url=%252Ffi%252Fbuy%252Findex.html%253Fpage%253D1%2526edid%253DFD6F3B4B-A5BC-5248-5E75-2F9B37E37FBE%2526hlv%253D60f953eb-ff88-4dda-8147-57e30a01000f%2523v_1319856015 HTTP/1.1" 200 247
20.171.207.223 - - [16/Feb/2025:01:13:50 +0100] "GET /ticket2/opencms/set_aff_cookie.jsp?partner=6F250EA7-4505-FA01-D601-8847F2573405&url=%252Fdk%252Fbuy%252Findex.html%253Fpage%253D1%2526edid%253DCF3BDDE8-6C6B-F85B-528C-11C48A316B2B%2526hlv%253D6144966f-70ac-48f1-92dc-79030a01000f%2523v_963823247 HTTP/1.1" 200 246
95.91.104.62 - - [16/Feb/2025:01:13:50 +0100] "GET /ticket2/opencms/dk/login/?edid=11CA2095-DE4E-F08C-CA73-D1F7DF0C2455 HTTP/1.1" 200 90694
23.23.104.107 - - [16/Feb/2025:01:13:50 +0100] "GET /ticket2/opencms/be/buy/?edid=039D4473-D662-2ED5-D620-F30FCE116F43&page=1 HTTP/1.1" 200 113741
20.171.207.223 - - [16/Feb/2025:01:13:51 +0100] "GET /ticket2/opencms/set_aff_cookie.jsp?partner=6F250EA7-4505-FA01-D601-8847F2573405&url=%252Ffi%252Fbuy%252Findex.html%253Fpage%253D1%2526edid%253D3A113BA6-0F4C-889C-CC91-8E29F25F6706%2526hlv%253D61127bad-6cec-4c72-b352-2ed20a01000f%2523v_1922450204 HTTP/1.1" 200 247
195.191.219.131 - - [16/Feb/2025:01:13:51 +0100] "GET /ticket2/opencms/fi/login/?edid=74430233-0066-0F2D-297C-6BDDB67075CE HTTP/1.1" 200 91857
114.119.130.210 - - [16/Feb/2025:01:13:51 +0100] "GET /ticket2/opencms/en/buy/?page=1&edid=7A5ADC93-0EC8-0537-E5DD-6AC1A00B3DE9 HTTP/1.1" 200 109629
54.197.114.76 - - [16/Feb/2025:01:13:52 +0100] "GET /ticket2/opencms/be/buy/?edid=0B8FB8B2-1ADA-9758-EA1A-28D2373F0ADF&page=1 HTTP/1.1" 200 113666
54.36.148.239 - - [16/Feb/2025:01:13:53 +0100] "GET /ticket2/opencms/de/buy?page=1&edid=A5DC3557-7021-B208-917D-35A78F466827 HTTP/1.1" 200 111364
95.91.104.62 - - [16/Feb/2025:01:13:54 +0100] "GET /ticket2/opencms/dk/login/?edid=156562D2-0263-CCAA-DF54-9314F5D26523 HTTP/1.1" 200 90574
195.191.219.131 - - [16/Feb/2025:01:13:55 +0100] "GET /ticket2/opencms/fi/login/?edid=77C4D918-1D56-22F2-EE92-38BD6ED4FF46 HTTP/1.1" 200 91782
114.119.153.152 - - [16/Feb/2025:01:13:56 +0100] "GET /ticket2/opencms/lt/buy?page=1&=54139C07-8587-1A1B-3365-D199BB9B1708 HTTP/1.1" 200 -
20.171.207.223 - - [16/Feb/2025:01:13:57 +0100] "GET /ticket2/opencms/set_aff_cookie.jsp?partner=2E02071B-A8C3-4CBA-3097-C27D61C02ED8&url=%252Fno%252Fbuy%252Findex.html%253Fpage%253D1%2526edid%253D88846CDD-90BD-3C14-8B7F-E56B7CEB33C4%2526hlv%253D60c9f376-ceb0-4a5d-9624-2bd10a01000f%2523v_558448306 HTTP/1.1" 200 246
98.84.131.195 - - [16/Feb/2025:01:13:57 +0100] "GET /ticket2/opencms/be/buy/?edid=1C663B38-AAE8-15E5-78AB-F7247D2C67D4&page=1 HTTP/1.1" 200 136378
20.171.207.223 - - [16/Feb/2025:01:13:58 +0100] "GET /ticket2/opencms/set_aff_cookie.jsp?partner=692E2C6A-EC6F-1C93-AFCC-C5ACC23A93EA&url=%252Ffi%252Fbuy%252Findex.html%253Fpage%253D1%2526edid%253D8639D4E1-C0DC-DB58-D9B0-F439F1BE39EE%2526hlv%253D60f84462-ce6c-4e2c-a88e-6c480a01000f%2523v_1078973840 HTTP/1.1" 200 247
95.91.104.62 - - [16/Feb/2025:01:13:58 +0100] "GET /ticket2/opencms/dk/login/?edid=32383021-E0A1-F77B-1AA6-B356381F213B HTTP/1.1" 200 90639
20.171.207.223 - - [16/Feb/2025:01:13:59 +0100] "GET /ticket2/opencms/set_aff_cookie.jsp?partner=692E2C6A-EC6F-1C93-AFCC-C5ACC23A93EA&url=%252Fen%252Fbuy%252Findex.html%253Fpage%253D1%2526edid%253DBCFFDAAC-B9B5-C20B-47F3-6D7E6A633444%2526hlv%253D610bcb5e-153c-4def-9570-13ae0a01000f%2523v_499758510 HTTP/1.1" 200 246
195.191.219.131 - - [16/Feb/2025:01:13:59 +0100] "GET /ticket2/opencms/fi/login/?edid=8DA9D1EA-2F7E-8136-071B-749FF836435A HTTP/1.1" 200 91839
3.231.193.38 - - [16/Feb/2025:01:14:01 +0100] "GET /ticket2/opencms/be/buy/?edid=27182C30-0424-098E-A8DB-2AA3B88A1ABD&page=1 HTTP/1.1" 200 136427
95.91.104.62 - - [16/Feb/2025:01:14:02 +0100] "GET /ticket2/opencms/dk/login/?edid=37290F85-261E-D695-C070-BB16E9E0472D HTTP/1.1" 200 90632
112.86.225.75 - - [16/Feb/2025:01:14:03 +0100] "GET /ticket2/opencms/ HTTP/1.1" 302 -
195.191.219.131 - - [16/Feb/2025:01:14:03 +0100] "GET /ticket2/opencms/fi/login/?edid=8E43ECF6-11B9-CAF2-A331-C77F36107AD0 HTTP/1.1" 200 91854
