54.36.149.10 - - [16/Feb/2025:01:35:26 +0100] "GET /ticket2/opencms/el/buy?page=1&edid=57449F59-3EAF-BBAB-4AC9-B7A456A32485 HTTP/1.1" 200 127755
195.191.219.131 - - [16/Feb/2025:01:35:26 +0100] "GET /ticket2/opencms/fi/login/?edid=160DAC9A-2A77-6FDC-52B8-296352B1ABF1 HTTP/1.1" 200 91821
154.54.249.216 - - [16/Feb/2025:01:35:27 +0100] "GET /ticket2/opencms/pl/buy?page=1&edid=FE3F2782-9F3B-6B97-C2AF-B73FABD8D4B4 HTTP/1.1" 200 111627
20.171.207.223 - - [16/Feb/2025:01:35:27 +0100] "GET /ticket2/opencms/set_aff_cookie.jsp?partner=2E02071B-A8C3-4CBA-3097-C27D61C02ED8&url=%252Fdk%252Fbuy%252Findex.html%253Fpage%253D1%2526edid%253D12D59482-7F3E-75F5-A3A6-C24ACDBAAF85%2526hlv%253D61151df7-5898-4aec-ba6c-04270a01000f%2523v_882135023 HTTP/1.1" 200 246
35.173.38.202 - - [16/Feb/2025:01:35:28 +0100] "GET /ticket2/opencms/be/buy/?edid=E66B1558-C5A6-CDDD-B7DD-6060381B0F38&page=1 HTTP/1.1" 200 124215
20.171.207.223 - - [16/Feb/2025:01:35:29 +0100] "GET /ticket2/opencms/set_aff_cookie.jsp?partner=5E0CDF29-E7BE-9F6B-6869-7BF66B04006F&url=%252Ffi%252Fbuy%252Findex.html%253Fpage%253D1%2526edid%253D5A67179D-C7BD-4086-88F3-90FE704053E2%2526hlv%253D614c7a2b-b5ac-4c85-a7ff-1a270a01000f%2523v_1241697790 HTTP/1.1" 200 247
195.191.219.131 - - [16/Feb/2025:01:35:30 +0100] "GET /ticket2/opencms/fi/sell/?edid=16BA48F9-E787-F00A-EC7D-F97A99AECBFB HTTP/1.1" 302 -
54.235.191.179 - - [16/Feb/2025:01:35:32 +0100] "GET /ticket2/opencms/be/buy/?edid=E86F0F7D-1756-1185-7E08-E94436C5DD8E&page=1 HTTP/1.1" 200 129678
20.171.207.223 - - [16/Feb/2025:01:35:33 +0100] "GET /ticket2/opencms/set_aff_cookie.jsp?partner=8F6DE15D-D831-5787-AE7E-FEFF53476F85&url=%252Fsv%252Fbuy%252Findex.html%253Fpage%253D1%2526edid%253DDD7009E0-BEDD-5FDF-FBEC-9803C9276491%2526hlv%253D6144852c-c674-4ff9-972a-734b0a01000f%2523v_267457053 HTTP/1.1" 200 246
195.191.219.131 - - [16/Feb/2025:01:35:34 +0100] "GET /ticket2/opencms/fi/login/?edid=16BA48F9-E787-F00A-EC7D-F97A99AECBFB HTTP/1.1" 200 91834
20.171.207.223 - - [16/Feb/2025:01:35:35 +0100] "GET /ticket2/opencms/set_aff_cookie.jsp?partner=8F6DE15D-D831-5787-AE7E-FEFF53476F85&url=%252Ffi%252Fbuy%252Findex.html%253Fpage%253D1%2526edid%253D6BF2A7CA-14A1-297D-23E8-C2847605C889%2526hlv%253D611bd111-fb50-40ef-9c09-55b60a01000f%2523v_1101966648 HTTP/1.1" 200 247
85.208.96.206 - - [16/Feb/2025:01:35:36 +0100] "GET /ticket2/opencms/es/magazine/article?title=kylian-mbappe-al-real-madrid HTTP/1.1" 200 93041
3.223.134.5 - - [16/Feb/2025:01:35:36 +0100] "GET /ticket2/opencms/be/buy/?edid=EC2BC309-3510-AA04-CA0C-F3088D5C1D31&page=1 HTTP/1.1" 200 126379
195.191.219.131 - - [16/Feb/2025:01:35:37 +0100] "GET /ticket2/opencms/fi/sell/?edid=1ABC406A-92BD-FDCF-3BD6-80A52E60B34F HTTP/1.1" 302 -
20.171.207.223 - - [16/Feb/2025:01:35:38 +0100] "GET /ticket2/opencms/set_aff_cookie.jsp?partner=2E02071B-A8C3-4CBA-3097-C27D61C02ED8&url=%252Fno%252Fbuy%252Findex.html%253Fpage%253D1%2526edid%253D7A5ADC93-0EC8-0537-E5DD-6AC1A00B3DE9%2526hlv%253D60f812ab-63d4-439e-90f4-5b710a01000f%2523v_702254154 HTTP/1.1" 200 246
54.36.149.100 - - [16/Feb/2025:01:35:38 +0100] "GET /ticket2/opencms/en/sport/football-tickets/premier_league/liverpool/ HTTP/1.1" 200 91678
202.8.41.29 - - [16/Feb/2025:01:35:39 +0100] "GET /ticket2/opencms/system/modules/com.gridnine.opencms.ticketbrokerage.site/resources/css/jquery.fancybox.css HTTP/1.1" 200 4939
202.8.41.29 - - [16/Feb/2025:01:35:39 +0100] "GET /ticket2/opencms/system/modules/com.gridnine.opencms.ticketbrokerage.site/resources/css/calendar.css HTTP/1.1" 200 6871
202.8.41.29 - - [16/Feb/2025:01:35:39 +0100] "GET /ticket2/opencms/system/modules/com.gridnine.opencms.ticketbrokerage.site/resources/css/ticketbrokerage.css HTTP/1.1" 200 39339
202.8.41.29 - - [16/Feb/2025:01:35:39 +0100] "GET /ticket2/opencms/system/modules/com.gridnine.opencms.ticketbrokerage.site/resources/css/standard.css HTTP/1.1" 200 73904
202.8.41.29 - - [16/Feb/2025:01:35:39 +0100] "GET /ticket2/opencms/system/modules/com.gridnine.opencms.ticketbrokerage.site/resources/css/jquery-ui.css HTTP/1.1" 200 33221
202.8.41.29 - - [16/Feb/2025:01:35:39 +0100] "GET /ticket2/opencms/system/modules/com.gridnine.opencms.ticketbrokerage.site/resources/js/jquery/jquery.js HTTP/1.1" 200 93868
202.8.41.29 - - [16/Feb/2025:01:35:39 +0100] "GET /ticket2/opencms/system/modules/com.gridnine.opencms.ticketbrokerage.site/resources/js/jquery/jquery-ui.js HTTP/1.1" 200 228088
202.8.41.29 - - [16/Feb/2025:01:35:39 +0100] "GET /ticket2/opencms/system/modules/com.gridnine.opencms.ticketbrokerage.site/resources/js/functions.js HTTP/1.1" 200 1583
202.8.41.29 - - [16/Feb/2025:01:35:39 +0100] "GET /ticket2/opencms/system/modules/com.gridnine.opencms.ticketbrokerage.site/resources/js/calendar.js HTTP/1.1" 200 49229
202.8.41.29 - - [16/Feb/2025:01:35:39 +0100] "GET /ticket2/opencms/system/modules/com.gridnine.opencms.ticketbrokerage.site/resources/js/calendar-en.js HTTP/1.1" 200 3338
202.8.41.29 - - [16/Feb/2025:01:35:39 +0100] "GET /ticket2/opencms/system/modules/com.gridnine.opencms.ticketbrokerage.site/resources/js/calendar-setup.js HTTP/1.1" 200 4923
202.8.41.29 - - [16/Feb/2025:01:35:39 +0100] "GET /ticket2/opencms/system/modules/com.gridnine.opencms.ticketbrokerage.site/resources/js/jquery.fancybox.pack.js HTTP/1.1" 200 23187
202.8.41.29 - - [16/Feb/2025:01:35:39 +0100] "GET /ticket2/opencms/system/modules/com.gridnine.opencms.ticketbrokerage.site/resources/js/stickyfill.min.js HTTP/1.1" 200 5672
202.8.41.29 - - [16/Feb/2025:01:35:39 +0100] "GET /ticket2/opencms/system/modules/com.gridnine.opencms.ticketbrokerage.site/resources/js/standard.js HTTP/1.1" 200 3983
202.8.41.29 - - [16/Feb/2025:01:35:40 +0100] "GET /ticket2/opencms/system/modules/com.gridnine.opencms.ticketbrokerage.site/resources/js/jquery.placeholder.min.js HTTP/1.1" 200 1737
202.8.41.29 - - [16/Feb/2025:01:35:40 +0100] "GET /ticket2/opencms/system/modules/com.gridnine.opencms.ticketbrokerage.site/resources/js/common-ajax.js HTTP/1.1" 200 20175
195.191.219.131 - - [16/Feb/2025:01:35:40 +0100] "GET /ticket2/opencms/fi/login/?edid=1ABC406A-92BD-FDCF-3BD6-80A52E60B34F HTTP/1.1" 200 91841
54.156.55.147 - - [16/Feb/2025:01:35:40 +0100] "GET /ticket2/opencms/be/buy/?edid=EEE973BA-8DC4-78CF-0AA2-8C97FEFEA03F&page=1 HTTP/1.1" 200 137519
20.171.207.223 - - [16/Feb/2025:01:35:41 +0100] "GET /ticket2/opencms/set_aff_cookie.jsp?partner=6F250EA7-4505-FA01-D601-8847F2573405&url=%252Fno%252Fbuy%252Findex.html%253Fpage%253D1%2526edid%253D2C71E7BD-CB87-D4AB-FF92-C8306AEAEEF3%2526hlv%253D60f80ac1-917c-4d95-a668-57fd0a01000f%2523v_1172475196 HTTP/1.1" 200 247
185.191.171.19 - - [16/Feb/2025:01:35:41 +0100] "GET /ticket2/opencms/de/magazine/article?title=em-ubertragungen HTTP/1.1" 200 94263
20.171.207.223 - - [16/Feb/2025:01:35:42 +0100] "GET /ticket2/opencms/set_aff_cookie.jsp?partner=6F250EA7-4505-FA01-D601-8847F2573405&url=%252Fdk%252Fbuy%252Findex.html%253Fpage%253D1%2526edid%253D199EDE4E-5A92-8B6F-9481-A1A89D98DFB8%2526hlv%253D60f81799-2310-4a3f-9f86-5d3b0a01000f%2523v_349454515 HTTP/1.1" 200 246
195.191.219.131 - - [16/Feb/2025:01:35:43 +0100] "GET /ticket2/opencms/fi/sell/?edid=25666712-CB7E-CDDD-4626-F1CD96C38316 HTTP/1.1" 302 -
20.171.207.223 - - [16/Feb/2025:01:35:44 +0100] "GET /ticket2/opencms/set_aff_cookie.jsp?partner=5E0CDF29-E7BE-9F6B-6869-7BF66B04006F&url=%252Fdk%252Fbuy%252Findex.html%253Fpage%253D1%2526edid%253D544F9932-EE47-A783-F07C-2D3DCD93C6A7%2526hlv%253D60c9e696-4760-4fda-8ed7-25330a01000f%2523v_437601637 HTTP/1.1" 200 246
44.223.116.180 - - [16/Feb/2025:01:35:45 +0100] "GET /ticket2/opencms/be/buy/?edid=F056D8D3-0A78-F8DD-AF89-486FA1EA1B58&page=1 HTTP/1.1" 200 120794
20.171.207.223 - - [16/Feb/2025:01:35:46 +0100] "GET /ticket2/opencms/set_aff_cookie.jsp?partner=692E2C6A-EC6F-1C93-AFCC-C5ACC23A93EA&url=%252Ffi%252Fbuy%252Findex.html%253Fpage%253D1%2526edid%253D4805292B-3822-D6A4-8FA1-43007F8A43AD%2526hlv%253D60f953c9-f748-4033-82bc-57be0a01000f%2523v_1031949702 HTTP/1.1" 200 247
47.128.22.21 - - [16/Feb/2025:01:35:46 +0100] "GET /ticket2/opencms/sk/?catid=D8B345C9-F7A5-E620-4B43-C34EB0D6885B&comcatid=A17713B6-D984-201A-4143-ED4DB5ED5C2E&eventid=C483161C-4419-F1CF-1E30-2319B48E0485&page=6 HTTP/1.1" 200 109061
54.36.149.107 - - [16/Feb/2025:01:35:46 +0100] "GET /ticket2/opencms/en/venue/?venueid=83EBCF96-D843-3E0D-987B-C586316FD2AC HTTP/1.1" 200 85423
195.191.219.131 - - [16/Feb/2025:01:35:47 +0100] "GET /ticket2/opencms/fi/login/?edid=25666712-CB7E-CDDD-4626-F1CD96C38316 HTTP/1.1" 200 91828
20.171.207.223 - - [16/Feb/2025:01:35:48 +0100] "GET /ticket2/opencms/set_aff_cookie.jsp?partner=8F6DE15D-D831-5787-AE7E-FEFF53476F85&url=%252Ffi%252Fbuy%252Findex.html%253Fpage%253D1%2526edid%253D497CFADB-43B9-65B9-4674-F7F3D004A91F%2526hlv%253D6145cb3d-eb90-4f5c-919e-68480a01000f%2523v_1445892094 HTTP/1.1" 200 247
35.168.238.50 - - [16/Feb/2025:01:35:49 +0100] "GET /ticket2/opencms/be/buy/?edid=F26F7624-B3C7-3F2B-5F3B-CAEEB7F1CB7F&page=1 HTTP/1.1" 200 137115
195.191.219.131 - - [16/Feb/2025:01:35:50 +0100] "GET /ticket2/opencms/fi/sell/?edid=2B44308E-1778-CFAE-7385-18758823F6EB HTTP/1.1" 302 -
20.171.207.223 - - [16/Feb/2025:01:35:51 +0100] "GET /ticket2/opencms/set_aff_cookie.jsp?partner=692E2C6A-EC6F-1C93-AFCC-C5ACC23A93EA&url=%252Ffi%252Fbuy%252Findex.html%253Fpage%253D1%2526edid%253D1704DC47-D333-EEEA-B66A-BC4C3DDB8A1C%2526hlv%253D6144935a-9e70-4da2-a972-77230a01000f%2523v_1743627757 HTTP/1.1" 200 247
20.171.207.223 - - [16/Feb/2025:01:35:52 +0100] "GET /ticket2/opencms/set_aff_cookie.jsp?partner=692E2C6A-EC6F-1C93-AFCC-C5ACC23A93EA&url=%252Fsv%252Fbuy%252Findex.html%253Fpage%253D1%2526edid%253D07D24578-F577-FB97-B11A-7D3A32948F2C%2526hlv%253D60c9e884-8edc-46a1-88d9-26430a01000f%2523v_293720805 HTTP/1.1" 200 246
52.167.144.187 - - [16/Feb/2025:01:35:52 +0100] "GET /ticket2/opencms/fi/magazine/article?title=miten-manchester-unitedin-tulisi-kasitella-kriisia HTTP/1.1" 200 93073
54.36.148.221 - - [16/Feb/2025:01:35:52 +0100] "GET /ticket2/opencms/en/sport/football-tickets/premier_league/manchester_united/ HTTP/1.1" 200 98916
44.195.145.102 - - [16/Feb/2025:01:35:52 +0100] "GET /ticket2/opencms/be/buy/?edid=F7607B70-C7D1-859A-AF1D-90ACBF6F99CC&page=1 HTTP/1.1" 200 120357
202.8.40.157 - - [16/Feb/2025:01:35:53 +0100] "GET /ticket2/opencms/system/modules/com.gridnine.opencms.ticketbrokerage.site/resources/css/ticketbrokerage.css HTTP/1.1" 200 39339
202.8.40.157 - - [16/Feb/2025:01:35:53 +0100] "GET /ticket2/opencms/system/modules/com.gridnine.opencms.ticketbrokerage.site/resources/css/calendar.css HTTP/1.1" 200 6871
202.8.40.157 - - [16/Feb/2025:01:35:53 +0100] "GET /ticket2/opencms/system/modules/com.gridnine.opencms.ticketbrokerage.site/resources/css/jquery-ui.css HTTP/1.1" 200 33221
202.8.40.157 - - [16/Feb/2025:01:35:53 +0100] "GET /ticket2/opencms/system/modules/com.gridnine.opencms.ticketbrokerage.site/resources/css/jquery.fancybox.css HTTP/1.1" 200 4939
202.8.40.157 - - [16/Feb/2025:01:35:53 +0100] "GET /ticket2/opencms/system/modules/com.gridnine.opencms.ticketbrokerage.site/resources/css/standard.css HTTP/1.1" 200 73904
202.8.40.157 - - [16/Feb/2025:01:35:53 +0100] "GET /ticket2/opencms/system/modules/com.gridnine.opencms.ticketbrokerage.site/resources/js/jquery/jquery.js HTTP/1.1" 200 93868
202.8.40.157 - - [16/Feb/2025:01:35:53 +0100] "GET /ticket2/opencms/system/modules/com.gridnine.opencms.ticketbrokerage.site/resources/js/jquery/jquery-ui.js HTTP/1.1" 200 228088
202.8.40.157 - - [16/Feb/2025:01:35:53 +0100] "GET /ticket2/opencms/system/modules/com.gridnine.opencms.ticketbrokerage.site/resources/js/calendar-en.js HTTP/1.1" 200 3338
202.8.40.157 - - [16/Feb/2025:01:35:53 +0100] "GET /ticket2/opencms/system/modules/com.gridnine.opencms.ticketbrokerage.site/resources/js/calendar.js HTTP/1.1" 200 49229
202.8.40.157 - - [16/Feb/2025:01:35:53 +0100] "GET /ticket2/opencms/system/modules/com.gridnine.opencms.ticketbrokerage.site/resources/js/functions.js HTTP/1.1" 200 1583
202.8.40.157 - - [16/Feb/2025:01:35:53 +0100] "GET /ticket2/opencms/system/modules/com.gridnine.opencms.ticketbrokerage.site/resources/js/calendar-setup.js HTTP/1.1" 200 4923
202.8.40.157 - - [16/Feb/2025:01:35:53 +0100] "GET /ticket2/opencms/system/modules/com.gridnine.opencms.ticketbrokerage.site/resources/js/jquery.fancybox.pack.js HTTP/1.1" 200 23187
202.8.40.157 - - [16/Feb/2025:01:35:53 +0100] "GET /ticket2/opencms/system/modules/com.gridnine.opencms.ticketbrokerage.site/resources/js/stickyfill.min.js HTTP/1.1" 200 5672
202.8.40.157 - - [16/Feb/2025:01:35:53 +0100] "GET /ticket2/opencms/system/modules/com.gridnine.opencms.ticketbrokerage.site/resources/js/standard.js HTTP/1.1" 200 3983
202.8.40.157 - - [16/Feb/2025:01:35:53 +0100] "GET /ticket2/opencms/system/modules/com.gridnine.opencms.ticketbrokerage.site/resources/js/jquery.placeholder.min.js HTTP/1.1" 200 1737
202.8.40.157 - - [16/Feb/2025:01:35:54 +0100] "GET /ticket2/opencms/system/modules/com.gridnine.opencms.ticketbrokerage.site/resources/js/common-ajax.js HTTP/1.1" 200 20175
195.191.219.131 - - [16/Feb/2025:01:35:54 +0100] "GET /ticket2/opencms/fi/login/?edid=2B44308E-1778-CFAE-7385-18758823F6EB HTTP/1.1" 200 91834
166.108.206.129 - - [16/Feb/2025:01:35:55 +0100] "GET /ticket2/opencms/az/buy?page=1&edid=C783769A-8791-6C10-D63E-BC165049D2D0 HTTP/1.1" 200 112211
98.83.10.183 - - [16/Feb/2025:01:35:56 +0100] "GET /ticket2/opencms/be/buy/?edid=F7660972-1F1F-59FF-1410-FAEC9F9D74B8&page=1 HTTP/1.1" 200 132402
20.171.207.223 - - [16/Feb/2025:01:35:56 +0100] "GET /ticket2/opencms/set_aff_cookie.jsp?partner=57601924-FB09-5BB2-867F-08B4EB522BA8&url=%252Fnl%252Fbuy%252Findex.html%253Fpage%253D1%2526edid%253D15AF8D2B-EC86-F832-6A25-EDE861BB730F%2526hlv%253D610bcde8-7ee8-495f-a69c-146b0a01000f%2523v_1981192370 HTTP/1.1" 200 247
195.191.219.131 - - [16/Feb/2025:01:35:57 +0100] "GET /ticket2/opencms/fi/sell/?edid=36B8587B-9BD4-1599-9368-E59F9780F9A9 HTTP/1.1" 302 -
18.232.36.1 - - [16/Feb/2025:01:36:00 +0100] "GET /ticket2/opencms/be/buy/?catid=078F99D4-0B9E-E323-5A07-D7B70F6E8874&comcatid=97ECA65A-72DA-F9AF-9DBB-245D3CFED1BE HTTP/1.1" 200 99183
207.46.13.7 - - [16/Feb/2025:01:36:00 +0100] "GET /ticket2/opencms/sv/sport/hockeybiljetter/nhl/Calgary-Flames/ HTTP/1.1" 200 89591
195.191.219.131 - - [16/Feb/2025:01:36:01 +0100] "GET /ticket2/opencms/fi/login/?edid=36B8587B-9BD4-1599-9368-E59F9780F9A9 HTTP/1.1" 200 91770
20.171.207.223 - - [16/Feb/2025:01:36:01 +0100] "GET /ticket2/opencms/set_aff_cookie.jsp?partner=2E02071B-A8C3-4CBA-3097-C27D61C02ED8&url=%252Fsv%252Fbuy%252Findex.html%253Fpage%253D1%2526edid%253D20B8D1AD-64EC-73DF-B539-29EE3CA0D338%2526hlv%253D6145bd4d-166c-4974-97d5-650f0a01000f%2523v_263376500 HTTP/1.1" 200 246
173.252.83.9 - - [16/Feb/2025:01:36:03 +0100] "GET /ticket2/opencms/no/magazine/article?title=london-en-fotballby-i-verdensklasse HTTP/1.1" 200 92034
54.36.148.217 - - [16/Feb/2025:01:36:04 +0100] "GET /ticket2/opencms/bs/sport/fudbalske-karte/la-liga/leganes HTTP/1.1" 200 100210
184.73.68.20 - - [16/Feb/2025:01:36:04 +0100] "GET /ticket2/opencms/be/buy/?catid=1656E964-1E02-9A38-D092-65384E60B6EA&comcatid=97ECA65A-72DA-F9AF-9DBB-245D3CFED1BE HTTP/1.1" 200 99333
195.191.219.131 - - [16/Feb/2025:01:36:04 +0100] "GET /ticket2/opencms/fi/sell/?edid=552202FE-6CC9-18FE-8F33-9429723BB7EB HTTP/1.1" 302 -
20.171.207.223 - - [16/Feb/2025:01:36:05 +0100] "GET /ticket2/opencms/set_aff_cookie.jsp?partner=57601924-FB09-5BB2-867F-08B4EB522BA8&url=%252Fnl%252Fbuy%252Findex.html%253Fpage%253D1%2526edid%253DE633D85E-2631-44B3-2B1B-38B280DE86F7%2526hlv%253D60f84b64-96bc-4cb4-9b2b-72280a01000f%2523v_1491409525 HTTP/1.1" 200 247
202.8.40.90 - - [16/Feb/2025:01:36:05 +0100] "GET /ticket2/opencms/system/modules/com.gridnine.opencms.ticketbrokerage.site/resources/css/calendar.css HTTP/1.1" 200 6871
202.8.40.90 - - [16/Feb/2025:01:36:05 +0100] "GET /ticket2/opencms/system/modules/com.gridnine.opencms.ticketbrokerage.site/resources/css/ticketbrokerage.css HTTP/1.1" 200 39339
202.8.40.90 - - [16/Feb/2025:01:36:05 +0100] "GET /ticket2/opencms/system/modules/com.gridnine.opencms.ticketbrokerage.site/resources/css/standard.css HTTP/1.1" 200 73904
202.8.40.90 - - [16/Feb/2025:01:36:05 +0100] "GET /ticket2/opencms/system/modules/com.gridnine.opencms.ticketbrokerage.site/resources/css/jquery-ui.css HTTP/1.1" 200 33221
202.8.40.90 - - [16/Feb/2025:01:36:05 +0100] "GET /ticket2/opencms/system/modules/com.gridnine.opencms.ticketbrokerage.site/resources/js/jquery/jquery.js HTTP/1.1" 200 93868
202.8.40.90 - - [16/Feb/2025:01:36:05 +0100] "GET /ticket2/opencms/system/modules/com.gridnine.opencms.ticketbrokerage.site/resources/css/jquery.fancybox.css HTTP/1.1" 200 4939
202.8.40.90 - - [16/Feb/2025:01:36:05 +0100] "GET /ticket2/opencms/system/modules/com.gridnine.opencms.ticketbrokerage.site/resources/js/jquery/jquery-ui.js HTTP/1.1" 200 228088
202.8.40.90 - - [16/Feb/2025:01:36:05 +0100] "GET /ticket2/opencms/system/modules/com.gridnine.opencms.ticketbrokerage.site/resources/js/functions.js HTTP/1.1" 200 1583
202.8.40.90 - - [16/Feb/2025:01:36:05 +0100] "GET /ticket2/opencms/system/modules/com.gridnine.opencms.ticketbrokerage.site/resources/js/calendar.js HTTP/1.1" 200 49229
202.8.40.90 - - [16/Feb/2025:01:36:05 +0100] "GET /ticket2/opencms/system/modules/com.gridnine.opencms.ticketbrokerage.site/resources/js/calendar-en.js HTTP/1.1" 200 3338
202.8.40.90 - - [16/Feb/2025:01:36:05 +0100] "GET /ticket2/opencms/system/modules/com.gridnine.opencms.ticketbrokerage.site/resources/js/calendar-setup.js HTTP/1.1" 200 4923
202.8.40.90 - - [16/Feb/2025:01:36:05 +0100] "GET /ticket2/opencms/system/modules/com.gridnine.opencms.ticketbrokerage.site/resources/js/jquery.fancybox.pack.js HTTP/1.1" 200 23187
202.8.40.90 - - [16/Feb/2025:01:36:05 +0100] "GET /ticket2/opencms/system/modules/com.gridnine.opencms.ticketbrokerage.site/resources/js/stickyfill.min.js HTTP/1.1" 200 5672
202.8.40.90 - - [16/Feb/2025:01:36:05 +0100] "GET /ticket2/opencms/system/modules/com.gridnine.opencms.ticketbrokerage.site/resources/js/standard.js HTTP/1.1" 200 3983
202.8.40.90 - - [16/Feb/2025:01:36:05 +0100] "GET /ticket2/opencms/system/modules/com.gridnine.opencms.ticketbrokerage.site/resources/js/jquery.placeholder.min.js HTTP/1.1" 200 1737
202.8.40.90 - - [16/Feb/2025:01:36:05 +0100] "GET /ticket2/opencms/system/modules/com.gridnine.opencms.ticketbrokerage.site/resources/js/common-ajax.js HTTP/1.1" 200 20175
20.171.207.223 - - [16/Feb/2025:01:36:07 +0100] "GET /ticket2/opencms/set_aff_cookie.jsp?partner=57601924-FB09-5BB2-867F-08B4EB522BA8&url=%252Fnl%252Fbuy%252Findex.html%253Fpage%253D1%2526edid%253D73A0CE9A-5EBB-FE53-CE06-D8F253C63B51%2526hlv%253D611bd36c-8c78-479e-910a-57120a01000f%2523v_1470567859 HTTP/1.1" 200 247
44.213.36.21 - - [16/Feb/2025:01:36:08 +0100] "GET /ticket2/opencms/be/buy/?catid=2CCC191C-F37F-B9CA-D41C-1204E575B328&comcatid=97ECA65A-72DA-F9AF-9DBB-245D3CFED1BE HTTP/1.1" 200 99175
195.191.219.131 - - [16/Feb/2025:01:36:08 +0100] "GET /ticket2/opencms/fi/login/?edid=552202FE-6CC9-18FE-8F33-9429723BB7EB HTTP/1.1" 200 91882
20.171.207.223 - - [16/Feb/2025:01:36:08 +0100] "GET /ticket2/opencms/set_aff_cookie.jsp?partner=692E2C6A-EC6F-1C93-AFCC-C5ACC23A93EA&url=%252Fnl%252Fbuy%252Findex.html%253Fpage%253D1%2526edid%253D7BDF5FBF-D958-27AA-DC3E-12B0666E0820%2526hlv%253D611271be-9dcc-4771-9f8a-2a270a01000f%2523v_908099535 HTTP/1.1" 200 246
69.171.230.10 - - [16/Feb/2025:01:36:10 +0100] "GET /ticket2/opencms/cs/buy?page=1&edid=C2FB40E1-BEEF-E1A4-6ED5-33C8A69FD5CE HTTP/1.1" 200 111908
20.171.207.223 - - [16/Feb/2025:01:36:10 +0100] "GET /ticket2/opencms/set_aff_cookie.jsp?partner=57601924-FB09-5BB2-867F-08B4EB522BA8&url=%252Ffi%252Fbuy%252Findex.html%253Fpage%253D1%2526edid%253DF9BBE6C5-FC76-172B-1A0C-2F0C14E7CDB9%2526hlv%253D60f81b14-da58-416f-afc4-5dc60a01000f%2523v_1394343583 HTTP/1.1" 200 247
54.36.148.27 - - [16/Feb/2025:01:36:11 +0100] "GET /ticket2/opencms/sl/sport/nogometne-vstopnice/la-liga/leganes HTTP/1.1" 200 100158
195.191.219.131 - - [16/Feb/2025:01:36:11 +0100] "GET /ticket2/opencms/fi/sell/?edid=6312D7C5-4BBF-A97E-B93A-47328366BE18 HTTP/1.1" 302 -
20.171.207.223 - - [16/Feb/2025:01:36:11 +0100] "GET /ticket2/opencms/set_aff_cookie.jsp?partner=692E2C6A-EC6F-1C93-AFCC-C5ACC23A93EA&url=%252Ffi%252Fbuy%252Findex.html%253Fpage%253D1%2526edid%253D4457AAA5-B79C-4CFF-795B-48A1890E4376%2526hlv%253D60c9e8d2-32b4-4fe7-949e-26470a01000f%2523v_1829975892 HTTP/1.1" 200 247
202.8.41.102 - - [16/Feb/2025:01:36:12 +0100] "GET /ticket2/opencms/system/modules/com.gridnine.opencms.ticketbrokerage.site/resources/css/jquery.fancybox.css HTTP/1.1" 200 4939
202.8.41.102 - - [16/Feb/2025:01:36:12 +0100] "GET /ticket2/opencms/system/modules/com.gridnine.opencms.ticketbrokerage.site/resources/css/ticketbrokerage.css HTTP/1.1" 200 39339
202.8.41.102 - - [16/Feb/2025:01:36:12 +0100] "GET /ticket2/opencms/system/modules/com.gridnine.opencms.ticketbrokerage.site/resources/css/jquery-ui.css HTTP/1.1" 200 33221
202.8.41.102 - - [16/Feb/2025:01:36:12 +0100] "GET /ticket2/opencms/system/modules/com.gridnine.opencms.ticketbrokerage.site/resources/css/standard.css HTTP/1.1" 200 73904
202.8.41.102 - - [16/Feb/2025:01:36:12 +0100] "GET /ticket2/opencms/system/modules/com.gridnine.opencms.ticketbrokerage.site/resources/css/calendar.css HTTP/1.1" 200 6871
202.8.41.102 - - [16/Feb/2025:01:36:12 +0100] "GET /ticket2/opencms/system/modules/com.gridnine.opencms.ticketbrokerage.site/resources/js/jquery/jquery.js HTTP/1.1" 200 93868
52.3.127.170 - - [16/Feb/2025:01:36:12 +0100] "GET /ticket2/opencms/be/buy/?catid=2E79AED8-FF58-B4E8-AFB0-43E7CEBE7864&comcatid=97ECA65A-72DA-F9AF-9DBB-245D3CFED1BE HTTP/1.1" 200 99177
202.8.41.102 - - [16/Feb/2025:01:36:12 +0100] "GET /ticket2/opencms/system/modules/com.gridnine.opencms.ticketbrokerage.site/resources/js/functions.js HTTP/1.1" 200 1583
202.8.41.102 - - [16/Feb/2025:01:36:12 +0100] "GET /ticket2/opencms/system/modules/com.gridnine.opencms.ticketbrokerage.site/resources/js/calendar.js HTTP/1.1" 200 49229
202.8.41.102 - - [16/Feb/2025:01:36:12 +0100] "GET /ticket2/opencms/system/modules/com.gridnine.opencms.ticketbrokerage.site/resources/js/jquery/jquery-ui.js HTTP/1.1" 200 228088
202.8.41.102 - - [16/Feb/2025:01:36:12 +0100] "GET /ticket2/opencms/system/modules/com.gridnine.opencms.ticketbrokerage.site/resources/js/calendar-en.js HTTP/1.1" 200 3338
202.8.41.102 - - [16/Feb/2025:01:36:12 +0100] "GET /ticket2/opencms/system/modules/com.gridnine.opencms.ticketbrokerage.site/resources/js/calendar-setup.js HTTP/1.1" 200 4923
202.8.41.102 - - [16/Feb/2025:01:36:12 +0100] "GET /ticket2/opencms/system/modules/com.gridnine.opencms.ticketbrokerage.site/resources/js/jquery.fancybox.pack.js HTTP/1.1" 200 23187
202.8.41.102 - - [16/Feb/2025:01:36:12 +0100] "GET /ticket2/opencms/system/modules/com.gridnine.opencms.ticketbrokerage.site/resources/js/stickyfill.min.js HTTP/1.1" 200 5672
202.8.41.102 - - [16/Feb/2025:01:36:12 +0100] "GET /ticket2/opencms/system/modules/com.gridnine.opencms.ticketbrokerage.site/resources/js/standard.js HTTP/1.1" 200 3983
202.8.41.102 - - [16/Feb/2025:01:36:12 +0100] "GET /ticket2/opencms/system/modules/com.gridnine.opencms.ticketbrokerage.site/resources/js/jquery.placeholder.min.js HTTP/1.1" 200 1737
202.8.41.102 - - [16/Feb/2025:01:36:12 +0100] "GET /ticket2/opencms/system/modules/com.gridnine.opencms.ticketbrokerage.site/resources/js/common-ajax.js HTTP/1.1" 200 20175
114.119.153.152 - - [16/Feb/2025:01:36:13 +0100] "GET /ticket2/opencms/is/buy?page=1&edid=EFDB06D7-2C74-FECB-EDDF-C256DF642DF7 HTTP/1.1" 200 111577
20.171.207.223 - - [16/Feb/2025:01:36:14 +0100] "GET /ticket2/opencms/set_aff_cookie.jsp?partner=692E2C6A-EC6F-1C93-AFCC-C5ACC23A93EA&url=%252Fru%252Fbuy%252Findex.html%253Fpage%253D1%2526edid%253DABC4721A-B6F2-670A-2EEB-D6F5D16C69F5%2526hlv%253D60ca170c-31fc-4e4f-9378-3d4d0a01000f%2523v_2053735385 HTTP/1.1" 200 247
195.191.219.131 - - [16/Feb/2025:01:36:15 +0100] "GET /ticket2/opencms/fi/login/?edid=6312D7C5-4BBF-A97E-B93A-47328366BE18 HTTP/1.1" 200 91875
20.171.207.223 - - [16/Feb/2025:01:36:15 +0100] "GET /ticket2/opencms/set_aff_cookie.jsp?partner=8F6DE15D-D831-5787-AE7E-FEFF53476F85&url=%252Fdk%252Fbuy%252Findex.html%253Fpage%253D1%2526edid%253D50F18BFF-700E-1E6F-C17F-C358E206F903%2526hlv%253D614ed4c4-a000-4ebb-807f-7ae60a01000f%2523v_712002101 HTTP/1.1" 200 246
44.196.118.6 - - [16/Feb/2025:01:36:16 +0100] "GET /ticket2/opencms/be/buy/?catid=43171577-14C8-6B19-25D9-DF372BFFCBFA&comcatid=97ECA65A-72DA-F9AF-9DBB-245D3CFED1BE HTTP/1.1" 200 99151
20.171.207.223 - - [16/Feb/2025:01:36:17 +0100] "GET /ticket2/opencms/set_aff_cookie.jsp?partner=8F6DE15D-D831-5787-AE7E-FEFF53476F85&url=%252Fsv%252Fbuy%252Findex.html%253Fpage%253D1%2526edid%253DB7675F2E-12BD-02A6-E9A9-75752EB2042D%2526hlv%253D610bce29-3770-41f1-b5e2-146b0a01000f%2523v_856215880 HTTP/1.1" 200 246
173.252.83.12 - - [16/Feb/2025:01:36:17 +0100] "GET /ticket2/opencms/sv/buy?page=1&edid=B706C05D-BD6B-FE19-B612-CFC9E579BDC9 HTTP/1.1" 200 111269
195.191.219.131 - - [16/Feb/2025:01:36:18 +0100] "GET /ticket2/opencms/fi/sell/?edid=74430233-0066-0F2D-297C-6BDDB67075CE HTTP/1.1" 302 -
66.249.79.169 - - [16/Feb/2025:01:36:19 +0100] "GET /ticket2/opencms/sv/magazine/article?title=framtiden-for-teknologi-i-fotbollen HTTP/1.1" 200 95294
52.3.127.170 - - [16/Feb/2025:01:36:20 +0100] "GET /ticket2/opencms/be/buy/?catid=4C4DADF0-07CC-9B24-D2D9-940EF378BE99&comcatid=97ECA65A-72DA-F9AF-9DBB-245D3CFED1BE HTTP/1.1" 200 99152
66.249.76.39 - - [16/Feb/2025:01:36:20 +0100] "GET /ticket2/opencms/be/buy/?page=1&edid=16BA48F9-E787-F00A-EC7D-F97A99AECBFB HTTP/1.1" 200 123824
20.171.207.223 - - [16/Feb/2025:01:36:21 +0100] "GET /ticket2/opencms/set_aff_cookie.jsp?partner=57601924-FB09-5BB2-867F-08B4EB522BA8&url=%252Fen%252Fbuy%252Findex.html%253Fpage%253D1%2526edid%253D2AA1FF96-18BA-5A96-CBE6-7F35F0406D7B%2526hlv%253D615c45fd-4bcc-4c24-9cb6-24980a01000f%2523v_1827473386 HTTP/1.1" 200 247
54.36.148.221 - - [16/Feb/2025:01:36:21 +0100] "GET /ticket2/opencms/hr/sport/nogometne-ulaznice/la-liga/leganes HTTP/1.1" 200 100299
202.8.43.105 - - [16/Feb/2025:01:36:22 +0100] "GET /ticket2/opencms/system/modules/com.gridnine.opencms.ticketbrokerage.site/resources/css/jquery-ui.css HTTP/1.1" 200 33221
202.8.43.105 - - [16/Feb/2025:01:36:22 +0100] "GET /ticket2/opencms/system/modules/com.gridnine.opencms.ticketbrokerage.site/resources/css/calendar.css HTTP/1.1" 200 6871
202.8.43.105 - - [16/Feb/2025:01:36:22 +0100] "GET /ticket2/opencms/system/modules/com.gridnine.opencms.ticketbrokerage.site/resources/css/ticketbrokerage.css HTTP/1.1" 200 39339
202.8.43.105 - - [16/Feb/2025:01:36:22 +0100] "GET /ticket2/opencms/system/modules/com.gridnine.opencms.ticketbrokerage.site/resources/css/standard.css HTTP/1.1" 200 73904
202.8.43.105 - - [16/Feb/2025:01:36:22 +0100] "GET /ticket2/opencms/system/modules/com.gridnine.opencms.ticketbrokerage.site/resources/css/jquery.fancybox.css HTTP/1.1" 200 4939
202.8.43.105 - - [16/Feb/2025:01:36:22 +0100] "GET /ticket2/opencms/system/modules/com.gridnine.opencms.ticketbrokerage.site/resources/js/jquery/jquery.js HTTP/1.1" 200 93868
202.8.43.105 - - [16/Feb/2025:01:36:22 +0100] "GET /ticket2/opencms/system/modules/com.gridnine.opencms.ticketbrokerage.site/resources/js/jquery/jquery-ui.js HTTP/1.1" 200 228088
202.8.43.105 - - [16/Feb/2025:01:36:22 +0100] "GET /ticket2/opencms/system/modules/com.gridnine.opencms.ticketbrokerage.site/resources/js/calendar.js HTTP/1.1" 200 49229
202.8.43.105 - - [16/Feb/2025:01:36:22 +0100] "GET /ticket2/opencms/system/modules/com.gridnine.opencms.ticketbrokerage.site/resources/js/functions.js HTTP/1.1" 200 1583
202.8.43.105 - - [16/Feb/2025:01:36:22 +0100] "GET /ticket2/opencms/system/modules/com.gridnine.opencms.ticketbrokerage.site/resources/js/calendar-setup.js HTTP/1.1" 200 4923
202.8.43.105 - - [16/Feb/2025:01:36:22 +0100] "GET /ticket2/opencms/system/modules/com.gridnine.opencms.ticketbrokerage.site/resources/js/calendar-en.js HTTP/1.1" 200 3338
202.8.43.105 - - [16/Feb/2025:01:36:22 +0100] "GET /ticket2/opencms/system/modules/com.gridnine.opencms.ticketbrokerage.site/resources/js/jquery.fancybox.pack.js HTTP/1.1" 200 23187
202.8.43.105 - - [16/Feb/2025:01:36:22 +0100] "GET /ticket2/opencms/system/modules/com.gridnine.opencms.ticketbrokerage.site/resources/js/stickyfill.min.js HTTP/1.1" 200 5672
202.8.43.105 - - [16/Feb/2025:01:36:22 +0100] "GET /ticket2/opencms/system/modules/com.gridnine.opencms.ticketbrokerage.site/resources/js/standard.js HTTP/1.1" 200 3983
202.8.43.105 - - [16/Feb/2025:01:36:22 +0100] "GET /ticket2/opencms/system/modules/com.gridnine.opencms.ticketbrokerage.site/resources/js/jquery.placeholder.min.js HTTP/1.1" 200 1737
195.191.219.131 - - [16/Feb/2025:01:36:22 +0100] "GET /ticket2/opencms/fi/login/?edid=74430233-0066-0F2D-297C-6BDDB67075CE HTTP/1.1" 200 91808
202.8.43.105 - - [16/Feb/2025:01:36:22 +0100] "GET /ticket2/opencms/system/modules/com.gridnine.opencms.ticketbrokerage.site/resources/js/common-ajax.js HTTP/1.1" 200 20175
66.249.79.34 - - [16/Feb/2025:01:36:23 +0100] "GET /ticket2/opencms/ro/buy?page=1&edid=FDE2CB1B-737B-857F-7431-BD450E7D3BBB HTTP/1.1" 200 135615
52.73.6.26 - - [16/Feb/2025:01:36:24 +0100] "GET /ticket2/opencms/be/buy/?catid=55D1256D-BDD9-CBA3-47A3-0A252F702555&comcatid=97ECA65A-72DA-F9AF-9DBB-245D3CFED1BE HTTP/1.1" 200 99185
173.252.83.113 - - [16/Feb/2025:01:36:24 +0100] "GET /ticket2/opencms/en/buy/?page=1&edid=063774E2-DE1A-6A46-E97B-D379290B879E HTTP/1.1" 200 110454
20.171.207.223 - - [16/Feb/2025:01:36:24 +0100] "GET /ticket2/opencms/set_aff_cookie.jsp?partner=57601924-FB09-5BB2-867F-08B4EB522BA8&url=%252Fdk%252Fbuy%252Findex.html%253Fpage%253D1%2526edid%253D0D33199C-853B-C4DC-F1E2-6CF75BE0B211%2526hlv%253D61475aa4-3144-4087-8231-0be80a01000f%2523v_1843870449 HTTP/1.1" 200 247
188.68.38.34 - - [16/Feb/2025:01:36:25 +0100] "GET /ticket2/opencms/fi/about/contact HTTP/1.1" 200 89425
195.191.219.131 - - [16/Feb/2025:01:36:25 +0100] "GET /ticket2/opencms/fi/sell/?edid=77C4D918-1D56-22F2-EE92-38BD6ED4FF46 HTTP/1.1" 302 -
54.36.148.146 - - [16/Feb/2025:01:36:27 +0100] "GET /ticket2/opencms/no/sport/fotballsbilletter/la_liga/fc_barcelona/ HTTP/1.1" 200 95057
20.171.207.223 - - [16/Feb/2025:01:36:28 +0100] "GET /ticket2/opencms/set_aff_cookie.jsp?partner=2E02071B-A8C3-4CBA-3097-C27D61C02ED8&url=%252Fno%252Fbuy%252Findex.html%253Fpage%253D1%2526edid%253DC150F8B4-EF11-302C-3E37-D5F5D113309B%2526hlv%253D61151847-5824-4976-91ed-7f060a01000f%2523v_1095722290 HTTP/1.1" 200 247
35.171.117.160 - - [16/Feb/2025:01:36:28 +0100] "GET /ticket2/opencms/be/buy/?catid=6CD184E8-C8D4-E1CC-33D0-6F47E3751240&comcatid=97ECA65A-72DA-F9AF-9DBB-245D3CFED1BE HTTP/1.1" 200 99106
202.8.41.48 - - [16/Feb/2025:01:36:28 +0100] "GET /ticket2/opencms/system/modules/com.gridnine.opencms.ticketbrokerage.site/resources/css/jquery-ui.css HTTP/1.1" 200 33221
202.8.41.48 - - [16/Feb/2025:01:36:28 +0100] "GET /ticket2/opencms/system/modules/com.gridnine.opencms.ticketbrokerage.site/resources/css/ticketbrokerage.css HTTP/1.1" 200 39339
202.8.41.48 - - [16/Feb/2025:01:36:28 +0100] "GET /ticket2/opencms/system/modules/com.gridnine.opencms.ticketbrokerage.site/resources/css/jquery.fancybox.css HTTP/1.1" 200 4939
202.8.41.48 - - [16/Feb/2025:01:36:28 +0100] "GET /ticket2/opencms/system/modules/com.gridnine.opencms.ticketbrokerage.site/resources/css/calendar.css HTTP/1.1" 200 6871
202.8.41.48 - - [16/Feb/2025:01:36:28 +0100] "GET /ticket2/opencms/system/modules/com.gridnine.opencms.ticketbrokerage.site/resources/css/standard.css HTTP/1.1" 200 73904
202.8.41.48 - - [16/Feb/2025:01:36:28 +0100] "GET /ticket2/opencms/system/modules/com.gridnine.opencms.ticketbrokerage.site/resources/js/jquery/jquery.js HTTP/1.1" 200 93868
202.8.41.48 - - [16/Feb/2025:01:36:28 +0100] "GET /ticket2/opencms/system/modules/com.gridnine.opencms.ticketbrokerage.site/resources/js/functions.js HTTP/1.1" 200 1583
202.8.41.48 - - [16/Feb/2025:01:36:28 +0100] "GET /ticket2/opencms/system/modules/com.gridnine.opencms.ticketbrokerage.site/resources/js/jquery/jquery-ui.js HTTP/1.1" 200 228088
202.8.41.48 - - [16/Feb/2025:01:36:28 +0100] "GET /ticket2/opencms/system/modules/com.gridnine.opencms.ticketbrokerage.site/resources/js/calendar-en.js HTTP/1.1" 200 3338
202.8.41.48 - - [16/Feb/2025:01:36:28 +0100] "GET /ticket2/opencms/system/modules/com.gridnine.opencms.ticketbrokerage.site/resources/js/calendar.js HTTP/1.1" 200 49229
202.8.41.48 - - [16/Feb/2025:01:36:28 +0100] "GET /ticket2/opencms/system/modules/com.gridnine.opencms.ticketbrokerage.site/resources/js/calendar-setup.js HTTP/1.1" 200 4923
202.8.41.48 - - [16/Feb/2025:01:36:28 +0100] "GET /ticket2/opencms/system/modules/com.gridnine.opencms.ticketbrokerage.site/resources/js/jquery.fancybox.pack.js HTTP/1.1" 200 23187
202.8.41.48 - - [16/Feb/2025:01:36:28 +0100] "GET /ticket2/opencms/system/modules/com.gridnine.opencms.ticketbrokerage.site/resources/js/stickyfill.min.js HTTP/1.1" 200 5672
202.8.41.48 - - [16/Feb/2025:01:36:28 +0100] "GET /ticket2/opencms/system/modules/com.gridnine.opencms.ticketbrokerage.site/resources/js/standard.js HTTP/1.1" 200 3983
202.8.41.48 - - [16/Feb/2025:01:36:28 +0100] "GET /ticket2/opencms/system/modules/com.gridnine.opencms.ticketbrokerage.site/resources/js/jquery.placeholder.min.js HTTP/1.1" 200 1737
202.8.41.48 - - [16/Feb/2025:01:36:28 +0100] "GET /ticket2/opencms/system/modules/com.gridnine.opencms.ticketbrokerage.site/resources/js/common-ajax.js HTTP/1.1" 200 20175
195.191.219.131 - - [16/Feb/2025:01:36:29 +0100] "GET /ticket2/opencms/fi/login/?edid=77C4D918-1D56-22F2-EE92-38BD6ED4FF46 HTTP/1.1" 200 91871
66.249.76.39 - - [16/Feb/2025:01:36:29 +0100] "GET /ticket2/opencms/es/buy?page=1&edid=41CD7066-237A-B852-387D-3D5D7B688DF9 HTTP/1.1" 200 135405
20.171.207.223 - - [16/Feb/2025:01:36:30 +0100] "GET /ticket2/opencms/set_aff_cookie.jsp?partner=2E02071B-A8C3-4CBA-3097-C27D61C02ED8&url=%252Fdk%252Fbuy%252Findex.html%253Fpage%253D1%2526edid%253DF166D780-1A48-2E28-815C-BAE49BC7C72D%2526hlv%253D60f81b5a-6c84-40d4-bf71-5e5c0a01000f%2523v_1500069420 HTTP/1.1" 200 247
20.171.207.223 - - [16/Feb/2025:01:36:31 +0100] "GET /ticket2/opencms/set_aff_cookie.jsp?partner=5E0CDF29-E7BE-9F6B-6869-7BF66B04006F&url=%252Fen%252Fbuy%252Findex.html%253Fpage%253D1%2526edid%253D30B90E18-08FF-50F0-57E7-09B58974F8E4%2526hlv%253D61449766-2de8-49d1-8d1a-78d20a01000f%2523v_519977151 HTTP/1.1" 200 246
195.191.219.131 - - [16/Feb/2025:01:36:32 +0100] "GET /ticket2/opencms/fi/sell/?edid=78F53753-F856-B158-388A-6B70B4CA55C8 HTTP/1.1" 302 -
3.210.29.96 - - [16/Feb/2025:01:36:33 +0100] "GET /ticket2/opencms/be/buy/?catid=757E2DFB-33DA-9B34-8402-9F06B19D8409&comcatid=97ECA65A-72DA-F9AF-9DBB-245D3CFED1BE HTTP/1.1" 200 99184
20.171.207.223 - - [16/Feb/2025:01:36:34 +0100] "GET /ticket2/opencms/set_aff_cookie.jsp?partner=692E2C6A-EC6F-1C93-AFCC-C5ACC23A93EA&url=%252Fnl%252Fbuy%252Findex.html%253Fpage%253D1%2526edid%253D20B8D1AD-64EC-73DF-B539-29EE3CA0D338%2526hlv%253D6145b3d7-834c-406d-8170-61230a01000f%2523v_1011816014 HTTP/1.1" 200 247
27.106.112.127 - - [16/Feb/2025:01:36:34 +0100] "GET /ticket2/opencms/az/buy?page=1&edid=670DDB77-CAC3-4ADF-B3FC-CE012EDDA850 HTTP/1.1" 200 118497
20.171.207.223 - - [16/Feb/2025:01:36:35 +0100] "GET /ticket2/opencms/set_aff_cookie.jsp?partner=8F6DE15D-D831-5787-AE7E-FEFF53476F85&url=%252Fen%252Fbuy%252Findex.html%253Fpage%253D1%2526edid%253D598F3B0A-9912-7BA4-D7AA-A33BDA98D7B4%2526hlv%253D60ca153e-d0d4-4f2c-8525-369c0a01000f%2523v_1435763350 HTTP/1.1" 200 247
195.191.219.131 - - [16/Feb/2025:01:36:36 +0100] "GET /ticket2/opencms/fi/login/?edid=78F53753-F856-B158-388A-6B70B4CA55C8 HTTP/1.1" 200 91749
34.239.197.197 - - [16/Feb/2025:01:36:36 +0100] "GET /ticket2/opencms/be/buy/?catid=7D3BEF66-5D88-3916-5B89-0E7B139E0169&comcatid=97ECA65A-72DA-F9AF-9DBB-245D3CFED1BE HTTP/1.1" 200 99163
20.171.207.223 - - [16/Feb/2025:01:36:37 +0100] "GET /ticket2/opencms/set_aff_cookie.jsp?partner=5E0CDF29-E7BE-9F6B-6869-7BF66B04006F&url=%252Fdk%252Fbuy%252Findex.html%253Fpage%253D1%2526edid%253D9A05EF4D-4376-E584-2657-07D966D7B743%2526hlv%253D614c78d1-b36c-4edb-b738-19920a01000f%2523v_950813704 HTTP/1.1" 200 246
54.36.148.110 - - [16/Feb/2025:01:36:38 +0100] "GET /ticket2/opencms/de/sport/fussball-tickets/english-championship/middlesbrough HTTP/1.1" 200 101901
20.171.207.223 - - [16/Feb/2025:01:36:38 +0100] "GET /ticket2/opencms/set_aff_cookie.jsp?partner=2E02071B-A8C3-4CBA-3097-C27D61C02ED8&url=%252Fen%252Fbuy%252Findex.html%253Fpage%253D1%2526edid%253D86D37D10-EC86-DA68-64A2-A231E525A63B%2526hlv%253D61154cca-69a8-4540-9186-15fa0a01000f%2523v_711877088 HTTP/1.1" 200 246
195.191.219.131 - - [16/Feb/2025:01:36:39 +0100] "GET /ticket2/opencms/fi/sell/?edid=8E43ECF6-11B9-CAF2-A331-C77F36107AD0 HTTP/1.1" 302 -
202.8.42.138 - - [16/Feb/2025:01:36:39 +0100] "GET /ticket2/opencms/system/modules/com.gridnine.opencms.ticketbrokerage.site/resources/css/ticketbrokerage.css HTTP/1.1" 200 39339
202.8.42.138 - - [16/Feb/2025:01:36:39 +0100] "GET /ticket2/opencms/system/modules/com.gridnine.opencms.ticketbrokerage.site/resources/css/calendar.css HTTP/1.1" 200 6871
202.8.42.138 - - [16/Feb/2025:01:36:39 +0100] "GET /ticket2/opencms/system/modules/com.gridnine.opencms.ticketbrokerage.site/resources/css/jquery-ui.css HTTP/1.1" 200 33221
202.8.42.138 - - [16/Feb/2025:01:36:39 +0100] "GET /ticket2/opencms/system/modules/com.gridnine.opencms.ticketbrokerage.site/resources/css/standard.css HTTP/1.1" 200 73904
202.8.42.138 - - [16/Feb/2025:01:36:39 +0100] "GET /ticket2/opencms/system/modules/com.gridnine.opencms.ticketbrokerage.site/resources/css/jquery.fancybox.css HTTP/1.1" 200 4939
202.8.42.138 - - [16/Feb/2025:01:36:39 +0100] "GET /ticket2/opencms/system/modules/com.gridnine.opencms.ticketbrokerage.site/resources/js/jquery/jquery.js HTTP/1.1" 200 93868
202.8.42.138 - - [16/Feb/2025:01:36:39 +0100] "GET /ticket2/opencms/system/modules/com.gridnine.opencms.ticketbrokerage.site/resources/js/jquery/jquery-ui.js HTTP/1.1" 200 228088
202.8.42.138 - - [16/Feb/2025:01:36:39 +0100] "GET /ticket2/opencms/system/modules/com.gridnine.opencms.ticketbrokerage.site/resources/js/functions.js HTTP/1.1" 200 1583
202.8.42.138 - - [16/Feb/2025:01:36:39 +0100] "GET /ticket2/opencms/system/modules/com.gridnine.opencms.ticketbrokerage.site/resources/js/calendar-setup.js HTTP/1.1" 200 4923
202.8.42.138 - - [16/Feb/2025:01:36:39 +0100] "GET /ticket2/opencms/system/modules/com.gridnine.opencms.ticketbrokerage.site/resources/js/calendar.js HTTP/1.1" 200 49229
202.8.42.138 - - [16/Feb/2025:01:36:39 +0100] "GET /ticket2/opencms/system/modules/com.gridnine.opencms.ticketbrokerage.site/resources/js/calendar-en.js HTTP/1.1" 200 3338
85.208.96.195 - - [16/Feb/2025:01:36:39 +0100] "GET /ticket2/opencms/de/sport/fussball-tickets/premier_league/arsenal/ HTTP/1.1" 200 95050
202.8.42.138 - - [16/Feb/2025:01:36:39 +0100] "GET /ticket2/opencms/system/modules/com.gridnine.opencms.ticketbrokerage.site/resources/js/jquery.fancybox.pack.js HTTP/1.1" 200 23187
202.8.42.138 - - [16/Feb/2025:01:36:39 +0100] "GET /ticket2/opencms/system/modules/com.gridnine.opencms.ticketbrokerage.site/resources/js/stickyfill.min.js HTTP/1.1" 200 5672
202.8.42.138 - - [16/Feb/2025:01:36:39 +0100] "GET /ticket2/opencms/system/modules/com.gridnine.opencms.ticketbrokerage.site/resources/js/standard.js HTTP/1.1" 200 3983
202.8.42.138 - - [16/Feb/2025:01:36:39 +0100] "GET /ticket2/opencms/system/modules/com.gridnine.opencms.ticketbrokerage.site/resources/js/jquery.placeholder.min.js HTTP/1.1" 200 1737
202.8.42.138 - - [16/Feb/2025:01:36:39 +0100] "GET /ticket2/opencms/system/modules/com.gridnine.opencms.ticketbrokerage.site/resources/js/common-ajax.js HTTP/1.1" 200 20175
54.167.32.123 - - [16/Feb/2025:01:36:40 +0100] "GET /ticket2/opencms/be/buy/?catid=81B744E7-1FEE-E757-C0AB-C7AF73CDE252&comcatid=97ECA65A-72DA-F9AF-9DBB-245D3CFED1BE HTTP/1.1" 200 99348
20.171.207.223 - - [16/Feb/2025:01:36:41 +0100] "GET /ticket2/opencms/set_aff_cookie.jsp?partner=57601924-FB09-5BB2-867F-08B4EB522BA8&url=%252Ffi%252Fbuy%252Findex.html%253Fpage%253D1%2526edid%253D76EC6065-A9FD-2158-21EE-D9457194B3F1%2526hlv%253D60d0db99-b530-4547-bd31-3ed80a01000f%2523v_553422490 HTTP/1.1" 200 246
154.54.249.216 - - [16/Feb/2025:01:36:41 +0100] "GET /ticket2/opencms/pl/buy?page=1&edid=BFBA40E2-8FE7-D144-D9EC-AA67FFE17B27 HTTP/1.1" 200 110632
195.191.219.131 - - [16/Feb/2025:01:36:42 +0100] "GET /ticket2/opencms/fi/login/?edid=8E43ECF6-11B9-CAF2-A331-C77F36107AD0 HTTP/1.1" 200 91866
3.211.105.134 - - [16/Feb/2025:01:36:44 +0100] "GET /ticket2/opencms/be/buy/?catid=8732E72C-A028-EA8C-4D4D-DEB44E2A28A8&comcatid=97ECA65A-72DA-F9AF-9DBB-245D3CFED1BE HTTP/1.1" 200 99173
20.171.207.223 - - [16/Feb/2025:01:36:44 +0100] "GET /ticket2/opencms/set_aff_cookie.jsp?partner=8F6DE15D-D831-5787-AE7E-FEFF53476F85&url=%252Fsv%252Fbuy%252Findex.html%253Fpage%253D1%2526edid%253DB0342119-7DEE-A961-582D-4DB4FC7F38E6%2526hlv%253D6149ea73-03dc-4aa4-b9b6-1dea0a01000f%2523v_1889257374 HTTP/1.1" 200 247
195.191.219.131 - - [16/Feb/2025:01:36:46 +0100] "GET /ticket2/opencms/fi/sell/?edid=A2A4078E-C8E8-C113-199B-69C1FEB231B0 HTTP/1.1" 302 -
20.171.207.223 - - [16/Feb/2025:01:36:48 +0100] "GET /ticket2/opencms/set_aff_cookie.jsp?partner=8F6DE15D-D831-5787-AE7E-FEFF53476F85&url=%252Fru%252Fbuy%252Findex.html%253Fpage%253D1%2526edid%253DBF990419-E317-46FC-F88A-E6023A3E4305%2526hlv%253D61152014-463c-4be1-901a-04270a01000f%2523v_1225869006 HTTP/1.1" 200 247
44.206.93.215 - - [16/Feb/2025:01:36:48 +0100] "GET /ticket2/opencms/be/buy/?catid=8B6802AF-1ADE-4BE1-A1F7-7671190CFB4F&comcatid=97ECA65A-72DA-F9AF-9DBB-245D3CFED1BE HTTP/1.1" 200 99158
195.191.219.131 - - [16/Feb/2025:01:36:50 +0100] "GET /ticket2/opencms/fi/login/?edid=A2A4078E-C8E8-C113-199B-69C1FEB231B0 HTTP/1.1" 200 91843
20.171.207.223 - - [16/Feb/2025:01:36:51 +0100] "GET /ticket2/opencms/set_aff_cookie.jsp?partner=5E0CDF29-E7BE-9F6B-6869-7BF66B04006F&url=%252Fdk%252Fbuy%252Findex.html%253Fpage%253D1%2526edid%253DBF225AEB-CFAC-EB68-F0A7-2E52AF288383%2526hlv%253D60f81c30-73dc-4e80-b91c-5dfa0a01000f%2523v_1537354222 HTTP/1.1" 200 247
52.200.142.199 - - [16/Feb/2025:01:36:52 +0100] "GET /ticket2/opencms/be/buy/?catid=9457695E-36ED-A63E-7A88-32963954E2C7&comcatid=97ECA65A-72DA-F9AF-9DBB-245D3CFED1BE HTTP/1.1" 200 99142
195.191.219.131 - - [16/Feb/2025:01:36:53 +0100] "GET /ticket2/opencms/fi/sell/?edid=AA8C5089-9B5D-0C1A-1662-169B0C579120 HTTP/1.1" 302 -
20.171.207.223 - - [16/Feb/2025:01:36:53 +0100] "GET /ticket2/opencms/set_aff_cookie.jsp?partner=8F6DE15D-D831-5787-AE7E-FEFF53476F85&url=%252Fno%252Fbuy%252Findex.html%253Fpage%253D1%2526edid%253D40B70B22-910C-2CEB-BC32-2263AEA98A84%2526hlv%253D60f6990c-25c0-4198-9a05-63120a01000f%2523v_949242846 HTTP/1.1" 200 246
20.171.207.223 - - [16/Feb/2025:01:36:55 +0100] "GET /ticket2/opencms/set_aff_cookie.jsp?partner=6F250EA7-4505-FA01-D601-8847F2573405&url=%252Ffi%252Fbuy%252Findex.html%253Fpage%253D1%2526edid%253D6619AF23-B82A-4933-7AAB-7FCD989DC8B0%2526hlv%253D6145bdcb-0c08-473d-8be2-64fe0a01000f%2523v_410720444 HTTP/1.1" 200 246
54.235.172.96 - - [16/Feb/2025:01:36:56 +0100] "GET /ticket2/opencms/be/buy/?catid=D414C6A5-7A03-3389-42A8-D7B7FE32BB37&comcatid=97ECA65A-72DA-F9AF-9DBB-245D3CFED1BE HTTP/1.1" 200 99164
195.191.219.131 - - [16/Feb/2025:01:36:57 +0100] "GET /ticket2/opencms/fi/login/?edid=AA8C5089-9B5D-0C1A-1662-169B0C579120 HTTP/1.1" 200 91844
20.171.207.223 - - [16/Feb/2025:01:36:57 +0100] "GET /ticket2/opencms/set_aff_cookie.jsp?partner=6F250EA7-4505-FA01-D601-8847F2573405&url=%252Fnl%252Fbuy%252Findex.html%253Fpage%253D1%2526edid%253D47765F02-5EE4-F2A0-55C6-9B445E387E6A%2526hlv%253D61162ffd-b4fc-44b5-b08c-6f390a01000f%2523v_554184805 HTTP/1.1" 200 246
20.171.207.223 - - [16/Feb/2025:01:36:58 +0100] "GET /ticket2/opencms/set_aff_cookie.jsp?partner=2E02071B-A8C3-4CBA-3097-C27D61C02ED8&url=%252Fnl%252Fbuy%252Findex.html%253Fpage%253D1%2526edid%253DC3C3C4B4-8DE9-0BBD-5349-6EF9935BCF15%2526hlv%253D60f9588b-8e1c-40b5-8f0b-59200a01000f%2523v_1429258124 HTTP/1.1" 200 247
54.36.148.194 - - [16/Feb/2025:01:36:59 +0100] "GET /ticket2/opencms/en/sport/football-tickets/premier_league/bournemouth HTTP/1.1" 200 98433
202.8.43.161 - - [16/Feb/2025:01:37:00 +0100] "GET /ticket2/opencms/system/modules/com.gridnine.opencms.ticketbrokerage.site/resources/css/jquery-ui.css HTTP/1.1" 200 33221
202.8.43.161 - - [16/Feb/2025:01:37:00 +0100] "GET /ticket2/opencms/system/modules/com.gridnine.opencms.ticketbrokerage.site/resources/css/ticketbrokerage.css HTTP/1.1" 200 39339
202.8.43.161 - - [16/Feb/2025:01:37:00 +0100] "GET /ticket2/opencms/system/modules/com.gridnine.opencms.ticketbrokerage.site/resources/css/standard.css HTTP/1.1" 200 73904
202.8.43.161 - - [16/Feb/2025:01:37:00 +0100] "GET /ticket2/opencms/system/modules/com.gridnine.opencms.ticketbrokerage.site/resources/css/calendar.css HTTP/1.1" 200 6871
202.8.43.161 - - [16/Feb/2025:01:37:00 +0100] "GET /ticket2/opencms/system/modules/com.gridnine.opencms.ticketbrokerage.site/resources/css/jquery.fancybox.css HTTP/1.1" 200 4939
202.8.43.161 - - [16/Feb/2025:01:37:00 +0100] "GET /ticket2/opencms/system/modules/com.gridnine.opencms.ticketbrokerage.site/resources/js/jquery/jquery.js HTTP/1.1" 200 93868
202.8.43.161 - - [16/Feb/2025:01:37:00 +0100] "GET /ticket2/opencms/system/modules/com.gridnine.opencms.ticketbrokerage.site/resources/js/jquery/jquery-ui.js HTTP/1.1" 200 228088
202.8.43.161 - - [16/Feb/2025:01:37:00 +0100] "GET /ticket2/opencms/system/modules/com.gridnine.opencms.ticketbrokerage.site/resources/js/functions.js HTTP/1.1" 200 1583
202.8.43.161 - - [16/Feb/2025:01:37:00 +0100] "GET /ticket2/opencms/system/modules/com.gridnine.opencms.ticketbrokerage.site/resources/js/calendar-en.js HTTP/1.1" 200 3338
202.8.43.161 - - [16/Feb/2025:01:37:00 +0100] "GET /ticket2/opencms/system/modules/com.gridnine.opencms.ticketbrokerage.site/resources/js/calendar.js HTTP/1.1" 200 49229
202.8.43.161 - - [16/Feb/2025:01:37:00 +0100] "GET /ticket2/opencms/system/modules/com.gridnine.opencms.ticketbrokerage.site/resources/js/calendar-setup.js HTTP/1.1" 200 4923
202.8.43.161 - - [16/Feb/2025:01:37:00 +0100] "GET /ticket2/opencms/system/modules/com.gridnine.opencms.ticketbrokerage.site/resources/js/stickyfill.min.js HTTP/1.1" 200 5672
202.8.43.161 - - [16/Feb/2025:01:37:00 +0100] "GET /ticket2/opencms/system/modules/com.gridnine.opencms.ticketbrokerage.site/resources/js/jquery.fancybox.pack.js HTTP/1.1" 200 23187
202.8.43.161 - - [16/Feb/2025:01:37:00 +0100] "GET /ticket2/opencms/system/modules/com.gridnine.opencms.ticketbrokerage.site/resources/js/standard.js HTTP/1.1" 200 3983
195.191.219.131 - - [16/Feb/2025:01:37:00 +0100] "GET /ticket2/opencms/fi/sell/?edid=C781C90E-2A4A-BE38-23EB-6039DE2F5FA8 HTTP/1.1" 302 -
18.206.47.187 - - [16/Feb/2025:01:37:00 +0100] "GET /ticket2/opencms/be/buy/?catid=DA31441B-C568-3C77-D08C-698809032494&comcatid=97ECA65A-72DA-F9AF-9DBB-245D3CFED1BE HTTP/1.1" 200 99330
202.8.43.161 - - [16/Feb/2025:01:37:00 +0100] "GET /ticket2/opencms/system/modules/com.gridnine.opencms.ticketbrokerage.site/resources/js/jquery.placeholder.min.js HTTP/1.1" 200 1737
202.8.43.161 - - [16/Feb/2025:01:37:00 +0100] "GET /ticket2/opencms/system/modules/com.gridnine.opencms.ticketbrokerage.site/resources/js/common-ajax.js HTTP/1.1" 200 20175
20.171.207.223 - - [16/Feb/2025:01:37:00 +0100] "GET /ticket2/opencms/set_aff_cookie.jsp?partner=692E2C6A-EC6F-1C93-AFCC-C5ACC23A93EA&url=%252Fen%252Fbuy%252Findex.html%253Fpage%253D1%2526edid%253D82E5C37F-CC9B-4569-1B88-1DB63DDA58A5%2526hlv%253D60c9eecb-2990-4581-8d15-29c10a01000f%2523v_1273383656 HTTP/1.1" 200 247
20.171.207.223 - - [16/Feb/2025:01:37:02 +0100] "GET /ticket2/opencms/set_aff_cookie.jsp?partner=5E0CDF29-E7BE-9F6B-6869-7BF66B04006F&url=%252Fdk%252Fbuy%252Findex.html%253Fpage%253D1%2526edid%253D81CB16E1-41EB-DE22-295B-27386E73C454%2526hlv%253D60f80b00-7f68-47c3-8288-57a80a01000f%2523v_912870713 HTTP/1.1" 200 246
195.191.219.131 - - [16/Feb/2025:01:37:04 +0100] "GET /ticket2/opencms/fi/login/?edid=C781C90E-2A4A-BE38-23EB-6039DE2F5FA8 HTTP/1.1" 200 91792
20.171.207.223 - - [16/Feb/2025:01:37:04 +0100] "GET /ticket2/opencms/set_aff_cookie.jsp?partner=57601924-FB09-5BB2-867F-08B4EB522BA8&url=%252Fnl%252Fbuy%252Findex.html%253Fpage%253D1%2526edid%253D2DEDC008-A8E2-8338-9113-89CEDCB5E81A%2526hlv%253D60ca0c38-26f0-4464-a837-37800a01000f%2523v_1115990103 HTTP/1.1" 200 247
54.156.248.117 - - [16/Feb/2025:01:37:04 +0100] "GET /ticket2/opencms/be/buy/?catid=E3105E1E-3982-291E-5523-1C1DF161E9B7&comcatid=97ECA65A-72DA-F9AF-9DBB-245D3CFED1BE HTTP/1.1" 200 99120
47.128.29.30 - - [16/Feb/2025:01:37:05 +0100] "GET /ticket2/opencms/nl/buy/?edid=B971CA22-B907-9DDA-615B-B7F75124D039 HTTP/1.1" 200 89323
195.191.219.131 - - [16/Feb/2025:01:37:07 +0100] "GET /ticket2/opencms/fi/sell/?edid=E2BA261D-8AA4-C0D3-44EE-1FFEB3ECFAE6 HTTP/1.1" 302 -
20.171.207.223 - - [16/Feb/2025:01:37:07 +0100] "GET /ticket2/opencms/set_aff_cookie.jsp?partner=692E2C6A-EC6F-1C93-AFCC-C5ACC23A93EA&url=%252Fru%252Fbuy%252Findex.html%253Fpage%253D1%2526edid%253DE0E0A92E-E970-D7B2-B5EB-9799FE58777D%2526hlv%253D60f81fcc-7c8c-4fea-846e-5d1e0a01000f%2523v_1616393288 HTTP/1.1" 200 247
44.221.105.234 - - [16/Feb/2025:01:37:08 +0100] "GET /ticket2/opencms/be/buy/?catid=F4D223A4-C027-46DC-3DE5-726A23E30A62&comcatid=97ECA65A-72DA-F9AF-9DBB-245D3CFED1BE HTTP/1.1" 200 99159
54.36.148.237 - - [16/Feb/2025:01:37:10 +0100] "GET /ticket2/opencms/hr/sport/nogometne-ulaznice/la-liga/getafe HTTP/1.1" 200 100158
195.191.219.131 - - [16/Feb/2025:01:37:11 +0100] "GET /ticket2/opencms/fi/login/?edid=E2BA261D-8AA4-C0D3-44EE-1FFEB3ECFAE6 HTTP/1.1" 200 91791
202.8.41.151 - - [16/Feb/2025:01:37:11 +0100] "GET /ticket2/opencms/system/modules/com.gridnine.opencms.ticketbrokerage.site/resources/css/ticketbrokerage.css HTTP/1.1" 200 39339
202.8.41.151 - - [16/Feb/2025:01:37:11 +0100] "GET /ticket2/opencms/system/modules/com.gridnine.opencms.ticketbrokerage.site/resources/css/jquery-ui.css HTTP/1.1" 200 33221
