202.8.41.151 - - [16/Feb/2025:01:37:11 +0100] "GET /ticket2/opencms/system/modules/com.gridnine.opencms.ticketbrokerage.site/resources/css/standard.css HTTP/1.1" 200 73904
202.8.41.151 - - [16/Feb/2025:01:37:11 +0100] "GET /ticket2/opencms/system/modules/com.gridnine.opencms.ticketbrokerage.site/resources/css/calendar.css HTTP/1.1" 200 6871
202.8.41.151 - - [16/Feb/2025:01:37:11 +0100] "GET /ticket2/opencms/system/modules/com.gridnine.opencms.ticketbrokerage.site/resources/css/jquery.fancybox.css HTTP/1.1" 200 4939
202.8.41.151 - - [16/Feb/2025:01:37:11 +0100] "GET /ticket2/opencms/system/modules/com.gridnine.opencms.ticketbrokerage.site/resources/js/jquery/jquery.js HTTP/1.1" 200 93868
202.8.41.151 - - [16/Feb/2025:01:37:11 +0100] "GET /ticket2/opencms/system/modules/com.gridnine.opencms.ticketbrokerage.site/resources/js/functions.js HTTP/1.1" 200 1583
202.8.41.151 - - [16/Feb/2025:01:37:11 +0100] "GET /ticket2/opencms/system/modules/com.gridnine.opencms.ticketbrokerage.site/resources/js/calendar.js HTTP/1.1" 200 49229
202.8.41.151 - - [16/Feb/2025:01:37:11 +0100] "GET /ticket2/opencms/system/modules/com.gridnine.opencms.ticketbrokerage.site/resources/js/calendar-en.js HTTP/1.1" 200 3338
202.8.41.151 - - [16/Feb/2025:01:37:11 +0100] "GET /ticket2/opencms/system/modules/com.gridnine.opencms.ticketbrokerage.site/resources/js/jquery/jquery-ui.js HTTP/1.1" 200 228088
202.8.41.151 - - [16/Feb/2025:01:37:11 +0100] "GET /ticket2/opencms/system/modules/com.gridnine.opencms.ticketbrokerage.site/resources/js/calendar-setup.js HTTP/1.1" 200 4923
202.8.41.151 - - [16/Feb/2025:01:37:11 +0100] "GET /ticket2/opencms/system/modules/com.gridnine.opencms.ticketbrokerage.site/resources/js/jquery.fancybox.pack.js HTTP/1.1" 200 23187
202.8.41.151 - - [16/Feb/2025:01:37:11 +0100] "GET /ticket2/opencms/system/modules/com.gridnine.opencms.ticketbrokerage.site/resources/js/stickyfill.min.js HTTP/1.1" 200 5672
202.8.41.151 - - [16/Feb/2025:01:37:11 +0100] "GET /ticket2/opencms/system/modules/com.gridnine.opencms.ticketbrokerage.site/resources/js/standard.js HTTP/1.1" 200 3983
20.171.207.223 - - [16/Feb/2025:01:37:11 +0100] "GET /ticket2/opencms/set_aff_cookie.jsp?partner=23A6AD98-906E-5BDD-600E-EC4EC8A45F97&url=%252Fen%252Fbuy%252Findex.html%253Fpage%253D1%2526edid%253DB12EFA8D-4EC4-DDCD-8B91-E676E87E71DF%2526hlv%253D60f957c0-ec34-46e1-be3d-58a00a01000f%2523v_1326152495 HTTP/1.1" 200 247
202.8.41.151 - - [16/Feb/2025:01:37:11 +0100] "GET /ticket2/opencms/system/modules/com.gridnine.opencms.ticketbrokerage.site/resources/js/jquery.placeholder.min.js HTTP/1.1" 200 1737
202.8.41.151 - - [16/Feb/2025:01:37:11 +0100] "GET /ticket2/opencms/system/modules/com.gridnine.opencms.ticketbrokerage.site/resources/js/common-ajax.js HTTP/1.1" 200 20175
54.36.148.213 - - [16/Feb/2025:01:37:12 +0100] "GET /ticket2/opencms/be/sport/futbol-kvitki/la-liga/leganes HTTP/1.1" 200 101995
66.249.76.39 - - [16/Feb/2025:01:37:12 +0100] "GET /ticket2/opencms/ro/buy?page=1&edid=66C22035-E7EA-E10A-4BFC-2C30733037DC HTTP/1.1" 200 136433
3.94.157.25 - - [16/Feb/2025:01:37:12 +0100] "GET /ticket2/opencms/be/buy/?catid=F7F89B9B-6697-7881-54AE-4C39276BF1B8&comcatid=97ECA65A-72DA-F9AF-9DBB-245D3CFED1BE HTTP/1.1" 200 99150
202.8.42.16 - - [16/Feb/2025:01:37:13 +0100] "GET /ticket2/opencms/system/modules/com.gridnine.opencms.ticketbrokerage.site/resources/css/ticketbrokerage.css HTTP/1.1" 200 39339
202.8.42.16 - - [16/Feb/2025:01:37:13 +0100] "GET /ticket2/opencms/system/modules/com.gridnine.opencms.ticketbrokerage.site/resources/css/jquery-ui.css HTTP/1.1" 200 33221
202.8.42.16 - - [16/Feb/2025:01:37:13 +0100] "GET /ticket2/opencms/system/modules/com.gridnine.opencms.ticketbrokerage.site/resources/css/calendar.css HTTP/1.1" 200 6871
66.249.79.33 - - [16/Feb/2025:01:37:13 +0100] "GET /ticket2/opencms/ga/buy/?page=1&edid=F0EFBD65-77E6-B7AA-81F6-50717F1EFF56 HTTP/1.1" 200 109062
202.8.42.16 - - [16/Feb/2025:01:37:13 +0100] "GET /ticket2/opencms/system/modules/com.gridnine.opencms.ticketbrokerage.site/resources/css/standard.css HTTP/1.1" 200 73904
202.8.42.16 - - [16/Feb/2025:01:37:13 +0100] "GET /ticket2/opencms/system/modules/com.gridnine.opencms.ticketbrokerage.site/resources/css/jquery.fancybox.css HTTP/1.1" 200 4939
202.8.42.16 - - [16/Feb/2025:01:37:13 +0100] "GET /ticket2/opencms/system/modules/com.gridnine.opencms.ticketbrokerage.site/resources/js/jquery/jquery.js HTTP/1.1" 200 93868
202.8.42.16 - - [16/Feb/2025:01:37:13 +0100] "GET /ticket2/opencms/system/modules/com.gridnine.opencms.ticketbrokerage.site/resources/js/jquery/jquery-ui.js HTTP/1.1" 200 228088
202.8.42.16 - - [16/Feb/2025:01:37:13 +0100] "GET /ticket2/opencms/system/modules/com.gridnine.opencms.ticketbrokerage.site/resources/js/functions.js HTTP/1.1" 200 1583
202.8.42.16 - - [16/Feb/2025:01:37:13 +0100] "GET /ticket2/opencms/system/modules/com.gridnine.opencms.ticketbrokerage.site/resources/js/calendar.js HTTP/1.1" 200 49229
202.8.42.16 - - [16/Feb/2025:01:37:13 +0100] "GET /ticket2/opencms/system/modules/com.gridnine.opencms.ticketbrokerage.site/resources/js/calendar-en.js HTTP/1.1" 200 3338
202.8.42.16 - - [16/Feb/2025:01:37:13 +0100] "GET /ticket2/opencms/system/modules/com.gridnine.opencms.ticketbrokerage.site/resources/js/calendar-setup.js HTTP/1.1" 200 4923
202.8.42.16 - - [16/Feb/2025:01:37:13 +0100] "GET /ticket2/opencms/system/modules/com.gridnine.opencms.ticketbrokerage.site/resources/js/jquery.fancybox.pack.js HTTP/1.1" 200 23187
202.8.42.16 - - [16/Feb/2025:01:37:13 +0100] "GET /ticket2/opencms/system/modules/com.gridnine.opencms.ticketbrokerage.site/resources/js/stickyfill.min.js HTTP/1.1" 200 5672
202.8.42.16 - - [16/Feb/2025:01:37:13 +0100] "GET /ticket2/opencms/system/modules/com.gridnine.opencms.ticketbrokerage.site/resources/js/standard.js HTTP/1.1" 200 3983
202.8.42.16 - - [16/Feb/2025:01:37:13 +0100] "GET /ticket2/opencms/system/modules/com.gridnine.opencms.ticketbrokerage.site/resources/js/jquery.placeholder.min.js HTTP/1.1" 200 1737
202.8.42.16 - - [16/Feb/2025:01:37:13 +0100] "GET /ticket2/opencms/system/modules/com.gridnine.opencms.ticketbrokerage.site/resources/js/common-ajax.js HTTP/1.1" 200 20175
195.191.219.131 - - [16/Feb/2025:01:37:14 +0100] "GET /ticket2/opencms/fi/sell/?edid=FF079107-CBD4-B70B-EC76-A896DEC733A2 HTTP/1.1" 302 -
111.119.206.108 - - [16/Feb/2025:01:37:14 +0100] "GET /ticket2/opencms/az/buy?page=1&edid=D80510A1-AB6B-073C-B548-208C3C93C317 HTTP/1.1" 200 112509
20.171.207.223 - - [16/Feb/2025:01:37:14 +0100] "GET /ticket2/opencms/set_aff_cookie.jsp?partner=6F250EA7-4505-FA01-D601-8847F2573405&url=%252Fsv%252Fbuy%252Findex.html%253Fpage%253D1%2526edid%253DE59A37DC-C4D5-8789-4A59-E1C7D847EADE%2526hlv%253D60c9e0fb-8e24-4b98-bbfd-23000a01000f%2523v_357677440 HTTP/1.1" 200 246
3.213.46.222 - - [16/Feb/2025:01:37:16 +0100] "GET /ticket2/opencms/be/buy/?catid=F7FF413B-5FDF-82CF-E5BB-CD4AB6027974&comcatid=97ECA65A-72DA-F9AF-9DBB-245D3CFED1BE HTTP/1.1" 200 99065
20.171.207.223 - - [16/Feb/2025:01:37:17 +0100] "GET /ticket2/opencms/set_aff_cookie.jsp?partner=2E02071B-A8C3-4CBA-3097-C27D61C02ED8&url=%252Ffi%252Fbuy%252Findex.html%253Fpage%253D1%2526edid%253D7289F2D1-8B79-467B-FDCD-62F6982659A6%2526hlv%253D60f84bc1-a04c-4dc4-aa1c-72280a01000f%2523v_1482672702 HTTP/1.1" 200 247
66.249.79.34 - - [16/Feb/2025:01:37:17 +0100] "GET /ticket2/opencms/sk/buy/?page=1&edid=F0EFBD65-77E6-B7AA-81F6-50717F1EFF56 HTTP/1.1" 200 108721
195.191.219.131 - - [16/Feb/2025:01:37:17 +0100] "GET /ticket2/opencms/fi/login/?edid=FF079107-CBD4-B70B-EC76-A896DEC733A2 HTTP/1.1" 200 91836
20.171.207.223 - - [16/Feb/2025:01:37:18 +0100] "GET /ticket2/opencms/set_aff_cookie.jsp?partner=57601924-FB09-5BB2-867F-08B4EB522BA8&url=%252Fno%252Fbuy%252Findex.html%253Fpage%253D1%2526edid%253D2F7CCFEA-11D9-C739-94AB-D08CAE52A423%2526hlv%253D60f9607c-a690-43f0-8afa-5f770a01000f%2523v_491381883 HTTP/1.1" 200 246
52.2.83.227 - - [16/Feb/2025:01:37:20 +0100] "GET /ticket2/opencms/be/buy/?comcatid=B41CCF2B-5558-7AEE-3602-09BBDE417D65 HTTP/1.1" 200 94865
20.171.207.223 - - [16/Feb/2025:01:37:20 +0100] "GET /ticket2/opencms/set_aff_cookie.jsp?partner=57601924-FB09-5BB2-867F-08B4EB522BA8&url=%252Fen%252Fbuy%252Findex.html%253Fpage%253D1%2526edid%253D1262C5E9-4459-6D63-F273-010CB7E37FF2%2526hlv%253D60ca12fc-b670-4709-9e95-369c0a01000f%2523v_618614942 HTTP/1.1" 200 246
173.252.83.15 - - [16/Feb/2025:01:37:20 +0100] "GET /ticket2/opencms/es/buy/?page=1&edid=9662AEC5-C2DE-EE5D-5D3B-AAB4B46EF79E HTTP/1.1" 200 90304
185.191.171.14 - - [16/Feb/2025:01:37:20 +0100] "GET /ticket2/opencms/et/buy?page=1 HTTP/1.1" 200 -
54.36.148.53 - - [16/Feb/2025:01:37:21 +0100] "GET /ticket2/opencms/be/sport/futbol-kvitki/la-liga/getafe HTTP/1.1" 200 101634
195.191.219.131 - - [16/Feb/2025:01:37:21 +0100] "GET /ticket2/opencms/fr/buy/?page=1&edid=00653391-A813-563B-EC42-2A1E972F6570 HTTP/1.1" 200 110495
20.171.207.223 - - [16/Feb/2025:01:37:21 +0100] "GET /ticket2/opencms/set_aff_cookie.jsp?partner=5E0CDF29-E7BE-9F6B-6869-7BF66B04006F&url=%252Fru%252Fbuy%252Findex.html%253Fpage%253D1%2526edid%253DDD7009E0-BEDD-5FDF-FBEC-9803C9276491%2526hlv%253D611babab-ca24-4cf3-b65a-45c30a01000f%2523v_703101021 HTTP/1.1" 200 246
202.8.42.165 - - [16/Feb/2025:01:37:22 +0100] "GET /ticket2/opencms/system/modules/com.gridnine.opencms.ticketbrokerage.site/resources/css/calendar.css HTTP/1.1" 200 6871
202.8.42.165 - - [16/Feb/2025:01:37:22 +0100] "GET /ticket2/opencms/system/modules/com.gridnine.opencms.ticketbrokerage.site/resources/css/ticketbrokerage.css HTTP/1.1" 200 39339
202.8.42.165 - - [16/Feb/2025:01:37:22 +0100] "GET /ticket2/opencms/system/modules/com.gridnine.opencms.ticketbrokerage.site/resources/css/jquery-ui.css HTTP/1.1" 200 33221
202.8.42.165 - - [16/Feb/2025:01:37:22 +0100] "GET /ticket2/opencms/system/modules/com.gridnine.opencms.ticketbrokerage.site/resources/css/jquery.fancybox.css HTTP/1.1" 200 4939
202.8.42.165 - - [16/Feb/2025:01:37:22 +0100] "GET /ticket2/opencms/system/modules/com.gridnine.opencms.ticketbrokerage.site/resources/css/standard.css HTTP/1.1" 200 73904
202.8.42.165 - - [16/Feb/2025:01:37:22 +0100] "GET /ticket2/opencms/system/modules/com.gridnine.opencms.ticketbrokerage.site/resources/js/jquery/jquery.js HTTP/1.1" 200 93868
202.8.42.165 - - [16/Feb/2025:01:37:22 +0100] "GET /ticket2/opencms/system/modules/com.gridnine.opencms.ticketbrokerage.site/resources/js/jquery/jquery-ui.js HTTP/1.1" 200 228088
202.8.42.165 - - [16/Feb/2025:01:37:22 +0100] "GET /ticket2/opencms/system/modules/com.gridnine.opencms.ticketbrokerage.site/resources/js/functions.js HTTP/1.1" 200 1583
202.8.42.165 - - [16/Feb/2025:01:37:22 +0100] "GET /ticket2/opencms/system/modules/com.gridnine.opencms.ticketbrokerage.site/resources/js/calendar.js HTTP/1.1" 200 49229
202.8.42.165 - - [16/Feb/2025:01:37:22 +0100] "GET /ticket2/opencms/system/modules/com.gridnine.opencms.ticketbrokerage.site/resources/js/calendar-en.js HTTP/1.1" 200 3338
202.8.42.165 - - [16/Feb/2025:01:37:22 +0100] "GET /ticket2/opencms/system/modules/com.gridnine.opencms.ticketbrokerage.site/resources/js/calendar-setup.js HTTP/1.1" 200 4923
202.8.42.165 - - [16/Feb/2025:01:37:22 +0100] "GET /ticket2/opencms/system/modules/com.gridnine.opencms.ticketbrokerage.site/resources/js/jquery.fancybox.pack.js HTTP/1.1" 200 23187
202.8.42.165 - - [16/Feb/2025:01:37:22 +0100] "GET /ticket2/opencms/system/modules/com.gridnine.opencms.ticketbrokerage.site/resources/js/stickyfill.min.js HTTP/1.1" 200 5672
202.8.42.165 - - [16/Feb/2025:01:37:22 +0100] "GET /ticket2/opencms/system/modules/com.gridnine.opencms.ticketbrokerage.site/resources/js/standard.js HTTP/1.1" 200 3983
202.8.42.165 - - [16/Feb/2025:01:37:22 +0100] "GET /ticket2/opencms/system/modules/com.gridnine.opencms.ticketbrokerage.site/resources/js/jquery.placeholder.min.js HTTP/1.1" 200 1737
202.8.42.165 - - [16/Feb/2025:01:37:22 +0100] "GET /ticket2/opencms/system/modules/com.gridnine.opencms.ticketbrokerage.site/resources/js/common-ajax.js HTTP/1.1" 200 20175
20.171.207.223 - - [16/Feb/2025:01:37:23 +0100] "GET /ticket2/opencms/set_aff_cookie.jsp?partner=692E2C6A-EC6F-1C93-AFCC-C5ACC23A93EA&url=%252Ffi%252Fbuy%252Findex.html%253Fpage%253D1%2526edid%253DE305D0D4-BB5B-19E2-61CE-4AD68E07A65B%2526hlv%253D60f84e21-8cd4-48f0-90e4-6ed00a01000f%2523v_2016766772 HTTP/1.1" 200 247
20.171.207.223 - - [16/Feb/2025:01:37:25 +0100] "GET /ticket2/opencms/set_aff_cookie.jsp?partner=6F250EA7-4505-FA01-D601-8847F2573405&url=%252Fru%252Fbuy%252Findex.html%253Fpage%253D1%2526edid%253D26FF4CAE-0AB1-26F3-524A-CA6FA2A5B775%2526hlv%253D60f8213f-895c-4eaf-a1f7-60390a01000f%2523v_1487404884 HTTP/1.1" 200 247
52.2.83.227 - - [16/Feb/2025:01:37:25 +0100] "GET /ticket2/opencms/be/buy/?catid=36DC4BE2-91A2-6146-2BE9-47B6F3C44EDB&comcatid=B41CCF2B-5558-7AEE-3602-09BBDE417D65 HTTP/1.1" 200 96376
52.167.144.169 - - [16/Feb/2025:01:37:25 +0100] "GET /ticket2/opencms/fi/magazine/article?title=graham-potter-ruotsista-valioliigaan HTTP/1.1" 200 97491
195.191.219.131 - - [16/Feb/2025:01:37:25 +0100] "GET /ticket2/opencms/fr/buy/?page=1&edid=0859B3F5-666A-8459-68A2-BF0A731BAF06 HTTP/1.1" 200 135179
20.171.207.223 - - [16/Feb/2025:01:37:27 +0100] "GET /ticket2/opencms/set_aff_cookie.jsp?partner=6F250EA7-4505-FA01-D601-8847F2573405&url=%252Fnl%252Fbuy%252Findex.html%253Fpage%253D1%2526edid%253D634076B4-32CF-CB6D-4015-7F823660D56E%2526hlv%253D610bcdfc-edcc-4e0b-ba72-15e10a01000f%2523v_782634067 HTTP/1.1" 200 246
3.213.106.226 - - [16/Feb/2025:01:37:28 +0100] "GET /ticket2/opencms/be/buy/?catid=A34BCF61-E19C-5C5C-445E-06F3749E1EF4&comcatid=B41CCF2B-5558-7AEE-3602-09BBDE417D65 HTTP/1.1" 200 96393
195.191.219.131 - - [16/Feb/2025:01:37:29 +0100] "GET /ticket2/opencms/fr/buy/?page=1&edid=0DB336ED-B184-1B25-4EA8-B6E94BBC2DBC HTTP/1.1" 200 135111
20.171.207.223 - - [16/Feb/2025:01:37:30 +0100] "GET /ticket2/opencms/set_aff_cookie.jsp?partner=5E0CDF29-E7BE-9F6B-6869-7BF66B04006F&url=%252Fdk%252Fbuy%252Findex.html%253Fpage%253D1%2526edid%253D526D1171-6FDC-BC49-23A8-17627BBD580A%2526hlv%253D60f951d9-c150-4a83-a811-56a60a01000f%2523v_1737346812 HTTP/1.1" 200 247
114.119.151.93 - - [16/Feb/2025:01:37:30 +0100] "GET /ticket2/opencms/en/buy/?page=1&edid=4826A287-E992-0C32-C836-2BE23EC4A7E1 HTTP/1.1" 200 110422
54.36.148.147 - - [16/Feb/2025:01:37:32 +0100] "GET /ticket2/opencms/el/athlitismos/eisitiria-podosfairou/la-liga/getafe HTTP/1.1" 200 101921
3.230.69.161 - - [16/Feb/2025:01:37:32 +0100] "GET /ticket2/opencms/be/buy/?catid=BF886BAE-FC84-8CB3-A193-6DFA251F7985&comcatid=B41CCF2B-5558-7AEE-3602-09BBDE417D65 HTTP/1.1" 200 96340
195.191.219.131 - - [16/Feb/2025:01:37:33 +0100] "GET /ticket2/opencms/fr/buy/?page=1&edid=1BEE5A38-DD94-3509-3225-C4A2986A386D HTTP/1.1" 200 110809
202.8.42.11 - - [16/Feb/2025:01:37:33 +0100] "GET /ticket2/opencms/system/modules/com.gridnine.opencms.ticketbrokerage.site/resources/css/jquery-ui.css HTTP/1.1" 200 33221
202.8.42.11 - - [16/Feb/2025:01:37:33 +0100] "GET /ticket2/opencms/system/modules/com.gridnine.opencms.ticketbrokerage.site/resources/css/standard.css HTTP/1.1" 200 73904
202.8.42.11 - - [16/Feb/2025:01:37:33 +0100] "GET /ticket2/opencms/system/modules/com.gridnine.opencms.ticketbrokerage.site/resources/css/ticketbrokerage.css HTTP/1.1" 200 39339
202.8.42.11 - - [16/Feb/2025:01:37:33 +0100] "GET /ticket2/opencms/system/modules/com.gridnine.opencms.ticketbrokerage.site/resources/css/calendar.css HTTP/1.1" 200 6871
202.8.42.11 - - [16/Feb/2025:01:37:33 +0100] "GET /ticket2/opencms/system/modules/com.gridnine.opencms.ticketbrokerage.site/resources/css/jquery.fancybox.css HTTP/1.1" 200 4939
202.8.42.11 - - [16/Feb/2025:01:37:33 +0100] "GET /ticket2/opencms/system/modules/com.gridnine.opencms.ticketbrokerage.site/resources/js/jquery/jquery.js HTTP/1.1" 200 93868
202.8.42.11 - - [16/Feb/2025:01:37:33 +0100] "GET /ticket2/opencms/system/modules/com.gridnine.opencms.ticketbrokerage.site/resources/js/functions.js HTTP/1.1" 200 1583
202.8.42.11 - - [16/Feb/2025:01:37:33 +0100] "GET /ticket2/opencms/system/modules/com.gridnine.opencms.ticketbrokerage.site/resources/js/jquery/jquery-ui.js HTTP/1.1" 200 228088
202.8.42.11 - - [16/Feb/2025:01:37:33 +0100] "GET /ticket2/opencms/system/modules/com.gridnine.opencms.ticketbrokerage.site/resources/js/calendar.js HTTP/1.1" 200 49229
202.8.42.11 - - [16/Feb/2025:01:37:33 +0100] "GET /ticket2/opencms/system/modules/com.gridnine.opencms.ticketbrokerage.site/resources/js/calendar-en.js HTTP/1.1" 200 3338
202.8.42.11 - - [16/Feb/2025:01:37:33 +0100] "GET /ticket2/opencms/system/modules/com.gridnine.opencms.ticketbrokerage.site/resources/js/calendar-setup.js HTTP/1.1" 200 4923
202.8.42.11 - - [16/Feb/2025:01:37:33 +0100] "GET /ticket2/opencms/system/modules/com.gridnine.opencms.ticketbrokerage.site/resources/js/jquery.fancybox.pack.js HTTP/1.1" 200 23187
202.8.42.11 - - [16/Feb/2025:01:37:33 +0100] "GET /ticket2/opencms/system/modules/com.gridnine.opencms.ticketbrokerage.site/resources/js/stickyfill.min.js HTTP/1.1" 200 5672
202.8.42.11 - - [16/Feb/2025:01:37:33 +0100] "GET /ticket2/opencms/system/modules/com.gridnine.opencms.ticketbrokerage.site/resources/js/standard.js HTTP/1.1" 200 3983
202.8.42.11 - - [16/Feb/2025:01:37:33 +0100] "GET /ticket2/opencms/system/modules/com.gridnine.opencms.ticketbrokerage.site/resources/js/jquery.placeholder.min.js HTTP/1.1" 200 1737
202.8.42.11 - - [16/Feb/2025:01:37:34 +0100] "GET /ticket2/opencms/system/modules/com.gridnine.opencms.ticketbrokerage.site/resources/js/common-ajax.js HTTP/1.1" 200 20175
20.171.207.223 - - [16/Feb/2025:01:37:34 +0100] "GET /ticket2/opencms/set_aff_cookie.jsp?partner=8F6DE15D-D831-5787-AE7E-FEFF53476F85&url=%252Fru%252Fbuy%252Findex.html%253Fpage%253D1%2526edid%253DF3756B07-2F5C-FFFD-72BE-0A74CDBD5EA0%2526hlv%253D6149ec5e-e13c-4da5-9eb0-1f820a01000f%2523v_658610701 HTTP/1.1" 200 246
54.209.100.30 - - [16/Feb/2025:01:37:36 +0100] "GET /ticket2/opencms/be/buy/?catid=E03F2203-3943-A0F0-A47D-D9E7CDA79C6B&comcatid=B41CCF2B-5558-7AEE-3602-09BBDE417D65 HTTP/1.1" 200 96442
52.167.144.169 - - [16/Feb/2025:01:37:36 +0100] "GET /ticket2/opencms/ga/buy/?page=1&edid=4F04B384-F03D-7561-DCF9-2375D49FE618 HTTP/1.1" 200 132304
223.109.252.186 - - [16/Feb/2025:01:37:36 +0100] "GET /ticket2/opencms/ HTTP/1.1" 302 -
195.191.219.131 - - [16/Feb/2025:01:37:37 +0100] "GET /ticket2/opencms/fr/buy/?page=1&edid=1C663B38-AAE8-15E5-78AB-F7247D2C67D4 HTTP/1.1" 200 133975
114.119.135.251 - - [16/Feb/2025:01:37:37 +0100] "GET /ticket2/opencms/es/buy/?page=1&edid=2DF71579-8539-9953-A2E8-0E8B3100119A HTTP/1.1" 200 108668
20.171.207.223 - - [16/Feb/2025:01:37:37 +0100] "GET /ticket2/opencms/set_aff_cookie.jsp?partner=57601924-FB09-5BB2-867F-08B4EB522BA8&url=%252Fen%252Fbuy%252Findex.html%253Fpage%253D1%2526edid%253DE77D1482-9B03-FDD7-FAAB-25B9204A3A75%2526hlv%253D611bcaf1-00a0-402b-ac47-529e0a01000f%2523v_960736418 HTTP/1.1" 200 246
223.109.252.186 - - [16/Feb/2025:01:37:39 +0100] "GET /ticket2/opencms/en/ HTTP/1.1" 200 107107
20.171.207.223 - - [16/Feb/2025:01:37:39 +0100] "GET /ticket2/opencms/set_aff_cookie.jsp?partner=6F250EA7-4505-FA01-D601-8847F2573405&url=%252Fno%252Fbuy%252Findex.html%253Fpage%253D1%2526edid%253D135439EE-24C6-CFFE-A3F6-AD08F6CB1A03%2526hlv%253D614492b3-24cc-4f2a-bce5-77230a01000f%2523v_1470677732 HTTP/1.1" 200 247
3.213.106.226 - - [16/Feb/2025:01:37:40 +0100] "GET /ticket2/opencms/be/buy?edid=0B7E5CA2-F588-894B-B701-64E6B9532C54&page=1 HTTP/1.1" 200 130328
20.171.207.223 - - [16/Feb/2025:01:37:41 +0100] "GET /ticket2/opencms/set_aff_cookie.jsp?partner=2E02071B-A8C3-4CBA-3097-C27D61C02ED8&url=%252Ffi%252Fbuy%252Findex.html%253Fpage%253D1%2526edid%253D671D6D35-C6CF-A718-CE96-A40CDF33711B%2526hlv%253D61140278-5b54-42c1-b929-19c50a01000f%2523v_1864574363 HTTP/1.1" 200 247
195.191.219.131 - - [16/Feb/2025:01:37:41 +0100] "GET /ticket2/opencms/fr/buy/?page=1&edid=31032CFA-9DB7-AFEB-3095-C18129EF0D6C HTTP/1.1" 200 110740
54.36.148.209 - - [16/Feb/2025:01:37:41 +0100] "GET /ticket2/opencms/es/buy/?page=1&edid=872A1CAC-EC9F-5A17-CC81-87C861412BDF HTTP/1.1" 200 90268
185.191.171.1 - - [16/Feb/2025:01:37:42 +0100] "GET /ticket2/opencms/bs/sport/fudbalske-karte/premier-league/manchester-city HTTP/1.1" 200 101056
23.21.250.48 - - [16/Feb/2025:01:37:44 +0100] "GET /ticket2/opencms/be/buy?edid=0C94170C-17F1-0823-E8AC-91EC149F33EC&page=1 HTTP/1.1" 200 137555
20.171.207.223 - - [16/Feb/2025:01:37:44 +0100] "GET /ticket2/opencms/set_aff_cookie.jsp?partner=6F250EA7-4505-FA01-D601-8847F2573405&url=%252Fno%252Fbuy%252Findex.html%253Fpage%253D1%2526edid%253DBF769C73-E641-C78E-1EAA-79FE7F8D3894%2526hlv%253D60f81b90-1fe4-4f38-a651-5d1e0a01000f%2523v_534100767 HTTP/1.1" 200 246
195.191.219.131 - - [16/Feb/2025:01:37:44 +0100] "GET /ticket2/opencms/fr/buy/?page=1&edid=37E2A4DD-118F-C378-83A2-20232412AB9C HTTP/1.1" 200 110568
20.171.207.223 - - [16/Feb/2025:01:37:46 +0100] "GET /ticket2/opencms/set_aff_cookie.jsp?partner=57601924-FB09-5BB2-867F-08B4EB522BA8&url=%252Fno%252Fbuy%252Findex.html%253Fpage%253D1%2526edid%253D94E69B18-0F80-7FE4-39B6-9D83769C26BD%2526hlv%253D60c9e824-74a0-4b43-a528-23650a01000f%2523v_838325900 HTTP/1.1" 200 246
20.171.207.223 - - [16/Feb/2025:01:37:48 +0100] "GET /ticket2/opencms/set_aff_cookie.jsp?partner=692E2C6A-EC6F-1C93-AFCC-C5ACC23A93EA&url=%252Fno%252Fbuy%252Findex.html%253Fpage%253D1%2526edid%253DB0BF2090-DE5A-9E6F-DE35-9DF8CEDD4A19%2526hlv%253D611520e4-111c-4183-a399-06860a01000f%2523v_1447298836 HTTP/1.1" 200 247
195.191.219.131 - - [16/Feb/2025:01:37:48 +0100] "GET /ticket2/opencms/fr/buy/?page=1&edid=38BD011F-E307-1808-7BE3-74470A609319 HTTP/1.1" 200 108259
98.83.177.42 - - [16/Feb/2025:01:37:48 +0100] "GET /ticket2/opencms/be/buy?edid=10597F35-2AC7-31D2-FB61-15A36BB6D73B&page=1 HTTP/1.1" 200 138498
54.36.148.90 - - [16/Feb/2025:01:37:48 +0100] "GET /ticket2/opencms/bg/sport/futbolni-bileti/la-liga/getafe HTTP/1.1" 200 102089
202.8.43.43 - - [16/Feb/2025:01:37:49 +0100] "GET /ticket2/opencms/system/modules/com.gridnine.opencms.ticketbrokerage.site/resources/css/standard.css HTTP/1.1" 200 73904
202.8.43.43 - - [16/Feb/2025:01:37:49 +0100] "GET /ticket2/opencms/system/modules/com.gridnine.opencms.ticketbrokerage.site/resources/css/ticketbrokerage.css HTTP/1.1" 200 39339
202.8.43.43 - - [16/Feb/2025:01:37:49 +0100] "GET /ticket2/opencms/system/modules/com.gridnine.opencms.ticketbrokerage.site/resources/css/calendar.css HTTP/1.1" 200 6871
202.8.43.43 - - [16/Feb/2025:01:37:49 +0100] "GET /ticket2/opencms/system/modules/com.gridnine.opencms.ticketbrokerage.site/resources/css/jquery-ui.css HTTP/1.1" 200 33221
202.8.43.43 - - [16/Feb/2025:01:37:49 +0100] "GET /ticket2/opencms/system/modules/com.gridnine.opencms.ticketbrokerage.site/resources/css/jquery.fancybox.css HTTP/1.1" 200 4939
202.8.43.43 - - [16/Feb/2025:01:37:49 +0100] "GET /ticket2/opencms/system/modules/com.gridnine.opencms.ticketbrokerage.site/resources/js/jquery/jquery.js HTTP/1.1" 200 93868
202.8.43.43 - - [16/Feb/2025:01:37:50 +0100] "GET /ticket2/opencms/system/modules/com.gridnine.opencms.ticketbrokerage.site/resources/js/jquery/jquery-ui.js HTTP/1.1" 200 228088
202.8.43.43 - - [16/Feb/2025:01:37:50 +0100] "GET /ticket2/opencms/system/modules/com.gridnine.opencms.ticketbrokerage.site/resources/js/functions.js HTTP/1.1" 200 1583
202.8.43.43 - - [16/Feb/2025:01:37:50 +0100] "GET /ticket2/opencms/system/modules/com.gridnine.opencms.ticketbrokerage.site/resources/js/calendar.js HTTP/1.1" 200 49229
202.8.43.43 - - [16/Feb/2025:01:37:50 +0100] "GET /ticket2/opencms/system/modules/com.gridnine.opencms.ticketbrokerage.site/resources/js/calendar-en.js HTTP/1.1" 200 3338
202.8.43.43 - - [16/Feb/2025:01:37:50 +0100] "GET /ticket2/opencms/system/modules/com.gridnine.opencms.ticketbrokerage.site/resources/js/calendar-setup.js HTTP/1.1" 200 4923
202.8.43.43 - - [16/Feb/2025:01:37:50 +0100] "GET /ticket2/opencms/system/modules/com.gridnine.opencms.ticketbrokerage.site/resources/js/jquery.fancybox.pack.js HTTP/1.1" 200 23187
202.8.43.43 - - [16/Feb/2025:01:37:50 +0100] "GET /ticket2/opencms/system/modules/com.gridnine.opencms.ticketbrokerage.site/resources/js/stickyfill.min.js HTTP/1.1" 200 5672
202.8.43.43 - - [16/Feb/2025:01:37:50 +0100] "GET /ticket2/opencms/system/modules/com.gridnine.opencms.ticketbrokerage.site/resources/js/standard.js HTTP/1.1" 200 3983
202.8.43.43 - - [16/Feb/2025:01:37:50 +0100] "GET /ticket2/opencms/system/modules/com.gridnine.opencms.ticketbrokerage.site/resources/js/jquery.placeholder.min.js HTTP/1.1" 200 1737
202.8.43.43 - - [16/Feb/2025:01:37:50 +0100] "GET /ticket2/opencms/system/modules/com.gridnine.opencms.ticketbrokerage.site/resources/js/common-ajax.js HTTP/1.1" 200 20175
167.94.138.194 - - [16/Feb/2025:01:37:51 +0100] "GET /ticket2/opencms/de/ HTTP/1.1" 200 108495
20.171.207.223 - - [16/Feb/2025:01:37:51 +0100] "GET /ticket2/opencms/set_aff_cookie.jsp?partner=2E02071B-A8C3-4CBA-3097-C27D61C02ED8&url=%252Fen%252Fbuy%252Findex.html%253Fpage%253D1%2526edid%253D0C5C9043-4446-42CC-4F8E-C746AC0B1F53%2526hlv%253D60c9eba7-cf5c-4544-8e75-280b0a01000f%2523v_610147928 HTTP/1.1" 200 246
157.38.130.212 - - [16/Feb/2025:01:37:52 +0100] "GET /ticket2/opencms/en/buying_tickets HTTP/1.1" 200 89887
195.191.219.131 - - [16/Feb/2025:01:37:52 +0100] "GET /ticket2/opencms/fr/buy/?page=1&edid=54477DFC-A823-7169-8BE6-7FEB2AAE61EA HTTP/1.1" 200 112380
34.194.233.48 - - [16/Feb/2025:01:37:52 +0100] "GET /ticket2/opencms/be/buy?edid=160DAC9A-2A77-6FDC-52B8-296352B1ABF1&page=1 HTTP/1.1" 200 139830
157.38.130.212 - - [16/Feb/2025:01:37:52 +0100] "GET /ticket2/opencms/system/modules/com.gridnine.opencms.ticketbrokerage.site/resources/css/ticketbrokerage.css HTTP/1.1" 200 39339
157.38.130.212 - - [16/Feb/2025:01:37:53 +0100] "GET /ticket2/opencms/system/modules/com.gridnine.opencms.ticketbrokerage.site/resources/css/calendar.css HTTP/1.1" 200 6871
157.38.130.212 - - [16/Feb/2025:01:37:53 +0100] "GET /ticket2/opencms/system/modules/com.gridnine.opencms.ticketbrokerage.site/resources/css/standard.css HTTP/1.1" 200 73904
157.38.130.212 - - [16/Feb/2025:01:37:53 +0100] "GET /ticket2/opencms/system/modules/com.gridnine.opencms.ticketbrokerage.site/resources/js/functions.js HTTP/1.1" 200 1583
157.38.130.212 - - [16/Feb/2025:01:37:53 +0100] "GET /ticket2/opencms/system/modules/com.gridnine.opencms.ticketbrokerage.site/resources/js/calendar.js HTTP/1.1" 200 49229
157.38.130.212 - - [16/Feb/2025:01:37:53 +0100] "GET /ticket2/opencms/system/modules/com.gridnine.opencms.ticketbrokerage.site/resources/js/calendar-en.js HTTP/1.1" 200 3338
157.38.130.212 - - [16/Feb/2025:01:37:53 +0100] "GET /ticket2/opencms/system/modules/com.gridnine.opencms.ticketbrokerage.site/resources/js/calendar-setup.js HTTP/1.1" 200 4923
157.38.130.212 - - [16/Feb/2025:01:37:53 +0100] "GET /ticket2/opencms/system/modules/com.gridnine.opencms.ticketbrokerage.site/resources/js/standard.js HTTP/1.1" 200 3983
20.171.207.223 - - [16/Feb/2025:01:37:53 +0100] "GET /ticket2/opencms/set_aff_cookie.jsp?partner=5E0CDF29-E7BE-9F6B-6869-7BF66B04006F&url=%252Fen%252Fbuy%252Findex.html%253Fpage%253D1%2526edid%253DA11B886E-58FD-585E-C844-3A5188D11667%2526hlv%253D6149f42b-8eec-434a-acf2-258b0a01000f%2523v_1167082458 HTTP/1.1" 200 247
157.38.130.212 - - [16/Feb/2025:01:37:53 +0100] "GET /ticket2/opencms/system/modules/com.gridnine.opencms.ticketbrokerage.site/resources/pics/content/buy_tickets_en.png HTTP/1.1" 200 16085
157.38.130.212 - - [16/Feb/2025:01:37:53 +0100] "GET /ticket2/opencms/system/modules/com.gridnine.opencms.ticketbrokerage.site/resources/css/images/event-banner.png HTTP/1.1" 404 -
167.94.138.194 - - [16/Feb/2025:01:37:54 +0100] "GET /ticket2/opencms/img/icons/ticket2.thumbnail.png HTTP/1.1" 200 21519
157.38.130.212 - - [16/Feb/2025:01:37:54 +0100] "GET /ticket2/opencms/img/icons/fi.png HTTP/1.1" 200 1785
157.38.130.212 - - [16/Feb/2025:01:37:54 +0100] "GET /ticket2/opencms/img/icons/se.png HTTP/1.1" 200 1258
157.38.130.212 - - [16/Feb/2025:01:37:54 +0100] "GET /ticket2/opencms/img/icons/en.png HTTP/1.1" 200 2415
157.38.130.212 - - [16/Feb/2025:01:37:54 +0100] "GET /ticket2/opencms/img/icons/globe-white.png HTTP/1.1" 200 947
157.38.130.212 - - [16/Feb/2025:01:37:54 +0100] "GET /ticket2/opencms/img/icons/no.png HTTP/1.1" 200 1958
157.38.130.212 - - [16/Feb/2025:01:37:54 +0100] "GET /ticket2/opencms/img/icons/dk.png HTTP/1.1" 200 1706
20.171.207.223 - - [16/Feb/2025:01:37:54 +0100] "GET /ticket2/opencms/set_aff_cookie.jsp?partner=5E0CDF29-E7BE-9F6B-6869-7BF66B04006F&url=%252Ffi%252Fbuy%252Findex.html%253Fpage%253D1%2526edid%253D135439EE-24C6-CFFE-A3F6-AD08F6CB1A03%2526hlv%253D614492b3-24cc-4f2a-bce5-77230a01000f%2523v_1470677732 HTTP/1.1" 200 247
154.54.249.216 - - [16/Feb/2025:01:37:54 +0100] "GET /ticket2/opencms/pl/buy?page=1&edid=DBD7C3FF-3D2D-1BC9-F87B-06E7F5EA9FFB HTTP/1.1" 200 110753
157.38.130.212 - - [16/Feb/2025:01:37:55 +0100] "GET /ticket2/opencms/img/icons/nl.png HTTP/1.1" 200 1255
157.38.130.212 - - [16/Feb/2025:01:37:55 +0100] "GET /ticket2/opencms/img/icons/es.png HTTP/1.1" 200 1005
157.38.130.212 - - [16/Feb/2025:01:37:55 +0100] "GET /ticket2/opencms/img/icons/fr.png HTTP/1.1" 200 1764
157.38.130.212 - - [16/Feb/2025:01:37:55 +0100] "GET /ticket2/opencms/img/icons/it.png HTTP/1.1" 200 2040
157.38.130.212 - - [16/Feb/2025:01:37:55 +0100] "GET /ticket2/opencms/img/icons/de.png HTTP/1.1" 200 1124
157.38.130.212 - - [16/Feb/2025:01:37:55 +0100] "GET /ticket2/opencms/img/icons/pl.png HTTP/1.1" 200 1578
49.0.249.50 - - [16/Feb/2025:01:37:55 +0100] "GET /ticket2/opencms/az/buy/?comcatid=A17713B6-D984-201A-4143-ED4DB5ED5C2E&catid=C871EAE3-C584-718A-9795-07CDEF43FA75 HTTP/1.1" 200 103450
157.38.130.212 - - [16/Feb/2025:01:37:55 +0100] "GET /ticket2/opencms/img/icons/sq.png HTTP/1.1" 200 1619
157.38.130.212 - - [16/Feb/2025:01:37:55 +0100] "GET /ticket2/opencms/img/icons/az.png HTTP/1.1" 200 1445
157.38.130.212 - - [16/Feb/2025:01:37:55 +0100] "GET /ticket2/opencms/img/icons/be.png HTTP/1.1" 200 1663
157.38.130.212 - - [16/Feb/2025:01:37:55 +0100] "GET /ticket2/opencms/img/icons/bs.png HTTP/1.1" 200 1014
157.38.130.212 - - [16/Feb/2025:01:37:55 +0100] "GET /ticket2/opencms/img/icons/bg.png HTTP/1.1" 200 788
157.38.130.212 - - [16/Feb/2025:01:37:55 +0100] "GET /ticket2/opencms/img/icons/hr.png HTTP/1.1" 200 2024
114.119.151.93 - - [16/Feb/2025:01:37:55 +0100] "GET /ticket2/opencms/is/buy?page=1&edid=160DAC9A-2A77-6FDC-52B8-296352B1ABF1 HTTP/1.1" 200 137441
157.38.130.212 - - [16/Feb/2025:01:37:55 +0100] "GET /ticket2/opencms/img/icons/cs.png HTTP/1.1" 200 1883
157.38.130.212 - - [16/Feb/2025:01:37:56 +0100] "GET /ticket2/opencms/img/icons/et.png HTTP/1.1" 200 754
195.191.219.131 - - [16/Feb/2025:01:37:56 +0100] "GET /ticket2/opencms/fr/buy/?page=1&edid=57541A2A-A7DE-A07B-2484-0E25ED563C4B HTTP/1.1" 200 112137
157.38.130.212 - - [16/Feb/2025:01:37:56 +0100] "GET /ticket2/opencms/img/icons/ka.png HTTP/1.1" 200 860
157.38.130.212 - - [16/Feb/2025:01:37:56 +0100] "GET /ticket2/opencms/img/icons/el.png HTTP/1.1" 200 1637
157.38.130.212 - - [16/Feb/2025:01:37:56 +0100] "GET /ticket2/opencms/img/icons/is.png HTTP/1.1" 200 1884
157.38.130.212 - - [16/Feb/2025:01:37:56 +0100] "GET /ticket2/opencms/img/icons/hu.png HTTP/1.1" 200 733
157.38.130.212 - - [16/Feb/2025:01:37:56 +0100] "GET /ticket2/opencms/img/icons/ga.png HTTP/1.1" 200 1759
157.38.130.212 - - [16/Feb/2025:01:37:56 +0100] "GET /ticket2/opencms/img/icons/lv.png HTTP/1.1" 200 716
44.206.65.8 - - [16/Feb/2025:01:37:56 +0100] "GET /ticket2/opencms/be/buy?edid=1ABC406A-92BD-FDCF-3BD6-80A52E60B34F&page=1 HTTP/1.1" 200 147309
157.38.130.212 - - [16/Feb/2025:01:37:56 +0100] "GET /ticket2/opencms/img/icons/lt.png HTTP/1.1" 200 733
157.38.130.212 - - [16/Feb/2025:01:37:56 +0100] "GET /ticket2/opencms/img/icons/mt.png HTTP/1.1" 200 920
157.38.130.212 - - [16/Feb/2025:01:37:56 +0100] "GET /ticket2/opencms/img/icons/mo.png HTTP/1.1" 200 1468
157.38.130.212 - - [16/Feb/2025:01:37:56 +0100] "GET /ticket2/opencms/img/icons/ro.png HTTP/1.1" 200 1393
157.38.130.212 - - [16/Feb/2025:01:37:56 +0100] "GET /ticket2/opencms/img/icons/sr.png HTTP/1.1" 200 1602
157.38.130.212 - - [16/Feb/2025:01:37:57 +0100] "GET /ticket2/opencms/img/icons/sk.png HTTP/1.1" 200 1283
157.38.130.212 - - [16/Feb/2025:01:37:57 +0100] "GET /ticket2/opencms/img/icons/sl.png HTTP/1.1" 200 966
20.171.207.223 - - [16/Feb/2025:01:37:57 +0100] "GET /ticket2/opencms/set_aff_cookie.jsp?partner=5E0CDF29-E7BE-9F6B-6869-7BF66B04006F&url=%252Fen%252Fbuy%252Findex.html%253Fpage%253D1%2526edid%253D8FA89923-43E1-C2D4-CF2D-7AD58BCB6B41%2526hlv%253D61127bd5-4a80-4b09-94c6-2da10a01000f%2523v_310249562 HTTP/1.1" 200 246
157.38.130.212 - - [16/Feb/2025:01:37:57 +0100] "GET /ticket2/opencms/img/icons/uk.png HTTP/1.1" 200 1272
157.38.130.212 - - [16/Feb/2025:01:37:57 +0100] "GET /ticket2/opencms/img/icons/tr.png HTTP/1.1" 200 1636
157.38.130.212 - - [16/Feb/2025:01:37:57 +0100] "GET /ticket2/opencms/img/icons/ticket2.thumbnail.png HTTP/1.1" 200 21519
157.38.130.212 - - [16/Feb/2025:01:37:57 +0100] "GET /ticket2/opencms/system/modules/com.gridnine.opencms.ticketbrokerage.site/resources/js/standard.js HTTP/1.1" 200 3983
54.36.148.70 - - [16/Feb/2025:01:37:58 +0100] "GET /ticket2/opencms/sr/sport/fudbalske-karte/la-liga/getafe HTTP/1.1" 200 100692
167.94.138.194 - - [16/Feb/2025:01:37:59 +0100] "GET /ticket2/opencms/favicon.ico HTTP/1.1" 200 15406
202.8.42.169 - - [16/Feb/2025:01:37:59 +0100] "GET /ticket2/opencms/system/modules/com.gridnine.opencms.ticketbrokerage.site/resources/css/calendar.css HTTP/1.1" 200 6871
202.8.42.169 - - [16/Feb/2025:01:37:59 +0100] "GET /ticket2/opencms/system/modules/com.gridnine.opencms.ticketbrokerage.site/resources/css/ticketbrokerage.css HTTP/1.1" 200 39339
202.8.42.169 - - [16/Feb/2025:01:37:59 +0100] "GET /ticket2/opencms/system/modules/com.gridnine.opencms.ticketbrokerage.site/resources/css/jquery-ui.css HTTP/1.1" 200 33221
202.8.42.169 - - [16/Feb/2025:01:37:59 +0100] "GET /ticket2/opencms/system/modules/com.gridnine.opencms.ticketbrokerage.site/resources/css/jquery.fancybox.css HTTP/1.1" 200 4939
202.8.42.169 - - [16/Feb/2025:01:37:59 +0100] "GET /ticket2/opencms/system/modules/com.gridnine.opencms.ticketbrokerage.site/resources/css/standard.css HTTP/1.1" 200 73904
202.8.42.169 - - [16/Feb/2025:01:37:59 +0100] "GET /ticket2/opencms/system/modules/com.gridnine.opencms.ticketbrokerage.site/resources/js/jquery/jquery.js HTTP/1.1" 200 93868
202.8.42.169 - - [16/Feb/2025:01:37:59 +0100] "GET /ticket2/opencms/system/modules/com.gridnine.opencms.ticketbrokerage.site/resources/js/jquery/jquery-ui.js HTTP/1.1" 200 228088
202.8.42.169 - - [16/Feb/2025:01:37:59 +0100] "GET /ticket2/opencms/system/modules/com.gridnine.opencms.ticketbrokerage.site/resources/js/calendar-en.js HTTP/1.1" 200 3338
202.8.42.169 - - [16/Feb/2025:01:37:59 +0100] "GET /ticket2/opencms/system/modules/com.gridnine.opencms.ticketbrokerage.site/resources/js/calendar-setup.js HTTP/1.1" 200 4923
202.8.42.169 - - [16/Feb/2025:01:37:59 +0100] "GET /ticket2/opencms/system/modules/com.gridnine.opencms.ticketbrokerage.site/resources/js/calendar.js HTTP/1.1" 200 49229
202.8.42.169 - - [16/Feb/2025:01:37:59 +0100] "GET /ticket2/opencms/system/modules/com.gridnine.opencms.ticketbrokerage.site/resources/js/functions.js HTTP/1.1" 200 1583
202.8.42.169 - - [16/Feb/2025:01:37:59 +0100] "GET /ticket2/opencms/system/modules/com.gridnine.opencms.ticketbrokerage.site/resources/js/stickyfill.min.js HTTP/1.1" 200 5672
202.8.42.169 - - [16/Feb/2025:01:37:59 +0100] "GET /ticket2/opencms/system/modules/com.gridnine.opencms.ticketbrokerage.site/resources/js/standard.js HTTP/1.1" 200 3983
202.8.42.169 - - [16/Feb/2025:01:37:59 +0100] "GET /ticket2/opencms/system/modules/com.gridnine.opencms.ticketbrokerage.site/resources/js/jquery.fancybox.pack.js HTTP/1.1" 200 23187
202.8.42.169 - - [16/Feb/2025:01:37:59 +0100] "GET /ticket2/opencms/system/modules/com.gridnine.opencms.ticketbrokerage.site/resources/js/jquery.placeholder.min.js HTTP/1.1" 200 1737
202.8.42.169 - - [16/Feb/2025:01:38:00 +0100] "GET /ticket2/opencms/system/modules/com.gridnine.opencms.ticketbrokerage.site/resources/js/common-ajax.js HTTP/1.1" 200 20175
195.191.219.131 - - [16/Feb/2025:01:38:00 +0100] "GET /ticket2/opencms/fr/buy/?page=1&edid=67AD2A53-15B8-B629-CADE-F2732CA4D6A5 HTTP/1.1" 200 108357
34.202.88.37 - - [16/Feb/2025:01:38:00 +0100] "GET /ticket2/opencms/be/buy?edid=1AD4E11C-C792-1721-4D1A-2229101A30FD&page=1 HTTP/1.1" 200 147204
20.171.207.223 - - [16/Feb/2025:01:38:00 +0100] "GET /ticket2/opencms/set_aff_cookie.jsp?partner=8F6DE15D-D831-5787-AE7E-FEFF53476F85&url=%252Fnl%252Fbuy%252Findex.html%253Fpage%253D1%2526edid%253DC5BE8910-C31D-1B7A-D498-4C5862D3F5A8%2526hlv%253D614c79f3-42d4-415e-bac9-1a0b0a01000f%2523v_397232595 HTTP/1.1" 200 246
20.171.207.223 - - [16/Feb/2025:01:38:02 +0100] "GET /ticket2/opencms/set_aff_cookie.jsp?partner=5E0CDF29-E7BE-9F6B-6869-7BF66B04006F&url=%252Fru%252Fbuy%252Findex.html%253Fpage%253D1%2526edid%253DFE4C6929-80ED-F368-D1A9-B2373F77A4AE%2526hlv%253D611274c6-2114-4f16-a9bd-2b830a01000f%2523v_1442228870 HTTP/1.1" 200 247
85.208.96.211 - - [16/Feb/2025:01:38:02 +0100] "GET /ticket2/opencms/no/buy_safety HTTP/1.1" 200 91085
195.191.219.131 - - [16/Feb/2025:01:38:03 +0100] "GET /ticket2/opencms/fr/buy/?page=1&edid=7BE90269-DBC0-BFB1-C2F9-B69F286E753D HTTP/1.1" 200 112274
20.171.207.223 - - [16/Feb/2025:01:38:04 +0100] "GET /ticket2/opencms/set_aff_cookie.jsp?partner=6F250EA7-4505-FA01-D601-8847F2573405&url=%252Fsv%252Fbuy%252Findex.html%253Fpage%253D1%2526edid%253DAEE686B1-0F06-BE3A-CE07-98C2BAFB7F71%2526hlv%253D611515d7-1264-4fd1-9d7a-7cee0a01000f%2523v_589508875 HTTP/1.1" 200 246
3.219.81.66 - - [16/Feb/2025:01:38:04 +0100] "GET /ticket2/opencms/be/buy?edid=1B66F7E9-6D68-7258-D0DB-383034F8302F&page=1 HTTP/1.1" 200 137623
20.171.207.223 - - [16/Feb/2025:01:38:07 +0100] "GET /ticket2/opencms/set_aff_cookie.jsp?partner=8F6DE15D-D831-5787-AE7E-FEFF53476F85&url=%252Fru%252Fbuy%252Findex.html%253Fpage%253D1%2526edid%253DC40B04F3-522D-9ED3-C6F9-40FD85E2C8C7%2526hlv%253D61127cfd-4444-4fa7-bcf9-2f520a01000f%2523v_601892493 HTTP/1.1" 200 246
195.191.219.131 - - [16/Feb/2025:01:38:07 +0100] "GET /ticket2/opencms/fr/buy/?page=1&edid=8495C3CF-75E0-4064-F7DB-B0AD41F28134 HTTP/1.1" 200 89912
34.197.28.78 - - [16/Feb/2025:01:38:08 +0100] "GET /ticket2/opencms/be/buy?edid=25666712-CB7E-CDDD-4626-F1CD96C38316&page=1 HTTP/1.1" 200 147468
54.36.149.67 - - [16/Feb/2025:01:38:08 +0100] "GET /ticket2/opencms/et/sport/jalgpallipiletid/la-liga/getafe HTTP/1.1" 200 99956
66.249.79.35 - - [16/Feb/2025:01:38:09 +0100] "GET /ticket2/opencms/ro/sell/ HTTP/1.1" 302 -
20.171.207.223 - - [16/Feb/2025:01:38:09 +0100] "GET /ticket2/opencms/set_aff_cookie.jsp?partner=692E2C6A-EC6F-1C93-AFCC-C5ACC23A93EA&url=%252Fru%252Fbuy%252Findex.html%253Fpage%253D1%2526edid%253D05830326-E938-DFB4-74E5-FF7CC7B035C5%2526hlv%253D61420e03-df00-4090-9094-73430a01000f%2523v_1515634541 HTTP/1.1" 200 247
202.8.43.194 - - [16/Feb/2025:01:38:10 +0100] "GET /ticket2/opencms/system/modules/com.gridnine.opencms.ticketbrokerage.site/resources/css/standard.css HTTP/1.1" 200 73904
202.8.43.194 - - [16/Feb/2025:01:38:10 +0100] "GET /ticket2/opencms/system/modules/com.gridnine.opencms.ticketbrokerage.site/resources/css/jquery.fancybox.css HTTP/1.1" 200 4939
202.8.43.194 - - [16/Feb/2025:01:38:10 +0100] "GET /ticket2/opencms/system/modules/com.gridnine.opencms.ticketbrokerage.site/resources/css/calendar.css HTTP/1.1" 200 6871
202.8.43.194 - - [16/Feb/2025:01:38:10 +0100] "GET /ticket2/opencms/system/modules/com.gridnine.opencms.ticketbrokerage.site/resources/css/ticketbrokerage.css HTTP/1.1" 200 39339
202.8.43.194 - - [16/Feb/2025:01:38:10 +0100] "GET /ticket2/opencms/system/modules/com.gridnine.opencms.ticketbrokerage.site/resources/css/jquery-ui.css HTTP/1.1" 200 33221
202.8.43.194 - - [16/Feb/2025:01:38:10 +0100] "GET /ticket2/opencms/system/modules/com.gridnine.opencms.ticketbrokerage.site/resources/js/jquery/jquery.js HTTP/1.1" 200 93868
202.8.43.194 - - [16/Feb/2025:01:38:10 +0100] "GET /ticket2/opencms/system/modules/com.gridnine.opencms.ticketbrokerage.site/resources/js/functions.js HTTP/1.1" 200 1583
202.8.43.194 - - [16/Feb/2025:01:38:10 +0100] "GET /ticket2/opencms/system/modules/com.gridnine.opencms.ticketbrokerage.site/resources/js/jquery/jquery-ui.js HTTP/1.1" 200 228088
202.8.43.194 - - [16/Feb/2025:01:38:10 +0100] "GET /ticket2/opencms/system/modules/com.gridnine.opencms.ticketbrokerage.site/resources/js/calendar-setup.js HTTP/1.1" 200 4923
202.8.43.194 - - [16/Feb/2025:01:38:10 +0100] "GET /ticket2/opencms/system/modules/com.gridnine.opencms.ticketbrokerage.site/resources/js/calendar-en.js HTTP/1.1" 200 3338
202.8.43.194 - - [16/Feb/2025:01:38:10 +0100] "GET /ticket2/opencms/system/modules/com.gridnine.opencms.ticketbrokerage.site/resources/js/calendar.js HTTP/1.1" 200 49229
202.8.43.194 - - [16/Feb/2025:01:38:10 +0100] "GET /ticket2/opencms/system/modules/com.gridnine.opencms.ticketbrokerage.site/resources/js/jquery.fancybox.pack.js HTTP/1.1" 200 23187
202.8.43.194 - - [16/Feb/2025:01:38:10 +0100] "GET /ticket2/opencms/system/modules/com.gridnine.opencms.ticketbrokerage.site/resources/js/stickyfill.min.js HTTP/1.1" 200 5672
202.8.43.194 - - [16/Feb/2025:01:38:10 +0100] "GET /ticket2/opencms/system/modules/com.gridnine.opencms.ticketbrokerage.site/resources/js/standard.js HTTP/1.1" 200 3983
202.8.43.194 - - [16/Feb/2025:01:38:10 +0100] "GET /ticket2/opencms/system/modules/com.gridnine.opencms.ticketbrokerage.site/resources/js/jquery.placeholder.min.js HTTP/1.1" 200 1737
202.8.43.194 - - [16/Feb/2025:01:38:10 +0100] "GET /ticket2/opencms/system/modules/com.gridnine.opencms.ticketbrokerage.site/resources/js/common-ajax.js HTTP/1.1" 200 20175
114.119.159.129 - - [16/Feb/2025:01:38:10 +0100] "GET /ticket2/opencms/es/buy/?page=1&edid=DD26041B-007D-3EE6-A8F7-303AB350D2E4 HTTP/1.1" 200 134124
20.171.207.223 - - [16/Feb/2025:01:38:11 +0100] "GET /ticket2/opencms/set_aff_cookie.jsp?partner=8F6DE15D-D831-5787-AE7E-FEFF53476F85&url=%252Fen%252Fbuy%252Findex.html%253Fpage%253D1%2526edid%253DF6EBEC67-5E5A-83A2-DB24-7CE5AAD87CF4%2526hlv%253D60ca11fb-e140-4313-8a0f-34ce0a01000f%2523v_454889127 HTTP/1.1" 200 246
195.191.219.131 - - [16/Feb/2025:01:38:11 +0100] "GET /ticket2/opencms/fr/buy/?page=1&edid=9F0345A6-D15A-0100-D9B9-6EC7F0C4DCD6 HTTP/1.1" 200 110840
54.156.124.2 - - [16/Feb/2025:01:38:12 +0100] "GET /ticket2/opencms/be/buy?edid=2684212B-FA50-DC4B-3CFA-1303E9638140&page=1 HTTP/1.1" 200 132897
66.249.79.34 - - [16/Feb/2025:01:38:14 +0100] "GET /ticket2/opencms/ro/login/?url=/ro/sell/ HTTP/1.1" 200 91959
20.171.207.223 - - [16/Feb/2025:01:38:14 +0100] "GET /ticket2/opencms/set_aff_cookie.jsp?partner=57601924-FB09-5BB2-867F-08B4EB522BA8&url=%252Fno%252Fbuy%252Findex.html%253Fpage%253D1%2526edid%253D291216E9-A94A-205B-7C67-5C0727287644%2526hlv%253D61154e4c-06fc-4edf-ab8a-159f0a01000f%2523v_1758675234 HTTP/1.1" 200 247
195.191.219.131 - - [16/Feb/2025:01:38:15 +0100] "GET /ticket2/opencms/fr/buy/?page=1&edid=A279CA4F-563C-FA44-9E12-257295BF18EE HTTP/1.1" 200 110799
54.147.80.137 - - [16/Feb/2025:01:38:16 +0100] "GET /ticket2/opencms/be/buy?edid=299450E2-FDAD-4E2B-0058-6290A7A2B57D&page=1 HTTP/1.1" 200 114262
20.171.207.223 - - [16/Feb/2025:01:38:17 +0100] "GET /ticket2/opencms/set_aff_cookie.jsp?partner=5E0CDF29-E7BE-9F6B-6869-7BF66B04006F&url=%252Fsv%252Fbuy%252Findex.html%253Fpage%253D1%2526edid%253D1B0DA330-38AA-5CD6-6C89-F2963014EF68%2526hlv%253D610bcf9a-c1f8-427f-830f-16280a01000f%2523v_1689635097 HTTP/1.1" 200 247
20.171.207.223 - - [16/Feb/2025:01:38:18 +0100] "GET /ticket2/opencms/set_aff_cookie.jsp?partner=5E0CDF29-E7BE-9F6B-6869-7BF66B04006F&url=%252Fdk%252Fbuy%252Findex.html%253Fpage%253D1%2526edid%253DA2DDA4E4-44CC-604A-D0E5-6CFEACA7D15C%2526hlv%253D612aa865-b6a0-4a7f-bcbb-6d5c0a01000f%2523v_1924670852 HTTP/1.1" 200 247
195.191.219.131 - - [16/Feb/2025:01:38:18 +0100] "GET /ticket2/opencms/fr/buy/?page=1&edid=ACD8BB97-D036-9F05-30AE-FB95B40B4D64 HTTP/1.1" 200 110515
154.54.249.216 - - [16/Feb/2025:01:38:19 +0100] "GET /ticket2/opencms/pl/buy?page=1&edid=F328EF03-4FC9-D5BC-5562-8FC9F6530FD9 HTTP/1.1" 200 112252
20.171.207.223 - - [16/Feb/2025:01:38:20 +0100] "GET /ticket2/opencms/set_aff_cookie.jsp?partner=8F6DE15D-D831-5787-AE7E-FEFF53476F85&url=%252Fnl%252Fbuy%252Findex.html%253Fpage%253D1%2526edid%253D8A1D7FDE-61D9-CA78-3F14-088E085C1428%2526hlv%253D610bcc6e-7dd8-40f3-a7fd-155c0a01000f%2523v_1042834902 HTTP/1.1" 200 247
44.215.61.66 - - [16/Feb/2025:01:38:20 +0100] "GET /ticket2/opencms/be/buy?edid=2B44308E-1778-CFAE-7385-18758823F6EB&page=1 HTTP/1.1" 200 151691
52.167.144.24 - - [16/Feb/2025:01:38:20 +0100] "GET /ticket2/opencms/bg/buy/?page=1&edid=669F9C26-CA37-E9DB-4C9D-33C9198E963A HTTP/1.1" 200 113941
54.36.148.61 - - [16/Feb/2025:01:38:21 +0100] "GET /ticket2/opencms/de/sport/fussball-tickets/english-championship/millwall HTTP/1.1" 200 101059
202.8.41.107 - - [16/Feb/2025:01:38:22 +0100] "GET /ticket2/opencms/system/modules/com.gridnine.opencms.ticketbrokerage.site/resources/css/ticketbrokerage.css HTTP/1.1" 200 39339
202.8.41.107 - - [16/Feb/2025:01:38:22 +0100] "GET /ticket2/opencms/system/modules/com.gridnine.opencms.ticketbrokerage.site/resources/css/jquery-ui.css HTTP/1.1" 200 33221
202.8.41.107 - - [16/Feb/2025:01:38:22 +0100] "GET /ticket2/opencms/system/modules/com.gridnine.opencms.ticketbrokerage.site/resources/css/calendar.css HTTP/1.1" 200 6871
202.8.41.107 - - [16/Feb/2025:01:38:22 +0100] "GET /ticket2/opencms/system/modules/com.gridnine.opencms.ticketbrokerage.site/resources/css/jquery.fancybox.css HTTP/1.1" 200 4939
202.8.41.107 - - [16/Feb/2025:01:38:22 +0100] "GET /ticket2/opencms/system/modules/com.gridnine.opencms.ticketbrokerage.site/resources/css/standard.css HTTP/1.1" 200 73904
202.8.41.107 - - [16/Feb/2025:01:38:22 +0100] "GET /ticket2/opencms/system/modules/com.gridnine.opencms.ticketbrokerage.site/resources/js/jquery/jquery.js HTTP/1.1" 200 93868
202.8.41.107 - - [16/Feb/2025:01:38:22 +0100] "GET /ticket2/opencms/system/modules/com.gridnine.opencms.ticketbrokerage.site/resources/js/jquery/jquery-ui.js HTTP/1.1" 200 228088
202.8.41.107 - - [16/Feb/2025:01:38:22 +0100] "GET /ticket2/opencms/system/modules/com.gridnine.opencms.ticketbrokerage.site/resources/js/functions.js HTTP/1.1" 200 1583
202.8.41.107 - - [16/Feb/2025:01:38:22 +0100] "GET /ticket2/opencms/system/modules/com.gridnine.opencms.ticketbrokerage.site/resources/js/calendar.js HTTP/1.1" 200 49229
69.171.230.1 - - [16/Feb/2025:01:38:22 +0100] "GET /ticket2/opencms/mo/buy/?page=1&edid=92DF4928-935F-6F67-3394-E1ED2A861E35 HTTP/1.1" 200 111951
202.8.41.107 - - [16/Feb/2025:01:38:22 +0100] "GET /ticket2/opencms/system/modules/com.gridnine.opencms.ticketbrokerage.site/resources/js/calendar-en.js HTTP/1.1" 200 3338
202.8.41.107 - - [16/Feb/2025:01:38:22 +0100] "GET /ticket2/opencms/system/modules/com.gridnine.opencms.ticketbrokerage.site/resources/js/calendar-setup.js HTTP/1.1" 200 4923
202.8.41.107 - - [16/Feb/2025:01:38:22 +0100] "GET /ticket2/opencms/system/modules/com.gridnine.opencms.ticketbrokerage.site/resources/js/jquery.fancybox.pack.js HTTP/1.1" 200 23187
202.8.41.107 - - [16/Feb/2025:01:38:22 +0100] "GET /ticket2/opencms/system/modules/com.gridnine.opencms.ticketbrokerage.site/resources/js/stickyfill.min.js HTTP/1.1" 200 5672
202.8.41.107 - - [16/Feb/2025:01:38:22 +0100] "GET /ticket2/opencms/system/modules/com.gridnine.opencms.ticketbrokerage.site/resources/js/standard.js HTTP/1.1" 200 3983
202.8.41.107 - - [16/Feb/2025:01:38:22 +0100] "GET /ticket2/opencms/system/modules/com.gridnine.opencms.ticketbrokerage.site/resources/js/jquery.placeholder.min.js HTTP/1.1" 200 1737
202.8.41.107 - - [16/Feb/2025:01:38:22 +0100] "GET /ticket2/opencms/system/modules/com.gridnine.opencms.ticketbrokerage.site/resources/js/common-ajax.js HTTP/1.1" 200 20175
195.191.219.131 - - [16/Feb/2025:01:38:22 +0100] "GET /ticket2/opencms/fr/buy/?page=1&edid=BEA9D3E5-A93E-146C-1904-24495F6A8B39 HTTP/1.1" 200 129687
20.171.207.223 - - [16/Feb/2025:01:38:24 +0100] "GET /ticket2/opencms/set_aff_cookie.jsp?partner=2E02071B-A8C3-4CBA-3097-C27D61C02ED8&url=%252Fsv%252Fbuy%252Findex.html%253Fpage%253D1%2526edid%253D9F75CAFF-859B-AF24-5E2C-871DFD0095F5%2526hlv%253D60ca0c41-a760-4752-8fd7-37800a01000f%2523v_830822629 HTTP/1.1" 200 246
52.2.83.227 - - [16/Feb/2025:01:38:24 +0100] "GET /ticket2/opencms/be/buy?edid=3289C097-2261-9433-8644-DF033A9EE354&page=1 HTTP/1.1" 200 143311
85.208.96.198 - - [16/Feb/2025:01:38:25 +0100] "GET /ticket2/opencms/sr/magazine/article?title=bornmut HTTP/1.1" 200 93685
47.128.122.60 - - [16/Feb/2025:01:38:26 +0100] "GET /ticket2/opencms/ga/buy/?edid=578ABCE9-06EA-4939-3CFF-C4F189A950CC HTTP/1.1" 200 91716
195.191.219.131 - - [16/Feb/2025:01:38:26 +0100] "GET /ticket2/opencms/fr/buy/?page=1&edid=DC067A0C-CE36-3D9C-899A-867F582FFC90 HTTP/1.1" 200 134161
20.171.207.223 - - [16/Feb/2025:01:38:27 +0100] "GET /ticket2/opencms/set_aff_cookie.jsp?partner=692E2C6A-EC6F-1C93-AFCC-C5ACC23A93EA&url=%252Fru%252Fbuy%252Findex.html%253Fpage%253D1%2526edid%253D3549536B-5431-B4B9-9C70-24B661A63E68%2526hlv%253D6149ebb0-036c-4aa9-af16-1ed80a01000f%2523v_1918599258 HTTP/1.1" 200 247
195.191.219.131 - - [16/Feb/2025:01:38:28 +0100] "GET /ticket2/opencms/it/buy/ HTTP/1.1" 200 90080
34.202.88.37 - - [16/Feb/2025:01:38:28 +0100] "GET /ticket2/opencms/be/buy?edid=3583D5C7-607A-E528-A709-844E6A72DC1B&page=1 HTTP/1.1" 200 143418
85.208.96.198 - - [16/Feb/2025:01:38:30 +0100] "GET /ticket2/opencms/cs/buying_tickets HTTP/1.1" 200 89316
20.171.207.223 - - [16/Feb/2025:01:38:31 +0100] "GET /ticket2/opencms/set_aff_cookie.jsp?partner=23A6AD98-906E-5BDD-600E-EC4EC8A45F97&url=%252Fen%252Fbuy%252Findex.html%253Fpage%253D1%2526edid%253DD89B3D3A-DD39-9270-8BDC-6E1BD9EC429A%2526hlv%253D61127715-b7c4-47ad-b615-2be00a01000f%2523v_2119330613 HTTP/1.1" 200 247
44.217.177.142 - - [16/Feb/2025:01:38:32 +0100] "GET /ticket2/opencms/be/buy?edid=36B8587B-9BD4-1599-9368-E59F9780F9A9&page=1 HTTP/1.1" 200 147689
