94.191.136.80 - - [16/Feb/2025:00:54:15 +0100] "GET /ticket2/opencms/system/modules/com.gridnine.opencms.ticketbrokerage.site/resources/pics/button1_right.gif HTTP/1.1" 200 232
94.191.136.80 - - [16/Feb/2025:00:54:15 +0100] "GET /ticket2/opencms/system/modules/com.gridnine.opencms.ticketbrokerage.site/resources/pics/button1_left.gif HTTP/1.1" 200 232
94.191.136.80 - - [16/Feb/2025:00:54:15 +0100] "GET /ticket2/opencms/system/modules/com.gridnine.opencms.ticketbrokerage.site/resources/pics/button1_center.gif HTTP/1.1" 200 66
184.73.167.217 - - [16/Feb/2025:00:54:16 +0100] "GET /ticket2/opencms/sv/buy?edid=299450E2-FDAD-4E2B-0058-6290A7A2B57D&page=1 HTTP/1.1" 200 111360
54.36.149.70 - - [16/Feb/2025:00:54:16 +0100] "GET /ticket2/opencms/sl/buy?page=1&edid=65C03F06-B4E6-0D65-D535-E007A0321D02 HTTP/1.1" 200 111808
20.171.207.223 - - [16/Feb/2025:00:54:17 +0100] "GET /ticket2/opencms/set_aff_cookie.jsp?partner=5E0CDF29-E7BE-9F6B-6869-7BF66B04006F&url=%252Fnl%252Fbuy%252Findex.html%253Fpage%253D1%2526edid%253D58849721-189F-D09B-851E-CCAD1153A6C9%2526hlv%253D60c9ddb8-e274-4ce5-b857-20f20a01000f%2523v_1648916267 HTTP/1.1" 200 247
192.95.30.21 - - [16/Feb/2025:00:54:18 +0100] "GET /ticket2/opencms/fi/login/?edid=299450E2-FDAD-4E2B-0058-6290A7A2B57D HTTP/1.1" 200 91717
20.171.207.223 - - [16/Feb/2025:00:54:18 +0100] "GET /ticket2/opencms/set_aff_cookie.jsp?partner=5E0CDF29-E7BE-9F6B-6869-7BF66B04006F&url=%252Fru%252Fbuy%252Findex.html%253Fpage%253D1%2526edid%253D1262C5E9-4459-6D63-F273-010CB7E37FF2%2526hlv%253D60ca1483-20ec-4b2e-bdbc-3ad80a01000f%2523v_1094529502 HTTP/1.1" 200 247
20.171.207.223 - - [16/Feb/2025:00:54:19 +0100] "GET /ticket2/opencms/set_aff_cookie.jsp?partner=6F250EA7-4505-FA01-D601-8847F2573405&url=%252Fno%252Fbuy%252Findex.html%253Fpage%253D1%2526edid%253DB855F537-DE06-C9FC-EE20-2B91E0343DA6%2526hlv%253D610bcc12-c17c-4e49-9530-13ad0a01000f%2523v_2001948162 HTTP/1.1" 200 247
94.191.136.80 - - [16/Feb/2025:00:54:20 +0100] "GET /ticket2/opencms/sv/buy/?page=1&edid=8085E80D-BC8F-CDCF-7CC8-2F497FE082D3 HTTP/1.1" 200 137752
94.191.136.80 - - [16/Feb/2025:00:54:20 +0100] "GET /ticket2/opencms/system/modules/com.gridnine.opencms.ticketbrokerage.site/resources/js/calendar-setup.js HTTP/1.1" 200 4923
94.191.136.80 - - [16/Feb/2025:00:54:20 +0100] "GET /ticket2/opencms/system/modules/com.gridnine.opencms.ticketbrokerage.site/resources/js/calendar-en.js HTTP/1.1" 200 3338
94.191.136.80 - - [16/Feb/2025:00:54:20 +0100] "GET /ticket2/opencms/system/modules/com.gridnine.opencms.ticketbrokerage.site/resources/js/standard.js HTTP/1.1" 200 3983
94.191.136.80 - - [16/Feb/2025:00:54:20 +0100] "GET /ticket2/opencms/system/modules/com.gridnine.opencms.ticketbrokerage.site/resources/css/ticketbrokerage.css HTTP/1.1" 200 39339
94.191.136.80 - - [16/Feb/2025:00:54:20 +0100] "GET /ticket2/opencms/system/modules/com.gridnine.opencms.ticketbrokerage.site/resources/css/calendar.css HTTP/1.1" 200 6871
94.191.136.80 - - [16/Feb/2025:00:54:20 +0100] "GET /ticket2/opencms/system/modules/com.gridnine.opencms.ticketbrokerage.site/resources/js/calendar.js HTTP/1.1" 200 49229
94.191.136.80 - - [16/Feb/2025:00:54:20 +0100] "GET /ticket2/opencms/system/modules/com.gridnine.opencms.ticketbrokerage.site/resources/css/standard.css HTTP/1.1" 200 73904
94.191.136.80 - - [16/Feb/2025:00:54:20 +0100] "GET /ticket2/opencms/system/modules/com.gridnine.opencms.ticketbrokerage.site/resources/js/functions.js HTTP/1.1" 200 1583
94.191.136.80 - - [16/Feb/2025:00:54:20 +0100] "GET /ticket2/opencms/system/modules/com.gridnine.opencms.ticketbrokerage.site/resources/pics/0.gif HTTP/1.1" 200 43
94.191.136.80 - - [16/Feb/2025:00:54:20 +0100] "GET /ticket2/opencms/system/modules/com.gridnine.opencms.ticketbrokerage.site/resources/pics/two_man.png HTTP/1.1" 200 3407
34.235.239.240 - - [16/Feb/2025:00:54:20 +0100] "GET /ticket2/opencms/sv/buy?edid=2B44308E-1778-CFAE-7385-18758823F6EB&page=1 HTTP/1.1" 200 148655
94.191.136.80 - - [16/Feb/2025:00:54:20 +0100] "GET /ticket2/opencms/sv/ask-form.html HTTP/1.1" 200 2950
94.191.136.80 - - [16/Feb/2025:00:54:20 +0100] "GET /ticket2/opencms/venue/emirates_stadium.png HTTP/1.1" 200 53537
94.191.136.80 - - [16/Feb/2025:00:54:20 +0100] "GET /ticket2/opencms/system/modules/com.gridnine.opencms.ticketbrokerage.site/resources/pics/ticket_info_button.png HTTP/1.1" 200 3820
94.191.136.80 - - [16/Feb/2025:00:54:20 +0100] "GET /ticket2/opencms/system/modules/com.gridnine.opencms.ticketbrokerage.site/resources/css/ticketbrokerage.css HTTP/1.1" 200 39339
94.191.136.80 - - [16/Feb/2025:00:54:20 +0100] "GET /ticket2/opencms/img/arrow-down.png HTTP/1.1" 200 192
23.23.212.212 - - [16/Feb/2025:00:54:24 +0100] "GET /ticket2/opencms/sv/buy?edid=3289C097-2261-9433-8644-DF033A9EE354&page=1 HTTP/1.1" 200 140279
192.95.30.21 - - [16/Feb/2025:00:54:24 +0100] "GET /ticket2/opencms/fi/login/?edid=2AC421C6-0DD9-73DD-0C29-416B5CC98DFF HTTP/1.1" 200 91840
40.77.167.123 - - [16/Feb/2025:00:54:25 +0100] "GET /ticket2/opencms/az/buy?page=1&edid=411DE37B-A492-42F8-E70C-4ADCF9F6F76B HTTP/1.1" 200 112804
85.208.96.202 - - [16/Feb/2025:00:54:26 +0100] "GET /ticket2/opencms/en/sport/football-tickets/bundesliga/mainz/ HTTP/1.1" 200 96389
40.77.167.123 - - [16/Feb/2025:00:54:26 +0100] "GET /ticket2/opencms/hr/buy?page=1&edid=921154C3-BF4F-9061-5CFB-8ECC0A8A34AE HTTP/1.1" 200 108513
3.224.215.150 - - [16/Feb/2025:00:54:28 +0100] "GET /ticket2/opencms/sv/buy?edid=3583D5C7-607A-E528-A709-844E6A72DC1B&page=1 HTTP/1.1" 200 140316
192.95.30.21 - - [16/Feb/2025:00:54:29 +0100] "GET /ticket2/opencms/fi/login/?edid=2B44308E-1778-CFAE-7385-18758823F6EB HTTP/1.1" 200 91828
54.36.148.48 - - [16/Feb/2025:00:54:31 +0100] "GET /ticket2/opencms/az/buy?page=1&edid=9DCC0E66-25C8-5156-35A8-BF56F5E3E1AA HTTP/1.1" 200 111840
34.194.226.74 - - [16/Feb/2025:00:54:32 +0100] "GET /ticket2/opencms/sv/buy?edid=36B8587B-9BD4-1599-9368-E59F9780F9A9&page=1 HTTP/1.1" 200 144416
20.171.207.223 - - [16/Feb/2025:00:54:32 +0100] "GET /ticket2/opencms/set_aff_cookie.jsp?partner=692E2C6A-EC6F-1C93-AFCC-C5ACC23A93EA&url=%252Fen%252Fbuy%252Findex.html%253Fpage%253D1%2526edid%253D383B78D7-9494-2298-4876-E7F35CEDFAD4%2526hlv%253D60c9e85b-37b4-4eaf-9317-26430a01000f%2523v_1153352901 HTTP/1.1" 200 247
20.171.207.223 - - [16/Feb/2025:00:54:33 +0100] "GET /ticket2/opencms/set_aff_cookie.jsp?partner=5E0CDF29-E7BE-9F6B-6869-7BF66B04006F&url=%252Fsv%252Fbuy%252Findex.html%253Fpage%253D1%2526edid%253DD5E74C45-3F08-B240-C54C-249FC09ABDCA%2526hlv%253D61537a0f-5d6c-406b-be77-586d0a01000f%2523v_327000581 HTTP/1.1" 200 246
192.95.30.21 - - [16/Feb/2025:00:54:34 +0100] "GET /ticket2/opencms/fi/login/?edid=2BF6E643-E634-803F-5E85-36ED669FBD74 HTTP/1.1" 200 91827
114.119.174.99 - - [16/Feb/2025:00:54:34 +0100] "GET /ticket2/opencms/az/?page=6&comcatid=0A6B8208-FDA4-E929-9D72-5312FD481B76&catid=1DB7F66B-473B-B427-F752-358FEEFE8EC0 HTTP/1.1" 200 109242
20.171.207.223 - - [16/Feb/2025:00:54:34 +0100] "GET /ticket2/opencms/set_aff_cookie.jsp?partner=692E2C6A-EC6F-1C93-AFCC-C5ACC23A93EA&url=%252Ffi%252Fbuy%252Findex.html%253Fpage%253D1%2526edid%253DFEE1A9C3-6DCD-56AA-743E-6C9021DC9161%2526hlv%253D610bcd59-e63c-4fe7-9301-15e00a01000f%2523v_502948751 HTTP/1.1" 200 246
52.167.144.218 - - [16/Feb/2025:00:54:35 +0100] "GET /ticket2/opencms/lv/buy/?page=1&edid=54FC36CF-650E-0DD5-1BB3-E49EF32EDF7E HTTP/1.1" 200 112060
20.171.207.223 - - [16/Feb/2025:00:54:35 +0100] "GET /ticket2/opencms/set_aff_cookie.jsp?partner=8F6DE15D-D831-5787-AE7E-FEFF53476F85&url=%252Ffi%252Fbuy%252Findex.html%253Fpage%253D1%2526edid%253D4A71CE9B-9435-0FA8-F5FD-C54FD4252A45%2526hlv%253D60c9e53d-61d8-4aa7-94a4-23730a01000f%2523v_1515304676 HTTP/1.1" 200 247
20.171.207.223 - - [16/Feb/2025:00:54:36 +0100] "GET /ticket2/opencms/set_aff_cookie.jsp?partner=2E02071B-A8C3-4CBA-3097-C27D61C02ED8&url=%252Fno%252Fbuy%252Findex.html%253Fpage%253D1%2526edid%253D50F18BFF-700E-1E6F-C17F-C358E206F903%2526hlv%253D60ca0cbd-4458-473d-bc8e-36280a01000f%2523v_699230847 HTTP/1.1" 200 246
185.191.171.8 - - [16/Feb/2025:00:54:37 +0100] "GET /ticket2/opencms/be/magazine/article?title=joao-palhinha-to-bayern-munich-a-new-midfield-power-arrives-at-allianz-arena HTTP/1.1" 200 97683
3.213.46.222 - - [16/Feb/2025:00:54:37 +0100] "GET /ticket2/opencms/sv/buy?edid=41CD7066-237A-B852-387D-3D5D7B688DF9&page=1 HTTP/1.1" 200 134679
66.249.79.33 - - [16/Feb/2025:00:54:37 +0100] "GET /ticket2/opencms/pl/ask-form.html HTTP/1.1" 200 3156
20.171.207.223 - - [16/Feb/2025:00:54:38 +0100] "GET /ticket2/opencms/set_aff_cookie.jsp?partner=2E02071B-A8C3-4CBA-3097-C27D61C02ED8&url=%252Fen%252Fbuy%252Findex.html%253Fpage%253D1%2526edid%253D038E9D5D-F853-3E62-678F-9F575C0DA65A%2526hlv%253D60ca0d7a-db28-4e6b-ad63-36360a01000f%2523v_995671171 HTTP/1.1" 200 246
20.171.207.223 - - [16/Feb/2025:00:54:39 +0100] "GET /ticket2/opencms/set_aff_cookie.jsp?partner=23A6AD98-906E-5BDD-600E-EC4EC8A45F97&url=%252Fen%252Fbuy%252Findex.html%253Fpage%253D1%2526edid%253D58849721-189F-D09B-851E-CCAD1153A6C9%2526hlv%253D60c9ddb8-6b24-4bcc-a6ff-20f20a01000f%2523v_1957807741 HTTP/1.1" 200 247
18.214.251.19 - - [16/Feb/2025:00:54:40 +0100] "GET /ticket2/opencms/sv/buy?edid=57C8D150-DCBD-4911-196A-160A37952FA8&page=1 HTTP/1.1" 200 134682
20.171.207.223 - - [16/Feb/2025:00:54:40 +0100] "GET /ticket2/opencms/set_aff_cookie.jsp?partner=6F250EA7-4505-FA01-D601-8847F2573405&url=%252Fdk%252Fbuy%252Findex.html%253Fpage%253D1%2526edid%253DBF3AA6AC-945D-BFDA-58A9-FBECF19591A2%2526hlv%253D611521a3-43dc-4a54-8682-07120a01000f%2523v_742375050 HTTP/1.1" 200 246
192.95.30.21 - - [16/Feb/2025:00:54:40 +0100] "GET /ticket2/opencms/fi/login/?edid=2C2E9185-38A8-EBBD-403B-609372D69EE0 HTTP/1.1" 200 91857
20.171.207.223 - - [16/Feb/2025:00:54:41 +0100] "GET /ticket2/opencms/set_aff_cookie.jsp?partner=57601924-FB09-5BB2-867F-08B4EB522BA8&url=%252Fsv%252Fbuy%252Findex.html%253Fpage%253D1%2526edid%253D9F75CAFF-859B-AF24-5E2C-871DFD0095F5%2526hlv%253D61448ef8-b82c-499c-b1ef-76530a01000f%2523v_1007741545 HTTP/1.1" 200 247
20.171.207.223 - - [16/Feb/2025:00:54:42 +0100] "GET /ticket2/opencms/set_aff_cookie.jsp?partner=6F250EA7-4505-FA01-D601-8847F2573405&url=%252Fdk%252Fbuy%252Findex.html%253Fpage%253D1%2526edid%253DC48EAFD0-8BA3-4D86-9F12-42C6F4555C84%2526hlv%253D60f816f5-7c40-4fab-a794-5d3b0a01000f%2523v_1047661216 HTTP/1.1" 200 247
54.36.148.208 - - [16/Feb/2025:00:54:44 +0100] "GET /ticket2/opencms/ka/buy?page=1&edid=BE18676F-AB94-E65E-A849-408190E75353 HTTP/1.1" 200 124008
107.22.208.39 - - [16/Feb/2025:00:54:44 +0100] "GET /ticket2/opencms/sv/buy?edid=5E608C7A-903B-E4BB-4868-5D83917347B8&page=1 HTTP/1.1" 200 148095
52.167.144.218 - - [16/Feb/2025:00:54:45 +0100] "GET /ticket2/opencms/pl/buy?page=1&edid=A39379DA-1375-E962-6BB8-A36C2BDDD0AC HTTP/1.1" 200 111820
202.8.42.25 - - [16/Feb/2025:00:54:45 +0100] "GET /ticket2/opencms/system/modules/com.gridnine.opencms.ticketbrokerage.site/resources/css/ticketbrokerage.css HTTP/1.1" 200 39339
202.8.42.25 - - [16/Feb/2025:00:54:45 +0100] "GET /ticket2/opencms/system/modules/com.gridnine.opencms.ticketbrokerage.site/resources/css/jquery.fancybox.css HTTP/1.1" 200 4939
202.8.42.25 - - [16/Feb/2025:00:54:45 +0100] "GET /ticket2/opencms/system/modules/com.gridnine.opencms.ticketbrokerage.site/resources/css/jquery-ui.css HTTP/1.1" 200 33221
202.8.42.25 - - [16/Feb/2025:00:54:45 +0100] "GET /ticket2/opencms/system/modules/com.gridnine.opencms.ticketbrokerage.site/resources/css/calendar.css HTTP/1.1" 200 6871
202.8.42.25 - - [16/Feb/2025:00:54:45 +0100] "GET /ticket2/opencms/system/modules/com.gridnine.opencms.ticketbrokerage.site/resources/js/jquery/jquery.js HTTP/1.1" 200 93868
202.8.42.25 - - [16/Feb/2025:00:54:45 +0100] "GET /ticket2/opencms/system/modules/com.gridnine.opencms.ticketbrokerage.site/resources/css/standard.css HTTP/1.1" 200 73904
202.8.42.25 - - [16/Feb/2025:00:54:45 +0100] "GET /ticket2/opencms/system/modules/com.gridnine.opencms.ticketbrokerage.site/resources/js/functions.js HTTP/1.1" 200 1583
202.8.42.25 - - [16/Feb/2025:00:54:45 +0100] "GET /ticket2/opencms/system/modules/com.gridnine.opencms.ticketbrokerage.site/resources/js/jquery/jquery-ui.js HTTP/1.1" 200 228088
202.8.42.25 - - [16/Feb/2025:00:54:45 +0100] "GET /ticket2/opencms/system/modules/com.gridnine.opencms.ticketbrokerage.site/resources/js/calendar.js HTTP/1.1" 200 49229
202.8.42.25 - - [16/Feb/2025:00:54:45 +0100] "GET /ticket2/opencms/system/modules/com.gridnine.opencms.ticketbrokerage.site/resources/js/calendar-en.js HTTP/1.1" 200 3338
202.8.42.25 - - [16/Feb/2025:00:54:45 +0100] "GET /ticket2/opencms/system/modules/com.gridnine.opencms.ticketbrokerage.site/resources/js/calendar-setup.js HTTP/1.1" 200 4923
202.8.42.25 - - [16/Feb/2025:00:54:45 +0100] "GET /ticket2/opencms/system/modules/com.gridnine.opencms.ticketbrokerage.site/resources/js/jquery.fancybox.pack.js HTTP/1.1" 200 23187
202.8.42.25 - - [16/Feb/2025:00:54:45 +0100] "GET /ticket2/opencms/system/modules/com.gridnine.opencms.ticketbrokerage.site/resources/js/stickyfill.min.js HTTP/1.1" 200 5672
202.8.42.25 - - [16/Feb/2025:00:54:45 +0100] "GET /ticket2/opencms/system/modules/com.gridnine.opencms.ticketbrokerage.site/resources/js/standard.js HTTP/1.1" 200 3983
202.8.42.25 - - [16/Feb/2025:00:54:46 +0100] "GET /ticket2/opencms/system/modules/com.gridnine.opencms.ticketbrokerage.site/resources/js/jquery.placeholder.min.js HTTP/1.1" 200 1737
202.8.42.25 - - [16/Feb/2025:00:54:46 +0100] "GET /ticket2/opencms/system/modules/com.gridnine.opencms.ticketbrokerage.site/resources/js/common-ajax.js HTTP/1.1" 200 20175
202.8.42.25 - - [16/Feb/2025:00:54:46 +0100] "GET /ticket2/opencms/ka/ask-form.html HTTP/1.1" 200 3156
202.8.42.25 - - [16/Feb/2025:00:54:46 +0100] "GET /ticket2/opencms/system/modules/com.gridnine.opencms.ticketbrokerage.site/resources/css/ticketbrokerage.css HTTP/1.1" 200 39339
54.85.126.86 - - [16/Feb/2025:00:54:48 +0100] "GET /ticket2/opencms/sv/buy?edid=66C22035-E7EA-E10A-4BFC-2C30733037DC&page=1 HTTP/1.1" 200 135480
185.191.171.6 - - [16/Feb/2025:00:54:50 +0100] "GET /ticket2/opencms/el/magazine/article?title=lucas-bergvall-enas-neos-david-beckham HTTP/1.1" 200 96724
54.36.149.96 - - [16/Feb/2025:00:54:50 +0100] "GET /ticket2/opencms/el/buy?page=1&edid=4EF4CC9A-B0ED-46BC-F297-21E10A9EA6B6 HTTP/1.1" 200 115631
192.95.30.21 - - [16/Feb/2025:00:54:52 +0100] "GET /ticket2/opencms/fi/login/?edid=2D66E153-7DA0-9C9B-3BBB-E00F30BBA98C HTTP/1.1" 200 91724
54.84.93.8 - - [16/Feb/2025:00:54:52 +0100] "GET /ticket2/opencms/sv/buy?edid=68B485F7-9483-6E4F-656D-602EE2AC621D&page=1 HTTP/1.1" 200 135510
20.171.207.223 - - [16/Feb/2025:00:54:55 +0100] "GET /ticket2/opencms/set_aff_cookie.jsp?partner=692E2C6A-EC6F-1C93-AFCC-C5ACC23A93EA&url=%252Ffi%252Fbuy%252Findex.html%253Fpage%253D1%2526edid%253DC3C3C4B4-8DE9-0BBD-5349-6EF9935BCF15%2526hlv%253D60f9588b-2d84-416a-9175-59200a01000f%2523v_1633437464 HTTP/1.1" 200 247
20.171.207.223 - - [16/Feb/2025:00:54:56 +0100] "GET /ticket2/opencms/set_aff_cookie.jsp?partner=692E2C6A-EC6F-1C93-AFCC-C5ACC23A93EA&url=%252Ffi%252Fbuy%252Findex.html%253Fpage%253D1%2526edid%253DFA7D6BC6-E757-B554-9DC3-402FA5982C97%2526hlv%253D6122a4da-588c-4d19-90ff-1f320a01000f%2523v_1356600806 HTTP/1.1" 200 247
3.231.193.38 - - [16/Feb/2025:00:54:56 +0100] "GET /ticket2/opencms/sv/buy?edid=697BE447-74B7-A748-152F-A1818DA4BEC9&page=1 HTTP/1.1" 200 134461
20.171.207.223 - - [16/Feb/2025:00:54:57 +0100] "GET /ticket2/opencms/set_aff_cookie.jsp?partner=8F6DE15D-D831-5787-AE7E-FEFF53476F85&url=%252Fno%252Fbuy%252Findex.html%253Fpage%253D1%2526edid%253D8F381869-E5D9-0711-5F43-47D1B58D17C6%2526hlv%253D614d7028-7c30-4303-bc99-76e10a01000f%2523v_377480395 HTTP/1.1" 200 246
20.171.207.223 - - [16/Feb/2025:00:54:58 +0100] "GET /ticket2/opencms/set_aff_cookie.jsp?partner=5E0CDF29-E7BE-9F6B-6869-7BF66B04006F&url=%252Fdk%252Fbuy%252Findex.html%253Fpage%253D1%2526edid%253D09EE96B0-CD8C-CFD6-7FFB-CA08AF021FC9%2526hlv%253D60c9de29-4080-464e-aa60-21c80a01000f%2523v_2068255367 HTTP/1.1" 200 247
20.171.207.223 - - [16/Feb/2025:00:54:59 +0100] "GET /ticket2/opencms/set_aff_cookie.jsp?partner=6F250EA7-4505-FA01-D601-8847F2573405&url=%252Fnl%252Fbuy%252Findex.html%253Fpage%253D1%2526edid%253DEE754F77-A2A4-E1E4-8A97-96B4BE735D0A%2526hlv%253D610bd00a-58b8-4f26-a5b2-16270a01000f%2523v_1564131051 HTTP/1.1" 200 247
100.29.164.178 - - [16/Feb/2025:00:55:00 +0100] "GET /ticket2/opencms/sv/buy?edid=6F379414-70C4-400F-51D2-AFD37C8F2BC7&page=1 HTTP/1.1" 200 134477
20.171.207.223 - - [16/Feb/2025:00:55:00 +0100] "GET /ticket2/opencms/set_aff_cookie.jsp?partner=5E0CDF29-E7BE-9F6B-6869-7BF66B04006F&url=%252Fen%252Fbuy%252Findex.html%253Fpage%253D1%2526edid%253D7422BB76-D50D-112B-59E4-17DC58B2A2B5%2526hlv%253D611403b7-517c-46d4-b1c0-1add0a01000f%2523v_1262067492 HTTP/1.1" 200 247
20.171.207.223 - - [16/Feb/2025:00:55:03 +0100] "GET /ticket2/opencms/set_aff_cookie.jsp?partner=692E2C6A-EC6F-1C93-AFCC-C5ACC23A93EA&url=%252Ffi%252Fbuy%252Findex.html%253Fpage%253D1%2526edid%253D8639D4E1-C0DC-DB58-D9B0-F439F1BE39EE%2526hlv%253D60f84462-060c-4792-b4ad-6c480a01000f%2523v_444699121 HTTP/1.1" 200 246
3.226.106.93 - - [16/Feb/2025:00:55:04 +0100] "GET /ticket2/opencms/sv/buy?edid=70278AA1-9B36-1074-FC37-E7CD3E0C98CF&page=1 HTTP/1.1" 200 123372
20.171.207.223 - - [16/Feb/2025:00:55:04 +0100] "GET /ticket2/opencms/set_aff_cookie.jsp?partner=8F6DE15D-D831-5787-AE7E-FEFF53476F85&url=%252Fen%252Fbuy%252Findex.html%253Fpage%253D1%2526edid%253D0AF722C7-398C-BD7F-56C9-079824699138%2526hlv%253D60f81a7b-adc4-4cf9-a054-5d1e0a01000f%2523v_1209136558 HTTP/1.1" 200 247
20.171.207.223 - - [16/Feb/2025:00:55:05 +0100] "GET /ticket2/opencms/set_aff_cookie.jsp?partner=5E0CDF29-E7BE-9F6B-6869-7BF66B04006F&url=%252Fdk%252Fbuy%252Findex.html%253Fpage%253D1%2526edid%253DCF3BDDE8-6C6B-F85B-528C-11C48A316B2B%2526hlv%253D61448da5-72dc-4c44-a046-760b0a01000f%2523v_764936936 HTTP/1.1" 200 246
54.36.149.35 - - [16/Feb/2025:00:55:07 +0100] "GET /ticket2/opencms/mt/buy?page=1&edid=4EF4CC9A-B0ED-46BC-F297-21E10A9EA6B6 HTTP/1.1" 200 112029
192.95.30.21 - - [16/Feb/2025:00:55:07 +0100] "GET /ticket2/opencms/fi/login/?edid=2E10707D-C051-6138-1E62-3BA0A6C4D8EB HTTP/1.1" 200 91867
114.119.153.152 - - [16/Feb/2025:00:55:07 +0100] "GET /ticket2/opencms/mk/buy?page=1&edid=E86F0F7D-1756-1185-7E08-E94436C5DD8E HTTP/1.1" 404 -
23.23.212.212 - - [16/Feb/2025:00:55:08 +0100] "GET /ticket2/opencms/sv/buy?edid=750C6040-29F7-425D-A24F-51B977F415A3&page=1 HTTP/1.1" 200 135591
47.128.39.238 - - [16/Feb/2025:00:55:09 +0100] "GET /ticket2/opencms/sv/buy?edid=CEF9A464-8C88-BC1F-3827-126FBE3CBAA4 HTTP/1.1" 200 91127
3.81.253.213 - - [16/Feb/2025:00:55:12 +0100] "GET /ticket2/opencms/sv/buy?edid=7D93CEA8-790B-90BC-58EC-CA5B0CB3CBFB&page=1 HTTP/1.1" 200 123839
190.92.214.2 - - [16/Feb/2025:00:55:12 +0100] "GET /ticket2/opencms/az/buy/?page=1&edid=40635446-3A1B-F16A-9B72-5E5BD25B028F HTTP/1.1" 200 108935
20.171.207.223 - - [16/Feb/2025:00:55:13 +0100] "GET /ticket2/opencms/set_aff_cookie.jsp?partner=8F6DE15D-D831-5787-AE7E-FEFF53476F85&url=%252Fsv%252Fbuy%252Findex.html%253Fpage%253D1%2526edid%253DA11B886E-58FD-585E-C844-3A5188D11667%2526hlv%253D60f5c561-66ec-4705-8f1e-1e6d0a01000f%2523v_1784630968 HTTP/1.1" 200 247
193.186.4.63 - - [16/Feb/2025:00:55:14 +0100] "GET /ticket2/opencms/es/deporte/entradas-futbol HTTP/1.1" 200 94706
44.212.106.171 - - [16/Feb/2025:00:55:16 +0100] "GET /ticket2/opencms/sv/buy?edid=7F2B1FEA-20FE-7448-32AC-111154CA401B&page=1 HTTP/1.1" 200 135460
192.95.30.21 - - [16/Feb/2025:00:55:17 +0100] "GET /ticket2/opencms/fi/login/?edid=2FC0C730-CDF2-92B9-F11A-5B4B69410553 HTTP/1.1" 200 91865
20.171.207.223 - - [16/Feb/2025:00:55:17 +0100] "GET /ticket2/opencms/set_aff_cookie.jsp?partner=8F6DE15D-D831-5787-AE7E-FEFF53476F85&url=%252Fru%252Fbuy%252Findex.html%253Fpage%253D1%2526edid%253D8B3B84C5-3DC0-B667-5464-4096542A8D78%2526hlv%253D60f80cce-5bf4-4c07-9f60-57a80a01000f%2523v_1999858890 HTTP/1.1" 200 247
20.171.207.223 - - [16/Feb/2025:00:55:19 +0100] "GET /ticket2/opencms/set_aff_cookie.jsp?partner=5E0CDF29-E7BE-9F6B-6869-7BF66B04006F&url=%252Fen%252Fbuy%252Findex.html%253Fpage%253D1%2526edid%253DD8F859FF-4C2A-2436-3BFD-25BEC2E8CC5C%2526hlv%253D60f81a54-6480-4241-ad76-5e5c0a01000f%2523v_1625801980 HTTP/1.1" 200 247
54.36.148.210 - - [16/Feb/2025:00:55:19 +0100] "GET /ticket2/opencms/bs/buy?page=1&edid=FC400B0C-3F35-28FE-BA32-45A117020656 HTTP/1.1" 200 111690
20.171.207.223 - - [16/Feb/2025:00:55:20 +0100] "GET /ticket2/opencms/set_aff_cookie.jsp?partner=8F6DE15D-D831-5787-AE7E-FEFF53476F85&url=%252Fsv%252Fbuy%252Findex.html%253Fpage%253D1%2526edid%253D218B4836-28FD-C72A-82AC-AAD1AAADA47F%2526hlv%253D611bc6ce-f3ac-4f6b-a74d-504b0a01000f%2523v_2139383429 HTTP/1.1" 200 247
3.215.221.125 - - [16/Feb/2025:00:55:20 +0100] "GET /ticket2/opencms/sv/buy?edid=8085E80D-BC8F-CDCF-7CC8-2F497FE082D3&page=1 HTTP/1.1" 200 137696
20.171.207.223 - - [16/Feb/2025:00:55:21 +0100] "GET /ticket2/opencms/set_aff_cookie.jsp?partner=692E2C6A-EC6F-1C93-AFCC-C5ACC23A93EA&url=%252Fen%252Fbuy%252Findex.html%253Fpage%253D1%2526edid%253DE3B46C02-527F-BFED-1199-3D6C38556545%2526hlv%253D6145d3fa-c980-439b-a1c8-6b0b0a01000f%2523v_1582943519 HTTP/1.1" 200 247
66.249.79.33 - - [16/Feb/2025:00:55:21 +0100] "GET /ticket2/opencms/pl/buy/ HTTP/1.1" 200 90196
20.171.207.223 - - [16/Feb/2025:00:55:23 +0100] "GET /ticket2/opencms/set_aff_cookie.jsp?partner=2E02071B-A8C3-4CBA-3097-C27D61C02ED8&url=%252Fen%252Fbuy%252Findex.html%253Fpage%253D1%2526edid%253DE1B0D8A0-D6A6-F1B8-598E-C8ECA85414D0%2526hlv%253D60ca1383-8f9c-4330-ae5c-3a900a01000f%2523v_881977420 HTTP/1.1" 200 246
3.216.13.10 - - [16/Feb/2025:00:55:24 +0100] "GET /ticket2/opencms/sv/buy?edid=8DE1C2CA-7119-0E71-F915-F372DB5EBBBA&page=1 HTTP/1.1" 200 122844
47.128.46.23 - - [16/Feb/2025:00:55:25 +0100] "GET /ticket2/opencms/lv/?comcatid=B41CCF2B-5558-7AEE-3602-09BBDE417D65 HTTP/1.1" 200 108905
20.171.207.223 - - [16/Feb/2025:00:55:25 +0100] "GET /ticket2/opencms/set_aff_cookie.jsp?partner=8F6DE15D-D831-5787-AE7E-FEFF53476F85&url=%252Ffi%252Fbuy%252Findex.html%253Fpage%253D1%2526edid%253DFF27455A-A259-2E61-E278-C658588A9BEE%2526hlv%253D6144984d-8578-429d-a6ef-79850a01000f%2523v_1144383514 HTTP/1.1" 200 247
20.171.207.223 - - [16/Feb/2025:00:55:27 +0100] "GET /ticket2/opencms/set_aff_cookie.jsp?partner=57601924-FB09-5BB2-867F-08B4EB522BA8&url=%252Fnl%252Fbuy%252Findex.html%253Fpage%253D1%2526edid%253D45CC6BB1-4A0B-C243-C5EE-01457B55C324%2526hlv%253D612b5882-deb0-47f2-a087-3ef00a01000f%2523v_331604290 HTTP/1.1" 200 246
47.128.46.23 - - [16/Feb/2025:00:55:27 +0100] "GET /ticket2/opencms/img/mail.png HTTP/1.1" 200 403
114.119.153.152 - - [16/Feb/2025:00:55:27 +0100] "GET /ticket2/opencms/sl/buy?page=1&edid=9AA6E90F-1A8F-8723-F266-C4056D23056B HTTP/1.1" 200 123787
52.205.141.124 - - [16/Feb/2025:00:55:28 +0100] "GET /ticket2/opencms/sv/buy?edid=8EE24D2F-4BF0-A103-6944-36103BCA6278&page=1 HTTP/1.1" 200 121816
20.171.207.223 - - [16/Feb/2025:00:55:29 +0100] "GET /ticket2/opencms/set_aff_cookie.jsp?partner=8F6DE15D-D831-5787-AE7E-FEFF53476F85&url=%252Fru%252Fbuy%252Findex.html%253Fpage%253D1%2526edid%253D291216E9-A94A-205B-7C67-5C0727287644%2526hlv%253D61154e4c-eac8-409e-872b-159f0a01000f%2523v_1977448288 HTTP/1.1" 200 247
54.36.148.251 - - [16/Feb/2025:00:55:30 +0100] "GET /ticket2/opencms/lt/buy?page=1&edid=A5DC3557-7021-B208-917D-35A78F466827 HTTP/1.1" 200 111825
192.95.30.21 - - [16/Feb/2025:00:55:30 +0100] "GET /ticket2/opencms/fi/login/?edid=33CFCCFE-A22A-4A2C-1202-26E0FBDCB686 HTTP/1.1" 200 91875
173.252.83.14 - - [16/Feb/2025:00:55:30 +0100] "GET /ticket2/opencms/et/sport/jalgpallipiletid/serie-a/salernitana HTTP/1.1" 200 96685
47.128.98.106 - - [16/Feb/2025:00:55:32 +0100] "GET /ticket2/opencms/bg/buy?edid=7F2B1FEA-20FE-7448-32AC-111154CA401B HTTP/1.1" 200 92471
3.214.176.44 - - [16/Feb/2025:00:55:32 +0100] "GET /ticket2/opencms/sv/buy?edid=A2A4078E-C8E8-C113-199B-69C1FEB231B0&page=1 HTTP/1.1" 200 134951
20.171.207.223 - - [16/Feb/2025:00:55:34 +0100] "GET /ticket2/opencms/set_aff_cookie.jsp?partner=57601924-FB09-5BB2-867F-08B4EB522BA8&url=%252Fdk%252Fbuy%252Findex.html%253Fpage%253D1%2526edid%253D66EA5353-0EED-D56D-04FB-B3F43B6CCED9%2526hlv%253D60ca0acc-7658-483e-a620-36b90a01000f%2523v_1703704820 HTTP/1.1" 200 247
173.252.107.114 - - [16/Feb/2025:00:55:35 +0100] "GET /ticket2/opencms/en/magazine/article?title=swedish-talent-lucas-bergvall-set-to-join-tottenham-hotspur HTTP/1.1" 200 93648
20.171.207.223 - - [16/Feb/2025:00:55:36 +0100] "GET /ticket2/opencms/set_aff_cookie.jsp?partner=2E02071B-A8C3-4CBA-3097-C27D61C02ED8&url=%252Fnl%252Fbuy%252Findex.html%253Fpage%253D1%2526edid%253D74A57CFE-A85C-345D-E9F7-0AF79537083B%2526hlv%253D614c77ce-0784-43b1-bf3f-193e0a01000f%2523v_596955326 HTTP/1.1" 200 246
52.203.237.170 - - [16/Feb/2025:00:55:36 +0100] "GET /ticket2/opencms/sv/buy?edid=C64002B7-B7A3-A646-1770-7E79C914EDA5&page=1 HTTP/1.1" 200 134705
192.95.30.21 - - [16/Feb/2025:00:55:38 +0100] "GET /ticket2/opencms/fi/login/?edid=341262D8-7A59-5821-1DA8-A5F36D843BF9 HTTP/1.1" 200 91855
54.36.148.10 - - [16/Feb/2025:00:55:39 +0100] "GET /ticket2/opencms/bs/buy?page=1&edid=71729821-BB19-CC1B-BEDD-F4658D5AB210 HTTP/1.1" 200 117452
20.171.207.223 - - [16/Feb/2025:00:55:39 +0100] "GET /ticket2/opencms/set_aff_cookie.jsp?partner=6F250EA7-4505-FA01-D601-8847F2573405&url=%252Fen%252Fbuy%252Findex.html%253Fpage%253D1%2526edid%253D590EDDB9-B981-09D2-E0FC-F6E1B491368A%2526hlv%253D60ca0fc2-53e4-4420-abda-36190a01000f%2523v_1735084125 HTTP/1.1" 200 247
3.216.227.216 - - [16/Feb/2025:00:55:40 +0100] "GET /ticket2/opencms/sv/buy?edid=C781C90E-2A4A-BE38-23EB-6039DE2F5FA8&page=1 HTTP/1.1" 200 137073
202.8.43.118 - - [16/Feb/2025:00:55:40 +0100] "GET /ticket2/opencms/system/modules/com.gridnine.opencms.ticketbrokerage.site/resources/css/ticketbrokerage.css HTTP/1.1" 200 39339
202.8.43.118 - - [16/Feb/2025:00:55:40 +0100] "GET /ticket2/opencms/system/modules/com.gridnine.opencms.ticketbrokerage.site/resources/css/jquery.fancybox.css HTTP/1.1" 200 4939
202.8.43.118 - - [16/Feb/2025:00:55:40 +0100] "GET /ticket2/opencms/system/modules/com.gridnine.opencms.ticketbrokerage.site/resources/css/jquery-ui.css HTTP/1.1" 200 33221
202.8.43.118 - - [16/Feb/2025:00:55:40 +0100] "GET /ticket2/opencms/system/modules/com.gridnine.opencms.ticketbrokerage.site/resources/css/standard.css HTTP/1.1" 200 73904
202.8.43.118 - - [16/Feb/2025:00:55:40 +0100] "GET /ticket2/opencms/system/modules/com.gridnine.opencms.ticketbrokerage.site/resources/css/calendar.css HTTP/1.1" 200 6871
202.8.43.118 - - [16/Feb/2025:00:55:40 +0100] "GET /ticket2/opencms/system/modules/com.gridnine.opencms.ticketbrokerage.site/resources/js/jquery/jquery.js HTTP/1.1" 200 93868
202.8.43.118 - - [16/Feb/2025:00:55:40 +0100] "GET /ticket2/opencms/system/modules/com.gridnine.opencms.ticketbrokerage.site/resources/js/jquery/jquery-ui.js HTTP/1.1" 200 228088
202.8.43.118 - - [16/Feb/2025:00:55:40 +0100] "GET /ticket2/opencms/system/modules/com.gridnine.opencms.ticketbrokerage.site/resources/js/functions.js HTTP/1.1" 200 1583
202.8.43.118 - - [16/Feb/2025:00:55:40 +0100] "GET /ticket2/opencms/system/modules/com.gridnine.opencms.ticketbrokerage.site/resources/js/calendar.js HTTP/1.1" 200 49229
202.8.43.118 - - [16/Feb/2025:00:55:40 +0100] "GET /ticket2/opencms/system/modules/com.gridnine.opencms.ticketbrokerage.site/resources/js/calendar-en.js HTTP/1.1" 200 3338
202.8.43.118 - - [16/Feb/2025:00:55:40 +0100] "GET /ticket2/opencms/system/modules/com.gridnine.opencms.ticketbrokerage.site/resources/js/calendar-setup.js HTTP/1.1" 200 4923
202.8.43.118 - - [16/Feb/2025:00:55:41 +0100] "GET /ticket2/opencms/system/modules/com.gridnine.opencms.ticketbrokerage.site/resources/js/jquery.fancybox.pack.js HTTP/1.1" 200 23187
202.8.43.118 - - [16/Feb/2025:00:55:41 +0100] "GET /ticket2/opencms/system/modules/com.gridnine.opencms.ticketbrokerage.site/resources/js/stickyfill.min.js HTTP/1.1" 200 5672
202.8.43.118 - - [16/Feb/2025:00:55:41 +0100] "GET /ticket2/opencms/system/modules/com.gridnine.opencms.ticketbrokerage.site/resources/js/standard.js HTTP/1.1" 200 3983
202.8.43.118 - - [16/Feb/2025:00:55:41 +0100] "GET /ticket2/opencms/system/modules/com.gridnine.opencms.ticketbrokerage.site/resources/js/jquery.placeholder.min.js HTTP/1.1" 200 1737
202.8.43.118 - - [16/Feb/2025:00:55:41 +0100] "GET /ticket2/opencms/system/modules/com.gridnine.opencms.ticketbrokerage.site/resources/js/common-ajax.js HTTP/1.1" 200 20175
202.8.43.118 - - [16/Feb/2025:00:55:41 +0100] "GET /ticket2/opencms/bs/ask-form.html HTTP/1.1" 200 3156
202.8.43.118 - - [16/Feb/2025:00:55:41 +0100] "GET /ticket2/opencms/system/modules/com.gridnine.opencms.ticketbrokerage.site/resources/css/ticketbrokerage.css HTTP/1.1" 200 39339
20.171.207.223 - - [16/Feb/2025:00:55:42 +0100] "GET /ticket2/opencms/set_aff_cookie.jsp?partner=8F6DE15D-D831-5787-AE7E-FEFF53476F85&url=%252Fno%252Fbuy%252Findex.html%253Fpage%253D1%2526edid%253D45CC6BB1-4A0B-C243-C5EE-01457B55C324%2526hlv%253D612b5882-add4-4d35-9229-3ef00a01000f%2523v_2102712277 HTTP/1.1" 200 247
20.171.207.223 - - [16/Feb/2025:00:55:43 +0100] "GET /ticket2/opencms/set_aff_cookie.jsp?partner=6F250EA7-4505-FA01-D601-8847F2573405&url=%252Fru%252Fbuy%252Findex.html%253Fpage%253D1%2526edid%253D4780BD51-BE59-D2D1-2E7C-44E378F7FCDC%2526hlv%253D60f81c63-c158-4c9f-82cb-5df60a01000f%2523v_328073868 HTTP/1.1" 200 246
185.191.171.10 - - [16/Feb/2025:00:55:44 +0100] "GET /ticket2/opencms/sl/magazine/article?title=ali-lahko-viktor-gyokeres-zapusti-sporting-prej-kot-je-bilo-nacrtovano HTTP/1.1" 200 93725
20.171.207.223 - - [16/Feb/2025:00:55:44 +0100] "GET /ticket2/opencms/set_aff_cookie.jsp?partner=692E2C6A-EC6F-1C93-AFCC-C5ACC23A93EA&url=%252Fdk%252Fbuy%252Findex.html%253Fpage%253D1%2526edid%253D6B3BF078-C100-90F5-6150-C146B5879A8A%2526hlv%253D611cd250-4dc8-41aa-bfd7-5e000a01000f%2523v_830931505 HTTP/1.1" 200 246
18.232.12.157 - - [16/Feb/2025:00:55:44 +0100] "GET /ticket2/opencms/sv/buy?edid=CC748805-AA77-5D07-7352-96CD97D4F5AC&page=1 HTTP/1.1" 200 136274
20.171.207.223 - - [16/Feb/2025:00:55:46 +0100] "GET /ticket2/opencms/set_aff_cookie.jsp?partner=8F6DE15D-D831-5787-AE7E-FEFF53476F85&url=%252Ffi%252Fbuy%252Findex.html%253Fpage%253D1%2526edid%253DD1B6D814-A677-3D90-03BA-1F7CF35352A4%2526hlv%253D60ca1e7b-a8b8-43dd-8ea9-40890a01000f%2523v_2062943703 HTTP/1.1" 200 247
192.95.30.21 - - [16/Feb/2025:00:55:47 +0100] "GET /ticket2/opencms/fi/login/?edid=36AF1B5E-5A99-17FA-F2C9-AE0F1234F398 HTTP/1.1" 200 91809
44.210.213.220 - - [16/Feb/2025:00:55:48 +0100] "GET /ticket2/opencms/sv/buy?edid=D96122AD-C3AA-80F5-DDA8-935E03AE952D&page=1 HTTP/1.1" 200 134069
54.36.148.10 - - [16/Feb/2025:00:55:48 +0100] "GET /ticket2/opencms/az/buy?page=1&edid=4EF4CC9A-B0ED-46BC-F297-21E10A9EA6B6 HTTP/1.1" 200 112232
20.171.207.223 - - [16/Feb/2025:00:55:49 +0100] "GET /ticket2/opencms/set_aff_cookie.jsp?partner=2E02071B-A8C3-4CBA-3097-C27D61C02ED8&url=%252Fnl%252Fbuy%252Findex.html%253Fpage%253D1%2526edid%253D3F6B6B17-F159-59CA-9275-25779C692B45%2526hlv%253D60c9f38e-ed94-4d64-90e2-2bbd0a01000f%2523v_1573251212 HTTP/1.1" 200 247
119.8.180.80 - - [16/Feb/2025:00:55:49 +0100] "GET /ticket2/opencms/az/buy?page=1&edid=14F062D9-308D-D622-3756-E9E403421B8F HTTP/1.1" 200 112174
20.171.207.223 - - [16/Feb/2025:00:55:50 +0100] "GET /ticket2/opencms/set_aff_cookie.jsp?partner=2E02071B-A8C3-4CBA-3097-C27D61C02ED8&url=%252Fru%252Fbuy%252Findex.html%253Fpage%253D1%2526edid%253DCA3FABDD-43B5-8DDC-6DAC-2917B68B145E%2526hlv%253D60c9eb3e-5094-474d-8d75-28450a01000f%2523v_843699519 HTTP/1.1" 200 246
3.216.13.10 - - [16/Feb/2025:00:55:52 +0100] "GET /ticket2/opencms/sv/buy?edid=DCF22239-47F2-2282-C13B-85FCE1D7C913&page=1 HTTP/1.1" 200 135636
20.171.207.223 - - [16/Feb/2025:00:55:52 +0100] "GET /ticket2/opencms/set_aff_cookie.jsp?partner=2E02071B-A8C3-4CBA-3097-C27D61C02ED8&url=%252Fnl%252Fbuy%252Findex.html%253Fpage%253D1%2526edid%253DB0BF2090-DE5A-9E6F-DE35-9DF8CEDD4A19%2526hlv%253D6115208f-1a74-4484-b6b8-05810a01000f%2523v_1149980938 HTTP/1.1" 200 247
54.36.149.99 - - [16/Feb/2025:00:55:54 +0100] "GET /ticket2/opencms/tr/spor/futbol-biletleri/serie-a/frosinone HTTP/1.1" 200 96778
202.8.42.32 - - [16/Feb/2025:00:55:56 +0100] "GET /ticket2/opencms/system/modules/com.gridnine.opencms.ticketbrokerage.site/resources/css/calendar.css HTTP/1.1" 200 6871
202.8.42.32 - - [16/Feb/2025:00:55:56 +0100] "GET /ticket2/opencms/system/modules/com.gridnine.opencms.ticketbrokerage.site/resources/css/jquery-ui.css HTTP/1.1" 200 33221
202.8.42.32 - - [16/Feb/2025:00:55:56 +0100] "GET /ticket2/opencms/system/modules/com.gridnine.opencms.ticketbrokerage.site/resources/css/standard.css HTTP/1.1" 200 73904
202.8.42.32 - - [16/Feb/2025:00:55:56 +0100] "GET /ticket2/opencms/system/modules/com.gridnine.opencms.ticketbrokerage.site/resources/css/jquery.fancybox.css HTTP/1.1" 200 4939
202.8.42.32 - - [16/Feb/2025:00:55:56 +0100] "GET /ticket2/opencms/system/modules/com.gridnine.opencms.ticketbrokerage.site/resources/css/ticketbrokerage.css HTTP/1.1" 200 39339
202.8.42.32 - - [16/Feb/2025:00:55:56 +0100] "GET /ticket2/opencms/system/modules/com.gridnine.opencms.ticketbrokerage.site/resources/js/jquery/jquery.js HTTP/1.1" 200 93868
202.8.42.32 - - [16/Feb/2025:00:55:56 +0100] "GET /ticket2/opencms/system/modules/com.gridnine.opencms.ticketbrokerage.site/resources/js/jquery/jquery-ui.js HTTP/1.1" 200 228088
202.8.42.32 - - [16/Feb/2025:00:55:56 +0100] "GET /ticket2/opencms/system/modules/com.gridnine.opencms.ticketbrokerage.site/resources/js/functions.js HTTP/1.1" 200 1583
202.8.42.32 - - [16/Feb/2025:00:55:56 +0100] "GET /ticket2/opencms/system/modules/com.gridnine.opencms.ticketbrokerage.site/resources/js/calendar.js HTTP/1.1" 200 49229
202.8.42.32 - - [16/Feb/2025:00:55:56 +0100] "GET /ticket2/opencms/system/modules/com.gridnine.opencms.ticketbrokerage.site/resources/js/calendar-setup.js HTTP/1.1" 200 4923
202.8.42.32 - - [16/Feb/2025:00:55:56 +0100] "GET /ticket2/opencms/system/modules/com.gridnine.opencms.ticketbrokerage.site/resources/js/calendar-en.js HTTP/1.1" 200 3338
202.8.42.32 - - [16/Feb/2025:00:55:56 +0100] "GET /ticket2/opencms/system/modules/com.gridnine.opencms.ticketbrokerage.site/resources/js/jquery.fancybox.pack.js HTTP/1.1" 200 23187
202.8.42.32 - - [16/Feb/2025:00:55:56 +0100] "GET /ticket2/opencms/system/modules/com.gridnine.opencms.ticketbrokerage.site/resources/js/stickyfill.min.js HTTP/1.1" 200 5672
202.8.42.32 - - [16/Feb/2025:00:55:56 +0100] "GET /ticket2/opencms/system/modules/com.gridnine.opencms.ticketbrokerage.site/resources/js/standard.js HTTP/1.1" 200 3983
202.8.42.32 - - [16/Feb/2025:00:55:56 +0100] "GET /ticket2/opencms/system/modules/com.gridnine.opencms.ticketbrokerage.site/resources/js/jquery.placeholder.min.js HTTP/1.1" 200 1737
202.8.42.32 - - [16/Feb/2025:00:55:56 +0100] "GET /ticket2/opencms/system/modules/com.gridnine.opencms.ticketbrokerage.site/resources/js/common-ajax.js HTTP/1.1" 200 20175
44.209.35.147 - - [16/Feb/2025:00:55:56 +0100] "GET /ticket2/opencms/sv/buy?edid=DD14CC82-883B-BD06-4306-EBD494AA1804&page=1 HTTP/1.1" 200 135451
192.95.30.21 - - [16/Feb/2025:00:55:57 +0100] "GET /ticket2/opencms/fi/login/?edid=36B8587B-9BD4-1599-9368-E59F9780F9A9 HTTP/1.1" 200 91732
20.171.207.223 - - [16/Feb/2025:00:55:57 +0100] "GET /ticket2/opencms/set_aff_cookie.jsp?partner=2E02071B-A8C3-4CBA-3097-C27D61C02ED8&url=%252Fdk%252Fbuy%252Findex.html%253Fpage%253D1%2526edid%253DDB8E6B8B-D5E6-2798-B4FA-A83F6B0F61B9%2526hlv%253D615c4628-1a9c-448a-9832-254f0a01000f%2523v_610329793 HTTP/1.1" 200 246
185.191.171.13 - - [16/Feb/2025:00:55:57 +0100] "GET /ticket2/opencms/is/magazine/article?title=lucas-bergvall-nyr-david-beckham HTTP/1.1" 200 93738
20.171.207.223 - - [16/Feb/2025:00:55:59 +0100] "GET /ticket2/opencms/set_aff_cookie.jsp?partner=5E0CDF29-E7BE-9F6B-6869-7BF66B04006F&url=%252Fnl%252Fbuy%252Findex.html%253Fpage%253D1%2526edid%253D938ECB82-2408-02B3-A5B3-53D3737EA4C9%2526hlv%253D60f844b0-c960-4e3b-8906-6e190a01000f%2523v_1341714366 HTTP/1.1" 200 247
185.191.171.11 - - [16/Feb/2025:00:56:00 +0100] "GET /ticket2/opencms/bs/magazine/article?title=manchester-united-protiv-arsenala HTTP/1.1" 200 92182
54.159.18.27 - - [16/Feb/2025:00:56:00 +0100] "GET /ticket2/opencms/sv/buy?edid=DE6EAF1E-F0E3-BCEF-6FE9-789554B2D96C&page=1 HTTP/1.1" 200 123392
20.171.207.223 - - [16/Feb/2025:00:56:02 +0100] "GET /ticket2/opencms/set_aff_cookie.jsp?partner=5E0CDF29-E7BE-9F6B-6869-7BF66B04006F&url=%252Fsv%252Fbuy%252Findex.html%253Fpage%253D1%2526edid%253D76EC6065-A9FD-2158-21EE-D9457194B3F1%2526hlv%253D60c9eedf-d31c-42db-b354-29c00a01000f%2523v_1687066951 HTTP/1.1" 200 247
54.36.148.101 - - [16/Feb/2025:00:56:03 +0100] "GET /ticket2/opencms/uk/buy?page=1&edid=BA7B077D-41E0-093C-1E58-FE5BDBAE9EE8 HTTP/1.1" 200 123835
100.28.44.58 - - [16/Feb/2025:00:56:04 +0100] "GET /ticket2/opencms/sv/buy?edid=E1CACBEB-5FB5-F359-D95F-1110648BB53A&page=1 HTTP/1.1" 200 135636
202.8.41.139 - - [16/Feb/2025:00:56:05 +0100] "GET /ticket2/opencms/system/modules/com.gridnine.opencms.ticketbrokerage.site/resources/css/standard.css HTTP/1.1" 200 73904
202.8.41.139 - - [16/Feb/2025:00:56:05 +0100] "GET /ticket2/opencms/system/modules/com.gridnine.opencms.ticketbrokerage.site/resources/css/jquery-ui.css HTTP/1.1" 200 33221
202.8.41.139 - - [16/Feb/2025:00:56:05 +0100] "GET /ticket2/opencms/system/modules/com.gridnine.opencms.ticketbrokerage.site/resources/css/ticketbrokerage.css HTTP/1.1" 200 39339
202.8.41.139 - - [16/Feb/2025:00:56:05 +0100] "GET /ticket2/opencms/system/modules/com.gridnine.opencms.ticketbrokerage.site/resources/css/calendar.css HTTP/1.1" 200 6871
202.8.41.139 - - [16/Feb/2025:00:56:05 +0100] "GET /ticket2/opencms/system/modules/com.gridnine.opencms.ticketbrokerage.site/resources/css/jquery.fancybox.css HTTP/1.1" 200 4939
202.8.41.139 - - [16/Feb/2025:00:56:05 +0100] "GET /ticket2/opencms/system/modules/com.gridnine.opencms.ticketbrokerage.site/resources/js/jquery/jquery.js HTTP/1.1" 200 93868
20.171.207.223 - - [16/Feb/2025:00:56:05 +0100] "GET /ticket2/opencms/set_aff_cookie.jsp?partner=57601924-FB09-5BB2-867F-08B4EB522BA8&url=%252Fru%252Fbuy%252Findex.html%253Fpage%253D1%2526edid%253D2719FEF6-C3A2-38D8-D55F-559BB24F7DCB%2526hlv%253D610bce73-b56c-4bb3-819d-16270a01000f%2523v_881565128 HTTP/1.1" 200 246
202.8.41.139 - - [16/Feb/2025:00:56:05 +0100] "GET /ticket2/opencms/system/modules/com.gridnine.opencms.ticketbrokerage.site/resources/js/jquery/jquery-ui.js HTTP/1.1" 200 228088
202.8.41.139 - - [16/Feb/2025:00:56:05 +0100] "GET /ticket2/opencms/system/modules/com.gridnine.opencms.ticketbrokerage.site/resources/js/functions.js HTTP/1.1" 200 1583
202.8.41.139 - - [16/Feb/2025:00:56:05 +0100] "GET /ticket2/opencms/system/modules/com.gridnine.opencms.ticketbrokerage.site/resources/js/calendar.js HTTP/1.1" 200 49229
202.8.41.139 - - [16/Feb/2025:00:56:05 +0100] "GET /ticket2/opencms/system/modules/com.gridnine.opencms.ticketbrokerage.site/resources/js/calendar-en.js HTTP/1.1" 200 3338
202.8.41.139 - - [16/Feb/2025:00:56:05 +0100] "GET /ticket2/opencms/system/modules/com.gridnine.opencms.ticketbrokerage.site/resources/js/calendar-setup.js HTTP/1.1" 200 4923
202.8.41.139 - - [16/Feb/2025:00:56:05 +0100] "GET /ticket2/opencms/system/modules/com.gridnine.opencms.ticketbrokerage.site/resources/js/jquery.fancybox.pack.js HTTP/1.1" 200 23187
202.8.41.139 - - [16/Feb/2025:00:56:05 +0100] "GET /ticket2/opencms/system/modules/com.gridnine.opencms.ticketbrokerage.site/resources/js/stickyfill.min.js HTTP/1.1" 200 5672
202.8.41.139 - - [16/Feb/2025:00:56:05 +0100] "GET /ticket2/opencms/system/modules/com.gridnine.opencms.ticketbrokerage.site/resources/js/standard.js HTTP/1.1" 200 3983
202.8.41.139 - - [16/Feb/2025:00:56:05 +0100] "GET /ticket2/opencms/system/modules/com.gridnine.opencms.ticketbrokerage.site/resources/js/jquery.placeholder.min.js HTTP/1.1" 200 1737
202.8.41.139 - - [16/Feb/2025:00:56:05 +0100] "GET /ticket2/opencms/system/modules/com.gridnine.opencms.ticketbrokerage.site/resources/js/common-ajax.js HTTP/1.1" 200 20175
202.8.41.139 - - [16/Feb/2025:00:56:05 +0100] "GET /ticket2/opencms/uk/ask-form.html HTTP/1.1" 200 3156
202.8.41.139 - - [16/Feb/2025:00:56:05 +0100] "GET /ticket2/opencms/system/modules/com.gridnine.opencms.ticketbrokerage.site/resources/css/ticketbrokerage.css HTTP/1.1" 200 39339
20.171.207.223 - - [16/Feb/2025:00:56:06 +0100] "GET /ticket2/opencms/set_aff_cookie.jsp?partner=8F6DE15D-D831-5787-AE7E-FEFF53476F85&url=%252Fdk%252Fbuy%252Findex.html%253Fpage%253D1%2526edid%253DD476BBBD-CF0B-7C17-55DD-EB91C312DE17%2526hlv%253D611bd33a-30dc-434b-af64-57670a01000f%2523v_1515084414 HTTP/1.1" 200 247
192.95.30.21 - - [16/Feb/2025:00:56:06 +0100] "GET /ticket2/opencms/fi/login/?edid=38A9CF02-8181-1667-78E4-4388829901BC HTTP/1.1" 200 91719
20.171.207.223 - - [16/Feb/2025:00:56:07 +0100] "GET /ticket2/opencms/set_aff_cookie.jsp?partner=692E2C6A-EC6F-1C93-AFCC-C5ACC23A93EA&url=%252Ffi%252Fbuy%252Findex.html%253Fpage%253D1%2526edid%253D94E69B18-0F80-7FE4-39B6-9D83769C26BD%2526hlv%253D61475aca-cc1c-4ac1-b93b-09a20a01000f%2523v_1472150131 HTTP/1.1" 200 247
98.84.200.43 - - [16/Feb/2025:00:56:08 +0100] "GET /ticket2/opencms/sv/buy?edid=EE1094B0-5F8D-7F5A-3592-6F4F9BDBF532&page=1 HTTP/1.1" 200 134557
54.36.148.153 - - [16/Feb/2025:00:56:09 +0100] "GET /ticket2/opencms/en/venue/?countryid=C7880A4A-050D-8AB8-4FEC-8062D983D070 HTTP/1.1" 200 114742
20.171.207.223 - - [16/Feb/2025:00:56:11 +0100] "GET /ticket2/opencms/set_aff_cookie.jsp?partner=6F250EA7-4505-FA01-D601-8847F2573405&url=%252Fdk%252Fbuy%252Findex.html%253Fpage%253D1%2526edid%253D2D8BABEA-B463-12A2-E630-9585FD2F3F33%2526hlv%253D60ca0c4a-c968-4ec1-9f0b-37800a01000f%2523v_115989244 HTTP/1.1" 200 246
54.36.148.165 - - [16/Feb/2025:00:56:11 +0100] "GET /ticket2/opencms/uk/buy?page=1&edid=750C6040-29F7-425D-A24F-51B977F415A3 HTTP/1.1" 200 138576
20.171.207.223 - - [16/Feb/2025:00:56:12 +0100] "GET /ticket2/opencms/set_aff_cookie.jsp?partner=57601924-FB09-5BB2-867F-08B4EB522BA8&url=%252Fnl%252Fbuy%252Findex.html%253Fpage%253D1%2526edid%253DBDDA33F9-4ADC-FC2D-831B-99FEC0DB017D%2526hlv%253D61151fe6-6bf0-42f9-9b90-05f70a01000f%2523v_1059896994 HTTP/1.1" 200 247
52.2.83.227 - - [16/Feb/2025:00:56:12 +0100] "GET /ticket2/opencms/sv/buy?edid=F1463EBE-6C18-CF49-B2AE-F79868BCA4F5&page=1 HTTP/1.1" 200 140427
20.171.207.223 - - [16/Feb/2025:00:56:13 +0100] "GET /ticket2/opencms/set_aff_cookie.jsp?partner=8F6DE15D-D831-5787-AE7E-FEFF53476F85&url=%252Fru%252Fbuy%252Findex.html%253Fpage%253D1%2526edid%253DE59A37DC-C4D5-8789-4A59-E1C7D847EADE%2526hlv%253D60c9de3a-cfa0-42c8-9bf6-1d470a01000f%2523v_600691739 HTTP/1.1" 200 246
192.95.30.21 - - [16/Feb/2025:00:56:14 +0100] "GET /ticket2/opencms/fi/login/?edid=39289D35-63FA-63A2-5B00-1BD8BF9346B7 HTTP/1.1" 200 91838
185.191.171.9 - - [16/Feb/2025:00:56:15 +0100] "GET /ticket2/opencms/ga/magazine/article?title=em-realfo-a-wsesa-wn-kse-w-google-ne-wn-a-ww-instagram-mu-bebree HTTP/1.1" 200 99672
20.171.207.223 - - [16/Feb/2025:00:56:15 +0100] "GET /ticket2/opencms/set_aff_cookie.jsp?partner=57601924-FB09-5BB2-867F-08B4EB522BA8&url=%252Fsv%252Fbuy%252Findex.html%253Fpage%253D1%2526edid%253DFEE1A9C3-6DCD-56AA-743E-6C9021DC9161%2526hlv%253D610bcd59-cff8-46e2-855b-15e00a01000f%2523v_676069383 HTTP/1.1" 200 246
54.80.185.200 - - [16/Feb/2025:00:56:16 +0100] "GET /ticket2/opencms/sv/buy?edid=F17C9A03-9EE8-3021-F3ED-C1A41F2235FA&page=1 HTTP/1.1" 200 125773
20.171.207.223 - - [16/Feb/2025:00:56:20 +0100] "GET /ticket2/opencms/set_aff_cookie.jsp?partner=57601924-FB09-5BB2-867F-08B4EB522BA8&url=%252Fsv%252Fbuy%252Findex.html%253Fpage%253D1%2526edid%253D6619AF23-B82A-4933-7AAB-7FCD989DC8B0%2526hlv%253D60ca1c7a-ee64-44b4-8a06-40950a01000f%2523v_1278776359 HTTP/1.1" 200 247
44.215.231.15 - - [16/Feb/2025:00:56:20 +0100] "GET /ticket2/opencms/sv/buy?edid=FD52398C-F7D7-F542-DD8C-96DBE2E8DDC3&page=1 HTTP/1.1" 200 122365
54.36.148.183 - - [16/Feb/2025:00:56:21 +0100] "GET /ticket2/opencms/tr/spor/futbol-biletleri/serie-a/torino HTTP/1.1" 200 96533
202.8.41.3 - - [16/Feb/2025:00:56:22 +0100] "GET /ticket2/opencms/system/modules/com.gridnine.opencms.ticketbrokerage.site/resources/css/standard.css HTTP/1.1" 200 73904
202.8.41.3 - - [16/Feb/2025:00:56:22 +0100] "GET /ticket2/opencms/system/modules/com.gridnine.opencms.ticketbrokerage.site/resources/css/jquery-ui.css HTTP/1.1" 200 33221
202.8.41.3 - - [16/Feb/2025:00:56:22 +0100] "GET /ticket2/opencms/system/modules/com.gridnine.opencms.ticketbrokerage.site/resources/css/ticketbrokerage.css HTTP/1.1" 200 39339
202.8.41.3 - - [16/Feb/2025:00:56:22 +0100] "GET /ticket2/opencms/system/modules/com.gridnine.opencms.ticketbrokerage.site/resources/css/calendar.css HTTP/1.1" 200 6871
202.8.41.3 - - [16/Feb/2025:00:56:22 +0100] "GET /ticket2/opencms/system/modules/com.gridnine.opencms.ticketbrokerage.site/resources/css/jquery.fancybox.css HTTP/1.1" 200 4939
202.8.41.3 - - [16/Feb/2025:00:56:22 +0100] "GET /ticket2/opencms/system/modules/com.gridnine.opencms.ticketbrokerage.site/resources/js/jquery/jquery-ui.js HTTP/1.1" 200 228088
202.8.41.3 - - [16/Feb/2025:00:56:22 +0100] "GET /ticket2/opencms/system/modules/com.gridnine.opencms.ticketbrokerage.site/resources/js/jquery/jquery.js HTTP/1.1" 200 93868
202.8.41.3 - - [16/Feb/2025:00:56:22 +0100] "GET /ticket2/opencms/system/modules/com.gridnine.opencms.ticketbrokerage.site/resources/js/functions.js HTTP/1.1" 200 1583
202.8.41.3 - - [16/Feb/2025:00:56:22 +0100] "GET /ticket2/opencms/system/modules/com.gridnine.opencms.ticketbrokerage.site/resources/js/calendar.js HTTP/1.1" 200 49229
202.8.41.3 - - [16/Feb/2025:00:56:22 +0100] "GET /ticket2/opencms/system/modules/com.gridnine.opencms.ticketbrokerage.site/resources/js/calendar-en.js HTTP/1.1" 200 3338
202.8.41.3 - - [16/Feb/2025:00:56:22 +0100] "GET /ticket2/opencms/system/modules/com.gridnine.opencms.ticketbrokerage.site/resources/js/calendar-setup.js HTTP/1.1" 200 4923
202.8.41.3 - - [16/Feb/2025:00:56:22 +0100] "GET /ticket2/opencms/system/modules/com.gridnine.opencms.ticketbrokerage.site/resources/js/jquery.fancybox.pack.js HTTP/1.1" 200 23187
202.8.41.3 - - [16/Feb/2025:00:56:22 +0100] "GET /ticket2/opencms/system/modules/com.gridnine.opencms.ticketbrokerage.site/resources/js/stickyfill.min.js HTTP/1.1" 200 5672
202.8.41.3 - - [16/Feb/2025:00:56:22 +0100] "GET /ticket2/opencms/system/modules/com.gridnine.opencms.ticketbrokerage.site/resources/js/standard.js HTTP/1.1" 200 3983
202.8.41.3 - - [16/Feb/2025:00:56:22 +0100] "GET /ticket2/opencms/system/modules/com.gridnine.opencms.ticketbrokerage.site/resources/js/jquery.placeholder.min.js HTTP/1.1" 200 1737
202.8.41.3 - - [16/Feb/2025:00:56:22 +0100] "GET /ticket2/opencms/system/modules/com.gridnine.opencms.ticketbrokerage.site/resources/js/common-ajax.js HTTP/1.1" 200 20175
192.95.30.21 - - [16/Feb/2025:00:56:24 +0100] "GET /ticket2/opencms/fi/login/?edid=3B157B14-2ACC-30A7-0D5C-8313AB0A1A32 HTTP/1.1" 200 91939
54.84.102.81 - - [16/Feb/2025:00:56:25 +0100] "GET /ticket2/opencms/sv/buy?edid=FDE2CB1B-737B-857F-7431-BD450E7D3BBB&page=1 HTTP/1.1" 200 134528
54.36.148.231 - - [16/Feb/2025:00:56:25 +0100] "GET /ticket2/opencms/et/buy?page=1&edid=DCF22239-47F2-2282-C13B-85FCE1D7C913 HTTP/1.1" 200 136138
154.54.249.216 - - [16/Feb/2025:00:56:26 +0100] "GET /ticket2/opencms/mt/buy?page=1&edid=C019DBB8-FF11-8C7C-90B0-E1EB2510B252 HTTP/1.1" 200 112141
20.171.207.223 - - [16/Feb/2025:00:56:26 +0100] "GET /ticket2/opencms/set_aff_cookie.jsp?partner=57601924-FB09-5BB2-867F-08B4EB522BA8&url=%252Ffi%252Fbuy%252Findex.html%253Fpage%253D1%2526edid%253D5A67179D-C7BD-4086-88F3-90FE704053E2%2526hlv%253D60cb5baf-c16c-4403-9f3d-3ef70a01000f%2523v_811614656 HTTP/1.1" 200 246
52.167.144.191 - - [16/Feb/2025:00:56:27 +0100] "GET /ticket2/opencms/en/venue/?venueid=7A51379D-1CA0-D73B-5888-0B55E190FE2B HTTP/1.1" 200 85348
18.205.213.231 - - [16/Feb/2025:00:56:28 +0100] "GET /ticket2/opencms/sv/magazine/article?title=arsenal-narmar-sig-liverpool HTTP/1.1" 200 92747
20.171.207.223 - - [16/Feb/2025:00:56:28 +0100] "GET /ticket2/opencms/set_aff_cookie.jsp?partner=6F250EA7-4505-FA01-D601-8847F2573405&url=%252Fdk%252Fbuy%252Findex.html%253Fpage%253D1%2526edid%253DCA3FABDD-43B5-8DDC-6DAC-2917B68B145E%2526hlv%253D60f2a22b-0e80-4efa-87e0-3a1b0a01000f%2523v_1687602333 HTTP/1.1" 200 247
20.171.207.223 - - [16/Feb/2025:00:56:29 +0100] "GET /ticket2/opencms/set_aff_cookie.jsp?partner=692E2C6A-EC6F-1C93-AFCC-C5ACC23A93EA&url=%252Fru%252Fbuy%252Findex.html%253Fpage%253D1%2526edid%253DEE754F77-A2A4-E1E4-8A97-96B4BE735D0A%2526hlv%253D610bd00a-58b8-4f26-a5b2-16270a01000f%2523v_1564131051 HTTP/1.1" 200 247
54.36.148.161 - - [16/Feb/2025:00:56:29 +0100] "GET /ticket2/opencms/bs/buy?page=1&edid=4EF4CC9A-B0ED-46BC-F297-21E10A9EA6B6 HTTP/1.1" 200 111556
94.74.91.39 - - [16/Feb/2025:00:56:29 +0100] "GET /ticket2/opencms/az/buy?page=1&edid=875E6B51-C91B-C46E-A4FB-B3662BA0A6E8 HTTP/1.1" 200 111791
20.171.207.223 - - [16/Feb/2025:00:56:30 +0100] "GET /ticket2/opencms/set_aff_cookie.jsp?partner=57601924-FB09-5BB2-867F-08B4EB522BA8&url=%252Fdk%252Fbuy%252Findex.html%253Fpage%253D1%2526edid%253D1262C5E9-4459-6D63-F273-010CB7E37FF2%2526hlv%253D60ca12fc-aa5c-4695-8279-369c0a01000f%2523v_1850425697 HTTP/1.1" 200 247
3.209.174.110 - - [16/Feb/2025:00:56:32 +0100] "GET /ticket2/opencms/sv/magazine/article?title=en-dramatisk-match-mellan-tottenham-och-chelsea HTTP/1.1" 200 94270
20.171.207.223 - - [16/Feb/2025:00:56:33 +0100] "GET /ticket2/opencms/set_aff_cookie.jsp?partner=692E2C6A-EC6F-1C93-AFCC-C5ACC23A93EA&url=%252Fnl%252Fbuy%252Findex.html%253Fpage%253D1%2526edid%253D89FE7505-90F7-E10A-4E29-615C9B572E94%2526hlv%253D60c9eae8-1510-4349-a04e-27350a01000f%2523v_934011761 HTTP/1.1" 200 246
20.171.207.223 - - [16/Feb/2025:00:56:34 +0100] "GET /ticket2/opencms/set_aff_cookie.jsp?partner=692E2C6A-EC6F-1C93-AFCC-C5ACC23A93EA&url=%252Fdk%252Fbuy%252Findex.html%253Fpage%253D1%2526edid%253DD0F0F7E2-8CA6-3872-417B-8D315F8C2652%2526hlv%253D60f84af4-bcd4-4d81-95ab-6e190a01000f%2523v_1251798815 HTTP/1.1" 200 247
