66.220.149.15 - - [16/Feb/2025:00:45:06 +0100] "GET /ticket2/opencms/en/buy/?page=1&edid=74E49DAD-D5D9-E384-43C3-EB5A046F4603 HTTP/1.1" 200 106788
54.36.148.158 - - [16/Feb/2025:00:45:06 +0100] "GET /ticket2/opencms/is/buy?page=1&edid=BE18676F-AB94-E65E-A849-408190E75353 HTTP/1.1" 200 117769
20.171.207.223 - - [16/Feb/2025:00:45:06 +0100] "GET /ticket2/opencms/set_aff_cookie.jsp?partner=5E0CDF29-E7BE-9F6B-6869-7BF66B04006F&url=%252Fdk%252Fbuy%252Findex.html%253Fpage%253D1%2526edid%253D30B90E18-08FF-50F0-57E7-09B58974F8E4%2526hlv%253D614ed525-8edc-420a-95cf-7ae60a01000f%2523v_782796857 HTTP/1.1" 200 246
202.8.43.199 - - [16/Feb/2025:00:45:07 +0100] "GET /ticket2/opencms/system/modules/com.gridnine.opencms.ticketbrokerage.site/resources/css/calendar.css HTTP/1.1" 200 6871
202.8.43.199 - - [16/Feb/2025:00:45:07 +0100] "GET /ticket2/opencms/system/modules/com.gridnine.opencms.ticketbrokerage.site/resources/css/ticketbrokerage.css HTTP/1.1" 200 39339
202.8.43.199 - - [16/Feb/2025:00:45:07 +0100] "GET /ticket2/opencms/system/modules/com.gridnine.opencms.ticketbrokerage.site/resources/css/standard.css HTTP/1.1" 200 73904
202.8.43.199 - - [16/Feb/2025:00:45:07 +0100] "GET /ticket2/opencms/system/modules/com.gridnine.opencms.ticketbrokerage.site/resources/css/jquery.fancybox.css HTTP/1.1" 200 4939
202.8.43.199 - - [16/Feb/2025:00:45:07 +0100] "GET /ticket2/opencms/system/modules/com.gridnine.opencms.ticketbrokerage.site/resources/css/jquery-ui.css HTTP/1.1" 200 33221
202.8.43.199 - - [16/Feb/2025:00:45:07 +0100] "GET /ticket2/opencms/system/modules/com.gridnine.opencms.ticketbrokerage.site/resources/js/jquery/jquery.js HTTP/1.1" 200 93868
202.8.43.199 - - [16/Feb/2025:00:45:07 +0100] "GET /ticket2/opencms/system/modules/com.gridnine.opencms.ticketbrokerage.site/resources/js/jquery/jquery-ui.js HTTP/1.1" 200 228088
202.8.43.199 - - [16/Feb/2025:00:45:07 +0100] "GET /ticket2/opencms/system/modules/com.gridnine.opencms.ticketbrokerage.site/resources/js/functions.js HTTP/1.1" 200 1583
202.8.43.199 - - [16/Feb/2025:00:45:07 +0100] "GET /ticket2/opencms/system/modules/com.gridnine.opencms.ticketbrokerage.site/resources/js/calendar.js HTTP/1.1" 200 49229
202.8.43.199 - - [16/Feb/2025:00:45:07 +0100] "GET /ticket2/opencms/system/modules/com.gridnine.opencms.ticketbrokerage.site/resources/js/calendar-setup.js HTTP/1.1" 200 4923
202.8.43.199 - - [16/Feb/2025:00:45:07 +0100] "GET /ticket2/opencms/system/modules/com.gridnine.opencms.ticketbrokerage.site/resources/js/calendar-en.js HTTP/1.1" 200 3338
20.171.207.223 - - [16/Feb/2025:00:45:07 +0100] "GET /ticket2/opencms/set_aff_cookie.jsp?partner=8F6DE15D-D831-5787-AE7E-FEFF53476F85&url=%252Fen%252Fbuy%252Findex.html%253Fpage%253D1%2526edid%253D681ED521-EBC9-E1AB-D0B9-DB2B7375D564%2526hlv%253D60f81639-a168-4b0f-bcc8-5b6e0a01000f%2523v_1324522377 HTTP/1.1" 200 247
202.8.43.199 - - [16/Feb/2025:00:45:07 +0100] "GET /ticket2/opencms/system/modules/com.gridnine.opencms.ticketbrokerage.site/resources/js/jquery.fancybox.pack.js HTTP/1.1" 200 23187
202.8.43.199 - - [16/Feb/2025:00:45:07 +0100] "GET /ticket2/opencms/system/modules/com.gridnine.opencms.ticketbrokerage.site/resources/js/stickyfill.min.js HTTP/1.1" 200 5672
202.8.43.199 - - [16/Feb/2025:00:45:07 +0100] "GET /ticket2/opencms/system/modules/com.gridnine.opencms.ticketbrokerage.site/resources/js/standard.js HTTP/1.1" 200 3983
202.8.43.199 - - [16/Feb/2025:00:45:07 +0100] "GET /ticket2/opencms/system/modules/com.gridnine.opencms.ticketbrokerage.site/resources/js/jquery.placeholder.min.js HTTP/1.1" 200 1737
202.8.43.199 - - [16/Feb/2025:00:45:07 +0100] "GET /ticket2/opencms/system/modules/com.gridnine.opencms.ticketbrokerage.site/resources/js/common-ajax.js HTTP/1.1" 200 20175
202.8.43.199 - - [16/Feb/2025:00:45:07 +0100] "GET /ticket2/opencms/is/ask-form.html HTTP/1.1" 200 3156
54.36.148.115 - - [16/Feb/2025:00:45:08 +0100] "GET /ticket2/opencms/en/venue/?countryid=E83385F7-FB78-F065-4683-FDC212CE9BC4 HTTP/1.1" 200 114714
202.8.43.199 - - [16/Feb/2025:00:45:08 +0100] "GET /ticket2/opencms/system/modules/com.gridnine.opencms.ticketbrokerage.site/resources/css/ticketbrokerage.css HTTP/1.1" 200 39339
20.171.207.223 - - [16/Feb/2025:00:45:08 +0100] "GET /ticket2/opencms/set_aff_cookie.jsp?partner=5E0CDF29-E7BE-9F6B-6869-7BF66B04006F&url=%252Fru%252Fbuy%252Findex.html%253Fpage%253D1%2526edid%253D2DEDC008-A8E2-8338-9113-89CEDCB5E81A%2526hlv%253D60ca0e88-acdc-45dd-ad8d-36360a01000f%2523v_2064714356 HTTP/1.1" 200 247
52.204.253.129 - - [16/Feb/2025:00:45:09 +0100] "GET /ticket2/opencms/sv/buy/?catid=21C3854B-901E-11F9-7B7D-6838CC6AFAA4&comcatid=A17713B6-D984-201A-4143-ED4DB5ED5C2E&eventid=6FF9EBE1-05EE-AA1E-A54F-A9D14CF13922&page=6 HTTP/1.1" 200 111816
20.171.207.223 - - [16/Feb/2025:00:45:09 +0100] "GET /ticket2/opencms/set_aff_cookie.jsp?partner=6F250EA7-4505-FA01-D601-8847F2573405&url=%252Fru%252Fbuy%252Findex.html%253Fpage%253D1%2526edid%253D3AB0283C-6FA7-DBBB-1BBE-6183E113EB0D%2526hlv%253D61127729-0bac-4995-83a8-2bc20a01000f%2523v_2064786267 HTTP/1.1" 200 247
216.244.66.238 - - [16/Feb/2025:00:45:11 +0100] "GET /ticket2/opencms/el/buy?page=1&edid=5B084124-1B39-B0D9-A070-4BAE77607F30 HTTP/1.1" 200 115601
34.206.193.60 - - [16/Feb/2025:00:45:12 +0100] "GET /ticket2/opencms/sv/buy/?catid=21C3854B-901E-11F9-7B7D-6838CC6AFAA4&comcatid=A17713B6-D984-201A-4143-ED4DB5ED5C2E&eventid=ADB4BA94-4A6D-0826-5992-F7DEA47BAAA3&page=6 HTTP/1.1" 200 111702
192.95.30.21 - - [16/Feb/2025:00:45:12 +0100] "GET /ticket2/opencms/en/login/?edid=D016D4C9-E48F-B368-F9D5-6E105A81A789 HTTP/1.1" 200 90108
54.36.148.67 - - [16/Feb/2025:00:45:13 +0100] "GET /ticket2/opencms/it/buy?page=1&edid=25BCE2B5-FEB0-D1CE-DC66-CF0DE0ECFD52 HTTP/1.1" 200 90156
69.171.249.4 - - [16/Feb/2025:00:45:14 +0100] "GET /ticket2/opencms/cs/buy?page=1&edid=BC5D7CD2-EB5B-8786-D71A-5AE6232D27A7 HTTP/1.1" 200 111949
20.171.207.223 - - [16/Feb/2025:00:45:16 +0100] "GET /ticket2/opencms/set_aff_cookie.jsp?partner=57601924-FB09-5BB2-867F-08B4EB522BA8&url=%252Fno%252Fbuy%252Findex.html%253Fpage%253D1%2526edid%253DB7707C87-5D00-4D75-75FA-01216FD172D2%2526hlv%253D61151780-9c60-4452-ad9d-7eaa0a01000f%2523v_915558978 HTTP/1.1" 200 246
3.210.29.96 - - [16/Feb/2025:00:45:16 +0100] "GET /ticket2/opencms/sv/buy/?catid=21C3854B-901E-11F9-7B7D-6838CC6AFAA4&comcatid=A17713B6-D984-201A-4143-ED4DB5ED5C2E&eventid=B1E27EAD-2DAB-B132-68A0-815602472CC3&page=6 HTTP/1.1" 200 112470
192.95.30.21 - - [16/Feb/2025:00:45:17 +0100] "GET /ticket2/opencms/en/login/?edid=D794FAB8-B9EC-5EF3-86BF-E61555A7E1A8 HTTP/1.1" 200 90050
159.138.146.54 - - [16/Feb/2025:00:45:19 +0100] "GET /ticket2/opencms/az/buy?page=1&edid=DEE73208-EB40-A3DF-0C53-8B9522111007 HTTP/1.1" 200 109035
3.94.199.128 - - [16/Feb/2025:00:45:20 +0100] "GET /ticket2/opencms/sv/buy/?catid=21C3854B-901E-11F9-7B7D-6838CC6AFAA4&comcatid=A17713B6-D984-201A-4143-ED4DB5ED5C2E&eventid=D0B62F92-773A-01D8-AF39-BADE4098B080&page=6 HTTP/1.1" 200 112502
54.36.148.233 - - [16/Feb/2025:00:45:21 +0100] "GET /ticket2/opencms/ga/buy?page=1&edid=BE18676F-AB94-E65E-A849-408190E75353 HTTP/1.1" 200 118252
202.8.41.17 - - [16/Feb/2025:00:45:22 +0100] "GET /ticket2/opencms/system/modules/com.gridnine.opencms.ticketbrokerage.site/resources/css/calendar.css HTTP/1.1" 200 6871
202.8.41.17 - - [16/Feb/2025:00:45:22 +0100] "GET /ticket2/opencms/system/modules/com.gridnine.opencms.ticketbrokerage.site/resources/css/ticketbrokerage.css HTTP/1.1" 200 39339
202.8.41.17 - - [16/Feb/2025:00:45:22 +0100] "GET /ticket2/opencms/system/modules/com.gridnine.opencms.ticketbrokerage.site/resources/css/jquery-ui.css HTTP/1.1" 200 33221
202.8.41.17 - - [16/Feb/2025:00:45:22 +0100] "GET /ticket2/opencms/system/modules/com.gridnine.opencms.ticketbrokerage.site/resources/css/standard.css HTTP/1.1" 200 73904
202.8.41.17 - - [16/Feb/2025:00:45:22 +0100] "GET /ticket2/opencms/system/modules/com.gridnine.opencms.ticketbrokerage.site/resources/css/jquery.fancybox.css HTTP/1.1" 200 4939
202.8.41.17 - - [16/Feb/2025:00:45:22 +0100] "GET /ticket2/opencms/system/modules/com.gridnine.opencms.ticketbrokerage.site/resources/js/jquery/jquery.js HTTP/1.1" 200 93868
202.8.41.17 - - [16/Feb/2025:00:45:22 +0100] "GET /ticket2/opencms/system/modules/com.gridnine.opencms.ticketbrokerage.site/resources/js/jquery/jquery-ui.js HTTP/1.1" 200 228088
202.8.41.17 - - [16/Feb/2025:00:45:22 +0100] "GET /ticket2/opencms/system/modules/com.gridnine.opencms.ticketbrokerage.site/resources/js/functions.js HTTP/1.1" 200 1583
202.8.41.17 - - [16/Feb/2025:00:45:22 +0100] "GET /ticket2/opencms/system/modules/com.gridnine.opencms.ticketbrokerage.site/resources/js/calendar.js HTTP/1.1" 200 49229
202.8.41.17 - - [16/Feb/2025:00:45:22 +0100] "GET /ticket2/opencms/system/modules/com.gridnine.opencms.ticketbrokerage.site/resources/js/calendar-en.js HTTP/1.1" 200 3338
202.8.41.17 - - [16/Feb/2025:00:45:22 +0100] "GET /ticket2/opencms/system/modules/com.gridnine.opencms.ticketbrokerage.site/resources/js/calendar-setup.js HTTP/1.1" 200 4923
202.8.41.17 - - [16/Feb/2025:00:45:22 +0100] "GET /ticket2/opencms/system/modules/com.gridnine.opencms.ticketbrokerage.site/resources/js/jquery.fancybox.pack.js HTTP/1.1" 200 23187
202.8.41.17 - - [16/Feb/2025:00:45:22 +0100] "GET /ticket2/opencms/system/modules/com.gridnine.opencms.ticketbrokerage.site/resources/js/stickyfill.min.js HTTP/1.1" 200 5672
202.8.41.17 - - [16/Feb/2025:00:45:22 +0100] "GET /ticket2/opencms/system/modules/com.gridnine.opencms.ticketbrokerage.site/resources/js/standard.js HTTP/1.1" 200 3983
202.8.41.17 - - [16/Feb/2025:00:45:22 +0100] "GET /ticket2/opencms/system/modules/com.gridnine.opencms.ticketbrokerage.site/resources/js/jquery.placeholder.min.js HTTP/1.1" 200 1737
202.8.41.17 - - [16/Feb/2025:00:45:22 +0100] "GET /ticket2/opencms/system/modules/com.gridnine.opencms.ticketbrokerage.site/resources/js/common-ajax.js HTTP/1.1" 200 20175
202.8.41.17 - - [16/Feb/2025:00:45:22 +0100] "GET /ticket2/opencms/ga/ask-form.html HTTP/1.1" 200 3156
20.171.207.223 - - [16/Feb/2025:00:45:22 +0100] "GET /ticket2/opencms/set_aff_cookie.jsp?partner=2E02071B-A8C3-4CBA-3097-C27D61C02ED8&url=%252Fsv%252Fbuy%252Findex.html%253Fpage%253D1%2526edid%253D0C5C9043-4446-42CC-4F8E-C746AC0B1F53%2526hlv%253D60c9e695-e0d4-4861-9e43-25530a01000f%2523v_1090482689 HTTP/1.1" 200 247
202.8.41.17 - - [16/Feb/2025:00:45:23 +0100] "GET /ticket2/opencms/system/modules/com.gridnine.opencms.ticketbrokerage.site/resources/css/ticketbrokerage.css HTTP/1.1" 200 39339
192.95.30.21 - - [16/Feb/2025:00:45:23 +0100] "GET /ticket2/opencms/en/login/?edid=DBAFD05C-928A-8ED7-774B-7E320D4BC50F HTTP/1.1" 200 90077
216.244.66.238 - - [16/Feb/2025:00:45:23 +0100] "GET /ticket2/opencms/mo/buy?page=1&edid=5B084124-1B39-B0D9-A070-4BAE77607F30 HTTP/1.1" 200 111913
20.171.207.223 - - [16/Feb/2025:00:45:23 +0100] "GET /ticket2/opencms/set_aff_cookie.jsp?partner=8F6DE15D-D831-5787-AE7E-FEFF53476F85&url=%252Fen%252Fbuy%252Findex.html%253Fpage%253D1%2526edid%253D7911312C-1225-8A9E-7A3D-35D79ED30B2F%2526hlv%253D61126f1f-9b2c-44e4-b006-290b0a01000f%2523v_2114024093 HTTP/1.1" 200 247
20.171.207.223 - - [16/Feb/2025:00:45:24 +0100] "GET /ticket2/opencms/set_aff_cookie.jsp?partner=6F250EA7-4505-FA01-D601-8847F2573405&url=%252Ffi%252Fbuy%252Findex.html%253Fpage%253D1%2526edid%253DC168AC79-9AE4-687F-692F-70BDD7169AA1%2526hlv%253D60f81759-a14c-4b59-bf2e-5d8b0a01000f%2523v_307652301 HTTP/1.1" 200 246
44.223.116.149 - - [16/Feb/2025:00:45:24 +0100] "GET /ticket2/opencms/sv/buy/?catid=24AC1CA6-1C09-0BE5-C04A-9DCCDB15D5E9&comcatid=A17713B6-D984-201A-4143-ED4DB5ED5C2E&page=6 HTTP/1.1" 200 103555
20.171.207.223 - - [16/Feb/2025:00:45:25 +0100] "GET /ticket2/opencms/set_aff_cookie.jsp?partner=2E02071B-A8C3-4CBA-3097-C27D61C02ED8&url=%252Fnl%252Fbuy%252Findex.html%253Fpage%253D1%2526edid%253DB77ADEB5-E693-DB5B-6404-78A71074DE2E%2526hlv%253D61151f4b-f1ac-4424-acba-05810a01000f%2523v_2107665924 HTTP/1.1" 200 247
124.31.104.42 - - [16/Feb/2025:00:45:27 +0100] "GET /ticket2/opencms/sites/favicon.ico HTTP/1.1" 404 -
20.171.207.223 - - [16/Feb/2025:00:45:28 +0100] "GET /ticket2/opencms/set_aff_cookie.jsp?partner=2E02071B-A8C3-4CBA-3097-C27D61C02ED8&url=%252Fsv%252Fbuy%252Findex.html%253Fpage%253D1%2526edid%253DAF08B390-E782-E554-9DC4-352B70E8A682%2526hlv%253D60f84702-0328-46aa-886c-6ec40a01000f%2523v_1197820667 HTTP/1.1" 200 247
192.95.30.21 - - [16/Feb/2025:00:45:28 +0100] "GET /ticket2/opencms/en/login/?edid=DF831646-EB81-8030-C88A-E153CD46EDDF HTTP/1.1" 200 90154
52.70.123.241 - - [16/Feb/2025:00:45:28 +0100] "GET /ticket2/opencms/sv/buy/?catid=2DE12DDA-A5FB-C1C6-CB20-FBF873FB032B&comcatid=A17713B6-D984-201A-4143-ED4DB5ED5C2E&page=6 HTTP/1.1" 200 103518
20.171.207.223 - - [16/Feb/2025:00:45:29 +0100] "GET /ticket2/opencms/set_aff_cookie.jsp?partner=5E0CDF29-E7BE-9F6B-6869-7BF66B04006F&url=%252Fsv%252Fbuy%252Findex.html%253Fpage%253D1%2526edid%253D8CF6788D-AB36-8397-1F86-FEE4FE6FC147%2526hlv%253D60ca1310-4b70-425e-92fa-369c0a01000f%2523v_465632383 HTTP/1.1" 200 246
54.36.148.86 - - [16/Feb/2025:00:45:30 +0100] "GET /ticket2/opencms/el/buy?page=1&edid=D4F26649-49E7-D9AD-008F-6A1EF16B5F3C HTTP/1.1" 200 131048
20.171.207.223 - - [16/Feb/2025:00:45:30 +0100] "GET /ticket2/opencms/set_aff_cookie.jsp?partner=2E02071B-A8C3-4CBA-3097-C27D61C02ED8&url=%252Fnl%252Fbuy%252Findex.html%253Fpage%253D1%2526edid%253D8639D4E1-C0DC-DB58-D9B0-F439F1BE39EE%2526hlv%253D60f84462-78f8-407c-8d2d-6c480a01000f%2523v_827144520 HTTP/1.1" 200 246
20.171.207.223 - - [16/Feb/2025:00:45:31 +0100] "GET /ticket2/opencms/set_aff_cookie.jsp?partner=5E0CDF29-E7BE-9F6B-6869-7BF66B04006F&url=%252Fen%252Fbuy%252Findex.html%253Fpage%253D1%2526edid%253D73A0CE9A-5EBB-FE53-CE06-D8F253C63B51%2526hlv%253D611bd36c-ef40-48e4-8921-57120a01000f%2523v_379934935 HTTP/1.1" 200 246
20.171.207.223 - - [16/Feb/2025:00:45:32 +0100] "GET /ticket2/opencms/set_aff_cookie.jsp?partner=2E02071B-A8C3-4CBA-3097-C27D61C02ED8&url=%252Fsv%252Fbuy%252Findex.html%253Fpage%253D1%2526edid%253DD4B1E319-6F48-1B90-FA7F-FABAA1246B5E%2526hlv%253D610bcb94-6d60-49b3-8d19-12a00a01000f%2523v_1534536967 HTTP/1.1" 200 247
40.77.167.42 - - [16/Feb/2025:00:45:33 +0100] "GET /ticket2/opencms/mo/buy/?page=1&edid=2504116F-9B00-F8B9-A7E6-66686A6BE7BB HTTP/1.1" 200 108603
184.72.84.154 - - [16/Feb/2025:00:45:33 +0100] "GET /ticket2/opencms/sv/buy/?catid=2FC3D548-EAF9-1354-0CD2-7D7619DA2334&comcatid=A17713B6-D984-201A-4143-ED4DB5ED5C2E&page=6 HTTP/1.1" 200 103507
216.244.66.238 - - [16/Feb/2025:00:45:33 +0100] "GET /ticket2/opencms/is/buy?comcatid=A17713B6-D984-201A-4143-ED4DB5ED5C2E&catid=7CF2D645-F785-0CBB-1B7C-C4711617EAAD HTTP/1.1" 200 103829
192.95.30.21 - - [16/Feb/2025:00:45:34 +0100] "GET /ticket2/opencms/en/login/?edid=E11E1E12-66BC-E0C5-F313-3E777C16F760 HTTP/1.1" 200 90027
3.226.34.98 - - [16/Feb/2025:00:45:36 +0100] "GET /ticket2/opencms/sv/buy/?catid=3A7AEA37-903D-9533-4B33-21B0001FF1D1&comcatid=A17713B6-D984-201A-4143-ED4DB5ED5C2E&page=6 HTTP/1.1" 200 103625
192.95.30.21 - - [16/Feb/2025:00:45:38 +0100] "GET /ticket2/opencms/en/login/?edid=E2845F06-FDE0-71B7-3B61-BE85353CD715 HTTP/1.1" 200 90041
54.36.148.255 - - [16/Feb/2025:00:45:38 +0100] "GET /ticket2/opencms/tr/buy?page=1&edid=D4F26649-49E7-D9AD-008F-6A1EF16B5F3C HTTP/1.1" 200 90594
20.171.207.223 - - [16/Feb/2025:00:45:39 +0100] "GET /ticket2/opencms/set_aff_cookie.jsp?partner=57601924-FB09-5BB2-867F-08B4EB522BA8&url=%252Fno%252Fbuy%252Findex.html%253Fpage%253D1%2526edid%253D09EE96B0-CD8C-CFD6-7FFB-CA08AF021FC9%2526hlv%253D60c9e0e3-2f5c-4b21-88eb-228f0a01000f%2523v_763322611 HTTP/1.1" 200 246
221.207.35.25 - - [16/Feb/2025:00:45:40 +0100] "GET /ticket2/opencms/sites/favicon.png HTTP/1.1" 404 -
18.215.24.66 - - [16/Feb/2025:00:45:40 +0100] "GET /ticket2/opencms/sv/buy/?catid=42C82D82-D02A-8562-E55C-48ADB3771882&comcatid=A17713B6-D984-201A-4143-ED4DB5ED5C2E&page=6 HTTP/1.1" 200 103533
216.244.66.238 - - [16/Feb/2025:00:45:41 +0100] "GET /ticket2/opencms/lt/buy?comcatid=A17713B6-D984-201A-4143-ED4DB5ED5C2E&catid=7CF2D645-F785-0CBB-1B7C-C4711617EAAD HTTP/1.1" 200 103991
192.95.30.21 - - [16/Feb/2025:00:45:43 +0100] "GET /ticket2/opencms/en/login/?edid=E29FE338-9634-305B-C33B-0C1BF0DF939B HTTP/1.1" 200 90237
3.93.211.16 - - [16/Feb/2025:00:45:44 +0100] "GET /ticket2/opencms/sv/buy/?catid=4B941E1B-E4E2-C53E-C693-9FA91BBA9AD5&comcatid=A17713B6-D984-201A-4143-ED4DB5ED5C2E&page=6 HTTP/1.1" 200 103447
20.171.207.223 - - [16/Feb/2025:00:45:46 +0100] "GET /ticket2/opencms/set_aff_cookie.jsp?partner=2E02071B-A8C3-4CBA-3097-C27D61C02ED8&url=%252Fsv%252Fbuy%252Findex.html%253Fpage%253D1%2526edid%253DB2C09047-47EF-D3CC-C470-1A1DFD8204C6%2526hlv%253D6140e36b-0974-48a2-9f4d-79710a01000f%2523v_2046079705 HTTP/1.1" 200 247
20.171.207.223 - - [16/Feb/2025:00:45:46 +0100] "GET /ticket2/opencms/set_aff_cookie.jsp?partner=692E2C6A-EC6F-1C93-AFCC-C5ACC23A93EA&url=%252Fnl%252Fbuy%252Findex.html%253Fpage%253D1%2526edid%253D590EDDB9-B981-09D2-E0FC-F6E1B491368A%2526hlv%253D60ca0b1d-b098-4efb-96f0-36280a01000f%2523v_1806125049 HTTP/1.1" 200 247
54.36.148.58 - - [16/Feb/2025:00:45:47 +0100] "GET /ticket2/opencms/no/buy?page=1&edid=4EF4CC9A-B0ED-46BC-F297-21E10A9EA6B6 HTTP/1.1" 200 111159
20.171.207.223 - - [16/Feb/2025:00:45:48 +0100] "GET /ticket2/opencms/set_aff_cookie.jsp?partner=8F6DE15D-D831-5787-AE7E-FEFF53476F85&url=%252Ffi%252Fbuy%252Findex.html%253Fpage%253D1%2526edid%253D7BDF5FBF-D958-27AA-DC3E-12B0666E0820%2526hlv%253D611271be-20d8-4075-9a48-2a270a01000f%2523v_350290479 HTTP/1.1" 200 246
192.95.30.21 - - [16/Feb/2025:00:45:48 +0100] "GET /ticket2/opencms/en/login/?edid=E2B87A9F-20A8-A105-0E95-1BBBA833D41E HTTP/1.1" 200 90060
52.200.251.20 - - [16/Feb/2025:00:45:48 +0100] "GET /ticket2/opencms/sv/buy/?catid=515A9A29-35A0-2DB8-262B-AEF122DB04F6&comcatid=A17713B6-D984-201A-4143-ED4DB5ED5C2E&page=6 HTTP/1.1" 200 103569
216.244.66.238 - - [16/Feb/2025:00:45:49 +0100] "GET /ticket2/opencms/ro/buy?page=1&edid=50D03A91-2C90-0F49-50BF-C1930E7BCF1D HTTP/1.1" 200 112799
20.171.207.223 - - [16/Feb/2025:00:45:49 +0100] "GET /ticket2/opencms/set_aff_cookie.jsp?partner=692E2C6A-EC6F-1C93-AFCC-C5ACC23A93EA&url=%252Fnl%252Fbuy%252Findex.html%253Fpage%253D1%2526edid%253D81CB16E1-41EB-DE22-295B-27386E73C454%2526hlv%253D60f80c88-4514-4ad5-a202-587e0a01000f%2523v_1728762209 HTTP/1.1" 200 247
20.171.207.223 - - [16/Feb/2025:00:45:51 +0100] "GET /ticket2/opencms/set_aff_cookie.jsp?partner=5E0CDF29-E7BE-9F6B-6869-7BF66B04006F&url=%252Ffi%252Fbuy%252Findex.html%253Fpage%253D1%2526edid%253D4457AAA5-B79C-4CFF-795B-48A1890E4376%2526hlv%253D6145d3d4-28c4-4e8d-a5a9-6b830a01000f%2523v_826030012 HTTP/1.1" 200 246
107.22.208.39 - - [16/Feb/2025:00:45:52 +0100] "GET /ticket2/opencms/sv/buy/?catid=5A89E483-58AD-080E-F363-E16CE738916A&comcatid=A17713B6-D984-201A-4143-ED4DB5ED5C2E&page=6 HTTP/1.1" 200 103573
20.171.207.223 - - [16/Feb/2025:00:45:52 +0100] "GET /ticket2/opencms/set_aff_cookie.jsp?partner=6F250EA7-4505-FA01-D601-8847F2573405&url=%252Fnl%252Fbuy%252Findex.html%253Fpage%253D1%2526edid%253DFD59DED4-6E14-E085-382D-C3619CCA9FA8%2526hlv%253D611519b5-e184-46cd-86ea-7eaa0a01000f%2523v_1874437807 HTTP/1.1" 200 247
20.171.207.223 - - [16/Feb/2025:00:45:54 +0100] "GET /ticket2/opencms/set_aff_cookie.jsp?partner=6F250EA7-4505-FA01-D601-8847F2573405&url=%252Fnl%252Fbuy%252Findex.html%253Fpage%253D1%2526edid%253D4D091DAA-A6FD-9335-E2FA-E89697CE58C9%2526hlv%253D6145ccb9-b0e8-460b-b354-69130a01000f%2523v_1415691869 HTTP/1.1" 200 247
20.171.207.223 - - [16/Feb/2025:00:45:55 +0100] "GET /ticket2/opencms/set_aff_cookie.jsp?partner=6F250EA7-4505-FA01-D601-8847F2573405&url=%252Fdk%252Fbuy%252Findex.html%253Fpage%253D1%2526edid%253DCA0E7A1E-A629-4611-3AB5-C772FFC7B02B%2526hlv%253D611cd276-bfec-4626-a8a6-5e520a01000f%2523v_957790649 HTTP/1.1" 200 246
192.95.30.21 - - [16/Feb/2025:00:45:55 +0100] "GET /ticket2/opencms/en/login/?edid=E3540B9C-08EB-EAEF-8CDC-37EBFC3CF0A5 HTTP/1.1" 200 90081
52.54.15.103 - - [16/Feb/2025:00:45:57 +0100] "GET /ticket2/opencms/sv/buy/?catid=64756941-02D2-3538-2077-8C2508F4A3A8&comcatid=A17713B6-D984-201A-4143-ED4DB5ED5C2E&page=6 HTTP/1.1" 200 103525
54.36.148.101 - - [16/Feb/2025:00:45:57 +0100] "GET /ticket2/opencms/hr/buy?page=1&edid=BE18676F-AB94-E65E-A849-408190E75353 HTTP/1.1" 200 117749
101.44.68.112 - - [16/Feb/2025:00:45:58 +0100] "GET /ticket2/opencms/az/buy?page=1&edid=E3166D36-0533-1C67-661A-CD0D8BD7BA8C HTTP/1.1" 200 112233
202.8.42.55 - - [16/Feb/2025:00:45:58 +0100] "GET /ticket2/opencms/system/modules/com.gridnine.opencms.ticketbrokerage.site/resources/css/calendar.css HTTP/1.1" 200 6871
202.8.42.55 - - [16/Feb/2025:00:45:58 +0100] "GET /ticket2/opencms/system/modules/com.gridnine.opencms.ticketbrokerage.site/resources/css/jquery-ui.css HTTP/1.1" 200 33221
202.8.42.55 - - [16/Feb/2025:00:45:58 +0100] "GET /ticket2/opencms/system/modules/com.gridnine.opencms.ticketbrokerage.site/resources/css/standard.css HTTP/1.1" 200 73904
202.8.42.55 - - [16/Feb/2025:00:45:58 +0100] "GET /ticket2/opencms/system/modules/com.gridnine.opencms.ticketbrokerage.site/resources/css/ticketbrokerage.css HTTP/1.1" 200 39339
202.8.42.55 - - [16/Feb/2025:00:45:58 +0100] "GET /ticket2/opencms/system/modules/com.gridnine.opencms.ticketbrokerage.site/resources/css/jquery.fancybox.css HTTP/1.1" 200 4939
202.8.42.55 - - [16/Feb/2025:00:45:58 +0100] "GET /ticket2/opencms/system/modules/com.gridnine.opencms.ticketbrokerage.site/resources/js/jquery/jquery.js HTTP/1.1" 200 93868
202.8.42.55 - - [16/Feb/2025:00:45:58 +0100] "GET /ticket2/opencms/system/modules/com.gridnine.opencms.ticketbrokerage.site/resources/js/functions.js HTTP/1.1" 200 1583
202.8.42.55 - - [16/Feb/2025:00:45:58 +0100] "GET /ticket2/opencms/system/modules/com.gridnine.opencms.ticketbrokerage.site/resources/js/jquery/jquery-ui.js HTTP/1.1" 200 228088
202.8.42.55 - - [16/Feb/2025:00:45:59 +0100] "GET /ticket2/opencms/system/modules/com.gridnine.opencms.ticketbrokerage.site/resources/js/calendar-en.js HTTP/1.1" 200 3338
202.8.42.55 - - [16/Feb/2025:00:45:59 +0100] "GET /ticket2/opencms/system/modules/com.gridnine.opencms.ticketbrokerage.site/resources/js/calendar-setup.js HTTP/1.1" 200 4923
202.8.42.55 - - [16/Feb/2025:00:45:59 +0100] "GET /ticket2/opencms/system/modules/com.gridnine.opencms.ticketbrokerage.site/resources/js/calendar.js HTTP/1.1" 200 49229
202.8.42.55 - - [16/Feb/2025:00:45:59 +0100] "GET /ticket2/opencms/system/modules/com.gridnine.opencms.ticketbrokerage.site/resources/js/jquery.fancybox.pack.js HTTP/1.1" 200 23187
202.8.42.55 - - [16/Feb/2025:00:45:59 +0100] "GET /ticket2/opencms/system/modules/com.gridnine.opencms.ticketbrokerage.site/resources/js/standard.js HTTP/1.1" 200 3983
202.8.42.55 - - [16/Feb/2025:00:45:59 +0100] "GET /ticket2/opencms/system/modules/com.gridnine.opencms.ticketbrokerage.site/resources/js/stickyfill.min.js HTTP/1.1" 200 5672
202.8.42.55 - - [16/Feb/2025:00:45:59 +0100] "GET /ticket2/opencms/system/modules/com.gridnine.opencms.ticketbrokerage.site/resources/js/jquery.placeholder.min.js HTTP/1.1" 200 1737
202.8.42.55 - - [16/Feb/2025:00:45:59 +0100] "GET /ticket2/opencms/system/modules/com.gridnine.opencms.ticketbrokerage.site/resources/js/common-ajax.js HTTP/1.1" 200 20175
202.8.42.55 - - [16/Feb/2025:00:45:59 +0100] "GET /ticket2/opencms/hr/ask-form.html HTTP/1.1" 200 3156
202.8.42.55 - - [16/Feb/2025:00:45:59 +0100] "GET /ticket2/opencms/system/modules/com.gridnine.opencms.ticketbrokerage.site/resources/css/ticketbrokerage.css HTTP/1.1" 200 39339
192.95.30.21 - - [16/Feb/2025:00:45:59 +0100] "GET /ticket2/opencms/en/login/?edid=E6DD006B-DA82-4225-64E3-A73778D43494 HTTP/1.1" 200 90132
54.159.18.27 - - [16/Feb/2025:00:46:00 +0100] "GET /ticket2/opencms/sv/buy/?catid=6BD6E0B0-84AF-3A0D-3851-C1357CE9B771&comcatid=A17713B6-D984-201A-4143-ED4DB5ED5C2E&page=6 HTTP/1.1" 200 103593
20.171.207.223 - - [16/Feb/2025:00:46:02 +0100] "GET /ticket2/opencms/set_aff_cookie.jsp?partner=2E02071B-A8C3-4CBA-3097-C27D61C02ED8&url=%252Fru%252Fbuy%252Findex.html%253Fpage%253D1%2526edid%253DB6D0A9AB-69A7-9419-F7A9-AFE901370F8E%2526hlv%253D60f821f5-10b8-42a4-a5fb-5e5c0a01000f%2523v_133208372 HTTP/1.1" 200 246
44.221.105.234 - - [16/Feb/2025:00:46:04 +0100] "GET /ticket2/opencms/sv/buy/?catid=70B37487-FE30-D476-CAE7-E6AFEA3153F2&comcatid=A17713B6-D984-201A-4143-ED4DB5ED5C2E&page=6 HTTP/1.1" 200 103610
114.119.139.78 - - [16/Feb/2025:00:46:05 +0100] "GET /ticket2/opencms/en/buy/?page=1&edid=E9B7DED4-B9B3-1D5B-302C-EBD67027CF78 HTTP/1.1" 200 133289
54.36.148.91 - - [16/Feb/2025:00:46:07 +0100] "GET /ticket2/opencms/pl/sport/bilety-futbol/la-liga/getafe HTTP/1.1" 200 100327
202.8.42.235 - - [16/Feb/2025:00:46:08 +0100] "GET /ticket2/opencms/system/modules/com.gridnine.opencms.ticketbrokerage.site/resources/css/jquery-ui.css HTTP/1.1" 200 33221
202.8.42.235 - - [16/Feb/2025:00:46:08 +0100] "GET /ticket2/opencms/system/modules/com.gridnine.opencms.ticketbrokerage.site/resources/css/jquery.fancybox.css HTTP/1.1" 200 4939
202.8.42.235 - - [16/Feb/2025:00:46:08 +0100] "GET /ticket2/opencms/system/modules/com.gridnine.opencms.ticketbrokerage.site/resources/css/standard.css HTTP/1.1" 200 73904
202.8.42.235 - - [16/Feb/2025:00:46:08 +0100] "GET /ticket2/opencms/system/modules/com.gridnine.opencms.ticketbrokerage.site/resources/css/ticketbrokerage.css HTTP/1.1" 200 39339
202.8.42.235 - - [16/Feb/2025:00:46:08 +0100] "GET /ticket2/opencms/system/modules/com.gridnine.opencms.ticketbrokerage.site/resources/css/calendar.css HTTP/1.1" 200 6871
202.8.42.235 - - [16/Feb/2025:00:46:08 +0100] "GET /ticket2/opencms/system/modules/com.gridnine.opencms.ticketbrokerage.site/resources/js/jquery/jquery.js HTTP/1.1" 200 93868
202.8.42.235 - - [16/Feb/2025:00:46:08 +0100] "GET /ticket2/opencms/system/modules/com.gridnine.opencms.ticketbrokerage.site/resources/js/jquery/jquery-ui.js HTTP/1.1" 200 228088
202.8.42.235 - - [16/Feb/2025:00:46:08 +0100] "GET /ticket2/opencms/system/modules/com.gridnine.opencms.ticketbrokerage.site/resources/js/functions.js HTTP/1.1" 200 1583
202.8.42.235 - - [16/Feb/2025:00:46:08 +0100] "GET /ticket2/opencms/system/modules/com.gridnine.opencms.ticketbrokerage.site/resources/js/calendar.js HTTP/1.1" 200 49229
202.8.42.235 - - [16/Feb/2025:00:46:08 +0100] "GET /ticket2/opencms/system/modules/com.gridnine.opencms.ticketbrokerage.site/resources/js/calendar-setup.js HTTP/1.1" 200 4923
202.8.42.235 - - [16/Feb/2025:00:46:08 +0100] "GET /ticket2/opencms/system/modules/com.gridnine.opencms.ticketbrokerage.site/resources/js/calendar-en.js HTTP/1.1" 200 3338
202.8.42.235 - - [16/Feb/2025:00:46:08 +0100] "GET /ticket2/opencms/system/modules/com.gridnine.opencms.ticketbrokerage.site/resources/js/jquery.fancybox.pack.js HTTP/1.1" 200 23187
202.8.42.235 - - [16/Feb/2025:00:46:08 +0100] "GET /ticket2/opencms/system/modules/com.gridnine.opencms.ticketbrokerage.site/resources/js/stickyfill.min.js HTTP/1.1" 200 5672
202.8.42.235 - - [16/Feb/2025:00:46:08 +0100] "GET /ticket2/opencms/system/modules/com.gridnine.opencms.ticketbrokerage.site/resources/js/standard.js HTTP/1.1" 200 3983
20.171.207.223 - - [16/Feb/2025:00:46:08 +0100] "GET /ticket2/opencms/set_aff_cookie.jsp?partner=5E0CDF29-E7BE-9F6B-6869-7BF66B04006F&url=%252Fnl%252Fbuy%252Findex.html%253Fpage%253D1%2526edid%253DCF3BDDE8-6C6B-F85B-528C-11C48A316B2B%2526hlv%253D60d0e48b-e894-4fe1-82b2-40a20a01000f%2523v_552283398 HTTP/1.1" 200 246
202.8.42.235 - - [16/Feb/2025:00:46:08 +0100] "GET /ticket2/opencms/system/modules/com.gridnine.opencms.ticketbrokerage.site/resources/js/jquery.placeholder.min.js HTTP/1.1" 200 1737
202.8.42.235 - - [16/Feb/2025:00:46:08 +0100] "GET /ticket2/opencms/system/modules/com.gridnine.opencms.ticketbrokerage.site/resources/js/common-ajax.js HTTP/1.1" 200 20175
47.128.30.134 - - [16/Feb/2025:00:46:08 +0100] "GET /ticket2/opencms/ro/buy/?edid=ABE0D196-5A84-0064-2AAA-8BE846913E3B HTTP/1.1" 200 91762
100.27.153.9 - - [16/Feb/2025:00:46:08 +0100] "GET /ticket2/opencms/sv/buy/?catid=739BFC5D-78FA-6834-D764-6CE64CA5F9EC&comcatid=A17713B6-D984-201A-4143-ED4DB5ED5C2E&page=6 HTTP/1.1" 200 103582
20.171.207.223 - - [16/Feb/2025:00:46:09 +0100] "GET /ticket2/opencms/set_aff_cookie.jsp?partner=2E02071B-A8C3-4CBA-3097-C27D61C02ED8&url=%252Fen%252Fbuy%252Findex.html%253Fpage%253D1%2526edid%253D3549536B-5431-B4B9-9C70-24B661A63E68%2526hlv%253D6149ebb0-720c-4bae-979f-1ed80a01000f%2523v_1914615244 HTTP/1.1" 200 247
20.171.207.223 - - [16/Feb/2025:00:46:10 +0100] "GET /ticket2/opencms/set_aff_cookie.jsp?partner=57601924-FB09-5BB2-867F-08B4EB522BA8&url=%252Fru%252Fbuy%252Findex.html%253Fpage%253D1%2526edid%253DF6EBEC67-5E5A-83A2-DB24-7CE5AAD87CF4%2526hlv%253D60ca173a-bbb0-4543-a678-3b1b0a01000f%2523v_1965475536 HTTP/1.1" 200 247
40.77.167.21 - - [16/Feb/2025:00:46:11 +0100] "GET /ticket2/opencms/sl/buy/?page=1&edid=CE2D039C-F9B0-D889-98A0-A6CC7F5B1AAB HTTP/1.1" 200 111708
20.171.207.223 - - [16/Feb/2025:00:46:11 +0100] "GET /ticket2/opencms/set_aff_cookie.jsp?partner=2E02071B-A8C3-4CBA-3097-C27D61C02ED8&url=%252Fen%252Fbuy%252Findex.html%253Fpage%253D1%2526edid%253D28F0825C-19F9-7A9A-47A6-29D256059C0C%2526hlv%253D611cd235-8d74-477d-b3c6-5ec50a01000f%2523v_254349302 HTTP/1.1" 200 246
20.171.207.223 - - [16/Feb/2025:00:46:12 +0100] "GET /ticket2/opencms/set_aff_cookie.jsp?partner=6F250EA7-4505-FA01-D601-8847F2573405&url=%252Fen%252Fbuy%252Findex.html%253Fpage%253D1%2526edid%253D45CC6BB1-4A0B-C243-C5EE-01457B55C324%2526hlv%253D612b5882-f028-4ecc-8356-3ef00a01000f%2523v_937270095 HTTP/1.1" 200 246
107.22.208.39 - - [16/Feb/2025:00:46:12 +0100] "GET /ticket2/opencms/sv/buy/?catid=7ACC33AD-EE7E-AAA7-9050-0F4587759B87&comcatid=A17713B6-D984-201A-4143-ED4DB5ED5C2E&page=6 HTTP/1.1" 200 103631
40.77.167.21 - - [16/Feb/2025:00:46:13 +0100] "GET /ticket2/opencms/tr/buy?page=1&edid=00D90EDA-80F2-743F-0F4B-D64BDD1F85D9 HTTP/1.1" 200 112537
192.95.30.21 - - [16/Feb/2025:00:46:13 +0100] "GET /ticket2/opencms/en/login/?edid=E78E7190-7DE0-C7CA-3D7E-09B338BF3F73 HTTP/1.1" 200 90136
20.171.207.223 - - [16/Feb/2025:00:46:15 +0100] "GET /ticket2/opencms/set_aff_cookie.jsp?partner=692E2C6A-EC6F-1C93-AFCC-C5ACC23A93EA&url=%252Fru%252Fbuy%252Findex.html%253Fpage%253D1%2526edid%253D9F34FF64-8435-0668-CDDD-40FBDE58F48E%2526hlv%253D60ca137a-4d84-4b64-ad22-3a900a01000f%2523v_1732742450 HTTP/1.1" 200 247
185.191.171.8 - - [16/Feb/2025:00:46:15 +0100] "GET /ticket2/opencms/robots.txt HTTP/1.1" 200 773
20.171.207.223 - - [16/Feb/2025:00:46:16 +0100] "GET /ticket2/opencms/set_aff_cookie.jsp?partner=57601924-FB09-5BB2-867F-08B4EB522BA8&url=%252Fno%252Fbuy%252Findex.html%253Fpage%253D1%2526edid%253D74A57CFE-A85C-345D-E9F7-0AF79537083B%2526hlv%253D614c77ce-b574-4943-b38c-193e0a01000f%2523v_103545818 HTTP/1.1" 200 246
54.80.185.200 - - [16/Feb/2025:00:46:17 +0100] "GET /ticket2/opencms/sv/buy/?catid=7BADFFFB-57C5-5DBC-E7EB-B45075B3D8F9&comcatid=A17713B6-D984-201A-4143-ED4DB5ED5C2E&page=6 HTTP/1.1" 200 103515
20.171.207.223 - - [16/Feb/2025:00:46:17 +0100] "GET /ticket2/opencms/set_aff_cookie.jsp?partner=692E2C6A-EC6F-1C93-AFCC-C5ACC23A93EA&url=%252Fdk%252Fbuy%252Findex.html%253Fpage%253D1%2526edid%253D4843A1B1-5DFE-6325-FBD6-98BB977A514A%2526hlv%253D60f80fb3-67fc-4825-b428-5a290a01000f%2523v_1508082753 HTTP/1.1" 200 247
54.36.148.225 - - [16/Feb/2025:00:46:17 +0100] "GET /ticket2/opencms/ro/buy?page=1&edid=6C967880-E08B-3121-25D0-F145A5542A49 HTTP/1.1" 200 127247
20.171.207.223 - - [16/Feb/2025:00:46:18 +0100] "GET /ticket2/opencms/set_aff_cookie.jsp?partner=5E0CDF29-E7BE-9F6B-6869-7BF66B04006F&url=%252Fnl%252Fbuy%252Findex.html%253Fpage%253D1%2526edid%253D97270EF2-C112-2A86-7AFB-2AD9638F7CA8%2526hlv%253D61127e6c-072c-4830-bcb4-2f5f0a01000f%2523v_480488582 HTTP/1.1" 200 246
85.208.96.210 - - [16/Feb/2025:00:46:19 +0100] "GET /ticket2/opencms/dk/sport/fodboldbilletter/europa_league/ HTTP/1.1" 200 86080
52.44.174.136 - - [16/Feb/2025:00:46:21 +0100] "GET /ticket2/opencms/sv/buy/?catid=7EF04817-972D-18B1-F941-DE800D088075&comcatid=A17713B6-D984-201A-4143-ED4DB5ED5C2E&page=6 HTTP/1.1" 200 107255
185.191.171.18 - - [16/Feb/2025:00:46:23 +0100] "GET /ticket2/opencms/sk/magazine/article?title=lionel-messi-jeden-z-najviac-vyhladavanych-talentov-vsetkych-cias HTTP/1.1" 200 94477
23.23.137.202 - - [16/Feb/2025:00:46:24 +0100] "GET /ticket2/opencms/sv/buy/?catid=7EF04817-972D-18B1-F941-DE800D088075&comcatid=A17713B6-D984-201A-4143-ED4DB5ED5C2E&eventid=CB858627-FD0B-7DB5-96E3-81B2EDFB367F&page=6 HTTP/1.1" 200 106972
154.54.249.216 - - [16/Feb/2025:00:46:24 +0100] "GET /ticket2/opencms/lt/buy?page=1&edid=BE8C7FA0-9E48-EAB3-3A70-9E9F9EA30F95 HTTP/1.1" 200 112041
40.77.167.42 - - [16/Feb/2025:00:46:25 +0100] "GET /ticket2/opencms/tr/buy?page=1&edid=8C9FFD62-1801-D529-A3AE-EDFEA6DD7120 HTTP/1.1" 200 111875
20.171.207.223 - - [16/Feb/2025:00:46:25 +0100] "GET /ticket2/opencms/set_aff_cookie.jsp?partner=692E2C6A-EC6F-1C93-AFCC-C5ACC23A93EA&url=%252Fen%252Fbuy%252Findex.html%253Fpage%253D1%2526edid%253D6619AF23-B82A-4933-7AAB-7FCD989DC8B0%2526hlv%253D6145b50c-5f3c-485d-9ab1-62280a01000f%2523v_1620065849 HTTP/1.1" 200 247
18.213.240.226 - - [16/Feb/2025:00:46:28 +0100] "GET /ticket2/opencms/sv/buy/?catid=7EF04817-972D-18B1-F941-DE800D088075&comcatid=A17713B6-D984-201A-4143-ED4DB5ED5C2E&eventid=D9489C39-19AD-F0F1-28D6-FC2C67CBD603&page=6 HTTP/1.1" 200 107073
192.95.30.21 - - [16/Feb/2025:00:46:29 +0100] "GET /ticket2/opencms/en/login/?edid=E7FDDD7D-1FCF-BCB1-0A81-7F312447E632 HTTP/1.1" 200 90074
54.36.149.40 - - [16/Feb/2025:00:46:30 +0100] "GET /ticket2/opencms/is/buy?page=1&edid=65C03F06-B4E6-0D65-D535-E007A0321D02 HTTP/1.1" 200 111867
20.171.207.223 - - [16/Feb/2025:00:46:31 +0100] "GET /ticket2/opencms/set_aff_cookie.jsp?partner=692E2C6A-EC6F-1C93-AFCC-C5ACC23A93EA&url=%252Fno%252Fbuy%252Findex.html%253Fpage%253D1%2526edid%253D742CE524-9C3D-91F4-FC16-F3903E8D84E4%2526hlv%253D60f81583-a85c-4c96-8dff-5c120a01000f%2523v_1259140803 HTTP/1.1" 200 247
114.119.150.86 - - [16/Feb/2025:00:46:31 +0100] "GET /ticket2/opencms/ro/buy?page=1&=ED8491A3-9EF1-AF9B-7CEA-E9E6E12AF3D5 HTTP/1.1" 200 -
20.171.207.223 - - [16/Feb/2025:00:46:32 +0100] "GET /ticket2/opencms/set_aff_cookie.jsp?partner=692E2C6A-EC6F-1C93-AFCC-C5ACC23A93EA&url=%252Fno%252Fbuy%252Findex.html%253Fpage%253D1%2526edid%253D3754A801-0360-9F1A-6DA4-BE3220BB9FC0%2526hlv%253D60ca1cda-8dd8-4bcd-8eb9-3f5d0a01000f%2523v_1451299780 HTTP/1.1" 200 247
52.205.113.104 - - [16/Feb/2025:00:46:32 +0100] "GET /ticket2/opencms/sv/buy/?catid=7EF04817-972D-18B1-F941-DE800D088075&comcatid=A17713B6-D984-201A-4143-ED4DB5ED5C2E&eventid=F603D761-976F-00E2-B927-85C4D97104AA&page=6 HTTP/1.1" 200 107038
20.171.207.223 - - [16/Feb/2025:00:46:33 +0100] "GET /ticket2/opencms/set_aff_cookie.jsp?partner=57601924-FB09-5BB2-867F-08B4EB522BA8&url=%252Fnl%252Fbuy%252Findex.html%253Fpage%253D1%2526edid%253D7E17F6C1-856B-78BE-EE22-EF6E2CE39DF7%2526hlv%253D60f9587a-3644-4f69-a0b7-59c10a01000f%2523v_1407715358 HTTP/1.1" 200 247
20.171.207.223 - - [16/Feb/2025:00:46:34 +0100] "GET /ticket2/opencms/set_aff_cookie.jsp?partner=2E02071B-A8C3-4CBA-3097-C27D61C02ED8&url=%252Fru%252Fbuy%252Findex.html%253Fpage%253D1%2526edid%253D526D1171-6FDC-BC49-23A8-17627BBD580A%2526hlv%253D60f951da-4a80-4fea-a5d7-56a60a01000f%2523v_459496314 HTTP/1.1" 200 246
54.36.148.161 - - [16/Feb/2025:00:46:34 +0100] "GET /ticket2/opencms/is/buy?page=1&edid=2684212B-FA50-DC4B-3CFA-1303E9638140 HTTP/1.1" 200 130375
52.71.203.206 - - [16/Feb/2025:00:46:36 +0100] "GET /ticket2/opencms/sv/buy/?catid=88C381AD-5D76-A34D-AC15-A7129F8EF5BE&comcatid=A17713B6-D984-201A-4143-ED4DB5ED5C2E&page=6 HTTP/1.1" 200 106119
20.171.207.223 - - [16/Feb/2025:00:46:36 +0100] "GET /ticket2/opencms/set_aff_cookie.jsp?partner=692E2C6A-EC6F-1C93-AFCC-C5ACC23A93EA&url=%252Fno%252Fbuy%252Findex.html%253Fpage%253D1%2526edid%253D1704DC47-D333-EEEA-B66A-BC4C3DDB8A1C%2526hlv%253D60ca0abe-4efc-487b-92b2-36b90a01000f%2523v_361693818 HTTP/1.1" 200 246
20.171.207.223 - - [16/Feb/2025:00:46:37 +0100] "GET /ticket2/opencms/set_aff_cookie.jsp?partner=2E02071B-A8C3-4CBA-3097-C27D61C02ED8&url=%252Ffi%252Fbuy%252Findex.html%253Fpage%253D1%2526edid%253DA5392617-A8A6-5394-B72C-AA82A5C556B3%2526hlv%253D6145bfa3-dba0-4af6-ab6a-65670a01000f%2523v_766341698 HTTP/1.1" 200 246
20.171.207.223 - - [16/Feb/2025:00:46:39 +0100] "GET /ticket2/opencms/set_aff_cookie.jsp?partner=692E2C6A-EC6F-1C93-AFCC-C5ACC23A93EA&url=%252Fsv%252Fbuy%252Findex.html%253Fpage%253D1%2526edid%253DC5829853-4CA4-0095-2A28-946BA91BD80E%2526hlv%253D615c4636-a7a8-4dd6-a8f7-258c0a01000f%2523v_296796303 HTTP/1.1" 200 246
20.171.207.223 - - [16/Feb/2025:00:46:40 +0100] "GET /ticket2/opencms/set_aff_cookie.jsp?partner=5E0CDF29-E7BE-9F6B-6869-7BF66B04006F&url=%252Fen%252Fbuy%252Findex.html%253Fpage%253D1%2526edid%253D02E70633-B7C9-B546-F009-7238F851DD63%2526hlv%253D60c9e6a3-7e24-4ebc-9fd1-25530a01000f%2523v_196145948 HTTP/1.1" 200 246
107.20.181.148 - - [16/Feb/2025:00:46:41 +0100] "GET /ticket2/opencms/sv/buy/?catid=88C381AD-5D76-A34D-AC15-A7129F8EF5BE&comcatid=A17713B6-D984-201A-4143-ED4DB5ED5C2E&eventid=5DA5DC18-0429-6963-A61D-B44FBFE19212&page=6 HTTP/1.1" 200 106722
124.243.137.100 - - [16/Feb/2025:00:46:41 +0100] "GET /ticket2/opencms/az/buy/?page=1&edid=6C65D9CC-9B89-C95A-A424-46CA69CBD3BE HTTP/1.1" 200 109005
20.171.207.223 - - [16/Feb/2025:00:46:41 +0100] "GET /ticket2/opencms/set_aff_cookie.jsp?partner=692E2C6A-EC6F-1C93-AFCC-C5ACC23A93EA&url=%252Fdk%252Fbuy%252Findex.html%253Fpage%253D1%2526edid%253DDD7009E0-BEDD-5FDF-FBEC-9803C9276491%2526hlv%253D611babab-00e4-46ab-ab6f-45c30a01000f%2523v_1563698934 HTTP/1.1" 200 247
54.36.148.184 - - [16/Feb/2025:00:46:41 +0100] "GET /ticket2/opencms/ga/sport/ticeid-peile/la-liga/leganes HTTP/1.1" 200 101151
202.8.40.239 - - [16/Feb/2025:00:46:42 +0100] "GET /ticket2/opencms/system/modules/com.gridnine.opencms.ticketbrokerage.site/resources/css/jquery-ui.css HTTP/1.1" 200 33221
202.8.40.239 - - [16/Feb/2025:00:46:42 +0100] "GET /ticket2/opencms/system/modules/com.gridnine.opencms.ticketbrokerage.site/resources/css/ticketbrokerage.css HTTP/1.1" 200 39339
202.8.40.239 - - [16/Feb/2025:00:46:42 +0100] "GET /ticket2/opencms/system/modules/com.gridnine.opencms.ticketbrokerage.site/resources/css/standard.css HTTP/1.1" 200 73904
202.8.40.239 - - [16/Feb/2025:00:46:42 +0100] "GET /ticket2/opencms/system/modules/com.gridnine.opencms.ticketbrokerage.site/resources/js/jquery/jquery.js HTTP/1.1" 200 93868
202.8.40.239 - - [16/Feb/2025:00:46:42 +0100] "GET /ticket2/opencms/system/modules/com.gridnine.opencms.ticketbrokerage.site/resources/css/jquery.fancybox.css HTTP/1.1" 200 4939
202.8.40.239 - - [16/Feb/2025:00:46:42 +0100] "GET /ticket2/opencms/system/modules/com.gridnine.opencms.ticketbrokerage.site/resources/css/calendar.css HTTP/1.1" 200 6871
202.8.40.239 - - [16/Feb/2025:00:46:42 +0100] "GET /ticket2/opencms/system/modules/com.gridnine.opencms.ticketbrokerage.site/resources/js/jquery/jquery-ui.js HTTP/1.1" 200 228088
202.8.40.239 - - [16/Feb/2025:00:46:42 +0100] "GET /ticket2/opencms/system/modules/com.gridnine.opencms.ticketbrokerage.site/resources/js/functions.js HTTP/1.1" 200 1583
202.8.40.239 - - [16/Feb/2025:00:46:42 +0100] "GET /ticket2/opencms/system/modules/com.gridnine.opencms.ticketbrokerage.site/resources/js/calendar.js HTTP/1.1" 200 49229
202.8.40.239 - - [16/Feb/2025:00:46:42 +0100] "GET /ticket2/opencms/system/modules/com.gridnine.opencms.ticketbrokerage.site/resources/js/calendar-en.js HTTP/1.1" 200 3338
202.8.40.239 - - [16/Feb/2025:00:46:42 +0100] "GET /ticket2/opencms/system/modules/com.gridnine.opencms.ticketbrokerage.site/resources/js/calendar-setup.js HTTP/1.1" 200 4923
202.8.40.239 - - [16/Feb/2025:00:46:42 +0100] "GET /ticket2/opencms/system/modules/com.gridnine.opencms.ticketbrokerage.site/resources/js/jquery.fancybox.pack.js HTTP/1.1" 200 23187
202.8.40.239 - - [16/Feb/2025:00:46:42 +0100] "GET /ticket2/opencms/system/modules/com.gridnine.opencms.ticketbrokerage.site/resources/js/stickyfill.min.js HTTP/1.1" 200 5672
202.8.40.239 - - [16/Feb/2025:00:46:42 +0100] "GET /ticket2/opencms/system/modules/com.gridnine.opencms.ticketbrokerage.site/resources/js/standard.js HTTP/1.1" 200 3983
202.8.40.239 - - [16/Feb/2025:00:46:43 +0100] "GET /ticket2/opencms/system/modules/com.gridnine.opencms.ticketbrokerage.site/resources/js/jquery.placeholder.min.js HTTP/1.1" 200 1737
202.8.40.239 - - [16/Feb/2025:00:46:43 +0100] "GET /ticket2/opencms/system/modules/com.gridnine.opencms.ticketbrokerage.site/resources/js/common-ajax.js HTTP/1.1" 200 20175
54.36.149.103 - - [16/Feb/2025:00:46:43 +0100] "GET /ticket2/opencms/bs/buy?page=1&edid=68B485F7-9483-6E4F-656D-602EE2AC621D HTTP/1.1" 200 135777
192.95.30.21 - - [16/Feb/2025:00:46:44 +0100] "GET /ticket2/opencms/en/login/?edid=EB4DE1F4-F429-D890-6213-A5B01648901D HTTP/1.1" 200 90074
184.73.195.18 - - [16/Feb/2025:00:46:44 +0100] "GET /ticket2/opencms/sv/buy/?catid=88C381AD-5D76-A34D-AC15-A7129F8EF5BE&comcatid=A17713B6-D984-201A-4143-ED4DB5ED5C2E&eventid=E905DA2C-5D8D-BA69-DE15-192CCE2B6813&page=6 HTTP/1.1" 200 106787
20.171.207.223 - - [16/Feb/2025:00:46:47 +0100] "GET /ticket2/opencms/set_aff_cookie.jsp?partner=6F250EA7-4505-FA01-D601-8847F2573405&url=%252Fsv%252Fbuy%252Findex.html%253Fpage%253D1%2526edid%253DBACAAA47-35FE-A7A6-4A5B-EC89D6F82750%2526hlv%253D611271d4-dee0-4fe8-964d-2a520a01000f%2523v_761206714 HTTP/1.1" 200 246
223.109.252.238 - - [16/Feb/2025:00:46:48 +0100] "GET /ticket2/opencms/ HTTP/1.1" 302 -
54.235.191.179 - - [16/Feb/2025:00:46:49 +0100] "GET /ticket2/opencms/sv/buy/?catid=A3372871-3019-08B8-80CE-74B78F441ACA&comcatid=A17713B6-D984-201A-4143-ED4DB5ED5C2E&page=6 HTTP/1.1" 200 104963
223.109.252.238 - - [16/Feb/2025:00:46:51 +0100] "GET /ticket2/opencms/en/ HTTP/1.1" 200 107123
34.199.252.22 - - [16/Feb/2025:00:46:53 +0100] "GET /ticket2/opencms/sv/buy/?catid=A3372871-3019-08B8-80CE-74B78F441ACA&comcatid=A17713B6-D984-201A-4143-ED4DB5ED5C2E&eventid=DFDFE3CE-4FC8-F7B9-D656-A64359A3D356&page=6 HTTP/1.1" 200 106396
20.171.207.223 - - [16/Feb/2025:00:46:54 +0100] "GET /ticket2/opencms/set_aff_cookie.jsp?partner=57601924-FB09-5BB2-867F-08B4EB522BA8&url=%252Fen%252Fbuy%252Findex.html%253Fpage%253D1%2526edid%253D3FBB7D7B-D75F-7C1C-78F5-08C145E9FDB1%2526hlv%253D610bce49-fafc-42b0-8fec-16280a01000f%2523v_761437905 HTTP/1.1" 200 246
20.171.207.223 - - [16/Feb/2025:00:46:55 +0100] "GET /ticket2/opencms/set_aff_cookie.jsp?partner=692E2C6A-EC6F-1C93-AFCC-C5ACC23A93EA&url=%252Fru%252Fbuy%252Findex.html%253Fpage%253D1%2526edid%253DC3C3C4B4-8DE9-0BBD-5349-6EF9935BCF15%2526hlv%253D60f9588b-7894-4f01-b3f4-59200a01000f%2523v_641758244 HTTP/1.1" 200 246
185.191.171.11 - - [16/Feb/2025:00:46:55 +0100] "GET /ticket2/opencms/sl/magazine/article?title=erling-braut-haaland HTTP/1.1" 200 93174
20.171.207.223 - - [16/Feb/2025:00:46:56 +0100] "GET /ticket2/opencms/set_aff_cookie.jsp?partner=57601924-FB09-5BB2-867F-08B4EB522BA8&url=%252Fnl%252Fbuy%252Findex.html%253Fpage%253D1%2526edid%253DCA3FABDD-43B5-8DDC-6DAC-2917B68B145E%2526hlv%253D60c9f21e-6798-4229-8fcd-299e0a01000f%2523v_653528767 HTTP/1.1" 200 246
54.197.82.195 - - [16/Feb/2025:00:46:56 +0100] "GET /ticket2/opencms/sv/buy/?catid=A4D9EA9A-192D-0274-BF26-9C98D8B902AB&comcatid=A17713B6-D984-201A-4143-ED4DB5ED5C2E&page=6 HTTP/1.1" 200 104353
20.171.207.223 - - [16/Feb/2025:00:46:57 +0100] "GET /ticket2/opencms/set_aff_cookie.jsp?partner=23A6AD98-906E-5BDD-600E-EC4EC8A45F97&url=%252Fen%252Fbuy%252Findex.html%253Fpage%253D1%2526edid%253D5F737A44-E043-889A-3C4C-656072CFE9D8%2526hlv%253D612ab218-1ad0-48ac-b51c-74320a01000f%2523v_2130924022 HTTP/1.1" 200 247
192.95.30.21 - - [16/Feb/2025:00:47:00 +0100] "GET /ticket2/opencms/en/login/?edid=EDDD9812-84E9-EC23-5255-717CA7A887CC HTTP/1.1" 200 90130
20.171.207.223 - - [16/Feb/2025:00:47:00 +0100] "GET /ticket2/opencms/set_aff_cookie.jsp?partner=2E02071B-A8C3-4CBA-3097-C27D61C02ED8&url=%252Fsv%252Fbuy%252Findex.html%253Fpage%253D1%2526edid%253DBF40BAC7-A9FF-D877-E4C0-6A1A339DA42F%2526hlv%253D60f68d05-5c80-4839-9b0d-61400a01000f%2523v_1094762847 HTTP/1.1" 200 247
54.166.126.132 - - [16/Feb/2025:00:47:01 +0100] "GET /ticket2/opencms/sv/buy/?catid=A4D9EA9A-192D-0274-BF26-9C98D8B902AB&comcatid=A17713B6-D984-201A-4143-ED4DB5ED5C2E&eventid=10A4B056-E56D-2EC6-06F9-A9715C3D8173&page=6 HTTP/1.1" 200 105928
20.171.207.223 - - [16/Feb/2025:00:47:02 +0100] "GET /ticket2/opencms/set_aff_cookie.jsp?partner=57601924-FB09-5BB2-867F-08B4EB522BA8&url=%252Fsv%252Fbuy%252Findex.html%253Fpage%253D1%2526edid%253DD9B8221E-435C-E272-9385-A8B83760C754%2526hlv%253D60f8173e-ed40-4a27-bdbb-5d840a01000f%2523v_2104260308 HTTP/1.1" 200 247
20.171.207.223 - - [16/Feb/2025:00:47:03 +0100] "GET /ticket2/opencms/set_aff_cookie.jsp?partner=2E02071B-A8C3-4CBA-3097-C27D61C02ED8&url=%252Fru%252Fbuy%252Findex.html%253Fpage%253D1%2526edid%253D038E9D5D-F853-3E62-678F-9F575C0DA65A%2526hlv%253D60ca0b28-4d10-4b30-af27-36280a01000f%2523v_379410157 HTTP/1.1" 200 246
44.209.187.99 - - [16/Feb/2025:00:47:04 +0100] "GET /ticket2/opencms/sv/buy/?catid=A4D9EA9A-192D-0274-BF26-9C98D8B902AB&comcatid=A17713B6-D984-201A-4143-ED4DB5ED5C2E&eventid=C7B8839D-D05D-58E7-D08F-88E8ADCFDD77&page=6 HTTP/1.1" 200 105902
20.171.207.223 - - [16/Feb/2025:00:47:04 +0100] "GET /ticket2/opencms/set_aff_cookie.jsp?partner=5E0CDF29-E7BE-9F6B-6869-7BF66B04006F&url=%252Fen%252Fbuy%252Findex.html%253Fpage%253D1%2526edid%253DE7560AB3-0BA2-E806-DEFE-5D8CC4C6CAA3%2526hlv%253D610bcffc-3fc8-4619-89af-16270a01000f%2523v_1471541093 HTTP/1.1" 200 247
52.44.148.203 - - [16/Feb/2025:00:47:09 +0100] "GET /ticket2/opencms/sv/buy/?catid=B0817F4C-4B6F-A68C-6229-209BB05F84D4&comcatid=A17713B6-D984-201A-4143-ED4DB5ED5C2E&page=6 HTTP/1.1" 200 103532
54.36.148.90 - - [16/Feb/2025:00:47:09 +0100] "GET /ticket2/opencms/dk/buy?page=1&edid=7C16C78F-F9EE-B2A9-0C9E-990B916B48DD HTTP/1.1" 200 110897
47.128.59.115 - - [16/Feb/2025:00:47:09 +0100] "GET /ticket2/opencms/lv/affiliateprogram.html HTTP/1.1" 200 87577
20.171.207.223 - - [16/Feb/2025:00:47:10 +0100] "GET /ticket2/opencms/set_aff_cookie.jsp?partner=8F6DE15D-D831-5787-AE7E-FEFF53476F85&url=%252Ffi%252Fbuy%252Findex.html%253Fpage%253D1%2526edid%253D598F3B0A-9912-7BA4-D7AA-A33BDA98D7B4%2526hlv%253D60ca1189-294c-44f8-97bc-37590a01000f%2523v_1725430074 HTTP/1.1" 200 247
192.95.30.21 - - [16/Feb/2025:00:47:12 +0100] "GET /ticket2/opencms/en/login/?edid=F7660972-1F1F-59FF-1410-FAEC9F9D74B8 HTTP/1.1" 200 90147
54.164.106.236 - - [16/Feb/2025:00:47:12 +0100] "GET /ticket2/opencms/sv/buy/?catid=BDD8C04C-DD99-1C07-B5F3-F2AB98D157E8&comcatid=A17713B6-D984-201A-4143-ED4DB5ED5C2E&page=6 HTTP/1.1" 200 103604
66.249.68.37 - - [16/Feb/2025:00:47:14 +0100] "GET /ticket2/opencms/sk/magazine/article?title=kylian-mbappe-ohromuje HTTP/1.1" 200 93223
54.36.148.193 - - [16/Feb/2025:00:47:15 +0100] "GET /ticket2/opencms/fi/urheilu/jalkapallo/la-liga/getafe HTTP/1.1" 200 99321
202.8.42.150 - - [16/Feb/2025:00:47:16 +0100] "GET /ticket2/opencms/system/modules/com.gridnine.opencms.ticketbrokerage.site/resources/css/ticketbrokerage.css HTTP/1.1" 200 39339
202.8.42.150 - - [16/Feb/2025:00:47:16 +0100] "GET /ticket2/opencms/system/modules/com.gridnine.opencms.ticketbrokerage.site/resources/css/jquery-ui.css HTTP/1.1" 200 33221
202.8.42.150 - - [16/Feb/2025:00:47:16 +0100] "GET /ticket2/opencms/system/modules/com.gridnine.opencms.ticketbrokerage.site/resources/css/calendar.css HTTP/1.1" 200 6871
202.8.42.150 - - [16/Feb/2025:00:47:16 +0100] "GET /ticket2/opencms/system/modules/com.gridnine.opencms.ticketbrokerage.site/resources/css/jquery.fancybox.css HTTP/1.1" 200 4939
202.8.42.150 - - [16/Feb/2025:00:47:16 +0100] "GET /ticket2/opencms/system/modules/com.gridnine.opencms.ticketbrokerage.site/resources/js/jquery/jquery.js HTTP/1.1" 200 93868
202.8.42.150 - - [16/Feb/2025:00:47:16 +0100] "GET /ticket2/opencms/system/modules/com.gridnine.opencms.ticketbrokerage.site/resources/css/standard.css HTTP/1.1" 200 73904
202.8.42.150 - - [16/Feb/2025:00:47:16 +0100] "GET /ticket2/opencms/system/modules/com.gridnine.opencms.ticketbrokerage.site/resources/js/functions.js HTTP/1.1" 200 1583
202.8.42.150 - - [16/Feb/2025:00:47:16 +0100] "GET /ticket2/opencms/system/modules/com.gridnine.opencms.ticketbrokerage.site/resources/js/calendar.js HTTP/1.1" 200 49229
202.8.42.150 - - [16/Feb/2025:00:47:16 +0100] "GET /ticket2/opencms/system/modules/com.gridnine.opencms.ticketbrokerage.site/resources/js/jquery/jquery-ui.js HTTP/1.1" 200 228088
202.8.42.150 - - [16/Feb/2025:00:47:16 +0100] "GET /ticket2/opencms/system/modules/com.gridnine.opencms.ticketbrokerage.site/resources/js/calendar-en.js HTTP/1.1" 200 3338
202.8.42.150 - - [16/Feb/2025:00:47:16 +0100] "GET /ticket2/opencms/system/modules/com.gridnine.opencms.ticketbrokerage.site/resources/js/calendar-setup.js HTTP/1.1" 200 4923
202.8.42.150 - - [16/Feb/2025:00:47:16 +0100] "GET /ticket2/opencms/system/modules/com.gridnine.opencms.ticketbrokerage.site/resources/js/jquery.fancybox.pack.js HTTP/1.1" 200 23187
202.8.42.150 - - [16/Feb/2025:00:47:16 +0100] "GET /ticket2/opencms/system/modules/com.gridnine.opencms.ticketbrokerage.site/resources/js/stickyfill.min.js HTTP/1.1" 200 5672
202.8.42.150 - - [16/Feb/2025:00:47:16 +0100] "GET /ticket2/opencms/system/modules/com.gridnine.opencms.ticketbrokerage.site/resources/js/standard.js HTTP/1.1" 200 3983
202.8.42.150 - - [16/Feb/2025:00:47:17 +0100] "GET /ticket2/opencms/system/modules/com.gridnine.opencms.ticketbrokerage.site/resources/js/jquery.placeholder.min.js HTTP/1.1" 200 1737
54.225.148.123 - - [16/Feb/2025:00:47:17 +0100] "GET /ticket2/opencms/sv/buy/?catid=BE041FBE-C1A7-918C-EB61-99ED02D12F5B&comcatid=A17713B6-D984-201A-4143-ED4DB5ED5C2E&page=6 HTTP/1.1" 200 103590
202.8.42.150 - - [16/Feb/2025:00:47:17 +0100] "GET /ticket2/opencms/system/modules/com.gridnine.opencms.ticketbrokerage.site/resources/js/common-ajax.js HTTP/1.1" 200 20175
166.108.204.211 - - [16/Feb/2025:00:47:17 +0100] "GET /ticket2/opencms/az/buy?page=1&edid=8704A6FC-1DE4-C984-AB65-851DF73AC6FC HTTP/1.1" 200 108952
54.36.148.236 - - [16/Feb/2025:00:47:17 +0100] "GET /ticket2/opencms/fi/urheilu/jalkapallo/la-liga/espanyol HTTP/1.1" 200 99266
