52.205.113.104 - - [16/Feb/2025:00:56:36 +0100] "GET /ticket2/opencms/sv/magazine/article?title=graham-potter-fran-sverige-till-premier-league HTTP/1.1" 200 97008
20.171.207.223 - - [16/Feb/2025:00:56:36 +0100] "GET /ticket2/opencms/set_aff_cookie.jsp?partner=692E2C6A-EC6F-1C93-AFCC-C5ACC23A93EA&url=%252Fno%252Fbuy%252Findex.html%253Fpage%253D1%2526edid%253D3F822738-BD55-10B1-3185-42149CD278B9%2526hlv%253D610bcfd5-b38c-40d4-8ed9-15e90a01000f%2523v_1265373585 HTTP/1.1" 200 247
40.77.167.123 - - [16/Feb/2025:00:56:37 +0100] "GET /ticket2/opencms/ro/buy?page=1&edid=956A982F-FA4C-3C0F-CB39-99B2E07EC164 HTTP/1.1" 200 111965
192.95.30.21 - - [16/Feb/2025:00:56:37 +0100] "GET /ticket2/opencms/fi/login/?edid=3E614CE3-7605-80A5-EDE5-1940F2DB48F5 HTTP/1.1" 200 91782
54.36.148.89 - - [16/Feb/2025:00:56:38 +0100] "GET /ticket2/opencms/lt/buy?page=1&edid=BE18676F-AB94-E65E-A849-408190E75353 HTTP/1.1" 200 117996
20.171.207.223 - - [16/Feb/2025:00:56:38 +0100] "GET /ticket2/opencms/set_aff_cookie.jsp?partner=2E02071B-A8C3-4CBA-3097-C27D61C02ED8&url=%252Fsv%252Fbuy%252Findex.html%253Fpage%253D1%2526edid%253D932CFDF1-C8A9-5F7B-5BD7-A07313354469%2526hlv%253D60ca1533-c020-4562-9dc2-369c0a01000f%2523v_1115275479 HTTP/1.1" 200 247
202.8.43.92 - - [16/Feb/2025:00:56:39 +0100] "GET /ticket2/opencms/system/modules/com.gridnine.opencms.ticketbrokerage.site/resources/css/ticketbrokerage.css HTTP/1.1" 200 39339
202.8.43.92 - - [16/Feb/2025:00:56:39 +0100] "GET /ticket2/opencms/system/modules/com.gridnine.opencms.ticketbrokerage.site/resources/css/calendar.css HTTP/1.1" 200 6871
202.8.43.92 - - [16/Feb/2025:00:56:39 +0100] "GET /ticket2/opencms/system/modules/com.gridnine.opencms.ticketbrokerage.site/resources/css/standard.css HTTP/1.1" 200 73904
202.8.43.92 - - [16/Feb/2025:00:56:39 +0100] "GET /ticket2/opencms/system/modules/com.gridnine.opencms.ticketbrokerage.site/resources/css/jquery-ui.css HTTP/1.1" 200 33221
202.8.43.92 - - [16/Feb/2025:00:56:39 +0100] "GET /ticket2/opencms/system/modules/com.gridnine.opencms.ticketbrokerage.site/resources/css/jquery.fancybox.css HTTP/1.1" 200 4939
202.8.43.92 - - [16/Feb/2025:00:56:39 +0100] "GET /ticket2/opencms/system/modules/com.gridnine.opencms.ticketbrokerage.site/resources/js/jquery/jquery.js HTTP/1.1" 200 93868
202.8.43.92 - - [16/Feb/2025:00:56:39 +0100] "GET /ticket2/opencms/system/modules/com.gridnine.opencms.ticketbrokerage.site/resources/js/jquery/jquery-ui.js HTTP/1.1" 200 228088
202.8.43.92 - - [16/Feb/2025:00:56:39 +0100] "GET /ticket2/opencms/system/modules/com.gridnine.opencms.ticketbrokerage.site/resources/js/calendar-en.js HTTP/1.1" 200 3338
202.8.43.92 - - [16/Feb/2025:00:56:39 +0100] "GET /ticket2/opencms/system/modules/com.gridnine.opencms.ticketbrokerage.site/resources/js/functions.js HTTP/1.1" 200 1583
202.8.43.92 - - [16/Feb/2025:00:56:39 +0100] "GET /ticket2/opencms/system/modules/com.gridnine.opencms.ticketbrokerage.site/resources/js/calendar.js HTTP/1.1" 200 49229
202.8.43.92 - - [16/Feb/2025:00:56:39 +0100] "GET /ticket2/opencms/system/modules/com.gridnine.opencms.ticketbrokerage.site/resources/js/calendar-setup.js HTTP/1.1" 200 4923
202.8.43.92 - - [16/Feb/2025:00:56:40 +0100] "GET /ticket2/opencms/system/modules/com.gridnine.opencms.ticketbrokerage.site/resources/js/jquery.fancybox.pack.js HTTP/1.1" 200 23187
202.8.43.92 - - [16/Feb/2025:00:56:40 +0100] "GET /ticket2/opencms/system/modules/com.gridnine.opencms.ticketbrokerage.site/resources/js/stickyfill.min.js HTTP/1.1" 200 5672
202.8.43.92 - - [16/Feb/2025:00:56:40 +0100] "GET /ticket2/opencms/system/modules/com.gridnine.opencms.ticketbrokerage.site/resources/js/standard.js HTTP/1.1" 200 3983
202.8.43.92 - - [16/Feb/2025:00:56:40 +0100] "GET /ticket2/opencms/system/modules/com.gridnine.opencms.ticketbrokerage.site/resources/js/jquery.placeholder.min.js HTTP/1.1" 200 1737
202.8.43.92 - - [16/Feb/2025:00:56:40 +0100] "GET /ticket2/opencms/system/modules/com.gridnine.opencms.ticketbrokerage.site/resources/js/common-ajax.js HTTP/1.1" 200 20175
18.205.91.101 - - [16/Feb/2025:00:56:40 +0100] "GET /ticket2/opencms/sv/magazine/article?title=kan-viktor-gyokeres-lamna-sporting-tidigare-an-planerat HTTP/1.1" 200 93803
202.8.43.92 - - [16/Feb/2025:00:56:40 +0100] "GET /ticket2/opencms/lt/ask-form.html HTTP/1.1" 200 3156
141.255.166.90 - - [16/Feb/2025:00:56:40 +0100] "GET /cgi-bin/luci/;stok=/locale HTTP/1.1" 404 -
202.8.43.92 - - [16/Feb/2025:00:56:40 +0100] "GET /ticket2/opencms/system/modules/com.gridnine.opencms.ticketbrokerage.site/resources/css/ticketbrokerage.css HTTP/1.1" 200 39339
20.171.207.223 - - [16/Feb/2025:00:56:43 +0100] "GET /ticket2/opencms/set_aff_cookie.jsp?partner=692E2C6A-EC6F-1C93-AFCC-C5ACC23A93EA&url=%252Fdk%252Fbuy%252Findex.html%253Fpage%253D1%2526edid%253D40B70B22-910C-2CEB-BC32-2263AEA98A84%2526hlv%253D60f6990c-1ae4-484d-9c7d-63120a01000f%2523v_1291469375 HTTP/1.1" 200 247
98.82.66.172 - - [16/Feb/2025:00:56:44 +0100] "GET /ticket2/opencms/sv/magazine/article?title=alexander-isak-slar-rekord HTTP/1.1" 200 92435
85.208.96.198 - - [16/Feb/2025:00:56:44 +0100] "GET /ticket2/opencms/sv/magazine/article?title=joel-matip-lamnar-liverpool-fc HTTP/1.1" 200 94919
52.167.144.218 - - [16/Feb/2025:00:56:46 +0100] "GET /ticket2/opencms/mt/buy?page=1&edid=E7DE1929-A083-130D-64FE-3A7EA38FB2AF HTTP/1.1" 200 108793
192.95.30.21 - - [16/Feb/2025:00:56:46 +0100] "GET /ticket2/opencms/fi/login/?edid=41CD7066-237A-B852-387D-3D5D7B688DF9 HTTP/1.1" 200 91877
20.171.207.223 - - [16/Feb/2025:00:56:46 +0100] "GET /ticket2/opencms/set_aff_cookie.jsp?partner=57601924-FB09-5BB2-867F-08B4EB522BA8&url=%252Ffi%252Fbuy%252Findex.html%253Fpage%253D1%2526edid%253D91317E82-1AD8-28B7-A3AC-C5AEE79CB132%2526hlv%253D610bcb2c-630c-4674-a7ac-13ad0a01000f%2523v_1801248447 HTTP/1.1" 200 247
54.36.148.181 - - [16/Feb/2025:00:56:47 +0100] "GET /ticket2/opencms/ga/buy?page=1&edid=1E92A8C8-B0AD-5FE7-B7EF-0C8AA0F43370 HTTP/1.1" 200 90311
114.119.153.152 - - [16/Feb/2025:00:56:48 +0100] "GET /ticket2/opencms/mk/buy?page=1&=CA58C888-F6D9-C60F-ADB8-6143B0EE43C9 HTTP/1.1" 404 -
98.82.63.147 - - [16/Feb/2025:00:56:48 +0100] "GET /ticket2/opencms/sv/magazine/article?title=en-overgang-till-mexikanska-rayados HTTP/1.1" 200 94776
20.171.207.223 - - [16/Feb/2025:00:56:49 +0100] "GET /ticket2/opencms/set_aff_cookie.jsp?partner=2E02071B-A8C3-4CBA-3097-C27D61C02ED8&url=%252Ffi%252Fbuy%252Findex.html%253Fpage%253D1%2526edid%253DCF9AADF6-6503-0852-B1B5-AC280A05E729%2526hlv%253D60f81896-a504-4269-8a00-5dc90a01000f%2523v_173345987 HTTP/1.1" 200 246
20.171.207.223 - - [16/Feb/2025:00:56:51 +0100] "GET /ticket2/opencms/set_aff_cookie.jsp?partner=8F6DE15D-D831-5787-AE7E-FEFF53476F85&url=%252Fru%252Fbuy%252Findex.html%253Fpage%253D1%2526edid%253D5A67179D-C7BD-4086-88F3-90FE704053E2%2526hlv%253D6145b748-36f8-4aa0-8904-62eb0a01000f%2523v_1503829768 HTTP/1.1" 200 247
52.3.102.51 - - [16/Feb/2025:00:56:52 +0100] "GET /ticket2/opencms/sv/magazine/article?title=januarifonstrets-dyraste-varvningar HTTP/1.1" 200 93398
54.36.149.2 - - [16/Feb/2025:00:56:52 +0100] "GET /ticket2/opencms/pl/buy?page=1&edid=9DCC0E66-25C8-5156-35A8-BF56F5E3E1AA HTTP/1.1" 200 111271
20.171.207.223 - - [16/Feb/2025:00:56:52 +0100] "GET /ticket2/opencms/set_aff_cookie.jsp?partner=2E02071B-A8C3-4CBA-3097-C27D61C02ED8&url=%252Fru%252Fbuy%252Findex.html%253Fpage%253D1%2526edid%253DF47DF802-2646-14FD-FC5A-796CF117DF06%2526hlv%253D61127b0d-66c4-4570-a686-2e4e0a01000f%2523v_1834968675 HTTP/1.1" 200 247
47.128.50.238 - - [16/Feb/2025:00:56:53 +0100] "GET /ticket2/opencms/ga/buy/?edid=C5944089-4BA1-6638-58B6-EE4373B33715 HTTP/1.1" 200 91750
20.171.207.223 - - [16/Feb/2025:00:56:56 +0100] "GET /ticket2/opencms/set_aff_cookie.jsp?partner=5E0CDF29-E7BE-9F6B-6869-7BF66B04006F&url=%252Fdk%252Fbuy%252Findex.html%253Fpage%253D1%2526edid%253DC3C3C4B4-8DE9-0BBD-5349-6EF9935BCF15%2526hlv%253D60f9588b-4c2c-4279-9eb5-59200a01000f%2523v_173317083 HTTP/1.1" 200 246
3.215.59.93 - - [16/Feb/2025:00:56:56 +0100] "GET /ticket2/opencms/sv/magazine/article?title=kylian-mbappe-imponerar HTTP/1.1" 200 92722
192.95.30.21 - - [16/Feb/2025:00:56:56 +0100] "GET /ticket2/opencms/fi/login/?edid=42C5D83C-45F5-510D-23C9-7B4CE8796C8F HTTP/1.1" 200 91787
20.171.207.223 - - [16/Feb/2025:00:56:57 +0100] "GET /ticket2/opencms/set_aff_cookie.jsp?partner=8F6DE15D-D831-5787-AE7E-FEFF53476F85&url=%252Fen%252Fbuy%252Findex.html%253Fpage%253D1%2526edid%253D5F737A44-E043-889A-3C4C-656072CFE9D8%2526hlv%253D612ab218-fac8-4f93-80e9-74320a01000f%2523v_883402315 HTTP/1.1" 200 246
54.36.148.125 - - [16/Feb/2025:00:56:58 +0100] "GET /ticket2/opencms/bg/buy_safety HTTP/1.1" 200 90377
20.171.207.223 - - [16/Feb/2025:00:56:59 +0100] "GET /ticket2/opencms/set_aff_cookie.jsp?partner=6F250EA7-4505-FA01-D601-8847F2573405&url=%252Fsv%252Fbuy%252Findex.html%253Fpage%253D1%2526edid%253D2D8E9E91-F40A-9CD3-B790-C21028BAFFF7%2526hlv%253D61126f8e-bb80-44da-8aa8-297f0a01000f%2523v_1771928996 HTTP/1.1" 200 247
44.215.210.112 - - [16/Feb/2025:00:57:00 +0100] "GET /ticket2/opencms/sv/magazine/article?title=manchester-city-7-matcher-utan-vinst HTTP/1.1" 200 94686
20.171.207.223 - - [16/Feb/2025:00:57:01 +0100] "GET /ticket2/opencms/set_aff_cookie.jsp?partner=5E0CDF29-E7BE-9F6B-6869-7BF66B04006F&url=%252Fsv%252Fbuy%252Findex.html%253Fpage%253D1%2526edid%253DE0E0A92E-E970-D7B2-B5EB-9799FE58777D%2526hlv%253D60f8214d-b430-4f91-ab16-60bc0a01000f%2523v_1692215789 HTTP/1.1" 200 247
85.208.96.207 - - [16/Feb/2025:00:57:02 +0100] "GET /ticket2/opencms/fi/urheilu/jalkapallo/premier_league/arsenal/ HTTP/1.1" 200 93228
54.84.250.51 - - [16/Feb/2025:00:57:04 +0100] "GET /ticket2/opencms/sv/magazine/article?title=michail-antonio-skadad-efter-bilolycka HTTP/1.1" 200 93418
20.171.207.223 - - [16/Feb/2025:00:57:05 +0100] "GET /ticket2/opencms/set_aff_cookie.jsp?partner=6F250EA7-4505-FA01-D601-8847F2573405&url=%252Ffi%252Fbuy%252Findex.html%253Fpage%253D1%2526edid%253D20B8D1AD-64EC-73DF-B539-29EE3CA0D338%2526hlv%253D614c7762-90cc-4e03-8e5f-17ad0a01000f%2523v_2089231530 HTTP/1.1" 200 247
216.244.66.238 - - [16/Feb/2025:00:57:05 +0100] "GET /ticket2/opencms/dk/buy/?page=1&edid=077A4D05-90D5-AF2A-B689-A4F52E73EBA2 HTTP/1.1" 200 110922
192.95.30.21 - - [16/Feb/2025:00:57:05 +0100] "GET /ticket2/opencms/fi/login/?edid=43648EFF-F203-5C8B-C74A-806DA7871A83 HTTP/1.1" 200 91760
54.36.149.24 - - [16/Feb/2025:00:57:07 +0100] "GET /ticket2/opencms/sr/buy?page=1&edid=9DCC0E66-25C8-5156-35A8-BF56F5E3E1AA HTTP/1.1" 200 112056
20.171.207.223 - - [16/Feb/2025:00:57:07 +0100] "GET /ticket2/opencms/set_aff_cookie.jsp?partner=8F6DE15D-D831-5787-AE7E-FEFF53476F85&url=%252Fru%252Fbuy%252Findex.html%253Fpage%253D1%2526edid%253D73A0CE9A-5EBB-FE53-CE06-D8F253C63B51%2526hlv%253D611bd36c-8c78-479e-910a-57120a01000f%2523v_1470567859 HTTP/1.1" 200 247
52.6.97.88 - - [16/Feb/2025:00:57:08 +0100] "GET /ticket2/opencms/sv/magazine/article?title=neymar-atervander-hem HTTP/1.1" 200 92544
40.77.167.123 - - [16/Feb/2025:00:57:08 +0100] "GET /ticket2/opencms/sl/buy/?page=1&edid=01A43DF5-256F-8380-5389-DDDBFA700A48 HTTP/1.1" 200 111792
159.138.45.21 - - [16/Feb/2025:00:57:08 +0100] "GET /ticket2/opencms/az/buy?page=1&edid=FABE4148-094C-7239-F6DD-5F6F4EB97A09 HTTP/1.1" 200 135517
20.171.207.223 - - [16/Feb/2025:00:57:09 +0100] "GET /ticket2/opencms/set_aff_cookie.jsp?partner=2E02071B-A8C3-4CBA-3097-C27D61C02ED8&url=%252Fru%252Fbuy%252Findex.html%253Fpage%253D1%2526edid%253D28F0825C-19F9-7A9A-47A6-29D256059C0C%2526hlv%253D611cd235-ad4c-4c35-b83d-5ec50a01000f%2523v_996836129 HTTP/1.1" 200 246
85.208.96.195 - - [16/Feb/2025:00:57:10 +0100] "GET /ticket2/opencms/mo/magazine/article?title=dejan-kulusevski HTTP/1.1" 200 92403
216.244.66.238 - - [16/Feb/2025:00:57:10 +0100] "GET /ticket2/opencms/dk/en/buy/?page=1&edid=B939F61B-1162-C4A7-30F7-5D013667E7F3 HTTP/1.1" 404 -
192.95.30.21 - - [16/Feb/2025:00:57:11 +0100] "GET /ticket2/opencms/fi/login/?edid=44CED33F-42AD-C6D4-14A9-7231DC34EF67 HTTP/1.1" 200 91876
20.171.207.223 - - [16/Feb/2025:00:57:12 +0100] "GET /ticket2/opencms/set_aff_cookie.jsp?partner=57601924-FB09-5BB2-867F-08B4EB522BA8&url=%252Fno%252Fbuy%252Findex.html%253Fpage%253D1%2526edid%253D616E0307-EF5A-C0BC-E2E4-858595D5400D%2526hlv%253D60c9e9a2-9cdc-4853-a67a-271f0a01000f%2523v_812381199 HTTP/1.1" 200 246
35.173.18.61 - - [16/Feb/2025:00:57:12 +0100] "GET /ticket2/opencms/sv/magazine/article?title=vi-ar-det-samsta-laget-i-klubbens-historia HTTP/1.1" 200 93069
20.171.207.223 - - [16/Feb/2025:00:57:14 +0100] "GET /ticket2/opencms/set_aff_cookie.jsp?partner=692E2C6A-EC6F-1C93-AFCC-C5ACC23A93EA&url=%252Fno%252Fbuy%252Findex.html%253Fpage%253D1%2526edid%253DB0BF2090-DE5A-9E6F-DE35-9DF8CEDD4A19%2526hlv%253D611520e4-7394-43b0-8ce7-06860a01000f%2523v_1586635343 HTTP/1.1" 200 247
20.171.207.223 - - [16/Feb/2025:00:57:15 +0100] "GET /ticket2/opencms/set_aff_cookie.jsp?partner=57601924-FB09-5BB2-867F-08B4EB522BA8&url=%252Fnl%252Fbuy%252Findex.html%253Fpage%253D1%2526edid%253D060B85D1-BB32-0F4F-14CC-425372D96ED2%2526hlv%253D610bd02a-11fc-4b83-9afb-16270a01000f%2523v_723503390 HTTP/1.1" 200 246
18.205.213.231 - - [16/Feb/2025:00:57:16 +0100] "GET /ticket2/opencms/sv/magazine/article?title=viktor-gyokeres-till-manchester-united HTTP/1.1" 200 92739
216.244.66.238 - - [16/Feb/2025:00:57:16 +0100] "GET /ticket2/opencms/en/buy/?page=1&edid=1214CA71-E133-56C2-269E-84A390D77B18 HTTP/1.1" 200 106801
52.167.144.140 - - [16/Feb/2025:00:57:16 +0100] "GET /ticket2/opencms/sv/buy/?page=6&comcatid=A17713B6-D984-201A-4143-ED4DB5ED5C2E&catid=42C82D82-D02A-8562-E55C-48ADB3771882 HTTP/1.1" 200 103561
54.36.148.90 - - [16/Feb/2025:00:57:17 +0100] "GET /ticket2/opencms/hu/buy?page=1&edid=D4F26649-49E7-D9AD-008F-6A1EF16B5F3C HTTP/1.1" 200 127398
20.171.207.223 - - [16/Feb/2025:00:57:17 +0100] "GET /ticket2/opencms/set_aff_cookie.jsp?partner=5E0CDF29-E7BE-9F6B-6869-7BF66B04006F&url=%252Ffi%252Fbuy%252Findex.html%253Fpage%253D1%2526edid%253D58849721-189F-D09B-851E-CCAD1153A6C9%2526hlv%253D60c9ddde-72a8-4426-aedc-1de40a01000f%2523v_1606884854 HTTP/1.1" 200 247
192.95.30.21 - - [16/Feb/2025:00:57:19 +0100] "GET /ticket2/opencms/fi/login/?edid=44EDB8B3-B858-A04E-170F-5D68228DD98B HTTP/1.1" 200 91839
52.44.229.124 - - [16/Feb/2025:00:57:20 +0100] "GET /ticket2/opencms/sv/sell/ HTTP/1.1" 302 -
20.171.207.223 - - [16/Feb/2025:00:57:20 +0100] "GET /ticket2/opencms/set_aff_cookie.jsp?partner=692E2C6A-EC6F-1C93-AFCC-C5ACC23A93EA&url=%252Fdk%252Fbuy%252Findex.html%253Fpage%253D1%2526edid%253D47765F02-5EE4-F2A0-55C6-9B445E387E6A%2526hlv%253D61162ffd-dd2c-47f5-b874-6f390a01000f%2523v_807953090 HTTP/1.1" 200 246
114.119.130.154 - - [16/Feb/2025:00:57:20 +0100] "GET /ticket2/opencms/en/venue/?venueid=CA2773F8-740F-6352-4AEF-6499F28E0684 HTTP/1.1" 200 85342
216.244.66.238 - - [16/Feb/2025:00:57:22 +0100] "GET /ticket2/opencms/en/buy/?page=1&edid=6713F743-CFE1-C987-288D-AC8AB79C37B8 HTTP/1.1" 200 116102
20.171.207.223 - - [16/Feb/2025:00:57:22 +0100] "GET /ticket2/opencms/set_aff_cookie.jsp?partner=2E02071B-A8C3-4CBA-3097-C27D61C02ED8&url=%252Fsv%252Fbuy%252Findex.html%253Fpage%253D1%2526edid%253D75FF687A-3DBB-F476-3881-CF5D7FFEBAC0%2526hlv%253D60f82228-4afc-4323-96f8-5e5c0a01000f%2523v_1035886369 HTTP/1.1" 200 247
44.207.207.36 - - [16/Feb/2025:00:57:24 +0100] "GET /ticket2/opencms/be/magazine/article?title=manchester-city-7-games-without-a-win HTTP/1.1" 200 95501
20.171.207.223 - - [16/Feb/2025:00:57:24 +0100] "GET /ticket2/opencms/set_aff_cookie.jsp?partner=57601924-FB09-5BB2-867F-08B4EB522BA8&url=%252Fru%252Fbuy%252Findex.html%253Fpage%253D1%2526edid%253D7D0FDED0-7BC4-4EA6-3DAA-20D3EE07613E%2526hlv%253D60f812e7-9594-448d-b1b9-5b6e0a01000f%2523v_1282656910 HTTP/1.1" 200 247
54.36.148.150 - - [16/Feb/2025:00:57:26 +0100] "GET /ticket2/opencms/hu/buy?page=1&edid=FC400B0C-3F35-28FE-BA32-45A117020656 HTTP/1.1" 200 112099
40.77.167.123 - - [16/Feb/2025:00:57:27 +0100] "GET /ticket2/opencms/fi/buy?page=1&edid=56062CAE-66F5-81C7-DD42-F372CD5AE180 HTTP/1.1" 200 111953
66.249.79.101 - - [16/Feb/2025:00:57:27 +0100] "GET /ticket2/opencms/es/buy/?page=1&edid=1DC40ECC-FC78-CDB2-9510-7E73DAAD0489 HTTP/1.1" 200 90404
44.223.115.10 - - [16/Feb/2025:00:57:27 +0100] "GET /ticket2/opencms/es/sell/ HTTP/1.1" 302 -
40.77.167.123 - - [16/Feb/2025:00:57:28 +0100] "GET /ticket2/opencms/is/buy/?page=1&edid=DB9464FB-86A5-10EB-70F4-441EA85AA18E HTTP/1.1" 200 108646
154.54.249.216 - - [16/Feb/2025:00:57:28 +0100] "GET /ticket2/opencms/mt/buy?page=1&edid=A4CA2F1E-95F7-CE47-5A50-DF7E2BC18D85 HTTP/1.1" 200 120655
20.171.207.223 - - [16/Feb/2025:00:57:28 +0100] "GET /ticket2/opencms/set_aff_cookie.jsp?partner=8F6DE15D-D831-5787-AE7E-FEFF53476F85&url=%252Ffi%252Fbuy%252Findex.html%253Fpage%253D1%2526edid%253DD476BBBD-CF0B-7C17-55DD-EB91C312DE17%2526hlv%253D611bd33a-30dc-434b-af64-57670a01000f%2523v_1515084414 HTTP/1.1" 200 247
192.95.30.21 - - [16/Feb/2025:00:57:28 +0100] "GET /ticket2/opencms/fi/login/?edid=4583F62C-F880-E6C3-C3F7-F692CC3F1DC2 HTTP/1.1" 200 91849
54.235.172.108 - - [16/Feb/2025:00:57:30 +0100] "GET /ticket2/opencms/es/login/?url=/es/sell/ HTTP/1.1" 200 91820
20.171.207.223 - - [16/Feb/2025:00:57:30 +0100] "GET /ticket2/opencms/set_aff_cookie.jsp?partner=2E02071B-A8C3-4CBA-3097-C27D61C02ED8&url=%252Fsv%252Fbuy%252Findex.html%253Fpage%253D1%2526edid%253D3FBB7D7B-D75F-7C1C-78F5-08C145E9FDB1%2526hlv%253D610bce49-dbac-40cd-82a2-16280a01000f%2523v_311654759 HTTP/1.1" 200 246
54.166.104.83 - - [16/Feb/2025:00:57:32 +0100] "GET /ticket2/opencms/be/buy?edid=096598FE-DA35-4351-DFEE-DC9ACA0F0EF9&page=1 HTTP/1.1" 200 137531
20.171.207.223 - - [16/Feb/2025:00:57:33 +0100] "GET /ticket2/opencms/set_aff_cookie.jsp?partner=6F250EA7-4505-FA01-D601-8847F2573405&url=%252Fru%252Fbuy%252Findex.html%253Fpage%253D1%2526edid%253D50F7AB81-6A9C-C90F-2794-DEB00B53E681%2526hlv%253D612aadc9-632c-42b0-ae2d-73000a01000f%2523v_990942129 HTTP/1.1" 200 246
216.244.66.238 - - [16/Feb/2025:00:57:34 +0100] "GET /ticket2/opencms/ga/about/contact/ HTTP/1.1" 200 86302
20.171.207.223 - - [16/Feb/2025:00:57:35 +0100] "GET /ticket2/opencms/set_aff_cookie.jsp?partner=6F250EA7-4505-FA01-D601-8847F2573405&url=%252Ffi%252Fbuy%252Findex.html%253Fpage%253D1%2526edid%253D9AE493CE-16E5-66DA-B419-2CD7D152F786%2526hlv%253D60c9e0c6-a990-44c9-8bc2-22f60a01000f%2523v_385389932 HTTP/1.1" 200 246
192.95.30.21 - - [16/Feb/2025:00:57:36 +0100] "GET /ticket2/opencms/fi/login/?edid=45F6B2AD-17A6-3A66-C509-85761B6A5E9A HTTP/1.1" 200 91850
44.194.134.53 - - [16/Feb/2025:00:57:36 +0100] "GET /ticket2/opencms/be/buy/ HTTP/1.1" 200 90946
114.119.145.123 - - [16/Feb/2025:00:57:36 +0100] "GET /ticket2/opencms/en/venue/?venueid=24F72B39-B955-8335-9AE8-08FED3A112B7 HTTP/1.1" 200 85323
20.171.207.223 - - [16/Feb/2025:00:57:37 +0100] "GET /ticket2/opencms/set_aff_cookie.jsp?partner=6F250EA7-4505-FA01-D601-8847F2573405&url=%252Fnl%252Fbuy%252Findex.html%253Fpage%253D1%2526edid%253D50F7AB81-6A9C-C90F-2794-DEB00B53E681%2526hlv%253D612aadca-1dfc-4e17-8d11-73000a01000f%2523v_174791254 HTTP/1.1" 200 246
20.171.207.223 - - [16/Feb/2025:00:57:38 +0100] "GET /ticket2/opencms/set_aff_cookie.jsp?partner=2E02071B-A8C3-4CBA-3097-C27D61C02ED8&url=%252Fsv%252Fbuy%252Findex.html%253Fpage%253D1%2526edid%253DAF875C00-5192-6C16-B609-B33576461338%2526hlv%253D611bd384-aa3c-4b34-ab7e-57760a01000f%2523v_1563215024 HTTP/1.1" 200 247
54.36.148.232 - - [16/Feb/2025:00:57:40 +0100] "GET /ticket2/opencms/is/buy?page=1&edid=24655ACD-2857-6493-1E75-CE7F2FE875D2 HTTP/1.1" 200 111801
23.21.227.240 - - [16/Feb/2025:00:57:40 +0100] "GET /ticket2/opencms/be/buy/?comcatid=0A6B8208-FDA4-E929-9D72-5312FD481B76 HTTP/1.1" 200 107156
20.171.207.223 - - [16/Feb/2025:00:57:41 +0100] "GET /ticket2/opencms/set_aff_cookie.jsp?partner=5E0CDF29-E7BE-9F6B-6869-7BF66B04006F&url=%252Ffi%252Fbuy%252Findex.html%253Fpage%253D1%2526edid%253D1E25B326-4F8F-7BA0-5AB1-018D89AC8C22%2526hlv%253D60f811ce-9bf8-4533-b514-5a960a01000f%2523v_1417017777 HTTP/1.1" 200 247
85.208.96.195 - - [16/Feb/2025:00:57:42 +0100] "GET /ticket2/opencms/hr/magazine/article?title=novi-kapetan-dejan-kulusevski HTTP/1.1" 200 91801
192.95.30.21 - - [16/Feb/2025:00:57:43 +0100] "GET /ticket2/opencms/fi/login/?edid=4660DE29-C3F1-FFBE-5E6B-4C74E874EC91 HTTP/1.1" 200 91800
20.171.207.223 - - [16/Feb/2025:00:57:44 +0100] "GET /ticket2/opencms/set_aff_cookie.jsp?partner=692E2C6A-EC6F-1C93-AFCC-C5ACC23A93EA&url=%252Ffi%252Fbuy%252Findex.html%253Fpage%253D1%2526edid%253DFD59DED4-6E14-E085-382D-C3619CCA9FA8%2526hlv%253D611519b5-e5e8-4361-b90c-7eaa0a01000f%2523v_136119459 HTTP/1.1" 200 246
52.44.229.124 - - [16/Feb/2025:00:57:45 +0100] "GET /ticket2/opencms/be/buy/?catid=1DB7F66B-473B-B427-F752-358FEEFE8EC0&comcatid=0A6B8208-FDA4-E929-9D72-5312FD481B76 HTTP/1.1" 200 97820
54.36.149.2 - - [16/Feb/2025:00:57:45 +0100] "GET /ticket2/opencms/ka/buy?page=1&edid=D4F26649-49E7-D9AD-008F-6A1EF16B5F3C HTTP/1.1" 200 133524
20.171.207.223 - - [16/Feb/2025:00:57:45 +0100] "GET /ticket2/opencms/set_aff_cookie.jsp?partner=6F250EA7-4505-FA01-D601-8847F2573405&url=%252Ffi%252Fbuy%252Findex.html%253Fpage%253D1%2526edid%253D15AF8D2B-EC86-F832-6A25-EDE861BB730F%2526hlv%253D610bcde8-1d8c-452d-b3a7-146b0a01000f%2523v_1485881210 HTTP/1.1" 200 247
20.171.207.223 - - [16/Feb/2025:00:57:48 +0100] "GET /ticket2/opencms/set_aff_cookie.jsp?partner=2E02071B-A8C3-4CBA-3097-C27D61C02ED8&url=%252Fen%252Fbuy%252Findex.html%253Fpage%253D1%2526edid%253D563FCA46-03ED-44D1-2A64-D153F80207C9%2526hlv%253D60f94e50-9a34-43c7-8c3a-54dd0a01000f%2523v_848023631 HTTP/1.1" 200 246
44.212.106.171 - - [16/Feb/2025:00:57:49 +0100] "GET /ticket2/opencms/be/buy/?catid=26594C33-56CE-F529-FAF3-61AB33F74A3B&comcatid=0A6B8208-FDA4-E929-9D72-5312FD481B76 HTTP/1.1" 200 97839
192.95.30.21 - - [16/Feb/2025:00:57:50 +0100] "GET /ticket2/opencms/fi/login/?edid=46F37BE7-B2F6-BEA5-12C9-E1FFD36B0DD0 HTTP/1.1" 200 91844
190.92.206.62 - - [16/Feb/2025:00:57:50 +0100] "GET /ticket2/opencms/az/buy?page=1&edid=C6D4CC33-AAEC-647E-DD83-3DF39108FACF HTTP/1.1" 200 90517
54.36.148.227 - - [16/Feb/2025:00:57:50 +0100] "GET /ticket2/opencms/bg/buy?page=1&edid=4EF4CC9A-B0ED-46BC-F297-21E10A9EA6B6 HTTP/1.1" 200 114294
20.171.207.223 - - [16/Feb/2025:00:57:51 +0100] "GET /ticket2/opencms/set_aff_cookie.jsp?partner=692E2C6A-EC6F-1C93-AFCC-C5ACC23A93EA&url=%252Fsv%252Fbuy%252Findex.html%253Fpage%253D1%2526edid%253DFF0FFBB7-01D1-CC6B-4FB6-722B87EE8E38%2526hlv%253D60f95f9e-5b90-42fd-95f4-5f760a01000f%2523v_1939971280 HTTP/1.1" 200 247
52.3.26.180 - - [16/Feb/2025:00:57:52 +0100] "GET /ticket2/opencms/be/buy/?catid=3A56B1C2-6FFB-C8D1-B229-B3914D5FF8DF&comcatid=0A6B8208-FDA4-E929-9D72-5312FD481B76 HTTP/1.1" 200 97809
20.171.207.223 - - [16/Feb/2025:00:57:53 +0100] "GET /ticket2/opencms/set_aff_cookie.jsp?partner=2E02071B-A8C3-4CBA-3097-C27D61C02ED8&url=%252Fen%252Fbuy%252Findex.html%253Fpage%253D1%2526edid%253D7BDF5FBF-D958-27AA-DC3E-12B0666E0820%2526hlv%253D611271be-e0c4-4c91-8f9c-2a270a01000f%2523v_975486328 HTTP/1.1" 200 246
20.171.207.223 - - [16/Feb/2025:00:57:54 +0100] "GET /ticket2/opencms/set_aff_cookie.jsp?partner=5E0CDF29-E7BE-9F6B-6869-7BF66B04006F&url=%252Fdk%252Fbuy%252Findex.html%253Fpage%253D1%2526edid%253D50F7AB81-6A9C-C90F-2794-DEB00B53E681%2526hlv%253D612aadca-1a7c-45c8-8509-73000a01000f%2523v_1525798909 HTTP/1.1" 200 247
44.215.235.20 - - [16/Feb/2025:00:57:56 +0100] "GET /ticket2/opencms/be/buy/?catid=412DBCF4-025D-8ABC-7A40-D7C760E055FF&comcatid=0A6B8208-FDA4-E929-9D72-5312FD481B76 HTTP/1.1" 200 97810
216.244.66.238 - - [16/Feb/2025:00:57:57 +0100] "GET /ticket2/opencms/ro/about/contact/ HTTP/1.1" 200 86500
192.95.30.21 - - [16/Feb/2025:00:57:58 +0100] "GET /ticket2/opencms/fi/login/?edid=47E4C29F-87ED-56B6-4058-D325184E756B HTTP/1.1" 200 91792
20.171.207.223 - - [16/Feb/2025:00:57:58 +0100] "GET /ticket2/opencms/set_aff_cookie.jsp?partner=5E0CDF29-E7BE-9F6B-6869-7BF66B04006F&url=%252Fen%252Fbuy%252Findex.html%253Fpage%253D1%2526edid%253DBDC7A9EF-614D-2452-90FC-DE4C80D9457E%2526hlv%253D60f84687-3270-4a3c-b304-6ed00a01000f%2523v_721981760 HTTP/1.1" 200 246
52.167.144.179 - - [16/Feb/2025:00:57:59 +0100] "GET /ticket2/opencms/sv/buy/?page=1&edid=C00598F3-771F-F2DA-6AD6-13D480F47A05 HTTP/1.1" 200 108038
54.36.149.76 - - [16/Feb/2025:00:57:59 +0100] "GET /ticket2/opencms/es/buy?page=1&edid=88EDF4A9-5E03-F703-C548-F2017B42179F HTTP/1.1" 200 90300
20.171.207.223 - - [16/Feb/2025:00:58:00 +0100] "GET /ticket2/opencms/set_aff_cookie.jsp?partner=57601924-FB09-5BB2-867F-08B4EB522BA8&url=%252Fen%252Fbuy%252Findex.html%253Fpage%253D1%2526edid%253D6619AF23-B82A-4933-7AAB-7FCD989DC8B0%2526hlv%253D6145bdcb-8eb8-41ca-9b96-64fe0a01000f%2523v_1487066476 HTTP/1.1" 200 247
44.221.105.234 - - [16/Feb/2025:00:58:00 +0100] "GET /ticket2/opencms/be/buy/?catid=465306FD-802C-5175-10FF-40E426DD2769&comcatid=0A6B8208-FDA4-E929-9D72-5312FD481B76 HTTP/1.1" 200 97869
20.171.207.223 - - [16/Feb/2025:00:58:01 +0100] "GET /ticket2/opencms/set_aff_cookie.jsp?partner=2E02071B-A8C3-4CBA-3097-C27D61C02ED8&url=%252Fen%252Fbuy%252Findex.html%253Fpage%253D1%2526edid%253D2DEDC008-A8E2-8338-9113-89CEDCB5E81A%2526hlv%253D61448ecf-c8b8-47f5-8c20-764e0a01000f%2523v_835171743 HTTP/1.1" 200 246
212.37.113.160 - - [16/Feb/2025:00:58:03 +0100] "GET /ticket2/opencms/sv/sport/fotbollsbiljetter/?gad_source=2&gclid=CjwKCAiAk8G9BhA0EiwAOQxmfhpkoEd0b9Xgh4vtjCUhmB9OWswXL_Zy6aRBHt07I-5pyAei4E8lbBoC9r8QAvD_BwE HTTP/1.1" 200 96028
212.37.113.160 - - [16/Feb/2025:00:58:03 +0100] "GET /ticket2/opencms/system/modules/com.gridnine.opencms.ticketbrokerage.site/resources/css/jquery-ui.css HTTP/1.1" 200 33221
212.37.113.160 - - [16/Feb/2025:00:58:03 +0100] "GET /ticket2/opencms/system/modules/com.gridnine.opencms.ticketbrokerage.site/resources/css/standard.css HTTP/1.1" 200 73904
212.37.113.160 - - [16/Feb/2025:00:58:03 +0100] "GET /ticket2/opencms/system/modules/com.gridnine.opencms.ticketbrokerage.site/resources/css/calendar.css HTTP/1.1" 200 6871
212.37.113.160 - - [16/Feb/2025:00:58:03 +0100] "GET /ticket2/opencms/system/modules/com.gridnine.opencms.ticketbrokerage.site/resources/css/jquery.fancybox.css HTTP/1.1" 200 4939
212.37.113.160 - - [16/Feb/2025:00:58:03 +0100] "GET /ticket2/opencms/system/modules/com.gridnine.opencms.ticketbrokerage.site/resources/js/jquery/jquery.js HTTP/1.1" 200 93868
212.37.113.160 - - [16/Feb/2025:00:58:03 +0100] "GET /ticket2/opencms/system/modules/com.gridnine.opencms.ticketbrokerage.site/resources/js/jquery/jquery-ui.js HTTP/1.1" 200 228088
212.37.113.160 - - [16/Feb/2025:00:58:03 +0100] "GET /ticket2/opencms/system/modules/com.gridnine.opencms.ticketbrokerage.site/resources/js/functions.js HTTP/1.1" 200 1583
212.37.113.160 - - [16/Feb/2025:00:58:03 +0100] "GET /ticket2/opencms/system/modules/com.gridnine.opencms.ticketbrokerage.site/resources/js/calendar.js HTTP/1.1" 200 49229
212.37.113.160 - - [16/Feb/2025:00:58:03 +0100] "GET /ticket2/opencms/system/modules/com.gridnine.opencms.ticketbrokerage.site/resources/js/calendar-en.js HTTP/1.1" 200 3338
212.37.113.160 - - [16/Feb/2025:00:58:03 +0100] "GET /ticket2/opencms/system/modules/com.gridnine.opencms.ticketbrokerage.site/resources/js/jquery.fancybox.pack.js HTTP/1.1" 200 23187
212.37.113.160 - - [16/Feb/2025:00:58:03 +0100] "GET /ticket2/opencms/system/modules/com.gridnine.opencms.ticketbrokerage.site/resources/js/calendar-setup.js HTTP/1.1" 200 4923
212.37.113.160 - - [16/Feb/2025:00:58:03 +0100] "GET /ticket2/opencms/system/modules/com.gridnine.opencms.ticketbrokerage.site/resources/js/stickyfill.min.js HTTP/1.1" 200 5672
212.37.113.160 - - [16/Feb/2025:00:58:03 +0100] "GET /ticket2/opencms/img/icons/en.png HTTP/1.1" 200 2415
212.37.113.160 - - [16/Feb/2025:00:58:03 +0100] "GET /ticket2/opencms/img/icons/se.png HTTP/1.1" 200 1258
212.37.113.160 - - [16/Feb/2025:00:58:03 +0100] "GET /ticket2/opencms/img/icons/no.png HTTP/1.1" 200 1958
212.37.113.160 - - [16/Feb/2025:00:58:03 +0100] "GET /ticket2/opencms/img/icons/fi.png HTTP/1.1" 200 1785
212.37.113.160 - - [16/Feb/2025:00:58:03 +0100] "GET /ticket2/opencms/img/icons/dk.png HTTP/1.1" 200 1706
212.37.113.160 - - [16/Feb/2025:00:58:03 +0100] "GET /ticket2/opencms/system/modules/com.gridnine.opencms.ticketbrokerage.site/resources/js/standard.js HTTP/1.1" 200 3983
212.37.113.160 - - [16/Feb/2025:00:58:03 +0100] "GET /ticket2/opencms/system/modules/com.gridnine.opencms.ticketbrokerage.site/resources/css/ticketbrokerage.css HTTP/1.1" 200 39339
212.37.113.160 - - [16/Feb/2025:00:58:03 +0100] "GET /ticket2/opencms/system/modules/com.gridnine.opencms.ticketbrokerage.site/resources/js/jquery.placeholder.min.js HTTP/1.1" 200 1737
212.37.113.160 - - [16/Feb/2025:00:58:03 +0100] "GET /ticket2/opencms/system/modules/com.gridnine.opencms.ticketbrokerage.site/resources/js/common-ajax.js HTTP/1.1" 200 20175
212.37.113.160 - - [16/Feb/2025:00:58:03 +0100] "GET /ticket2/opencms/system/modules/com.gridnine.opencms.ticketbrokerage.site/resources/pics/logo-new.png HTTP/1.1" 200 13541
212.37.113.160 - - [16/Feb/2025:00:58:03 +0100] "GET /ticket2/opencms/img/insta.png HTTP/1.1" 200 3967
212.37.113.160 - - [16/Feb/2025:00:58:04 +0100] "GET /ticket2/opencms/img/fb.png HTTP/1.1" 200 1269
212.37.113.160 - - [16/Feb/2025:00:58:04 +0100] "GET /ticket2/opencms/img/check.png HTTP/1.1" 200 548
212.37.113.160 - - [16/Feb/2025:00:58:04 +0100] "GET /ticket2/opencms/system/modules/com.gridnine.opencms.ticketbrokerage.site/resources/pics/footer-img.jpg HTTP/1.1" 200 67642
212.37.113.160 - - [16/Feb/2025:00:58:04 +0100] "GET /ticket2/opencms/system/modules/com.gridnine.opencms.ticketbrokerage.site/resources/pics/banners/sv/football_sv.png HTTP/1.1" 200 13104
212.37.113.160 - - [16/Feb/2025:00:58:04 +0100] "GET /ticket2/opencms/img/chat.png HTTP/1.1" 200 416
212.37.113.160 - - [16/Feb/2025:00:58:04 +0100] "GET /ticket2/opencms/img/mail.png HTTP/1.1" 200 403
212.37.113.160 - - [16/Feb/2025:00:58:04 +0100] "GET /ticket2/opencms/img/arrow.png HTTP/1.1" 200 753
20.171.207.223 - - [16/Feb/2025:00:58:04 +0100] "GET /ticket2/opencms/set_aff_cookie.jsp?partner=8F6DE15D-D831-5787-AE7E-FEFF53476F85&url=%252Fru%252Fbuy%252Findex.html%253Fpage%253D1%2526edid%253DC5829853-4CA4-0095-2A28-946BA91BD80E%2526hlv%253D615c4636-deac-4d05-a176-258c0a01000f%2523v_588966137 HTTP/1.1" 200 246
212.37.113.160 - - [16/Feb/2025:00:58:04 +0100] "GET /ticket2/opencms/img/icons/nl.png HTTP/1.1" 200 1255
212.37.113.160 - - [16/Feb/2025:00:58:04 +0100] "GET /ticket2/opencms/img/icons/de.png HTTP/1.1" 200 1124
212.37.113.160 - - [16/Feb/2025:00:58:04 +0100] "GET /ticket2/opencms/img/icons/fr.png HTTP/1.1" 200 1764
212.37.113.160 - - [16/Feb/2025:00:58:04 +0100] "GET /ticket2/opencms/img/icons/globe-white.png HTTP/1.1" 200 947
212.37.113.160 - - [16/Feb/2025:00:58:04 +0100] "GET /ticket2/opencms/img/icons/es.png HTTP/1.1" 200 1005
212.37.113.160 - - [16/Feb/2025:00:58:04 +0100] "GET /ticket2/opencms/img/icons/it.png HTTP/1.1" 200 2040
212.37.113.160 - - [16/Feb/2025:00:58:04 +0100] "GET /ticket2/opencms/img/icons/az.png HTTP/1.1" 200 1445
212.37.113.160 - - [16/Feb/2025:00:58:04 +0100] "GET /ticket2/opencms/img/icons/pl.png HTTP/1.1" 200 1578
212.37.113.160 - - [16/Feb/2025:00:58:04 +0100] "GET /ticket2/opencms/img/icons/be.png HTTP/1.1" 200 1663
212.37.113.160 - - [16/Feb/2025:00:58:04 +0100] "GET /ticket2/opencms/img/icons/sq.png HTTP/1.1" 200 1619
212.37.113.160 - - [16/Feb/2025:00:58:05 +0100] "GET /ticket2/opencms/img/icons/bs.png HTTP/1.1" 200 1014
212.37.113.160 - - [16/Feb/2025:00:58:05 +0100] "GET /ticket2/opencms/img/icons/bg.png HTTP/1.1" 200 788
212.37.113.160 - - [16/Feb/2025:00:58:05 +0100] "GET /ticket2/opencms/img/icons/cs.png HTTP/1.1" 200 1883
212.37.113.160 - - [16/Feb/2025:00:58:05 +0100] "GET /ticket2/opencms/img/icons/el.png HTTP/1.1" 200 1637
212.37.113.160 - - [16/Feb/2025:00:58:05 +0100] "GET /ticket2/opencms/img/icons/et.png HTTP/1.1" 200 754
212.37.113.160 - - [16/Feb/2025:00:58:05 +0100] "GET /ticket2/opencms/img/icons/hr.png HTTP/1.1" 200 2024
52.6.5.24 - - [16/Feb/2025:00:58:05 +0100] "GET /ticket2/opencms/be/buy/?catid=53E7B32E-5CAA-6CE7-D6AA-FFC41D70EE01&comcatid=0A6B8208-FDA4-E929-9D72-5312FD481B76 HTTP/1.1" 200 108634
54.36.148.98 - - [16/Feb/2025:00:58:05 +0100] "GET /ticket2/opencms/en/buy?page=1&edid=7011CD73-0694-9A63-C506-082352979D62 HTTP/1.1" 200 106788
192.95.30.21 - - [16/Feb/2025:00:58:06 +0100] "GET /ticket2/opencms/fi/login/?edid=47EBAE6F-817A-37A2-D93C-48B4FE4F8A77 HTTP/1.1" 200 91789
20.171.207.223 - - [16/Feb/2025:00:58:07 +0100] "GET /ticket2/opencms/set_aff_cookie.jsp?partner=2E02071B-A8C3-4CBA-3097-C27D61C02ED8&url=%252Fdk%252Fbuy%252Findex.html%253Fpage%253D1%2526edid%253DBD803897-0AF1-6865-317A-1580BE02E250%2526hlv%253D6145b595-ab50-4c40-9f36-62450a01000f%2523v_857712817 HTTP/1.1" 200 246
216.244.66.238 - - [16/Feb/2025:00:58:08 +0100] "GET /ticket2/opencms/sv/sport/fotbollsbiljetter/capital_one_cup/ HTTP/1.1" 200 -
20.171.207.223 - - [16/Feb/2025:00:58:08 +0100] "GET /ticket2/opencms/set_aff_cookie.jsp?partner=2E02071B-A8C3-4CBA-3097-C27D61C02ED8&url=%252Fen%252Fbuy%252Findex.html%253Fpage%253D1%2526edid%253D038E9D5D-F853-3E62-678F-9F575C0DA65A%2526hlv%253D614495d3-59fc-4e5c-880d-78d70a01000f%2523v_905326068 HTTP/1.1" 200 246
18.213.240.226 - - [16/Feb/2025:00:58:08 +0100] "GET /ticket2/opencms/be/buy/?catid=5ED34547-492C-90DA-709D-448345844685&comcatid=0A6B8208-FDA4-E929-9D72-5312FD481B76 HTTP/1.1" 200 97893
69.171.230.14 - - [16/Feb/2025:00:58:10 +0100] "GET /ticket2/opencms/cs/buy?page=1&edid=81ED6DDC-8A95-C021-CA9A-A72788EB9E3B HTTP/1.1" 200 112025
20.171.207.223 - - [16/Feb/2025:00:58:11 +0100] "GET /ticket2/opencms/set_aff_cookie.jsp?partner=5E0CDF29-E7BE-9F6B-6869-7BF66B04006F&url=%252Fdk%252Fbuy%252Findex.html%253Fpage%253D1%2526edid%253DF361BEA1-1935-C288-74DA-DA856858E300%2526hlv%253D60ca15fb-6840-4bd5-80f5-3bec0a01000f%2523v_582464153 HTTP/1.1" 200 246
54.36.148.125 - - [16/Feb/2025:00:58:12 +0100] "GET /ticket2/opencms/fr/buy?page=1&edid=BE18676F-AB94-E65E-A849-408190E75353 HTTP/1.1" 200 117601
216.244.66.238 - - [16/Feb/2025:00:58:12 +0100] "GET /ticket2/opencms/sv/tickets/inter/sampdoria.html HTTP/1.1" 200 92853
192.95.30.21 - - [16/Feb/2025:00:58:12 +0100] "GET /ticket2/opencms/fi/login/?edid=48E72B51-00CE-CE36-D8BB-29D37358C55B HTTP/1.1" 200 91827
3.225.9.97 - - [16/Feb/2025:00:58:12 +0100] "GET /ticket2/opencms/be/buy/?catid=8E4972FC-6E2C-77A4-BB9D-D67BD270A641&comcatid=0A6B8208-FDA4-E929-9D72-5312FD481B76 HTTP/1.1" 200 97905
202.8.41.31 - - [16/Feb/2025:00:58:13 +0100] "GET /ticket2/opencms/system/modules/com.gridnine.opencms.ticketbrokerage.site/resources/css/ticketbrokerage.css HTTP/1.1" 200 39339
202.8.41.31 - - [16/Feb/2025:00:58:13 +0100] "GET /ticket2/opencms/system/modules/com.gridnine.opencms.ticketbrokerage.site/resources/css/jquery-ui.css HTTP/1.1" 200 33221
202.8.41.31 - - [16/Feb/2025:00:58:13 +0100] "GET /ticket2/opencms/system/modules/com.gridnine.opencms.ticketbrokerage.site/resources/css/calendar.css HTTP/1.1" 200 6871
202.8.41.31 - - [16/Feb/2025:00:58:13 +0100] "GET /ticket2/opencms/system/modules/com.gridnine.opencms.ticketbrokerage.site/resources/css/jquery.fancybox.css HTTP/1.1" 200 4939
202.8.41.31 - - [16/Feb/2025:00:58:13 +0100] "GET /ticket2/opencms/system/modules/com.gridnine.opencms.ticketbrokerage.site/resources/css/standard.css HTTP/1.1" 200 73904
202.8.41.31 - - [16/Feb/2025:00:58:13 +0100] "GET /ticket2/opencms/system/modules/com.gridnine.opencms.ticketbrokerage.site/resources/js/jquery/jquery.js HTTP/1.1" 200 93868
202.8.41.31 - - [16/Feb/2025:00:58:13 +0100] "GET /ticket2/opencms/system/modules/com.gridnine.opencms.ticketbrokerage.site/resources/js/jquery/jquery-ui.js HTTP/1.1" 200 228088
202.8.41.31 - - [16/Feb/2025:00:58:13 +0100] "GET /ticket2/opencms/system/modules/com.gridnine.opencms.ticketbrokerage.site/resources/js/calendar.js HTTP/1.1" 200 49229
202.8.41.31 - - [16/Feb/2025:00:58:13 +0100] "GET /ticket2/opencms/system/modules/com.gridnine.opencms.ticketbrokerage.site/resources/js/functions.js HTTP/1.1" 200 1583
202.8.41.31 - - [16/Feb/2025:00:58:13 +0100] "GET /ticket2/opencms/system/modules/com.gridnine.opencms.ticketbrokerage.site/resources/js/calendar-en.js HTTP/1.1" 200 3338
202.8.41.31 - - [16/Feb/2025:00:58:13 +0100] "GET /ticket2/opencms/system/modules/com.gridnine.opencms.ticketbrokerage.site/resources/js/calendar-setup.js HTTP/1.1" 200 4923
202.8.41.31 - - [16/Feb/2025:00:58:13 +0100] "GET /ticket2/opencms/system/modules/com.gridnine.opencms.ticketbrokerage.site/resources/js/jquery.fancybox.pack.js HTTP/1.1" 200 23187
202.8.41.31 - - [16/Feb/2025:00:58:13 +0100] "GET /ticket2/opencms/system/modules/com.gridnine.opencms.ticketbrokerage.site/resources/js/stickyfill.min.js HTTP/1.1" 200 5672
202.8.41.31 - - [16/Feb/2025:00:58:13 +0100] "GET /ticket2/opencms/system/modules/com.gridnine.opencms.ticketbrokerage.site/resources/js/standard.js HTTP/1.1" 200 3983
202.8.41.31 - - [16/Feb/2025:00:58:13 +0100] "GET /ticket2/opencms/system/modules/com.gridnine.opencms.ticketbrokerage.site/resources/js/jquery.placeholder.min.js HTTP/1.1" 200 1737
202.8.41.31 - - [16/Feb/2025:00:58:13 +0100] "GET /ticket2/opencms/system/modules/com.gridnine.opencms.ticketbrokerage.site/resources/js/common-ajax.js HTTP/1.1" 200 20175
202.8.41.31 - - [16/Feb/2025:00:58:13 +0100] "GET /ticket2/opencms/fr/ask-form.html HTTP/1.1" 200 3156
202.8.41.31 - - [16/Feb/2025:00:58:13 +0100] "GET /ticket2/opencms/system/modules/com.gridnine.opencms.ticketbrokerage.site/resources/css/ticketbrokerage.css HTTP/1.1" 200 39339
47.128.35.96 - - [16/Feb/2025:00:58:14 +0100] "GET /ticket2/opencms/be/sport/futbol-kvitki/champions-league/bayern-munchen/ HTTP/1.1" 200 99013
89.58.0.163 - - [16/Feb/2025:00:58:14 +0100] "GET /ticket2/opencms/sv/ HTTP/1.1" 200 108498
20.171.207.223 - - [16/Feb/2025:00:58:15 +0100] "GET /ticket2/opencms/set_aff_cookie.jsp?partner=6F250EA7-4505-FA01-D601-8847F2573405&url=%252Fnl%252Fbuy%252Findex.html%253Fpage%253D1%2526edid%253D038E9D5D-F853-3E62-678F-9F575C0DA65A%2526hlv%253D611baa54-a85c-43f5-b09b-44ec0a01000f%2523v_1466311741 HTTP/1.1" 200 247
50.16.216.166 - - [16/Feb/2025:00:58:16 +0100] "GET /ticket2/opencms/be/buy/?catid=A05A53F7-423D-23BE-575E-EA7B67DE22D9&comcatid=0A6B8208-FDA4-E929-9D72-5312FD481B76 HTTP/1.1" 200 98045
20.171.207.223 - - [16/Feb/2025:00:58:16 +0100] "GET /ticket2/opencms/set_aff_cookie.jsp?partner=6F250EA7-4505-FA01-D601-8847F2573405&url=%252Fsv%252Fbuy%252Findex.html%253Fpage%253D1%2526edid%253DD476BBBD-CF0B-7C17-55DD-EB91C312DE17%2526hlv%253D611bd33a-2828-4ef7-be8d-57670a01000f%2523v_105173797 HTTP/1.1" 200 246
20.171.207.223 - - [16/Feb/2025:00:58:18 +0100] "GET /ticket2/opencms/set_aff_cookie.jsp?partner=6F250EA7-4505-FA01-D601-8847F2573405&url=%252Fno%252Fbuy%252Findex.html%253Fpage%253D1%2526edid%253D17ABEF83-A306-7DC9-F266-4B55FF85626E%2526hlv%253D60f812ba-ba8c-4f0c-9f9e-5b6f0a01000f%2523v_311105709 HTTP/1.1" 200 246
52.73.142.41 - - [16/Feb/2025:00:58:20 +0100] "GET /ticket2/opencms/be/buy/?catid=AD8E612F-0F0B-03C9-5236-E4F8B6523945&comcatid=0A6B8208-FDA4-E929-9D72-5312FD481B76 HTTP/1.1" 200 97891
20.171.207.223 - - [16/Feb/2025:00:58:21 +0100] "GET /ticket2/opencms/set_aff_cookie.jsp?partner=8F6DE15D-D831-5787-AE7E-FEFF53476F85&url=%252Ffi%252Fbuy%252Findex.html%253Fpage%253D1%2526edid%253D57F1274B-A913-F13A-767C-8AD05F72EBC4%2526hlv%253D610bcf68-a4e4-4222-847c-15e00a01000f%2523v_235362595 HTTP/1.1" 200 246
192.95.30.21 - - [16/Feb/2025:00:58:22 +0100] "GET /ticket2/opencms/fi/login/?edid=492C270D-AAEA-3890-F385-951BFDA8F433 HTTP/1.1" 200 91752
20.171.207.223 - - [16/Feb/2025:00:58:23 +0100] "GET /ticket2/opencms/set_aff_cookie.jsp?partner=8F6DE15D-D831-5787-AE7E-FEFF53476F85&url=%252Fdk%252Fbuy%252Findex.html%253Fpage%253D1%2526edid%253D11CA2095-DE4E-F08C-CA73-D1F7DF0C2455%2526hlv%253D60c9deb0-024c-411e-a495-21d20a01000f%2523v_933859451 HTTP/1.1" 200 246
20.171.207.223 - - [16/Feb/2025:00:58:24 +0100] "GET /ticket2/opencms/set_aff_cookie.jsp?partner=6F250EA7-4505-FA01-D601-8847F2573405&url=%252Fru%252Fbuy%252Findex.html%253Fpage%253D1%2526edid%253D3754A801-0360-9F1A-6DA4-BE3220BB9FC0%2526hlv%253D60ca1cda-cf38-4759-9fe9-3f5d0a01000f%2523v_134581457 HTTP/1.1" 200 246
18.205.127.11 - - [16/Feb/2025:00:58:25 +0100] "GET /ticket2/opencms/be/buy/?catid=CB847559-7ECA-CC50-D7D2-064AF0C06FB1&comcatid=0A6B8208-FDA4-E929-9D72-5312FD481B76 HTTP/1.1" 200 97798
20.171.207.223 - - [16/Feb/2025:00:58:26 +0100] "GET /ticket2/opencms/set_aff_cookie.jsp?partner=2E02071B-A8C3-4CBA-3097-C27D61C02ED8&url=%252Fno%252Fbuy%252Findex.html%253Fpage%253D1%2526edid%253DAF60E88C-EE77-AC95-8E7E-8A264BC7C787%2526hlv%253D611e2303-98d0-4736-b843-23b50a01000f%2523v_678149771 HTTP/1.1" 200 246
44.218.170.184 - - [16/Feb/2025:00:58:28 +0100] "GET /ticket2/opencms/be/buy/?catid=FCA7FF95-260A-464B-B6FF-A820FCE7DFEF&comcatid=0A6B8208-FDA4-E929-9D72-5312FD481B76 HTTP/1.1" 200 97864
192.95.30.21 - - [16/Feb/2025:00:58:29 +0100] "GET /ticket2/opencms/fi/login/?edid=49D8C017-6E14-30F3-126A-0488D76DB7BC HTTP/1.1" 200 91804
46.250.169.74 - - [16/Feb/2025:00:58:30 +0100] "GET /ticket2/opencms/az/buy/?page=1&edid=A367E45B-3A92-9918-D8BD-F38EEE247BF6 HTTP/1.1" 200 109096
20.171.207.223 - - [16/Feb/2025:00:58:30 +0100] "GET /ticket2/opencms/set_aff_cookie.jsp?partner=6F250EA7-4505-FA01-D601-8847F2573405&url=%252Fdk%252Fbuy%252Findex.html%253Fpage%253D1%2526edid%253D09EE96B0-CD8C-CFD6-7FFB-CA08AF021FC9%2526hlv%253D60c9e723-2d0c-4a9e-b017-25320a01000f%2523v_1827085331 HTTP/1.1" 200 247
20.171.207.223 - - [16/Feb/2025:00:58:31 +0100] "GET /ticket2/opencms/set_aff_cookie.jsp?partner=8F6DE15D-D831-5787-AE7E-FEFF53476F85&url=%252Fru%252Fbuy%252Findex.html%253Fpage%253D1%2526edid%253DDD7009E0-BEDD-5FDF-FBEC-9803C9276491%2526hlv%253D611babab-5104-4117-80da-45c30a01000f%2523v_290625067 HTTP/1.1" 200 246
23.23.213.182 - - [16/Feb/2025:00:58:32 +0100] "GET /ticket2/opencms/be/buy/?edid=2D210BFD-73B3-FBB7-71E1-6587B60103F1&page=1 HTTP/1.1" 200 123149
20.171.207.223 - - [16/Feb/2025:00:58:34 +0100] "GET /ticket2/opencms/set_aff_cookie.jsp?partner=5E0CDF29-E7BE-9F6B-6869-7BF66B04006F&url=%252Fru%252Fbuy%252Findex.html%253Fpage%253D1%2526edid%253D2E7C3DB6-FDBC-8B55-9268-E31142D44B61%2526hlv%253D612b52fb-3944-4c3e-afc4-3cac0a01000f%2523v_776944413 HTTP/1.1" 200 246
114.119.130.154 - - [16/Feb/2025:00:58:35 +0100] "GET /ticket2/opencms/mk/buy?page=1&=3F7BA072-6294-6013-6B32-056BC5946D2B HTTP/1.1" 404 -
192.95.30.21 - - [16/Feb/2025:00:58:35 +0100] "GET /ticket2/opencms/fi/login/?edid=4A644F79-03D4-1407-F30E-5603B128C97F HTTP/1.1" 200 91815
114.119.133.220 - - [16/Feb/2025:00:58:36 +0100] "GET /ticket2/opencms/es/buy/?page=1&edid=42E8617D-7ECE-B375-F977-D5B4ED32BE05 HTTP/1.1" 200 108665
98.83.94.113 - - [16/Feb/2025:00:58:36 +0100] "GET /ticket2/opencms/be/buy/?edid=3571A1A0-959E-2767-C9C5-76572809AC2B&page=1 HTTP/1.1" 200 112651
20.171.207.223 - - [16/Feb/2025:00:58:38 +0100] "GET /ticket2/opencms/set_aff_cookie.jsp?partner=692E2C6A-EC6F-1C93-AFCC-C5ACC23A93EA&url=%252Fdk%252Fbuy%252Findex.html%253Fpage%253D1%2526edid%253D5A67179D-C7BD-4086-88F3-90FE704053E2%2526hlv%253D60cb5c85-1854-4a18-b003-42270a01000f%2523v_491608596 HTTP/1.1" 200 246
20.171.207.223 - - [16/Feb/2025:00:58:39 +0100] "GET /ticket2/opencms/set_aff_cookie.jsp?partner=692E2C6A-EC6F-1C93-AFCC-C5ACC23A93EA&url=%252Fsv%252Fbuy%252Findex.html%253Fpage%253D1%2526edid%253DEC69EA6C-C3B0-8D83-259D-18CE53C6C52E%2526hlv%253D611bd362-8210-4e3e-9e3e-57120a01000f%2523v_1465742034 HTTP/1.1" 200 247
52.200.58.199 - - [16/Feb/2025:00:58:40 +0100] "GET /ticket2/opencms/be/buy/?edid=3EACF9E2-ABC6-108D-E866-9803A85B9A14&page=1 HTTP/1.1" 200 110085
54.36.148.114 - - [16/Feb/2025:00:58:41 +0100] "GET /ticket2/opencms/nl/login HTTP/1.1" 200 89758
20.171.207.223 - - [16/Feb/2025:00:58:41 +0100] "GET /ticket2/opencms/set_aff_cookie.jsp?partner=57601924-FB09-5BB2-867F-08B4EB522BA8&url=%252Fru%252Fbuy%252Findex.html%253Fpage%253D1%2526edid%253D9247E57F-45C6-02AB-BF4B-104F5210D220%2526hlv%253D612b51b7-ff4c-4c14-a877-3c0e0a01000f%2523v_1315689899 HTTP/1.1" 200 247
192.95.30.21 - - [16/Feb/2025:00:58:43 +0100] "GET /ticket2/opencms/fi/login/?edid=4BB86639-5E8A-308E-E195-0856E56FD3F8 HTTP/1.1" 200 91835
185.191.171.14 - - [16/Feb/2025:00:58:44 +0100] "GET /ticket2/opencms/is/magazine/article?title=chelsea-gegn-tottenham-2-0 HTTP/1.1" 200 94247
34.231.156.59 - - [16/Feb/2025:00:58:45 +0100] "GET /ticket2/opencms/be/buy/?edid=496CD62B-3F1C-D34A-3597-57C5C053F18F&page=1 HTTP/1.1" 200 123242
20.171.207.223 - - [16/Feb/2025:00:58:45 +0100] "GET /ticket2/opencms/set_aff_cookie.jsp?partner=5E0CDF29-E7BE-9F6B-6869-7BF66B04006F&url=%252Fdk%252Fbuy%252Findex.html%253Fpage%253D1%2526edid%253D963895FF-8589-B7C5-5491-D5A774B04B1A%2526hlv%253D60f84b55-9658-4d07-8889-72a90a01000f%2523v_2134838229 HTTP/1.1" 200 247
20.171.207.223 - - [16/Feb/2025:00:58:46 +0100] "GET /ticket2/opencms/set_aff_cookie.jsp?partner=8F6DE15D-D831-5787-AE7E-FEFF53476F85&url=%252Fen%252Fbuy%252Findex.html%253Fpage%253D1%2526edid%253DB12EFA8D-4EC4-DDCD-8B91-E676E87E71DF%2526hlv%253D60f957c0-0644-4cf9-a78c-58a00a01000f%2523v_1769187567 HTTP/1.1" 200 247
20.171.207.223 - - [16/Feb/2025:00:58:48 +0100] "GET /ticket2/opencms/set_aff_cookie.jsp?partner=6F250EA7-4505-FA01-D601-8847F2573405&url=%252Fdk%252Fbuy%252Findex.html%253Fpage%253D1%2526edid%253DA73DC26A-C09B-B100-FC55-39C72071D588%2526hlv%253D61126dfc-5a80-41d9-a4f2-28a50a01000f%2523v_1272309672 HTTP/1.1" 200 247
20.171.207.223 - - [16/Feb/2025:00:58:49 +0100] "GET /ticket2/opencms/set_aff_cookie.jsp?partner=57601924-FB09-5BB2-867F-08B4EB522BA8&url=%252Fnl%252Fbuy%252Findex.html%253Fpage%253D1%2526edid%253D37CCBCCA-CDAD-6DBB-02E4-092F4F3842E9%2526hlv%253D60f84b84-a954-428f-8362-6f870a01000f%2523v_1829494421 HTTP/1.1" 200 247
100.29.155.89 - - [16/Feb/2025:00:58:49 +0100] "GET /ticket2/opencms/be/buy/?edid=4E121EC7-87EA-ACE7-3E61-53A747B52A04&page=1 HTTP/1.1" 200 110122
192.95.30.21 - - [16/Feb/2025:00:58:49 +0100] "GET /ticket2/opencms/fi/login/?edid=4D569333-A725-AF23-311D-520AB9757B29 HTTP/1.1" 200 91814
54.36.148.113 - - [16/Feb/2025:00:58:50 +0100] "GET /ticket2/opencms/bs/buy?page=1&edid=8085E80D-BC8F-CDCF-7CC8-2F497FE082D3 HTTP/1.1" 200 138032
85.208.96.199 - - [16/Feb/2025:00:58:51 +0100] "GET /ticket2/opencms/sq/magazine/article?title=tottenham-burnley-2024-05-11 HTTP/1.1" 200 92171
52.203.68.145 - - [16/Feb/2025:00:58:52 +0100] "GET /ticket2/opencms/be/buy/?edid=5CA212A9-5EDB-CCAD-DF13-49AC99A9E66C&page=1 HTTP/1.1" 200 112637
192.95.30.21 - - [16/Feb/2025:00:58:53 +0100] "GET /ticket2/opencms/fi/login/?edid=4DF0D9FC-63B4-BC0C-C1C6-5A8F2E684398 HTTP/1.1" 200 91786
20.171.207.223 - - [16/Feb/2025:00:58:53 +0100] "GET /ticket2/opencms/set_aff_cookie.jsp?partner=692E2C6A-EC6F-1C93-AFCC-C5ACC23A93EA&url=%252Fno%252Fbuy%252Findex.html%253Fpage%253D1%2526edid%253DBD803897-0AF1-6865-317A-1580BE02E250%2526hlv%253D60ca1e6f-ae14-43b4-9598-40890a01000f%2523v_109091888 HTTP/1.1" 200 246
20.171.207.223 - - [16/Feb/2025:00:58:55 +0100] "GET /ticket2/opencms/set_aff_cookie.jsp?partner=6F250EA7-4505-FA01-D601-8847F2573405&url=%252Ffi%252Fbuy%252Findex.html%253Fpage%253D1%2526edid%253DE3B46C02-527F-BFED-1199-3D6C38556545%2526hlv%253D6145d3fa-6d58-4f18-ba49-6b0b0a01000f%2523v_1217285456 HTTP/1.1" 200 247
20.171.207.223 - - [16/Feb/2025:00:58:56 +0100] "GET /ticket2/opencms/set_aff_cookie.jsp?partner=2E02071B-A8C3-4CBA-3097-C27D61C02ED8&url=%252Fnl%252Fbuy%252Findex.html%253Fpage%253D1%2526edid%253D89FE7505-90F7-E10A-4E29-615C9B572E94%2526hlv%253D614d71c9-fe68-4019-99ef-779c0a01000f%2523v_1728075665 HTTP/1.1" 200 247
85.208.96.208 - - [16/Feb/2025:00:58:56 +0100] "GET /ticket2/opencms/sites/ticketbrokerage/partners/ HTTP/1.1" 404 -
34.196.237.236 - - [16/Feb/2025:00:58:57 +0100] "GET /ticket2/opencms/be/buy/?edid=6BB08CE9-0D81-41FE-EE1F-F84E2D4B4721&page=1 HTTP/1.1" 200 112664
192.95.30.21 - - [16/Feb/2025:00:58:57 +0100] "GET /ticket2/opencms/fi/login/?edid=4DFD725A-4EAE-5578-E2C8-F093AEA223CD HTTP/1.1" 200 91754
54.36.149.21 - - [16/Feb/2025:00:58:58 +0100] "GET /ticket2/opencms/en/venue/?countryid=D9C90621-DB02-1B5C-863E-8CD5BDDB79A4 HTTP/1.1" 200 114726
3.220.70.171 - - [16/Feb/2025:00:59:01 +0100] "GET /ticket2/opencms/be/buy/?edid=72D44309-5F0D-DDAA-4152-51321DBF919E&page=1 HTTP/1.1" 200 110066
192.95.30.21 - - [16/Feb/2025:00:59:02 +0100] "GET /ticket2/opencms/fi/login/?edid=4EFD7CD3-3CCD-738E-DDE8-5250B4FC1DE6 HTTP/1.1" 200 91896
20.171.207.223 - - [16/Feb/2025:00:59:02 +0100] "GET /ticket2/opencms/set_aff_cookie.jsp?partner=5E0CDF29-E7BE-9F6B-6869-7BF66B04006F&url=%252Fsv%252Fbuy%252Findex.html%253Fpage%253D1%2526edid%253D2DC06F61-5D5D-7D55-527B-266122082029%2526hlv%253D60f5c54d-c8bc-4055-b5c0-1e9c0a01000f%2523v_1459034665 HTTP/1.1" 200 247
20.171.207.223 - - [16/Feb/2025:00:59:02 +0100] "GET /ticket2/opencms/set_aff_cookie.jsp?partner=8F6DE15D-D831-5787-AE7E-FEFF53476F85&url=%252Fru%252Fbuy%252Findex.html%253Fpage%253D1%2526edid%253D2DEDC008-A8E2-8338-9113-89CEDCB5E81A%2526hlv%253D614ed593-4fb0-4eed-b4b1-7b690a01000f%2523v_1470000484 HTTP/1.1" 200 247
20.171.207.223 - - [16/Feb/2025:00:59:04 +0100] "GET /ticket2/opencms/set_aff_cookie.jsp?partner=2E02071B-A8C3-4CBA-3097-C27D61C02ED8&url=%252Fdk%252Fbuy%252Findex.html%253Fpage%253D1%2526edid%253D57F1274B-A913-F13A-767C-8AD05F72EBC4%2526hlv%253D610bcf68-2400-4eb8-8648-15e00a01000f%2523v_1506776308 HTTP/1.1" 200 247
18.205.91.101 - - [16/Feb/2025:00:59:04 +0100] "GET /ticket2/opencms/be/buy/?edid=7A1DF71C-A099-266B-FA44-13983A11D037&page=1 HTTP/1.1" 200 110345
192.95.30.21 - - [16/Feb/2025:00:59:05 +0100] "GET /ticket2/opencms/fi/login/?edid=50B41314-485A-DCFC-6E02-326077D4DE43 HTTP/1.1" 200 91821
124.243.179.17 - - [16/Feb/2025:00:59:06 +0100] "GET /ticket2/opencms/az/buy?page=1&edid=496CD62B-3F1C-D34A-3597-57C5C053F18F HTTP/1.1" 200 121386
20.171.207.223 - - [16/Feb/2025:00:59:08 +0100] "GET /ticket2/opencms/set_aff_cookie.jsp?partner=8F6DE15D-D831-5787-AE7E-FEFF53476F85&url=%252Fru%252Fbuy%252Findex.html%253Fpage%253D1%2526edid%253D3754A801-0360-9F1A-6DA4-BE3220BB9FC0%2526hlv%253D60ca1b7a-6f9c-41ab-83cf-3e450a01000f%2523v_1859182412 HTTP/1.1" 200 247
