20.171.207.223 - - [16/Feb/2025:01:14:03 +0100] "GET /ticket2/opencms/set_aff_cookie.jsp?partner=692E2C6A-EC6F-1C93-AFCC-C5ACC23A93EA&url=%252Fdk%252Fbuy%252Findex.html%253Fpage%253D1%2526edid%253D8C84F5E0-FA25-C5E3-D5D6-2695128F01FC%2526hlv%253D60c9eb03-c864-4461-9205-28310a01000f%2523v_1053228634 HTTP/1.1" 200 247
20.171.207.223 - - [16/Feb/2025:01:14:05 +0100] "GET /ticket2/opencms/set_aff_cookie.jsp?partner=8F6DE15D-D831-5787-AE7E-FEFF53476F85&url=%252Fdk%252Fbuy%252Findex.html%253Fpage%253D1%2526edid%253DE0B4B777-7EB3-2A8E-35EC-2CB7F8614609%2526hlv%253D60f821e9-6934-4fd7-9026-60250a01000f%2523v_469118774 HTTP/1.1" 200 246
112.86.225.75 - - [16/Feb/2025:01:14:05 +0100] "GET /ticket2/opencms/en/ HTTP/1.1" 200 107173
54.91.122.193 - - [16/Feb/2025:01:14:06 +0100] "GET /ticket2/opencms/be/buy/?edid=36B8587B-9BD4-1599-9368-E59F9780F9A9&page=1 HTTP/1.1" 200 147446
20.171.207.223 - - [16/Feb/2025:01:14:06 +0100] "GET /ticket2/opencms/set_aff_cookie.jsp?partner=692E2C6A-EC6F-1C93-AFCC-C5ACC23A93EA&url=%252Fdk%252Fbuy%252Findex.html%253Fpage%253D1%2526edid%253D50F7AB81-6A9C-C90F-2794-DEB00B53E681%2526hlv%253D612aadca-ff28-4c6c-8280-73000a01000f%2523v_203277613 HTTP/1.1" 200 246
20.171.207.223 - - [16/Feb/2025:01:14:07 +0100] "GET /ticket2/opencms/set_aff_cookie.jsp?partner=692E2C6A-EC6F-1C93-AFCC-C5ACC23A93EA&url=%252Fdk%252Fbuy%252Findex.html%253Fpage%253D1%2526edid%253D4E106B5B-D146-527B-52D2-7FE76AA90207%2526hlv%253D60f95807-391c-48a0-953c-590b0a01000f%2523v_572912572 HTTP/1.1" 200 246
95.91.104.62 - - [16/Feb/2025:01:14:07 +0100] "GET /ticket2/opencms/dk/login/?edid=6629938D-A6E5-DFC1-3AB0-2416CB373D79 HTTP/1.1" 200 90603
195.191.219.131 - - [16/Feb/2025:01:14:07 +0100] "GET /ticket2/opencms/fi/login/?edid=A2A4078E-C8E8-C113-199B-69C1FEB231B0 HTTP/1.1" 200 91878
50.16.248.61 - - [16/Feb/2025:01:14:08 +0100] "GET /ticket2/opencms/be/buy/?edid=3FB52ADD-0B76-D8A6-EF8F-19BF0AABB668&page=1 HTTP/1.1" 200 113384
54.36.149.60 - - [16/Feb/2025:01:14:09 +0100] "GET /ticket2/opencms/hu/buy?page=1&edid=24655ACD-2857-6493-1E75-CE7F2FE875D2 HTTP/1.1" 200 112000
195.191.219.131 - - [16/Feb/2025:01:14:11 +0100] "GET /ticket2/opencms/fi/login/?edid=AA8C5089-9B5D-0C1A-1662-169B0C579120 HTTP/1.1" 200 91806
20.171.207.223 - - [16/Feb/2025:01:14:11 +0100] "GET /ticket2/opencms/set_aff_cookie.jsp?partner=8F6DE15D-D831-5787-AE7E-FEFF53476F85&url=%252Ffi%252Fbuy%252Findex.html%253Fpage%253D1%2526edid%253D3830122A-8C0B-09CA-A7F9-62032F84F3E5%2526hlv%253D60f81877-74c8-415f-a3f8-5dc90a01000f%2523v_1827747272 HTTP/1.1" 200 247
95.91.104.62 - - [16/Feb/2025:01:14:12 +0100] "GET /ticket2/opencms/dk/login/?edid=66EFF46D-2622-BDD4-8AF8-F588868FE432 HTTP/1.1" 200 90652
20.171.207.223 - - [16/Feb/2025:01:14:13 +0100] "GET /ticket2/opencms/set_aff_cookie.jsp?partner=57601924-FB09-5BB2-867F-08B4EB522BA8&url=%252Fsv%252Fbuy%252Findex.html%253Fpage%253D1%2526edid%253D5A67179D-C7BD-4086-88F3-90FE704053E2%2526hlv%253D60cb5baf-6a08-46eb-9d55-3ef70a01000f%2523v_258938793 HTTP/1.1" 200 246
3.89.170.186 - - [16/Feb/2025:01:14:13 +0100] "GET /ticket2/opencms/be/buy/?edid=4130944B-8419-6A0B-A839-9FB45260F568&page=1 HTTP/1.1" 200 113753
20.171.207.223 - - [16/Feb/2025:01:14:14 +0100] "GET /ticket2/opencms/set_aff_cookie.jsp?partner=5E0CDF29-E7BE-9F6B-6869-7BF66B04006F&url=%252Fsv%252Fbuy%252Findex.html%253Fpage%253D1%2526edid%253D89FE7505-90F7-E10A-4E29-615C9B572E94%2526hlv%253D614d718a-f470-4fcf-baae-773b0a01000f%2523v_644940464 HTTP/1.1" 200 246
114.119.154.81 - - [16/Feb/2025:01:14:15 +0100] "GET /ticket2/opencms/en/venue/?venueid=231092FF-6A88-F55E-896E-0C73160CAE74 HTTP/1.1" 200 85332
195.191.219.131 - - [16/Feb/2025:01:14:15 +0100] "GET /ticket2/opencms/fi/login/?edid=C781C90E-2A4A-BE38-23EB-6039DE2F5FA8 HTTP/1.1" 200 91858
95.91.104.62 - - [16/Feb/2025:01:14:15 +0100] "GET /ticket2/opencms/en/buy/?page=1&edid=626D6770-17E9-BC21-0111-AAFA15CA9F3B&sortorder=desc&column=row HTTP/1.1" 200 108809
49.0.207.58 - - [16/Feb/2025:01:14:16 +0100] "GET /ticket2/opencms/az/buy/?comcatid=A17713B6-D984-201A-4143-ED4DB5ED5C2E&catid=7BADFFFB-57C5-5DBC-E7EB-B45075B3D8F9 HTTP/1.1" 200 103476
173.252.69.116 - - [16/Feb/2025:01:14:16 +0100] "GET /ticket2/opencms/sk/buy?page=1&edid=4660DE29-C3F1-FFBE-5E6B-4C74E874EC91 HTTP/1.1" 200 112410
23.23.104.107 - - [16/Feb/2025:01:14:17 +0100] "GET /ticket2/opencms/be/buy/?edid=5CBB442D-D365-7F4F-B999-AA88D946C632&page=1 HTTP/1.1" 200 143233
195.191.219.131 - - [16/Feb/2025:01:14:19 +0100] "GET /ticket2/opencms/fi/login/?edid=E2770D18-E952-4B89-3A99-F864CC9397CA HTTP/1.1" 200 91836
95.91.104.62 - - [16/Feb/2025:01:14:19 +0100] "GET /ticket2/opencms/en/buy/?page=1&edid=626D6770-17E9-BC21-0111-AAFA15CA9F3B&sortorder=desc&column=section HTTP/1.1" 200 108796
20.171.207.223 - - [16/Feb/2025:01:14:20 +0100] "GET /ticket2/opencms/set_aff_cookie.jsp?partner=8F6DE15D-D831-5787-AE7E-FEFF53476F85&url=%252Fno%252Fbuy%252Findex.html%253Fpage%253D1%2526edid%253D9EB9B117-C5AB-5918-92E7-F637371B0A12%2526hlv%253D60f5cbb0-a1d0-4059-84d6-20600a01000f%2523v_245377620 HTTP/1.1" 200 246
44.194.134.53 - - [16/Feb/2025:01:14:20 +0100] "GET /ticket2/opencms/be/buy/?edid=5ED2EB91-C7BF-DB4E-E8CC-C708B8706497&page=1 HTTP/1.1" 200 110908
20.171.207.223 - - [16/Feb/2025:01:14:21 +0100] "GET /ticket2/opencms/set_aff_cookie.jsp?partner=57601924-FB09-5BB2-867F-08B4EB522BA8&url=%252Fdk%252Fbuy%252Findex.html%253Fpage%253D1%2526edid%253DBCFFDAAC-B9B5-C20B-47F3-6D7E6A633444%2526hlv%253D610bcb5e-5f1c-4394-9ceb-13ae0a01000f%2523v_2142747302 HTTP/1.1" 200 247
20.171.207.223 - - [16/Feb/2025:01:14:22 +0100] "GET /ticket2/opencms/set_aff_cookie.jsp?partner=6F250EA7-4505-FA01-D601-8847F2573405&url=%252Fdk%252Fbuy%252Findex.html%253Fpage%253D1%2526edid%253DD07DCEFA-35D1-5F34-400B-00D74939FF4F%2526hlv%253D611271ad-a7b0-46b1-af01-298c0a01000f%2523v_934701094 HTTP/1.1" 200 246
195.191.219.131 - - [16/Feb/2025:01:14:23 +0100] "GET /ticket2/opencms/fi/login/?edid=FADD67F3-76CC-D117-2ADC-BEBED308D46A HTTP/1.1" 200 91830
54.36.148.228 - - [16/Feb/2025:01:14:23 +0100] "GET /ticket2/opencms/sr/buy/?page=1&edid=C28B3B84-6A6E-6FCB-67EF-1F8424FD799A HTTP/1.1" 200 124536
95.91.104.62 - - [16/Feb/2025:01:14:23 +0100] "GET /ticket2/opencms/en/buy/?page=1&edid=62BA1B24-FE28-14A9-746C-0509EF670DD2 HTTP/1.1" 200 109102
195.191.219.131 - - [16/Feb/2025:01:14:24 +0100] "GET /ticket2/opencms/fi/sell/?edid=16BA48F9-E787-F00A-EC7D-F97A99AECBFB HTTP/1.1" 302 -
3.94.157.25 - - [16/Feb/2025:01:14:25 +0100] "GET /ticket2/opencms/be/buy/?edid=66C22035-E7EA-E10A-4BFC-2C30733037DC&page=1 HTTP/1.1" 200 138559
52.167.144.161 - - [16/Feb/2025:01:14:25 +0100] "GET /ticket2/opencms/en/magazine/article?title=graham-potter-from-sweden-to-the-premier-league HTTP/1.1" 200 95245
20.171.207.223 - - [16/Feb/2025:01:14:27 +0100] "GET /ticket2/opencms/set_aff_cookie.jsp?partner=692E2C6A-EC6F-1C93-AFCC-C5ACC23A93EA&url=%252Fru%252Fbuy%252Findex.html%253Fpage%253D1%2526edid%253D1B2497C9-50FD-C481-B810-5D82DC9B4FE5%2526hlv%253D614c78c4-5068-4823-ae5b-19920a01000f%2523v_1738095844 HTTP/1.1" 200 247
20.171.207.223 - - [16/Feb/2025:01:14:28 +0100] "GET /ticket2/opencms/set_aff_cookie.jsp?partner=8F6DE15D-D831-5787-AE7E-FEFF53476F85&url=%252Fnl%252Fbuy%252Findex.html%253Fpage%253D1%2526edid%253DDD7009E0-BEDD-5FDF-FBEC-9803C9276491%2526hlv%253D60ca0db9-3048-4a59-b52d-38b40a01000f%2523v_1410624403 HTTP/1.1" 200 247
95.91.104.62 - - [16/Feb/2025:01:14:28 +0100] "GET /ticket2/opencms/en/buy/?page=1&edid=634076B4-32CF-CB6D-4015-7F823660D56E&sortorder=desc&column=price HTTP/1.1" 200 111032
44.217.255.167 - - [16/Feb/2025:01:14:28 +0100] "GET /ticket2/opencms/be/buy/?edid=7010A18C-5A4A-0E34-BEAB-2260102DF0D3&page=1 HTTP/1.1" 200 110899
195.191.219.131 - - [16/Feb/2025:01:14:28 +0100] "GET /ticket2/opencms/fi/login/?edid=16BA48F9-E787-F00A-EC7D-F97A99AECBFB HTTP/1.1" 200 91801
20.171.207.223 - - [16/Feb/2025:01:14:29 +0100] "GET /ticket2/opencms/set_aff_cookie.jsp?partner=2E02071B-A8C3-4CBA-3097-C27D61C02ED8&url=%252Ffi%252Fbuy%252Findex.html%253Fpage%253D1%2526edid%253DB0342119-7DEE-A961-582D-4DB4FC7F38E6%2526hlv%253D60f5c522-ba5c-4d3a-94c7-1e6d0a01000f%2523v_1663183609 HTTP/1.1" 200 247
20.171.207.223 - - [16/Feb/2025:01:14:30 +0100] "GET /ticket2/opencms/set_aff_cookie.jsp?partner=57601924-FB09-5BB2-867F-08B4EB522BA8&url=%252Fsv%252Fbuy%252Findex.html%253Fpage%253D1%2526edid%253D07D24578-F577-FB97-B11A-7D3A32948F2C%2526hlv%253D60c9e337-4e2c-43ac-bc25-23650a01000f%2523v_1429867867 HTTP/1.1" 200 247
195.191.219.131 - - [16/Feb/2025:01:14:32 +0100] "GET /ticket2/opencms/fi/sell/?edid=160DAC9A-2A77-6FDC-52B8-296352B1ABF1 HTTP/1.1" 302 -
95.91.104.62 - - [16/Feb/2025:01:14:33 +0100] "GET /ticket2/opencms/en/buy/?page=1&edid=634076B4-32CF-CB6D-4015-7F823660D56E&sortorder=desc&column=row HTTP/1.1" 200 110788
44.223.116.149 - - [16/Feb/2025:01:14:33 +0100] "GET /ticket2/opencms/be/buy/?edid=7568E602-7C67-35D2-952F-D243F8930169&page=1 HTTP/1.1" 200 137411
47.128.96.137 - - [16/Feb/2025:01:14:34 +0100] "GET /ticket2/opencms/en/venue/?venueid=5656BFDD-7249-1ADA-776A-F31C05AE5BA2 HTTP/1.1" 200 85350
54.36.149.1 - - [16/Feb/2025:01:14:34 +0100] "GET /ticket2/opencms/ro/buy?page=1&edid=9DCC0E66-25C8-5156-35A8-BF56F5E3E1AA HTTP/1.1" 200 111626
20.171.207.223 - - [16/Feb/2025:01:14:35 +0100] "GET /ticket2/opencms/set_aff_cookie.jsp?partner=692E2C6A-EC6F-1C93-AFCC-C5ACC23A93EA&url=%252Fdk%252Fbuy%252Findex.html%253Fpage%253D1%2526edid%253D9424D23C-F445-9898-F3CF-99CAD58F851B%2526hlv%253D60c9dd7a-de50-42b9-8fec-1d470a01000f%2523v_1091715291 HTTP/1.1" 200 247
47.128.96.137 - - [16/Feb/2025:01:14:35 +0100] "GET /ticket2/opencms/venue/sao_paolo_napoli.png HTTP/1.1" 200 38822
20.171.207.223 - - [16/Feb/2025:01:14:36 +0100] "GET /ticket2/opencms/set_aff_cookie.jsp?partner=2E02071B-A8C3-4CBA-3097-C27D61C02ED8&url=%252Fru%252Fbuy%252Findex.html%253Fpage%253D1%2526edid%253D6FC750EC-74FC-8FD0-F9AA-382A290160FE%2526hlv%253D60f80f9e-1e94-4acd-80d7-59f70a01000f%2523v_1979775489 HTTP/1.1" 200 247
195.191.219.131 - - [16/Feb/2025:01:14:36 +0100] "GET /ticket2/opencms/fi/login/?edid=160DAC9A-2A77-6FDC-52B8-296352B1ABF1 HTTP/1.1" 200 91846
54.243.63.52 - - [16/Feb/2025:01:14:37 +0100] "GET /ticket2/opencms/be/buy/?edid=85FEE197-56BE-9C34-A3B3-D08AF509D2AB&page=1 HTTP/1.1" 200 137033
20.171.207.223 - - [16/Feb/2025:01:14:37 +0100] "GET /ticket2/opencms/set_aff_cookie.jsp?partner=5E0CDF29-E7BE-9F6B-6869-7BF66B04006F&url=%252Fsv%252Fbuy%252Findex.html%253Fpage%253D1%2526edid%253D66EA5353-0EED-D56D-04FB-B3F43B6CCED9%2526hlv%253D61449369-46f4-48a6-b7b3-77840a01000f%2523v_985183969 HTTP/1.1" 200 246
85.208.96.195 - - [16/Feb/2025:01:14:37 +0100] "GET /ticket2/opencms/sv/magazine/article?title=vinicius-jr HTTP/1.1" 200 92021
95.91.104.62 - - [16/Feb/2025:01:14:38 +0100] "GET /ticket2/opencms/en/buy/?page=1&edid=634076B4-32CF-CB6D-4015-7F823660D56E&sortorder=desc&column=section HTTP/1.1" 200 111029
195.191.219.131 - - [16/Feb/2025:01:14:40 +0100] "GET /ticket2/opencms/fi/sell/?edid=16BA48F9-E787-F00A-EC7D-F97A99AECBFB HTTP/1.1" 302 -
18.233.24.238 - - [16/Feb/2025:01:14:41 +0100] "GET /ticket2/opencms/be/buy/?edid=87DA8067-258E-93BF-F8B0-6A2011EF3D80&page=1 HTTP/1.1" 200 136529
20.171.207.223 - - [16/Feb/2025:01:14:43 +0100] "GET /ticket2/opencms/set_aff_cookie.jsp?partner=57601924-FB09-5BB2-867F-08B4EB522BA8&url=%252Ffi%252Fbuy%252Findex.html%253Fpage%253D1%2526edid%253D025EADBA-4CCB-DA07-4742-9BE67C2EAFE5%2526hlv%253D60f8449e-0cd0-40fb-a041-6ed00a01000f%2523v_1106115864 HTTP/1.1" 200 247
95.91.104.62 - - [16/Feb/2025:01:14:44 +0100] "GET /ticket2/opencms/en/buy/?page=1&edid=6427555C-22EF-2D04-D688-E6F77E21861C&sortorder=asc&column=row HTTP/1.1" 200 107718
20.171.207.223 - - [16/Feb/2025:01:14:44 +0100] "GET /ticket2/opencms/set_aff_cookie.jsp?partner=2E02071B-A8C3-4CBA-3097-C27D61C02ED8&url=%252Ffi%252Fbuy%252Findex.html%253Fpage%253D1%2526edid%253D3754A801-0360-9F1A-6DA4-BE3220BB9FC0%2526hlv%253D614c7561-1190-4014-bcd4-17c60a01000f%2523v_1140440933 HTTP/1.1" 200 247
195.191.219.131 - - [16/Feb/2025:01:14:44 +0100] "GET /ticket2/opencms/fi/login/?edid=16BA48F9-E787-F00A-EC7D-F97A99AECBFB HTTP/1.1" 200 91704
98.83.72.38 - - [16/Feb/2025:01:14:44 +0100] "GET /ticket2/opencms/be/buy/?edid=A8FCDF96-5BE9-3FBC-BBD6-5BFAFD5454D2&page=1 HTTP/1.1" 200 110890
20.171.207.223 - - [16/Feb/2025:01:14:45 +0100] "GET /ticket2/opencms/set_aff_cookie.jsp?partner=8F6DE15D-D831-5787-AE7E-FEFF53476F85&url=%252Fno%252Fbuy%252Findex.html%253Fpage%253D1%2526edid%253D4805292B-3822-D6A4-8FA1-43007F8A43AD%2526hlv%253D60f9535f-bb44-4c03-9e64-56a60a01000f%2523v_1042798366 HTTP/1.1" 200 247
66.220.149.21 - - [16/Feb/2025:01:14:45 +0100] "GET /ticket2/opencms/de/buy/?page=1&edid=E0F35E65-B71B-01E9-E92D-AC386E0ACF66 HTTP/1.1" 200 117389
195.191.219.131 - - [16/Feb/2025:01:14:47 +0100] "GET /ticket2/opencms/fi/sell/?edid=1ABC406A-92BD-FDCF-3BD6-80A52E60B34F HTTP/1.1" 302 -
95.91.104.62 - - [16/Feb/2025:01:14:48 +0100] "GET /ticket2/opencms/en/buy/?page=1&edid=6427555C-22EF-2D04-D688-E6F77E21861C&sortorder=desc&column=price HTTP/1.1" 200 107836
54.36.149.7 - - [16/Feb/2025:01:14:48 +0100] "GET /ticket2/opencms/is/buy/?page=1&edid=56B38CDE-C52C-9D5C-A997-D65F4CB742AB HTTP/1.1" 200 142041
184.73.167.217 - - [16/Feb/2025:01:14:49 +0100] "GET /ticket2/opencms/be/buy/?edid=ABE0D196-5A84-0064-2AAA-8BE846913E3B&page=1 HTTP/1.1" 200 137600
20.171.207.223 - - [16/Feb/2025:01:14:50 +0100] "GET /ticket2/opencms/set_aff_cookie.jsp?partner=2E02071B-A8C3-4CBA-3097-C27D61C02ED8&url=%252Ffi%252Fbuy%252Findex.html%253Fpage%253D1%2526edid%253D4780BD51-BE59-D2D1-2E7C-44E378F7FCDC%2526hlv%253D60f81c63-bbf8-4d5d-ba28-5df60a01000f%2523v_1845942038 HTTP/1.1" 200 247
20.171.207.223 - - [16/Feb/2025:01:14:51 +0100] "GET /ticket2/opencms/set_aff_cookie.jsp?partner=8F6DE15D-D831-5787-AE7E-FEFF53476F85&url=%252Fno%252Fbuy%252Findex.html%253Fpage%253D1%2526edid%253D57E8534E-303B-4575-4D57-481E23F875B9%2526hlv%253D610bcb44-897c-4bdf-97fb-146b0a01000f%2523v_783803732 HTTP/1.1" 200 246
141.255.166.90 - - [16/Feb/2025:01:14:51 +0100] "GET /ticket2/opencms/de/cgi-bin/luci/;stok=/locale HTTP/1.1" 404 -
195.191.219.131 - - [16/Feb/2025:01:14:52 +0100] "GET /ticket2/opencms/fi/login/?edid=1ABC406A-92BD-FDCF-3BD6-80A52E60B34F HTTP/1.1" 200 91856
95.91.104.62 - - [16/Feb/2025:01:14:52 +0100] "GET /ticket2/opencms/en/buy/?page=1&edid=6479D966-2793-7C7E-D24A-D27EA93264A1 HTTP/1.1" 200 109461
98.84.131.195 - - [16/Feb/2025:01:14:53 +0100] "GET /ticket2/opencms/be/buy/?edid=C64002B7-B7A3-A646-1770-7E79C914EDA5&page=1 HTTP/1.1" 200 137688
183.87.33.29 - - [16/Feb/2025:01:14:53 +0100] "GET /ticket2/opencms/az/buy?page=1&edid=33EEA1DA-DF19-8CCF-95CC-FFC1A116482A HTTP/1.1" 200 112188
20.171.207.223 - - [16/Feb/2025:01:14:53 +0100] "GET /ticket2/opencms/set_aff_cookie.jsp?partner=2E02071B-A8C3-4CBA-3097-C27D61C02ED8&url=%252Fdk%252Fbuy%252Findex.html%253Fpage%253D1%2526edid%253D76EC6065-A9FD-2158-21EE-D9457194B3F1%2526hlv%253D60d0db99-4eac-4499-a226-3ed80a01000f%2523v_1520000694 HTTP/1.1" 200 247
66.249.79.34 - - [16/Feb/2025:01:14:56 +0100] "GET /ticket2/opencms/fi/buy/?page=1&edid=7C4137B7-7BEA-6AEA-3744-9326C854C47E&hlv=669385a8-d3f4-4024-b317-6e1e0a01000f HTTP/1.1" 200 109808
54.36.148.227 - - [16/Feb/2025:01:14:57 +0100] "GET /ticket2/opencms/lv/buy?page=1&edid=A5DC3557-7021-B208-917D-35A78F466827 HTTP/1.1" 200 111821
54.235.191.179 - - [16/Feb/2025:01:14:57 +0100] "GET /ticket2/opencms/be/buy/?edid=C781C90E-2A4A-BE38-23EB-6039DE2F5FA8&page=1 HTTP/1.1" 200 140062
95.91.104.62 - - [16/Feb/2025:01:14:57 +0100] "GET /ticket2/opencms/en/buy/?page=1&edid=64EC0E5E-9E76-53F9-5F64-908EF95AA18F&sortorder=asc&column=section HTTP/1.1" 200 110998
20.171.207.223 - - [16/Feb/2025:01:14:58 +0100] "GET /ticket2/opencms/set_aff_cookie.jsp?partner=2E02071B-A8C3-4CBA-3097-C27D61C02ED8&url=%252Fen%252Fbuy%252Findex.html%253Fpage%253D1%2526edid%253DFF0FFBB7-01D1-CC6B-4FB6-722B87EE8E38%2526hlv%253D60f95f9e-5b90-42fd-95f4-5f760a01000f%2523v_1939971280 HTTP/1.1" 200 247
195.191.219.131 - - [16/Feb/2025:01:14:58 +0100] "GET /ticket2/opencms/fi/sell/?edid=25666712-CB7E-CDDD-4626-F1CD96C38316 HTTP/1.1" 302 -
3.213.106.226 - - [16/Feb/2025:01:15:00 +0100] "GET /ticket2/opencms/be/buy/?edid=F2971CC3-8714-3DC4-0355-85018375B4CB&page=1 HTTP/1.1" 200 113240
95.91.104.62 - - [16/Feb/2025:01:15:01 +0100] "GET /ticket2/opencms/en/buy/?page=1&edid=6629938D-A6E5-DFC1-3AB0-2416CB373D79&sortorder=asc&column=row HTTP/1.1" 200 111429
195.191.219.131 - - [16/Feb/2025:01:15:02 +0100] "GET /ticket2/opencms/fi/login/?edid=25666712-CB7E-CDDD-4626-F1CD96C38316 HTTP/1.1" 200 91832
20.171.207.223 - - [16/Feb/2025:01:15:04 +0100] "GET /ticket2/opencms/set_aff_cookie.jsp?partner=692E2C6A-EC6F-1C93-AFCC-C5ACC23A93EA&url=%252Ffi%252Fbuy%252Findex.html%253Fpage%253D1%2526edid%253DDD7009E0-BEDD-5FDF-FBEC-9803C9276491%2526hlv%253D61449252-6b34-4a62-9d99-77240a01000f%2523v_884215124 HTTP/1.1" 200 246
52.7.13.143 - - [16/Feb/2025:01:15:05 +0100] "GET /ticket2/opencms/be/buy/?edid=FCEB71A3-C27D-C49F-469F-2CB5939452EE&page=1 HTTP/1.1" 200 136541
195.191.219.131 - - [16/Feb/2025:01:15:05 +0100] "GET /ticket2/opencms/fi/sell/?edid=2B44308E-1778-CFAE-7385-18758823F6EB HTTP/1.1" 302 -
95.91.104.62 - - [16/Feb/2025:01:15:06 +0100] "GET /ticket2/opencms/en/buy/?page=1&edid=66543793-DF38-CFA1-7E21-58EE7B20AFC2&sortorder=asc&column=section HTTP/1.1" 200 111094
20.171.207.223 - - [16/Feb/2025:01:15:06 +0100] "GET /ticket2/opencms/set_aff_cookie.jsp?partner=57601924-FB09-5BB2-867F-08B4EB522BA8&url=%252Fdk%252Fbuy%252Findex.html%253Fpage%253D1%2526edid%253DFF27455A-A259-2E61-E278-C658588A9BEE%2526hlv%253D60ca1051-2598-4506-a6cb-3a8c0a01000f%2523v_726231355 HTTP/1.1" 200 246
20.171.207.223 - - [16/Feb/2025:01:15:07 +0100] "GET /ticket2/opencms/set_aff_cookie.jsp?partner=692E2C6A-EC6F-1C93-AFCC-C5ACC23A93EA&url=%252Fdk%252Fbuy%252Findex.html%253Fpage%253D1%2526edid%253D7EF10304-98E0-2B58-2938-76F08ACE3694%2526hlv%253D60f81f20-6d54-4b7b-81d5-5dba0a01000f%2523v_810602793 HTTP/1.1" 200 246
20.171.207.223 - - [16/Feb/2025:01:15:08 +0100] "GET /ticket2/opencms/set_aff_cookie.jsp?partner=2E02071B-A8C3-4CBA-3097-C27D61C02ED8&url=%252Fno%252Fbuy%252Findex.html%253Fpage%253D1%2526edid%253D57E8534E-303B-4575-4D57-481E23F875B9%2526hlv%253D610bcb44-3ef8-4ce3-bb0d-146b0a01000f%2523v_1910930808 HTTP/1.1" 200 247
47.128.114.86 - - [16/Feb/2025:01:15:09 +0100] "GET /ticket2/opencms/de/buy?page=1&edid=11EFBC55-130A-2310-B776-C5D86878BDAB HTTP/1.1" 200 111233
195.191.219.131 - - [16/Feb/2025:01:15:09 +0100] "GET /ticket2/opencms/fi/login/?edid=2B44308E-1778-CFAE-7385-18758823F6EB HTTP/1.1" 200 91832
95.91.104.62 - - [16/Feb/2025:01:15:10 +0100] "GET /ticket2/opencms/en/buy/?page=1&edid=67870A83-DFC2-A547-0A72-120C43824463&sortorder=desc&column=price HTTP/1.1" 200 111586
47.128.114.86 - - [16/Feb/2025:01:15:10 +0100] "GET /ticket2/opencms/de/ask-form.html HTTP/1.1" 200 3156
20.171.207.223 - - [16/Feb/2025:01:15:11 +0100] "GET /ticket2/opencms/set_aff_cookie.jsp?partner=6F250EA7-4505-FA01-D601-8847F2573405&url=%252Fnl%252Fbuy%252Findex.html%253Fpage%253D1%2526edid%253D135439EE-24C6-CFFE-A3F6-AD08F6CB1A03%2526hlv%253D60ca0cd9-1f04-47ed-83b8-37590a01000f%2523v_650894392 HTTP/1.1" 200 246
34.195.248.30 - - [16/Feb/2025:01:15:11 +0100] "GET /ticket2/opencms/be/buy/?edid=FDE2CB1B-737B-857F-7431-BD450E7D3BBB&page=1 HTTP/1.1" 200 137525
20.171.207.223 - - [16/Feb/2025:01:15:12 +0100] "GET /ticket2/opencms/set_aff_cookie.jsp?partner=5E0CDF29-E7BE-9F6B-6869-7BF66B04006F&url=%252Fsv%252Fbuy%252Findex.html%253Fpage%253D1%2526edid%253DF488B6B7-F65E-2A9C-F46B-E6910C7895D3%2526hlv%253D61127c0b-82c0-45d7-b8af-2db70a01000f%2523v_1530615813 HTTP/1.1" 200 247
52.203.68.145 - - [16/Feb/2025:01:15:12 +0100] "GET /ticket2/opencms/be/buy/?edid=37E2A4DD-118F-C378-83A2-20232412AB9C&page=1 HTTP/1.1" 200 113175
54.36.148.71 - - [16/Feb/2025:01:15:13 +0100] "GET /ticket2/opencms/ka/buy/?page=1&edid=47C0370F-9915-7673-E038-7AD65907592C HTTP/1.1" 200 141322
20.171.207.223 - - [16/Feb/2025:01:15:13 +0100] "GET /ticket2/opencms/set_aff_cookie.jsp?partner=692E2C6A-EC6F-1C93-AFCC-C5ACC23A93EA&url=%252Fen%252Fbuy%252Findex.html%253Fpage%253D1%2526edid%253DD2281AF2-0CAB-347E-485A-AF9E4C00F32A%2526hlv%253D60f814d8-d204-4783-aef0-5bd00a01000f%2523v_298948222 HTTP/1.1" 200 246
195.191.219.131 - - [16/Feb/2025:01:15:13 +0100] "GET /ticket2/opencms/fi/sell/?edid=36B8587B-9BD4-1599-9368-E59F9780F9A9 HTTP/1.1" 302 -
95.91.104.62 - - [16/Feb/2025:01:15:14 +0100] "GET /ticket2/opencms/en/buy/?page=1&edid=67870A83-DFC2-A547-0A72-120C43824463&sortorder=desc&column=row HTTP/1.1" 200 111608
20.171.207.223 - - [16/Feb/2025:01:15:14 +0100] "GET /ticket2/opencms/set_aff_cookie.jsp?partner=2E02071B-A8C3-4CBA-3097-C27D61C02ED8&url=%252Fnl%252Fbuy%252Findex.html%253Fpage%253D1%2526edid%253D91317E82-1AD8-28B7-A3AC-C5AEE79CB132%2526hlv%253D610bcb2c-0e44-4482-b1d1-13ad0a01000f%2523v_1874746829 HTTP/1.1" 200 247
184.73.195.18 - - [16/Feb/2025:01:15:16 +0100] "GET /ticket2/opencms/be/buy/?edid=38BD011F-E307-1808-7BE3-74470A609319&page=1 HTTP/1.1" 200 110890
20.171.207.223 - - [16/Feb/2025:01:15:16 +0100] "GET /ticket2/opencms/set_aff_cookie.jsp?partner=57601924-FB09-5BB2-867F-08B4EB522BA8&url=%252Fnl%252Fbuy%252Findex.html%253Fpage%253D1%2526edid%253D66EA5353-0EED-D56D-04FB-B3F43B6CCED9%2526hlv%253D60ca0f81-44e4-4dc9-808a-36340a01000f%2523v_1606004151 HTTP/1.1" 200 247
195.191.219.131 - - [16/Feb/2025:01:15:17 +0100] "GET /ticket2/opencms/fi/login/?edid=36B8587B-9BD4-1599-9368-E59F9780F9A9 HTTP/1.1" 200 91827
95.91.104.62 - - [16/Feb/2025:01:15:18 +0100] "GET /ticket2/opencms/en/buy/?page=1&edid=68573C32-5F8D-AC1E-AD14-28E520160FCD&sortorder=asc&column=row HTTP/1.1" 200 110412
40.77.167.144 - - [16/Feb/2025:01:15:20 +0100] "GET /ticket2/opencms/mt/buy/?page=1&edid=24658CB7-0503-4139-A73F-444B9F961692 HTTP/1.1" 200 108831
195.191.219.131 - - [16/Feb/2025:01:15:21 +0100] "GET /ticket2/opencms/fi/sell/?edid=552202FE-6CC9-18FE-8F33-9429723BB7EB HTTP/1.1" 302 -
100.29.164.178 - - [16/Feb/2025:01:15:21 +0100] "GET /ticket2/opencms/be/buy/?edid=6CF16ABF-31A5-8D51-A63B-3077208955EB&page=1 HTTP/1.1" 200 132053
20.171.207.223 - - [16/Feb/2025:01:15:21 +0100] "GET /ticket2/opencms/set_aff_cookie.jsp?partner=57601924-FB09-5BB2-867F-08B4EB522BA8&url=%252Fen%252Fbuy%252Findex.html%253Fpage%253D1%2526edid%253DABD71631-87BB-6A7C-FC5E-66817F361F35%2526hlv%253D60f82166-3064-4536-a4d0-5df50a01000f%2523v_1013132069 HTTP/1.1" 200 247
95.91.104.62 - - [16/Feb/2025:01:15:22 +0100] "GET /ticket2/opencms/en/buy/?page=1&edid=68990A86-D741-9689-B00B-FC485A932524&sortorder=asc&column=row HTTP/1.1" 200 111382
47.128.33.207 - - [16/Feb/2025:01:15:24 +0100] "GET /ticket2/opencms/fi/venue/?venueid=30E59E70-2AD5-DB3F-8F99-0F76DBFE059E HTTP/1.1" 200 86810
195.191.219.131 - - [16/Feb/2025:01:15:24 +0100] "GET /ticket2/opencms/fi/login/?edid=552202FE-6CC9-18FE-8F33-9429723BB7EB HTTP/1.1" 200 91820
184.73.167.217 - - [16/Feb/2025:01:15:25 +0100] "GET /ticket2/opencms/be/buy/?edid=CC748805-AA77-5D07-7352-96CD97D4F5AC&page=1 HTTP/1.1" 200 139590
54.36.149.102 - - [16/Feb/2025:01:15:25 +0100] "GET /ticket2/opencms/en/venue/?countryid=3074CB3F-D378-D1B1-5E17-3ED6547AC5E1 HTTP/1.1" 200 114730
52.167.144.161 - - [16/Feb/2025:01:15:25 +0100] "GET /ticket2/opencms/es/buy/?page=1&edid=C13188B2-4508-D2E9-B121-B54B35743CCB HTTP/1.1" 200 90349
95.91.104.62 - - [16/Feb/2025:01:15:27 +0100] "GET /ticket2/opencms/en/buy/?page=1&edid=68990A86-D741-9689-B00B-FC485A932524&sortorder=asc&column=section HTTP/1.1" 200 111529
20.171.207.223 - - [16/Feb/2025:01:15:27 +0100] "GET /ticket2/opencms/set_aff_cookie.jsp?partner=2E02071B-A8C3-4CBA-3097-C27D61C02ED8&url=%252Ffi%252Fbuy%252Findex.html%253Fpage%253D1%2526edid%253DE0B4B777-7EB3-2A8E-35EC-2CB7F8614609%2526hlv%253D60f81f60-ae2c-4e68-ac2a-5dfa0a01000f%2523v_1126046694 HTTP/1.1" 200 247
195.191.219.131 - - [16/Feb/2025:01:15:28 +0100] "GET /ticket2/opencms/fi/sell/?edid=6312D7C5-4BBF-A97E-B93A-47328366BE18 HTTP/1.1" 302 -
54.36.148.188 - - [16/Feb/2025:01:15:28 +0100] "GET /ticket2/opencms/tr/buy?page=1&edid=56062CAE-66F5-81C7-DD42-F372CD5AE180 HTTP/1.1" 200 112619
100.29.128.75 - - [16/Feb/2025:01:15:28 +0100] "GET /ticket2/opencms/be/buy/?catid=21C3854B-901E-11F9-7B7D-6838CC6AFAA4&comcatid=A17713B6-D984-201A-4143-ED4DB5ED5C2E HTTP/1.1" 200 150353
20.171.207.223 - - [16/Feb/2025:01:15:29 +0100] "GET /ticket2/opencms/set_aff_cookie.jsp?partner=5E0CDF29-E7BE-9F6B-6869-7BF66B04006F&url=%252Ffi%252Fbuy%252Findex.html%253Fpage%253D1%2526edid%253D367C01C8-55E8-5761-77A6-1E1A5784FE1B%2526hlv%253D60ca166b-c8f4-47c3-9db7-3d4d0a01000f%2523v_2139729918 HTTP/1.1" 200 247
20.171.207.223 - - [16/Feb/2025:01:15:30 +0100] "GET /ticket2/opencms/set_aff_cookie.jsp?partner=2E02071B-A8C3-4CBA-3097-C27D61C02ED8&url=%252Fnl%252Fbuy%252Findex.html%253Fpage%253D1%2526edid%253D3950061E-10D0-1370-F4D5-47E1041A5F57%2526hlv%253D60c9f282-bbb0-496e-a2d2-2ba30a01000f%2523v_858598073 HTTP/1.1" 200 246
95.91.104.62 - - [16/Feb/2025:01:15:31 +0100] "GET /ticket2/opencms/en/buy/?page=1&edid=6B33CB5E-7804-9797-9A98-09B579901714&sortorder=asc&column=price HTTP/1.1" 200 110153
20.171.207.223 - - [16/Feb/2025:01:15:31 +0100] "GET /ticket2/opencms/set_aff_cookie.jsp?partner=5E0CDF29-E7BE-9F6B-6869-7BF66B04006F&url=%252Fru%252Fbuy%252Findex.html%253Fpage%253D1%2526edid%253D17644B1D-96B7-5921-016D-CFFC93315595%2526hlv%253D615d9404-c014-40ae-9130-26e30a01000f%2523v_1623722754 HTTP/1.1" 200 247
195.191.219.131 - - [16/Feb/2025:01:15:32 +0100] "GET /ticket2/opencms/fi/login/?edid=6312D7C5-4BBF-A97E-B93A-47328366BE18 HTTP/1.1" 200 91852
18.214.124.6 - - [16/Feb/2025:01:15:32 +0100] "GET /ticket2/opencms/be/buy/?edid=04B0DB48-8735-9FEB-09F8-41C9C1D4D32E&page=1 HTTP/1.1" 200 120576
111.119.239.166 - - [16/Feb/2025:01:15:33 +0100] "GET /ticket2/opencms/az/buy?page=1&edid=D402E731-16BD-6054-BEC0-D195836DBFA5 HTTP/1.1" 200 120771
95.91.104.62 - - [16/Feb/2025:01:15:35 +0100] "GET /ticket2/opencms/en/buy/?page=1&edid=6B33CB5E-7804-9797-9A98-09B579901714&sortorder=asc&column=row HTTP/1.1" 200 110209
20.171.207.223 - - [16/Feb/2025:01:15:35 +0100] "GET /ticket2/opencms/set_aff_cookie.jsp?partner=57601924-FB09-5BB2-867F-08B4EB522BA8&url=%252Fen%252Fbuy%252Findex.html%253Fpage%253D1%2526edid%253D47765F02-5EE4-F2A0-55C6-9B445E387E6A%2526hlv%253D61163069-3e34-49fc-8116-6fce0a01000f%2523v_1066295733 HTTP/1.1" 200 247
195.191.219.131 - - [16/Feb/2025:01:15:35 +0100] "GET /ticket2/opencms/fi/sell/?edid=74430233-0066-0F2D-297C-6BDDB67075CE HTTP/1.1" 302 -
20.171.207.223 - - [16/Feb/2025:01:15:36 +0100] "GET /ticket2/opencms/set_aff_cookie.jsp?partner=2E02071B-A8C3-4CBA-3097-C27D61C02ED8&url=%252Ffi%252Fbuy%252Findex.html%253Fpage%253D1%2526edid%253DF90DC262-1A9F-4FB5-A462-84BFB9E077F0%2526hlv%253D6149f84f-db08-45ca-b4a1-28890a01000f%2523v_1171809718 HTTP/1.1" 200 247
66.249.76.39 - - [16/Feb/2025:01:15:36 +0100] "GET /ticket2/opencms/ro/standard/ HTTP/1.1" 500 -
54.36.149.10 - - [16/Feb/2025:01:15:36 +0100] "GET /ticket2/opencms/et/buy?page=1&edid=7AB34CAD-A4AA-AF21-0381-DCC4282D2AA3 HTTP/1.1" 200 111568
20.171.207.223 - - [16/Feb/2025:01:15:37 +0100] "GET /ticket2/opencms/set_aff_cookie.jsp?partner=692E2C6A-EC6F-1C93-AFCC-C5ACC23A93EA&url=%252Fno%252Fbuy%252Findex.html%253Fpage%253D1%2526edid%253D85266D8D-1EC2-A49C-0CF0-9DD81BE5F4FA%2526hlv%253D60f80cbb-37a8-41f5-a1ab-586d0a01000f%2523v_1796857896 HTTP/1.1" 200 247
202.8.42.202 - - [16/Feb/2025:01:15:37 +0100] "GET /ticket2/opencms/system/modules/com.gridnine.opencms.ticketbrokerage.site/resources/css/jquery.fancybox.css HTTP/1.1" 200 4939
202.8.42.202 - - [16/Feb/2025:01:15:37 +0100] "GET /ticket2/opencms/system/modules/com.gridnine.opencms.ticketbrokerage.site/resources/css/calendar.css HTTP/1.1" 200 6871
202.8.42.202 - - [16/Feb/2025:01:15:37 +0100] "GET /ticket2/opencms/system/modules/com.gridnine.opencms.ticketbrokerage.site/resources/css/ticketbrokerage.css HTTP/1.1" 200 39339
202.8.42.202 - - [16/Feb/2025:01:15:37 +0100] "GET /ticket2/opencms/system/modules/com.gridnine.opencms.ticketbrokerage.site/resources/css/jquery-ui.css HTTP/1.1" 200 33221
202.8.42.202 - - [16/Feb/2025:01:15:37 +0100] "GET /ticket2/opencms/system/modules/com.gridnine.opencms.ticketbrokerage.site/resources/css/standard.css HTTP/1.1" 200 73904
202.8.42.202 - - [16/Feb/2025:01:15:37 +0100] "GET /ticket2/opencms/system/modules/com.gridnine.opencms.ticketbrokerage.site/resources/js/jquery/jquery.js HTTP/1.1" 200 93868
3.81.253.213 - - [16/Feb/2025:01:15:37 +0100] "GET /ticket2/opencms/be/buy/?edid=06DFD1FD-C998-D215-F69E-5752E4CF3A89&page=1 HTTP/1.1" 200 110970
202.8.42.202 - - [16/Feb/2025:01:15:37 +0100] "GET /ticket2/opencms/system/modules/com.gridnine.opencms.ticketbrokerage.site/resources/js/jquery/jquery-ui.js HTTP/1.1" 200 228088
202.8.42.202 - - [16/Feb/2025:01:15:37 +0100] "GET /ticket2/opencms/system/modules/com.gridnine.opencms.ticketbrokerage.site/resources/js/functions.js HTTP/1.1" 200 1583
202.8.42.202 - - [16/Feb/2025:01:15:37 +0100] "GET /ticket2/opencms/system/modules/com.gridnine.opencms.ticketbrokerage.site/resources/js/calendar.js HTTP/1.1" 200 49229
202.8.42.202 - - [16/Feb/2025:01:15:37 +0100] "GET /ticket2/opencms/system/modules/com.gridnine.opencms.ticketbrokerage.site/resources/js/calendar-en.js HTTP/1.1" 200 3338
202.8.42.202 - - [16/Feb/2025:01:15:37 +0100] "GET /ticket2/opencms/system/modules/com.gridnine.opencms.ticketbrokerage.site/resources/js/calendar-setup.js HTTP/1.1" 200 4923
202.8.42.202 - - [16/Feb/2025:01:15:38 +0100] "GET /ticket2/opencms/system/modules/com.gridnine.opencms.ticketbrokerage.site/resources/js/jquery.fancybox.pack.js HTTP/1.1" 200 23187
202.8.42.202 - - [16/Feb/2025:01:15:38 +0100] "GET /ticket2/opencms/system/modules/com.gridnine.opencms.ticketbrokerage.site/resources/js/stickyfill.min.js HTTP/1.1" 200 5672
202.8.42.202 - - [16/Feb/2025:01:15:38 +0100] "GET /ticket2/opencms/system/modules/com.gridnine.opencms.ticketbrokerage.site/resources/js/standard.js HTTP/1.1" 200 3983
202.8.42.202 - - [16/Feb/2025:01:15:38 +0100] "GET /ticket2/opencms/system/modules/com.gridnine.opencms.ticketbrokerage.site/resources/js/jquery.placeholder.min.js HTTP/1.1" 200 1737
202.8.42.202 - - [16/Feb/2025:01:15:38 +0100] "GET /ticket2/opencms/system/modules/com.gridnine.opencms.ticketbrokerage.site/resources/js/common-ajax.js HTTP/1.1" 200 20175
202.8.42.202 - - [16/Feb/2025:01:15:38 +0100] "GET /ticket2/opencms/et/ask-form.html HTTP/1.1" 200 3156
202.8.42.202 - - [16/Feb/2025:01:15:38 +0100] "GET /ticket2/opencms/system/modules/com.gridnine.opencms.ticketbrokerage.site/resources/css/ticketbrokerage.css HTTP/1.1" 200 39339
20.171.207.223 - - [16/Feb/2025:01:15:38 +0100] "GET /ticket2/opencms/set_aff_cookie.jsp?partner=692E2C6A-EC6F-1C93-AFCC-C5ACC23A93EA&url=%252Fno%252Fbuy%252Findex.html%253Fpage%253D1%2526edid%253D932CFDF1-C8A9-5F7B-5BD7-A07313354469%2526hlv%253D60ca1391-35bc-4ecc-aae6-3ad90a01000f%2523v_422536134 HTTP/1.1" 200 246
95.91.104.62 - - [16/Feb/2025:01:15:39 +0100] "GET /ticket2/opencms/en/buy/?page=1&edid=6B33CB5E-7804-9797-9A98-09B579901714&sortorder=asc&column=section HTTP/1.1" 200 110326
195.191.219.131 - - [16/Feb/2025:01:15:39 +0100] "GET /ticket2/opencms/fi/login/?edid=74430233-0066-0F2D-297C-6BDDB67075CE HTTP/1.1" 200 91846
20.171.207.223 - - [16/Feb/2025:01:15:39 +0100] "GET /ticket2/opencms/set_aff_cookie.jsp?partner=23A6AD98-906E-5BDD-600E-EC4EC8A45F97&url=%252Fen%252Fbuy%252Findex.html%253Fpage%253D1%2526edid%253DA11B886E-58FD-585E-C844-3A5188D11667%2526hlv%253D60f5c561-be10-4b63-b5dd-1e6d0a01000f%2523v_1136029770 HTTP/1.1" 200 247
23.21.225.190 - - [16/Feb/2025:01:15:41 +0100] "GET /ticket2/opencms/be/buy/?edid=13FD52ED-2424-BEB8-F194-ACEDB9434F70&page=1 HTTP/1.1" 200 120513
114.119.150.86 - - [16/Feb/2025:01:15:41 +0100] "GET /ticket2/opencms/lt/buy?page=1&=5213BBB3-67CD-163B-C256-72C4ACAB1B00 HTTP/1.1" 200 -
66.249.79.33 - - [16/Feb/2025:01:15:41 +0100] "GET /ticket2/opencms/es/buy?page=1&edid=FDE2CB1B-737B-857F-7431-BD450E7D3BBB HTTP/1.1" 200 135120
195.191.219.131 - - [16/Feb/2025:01:15:42 +0100] "GET /ticket2/opencms/fi/sell/?edid=77C4D918-1D56-22F2-EE92-38BD6ED4FF46 HTTP/1.1" 302 -
20.171.207.223 - - [16/Feb/2025:01:15:44 +0100] "GET /ticket2/opencms/set_aff_cookie.jsp?partner=2E02071B-A8C3-4CBA-3097-C27D61C02ED8&url=%252Fru%252Fbuy%252Findex.html%253Fpage%253D1%2526edid%253DBD803897-0AF1-6865-317A-1580BE02E250%2526hlv%253D60ca1ca1-0514-4a32-82a7-40960a01000f%2523v_1713829681 HTTP/1.1" 200 247
54.36.148.104 - - [16/Feb/2025:01:15:44 +0100] "GET /ticket2/opencms/az/buy?page=1&edid=1E92A8C8-B0AD-5FE7-B7EF-0C8AA0F43370 HTTP/1.1" 200 90435
3.214.176.44 - - [16/Feb/2025:01:15:45 +0100] "GET /ticket2/opencms/be/buy/?edid=3B2DD9A6-8906-C64F-74F1-E2152AA05C80&page=1 HTTP/1.1" 200 120769
20.171.207.223 - - [16/Feb/2025:01:15:45 +0100] "GET /ticket2/opencms/set_aff_cookie.jsp?partner=2E02071B-A8C3-4CBA-3097-C27D61C02ED8&url=%252Fnl%252Fbuy%252Findex.html%253Fpage%253D1%2526edid%253D2D8BABEA-B463-12A2-E630-9585FD2F3F33%2526hlv%253D614ed5d3-0d8c-4359-b865-7b590a01000f%2523v_1732859246 HTTP/1.1" 200 247
195.191.219.131 - - [16/Feb/2025:01:15:46 +0100] "GET /ticket2/opencms/fi/login/?edid=77C4D918-1D56-22F2-EE92-38BD6ED4FF46 HTTP/1.1" 200 91716
98.83.10.183 - - [16/Feb/2025:01:15:48 +0100] "GET /ticket2/opencms/be/buy/?edid=5053E429-37C6-6922-FE45-2F7B4E327AEF&page=1 HTTP/1.1" 200 120990
195.191.219.131 - - [16/Feb/2025:01:15:49 +0100] "GET /ticket2/opencms/fi/sell/?edid=78F53753-F856-B158-388A-6B70B4CA55C8 HTTP/1.1" 302 -
185.191.171.4 - - [16/Feb/2025:01:15:49 +0100] "GET /ticket2/opencms/et/magazine/article?title=kevin-de-bruyne HTTP/1.1" 200 92955
54.36.148.116 - - [16/Feb/2025:01:15:52 +0100] "GET /ticket2/opencms/sl/buy/?page=1&edid=B8EF6180-227A-800A-63E5-9809623FC791 HTTP/1.1" 200 126905
18.211.148.239 - - [16/Feb/2025:01:15:52 +0100] "GET /ticket2/opencms/be/buy/?edid=5222C7D8-8DAE-E54F-3083-BC30D29D0922&page=1 HTTP/1.1" 200 113236
20.171.207.223 - - [16/Feb/2025:01:15:53 +0100] "GET /ticket2/opencms/set_aff_cookie.jsp?partner=5E0CDF29-E7BE-9F6B-6869-7BF66B04006F&url=%252Fdk%252Fbuy%252Findex.html%253Fpage%253D1%2526edid%253D6BB5D925-7637-CF92-181F-94B35FC14C77%2526hlv%253D60f81a00-80f0-4f9f-9577-5dc40a01000f%2523v_1053957563 HTTP/1.1" 200 247
95.91.104.62 - - [16/Feb/2025:01:15:53 +0100] "GET /ticket2/opencms/en/buy/?page=1&edid=6B82D259-3A43-FB2E-E260-9E0DE2CE9CB8&sortorder=desc&column=price HTTP/1.1" 200 111681
195.191.219.131 - - [16/Feb/2025:01:15:53 +0100] "GET /ticket2/opencms/fi/login/?edid=78F53753-F856-B158-388A-6B70B4CA55C8 HTTP/1.1" 200 91857
20.171.207.223 - - [16/Feb/2025:01:15:53 +0100] "GET /ticket2/opencms/set_aff_cookie.jsp?partner=8F6DE15D-D831-5787-AE7E-FEFF53476F85&url=%252Fdk%252Fbuy%252Findex.html%253Fpage%253D1%2526edid%253D09EE96B0-CD8C-CFD6-7FFB-CA08AF021FC9%2526hlv%253D60c9e0e3-53c8-406e-908e-228f0a01000f%2523v_1711736621 HTTP/1.1" 200 247
47.128.44.0 - - [16/Feb/2025:01:15:54 +0100] "GET /ticket2/opencms/ga/buy/?edid=BF8D38D6-BFC5-94DC-F957-47D6FB3C9AF0 HTTP/1.1" 200 91711
20.171.207.223 - - [16/Feb/2025:01:15:54 +0100] "GET /ticket2/opencms/set_aff_cookie.jsp?partner=5E0CDF29-E7BE-9F6B-6869-7BF66B04006F&url=%252Fsv%252Fbuy%252Findex.html%253Fpage%253D1%2526edid%253DD07DCEFA-35D1-5F34-400B-00D74939FF4F%2526hlv%253D611271ad-80dc-4b3d-8748-298c0a01000f%2523v_1508645384 HTTP/1.1" 200 247
185.191.171.7 - - [16/Feb/2025:01:15:55 +0100] "GET /ticket2/opencms/bg/sport/futbolni-bileti/la-liga/las_palmas/ HTTP/1.1" 200 102563
98.80.130.239 - - [16/Feb/2025:01:15:56 +0100] "GET /ticket2/opencms/be/buy/?edid=69802F7E-2013-4656-113E-ECD53B17933B&page=1 HTTP/1.1" 200 124180
95.91.104.62 - - [16/Feb/2025:01:15:57 +0100] "GET /ticket2/opencms/en/buy/?page=1&edid=6BB5D925-7637-CF92-181F-94B35FC14C77&sortorder=desc&column=price HTTP/1.1" 200 109837
195.191.219.131 - - [16/Feb/2025:01:15:57 +0100] "GET /ticket2/opencms/fi/sell/?edid=8E43ECF6-11B9-CAF2-A331-C77F36107AD0 HTTP/1.1" 302 -
40.77.167.144 - - [16/Feb/2025:01:15:57 +0100] "GET /ticket2/opencms/de/buy?page=1&edid=E0A8CE5D-A2DA-F5EB-6814-85F787FE51D7 HTTP/1.1" 200 111319
20.171.207.223 - - [16/Feb/2025:01:15:58 +0100] "GET /ticket2/opencms/set_aff_cookie.jsp?partner=2E02071B-A8C3-4CBA-3097-C27D61C02ED8&url=%252Fnl%252Fbuy%252Findex.html%253Fpage%253D1%2526edid%253D3F6B6B17-F159-59CA-9275-25779C692B45%2526hlv%253D60c9ec87-e4c0-4b9f-b831-28790a01000f%2523v_182006008 HTTP/1.1" 200 246
20.171.207.223 - - [16/Feb/2025:01:15:59 +0100] "GET /ticket2/opencms/set_aff_cookie.jsp?partner=5E0CDF29-E7BE-9F6B-6869-7BF66B04006F&url=%252Fdk%252Fbuy%252Findex.html%253Fpage%253D1%2526edid%253D9F75CAFF-859B-AF24-5E2C-871DFD0095F5%2526hlv%253D60ca09e2-0610-4ee2-af9b-36280a01000f%2523v_464748086 HTTP/1.1" 200 246
20.171.207.223 - - [16/Feb/2025:01:16:00 +0100] "GET /ticket2/opencms/set_aff_cookie.jsp?partner=5E0CDF29-E7BE-9F6B-6869-7BF66B04006F&url=%252Fen%252Fbuy%252Findex.html%253Fpage%253D1%2526edid%253D9A90005D-FFD3-93B7-7576-3A0ED35BFF2F%2526hlv%253D60f84b92-27a4-4c94-ad7a-72a90a01000f%2523v_1869084333 HTTP/1.1" 200 247
3.81.253.213 - - [16/Feb/2025:01:16:01 +0100] "GET /ticket2/opencms/be/buy/?edid=72DAABB5-5728-E783-69FF-77938E46CA8B&page=1 HTTP/1.1" 200 120761
195.191.219.131 - - [16/Feb/2025:01:16:01 +0100] "GET /ticket2/opencms/fi/login/?edid=8E43ECF6-11B9-CAF2-A331-C77F36107AD0 HTTP/1.1" 200 91854
52.167.144.238 - - [16/Feb/2025:01:16:01 +0100] "GET /ticket2/opencms/fr/buy?page=1&edid=B2DAFF92-E136-C5E2-F0C0-0D21CE1F73E4 HTTP/1.1" 200 111048
95.91.104.62 - - [16/Feb/2025:01:16:01 +0100] "GET /ticket2/opencms/en/buy/?page=1&edid=6BB5D925-7637-CF92-181F-94B35FC14C77&sortorder=desc&column=row HTTP/1.1" 200 109818
20.171.207.223 - - [16/Feb/2025:01:16:01 +0100] "GET /ticket2/opencms/set_aff_cookie.jsp?partner=2E02071B-A8C3-4CBA-3097-C27D61C02ED8&url=%252Fen%252Fbuy%252Findex.html%253Fpage%253D1%2526edid%253DD1B6D814-A677-3D90-03BA-1F7CF35352A4%2526hlv%253D6145bf12-4b68-4add-bc66-65670a01000f%2523v_592207579 HTTP/1.1" 200 246
173.252.87.115 - - [16/Feb/2025:01:16:02 +0100] "GET /ticket2/opencms/sl/buy/?page=1&edid=C2FB40E1-BEEF-E1A4-6ED5-33C8A69FD5CE HTTP/1.1" 200 111688
54.36.149.58 - - [16/Feb/2025:01:16:02 +0100] "GET /ticket2/opencms/be/buy/?page=1&edid=E283AC65-3197-392C-E040-FCBDD904729E HTTP/1.1" 200 123897
52.167.144.238 - - [16/Feb/2025:01:16:02 +0100] "GET /ticket2/opencms/tr/buy/?page=1&edid=678EC144-6017-5CDC-9245-1F7DDAFF75F2 HTTP/1.1" 200 112078
20.171.207.223 - - [16/Feb/2025:01:16:02 +0100] "GET /ticket2/opencms/set_aff_cookie.jsp?partner=2E02071B-A8C3-4CBA-3097-C27D61C02ED8&url=%252Fno%252Fbuy%252Findex.html%253Fpage%253D1%2526edid%253D21C8DB8D-DFD4-1501-BB0D-A46B665FA023%2526hlv%253D611bb8e8-2724-4a53-bc0b-4af30a01000f%2523v_1313204728 HTTP/1.1" 200 247
34.233.114.237 - - [16/Feb/2025:01:16:04 +0100] "GET /ticket2/opencms/be/buy/?edid=921154C3-BF4F-9061-5CFB-8ECC0A8A34AE&page=1 HTTP/1.1" 200 110788
195.191.219.131 - - [16/Feb/2025:01:16:05 +0100] "GET /ticket2/opencms/fi/sell/?edid=A2A4078E-C8E8-C113-199B-69C1FEB231B0 HTTP/1.1" 302 -
95.91.104.62 - - [16/Feb/2025:01:16:06 +0100] "GET /ticket2/opencms/en/buy/?page=1&edid=6BF862F8-A441-DB7D-094A-EE5943FAD633&sortorder=asc&column=price HTTP/1.1" 200 110652
20.171.207.223 - - [16/Feb/2025:01:16:07 +0100] "GET /ticket2/opencms/set_aff_cookie.jsp?partner=2E02071B-A8C3-4CBA-3097-C27D61C02ED8&url=%252Fnl%252Fbuy%252Findex.html%253Fpage%253D1%2526edid%253D66EA5353-0EED-D56D-04FB-B3F43B6CCED9%2526hlv%253D61448df4-b248-476a-80d9-760b0a01000f%2523v_1892075557 HTTP/1.1" 200 247
195.191.219.131 - - [16/Feb/2025:01:16:08 +0100] "GET /ticket2/opencms/fi/login/?edid=A2A4078E-C8E8-C113-199B-69C1FEB231B0 HTTP/1.1" 200 91821
52.71.216.196 - - [16/Feb/2025:01:16:08 +0100] "GET /ticket2/opencms/be/buy/?edid=C2472D62-5082-1F11-D8B7-FFCB03AF0060&page=1 HTTP/1.1" 200 113415
95.91.104.62 - - [16/Feb/2025:01:16:11 +0100] "GET /ticket2/opencms/en/buy/?page=1&edid=6BF862F8-A441-DB7D-094A-EE5943FAD633&sortorder=asc&column=section HTTP/1.1" 200 110773
173.252.69.2 - - [16/Feb/2025:01:16:11 +0100] "GET /ticket2/opencms/de/buy?page=1&edid=1725DD81-AB30-210C-691A-5E56E0E70527 HTTP/1.1" 200 117466
195.191.219.131 - - [16/Feb/2025:01:16:12 +0100] "GET /ticket2/opencms/fi/sell/?edid=AA8C5089-9B5D-0C1A-1662-169B0C579120 HTTP/1.1" 302 -
173.252.87.7 - - [16/Feb/2025:01:16:13 +0100] "GET /ticket2/opencms/en/sport/football-tickets/serie_a/cagliari/ HTTP/1.1" 200 93164
23.20.178.124 - - [16/Feb/2025:01:16:13 +0100] "GET /ticket2/opencms/be/buy/?edid=C8463748-B145-33AD-CEE6-A9DF95CEBC4A&page=1 HTTP/1.1" 200 124180
119.13.109.27 - - [16/Feb/2025:01:16:15 +0100] "GET /ticket2/opencms/az/buy/?page=1&edid=4E3FD371-418F-2707-0FE4-F6E7006C81F9 HTTP/1.1" 200 111165
20.171.207.223 - - [16/Feb/2025:01:16:16 +0100] "GET /ticket2/opencms/set_aff_cookie.jsp?partner=2E02071B-A8C3-4CBA-3097-C27D61C02ED8&url=%252Ffi%252Fbuy%252Findex.html%253Fpage%253D1%2526edid%253D1BFF3C4B-0AF3-F040-1041-C55D427FE053%2526hlv%253D60f84819-606c-4440-822f-6f470a01000f%2523v_445418726 HTTP/1.1" 200 246
195.191.219.131 - - [16/Feb/2025:01:16:16 +0100] "GET /ticket2/opencms/fi/login/?edid=AA8C5089-9B5D-0C1A-1662-169B0C579120 HTTP/1.1" 200 91868
95.91.104.62 - - [16/Feb/2025:01:16:16 +0100] "GET /ticket2/opencms/en/buy/?page=1&edid=6C93725C-61B3-511B-4BD1-4928642FD913 HTTP/1.1" 200 110002
44.221.180.179 - - [16/Feb/2025:01:16:16 +0100] "GET /ticket2/opencms/be/buy/?edid=D9B6DEA1-0C13-FA80-469E-162654611A15&page=1 HTTP/1.1" 200 120757
20.171.207.223 - - [16/Feb/2025:01:16:16 +0100] "GET /ticket2/opencms/set_aff_cookie.jsp?partner=692E2C6A-EC6F-1C93-AFCC-C5ACC23A93EA&url=%252Fsv%252Fbuy%252Findex.html%253Fpage%253D1%2526edid%253D8F381869-E5D9-0711-5F43-47D1B58D17C6%2526hlv%253D614d6fe5-8134-4fe0-b5ff-76c70a01000f%2523v_736048746 HTTP/1.1" 200 246
20.171.207.223 - - [16/Feb/2025:01:16:17 +0100] "GET /ticket2/opencms/set_aff_cookie.jsp?partner=2E02071B-A8C3-4CBA-3097-C27D61C02ED8&url=%252Fsv%252Fbuy%252Findex.html%253Fpage%253D1%2526edid%253D5F737A44-E043-889A-3C4C-656072CFE9D8%2526hlv%253D612ab184-a09c-48c8-80ea-73aa0a01000f%2523v_704951451 HTTP/1.1" 200 246
54.36.149.15 - - [16/Feb/2025:01:16:18 +0100] "GET /ticket2/opencms/el/buy?page=1&edid=A5DC3557-7021-B208-917D-35A78F466827 HTTP/1.1" 200 115578
195.191.219.131 - - [16/Feb/2025:01:16:19 +0100] "GET /ticket2/opencms/fi/sell/?edid=C781C90E-2A4A-BE38-23EB-6039DE2F5FA8 HTTP/1.1" 302 -
20.171.207.223 - - [16/Feb/2025:01:16:20 +0100] "GET /ticket2/opencms/set_aff_cookie.jsp?partner=5E0CDF29-E7BE-9F6B-6869-7BF66B04006F&url=%252Fen%252Fbuy%252Findex.html%253Fpage%253D1%2526edid%253D633F01D0-5A5C-9D0B-88C4-F93446CDE176%2526hlv%253D60f8150b-f690-4f2d-9983-5a940a01000f%2523v_350160813 HTTP/1.1" 200 246
95.91.104.62 - - [16/Feb/2025:01:16:20 +0100] "GET /ticket2/opencms/en/buy/?page=1&edid=6CAEF99D-9998-6F77-216C-946754C92C2B&sortorder=desc&column=section HTTP/1.1" 200 110931
46.230.138.208 - - [16/Feb/2025:01:16:20 +0100] "GET /ticket2/opencms/no?gad_source=1&gbraid=0AAAAADlS-t_sd8lmpqug5yyCTcMprNVQt&gclid=CjwKCAiAk8G9BhA0EiwAOQxmfj00FOs_5TmgL7nbvIgN4fboI6eDXiI5EdUea7m9FxUecmGSItoGNhoCHpcQAvD_BwE HTTP/1.1" 200 108526
46.230.138.208 - - [16/Feb/2025:01:16:20 +0100] "GET /ticket2/opencms/no?gad_source=1&gbraid=0AAAAADlS-t_sd8lmpqug5yyCTcMprNVQt&gclid=CjwKCAiAk8G9BhA0EiwAOQxmfj00FOs_5TmgL7nbvIgN4fboI6eDXiI5EdUea7m9FxUecmGSItoGNhoCHpcQAvD_BwE HTTP/1.1" 200 108474
46.230.138.208 - - [16/Feb/2025:01:16:20 +0100] "GET /ticket2/opencms/system/modules/com.gridnine.opencms.ticketbrokerage.site/resources/js/jquery/jquery.js HTTP/1.1" 200 93868
50.16.216.166 - - [16/Feb/2025:01:16:20 +0100] "GET /ticket2/opencms/be/buy/?edid=FB9F4ED8-C630-5135-3D9B-F4FFAB39B4C4&page=1 HTTP/1.1" 200 116907
46.230.138.208 - - [16/Feb/2025:01:16:20 +0100] "GET /ticket2/opencms/system/modules/com.gridnine.opencms.ticketbrokerage.site/resources/css/ticketbrokerage.css HTTP/1.1" 200 39339
46.230.138.208 - - [16/Feb/2025:01:16:20 +0100] "GET /ticket2/opencms/system/modules/com.gridnine.opencms.ticketbrokerage.site/resources/js/jquery/jquery-ui.js HTTP/1.1" 200 228088
46.230.138.208 - - [16/Feb/2025:01:16:20 +0100] "GET /ticket2/opencms/system/modules/com.gridnine.opencms.ticketbrokerage.site/resources/css/calendar.css HTTP/1.1" 200 6871
46.230.138.208 - - [16/Feb/2025:01:16:20 +0100] "GET /ticket2/opencms/system/modules/com.gridnine.opencms.ticketbrokerage.site/resources/css/jquery-ui.css HTTP/1.1" 200 33221
46.230.138.208 - - [16/Feb/2025:01:16:21 +0100] "GET /ticket2/opencms/system/modules/com.gridnine.opencms.ticketbrokerage.site/resources/css/standard.css HTTP/1.1" 200 73904
46.230.138.208 - - [16/Feb/2025:01:16:21 +0100] "GET /ticket2/opencms/system/modules/com.gridnine.opencms.ticketbrokerage.site/resources/css/jquery.fancybox.css HTTP/1.1" 200 4939
46.230.138.208 - - [16/Feb/2025:01:16:21 +0100] "GET /ticket2/opencms/system/modules/com.gridnine.opencms.ticketbrokerage.site/resources/js/functions.js HTTP/1.1" 200 1583
46.230.138.208 - - [16/Feb/2025:01:16:21 +0100] "GET /ticket2/opencms/system/modules/com.gridnine.opencms.ticketbrokerage.site/resources/js/jquery.placeholder.min.js HTTP/1.1" 200 1737
46.230.138.208 - - [16/Feb/2025:01:16:21 +0100] "GET /ticket2/opencms/system/modules/com.gridnine.opencms.ticketbrokerage.site/resources/js/calendar.js HTTP/1.1" 200 49229
46.230.138.208 - - [16/Feb/2025:01:16:21 +0100] "GET /ticket2/opencms/system/modules/com.gridnine.opencms.ticketbrokerage.site/resources/js/calendar-en.js HTTP/1.1" 200 3338
46.230.138.208 - - [16/Feb/2025:01:16:21 +0100] "GET /ticket2/opencms/system/modules/com.gridnine.opencms.ticketbrokerage.site/resources/js/common-ajax.js HTTP/1.1" 200 20175
46.230.138.208 - - [16/Feb/2025:01:16:21 +0100] "GET /ticket2/opencms/system/modules/com.gridnine.opencms.ticketbrokerage.site/resources/js/calendar-setup.js HTTP/1.1" 200 4923
46.230.138.208 - - [16/Feb/2025:01:16:21 +0100] "GET /ticket2/opencms/system/modules/com.gridnine.opencms.ticketbrokerage.site/resources/js/jquery.fancybox.pack.js HTTP/1.1" 200 23187
46.230.138.208 - - [16/Feb/2025:01:16:21 +0100] "GET /ticket2/opencms/system/modules/com.gridnine.opencms.ticketbrokerage.site/resources/js/stickyfill.min.js HTTP/1.1" 200 5672
46.230.138.208 - - [16/Feb/2025:01:16:21 +0100] "GET /ticket2/opencms/system/modules/com.gridnine.opencms.ticketbrokerage.site/resources/js/standard.js HTTP/1.1" 200 3983
46.230.138.208 - - [16/Feb/2025:01:16:21 +0100] "GET /ticket2/opencms/img/icons/globe-white.png HTTP/1.1" 200 947
46.230.138.208 - - [16/Feb/2025:01:16:21 +0100] "GET /ticket2/opencms/system/modules/com.gridnine.opencms.ticketbrokerage.site/resources/pics/logo-new.png HTTP/1.1" 200 13541
46.230.138.208 - - [16/Feb/2025:01:16:21 +0100] "GET /ticket2/opencms/img/insta.png HTTP/1.1" 200 3967
46.230.138.208 - - [16/Feb/2025:01:16:21 +0100] "GET /ticket2/opencms/img/fb.png HTTP/1.1" 200 1269
46.230.138.208 - - [16/Feb/2025:01:16:21 +0100] "GET /ticket2/opencms/img/icons/en.png HTTP/1.1" 200 2415
46.230.138.208 - - [16/Feb/2025:01:16:21 +0100] "GET /ticket2/opencms/system/modules/com.gridnine.opencms.ticketbrokerage.site/resources/pics/footer-img.jpg HTTP/1.1" 200 67642
46.230.138.208 - - [16/Feb/2025:01:16:21 +0100] "GET /ticket2/opencms/img/icons/se.png HTTP/1.1" 200 1258
46.230.138.208 - - [16/Feb/2025:01:16:21 +0100] "GET /ticket2/opencms/img/check.png HTTP/1.1" 200 548
46.230.138.208 - - [16/Feb/2025:01:16:21 +0100] "GET /ticket2/opencms/img/banner-pl.jpeg HTTP/1.1" 200 41818
20.171.207.223 - - [16/Feb/2025:01:16:21 +0100] "GET /ticket2/opencms/set_aff_cookie.jsp?partner=8F6DE15D-D831-5787-AE7E-FEFF53476F85&url=%252Fno%252Fbuy%252Findex.html%253Fpage%253D1%2526edid%253D47C5221C-D928-A354-3BAB-DBCEA1F436C4%2526hlv%253D61151944-4174-4b82-bb3a-7f050a01000f%2523v_1388840381 HTTP/1.1" 200 247
46.230.138.208 - - [16/Feb/2025:01:16:21 +0100] "GET /ticket2/opencms/img/mail.png HTTP/1.1" 200 403
46.230.138.208 - - [16/Feb/2025:01:16:21 +0100] "GET /ticket2/opencms/img/banner-ll.jpeg HTTP/1.1" 200 41825
46.230.138.208 - - [16/Feb/2025:01:16:21 +0100] "GET /ticket2/opencms/img/chat.png HTTP/1.1" 200 416
46.230.138.208 - - [16/Feb/2025:01:16:21 +0100] "GET /ticket2/opencms/img/arrow.png HTTP/1.1" 200 753
46.230.138.208 - - [16/Feb/2025:01:16:21 +0100] "GET /ticket2/opencms/img/icons/fi.png HTTP/1.1" 200 1785
46.230.138.208 - - [16/Feb/2025:01:16:21 +0100] "GET /ticket2/opencms/img/icons/dk.png HTTP/1.1" 200 1706
46.230.138.208 - - [16/Feb/2025:01:16:21 +0100] "GET /ticket2/opencms/img/icons/no.png HTTP/1.1" 200 1958
46.230.138.208 - - [16/Feb/2025:01:16:21 +0100] "GET /ticket2/opencms/img/icons/nl.png HTTP/1.1" 200 1255
46.230.138.208 - - [16/Feb/2025:01:16:21 +0100] "GET /ticket2/opencms/img/icons/de.png HTTP/1.1" 200 1124
46.230.138.208 - - [16/Feb/2025:01:16:21 +0100] "GET /ticket2/opencms/img/icons/es.png HTTP/1.1" 200 1005
46.230.138.208 - - [16/Feb/2025:01:16:21 +0100] "GET /ticket2/opencms/img/icons/bs.png HTTP/1.1" 200 1014
46.230.138.208 - - [16/Feb/2025:01:16:21 +0100] "GET /ticket2/opencms/img/icons/be.png HTTP/1.1" 200 1663
46.230.138.208 - - [16/Feb/2025:01:16:21 +0100] "GET /ticket2/opencms/img/icons/bg.png HTTP/1.1" 200 788
46.230.138.208 - - [16/Feb/2025:01:16:21 +0100] "GET /ticket2/opencms/img/icons/hr.png HTTP/1.1" 200 2024
46.230.138.208 - - [16/Feb/2025:01:16:21 +0100] "GET /ticket2/opencms/img/icons/cs.png HTTP/1.1" 200 1883
46.230.138.208 - - [16/Feb/2025:01:16:22 +0100] "GET /ticket2/opencms/img/icons/et.png HTTP/1.1" 200 754
46.230.138.208 - - [16/Feb/2025:01:16:22 +0100] "GET /ticket2/opencms/img/icons/az.png HTTP/1.1" 200 1445
46.230.138.208 - - [16/Feb/2025:01:16:22 +0100] "GET /ticket2/opencms/img/icons/sq.png HTTP/1.1" 200 1619
46.230.138.208 - - [16/Feb/2025:01:16:22 +0100] "GET /ticket2/opencms/img/icons/el.png HTTP/1.1" 200 1637
46.230.138.208 - - [16/Feb/2025:01:16:22 +0100] "GET /ticket2/opencms/img/icons/is.png HTTP/1.1" 200 1884
46.230.138.208 - - [16/Feb/2025:01:16:22 +0100] "GET /ticket2/opencms/img/icons/ka.png HTTP/1.1" 200 860
46.230.138.208 - - [16/Feb/2025:01:16:22 +0100] "GET /ticket2/opencms/img/icons/hu.png HTTP/1.1" 200 733
