20.171.207.223 - - [16/Feb/2025:00:09:14 +0100] "GET /ticket2/opencms/set_aff_cookie.jsp?partner=692E2C6A-EC6F-1C93-AFCC-C5ACC23A93EA&url=%252Fnl%252Fbuy%252Findex.html%253Fpage%253D1%2526edid%253DD28674D7-BD38-712E-389D-3A2C16C5CDF5%2526hlv%253D60f811e2-5c24-4173-85c9-5a1d0a01000f%2523v_315803242 HTTP/1.1" 200 246
20.171.207.223 - - [16/Feb/2025:00:09:15 +0100] "GET /ticket2/opencms/set_aff_cookie.jsp?partner=6F250EA7-4505-FA01-D601-8847F2573405&url=%252Fen%252Fbuy%252Findex.html%253Fpage%253D1%2526edid%253D1E25B326-4F8F-7BA0-5AB1-018D89AC8C22%2526hlv%253D60f811ce-9bf8-4533-b514-5a960a01000f%2523v_1417017777 HTTP/1.1" 200 247
54.36.148.186 - - [16/Feb/2025:00:09:16 +0100] "GET /ticket2/opencms/mo/sport/bilete-la-fotbal/bundesliga/mainz HTTP/1.1" 200 99867
114.119.140.111 - - [16/Feb/2025:00:09:17 +0100] "GET /ticket2/opencms/en/venue/?venueid=3A1A4017-0912-DFB6-AB49-9C3A5263C695 HTTP/1.1" 200 85326
18.211.148.239 - - [16/Feb/2025:00:09:17 +0100] "GET /ticket2/opencms/sv/buy/?edid=85FEE197-56BE-9C34-A3B3-D08AF509D2AB&page=1 HTTP/1.1" 200 134072
202.8.41.9 - - [16/Feb/2025:00:09:18 +0100] "GET /ticket2/opencms/system/modules/com.gridnine.opencms.ticketbrokerage.site/resources/css/ticketbrokerage.css HTTP/1.1" 200 39339
202.8.41.9 - - [16/Feb/2025:00:09:18 +0100] "GET /ticket2/opencms/system/modules/com.gridnine.opencms.ticketbrokerage.site/resources/css/calendar.css HTTP/1.1" 200 6871
202.8.41.9 - - [16/Feb/2025:00:09:18 +0100] "GET /ticket2/opencms/system/modules/com.gridnine.opencms.ticketbrokerage.site/resources/css/jquery-ui.css HTTP/1.1" 200 33221
202.8.41.9 - - [16/Feb/2025:00:09:18 +0100] "GET /ticket2/opencms/system/modules/com.gridnine.opencms.ticketbrokerage.site/resources/css/standard.css HTTP/1.1" 200 73904
202.8.41.9 - - [16/Feb/2025:00:09:18 +0100] "GET /ticket2/opencms/system/modules/com.gridnine.opencms.ticketbrokerage.site/resources/css/jquery.fancybox.css HTTP/1.1" 200 4939
202.8.41.9 - - [16/Feb/2025:00:09:18 +0100] "GET /ticket2/opencms/system/modules/com.gridnine.opencms.ticketbrokerage.site/resources/js/jquery/jquery.js HTTP/1.1" 200 93868
202.8.41.9 - - [16/Feb/2025:00:09:18 +0100] "GET /ticket2/opencms/system/modules/com.gridnine.opencms.ticketbrokerage.site/resources/js/functions.js HTTP/1.1" 200 1583
202.8.41.9 - - [16/Feb/2025:00:09:18 +0100] "GET /ticket2/opencms/system/modules/com.gridnine.opencms.ticketbrokerage.site/resources/js/jquery/jquery-ui.js HTTP/1.1" 200 228088
202.8.41.9 - - [16/Feb/2025:00:09:18 +0100] "GET /ticket2/opencms/system/modules/com.gridnine.opencms.ticketbrokerage.site/resources/js/calendar-en.js HTTP/1.1" 200 3338
202.8.41.9 - - [16/Feb/2025:00:09:18 +0100] "GET /ticket2/opencms/system/modules/com.gridnine.opencms.ticketbrokerage.site/resources/js/calendar-setup.js HTTP/1.1" 200 4923
202.8.41.9 - - [16/Feb/2025:00:09:18 +0100] "GET /ticket2/opencms/system/modules/com.gridnine.opencms.ticketbrokerage.site/resources/js/calendar.js HTTP/1.1" 200 49229
66.249.79.169 - - [16/Feb/2025:00:09:18 +0100] "GET /ticket2/opencms/hu/magazine/ HTTP/1.1" 200 155790
202.8.41.9 - - [16/Feb/2025:00:09:18 +0100] "GET /ticket2/opencms/system/modules/com.gridnine.opencms.ticketbrokerage.site/resources/js/jquery.fancybox.pack.js HTTP/1.1" 200 23187
202.8.41.9 - - [16/Feb/2025:00:09:18 +0100] "GET /ticket2/opencms/system/modules/com.gridnine.opencms.ticketbrokerage.site/resources/js/stickyfill.min.js HTTP/1.1" 200 5672
202.8.41.9 - - [16/Feb/2025:00:09:18 +0100] "GET /ticket2/opencms/system/modules/com.gridnine.opencms.ticketbrokerage.site/resources/js/standard.js HTTP/1.1" 200 3983
202.8.41.9 - - [16/Feb/2025:00:09:18 +0100] "GET /ticket2/opencms/system/modules/com.gridnine.opencms.ticketbrokerage.site/resources/js/common-ajax.js HTTP/1.1" 200 20175
202.8.41.9 - - [16/Feb/2025:00:09:18 +0100] "GET /ticket2/opencms/system/modules/com.gridnine.opencms.ticketbrokerage.site/resources/js/jquery.placeholder.min.js HTTP/1.1" 200 1737
52.70.123.241 - - [16/Feb/2025:00:09:21 +0100] "GET /ticket2/opencms/sv/buy/?edid=B12376C6-BA7F-3D61-F970-EF51106430AB&page=1 HTTP/1.1" 200 129347
18.215.112.101 - - [16/Feb/2025:00:09:25 +0100] "GET /ticket2/opencms/sv/buy/?edid=BEA9D3E5-A93E-146C-1904-24495F6A8B39&page=1 HTTP/1.1" 200 129385
54.36.148.75 - - [16/Feb/2025:00:09:26 +0100] "GET /ticket2/opencms/tr/spor/futbol-biletleri/la-liga/leganes/ HTTP/1.1" 200 100659
20.171.207.223 - - [16/Feb/2025:00:09:28 +0100] "GET /ticket2/opencms/set_aff_cookie.jsp?partner=5E0CDF29-E7BE-9F6B-6869-7BF66B04006F&url=%252Ffi%252Fbuy%252Findex.html%253Fpage%253D1%2526edid%253D41E9C3A6-1ED0-8493-C595-0C2D48714D8A%2526hlv%253D60c9e661-7924-4dfa-9bbf-239d0a01000f%2523v_1152395414 HTTP/1.1" 200 247
54.167.32.123 - - [16/Feb/2025:00:09:28 +0100] "GET /ticket2/opencms/sv/buy/?edid=E11E1E12-66BC-E0C5-F313-3E777C16F760&page=1 HTTP/1.1" 200 129416
20.171.207.223 - - [16/Feb/2025:00:09:30 +0100] "GET /ticket2/opencms/set_aff_cookie.jsp?partner=8F6DE15D-D831-5787-AE7E-FEFF53476F85&url=%252Fnl%252Fbuy%252Findex.html%253Fpage%253D1%2526edid%253D9F75CAFF-859B-AF24-5E2C-871DFD0095F5%2526hlv%253D60d0e56e-0b0c-4866-a4c7-42eb0a01000f%2523v_260591328 HTTP/1.1" 200 246
20.171.207.223 - - [16/Feb/2025:00:09:31 +0100] "GET /ticket2/opencms/set_aff_cookie.jsp?partner=57601924-FB09-5BB2-867F-08B4EB522BA8&url=%252Fnl%252Fbuy%252Findex.html%253Fpage%253D1%2526edid%253DAEE686B1-0F06-BE3A-CE07-98C2BAFB7F71%2526hlv%253D611515d7-6b24-4341-a14c-7cee0a01000f%2523v_1287374023 HTTP/1.1" 200 247
40.77.167.0 - - [16/Feb/2025:00:09:32 +0100] "GET /ticket2/opencms/sl/buy/?comcatid=A17713B6-D984-201A-4143-ED4DB5ED5C2E&catid=0A9E385E-33D9-328E-DC79-CA2C7009C829 HTTP/1.1" 200 103322
20.171.207.223 - - [16/Feb/2025:00:09:32 +0100] "GET /ticket2/opencms/set_aff_cookie.jsp?partner=6F250EA7-4505-FA01-D601-8847F2573405&url=%252Ffi%252Fbuy%252Findex.html%253Fpage%253D1%2526edid%253D40B70B22-910C-2CEB-BC32-2263AEA98A84%2526hlv%253D60f6990c-e48c-493e-84e5-63120a01000f%2523v_235260748 HTTP/1.1" 200 246
18.232.12.157 - - [16/Feb/2025:00:09:33 +0100] "GET /ticket2/opencms/sv/buy/?edid=F7660972-1F1F-59FF-1410-FAEC9F9D74B8&page=1 HTTP/1.1" 200 129326
85.208.96.212 - - [16/Feb/2025:00:09:33 +0100] "GET /ticket2/opencms/sv/buying_tickets/ HTTP/1.1" 200 91363
20.171.207.223 - - [16/Feb/2025:00:09:33 +0100] "GET /ticket2/opencms/set_aff_cookie.jsp?partner=2E02071B-A8C3-4CBA-3097-C27D61C02ED8&url=%252Fsv%252Fbuy%252Findex.html%253Fpage%253D1%2526edid%253D025EADBA-4CCB-DA07-4742-9BE67C2EAFE5%2526hlv%253D60f8449e-debc-4914-bb29-6ed00a01000f%2523v_724875270 HTTP/1.1" 200 246
20.171.207.223 - - [16/Feb/2025:00:09:35 +0100] "GET /ticket2/opencms/set_aff_cookie.jsp?partner=8F6DE15D-D831-5787-AE7E-FEFF53476F85&url=%252Fno%252Fbuy%252Findex.html%253Fpage%253D1%2526edid%253D8CF6788D-AB36-8397-1F86-FEE4FE6FC147%2526hlv%253D60ca1493-7c1c-4e05-a4f1-3bdd0a01000f%2523v_405393626 HTTP/1.1" 200 246
185.191.171.9 - - [16/Feb/2025:00:09:35 +0100] "GET /ticket2/opencms/dk/legal_info/ HTTP/1.1" 200 87052
20.171.207.223 - - [16/Feb/2025:00:09:36 +0100] "GET /ticket2/opencms/set_aff_cookie.jsp?partner=8F6DE15D-D831-5787-AE7E-FEFF53476F85&url=%252Fru%252Fbuy%252Findex.html%253Fpage%253D1%2526edid%253D6619AF23-B82A-4933-7AAB-7FCD989DC8B0%2526hlv%253D614c76cd-820c-4cca-bf7e-18980a01000f%2523v_253641018 HTTP/1.1" 200 246
35.173.18.61 - - [16/Feb/2025:00:09:36 +0100] "GET /ticket2/opencms/sv/buy/?edid=3590293B-3580-7B39-A58A-6ECDB1E34543&page=1 HTTP/1.1" 200 133537
20.171.207.223 - - [16/Feb/2025:00:09:37 +0100] "GET /ticket2/opencms/set_aff_cookie.jsp?partner=2E02071B-A8C3-4CBA-3097-C27D61C02ED8&url=%252Fdk%252Fbuy%252Findex.html%253Fpage%253D1%2526edid%253D9EB9B117-C5AB-5918-92E7-F637371B0A12%2526hlv%253D6149f298-7c04-4215-b77e-249e0a01000f%2523v_103307600 HTTP/1.1" 200 246
20.171.207.223 - - [16/Feb/2025:00:09:38 +0100] "GET /ticket2/opencms/set_aff_cookie.jsp?partner=692E2C6A-EC6F-1C93-AFCC-C5ACC23A93EA&url=%252Fsv%252Fbuy%252Findex.html%253Fpage%253D1%2526edid%253DC5829853-4CA4-0095-2A28-946BA91BD80E%2526hlv%253D615c4872-d808-4df2-8f61-26db0a01000f%2523v_458868375 HTTP/1.1" 200 246
54.36.148.47 - - [16/Feb/2025:00:09:39 +0100] "GET /ticket2/opencms/bs/buy/?page=1&edid=582C4192-AED1-C43A-6B53-0F2BB3B8E830 HTTP/1.1" 200 108423
54.36.148.165 - - [16/Feb/2025:00:09:40 +0100] "GET /ticket2/opencms/it/magazine/article?title=la-leggenda-in-un-acceso-scambio-di-parole-con-un-tifoso HTTP/1.1" 200 94130
20.171.207.223 - - [16/Feb/2025:00:09:40 +0100] "GET /ticket2/opencms/set_aff_cookie.jsp?partner=5E0CDF29-E7BE-9F6B-6869-7BF66B04006F&url=%252Ffi%252Fbuy%252Findex.html%253Fpage%253D1%2526edid%253D3F6B6B17-F159-59CA-9275-25779C692B45%2526hlv%253D60c9f38e-7b00-4f6a-ac7c-2bbd0a01000f%2523v_1660748984 HTTP/1.1" 200 247
34.231.181.240 - - [16/Feb/2025:00:09:41 +0100] "GET /ticket2/opencms/sv/buy/?edid=39CE598D-FC19-9CD8-F22D-3F7964FACAB9&page=1 HTTP/1.1" 200 124230
52.167.144.203 - - [16/Feb/2025:00:09:41 +0100] "GET /ticket2/opencms/be/buy?page=6&comcatid=A17713B6-D984-201A-4143-ED4DB5ED5C2E&catid=36394212-F82E-F845-399B-42BED55969CC&eventid=29425CD0-51B2-1314-2678-3AB7A21FD119 HTTP/1.1" 200 114104
47.128.26.255 - - [16/Feb/2025:00:09:42 +0100] "GET /ticket2/opencms/de/buy?edid=32359E59-20A4-8706-5D64-A284D441A719 HTTP/1.1" 200 90978
3.212.86.97 - - [16/Feb/2025:00:09:45 +0100] "GET /ticket2/opencms/sv/buy/?edid=3A899F3D-4563-653B-4B43-C09A35CA2BD9&page=1 HTTP/1.1" 200 133563
52.6.97.88 - - [16/Feb/2025:00:09:48 +0100] "GET /ticket2/opencms/sv/buy/?edid=605F0713-F5C5-5844-2344-BCDD5B5AC0EC&page=1 HTTP/1.1" 200 124286
111.119.232.202 - - [16/Feb/2025:00:09:51 +0100] "GET /ticket2/opencms/az/buy/?page=1&edid=B26C271A-4A1F-5110-8308-CDC3FD5965DB HTTP/1.1" 200 112257
20.171.207.223 - - [16/Feb/2025:00:09:51 +0100] "GET /ticket2/opencms/set_aff_cookie.jsp?partner=2E02071B-A8C3-4CBA-3097-C27D61C02ED8&url=%252Fsv%252Fbuy%252Findex.html%253Fpage%253D1%2526edid%253DD55BD468-305A-E062-3975-F5912C8D3F1B%2526hlv%253D615c4915-0100-40c9-8fab-27140a01000f%2523v_755730396 HTTP/1.1" 200 246
54.157.99.244 - - [16/Feb/2025:00:09:53 +0100] "GET /ticket2/opencms/sv/buy/?edid=87DA8067-258E-93BF-F8B0-6A2011EF3D80&page=1 HTTP/1.1" 200 133514
20.171.207.223 - - [16/Feb/2025:00:09:53 +0100] "GET /ticket2/opencms/set_aff_cookie.jsp?partner=5E0CDF29-E7BE-9F6B-6869-7BF66B04006F&url=%252Fsv%252Fbuy%252Findex.html%253Fpage%253D1%2526edid%253D1B2497C9-50FD-C481-B810-5D82DC9B4FE5%2526hlv%253D60ca1e8b-d404-4005-be83-41000a01000f%2523v_1131030422 HTTP/1.1" 200 247
20.171.207.223 - - [16/Feb/2025:00:09:54 +0100] "GET /ticket2/opencms/set_aff_cookie.jsp?partner=692E2C6A-EC6F-1C93-AFCC-C5ACC23A93EA&url=%252Ffi%252Fbuy%252Findex.html%253Fpage%253D1%2526edid%253DB7675F2E-12BD-02A6-E9A9-75752EB2042D%2526hlv%253D610bce29-febc-4ffa-ae42-146b0a01000f%2523v_387684456 HTTP/1.1" 200 246
77.218.48.106 - - [16/Feb/2025:00:09:55 +0100] "GET /ticket2/opencms/ HTTP/1.1" 302 -
20.171.207.223 - - [16/Feb/2025:00:09:55 +0100] "GET /ticket2/opencms/set_aff_cookie.jsp?partner=8F6DE15D-D831-5787-AE7E-FEFF53476F85&url=%252Fsv%252Fbuy%252Findex.html%253Fpage%253D1%2526edid%253D4D091DAA-A6FD-9335-E2FA-E89697CE58C9%2526hlv%253D61475a7e-0edc-422f-a862-0bb40a01000f%2523v_2090252689 HTTP/1.1" 200 247
20.171.207.223 - - [16/Feb/2025:00:09:57 +0100] "GET /ticket2/opencms/set_aff_cookie.jsp?partner=57601924-FB09-5BB2-867F-08B4EB522BA8&url=%252Fno%252Fbuy%252Findex.html%253Fpage%253D1%2526edid%253DBCFFDAAC-B9B5-C20B-47F3-6D7E6A633444%2526hlv%253D610bcb5e-1464-470c-b2f7-13ae0a01000f%2523v_2028409218 HTTP/1.1" 200 247
77.218.48.106 - - [16/Feb/2025:00:09:57 +0100] "GET /ticket2/opencms/en/ HTTP/1.1" 200 107204
77.218.48.106 - - [16/Feb/2025:00:09:57 +0100] "GET /ticket2/opencms/system/modules/com.gridnine.opencms.ticketbrokerage.site/resources/css/calendar.css HTTP/1.1" 200 6871
77.218.48.106 - - [16/Feb/2025:00:09:57 +0100] "GET /ticket2/opencms/system/modules/com.gridnine.opencms.ticketbrokerage.site/resources/css/ticketbrokerage.css HTTP/1.1" 200 39339
77.218.48.106 - - [16/Feb/2025:00:09:57 +0100] "GET /ticket2/opencms/system/modules/com.gridnine.opencms.ticketbrokerage.site/resources/js/functions.js HTTP/1.1" 200 1583
77.218.48.106 - - [16/Feb/2025:00:09:57 +0100] "GET /ticket2/opencms/system/modules/com.gridnine.opencms.ticketbrokerage.site/resources/js/jquery/jquery-ui.js HTTP/1.1" 200 228088
77.218.48.106 - - [16/Feb/2025:00:09:57 +0100] "GET /ticket2/opencms/system/modules/com.gridnine.opencms.ticketbrokerage.site/resources/js/jquery.placeholder.min.js HTTP/1.1" 200 1737
77.218.48.106 - - [16/Feb/2025:00:09:57 +0100] "GET /ticket2/opencms/system/modules/com.gridnine.opencms.ticketbrokerage.site/resources/css/standard.css HTTP/1.1" 200 73904
77.218.48.106 - - [16/Feb/2025:00:09:57 +0100] "GET /ticket2/opencms/system/modules/com.gridnine.opencms.ticketbrokerage.site/resources/js/calendar.js HTTP/1.1" 200 49229
77.218.48.106 - - [16/Feb/2025:00:09:57 +0100] "GET /ticket2/opencms/system/modules/com.gridnine.opencms.ticketbrokerage.site/resources/js/calendar-en.js HTTP/1.1" 200 3338
77.218.48.106 - - [16/Feb/2025:00:09:57 +0100] "GET /ticket2/opencms/system/modules/com.gridnine.opencms.ticketbrokerage.site/resources/js/calendar-setup.js HTTP/1.1" 200 4923
77.218.48.106 - - [16/Feb/2025:00:09:57 +0100] "GET /ticket2/opencms/system/modules/com.gridnine.opencms.ticketbrokerage.site/resources/css/jquery.fancybox.css HTTP/1.1" 200 4939
77.218.48.106 - - [16/Feb/2025:00:09:57 +0100] "GET /ticket2/opencms/system/modules/com.gridnine.opencms.ticketbrokerage.site/resources/css/jquery-ui.css HTTP/1.1" 200 33221
77.218.48.106 - - [16/Feb/2025:00:09:57 +0100] "GET /ticket2/opencms/system/modules/com.gridnine.opencms.ticketbrokerage.site/resources/js/jquery/jquery.js HTTP/1.1" 200 93868
77.218.48.106 - - [16/Feb/2025:00:09:57 +0100] "GET /ticket2/opencms/system/modules/com.gridnine.opencms.ticketbrokerage.site/resources/js/common-ajax.js HTTP/1.1" 200 20175
77.218.48.106 - - [16/Feb/2025:00:09:57 +0100] "GET /ticket2/opencms/system/modules/com.gridnine.opencms.ticketbrokerage.site/resources/js/jquery.fancybox.pack.js HTTP/1.1" 200 23187
77.218.48.106 - - [16/Feb/2025:00:09:57 +0100] "GET /ticket2/opencms/system/modules/com.gridnine.opencms.ticketbrokerage.site/resources/js/stickyfill.min.js HTTP/1.1" 200 5672
77.218.48.106 - - [16/Feb/2025:00:09:57 +0100] "GET /ticket2/opencms/system/modules/com.gridnine.opencms.ticketbrokerage.site/resources/js/standard.js HTTP/1.1" 200 3983
77.218.48.106 - - [16/Feb/2025:00:09:57 +0100] "GET /ticket2/opencms/system/modules/com.gridnine.opencms.ticketbrokerage.site/resources/pics/logo-new.png HTTP/1.1" 200 13541
77.218.48.106 - - [16/Feb/2025:00:09:57 +0100] "GET /ticket2/opencms/img/icons/globe-white.png HTTP/1.1" 200 947
77.218.48.106 - - [16/Feb/2025:00:09:57 +0100] "GET /ticket2/opencms/img/insta.png HTTP/1.1" 200 3967
77.218.48.106 - - [16/Feb/2025:00:09:57 +0100] "GET /ticket2/opencms/img/fb.png HTTP/1.1" 200 1269
77.218.48.106 - - [16/Feb/2025:00:09:57 +0100] "GET /ticket2/opencms/system/modules/com.gridnine.opencms.ticketbrokerage.site/resources/pics/footer-img.jpg HTTP/1.1" 200 67642
77.218.48.106 - - [16/Feb/2025:00:09:57 +0100] "GET /ticket2/opencms/img/icons/is.png HTTP/1.1" 200 1884
77.218.48.106 - - [16/Feb/2025:00:09:57 +0100] "GET /ticket2/opencms/img/icons/el.png HTTP/1.1" 304 -
77.218.48.106 - - [16/Feb/2025:00:09:57 +0100] "GET /ticket2/opencms/img/icons/en.png HTTP/1.1" 200 2415
77.218.48.106 - - [16/Feb/2025:00:09:57 +0100] "GET /ticket2/opencms/img/icons/lt.png HTTP/1.1" 200 733
77.218.48.106 - - [16/Feb/2025:00:09:57 +0100] "GET /ticket2/opencms/img/check.png HTTP/1.1" 200 548
77.218.48.106 - - [16/Feb/2025:00:09:57 +0100] "GET /ticket2/opencms/img/mail.png HTTP/1.1" 200 403
77.218.48.106 - - [16/Feb/2025:00:09:57 +0100] "GET /ticket2/opencms/img/icons/lt.png HTTP/1.1" 200 733
34.230.124.21 - - [16/Feb/2025:00:09:58 +0100] "GET /ticket2/opencms/sv/buy/?edid=BB439D2C-76B4-AD0C-0FC4-79A0CD539AA0&page=1 HTTP/1.1" 200 133540
20.171.207.223 - - [16/Feb/2025:00:09:58 +0100] "GET /ticket2/opencms/set_aff_cookie.jsp?partner=692E2C6A-EC6F-1C93-AFCC-C5ACC23A93EA&url=%252Fnl%252Fbuy%252Findex.html%253Fpage%253D1%2526edid%253D8F381869-E5D9-0711-5F43-47D1B58D17C6%2526hlv%253D60f81b42-c0dc-4128-8fdb-5dba0a01000f%2523v_971848516 HTTP/1.1" 200 246
20.171.207.223 - - [16/Feb/2025:00:10:00 +0100] "GET /ticket2/opencms/set_aff_cookie.jsp?partner=57601924-FB09-5BB2-867F-08B4EB522BA8&url=%252Fsv%252Fbuy%252Findex.html%253Fpage%253D1%2526edid%253DB77ADEB5-E693-DB5B-6404-78A71074DE2E%2526hlv%253D61151f4b-144c-4cb5-af73-05810a01000f%2523v_256002409 HTTP/1.1" 200 246
3.219.81.66 - - [16/Feb/2025:00:10:00 +0100] "GET /ticket2/opencms/sv/buy/?edid=0E2185D1-6D42-D80F-0E47-29A01B6B0415&page=1 HTTP/1.1" 200 107996
20.171.207.223 - - [16/Feb/2025:00:10:01 +0100] "GET /ticket2/opencms/set_aff_cookie.jsp?partner=2E02071B-A8C3-4CBA-3097-C27D61C02ED8&url=%252Ffi%252Fbuy%252Findex.html%253Fpage%253D1%2526edid%253DF361BEA1-1935-C288-74DA-DA856858E300%2526hlv%253D60ca15fb-6840-4bd5-80f5-3bec0a01000f%2523v_582464153 HTTP/1.1" 200 246
20.171.207.223 - - [16/Feb/2025:00:10:02 +0100] "GET /ticket2/opencms/set_aff_cookie.jsp?partner=57601924-FB09-5BB2-867F-08B4EB522BA8&url=%252Ffi%252Fbuy%252Findex.html%253Fpage%253D1%2526edid%253D92D9A674-EDB4-A0FB-C5DF-A3BAFA7768AC%2526hlv%253D611bfc4b-f16c-4181-a557-6c810a01000f%2523v_863375571 HTTP/1.1" 200 246
72.14.199.163 - - [16/Feb/2025:00:10:03 +0100] "GET /ticket2/opencms/dk/sport/fodboldbilletter/ligue_1/paris_saint_germain/ HTTP/1.1" 404 -
20.171.207.223 - - [16/Feb/2025:00:10:03 +0100] "GET /ticket2/opencms/set_aff_cookie.jsp?partner=8F6DE15D-D831-5787-AE7E-FEFF53476F85&url=%252Fnl%252Fbuy%252Findex.html%253Fpage%253D1%2526edid%253DE1B0D8A0-D6A6-F1B8-598E-C8ECA85414D0%2526hlv%253D60ca1169-7780-4448-ab2a-3ad80a01000f%2523v_445687135 HTTP/1.1" 200 246
185.191.171.15 - - [16/Feb/2025:00:10:04 +0100] "GET /ticket2/opencms/bs/magazine/article?title=stadion-emirates HTTP/1.1" 200 94495
173.252.83.114 - - [16/Feb/2025:00:10:04 +0100] "GET /ticket2/opencms/dk/buy?page=1&edid=FB619D25-A569-B2D3-A138-064ED3A662B4 HTTP/1.1" 200 110690
54.36.148.210 - - [16/Feb/2025:00:10:04 +0100] "GET /ticket2/opencms/ka/buy?page=1&edid=88EDF4A9-5E03-F703-C548-F2017B42179F HTTP/1.1" 200 93023
54.83.23.103 - - [16/Feb/2025:00:10:05 +0100] "GET /ticket2/opencms/sv/buy/?edid=92C32EFB-1ABC-12BA-1886-A9767DA4FF70&page=1 HTTP/1.1" 200 108122
72.14.199.161 - - [16/Feb/2025:00:10:06 +0100] "GET /ticket2/opencms/fi/urheilu/jalkapallo/premier_league/arsenal/ HTTP/1.1" 200 93372
54.163.169.168 - - [16/Feb/2025:00:10:09 +0100] "GET /ticket2/opencms/sv/buy/?edid=D9483F7A-81C2-71D7-77DF-D2197B102901&page=1 HTTP/1.1" 200 108056
52.167.144.203 - - [16/Feb/2025:00:10:10 +0100] "GET /ticket2/opencms/tr/buy?page=1&edid=C4141B0C-454E-2CA8-556F-909E6DA54D22 HTTP/1.1" 200 111659
20.171.207.223 - - [16/Feb/2025:00:10:11 +0100] "GET /ticket2/opencms/set_aff_cookie.jsp?partner=8F6DE15D-D831-5787-AE7E-FEFF53476F85&url=%252Fru%252Fbuy%252Findex.html%253Fpage%253D1%2526edid%253D2C71E7BD-CB87-D4AB-FF92-C8306AEAEEF3%2526hlv%253D60f80ac1-e0a0-4b26-8fcc-57fd0a01000f%2523v_1999413891 HTTP/1.1" 200 247
52.167.144.203 - - [16/Feb/2025:00:10:12 +0100] "GET /ticket2/opencms/el/buy?page=1&edid=D62723EE-1857-617C-CCAD-CE486EF9BB11 HTTP/1.1" 200 112152
100.28.57.133 - - [16/Feb/2025:00:10:12 +0100] "GET /ticket2/opencms/sv/buy/?edid=E0AE80B3-D973-1C4A-1E4A-4F34E588C3A0&page=1 HTTP/1.1" 200 108032
54.36.149.57 - - [16/Feb/2025:00:10:13 +0100] "GET /ticket2/opencms/tr/spor/futbol-biletleri/la-liga/valladolid/ HTTP/1.1" 200 96785
34.199.252.22 - - [16/Feb/2025:00:10:16 +0100] "GET /ticket2/opencms/sv/buy/?edid=40635446-3A1B-F16A-9B72-5E5BD25B028F&page=1 HTTP/1.1" 200 108096
20.171.207.223 - - [16/Feb/2025:00:10:17 +0100] "GET /ticket2/opencms/set_aff_cookie.jsp?partner=8F6DE15D-D831-5787-AE7E-FEFF53476F85&url=%252Fnl%252Fbuy%252Findex.html%253Fpage%253D1%2526edid%253DFC9B216F-B877-F7C1-34F3-A428EECDEFA0%2526hlv%253D6141c2c9-349c-4fc4-9fcb-56cf0a01000f%2523v_1730068299 HTTP/1.1" 200 247
20.171.207.223 - - [16/Feb/2025:00:10:17 +0100] "GET /ticket2/opencms/set_aff_cookie.jsp?partner=57601924-FB09-5BB2-867F-08B4EB522BA8&url=%252Fno%252Fbuy%252Findex.html%253Fpage%253D1%2526edid%253DB2C09047-47EF-D3CC-C470-1A1DFD8204C6%2526hlv%253D615c52e1-5314-44f4-84e8-2ac00a01000f%2523v_546870668 HTTP/1.1" 200 246
54.36.149.19 - - [16/Feb/2025:00:10:17 +0100] "GET /ticket2/opencms/bg/buy/?page=1&edid=9F80D7E4-C3CD-1252-256F-CE7A7B9BF210 HTTP/1.1" 200 111003
20.171.207.223 - - [16/Feb/2025:00:10:19 +0100] "GET /ticket2/opencms/set_aff_cookie.jsp?partner=57601924-FB09-5BB2-867F-08B4EB522BA8&url=%252Fnl%252Fbuy%252Findex.html%253Fpage%253D1%2526edid%253D11CA2095-DE4E-F08C-CA73-D1F7DF0C2455%2526hlv%253D60c9e833-6cec-4b71-ac23-26430a01000f%2523v_267464056 HTTP/1.1" 200 246
20.171.207.223 - - [16/Feb/2025:00:10:20 +0100] "GET /ticket2/opencms/set_aff_cookie.jsp?partner=23A6AD98-906E-5BDD-600E-EC4EC8A45F97&url=%252Fen%252Fbuy%252Findex.html%253Fpage%253D1%2526edid%253D038E9D5D-F853-3E62-678F-9F575C0DA65A%2526hlv%253D61448d06-62fc-4b99-b3d2-75e70a01000f%2523v_2055469733 HTTP/1.1" 200 247
44.212.106.171 - - [16/Feb/2025:00:10:21 +0100] "GET /ticket2/opencms/sv/buy/?edid=46A0A34E-8D3F-1FC3-D540-5ED6BED24380&page=1 HTTP/1.1" 200 108094
20.171.207.223 - - [16/Feb/2025:00:10:21 +0100] "GET /ticket2/opencms/set_aff_cookie.jsp?partner=8F6DE15D-D831-5787-AE7E-FEFF53476F85&url=%252Fnl%252Fbuy%252Findex.html%253Fpage%253D1%2526edid%253DAF10138E-A60F-F322-730E-45CBD84A9C2C%2526hlv%253D60c9ee9c-3dd8-4aac-a793-29c00a01000f%2523v_2013701264 HTTP/1.1" 200 247
54.36.148.245 - - [16/Feb/2025:00:10:22 +0100] "GET /ticket2/opencms/bg/buy/?page=1&edid=582C4192-AED1-C43A-6B53-0F2BB3B8E830 HTTP/1.1" 200 111008
20.171.207.223 - - [16/Feb/2025:00:10:23 +0100] "GET /ticket2/opencms/set_aff_cookie.jsp?partner=692E2C6A-EC6F-1C93-AFCC-C5ACC23A93EA&url=%252Fnl%252Fbuy%252Findex.html%253Fpage%253D1%2526edid%253D28F0825C-19F9-7A9A-47A6-29D256059C0C%2526hlv%253D611cd235-8ff8-4c53-9e59-5ec50a01000f%2523v_900935420 HTTP/1.1" 200 246
52.54.249.218 - - [16/Feb/2025:00:10:24 +0100] "GET /ticket2/opencms/sv/buy/?edid=4583F62C-F880-E6C3-C3F7-F692CC3F1DC2&page=1 HTTP/1.1" 200 115883
20.171.207.223 - - [16/Feb/2025:00:10:24 +0100] "GET /ticket2/opencms/set_aff_cookie.jsp?partner=5E0CDF29-E7BE-9F6B-6869-7BF66B04006F&url=%252Fnl%252Fbuy%252Findex.html%253Fpage%253D1%2526edid%253DD28674D7-BD38-712E-389D-3A2C16C5CDF5%2526hlv%253D60f811e1-0ee8-4288-bc8d-5a1d0a01000f%2523v_2086060568 HTTP/1.1" 200 247
20.171.207.223 - - [16/Feb/2025:00:10:25 +0100] "GET /ticket2/opencms/set_aff_cookie.jsp?partner=6F250EA7-4505-FA01-D601-8847F2573405&url=%252Fdk%252Fbuy%252Findex.html%253Fpage%253D1%2526edid%253DAF10138E-A60F-F322-730E-45CBD84A9C2C%2526hlv%253D60c9ee9c-ba4c-4a30-9538-29c00a01000f%2523v_335541007 HTTP/1.1" 200 246
185.191.171.15 - - [16/Feb/2025:00:10:26 +0100] "GET /ticket2/opencms/pl/magazine/article?title=kibice-chelsea-reaguja-z-frustracja HTTP/1.1" 200 92786
20.171.207.223 - - [16/Feb/2025:00:10:27 +0100] "GET /ticket2/opencms/set_aff_cookie.jsp?partner=2E02071B-A8C3-4CBA-3097-C27D61C02ED8&url=%252Fno%252Fbuy%252Findex.html%253Fpage%253D1%2526edid%253DC4308E58-152A-45A7-B817-E9967A70F7B2%2526hlv%253D611bae15-7fb0-4f35-9728-47790a01000f%2523v_1196769580 HTTP/1.1" 200 247
159.138.138.136 - - [16/Feb/2025:00:10:29 +0100] "GET /ticket2/opencms/az/buy?comcatid=97ECA65A-72DA-F9AF-9DBB-245D3CFED1BE&catid=F7FF413B-5FDF-82CF-E5BB-CD4AB6027974 HTTP/1.1" 200 98346
44.216.172.204 - - [16/Feb/2025:00:10:29 +0100] "GET /ticket2/opencms/sv/buy/?edid=78F53753-F856-B158-388A-6B70B4CA55C8&page=1 HTTP/1.1" 200 115896
184.73.68.20 - - [16/Feb/2025:00:10:33 +0100] "GET /ticket2/opencms/sv/buy/?edid=93838642-5250-2673-0C4C-CF34056B55BD&page=1 HTTP/1.1" 200 114346
20.171.207.223 - - [16/Feb/2025:00:10:34 +0100] "GET /ticket2/opencms/set_aff_cookie.jsp?partner=57601924-FB09-5BB2-867F-08B4EB522BA8&url=%252Fsv%252Fbuy%252Findex.html%253Fpage%253D1%2526edid%253D0710F442-BF1F-3B9D-DE18-E35B12BA53D0%2526hlv%253D6103c532-7974-4243-9ad5-2fe60a01000f%2523v_1993125887 HTTP/1.1" 200 247
114.119.157.43 - - [16/Feb/2025:00:10:35 +0100] "GET /ticket2/opencms/ro/buy?page=1&edid=F83ACB1F-A834-FC8E-AC9B-B9250F8FA653 HTTP/1.1" 200 124858
54.36.148.236 - - [16/Feb/2025:00:10:35 +0100] "GET /ticket2/opencms/en/sport/football-tickets/premier_league/arsenal/ HTTP/1.1" 200 92381
202.8.43.151 - - [16/Feb/2025:00:10:36 +0100] "GET /ticket2/opencms/system/modules/com.gridnine.opencms.ticketbrokerage.site/resources/css/jquery-ui.css HTTP/1.1" 200 33221
202.8.43.151 - - [16/Feb/2025:00:10:36 +0100] "GET /ticket2/opencms/system/modules/com.gridnine.opencms.ticketbrokerage.site/resources/css/ticketbrokerage.css HTTP/1.1" 200 39339
202.8.43.151 - - [16/Feb/2025:00:10:36 +0100] "GET /ticket2/opencms/system/modules/com.gridnine.opencms.ticketbrokerage.site/resources/css/calendar.css HTTP/1.1" 200 6871
202.8.43.151 - - [16/Feb/2025:00:10:36 +0100] "GET /ticket2/opencms/system/modules/com.gridnine.opencms.ticketbrokerage.site/resources/css/standard.css HTTP/1.1" 200 73904
202.8.43.151 - - [16/Feb/2025:00:10:36 +0100] "GET /ticket2/opencms/system/modules/com.gridnine.opencms.ticketbrokerage.site/resources/css/jquery.fancybox.css HTTP/1.1" 200 4939
202.8.43.151 - - [16/Feb/2025:00:10:36 +0100] "GET /ticket2/opencms/system/modules/com.gridnine.opencms.ticketbrokerage.site/resources/js/jquery/jquery.js HTTP/1.1" 200 93868
202.8.43.151 - - [16/Feb/2025:00:10:36 +0100] "GET /ticket2/opencms/system/modules/com.gridnine.opencms.ticketbrokerage.site/resources/js/functions.js HTTP/1.1" 200 1583
202.8.43.151 - - [16/Feb/2025:00:10:36 +0100] "GET /ticket2/opencms/system/modules/com.gridnine.opencms.ticketbrokerage.site/resources/js/jquery/jquery-ui.js HTTP/1.1" 200 228088
202.8.43.151 - - [16/Feb/2025:00:10:36 +0100] "GET /ticket2/opencms/system/modules/com.gridnine.opencms.ticketbrokerage.site/resources/js/calendar-en.js HTTP/1.1" 200 3338
202.8.43.151 - - [16/Feb/2025:00:10:36 +0100] "GET /ticket2/opencms/system/modules/com.gridnine.opencms.ticketbrokerage.site/resources/js/calendar-setup.js HTTP/1.1" 200 4923
202.8.43.151 - - [16/Feb/2025:00:10:36 +0100] "GET /ticket2/opencms/system/modules/com.gridnine.opencms.ticketbrokerage.site/resources/js/calendar.js HTTP/1.1" 200 49229
202.8.43.151 - - [16/Feb/2025:00:10:36 +0100] "GET /ticket2/opencms/system/modules/com.gridnine.opencms.ticketbrokerage.site/resources/js/jquery.fancybox.pack.js HTTP/1.1" 200 23187
202.8.43.151 - - [16/Feb/2025:00:10:36 +0100] "GET /ticket2/opencms/system/modules/com.gridnine.opencms.ticketbrokerage.site/resources/js/stickyfill.min.js HTTP/1.1" 200 5672
202.8.43.151 - - [16/Feb/2025:00:10:36 +0100] "GET /ticket2/opencms/system/modules/com.gridnine.opencms.ticketbrokerage.site/resources/js/standard.js HTTP/1.1" 200 3983
202.8.43.151 - - [16/Feb/2025:00:10:36 +0100] "GET /ticket2/opencms/system/modules/com.gridnine.opencms.ticketbrokerage.site/resources/js/jquery.placeholder.min.js HTTP/1.1" 200 1737
202.8.43.151 - - [16/Feb/2025:00:10:36 +0100] "GET /ticket2/opencms/system/modules/com.gridnine.opencms.ticketbrokerage.site/resources/js/common-ajax.js HTTP/1.1" 200 20175
54.147.182.90 - - [16/Feb/2025:00:10:37 +0100] "GET /ticket2/opencms/sv/buy/?edid=9DBCDD83-DFF7-0F0A-E3AC-44814FB4671B&page=1 HTTP/1.1" 200 115972
185.191.171.13 - - [16/Feb/2025:00:10:38 +0100] "GET /ticket2/opencms/ro/affiliateprogram.html HTTP/1.1" 200 87812
3.211.105.134 - - [16/Feb/2025:00:10:41 +0100] "GET /ticket2/opencms/sv/buy/?edid=ED6B033E-FAAE-D3A6-3006-A43EA8437C62&page=1 HTTP/1.1" 200 115979
20.171.207.223 - - [16/Feb/2025:00:10:41 +0100] "GET /ticket2/opencms/set_aff_cookie.jsp?partner=2E02071B-A8C3-4CBA-3097-C27D61C02ED8&url=%252Fru%252Fbuy%252Findex.html%253Fpage%253D1%2526edid%253D40274787-4880-2FAF-9245-ACEA41C493B4%2526hlv%253D610bce55-52e4-4d7b-a073-16280a01000f%2523v_1500815418 HTTP/1.1" 200 247
20.171.207.223 - - [16/Feb/2025:00:10:42 +0100] "GET /ticket2/opencms/set_aff_cookie.jsp?partner=5E0CDF29-E7BE-9F6B-6869-7BF66B04006F&url=%252Fdk%252Fbuy%252Findex.html%253Fpage%253D1%2526edid%253D7B81DA8C-BC62-30BF-75BA-614CF7ADBC43%2526hlv%253D6145bddf-5358-4a0c-961e-65470a01000f%2523v_113852456 HTTP/1.1" 200 246
54.36.148.55 - - [16/Feb/2025:00:10:42 +0100] "GET /ticket2/opencms/sl/magazine HTTP/1.1" 200 152367
20.171.207.223 - - [16/Feb/2025:00:10:43 +0100] "GET /ticket2/opencms/set_aff_cookie.jsp?partner=5E0CDF29-E7BE-9F6B-6869-7BF66B04006F&url=%252Fen%252Fbuy%252Findex.html%253Fpage%253D1%2526edid%253D75E717A6-CA77-1376-528F-F251ACBD0624%2526hlv%253D610bcfb5-784c-493b-aa3c-146b0a01000f%2523v_1408991122 HTTP/1.1" 200 247
202.8.41.18 - - [16/Feb/2025:00:10:43 +0100] "GET /ticket2/opencms/system/modules/com.gridnine.opencms.ticketbrokerage.site/resources/css/ticketbrokerage.css HTTP/1.1" 200 39339
202.8.41.18 - - [16/Feb/2025:00:10:43 +0100] "GET /ticket2/opencms/system/modules/com.gridnine.opencms.ticketbrokerage.site/resources/css/jquery-ui.css HTTP/1.1" 200 33221
202.8.41.18 - - [16/Feb/2025:00:10:43 +0100] "GET /ticket2/opencms/system/modules/com.gridnine.opencms.ticketbrokerage.site/resources/css/standard.css HTTP/1.1" 200 73904
202.8.41.18 - - [16/Feb/2025:00:10:43 +0100] "GET /ticket2/opencms/system/modules/com.gridnine.opencms.ticketbrokerage.site/resources/css/calendar.css HTTP/1.1" 200 6871
202.8.41.18 - - [16/Feb/2025:00:10:43 +0100] "GET /ticket2/opencms/system/modules/com.gridnine.opencms.ticketbrokerage.site/resources/css/jquery.fancybox.css HTTP/1.1" 200 4939
202.8.41.18 - - [16/Feb/2025:00:10:43 +0100] "GET /ticket2/opencms/system/modules/com.gridnine.opencms.ticketbrokerage.site/resources/js/jquery/jquery.js HTTP/1.1" 200 93868
202.8.41.18 - - [16/Feb/2025:00:10:44 +0100] "GET /ticket2/opencms/system/modules/com.gridnine.opencms.ticketbrokerage.site/resources/js/jquery/jquery-ui.js HTTP/1.1" 200 228088
202.8.41.18 - - [16/Feb/2025:00:10:44 +0100] "GET /ticket2/opencms/system/modules/com.gridnine.opencms.ticketbrokerage.site/resources/js/functions.js HTTP/1.1" 200 1583
202.8.41.18 - - [16/Feb/2025:00:10:44 +0100] "GET /ticket2/opencms/system/modules/com.gridnine.opencms.ticketbrokerage.site/resources/js/calendar.js HTTP/1.1" 200 49229
202.8.41.18 - - [16/Feb/2025:00:10:44 +0100] "GET /ticket2/opencms/system/modules/com.gridnine.opencms.ticketbrokerage.site/resources/js/calendar-en.js HTTP/1.1" 200 3338
202.8.41.18 - - [16/Feb/2025:00:10:44 +0100] "GET /ticket2/opencms/system/modules/com.gridnine.opencms.ticketbrokerage.site/resources/js/calendar-setup.js HTTP/1.1" 200 4923
202.8.41.18 - - [16/Feb/2025:00:10:44 +0100] "GET /ticket2/opencms/system/modules/com.gridnine.opencms.ticketbrokerage.site/resources/js/jquery.fancybox.pack.js HTTP/1.1" 200 23187
202.8.41.18 - - [16/Feb/2025:00:10:44 +0100] "GET /ticket2/opencms/system/modules/com.gridnine.opencms.ticketbrokerage.site/resources/js/stickyfill.min.js HTTP/1.1" 200 5672
202.8.41.18 - - [16/Feb/2025:00:10:44 +0100] "GET /ticket2/opencms/system/modules/com.gridnine.opencms.ticketbrokerage.site/resources/js/standard.js HTTP/1.1" 200 3983
202.8.41.18 - - [16/Feb/2025:00:10:44 +0100] "GET /ticket2/opencms/system/modules/com.gridnine.opencms.ticketbrokerage.site/resources/js/jquery.placeholder.min.js HTTP/1.1" 200 1737
20.171.207.223 - - [16/Feb/2025:00:10:44 +0100] "GET /ticket2/opencms/set_aff_cookie.jsp?partner=2E02071B-A8C3-4CBA-3097-C27D61C02ED8&url=%252Ffi%252Fbuy%252Findex.html%253Fpage%253D1%2526edid%253DE633D85E-2631-44B3-2B1B-38B280DE86F7%2526hlv%253D60f84b64-25c4-4e49-a99a-72280a01000f%2523v_541932669 HTTP/1.1" 200 246
202.8.41.18 - - [16/Feb/2025:00:10:44 +0100] "GET /ticket2/opencms/system/modules/com.gridnine.opencms.ticketbrokerage.site/resources/js/common-ajax.js HTTP/1.1" 200 20175
18.205.127.11 - - [16/Feb/2025:00:10:44 +0100] "GET /ticket2/opencms/sv/buy/?edid=F8093B0F-0671-8BAD-4914-C12550D964A6&page=1 HTTP/1.1" 200 115959
20.171.207.223 - - [16/Feb/2025:00:10:46 +0100] "GET /ticket2/opencms/set_aff_cookie.jsp?partner=5E0CDF29-E7BE-9F6B-6869-7BF66B04006F&url=%252Fdk%252Fbuy%252Findex.html%253Fpage%253D1%2526edid%253D1154DCB7-5A2A-A6AE-4672-BBF2DE0C9EC8%2526hlv%253D61126e9b-63ac-4ed9-9ced-28f30a01000f%2523v_2073823667 HTTP/1.1" 200 247
20.171.207.223 - - [16/Feb/2025:00:10:47 +0100] "GET /ticket2/opencms/set_aff_cookie.jsp?partner=6F250EA7-4505-FA01-D601-8847F2573405&url=%252Fnl%252Fbuy%252Findex.html%253Fpage%253D1%2526edid%253D2EE5FE6D-D48C-F366-EBEF-C207DB7D5BC0%2526hlv%253D60f69951-4748-4156-b846-648d0a01000f%2523v_583050121 HTTP/1.1" 200 246
20.171.207.223 - - [16/Feb/2025:00:10:48 +0100] "GET /ticket2/opencms/set_aff_cookie.jsp?partner=2E02071B-A8C3-4CBA-3097-C27D61C02ED8&url=%252Fen%252Fbuy%252Findex.html%253Fpage%253D1%2526edid%253D2C71E7BD-CB87-D4AB-FF92-C8306AEAEEF3%2526hlv%253D60f80ac1-c95c-40a6-b0ca-57fd0a01000f%2523v_1760831884 HTTP/1.1" 200 247
98.83.177.42 - - [16/Feb/2025:00:10:49 +0100] "GET /ticket2/opencms/sv/buy/?edid=07DEB2A3-DF25-51E6-57DE-19F2D68F0F1B&page=1 HTTP/1.1" 200 108046
20.171.207.223 - - [16/Feb/2025:00:10:50 +0100] "GET /ticket2/opencms/set_aff_cookie.jsp?partner=2E02071B-A8C3-4CBA-3097-C27D61C02ED8&url=%252Fsv%252Fbuy%252Findex.html%253Fpage%253D1%2526edid%253DBBBCA264-5732-E10D-2F77-6078F8DC6D3B%2526hlv%253D60f958ae-f004-4a3a-a135-59c10a01000f%2523v_2008833559 HTTP/1.1" 200 247
20.171.207.223 - - [16/Feb/2025:00:10:51 +0100] "GET /ticket2/opencms/set_aff_cookie.jsp?partner=2E02071B-A8C3-4CBA-3097-C27D61C02ED8&url=%252Fen%252Fbuy%252Findex.html%253Fpage%253D1%2526edid%253D0FD8C94D-BC20-A9A1-B75F-6B50E0D9D5B1%2526hlv%253D60f951c1-505c-481e-b399-56980a01000f%2523v_936393667 HTTP/1.1" 200 246
54.147.238.89 - - [16/Feb/2025:00:10:52 +0100] "GET /ticket2/opencms/sv/buy/?edid=0D37E384-2B78-1FC5-2B22-30B553C53918&page=1 HTTP/1.1" 200 107986
54.36.149.105 - - [16/Feb/2025:00:10:55 +0100] "GET /ticket2/opencms/de/sport/fussball-tickets/la_liga/leganes HTTP/1.1" 200 100673
202.8.41.124 - - [16/Feb/2025:00:10:56 +0100] "GET /ticket2/opencms/system/modules/com.gridnine.opencms.ticketbrokerage.site/resources/css/calendar.css HTTP/1.1" 200 6871
202.8.41.124 - - [16/Feb/2025:00:10:56 +0100] "GET /ticket2/opencms/system/modules/com.gridnine.opencms.ticketbrokerage.site/resources/css/jquery-ui.css HTTP/1.1" 200 33221
202.8.41.124 - - [16/Feb/2025:00:10:56 +0100] "GET /ticket2/opencms/system/modules/com.gridnine.opencms.ticketbrokerage.site/resources/css/ticketbrokerage.css HTTP/1.1" 200 39339
202.8.41.124 - - [16/Feb/2025:00:10:56 +0100] "GET /ticket2/opencms/system/modules/com.gridnine.opencms.ticketbrokerage.site/resources/css/standard.css HTTP/1.1" 200 73904
202.8.41.124 - - [16/Feb/2025:00:10:56 +0100] "GET /ticket2/opencms/system/modules/com.gridnine.opencms.ticketbrokerage.site/resources/css/jquery.fancybox.css HTTP/1.1" 200 4939
202.8.41.124 - - [16/Feb/2025:00:10:56 +0100] "GET /ticket2/opencms/system/modules/com.gridnine.opencms.ticketbrokerage.site/resources/js/jquery/jquery.js HTTP/1.1" 200 93868
202.8.41.124 - - [16/Feb/2025:00:10:56 +0100] "GET /ticket2/opencms/system/modules/com.gridnine.opencms.ticketbrokerage.site/resources/js/jquery/jquery-ui.js HTTP/1.1" 200 228088
202.8.41.124 - - [16/Feb/2025:00:10:56 +0100] "GET /ticket2/opencms/system/modules/com.gridnine.opencms.ticketbrokerage.site/resources/js/functions.js HTTP/1.1" 200 1583
202.8.41.124 - - [16/Feb/2025:00:10:56 +0100] "GET /ticket2/opencms/system/modules/com.gridnine.opencms.ticketbrokerage.site/resources/js/calendar.js HTTP/1.1" 200 49229
202.8.41.124 - - [16/Feb/2025:00:10:56 +0100] "GET /ticket2/opencms/system/modules/com.gridnine.opencms.ticketbrokerage.site/resources/js/calendar-en.js HTTP/1.1" 200 3338
202.8.41.124 - - [16/Feb/2025:00:10:56 +0100] "GET /ticket2/opencms/system/modules/com.gridnine.opencms.ticketbrokerage.site/resources/js/calendar-setup.js HTTP/1.1" 200 4923
202.8.41.124 - - [16/Feb/2025:00:10:56 +0100] "GET /ticket2/opencms/system/modules/com.gridnine.opencms.ticketbrokerage.site/resources/js/jquery.fancybox.pack.js HTTP/1.1" 200 23187
202.8.41.124 - - [16/Feb/2025:00:10:56 +0100] "GET /ticket2/opencms/system/modules/com.gridnine.opencms.ticketbrokerage.site/resources/js/stickyfill.min.js HTTP/1.1" 200 5672
202.8.41.124 - - [16/Feb/2025:00:10:56 +0100] "GET /ticket2/opencms/system/modules/com.gridnine.opencms.ticketbrokerage.site/resources/js/standard.js HTTP/1.1" 200 3983
202.8.41.124 - - [16/Feb/2025:00:10:56 +0100] "GET /ticket2/opencms/system/modules/com.gridnine.opencms.ticketbrokerage.site/resources/js/jquery.placeholder.min.js HTTP/1.1" 200 1737
202.8.41.124 - - [16/Feb/2025:00:10:56 +0100] "GET /ticket2/opencms/system/modules/com.gridnine.opencms.ticketbrokerage.site/resources/js/common-ajax.js HTTP/1.1" 200 20175
54.147.80.137 - - [16/Feb/2025:00:10:56 +0100] "GET /ticket2/opencms/sv/buy/?edid=1BDE69E9-911B-D7B1-5E4E-80296443BB3B&page=1 HTTP/1.1" 200 108050
20.171.207.223 - - [16/Feb/2025:00:10:57 +0100] "GET /ticket2/opencms/set_aff_cookie.jsp?partner=8F6DE15D-D831-5787-AE7E-FEFF53476F85&url=%252Fdk%252Fbuy%252Findex.html%253Fpage%253D1%2526edid%253D4F1B6DF5-628F-F25D-981B-BD9489467C6D%2526hlv%253D60f5c59d-e184-4a6a-a2e9-1ecb0a01000f%2523v_150965428 HTTP/1.1" 200 246
54.92.171.106 - - [16/Feb/2025:00:11:00 +0100] "GET /ticket2/opencms/sv/buy/?edid=5F5129B2-1702-C675-5051-34240EBE11DF&page=1 HTTP/1.1" 200 108069
47.128.111.82 - - [16/Feb/2025:00:11:03 +0100] "GET /ticket2/opencms/ga/magazine/article?title=manchester-city-ceannairi-don-cheathru-bliain-as-a-cheile HTTP/1.1" 200 95184
20.171.207.223 - - [16/Feb/2025:00:11:04 +0100] "GET /ticket2/opencms/set_aff_cookie.jsp?partner=8F6DE15D-D831-5787-AE7E-FEFF53476F85&url=%252Fnl%252Fbuy%252Findex.html%253Fpage%253D1%2526edid%253D77662010-5CF0-526E-5D4F-82C3FEEC0A4F%2526hlv%253D6149ea51-f054-4e4f-9d7e-1db20a01000f%2523v_1396329116 HTTP/1.1" 200 247
100.29.63.24 - - [16/Feb/2025:00:11:04 +0100] "GET /ticket2/opencms/sv/buy/?edid=60F178DE-34D0-F541-48CD-E75B1D1E51B1&page=1 HTTP/1.1" 200 108084
20.171.207.223 - - [16/Feb/2025:00:11:05 +0100] "GET /ticket2/opencms/set_aff_cookie.jsp?partner=57601924-FB09-5BB2-867F-08B4EB522BA8&url=%252Fen%252Fbuy%252Findex.html%253Fpage%253D1%2526edid%253D7B81DA8C-BC62-30BF-75BA-614CF7ADBC43%2526hlv%253D614c77fe-ecf0-4dae-b536-192e0a01000f%2523v_1414407678 HTTP/1.1" 200 247
20.171.207.223 - - [16/Feb/2025:00:11:06 +0100] "GET /ticket2/opencms/set_aff_cookie.jsp?partner=57601924-FB09-5BB2-867F-08B4EB522BA8&url=%252Fru%252Fbuy%252Findex.html%253Fpage%253D1%2526edid%253DE1B0D8A0-D6A6-F1B8-598E-C8ECA85414D0%2526hlv%253D60ca1169-1ce0-41a4-ba15-3ad80a01000f%2523v_1182990763 HTTP/1.1" 200 247
54.36.148.246 - - [16/Feb/2025:00:11:07 +0100] "GET /ticket2/opencms/es/deporte/entradas-futbol/premier-league/tottenham HTTP/1.1" 200 100886
202.8.41.218 - - [16/Feb/2025:00:11:08 +0100] "GET /ticket2/opencms/system/modules/com.gridnine.opencms.ticketbrokerage.site/resources/css/jquery-ui.css HTTP/1.1" 200 33221
202.8.41.218 - - [16/Feb/2025:00:11:08 +0100] "GET /ticket2/opencms/system/modules/com.gridnine.opencms.ticketbrokerage.site/resources/css/ticketbrokerage.css HTTP/1.1" 200 39339
202.8.41.218 - - [16/Feb/2025:00:11:08 +0100] "GET /ticket2/opencms/system/modules/com.gridnine.opencms.ticketbrokerage.site/resources/css/calendar.css HTTP/1.1" 200 6871
202.8.41.218 - - [16/Feb/2025:00:11:08 +0100] "GET /ticket2/opencms/system/modules/com.gridnine.opencms.ticketbrokerage.site/resources/css/standard.css HTTP/1.1" 200 73904
202.8.41.218 - - [16/Feb/2025:00:11:08 +0100] "GET /ticket2/opencms/system/modules/com.gridnine.opencms.ticketbrokerage.site/resources/css/jquery.fancybox.css HTTP/1.1" 200 4939
202.8.41.218 - - [16/Feb/2025:00:11:09 +0100] "GET /ticket2/opencms/system/modules/com.gridnine.opencms.ticketbrokerage.site/resources/js/jquery/jquery.js HTTP/1.1" 200 93868
202.8.41.218 - - [16/Feb/2025:00:11:09 +0100] "GET /ticket2/opencms/system/modules/com.gridnine.opencms.ticketbrokerage.site/resources/js/jquery/jquery-ui.js HTTP/1.1" 200 228088
202.8.41.218 - - [16/Feb/2025:00:11:09 +0100] "GET /ticket2/opencms/system/modules/com.gridnine.opencms.ticketbrokerage.site/resources/js/calendar.js HTTP/1.1" 200 49229
202.8.41.218 - - [16/Feb/2025:00:11:09 +0100] "GET /ticket2/opencms/system/modules/com.gridnine.opencms.ticketbrokerage.site/resources/js/functions.js HTTP/1.1" 200 1583
202.8.41.218 - - [16/Feb/2025:00:11:09 +0100] "GET /ticket2/opencms/system/modules/com.gridnine.opencms.ticketbrokerage.site/resources/js/calendar-en.js HTTP/1.1" 200 3338
202.8.41.218 - - [16/Feb/2025:00:11:09 +0100] "GET /ticket2/opencms/system/modules/com.gridnine.opencms.ticketbrokerage.site/resources/js/calendar-setup.js HTTP/1.1" 200 4923
166.108.203.233 - - [16/Feb/2025:00:11:09 +0100] "GET /ticket2/opencms/az/buy?page=1&edid=7BD09287-6936-CE68-B356-5961050B6456 HTTP/1.1" 200 112185
202.8.41.218 - - [16/Feb/2025:00:11:09 +0100] "GET /ticket2/opencms/system/modules/com.gridnine.opencms.ticketbrokerage.site/resources/js/stickyfill.min.js HTTP/1.1" 200 5672
202.8.41.218 - - [16/Feb/2025:00:11:09 +0100] "GET /ticket2/opencms/system/modules/com.gridnine.opencms.ticketbrokerage.site/resources/js/jquery.fancybox.pack.js HTTP/1.1" 200 23187
202.8.41.218 - - [16/Feb/2025:00:11:09 +0100] "GET /ticket2/opencms/system/modules/com.gridnine.opencms.ticketbrokerage.site/resources/js/standard.js HTTP/1.1" 200 3983
202.8.41.218 - - [16/Feb/2025:00:11:09 +0100] "GET /ticket2/opencms/system/modules/com.gridnine.opencms.ticketbrokerage.site/resources/js/jquery.placeholder.min.js HTTP/1.1" 200 1737
18.214.251.19 - - [16/Feb/2025:00:11:09 +0100] "GET /ticket2/opencms/sv/buy/?edid=F6B52729-D385-1BA8-C061-8869A2499C82&page=1 HTTP/1.1" 200 108051
202.8.41.218 - - [16/Feb/2025:00:11:09 +0100] "GET /ticket2/opencms/system/modules/com.gridnine.opencms.ticketbrokerage.site/resources/js/common-ajax.js HTTP/1.1" 200 20175
47.128.43.148 - - [16/Feb/2025:00:11:09 +0100] "GET /ticket2/opencms/dk/sport/fodboldbilletter/la-liga/granada/ HTTP/1.1" 200 87150
20.171.207.223 - - [16/Feb/2025:00:11:09 +0100] "GET /ticket2/opencms/set_aff_cookie.jsp?partner=6F250EA7-4505-FA01-D601-8847F2573405&url=%252Fno%252Fbuy%252Findex.html%253Fpage%253D1%2526edid%253D23462A4C-8725-82B5-7A63-462FC0C8A36E%2526hlv%253D60d0e166-5f50-4cdd-bbe2-40d10a01000f%2523v_482401191 HTTP/1.1" 200 246
20.171.207.223 - - [16/Feb/2025:00:11:10 +0100] "GET /ticket2/opencms/set_aff_cookie.jsp?partner=8F6DE15D-D831-5787-AE7E-FEFF53476F85&url=%252Fsv%252Fbuy%252Findex.html%253Fpage%253D1%2526edid%253D0AF722C7-398C-BD7F-56C9-079824699138%2526hlv%253D60f81b9b-a8e4-40d5-8633-5d1e0a01000f%2523v_982358790 HTTP/1.1" 200 246
135.181.137.2 - - [16/Feb/2025:00:11:11 +0100] "GET /ticket2/opencms/robots.txt HTTP/1.1" 200 773
20.171.207.223 - - [16/Feb/2025:00:11:11 +0100] "GET /ticket2/opencms/set_aff_cookie.jsp?partner=692E2C6A-EC6F-1C93-AFCC-C5ACC23A93EA&url=%252Fno%252Fbuy%252Findex.html%253Fpage%253D1%2526edid%253D3754A801-0360-9F1A-6DA4-BE3220BB9FC0%2526hlv%253D614c7561-b8a8-4256-b6e8-17c60a01000f%2523v_690957553 HTTP/1.1" 200 246
20.171.207.223 - - [16/Feb/2025:00:11:13 +0100] "GET /ticket2/opencms/set_aff_cookie.jsp?partner=2E02071B-A8C3-4CBA-3097-C27D61C02ED8&url=%252Fnl%252Fbuy%252Findex.html%253Fpage%253D1%2526edid%253D742CE524-9C3D-91F4-FC16-F3903E8D84E4%2526hlv%253D60f81583-647c-4a42-97c6-5c120a01000f%2523v_2111195726 HTTP/1.1" 200 247
18.232.36.1 - - [16/Feb/2025:00:11:13 +0100] "GET /ticket2/opencms/sv/buy/?edid=3AAD2194-7D27-1E14-1F37-DA3A90110F57&page=1 HTTP/1.1" 200 108032
20.171.207.223 - - [16/Feb/2025:00:11:14 +0100] "GET /ticket2/opencms/set_aff_cookie.jsp?partner=692E2C6A-EC6F-1C93-AFCC-C5ACC23A93EA&url=%252Fno%252Fbuy%252Findex.html%253Fpage%253D1%2526edid%253DFEB03BB6-02B5-C800-F6B0-987523006767%2526hlv%253D60f5c5b6-2e54-4579-a397-1eb60a01000f%2523v_444176992 HTTP/1.1" 200 246
34.239.197.197 - - [16/Feb/2025:00:11:17 +0100] "GET /ticket2/opencms/sv/buy/?edid=42E8617D-7ECE-B375-F977-D5B4ED32BE05&page=1 HTTP/1.1" 200 108049
135.181.137.2 - - [16/Feb/2025:00:11:18 +0100] "GET /ticket2/opencms/robots.txt HTTP/1.1" 200 773
20.171.207.223 - - [16/Feb/2025:00:11:18 +0100] "GET /ticket2/opencms/set_aff_cookie.jsp?partner=57601924-FB09-5BB2-867F-08B4EB522BA8&url=%252Fdk%252Fbuy%252Findex.html%253Fpage%253D1%2526edid%253DD017627D-6895-48D5-7AF6-3326E738EE9B%2526hlv%253D61127aff-158c-4bea-890c-2e4e0a01000f%2523v_1229455399 HTTP/1.1" 200 247
54.36.148.216 - - [16/Feb/2025:00:11:19 +0100] "GET /ticket2/opencms/no/sport/fotballsbilletter/premier_league/bournemouth HTTP/1.1" 200 98844
202.8.42.14 - - [16/Feb/2025:00:11:20 +0100] "GET /ticket2/opencms/system/modules/com.gridnine.opencms.ticketbrokerage.site/resources/css/calendar.css HTTP/1.1" 200 6871
202.8.42.14 - - [16/Feb/2025:00:11:20 +0100] "GET /ticket2/opencms/system/modules/com.gridnine.opencms.ticketbrokerage.site/resources/css/ticketbrokerage.css HTTP/1.1" 200 39339
202.8.42.14 - - [16/Feb/2025:00:11:20 +0100] "GET /ticket2/opencms/system/modules/com.gridnine.opencms.ticketbrokerage.site/resources/css/standard.css HTTP/1.1" 200 73904
202.8.42.14 - - [16/Feb/2025:00:11:20 +0100] "GET /ticket2/opencms/system/modules/com.gridnine.opencms.ticketbrokerage.site/resources/css/jquery.fancybox.css HTTP/1.1" 200 4939
202.8.42.14 - - [16/Feb/2025:00:11:20 +0100] "GET /ticket2/opencms/system/modules/com.gridnine.opencms.ticketbrokerage.site/resources/css/jquery-ui.css HTTP/1.1" 200 33221
202.8.42.14 - - [16/Feb/2025:00:11:20 +0100] "GET /ticket2/opencms/system/modules/com.gridnine.opencms.ticketbrokerage.site/resources/js/jquery/jquery.js HTTP/1.1" 200 93868
202.8.42.14 - - [16/Feb/2025:00:11:20 +0100] "GET /ticket2/opencms/system/modules/com.gridnine.opencms.ticketbrokerage.site/resources/js/functions.js HTTP/1.1" 200 1583
202.8.42.14 - - [16/Feb/2025:00:11:20 +0100] "GET /ticket2/opencms/system/modules/com.gridnine.opencms.ticketbrokerage.site/resources/js/jquery/jquery-ui.js HTTP/1.1" 200 228088
202.8.42.14 - - [16/Feb/2025:00:11:20 +0100] "GET /ticket2/opencms/system/modules/com.gridnine.opencms.ticketbrokerage.site/resources/js/calendar.js HTTP/1.1" 200 49229
202.8.42.14 - - [16/Feb/2025:00:11:20 +0100] "GET /ticket2/opencms/system/modules/com.gridnine.opencms.ticketbrokerage.site/resources/js/calendar-en.js HTTP/1.1" 200 3338
202.8.42.14 - - [16/Feb/2025:00:11:20 +0100] "GET /ticket2/opencms/system/modules/com.gridnine.opencms.ticketbrokerage.site/resources/js/calendar-setup.js HTTP/1.1" 200 4923
202.8.42.14 - - [16/Feb/2025:00:11:20 +0100] "GET /ticket2/opencms/system/modules/com.gridnine.opencms.ticketbrokerage.site/resources/js/jquery.fancybox.pack.js HTTP/1.1" 200 23187
202.8.42.14 - - [16/Feb/2025:00:11:20 +0100] "GET /ticket2/opencms/system/modules/com.gridnine.opencms.ticketbrokerage.site/resources/js/stickyfill.min.js HTTP/1.1" 200 5672
202.8.42.14 - - [16/Feb/2025:00:11:20 +0100] "GET /ticket2/opencms/system/modules/com.gridnine.opencms.ticketbrokerage.site/resources/js/standard.js HTTP/1.1" 200 3983
202.8.42.14 - - [16/Feb/2025:00:11:20 +0100] "GET /ticket2/opencms/system/modules/com.gridnine.opencms.ticketbrokerage.site/resources/js/jquery.placeholder.min.js HTTP/1.1" 200 1737
18.233.24.238 - - [16/Feb/2025:00:11:20 +0100] "GET /ticket2/opencms/sv/buy/?edid=47721D14-2C82-CD87-6865-EDC5A8129AF3&page=1 HTTP/1.1" 200 108008
202.8.42.14 - - [16/Feb/2025:00:11:20 +0100] "GET /ticket2/opencms/system/modules/com.gridnine.opencms.ticketbrokerage.site/resources/js/common-ajax.js HTTP/1.1" 200 20175
20.171.207.223 - - [16/Feb/2025:00:11:21 +0100] "GET /ticket2/opencms/set_aff_cookie.jsp?partner=2E02071B-A8C3-4CBA-3097-C27D61C02ED8&url=%252Fsv%252Fbuy%252Findex.html%253Fpage%253D1%2526edid%253DB65C9998-D30F-32EE-08AA-C0A071FB93ED%2526hlv%253D60ca1207-0f2c-43ec-98da-3a900a01000f%2523v_1620018745 HTTP/1.1" 200 247
54.204.62.163 - - [16/Feb/2025:00:11:26 +0100] "GET /ticket2/opencms/sv/buy/?edid=52097123-D272-930E-ACDD-5F9218EDFF4D&page=1 HTTP/1.1" 200 107991
135.181.137.2 - - [16/Feb/2025:00:11:26 +0100] "GET /ticket2/opencms/sv/sport/fotbollsbiljetter/la_liga/barcelona/ HTTP/1.1" 200 95877
135.181.137.2 - - [16/Feb/2025:00:11:26 +0100] "GET /ticket2/opencms/system/modules/com.gridnine.opencms.ticketbrokerage.site/resources/js/jquery/jquery.js HTTP/1.1" 200 93868
135.181.137.2 - - [16/Feb/2025:00:11:26 +0100] "GET /ticket2/opencms/system/modules/com.gridnine.opencms.ticketbrokerage.site/resources/js/calendar-en.js HTTP/1.1" 200 3338
135.181.137.2 - - [16/Feb/2025:00:11:26 +0100] "GET /ticket2/opencms/system/modules/com.gridnine.opencms.ticketbrokerage.site/resources/js/jquery/jquery-ui.js HTTP/1.1" 200 228088
135.181.137.2 - - [16/Feb/2025:00:11:26 +0100] "GET /ticket2/opencms/system/modules/com.gridnine.opencms.ticketbrokerage.site/resources/js/functions.js HTTP/1.1" 200 1583
135.181.137.2 - - [16/Feb/2025:00:11:26 +0100] "GET /ticket2/opencms/system/modules/com.gridnine.opencms.ticketbrokerage.site/resources/js/calendar.js HTTP/1.1" 200 49229
135.181.137.2 - - [16/Feb/2025:00:11:26 +0100] "GET /ticket2/opencms/system/modules/com.gridnine.opencms.ticketbrokerage.site/resources/js/calendar-setup.js HTTP/1.1" 200 4923
135.181.137.2 - - [16/Feb/2025:00:11:26 +0100] "GET /ticket2/opencms/system/modules/com.gridnine.opencms.ticketbrokerage.site/resources/js/jquery.fancybox.pack.js HTTP/1.1" 200 23187
47.128.36.62 - - [16/Feb/2025:00:11:26 +0100] "GET /ticket2/opencms/uk/ HTTP/1.1" 200 109657
135.181.137.2 - - [16/Feb/2025:00:11:26 +0100] "GET /ticket2/opencms/system/modules/com.gridnine.opencms.ticketbrokerage.site/resources/js/stickyfill.min.js HTTP/1.1" 200 5672
135.181.137.2 - - [16/Feb/2025:00:11:26 +0100] "GET /ticket2/opencms/system/modules/com.gridnine.opencms.ticketbrokerage.site/resources/js/jquery.placeholder.min.js HTTP/1.1" 200 1737
135.181.137.2 - - [16/Feb/2025:00:11:26 +0100] "GET /ticket2/opencms/system/modules/com.gridnine.opencms.ticketbrokerage.site/resources/js/standard.js HTTP/1.1" 200 3983
