20.171.207.223 - - [16/Feb/2025:01:02:11 +0100] "GET /ticket2/opencms/set_aff_cookie.jsp?partner=692E2C6A-EC6F-1C93-AFCC-C5ACC23A93EA&url=%252Fdk%252Fbuy%252Findex.html%253Fpage%253D1%2526edid%253DF6846B21-DFB1-3342-F8E4-3CC69EE92178%2526hlv%253D61449737-8b44-4c6e-8689-79030a01000f%2523v_2076525537 HTTP/1.1" 200 247
192.95.30.21 - - [16/Feb/2025:01:02:12 +0100] "GET /ticket2/opencms/fi/login/?edid=70818629-9551-6DC7-FD0C-3665BC11B0F8 HTTP/1.1" 200 91862
66.249.79.34 - - [16/Feb/2025:01:02:12 +0100] "GET /ticket2/opencms/az/buy/?page=1&edid=2A94D260-B353-E604-8B7A-7304DE73276A HTTP/1.1" 200 112246
3.94.157.25 - - [16/Feb/2025:01:02:13 +0100] "GET /ticket2/opencms/be/buy/?edid=6F6062BE-21E9-FCCC-41A7-E76CFE6D47E3&page=1 HTTP/1.1" 200 134206
20.171.207.223 - - [16/Feb/2025:01:02:13 +0100] "GET /ticket2/opencms/set_aff_cookie.jsp?partner=8F6DE15D-D831-5787-AE7E-FEFF53476F85&url=%252Fen%252Fbuy%252Findex.html%253Fpage%253D1%2526edid%253D52E48250-C92A-48C2-45BB-C1536603E8B5%2526hlv%253D611bd379-efa0-451e-93af-57760a01000f%2523v_560466356 HTTP/1.1" 200 246
66.249.79.33 - - [16/Feb/2025:01:02:15 +0100] "GET /ticket2/opencms/bs/sell/?edid=0C94170C-17F1-0823-E8AC-91EC149F33EC HTTP/1.1" 302 -
20.171.207.223 - - [16/Feb/2025:01:02:16 +0100] "GET /ticket2/opencms/set_aff_cookie.jsp?partner=5E0CDF29-E7BE-9F6B-6869-7BF66B04006F&url=%252Fsv%252Fbuy%252Findex.html%253Fpage%253D1%2526edid%253D864966C0-6945-AA58-A6C7-9273AE6642E0%2526hlv%253D611bcafb-5308-4d71-80df-529e0a01000f%2523v_1825792543 HTTP/1.1" 200 247
52.167.144.218 - - [16/Feb/2025:01:02:16 +0100] "GET /ticket2/opencms/et/buy?page=6&comcatid=A17713B6-D984-201A-4143-ED4DB5ED5C2E&catid=A4D9EA9A-192D-0274-BF26-9C98D8B902AB&eventid=C7B8839D-D05D-58E7-D08F-88E8ADCFDD77 HTTP/1.1" 200 106291
192.95.30.21 - - [16/Feb/2025:01:02:16 +0100] "GET /ticket2/opencms/fi/login/?edid=719E6B6D-707F-E825-E3AA-0E552980E1EB HTTP/1.1" 200 91889
52.4.229.9 - - [16/Feb/2025:01:02:16 +0100] "GET /ticket2/opencms/be/buy/?edid=74430233-0066-0F2D-297C-6BDDB67075CE&page=1 HTTP/1.1" 200 123854
47.128.31.178 - - [16/Feb/2025:01:02:17 +0100] "GET /ticket2/opencms/nl/buy/?edid=402D4ADF-F1A8-8EDD-0E47-FAEC0616E1C7 HTTP/1.1" 200 89271
85.208.96.205 - - [16/Feb/2025:01:02:20 +0100] "GET /ticket2/opencms/is/sport/fotbolti/english-championship/watford/ HTTP/1.1" 200 97470
40.77.167.51 - - [16/Feb/2025:01:02:20 +0100] "GET /ticket2/opencms/fr/buy?page=1&edid=BB3F8D1C-F850-FE7D-2AC5-9536E18D91DF HTTP/1.1" 200 108435
52.3.155.146 - - [16/Feb/2025:01:02:20 +0100] "GET /ticket2/opencms/be/buy/?edid=78314AF0-4634-069B-617B-0BA727735BF7&page=1 HTTP/1.1" 200 110865
20.171.207.223 - - [16/Feb/2025:01:02:20 +0100] "GET /ticket2/opencms/set_aff_cookie.jsp?partner=692E2C6A-EC6F-1C93-AFCC-C5ACC23A93EA&url=%252Fsv%252Fbuy%252Findex.html%253Fpage%253D1%2526edid%253D1704DC47-D333-EEEA-B66A-BC4C3DDB8A1C%2526hlv%253D60d0e4fc-92d8-4d27-9877-407f0a01000f%2523v_276843282 HTTP/1.1" 200 246
192.95.30.21 - - [16/Feb/2025:01:02:20 +0100] "GET /ticket2/opencms/fi/login/?edid=71A5516F-6BB3-FB63-461B-A9493E3B32DA HTTP/1.1" 200 91921
195.191.219.131 - - [16/Feb/2025:01:02:21 +0100] "GET /ticket2/opencms/robots.txt HTTP/1.1" 200 773
54.36.148.120 - - [16/Feb/2025:01:02:22 +0100] "GET /ticket2/opencms/et/buy?page=1&edid=4EF4CC9A-B0ED-46BC-F297-21E10A9EA6B6 HTTP/1.1" 200 111626
20.171.207.223 - - [16/Feb/2025:01:02:24 +0100] "GET /ticket2/opencms/set_aff_cookie.jsp?partner=57601924-FB09-5BB2-867F-08B4EB522BA8&url=%252Fdk%252Fbuy%252Findex.html%253Fpage%253D1%2526edid%253D4D091DAA-A6FD-9335-E2FA-E89697CE58C9%2526hlv%253D60c9e59d-f8f8-439c-a382-237e0a01000f%2523v_382112549 HTTP/1.1" 200 246
44.215.235.20 - - [16/Feb/2025:01:02:24 +0100] "GET /ticket2/opencms/be/buy/?edid=78F53753-F856-B158-388A-6B70B4CA55C8&page=1 HTTP/1.1" 200 118951
192.95.30.21 - - [16/Feb/2025:01:02:24 +0100] "GET /ticket2/opencms/fi/login/?edid=71F3FE54-10D0-F1E8-DD77-D63D4BE2C9CF HTTP/1.1" 200 91871
54.36.148.223 - - [16/Feb/2025:01:02:25 +0100] "GET /ticket2/opencms/fr/magazine/article?title=cauchemar-pour-manchester-city HTTP/1.1" 200 95134
195.191.219.131 - - [16/Feb/2025:01:02:25 +0100] "GET /ticket2/opencms/en/login/?edid=0AB966ED-711A-1DD6-BBD9-5029029D10A0 HTTP/1.1" 200 90109
66.249.79.35 - - [16/Feb/2025:01:02:26 +0100] "GET /ticket2/opencms/bs/login/?url=/bs/sell/ HTTP/1.1" 200 91651
124.243.177.179 - - [16/Feb/2025:01:02:26 +0100] "GET /ticket2/opencms/az/buy/?page=1&edid=11EE072D-8BDA-AD9E-6DE3-4565DECD9282 HTTP/1.1" 200 112137
20.171.207.223 - - [16/Feb/2025:01:02:27 +0100] "GET /ticket2/opencms/set_aff_cookie.jsp?partner=5E0CDF29-E7BE-9F6B-6869-7BF66B04006F&url=%252Fdk%252Fbuy%252Findex.html%253Fpage%253D1%2526edid%253DDB8E6B8B-D5E6-2798-B4FA-A83F6B0F61B9%2526hlv%253D615c4868-e214-40dd-922c-26db0a01000f%2523v_1608898085 HTTP/1.1" 200 247
66.249.76.170 - - [16/Feb/2025:01:02:28 +0100] "GET /ticket2/opencms/az/buy?page=1&edid=DAC26FFD-8A53-E219-368F-E55DCE3D870C HTTP/1.1" 200 109078
44.215.235.20 - - [16/Feb/2025:01:02:28 +0100] "GET /ticket2/opencms/be/buy/?edid=7A0C4CE7-DF50-29C3-D447-032204091A27&page=1 HTTP/1.1" 200 110883
20.171.207.223 - - [16/Feb/2025:01:02:29 +0100] "GET /ticket2/opencms/set_aff_cookie.jsp?partner=6F250EA7-4505-FA01-D601-8847F2573405&url=%252Fno%252Fbuy%252Findex.html%253Fpage%253D1%2526edid%253D5A67179D-C7BD-4086-88F3-90FE704053E2%2526hlv%253D60cb5baf-3288-4d9c-8d27-3ef70a01000f%2523v_1240532864 HTTP/1.1" 200 247
192.95.30.21 - - [16/Feb/2025:01:02:29 +0100] "GET /ticket2/opencms/fi/login/?edid=71FF0DDB-994C-2EA5-7C18-3DECE9AE5101 HTTP/1.1" 200 91878
195.191.219.131 - - [16/Feb/2025:01:02:29 +0100] "GET /ticket2/opencms/en/login/?edid=128622B7-EDDD-3A5E-9897-BCB852F1E8F1 HTTP/1.1" 200 90034
66.249.68.37 - - [16/Feb/2025:01:02:29 +0100] "GET /ticket2/opencms/lt/buy?page=1&edid=299450E2-FDAD-4E2B-0058-6290A7A2B57D HTTP/1.1" 200 111988
20.171.207.223 - - [16/Feb/2025:01:02:30 +0100] "GET /ticket2/opencms/set_aff_cookie.jsp?partner=692E2C6A-EC6F-1C93-AFCC-C5ACC23A93EA&url=%252Ffi%252Fbuy%252Findex.html%253Fpage%253D1%2526edid%253DFF27455A-A259-2E61-E278-C658588A9BEE%2526hlv%253D60ca0df2-dce0-47e4-a621-36280a01000f%2523v_1785133699 HTTP/1.1" 200 247
20.171.207.223 - - [16/Feb/2025:01:02:31 +0100] "GET /ticket2/opencms/set_aff_cookie.jsp?partner=5E0CDF29-E7BE-9F6B-6869-7BF66B04006F&url=%252Fsv%252Fbuy%252Findex.html%253Fpage%253D1%2526edid%253D20B8D1AD-64EC-73DF-B539-29EE3CA0D338%2526hlv%253D6145b3d7-20fc-425c-88ec-61230a01000f%2523v_349397929 HTTP/1.1" 200 246
66.249.79.34 - - [16/Feb/2025:01:02:32 +0100] "GET /ticket2/opencms/fr/?comcatid=66708183-7480-3365-06BF-DBF60280AB45 HTTP/1.1" 200 108694
192.95.30.21 - - [16/Feb/2025:01:02:33 +0100] "GET /ticket2/opencms/fi/login/?edid=72113169-CE1D-B963-8867-381A95276A39 HTTP/1.1" 200 91698
52.3.156.186 - - [16/Feb/2025:01:02:33 +0100] "GET /ticket2/opencms/be/buy/?edid=7F2B1FEA-20FE-7448-32AC-111154CA401B&page=1 HTTP/1.1" 200 138489
66.249.68.37 - - [16/Feb/2025:01:02:33 +0100] "GET /ticket2/opencms/lt/ask-form.html HTTP/1.1" 200 3156
20.171.207.223 - - [16/Feb/2025:01:02:33 +0100] "GET /ticket2/opencms/set_aff_cookie.jsp?partner=2E02071B-A8C3-4CBA-3097-C27D61C02ED8&url=%252Fnl%252Fbuy%252Findex.html%253Fpage%253D1%2526edid%253DB0BF2090-DE5A-9E6F-DE35-9DF8CEDD4A19%2526hlv%253D6115208f-88b0-486f-aa55-05810a01000f%2523v_184081129 HTTP/1.1" 200 246
195.191.219.131 - - [16/Feb/2025:01:02:33 +0100] "GET /ticket2/opencms/en/login/?edid=133B893E-0B2E-BEF9-99B1-9E25283FAB9D HTTP/1.1" 200 90157
20.171.207.223 - - [16/Feb/2025:01:02:34 +0100] "GET /ticket2/opencms/set_aff_cookie.jsp?partner=692E2C6A-EC6F-1C93-AFCC-C5ACC23A93EA&url=%252Fno%252Fbuy%252Findex.html%253Fpage%253D1%2526edid%253D1A0D0579-4E59-3474-5A13-81F3BA1DEBCE%2526hlv%253D60f95402-cf88-496d-8d8c-580f0a01000f%2523v_1732830680 HTTP/1.1" 200 247
54.36.148.230 - - [16/Feb/2025:01:02:35 +0100] "GET /ticket2/opencms/de/buy?page=1&edid=4D046EC3-3569-AF35-BEE2-37E289C85DAB HTTP/1.1" 200 110601
66.249.79.34 - - [16/Feb/2025:01:02:36 +0100] "GET /ticket2/opencms/et/ HTTP/1.1" 200 108742
20.171.207.223 - - [16/Feb/2025:01:02:37 +0100] "GET /ticket2/opencms/set_aff_cookie.jsp?partner=5E0CDF29-E7BE-9F6B-6869-7BF66B04006F&url=%252Fru%252Fbuy%252Findex.html%253Fpage%253D1%2526edid%253DCF3BDDE8-6C6B-F85B-528C-11C48A316B2B%2526hlv%253D614ed4d5-33b4-4b22-ad79-7ae80a01000f%2523v_2025248695 HTTP/1.1" 200 247
3.213.46.222 - - [16/Feb/2025:01:02:37 +0100] "GET /ticket2/opencms/be/buy/?edid=7F8DD7AE-C02D-DBD7-A437-1943525E7DF2&page=1 HTTP/1.1" 200 137362
192.95.30.21 - - [16/Feb/2025:01:02:37 +0100] "GET /ticket2/opencms/fi/login/?edid=7214CBA7-E36C-71DD-6C23-92EED3F261A8 HTTP/1.1" 200 91899
114.119.152.134 - - [16/Feb/2025:01:02:37 +0100] "GET /ticket2/opencms/en/venue/?venueid=1F514823-A8B2-64F2-1969-4417BA1D08C9 HTTP/1.1" 200 87715
195.191.219.131 - - [16/Feb/2025:01:02:37 +0100] "GET /ticket2/opencms/en/login/?edid=1AEC2618-DE69-59D6-4D54-AF36D227A6D5 HTTP/1.1" 200 90082
20.171.207.223 - - [16/Feb/2025:01:02:38 +0100] "GET /ticket2/opencms/set_aff_cookie.jsp?partner=5E0CDF29-E7BE-9F6B-6869-7BF66B04006F&url=%252Fen%252Fbuy%252Findex.html%253Fpage%253D1%2526edid%253DB0E4D276-C8CE-F4B4-2DC5-6BEA44E190B2%2526hlv%253D60c9e52d-6220-476c-a39d-239d0a01000f%2523v_1487725857 HTTP/1.1" 200 247
192.95.30.21 - - [16/Feb/2025:01:02:41 +0100] "GET /ticket2/opencms/fi/login/?edid=729B4624-40AD-E7A7-F9BA-94230F6FDC91 HTTP/1.1" 200 91802
54.167.32.123 - - [16/Feb/2025:01:02:41 +0100] "GET /ticket2/opencms/be/buy/?edid=81B38BC2-1B10-C00A-7953-DB579F5D53A3&page=1 HTTP/1.1" 200 134448
66.249.79.34 - - [16/Feb/2025:01:02:41 +0100] "GET /ticket2/opencms/ro/login/ HTTP/1.1" 200 91933
195.191.219.131 - - [16/Feb/2025:01:02:42 +0100] "GET /ticket2/opencms/en/login/?edid=1F5DDBE6-23AB-F5E5-34B5-37D25394F454 HTTP/1.1" 200 90111
185.191.171.8 - - [16/Feb/2025:01:02:43 +0100] "GET /ticket2/opencms/cs/magazine/article?title=hvezdy-me-ktere-se-nejvice-vyhledavaji-na-googlu-a-jsou-nejvetsi-na-instagramu HTTP/1.1" 200 99785
52.0.63.151 - - [16/Feb/2025:01:02:44 +0100] "GET /ticket2/opencms/be/buy/?edid=8513AB1B-B933-9792-1D4C-C887E0E5F59A&page=1 HTTP/1.1" 200 110822
20.171.207.223 - - [16/Feb/2025:01:02:44 +0100] "GET /ticket2/opencms/set_aff_cookie.jsp?partner=57601924-FB09-5BB2-867F-08B4EB522BA8&url=%252Fno%252Fbuy%252Findex.html%253Fpage%253D1%2526edid%253D92971269-2FFE-3DDA-49A2-724A87B9C001%2526hlv%253D60f8453c-1490-4df5-b8c4-6e190a01000f%2523v_1600351174 HTTP/1.1" 200 247
54.36.148.162 - - [16/Feb/2025:01:02:44 +0100] "GET /ticket2/opencms/el/buy?page=1&edid=24655ACD-2857-6493-1E75-CE7F2FE875D2 HTTP/1.1" 200 115631
192.95.30.21 - - [16/Feb/2025:01:02:45 +0100] "GET /ticket2/opencms/fi/login/?edid=72E12FE2-4DDC-1E5C-698A-850131DAAB42 HTTP/1.1" 200 91760
195.191.219.131 - - [16/Feb/2025:01:02:46 +0100] "GET /ticket2/opencms/en/login/?edid=348C0D4F-C07E-3755-DFEC-416D881A5AC9 HTTP/1.1" 200 90106
20.171.207.223 - - [16/Feb/2025:01:02:47 +0100] "GET /ticket2/opencms/set_aff_cookie.jsp?partner=8F6DE15D-D831-5787-AE7E-FEFF53476F85&url=%252Fnl%252Fbuy%252Findex.html%253Fpage%253D1%2526edid%253DD4B1E319-6F48-1B90-FA7F-FABAA1246B5E%2526hlv%253D610bcb94-cfd8-4f75-a920-12a00a01000f%2523v_1224589598 HTTP/1.1" 200 247
3.224.104.67 - - [16/Feb/2025:01:02:49 +0100] "GET /ticket2/opencms/be/buy/?edid=871D7AC8-C2FD-89A7-A9D7-71A8AD06F3BB&page=1 HTTP/1.1" 200 110842
192.95.30.21 - - [16/Feb/2025:01:02:49 +0100] "GET /ticket2/opencms/fi/login/?edid=72E82760-BEC3-3CF9-6E90-2FDD50852364 HTTP/1.1" 200 91860
20.171.207.223 - - [16/Feb/2025:01:02:51 +0100] "GET /ticket2/opencms/set_aff_cookie.jsp?partner=8F6DE15D-D831-5787-AE7E-FEFF53476F85&url=%252Fno%252Fbuy%252Findex.html%253Fpage%253D1%2526edid%253D50F18BFF-700E-1E6F-C17F-C358E206F903%2526hlv%253D61449282-8858-4d36-b8c8-77330a01000f%2523v_225754917 HTTP/1.1" 200 246
40.77.167.51 - - [16/Feb/2025:01:02:51 +0100] "GET /ticket2/opencms/lv/buy?page=1&edid=5CC4C245-B3B0-1B51-B1DB-D9E8D9C1C476 HTTP/1.1" 200 124907
20.171.207.223 - - [16/Feb/2025:01:02:52 +0100] "GET /ticket2/opencms/set_aff_cookie.jsp?partner=2E02071B-A8C3-4CBA-3097-C27D61C02ED8&url=%252Fsv%252Fbuy%252Findex.html%253Fpage%253D1%2526edid%253DAC6683BE-480A-B94D-6978-93F20E61B508%2526hlv%253D610a584d-c824-4024-bfaa-09d40a01000f%2523v_438869757 HTTP/1.1" 200 246
52.6.232.201 - - [16/Feb/2025:01:02:53 +0100] "GET /ticket2/opencms/be/buy/?edid=885A2607-A223-24CC-17AE-7C8ECDA8D47C&page=1 HTTP/1.1" 200 136622
20.171.207.223 - - [16/Feb/2025:01:02:53 +0100] "GET /ticket2/opencms/set_aff_cookie.jsp?partner=2E02071B-A8C3-4CBA-3097-C27D61C02ED8&url=%252Fnl%252Fbuy%252Findex.html%253Fpage%253D1%2526edid%253DF3756B07-2F5C-FFFD-72BE-0A74CDBD5EA0%2526hlv%253D6149f8d9-5ac4-4264-8c9b-28df0a01000f%2523v_588982782 HTTP/1.1" 200 246
192.95.30.21 - - [16/Feb/2025:01:02:53 +0100] "GET /ticket2/opencms/fi/login/?edid=74E66911-B50F-18BE-93CF-34065CCFC928 HTTP/1.1" 200 91808
20.171.207.223 - - [16/Feb/2025:01:02:54 +0100] "GET /ticket2/opencms/set_aff_cookie.jsp?partner=8F6DE15D-D831-5787-AE7E-FEFF53476F85&url=%252Fen%252Fbuy%252Findex.html%253Fpage%253D1%2526edid%253D07D24578-F577-FB97-B11A-7D3A32948F2C%2526hlv%253D60c9e337-d9e8-4da1-9451-23650a01000f%2523v_1994794645 HTTP/1.1" 200 247
195.191.219.131 - - [16/Feb/2025:01:02:55 +0100] "GET /ticket2/opencms/en/login/?edid=3590293B-3580-7B39-A58A-6ECDB1E34543 HTTP/1.1" 200 90142
54.36.148.5 - - [16/Feb/2025:01:02:56 +0100] "GET /ticket2/opencms/sq/buy?page=1&edid=B62F8ADF-FB26-8030-EC23-674FBF49AA39 HTTP/1.1" 200 109041
54.156.248.117 - - [16/Feb/2025:01:02:56 +0100] "GET /ticket2/opencms/be/buy/?edid=90FF4B1C-1D4C-DD77-9411-8E3582C2DCE5&page=1 HTTP/1.1" 200 110936
20.171.207.223 - - [16/Feb/2025:01:02:56 +0100] "GET /ticket2/opencms/set_aff_cookie.jsp?partner=8F6DE15D-D831-5787-AE7E-FEFF53476F85&url=%252Fru%252Fbuy%252Findex.html%253Fpage%253D1%2526edid%253D038E9D5D-F853-3E62-678F-9F575C0DA65A%2526hlv%253D60ca0d7a-db28-4e6b-ad63-36360a01000f%2523v_995671171 HTTP/1.1" 200 246
192.95.30.21 - - [16/Feb/2025:01:02:57 +0100] "GET /ticket2/opencms/fi/login/?edid=750C6040-29F7-425D-A24F-51B977F415A3 HTTP/1.1" 200 91811
20.171.207.223 - - [16/Feb/2025:01:02:58 +0100] "GET /ticket2/opencms/set_aff_cookie.jsp?partner=692E2C6A-EC6F-1C93-AFCC-C5ACC23A93EA&url=%252Fno%252Fbuy%252Findex.html%253Fpage%253D1%2526edid%253D41E9C3A6-1ED0-8493-C595-0C2D48714D8A%2526hlv%253D60c9e661-09bc-47c4-a97c-239d0a01000f%2523v_546429642 HTTP/1.1" 200 246
195.191.219.131 - - [16/Feb/2025:01:02:59 +0100] "GET /ticket2/opencms/en/login/?edid=39CE598D-FC19-9CD8-F22D-3F7964FACAB9 HTTP/1.1" 200 90094
20.171.207.223 - - [16/Feb/2025:01:03:00 +0100] "GET /ticket2/opencms/set_aff_cookie.jsp?partner=8F6DE15D-D831-5787-AE7E-FEFF53476F85&url=%252Fdk%252Fbuy%252Findex.html%253Fpage%253D1%2526edid%253DBD803897-0AF1-6865-317A-1580BE02E250%2526hlv%253D614c7829-771c-4685-884f-192e0a01000f%2523v_333490192 HTTP/1.1" 200 246
20.171.207.223 - - [16/Feb/2025:01:03:01 +0100] "GET /ticket2/opencms/set_aff_cookie.jsp?partner=6F250EA7-4505-FA01-D601-8847F2573405&url=%252Ffi%252Fbuy%252Findex.html%253Fpage%253D1%2526edid%253D4D091DAA-A6FD-9335-E2FA-E89697CE58C9%2526hlv%253D6145d564-07d4-440e-91e1-6b940a01000f%2523v_791470028 HTTP/1.1" 200 246
52.44.148.203 - - [16/Feb/2025:01:03:01 +0100] "GET /ticket2/opencms/be/buy/?edid=9A8891BD-C3B9-2FD5-1633-7AEF0F073762&page=1 HTTP/1.1" 200 137557
192.95.30.21 - - [16/Feb/2025:01:03:01 +0100] "GET /ticket2/opencms/fi/login/?edid=76C5B12B-5A01-4B43-4951-01FB8B03F367 HTTP/1.1" 200 91775
114.119.148.14 - - [16/Feb/2025:01:03:03 +0100] "GET /ticket2/opencms/es/buy/?page=1&edid=0B61E12F-3357-9D4A-8CE6-56FAB7BA659C HTTP/1.1" 200 130017
195.191.219.131 - - [16/Feb/2025:01:03:03 +0100] "GET /ticket2/opencms/en/login/?edid=3A899F3D-4563-653B-4B43-C09A35CA2BD9 HTTP/1.1" 200 90055
3.94.156.104 - - [16/Feb/2025:01:03:04 +0100] "GET /ticket2/opencms/be/buy/?edid=9AF29D4D-BF71-6182-1EBD-FF49E6DA3ECE&page=1 HTTP/1.1" 200 113577
192.95.30.21 - - [16/Feb/2025:01:03:05 +0100] "GET /ticket2/opencms/fi/login/?edid=8C2C2F28-BFF2-2815-74C0-8C7CF9869A34 HTTP/1.1" 200 91890
124.243.178.7 - - [16/Feb/2025:01:03:06 +0100] "GET /ticket2/opencms/az/buy/?page=1&edid=FC7C15A4-04FF-B871-AC9F-BAD355747F99 HTTP/1.1" 200 108983
54.36.148.82 - - [16/Feb/2025:01:03:07 +0100] "GET /ticket2/opencms/es/buy?page=1&edid=A587FC63-4A93-6097-3B29-C1C51786267C HTTP/1.1" 200 117829
195.191.219.131 - - [16/Feb/2025:01:03:07 +0100] "GET /ticket2/opencms/en/login/?edid=3D561669-CE76-F355-781D-8E2E1C0C9894 HTTP/1.1" 200 90073
20.171.207.223 - - [16/Feb/2025:01:03:07 +0100] "GET /ticket2/opencms/set_aff_cookie.jsp?partner=5E0CDF29-E7BE-9F6B-6869-7BF66B04006F&url=%252Fnl%252Fbuy%252Findex.html%253Fpage%253D1%2526edid%253DFF27455A-A259-2E61-E278-C658588A9BEE%2526hlv%253D6144984d-06a4-4185-8cf6-79850a01000f%2523v_1204577321 HTTP/1.1" 200 247
85.208.96.208 - - [16/Feb/2025:01:03:07 +0100] "GET /ticket2/opencms/ga/magazine/article?title=kevin-de-bruyne HTTP/1.1" 200 93960
202.8.43.122 - - [16/Feb/2025:01:03:08 +0100] "GET /ticket2/opencms/system/modules/com.gridnine.opencms.ticketbrokerage.site/resources/css/jquery-ui.css HTTP/1.1" 200 33221
202.8.43.122 - - [16/Feb/2025:01:03:08 +0100] "GET /ticket2/opencms/system/modules/com.gridnine.opencms.ticketbrokerage.site/resources/css/standard.css HTTP/1.1" 200 73904
202.8.43.122 - - [16/Feb/2025:01:03:08 +0100] "GET /ticket2/opencms/system/modules/com.gridnine.opencms.ticketbrokerage.site/resources/css/jquery.fancybox.css HTTP/1.1" 200 4939
202.8.43.122 - - [16/Feb/2025:01:03:08 +0100] "GET /ticket2/opencms/system/modules/com.gridnine.opencms.ticketbrokerage.site/resources/css/calendar.css HTTP/1.1" 200 6871
202.8.43.122 - - [16/Feb/2025:01:03:08 +0100] "GET /ticket2/opencms/system/modules/com.gridnine.opencms.ticketbrokerage.site/resources/css/ticketbrokerage.css HTTP/1.1" 200 39339
202.8.43.122 - - [16/Feb/2025:01:03:08 +0100] "GET /ticket2/opencms/system/modules/com.gridnine.opencms.ticketbrokerage.site/resources/js/jquery/jquery.js HTTP/1.1" 200 93868
202.8.43.122 - - [16/Feb/2025:01:03:08 +0100] "GET /ticket2/opencms/system/modules/com.gridnine.opencms.ticketbrokerage.site/resources/js/functions.js HTTP/1.1" 200 1583
202.8.43.122 - - [16/Feb/2025:01:03:08 +0100] "GET /ticket2/opencms/system/modules/com.gridnine.opencms.ticketbrokerage.site/resources/js/jquery/jquery-ui.js HTTP/1.1" 200 228088
202.8.43.122 - - [16/Feb/2025:01:03:08 +0100] "GET /ticket2/opencms/system/modules/com.gridnine.opencms.ticketbrokerage.site/resources/js/calendar.js HTTP/1.1" 200 49229
202.8.43.122 - - [16/Feb/2025:01:03:08 +0100] "GET /ticket2/opencms/system/modules/com.gridnine.opencms.ticketbrokerage.site/resources/js/calendar-en.js HTTP/1.1" 200 3338
202.8.43.122 - - [16/Feb/2025:01:03:08 +0100] "GET /ticket2/opencms/system/modules/com.gridnine.opencms.ticketbrokerage.site/resources/js/calendar-setup.js HTTP/1.1" 200 4923
202.8.43.122 - - [16/Feb/2025:01:03:08 +0100] "GET /ticket2/opencms/system/modules/com.gridnine.opencms.ticketbrokerage.site/resources/js/stickyfill.min.js HTTP/1.1" 200 5672
202.8.43.122 - - [16/Feb/2025:01:03:08 +0100] "GET /ticket2/opencms/system/modules/com.gridnine.opencms.ticketbrokerage.site/resources/js/jquery.fancybox.pack.js HTTP/1.1" 200 23187
202.8.43.122 - - [16/Feb/2025:01:03:08 +0100] "GET /ticket2/opencms/system/modules/com.gridnine.opencms.ticketbrokerage.site/resources/js/standard.js HTTP/1.1" 200 3983
202.8.43.122 - - [16/Feb/2025:01:03:08 +0100] "GET /ticket2/opencms/system/modules/com.gridnine.opencms.ticketbrokerage.site/resources/js/jquery.placeholder.min.js HTTP/1.1" 200 1737
202.8.43.122 - - [16/Feb/2025:01:03:08 +0100] "GET /ticket2/opencms/system/modules/com.gridnine.opencms.ticketbrokerage.site/resources/js/common-ajax.js HTTP/1.1" 200 20175
202.8.43.122 - - [16/Feb/2025:01:03:08 +0100] "GET /ticket2/opencms/es/ask-form.html HTTP/1.1" 200 3156
34.225.87.80 - - [16/Feb/2025:01:03:08 +0100] "GET /ticket2/opencms/be/buy/?edid=9BBBC99D-9BE8-492C-BD4A-8B73CDBF11B6&page=1 HTTP/1.1" 200 111091
95.201.211.195 - - [16/Feb/2025:01:03:08 +0100] "GET /ticket2/opencms/sv/sport/fotbollsbiljetter/?gad_source=2&gclid=CjwKCAiAk8G9BhA0EiwAOQxmfsVDg-Nhq-gpdJb9HA4vArEmHhoaMXS_dYvaT8op9MB8DCW39UnXFRoCecUQAvD_BwE HTTP/1.1" 200 96105
202.8.43.122 - - [16/Feb/2025:01:03:08 +0100] "GET /ticket2/opencms/system/modules/com.gridnine.opencms.ticketbrokerage.site/resources/css/ticketbrokerage.css HTTP/1.1" 200 39339
95.201.211.195 - - [16/Feb/2025:01:03:09 +0100] "GET /ticket2/opencms/sv/sport/fotbollsbiljetter/?gad_source=2&gclid=CjwKCAiAk8G9BhA0EiwAOQxmfsVDg-Nhq-gpdJb9HA4vArEmHhoaMXS_dYvaT8op9MB8DCW39UnXFRoCecUQAvD_BwE HTTP/1.1" 200 96159
47.128.111.178 - - [16/Feb/2025:01:03:09 +0100] "GET /ticket2/opencms/en/magazine/article?title=please-provide-the-text-you-would-like-to-be-translated-into-english HTTP/1.1" 200 91905
192.95.30.21 - - [16/Feb/2025:01:03:10 +0100] "GET /ticket2/opencms/fi/login/?edid=8EF7EC9D-9BC8-1DEC-C27C-0541D5C5F471 HTTP/1.1" 200 91794
20.171.207.223 - - [16/Feb/2025:01:03:10 +0100] "GET /ticket2/opencms/set_aff_cookie.jsp?partner=692E2C6A-EC6F-1C93-AFCC-C5ACC23A93EA&url=%252Fsv%252Fbuy%252Findex.html%253Fpage%253D1%2526edid%253DD737459F-8C33-1A07-DB7F-17A3C6E8F82A%2526hlv%253D60f816be-ea10-48cb-bf40-5b830a01000f%2523v_1699613908 HTTP/1.1" 200 247
195.191.219.131 - - [16/Feb/2025:01:03:11 +0100] "GET /ticket2/opencms/en/login/?edid=3F2482EE-6B7A-310D-17CE-1C7E3CC58C7F HTTP/1.1" 200 90133
95.201.211.195 - - [16/Feb/2025:01:03:12 +0100] "GET /ticket2/opencms/sv/sport/fotbollsbiljetter/?gad_source=2&gclid=CjwKCAiAk8G9BhA0EiwAOQxmfsVDg-Nhq-gpdJb9HA4vArEmHhoaMXS_dYvaT8op9MB8DCW39UnXFRoCecUQAvD_BwE HTTP/1.1" 200 96101
95.201.211.195 - - [16/Feb/2025:01:03:12 +0100] "GET /ticket2/opencms/system/modules/com.gridnine.opencms.ticketbrokerage.site/resources/css/ticketbrokerage.css HTTP/1.1" 200 39339
95.201.211.195 - - [16/Feb/2025:01:03:12 +0100] "GET /ticket2/opencms/system/modules/com.gridnine.opencms.ticketbrokerage.site/resources/css/calendar.css HTTP/1.1" 200 6871
95.201.211.195 - - [16/Feb/2025:01:03:12 +0100] "GET /ticket2/opencms/system/modules/com.gridnine.opencms.ticketbrokerage.site/resources/css/jquery-ui.css HTTP/1.1" 200 33221
95.201.211.195 - - [16/Feb/2025:01:03:12 +0100] "GET /ticket2/opencms/system/modules/com.gridnine.opencms.ticketbrokerage.site/resources/css/jquery.fancybox.css HTTP/1.1" 200 4939
95.201.211.195 - - [16/Feb/2025:01:03:12 +0100] "GET /ticket2/opencms/system/modules/com.gridnine.opencms.ticketbrokerage.site/resources/js/jquery/jquery.js HTTP/1.1" 200 93868
95.201.211.195 - - [16/Feb/2025:01:03:12 +0100] "GET /ticket2/opencms/system/modules/com.gridnine.opencms.ticketbrokerage.site/resources/css/standard.css HTTP/1.1" 200 73904
95.201.211.195 - - [16/Feb/2025:01:03:12 +0100] "GET /ticket2/opencms/system/modules/com.gridnine.opencms.ticketbrokerage.site/resources/js/jquery/jquery-ui.js HTTP/1.1" 200 228088
95.201.211.195 - - [16/Feb/2025:01:03:12 +0100] "GET /ticket2/opencms/system/modules/com.gridnine.opencms.ticketbrokerage.site/resources/js/functions.js HTTP/1.1" 200 1583
95.201.211.195 - - [16/Feb/2025:01:03:12 +0100] "GET /ticket2/opencms/system/modules/com.gridnine.opencms.ticketbrokerage.site/resources/js/calendar.js HTTP/1.1" 200 49229
95.201.211.195 - - [16/Feb/2025:01:03:12 +0100] "GET /ticket2/opencms/system/modules/com.gridnine.opencms.ticketbrokerage.site/resources/js/calendar-en.js HTTP/1.1" 200 3338
52.5.232.250 - - [16/Feb/2025:01:03:12 +0100] "GET /ticket2/opencms/be/buy/?edid=A0FFAF50-E61F-DDD9-D6DC-77947313B0DE&page=1 HTTP/1.1" 200 121058
95.201.211.195 - - [16/Feb/2025:01:03:12 +0100] "GET /ticket2/opencms/system/modules/com.gridnine.opencms.ticketbrokerage.site/resources/js/calendar-setup.js HTTP/1.1" 200 4923
95.201.211.195 - - [16/Feb/2025:01:03:13 +0100] "GET /ticket2/opencms/system/modules/com.gridnine.opencms.ticketbrokerage.site/resources/js/jquery.fancybox.pack.js HTTP/1.1" 200 23187
95.201.211.195 - - [16/Feb/2025:01:03:13 +0100] "GET /ticket2/opencms/system/modules/com.gridnine.opencms.ticketbrokerage.site/resources/js/stickyfill.min.js HTTP/1.1" 200 5672
95.201.211.195 - - [16/Feb/2025:01:03:13 +0100] "GET /ticket2/opencms/img/icons/en.png HTTP/1.1" 200 2415
95.201.211.195 - - [16/Feb/2025:01:03:13 +0100] "GET /ticket2/opencms/img/icons/se.png HTTP/1.1" 200 1258
95.201.211.195 - - [16/Feb/2025:01:03:13 +0100] "GET /ticket2/opencms/system/modules/com.gridnine.opencms.ticketbrokerage.site/resources/js/standard.js HTTP/1.1" 200 3983
95.201.211.195 - - [16/Feb/2025:01:03:13 +0100] "GET /ticket2/opencms/system/modules/com.gridnine.opencms.ticketbrokerage.site/resources/js/common-ajax.js HTTP/1.1" 200 20175
95.201.211.195 - - [16/Feb/2025:01:03:13 +0100] "GET /ticket2/opencms/system/modules/com.gridnine.opencms.ticketbrokerage.site/resources/js/jquery.placeholder.min.js HTTP/1.1" 200 1737
95.201.211.195 - - [16/Feb/2025:01:03:13 +0100] "GET /ticket2/opencms/system/modules/com.gridnine.opencms.ticketbrokerage.site/resources/pics/logo-new.png HTTP/1.1" 200 13541
95.201.211.195 - - [16/Feb/2025:01:03:13 +0100] "GET /ticket2/opencms/img/icons/fi.png HTTP/1.1" 200 1785
95.201.211.195 - - [16/Feb/2025:01:03:13 +0100] "GET /ticket2/opencms/img/insta.png HTTP/1.1" 200 3967
95.201.211.195 - - [16/Feb/2025:01:03:13 +0100] "GET /ticket2/opencms/img/icons/no.png HTTP/1.1" 200 1958
47.128.111.178 - - [16/Feb/2025:01:03:13 +0100] "GET /ticket2/opencms/img/null HTTP/1.1" 404 -
95.201.211.195 - - [16/Feb/2025:01:03:13 +0100] "GET /ticket2/opencms/img/fb.png HTTP/1.1" 200 1269
95.201.211.195 - - [16/Feb/2025:01:03:13 +0100] "GET /ticket2/opencms/system/modules/com.gridnine.opencms.ticketbrokerage.site/resources/pics/banners/sv/football_sv.png HTTP/1.1" 200 13104
95.201.211.195 - - [16/Feb/2025:01:03:13 +0100] "GET /ticket2/opencms/system/modules/com.gridnine.opencms.ticketbrokerage.site/resources/pics/footer-img.jpg HTTP/1.1" 200 67642
192.95.30.21 - - [16/Feb/2025:01:03:14 +0100] "GET /ticket2/opencms/fi/login/?edid=953ADC36-1DE7-84D9-72DD-4A11F51341CD HTTP/1.1" 200 91741
20.171.207.223 - - [16/Feb/2025:01:03:14 +0100] "GET /ticket2/opencms/set_aff_cookie.jsp?partner=57601924-FB09-5BB2-867F-08B4EB522BA8&url=%252Fru%252Fbuy%252Findex.html%253Fpage%253D1%2526edid%253D208620A3-CAD7-367C-C114-D9C4D84F40F8%2526hlv%253D60f81c57-3bec-45e3-bcd0-5dba0a01000f%2523v_1731450965 HTTP/1.1" 200 247
95.201.211.195 - - [16/Feb/2025:01:03:14 +0100] "GET /ticket2/opencms/img/check.png HTTP/1.1" 200 548
95.201.211.195 - - [16/Feb/2025:01:03:14 +0100] "GET /ticket2/opencms/img/mail.png HTTP/1.1" 200 403
95.201.211.195 - - [16/Feb/2025:01:03:14 +0100] "GET /ticket2/opencms/img/chat.png HTTP/1.1" 200 416
95.201.211.195 - - [16/Feb/2025:01:03:14 +0100] "GET /ticket2/opencms/img/arrow.png HTTP/1.1" 200 753
95.201.211.195 - - [16/Feb/2025:01:03:14 +0100] "GET /ticket2/opencms/img/icons/globe-white.png HTTP/1.1" 200 947
95.201.211.195 - - [16/Feb/2025:01:03:14 +0100] "GET /ticket2/opencms/img/icons/fi.png HTTP/1.1" 200 1785
95.201.211.195 - - [16/Feb/2025:01:03:14 +0100] "GET /ticket2/opencms/img/icons/no.png HTTP/1.1" 200 1958
95.201.211.195 - - [16/Feb/2025:01:03:14 +0100] "GET /ticket2/opencms/img/icons/dk.png HTTP/1.1" 200 1706
95.201.211.195 - - [16/Feb/2025:01:03:14 +0100] "GET /ticket2/opencms/img/icons/nl.png HTTP/1.1" 200 1255
95.201.211.195 - - [16/Feb/2025:01:03:14 +0100] "GET /ticket2/opencms/img/icons/de.png HTTP/1.1" 200 1124
95.201.211.195 - - [16/Feb/2025:01:03:15 +0100] "GET /ticket2/opencms/img/icons/es.png HTTP/1.1" 200 1005
95.201.211.195 - - [16/Feb/2025:01:03:15 +0100] "GET /ticket2/opencms/img/icons/fr.png HTTP/1.1" 200 1764
95.201.211.195 - - [16/Feb/2025:01:03:15 +0100] "GET /ticket2/opencms/img/icons/it.png HTTP/1.1" 200 2040
95.201.211.195 - - [16/Feb/2025:01:03:15 +0100] "GET /ticket2/opencms/img/icons/pl.png HTTP/1.1" 200 1578
95.201.211.195 - - [16/Feb/2025:01:03:15 +0100] "GET /ticket2/opencms/img/icons/sq.png HTTP/1.1" 200 1619
95.201.211.195 - - [16/Feb/2025:01:03:15 +0100] "GET /ticket2/opencms/img/icons/az.png HTTP/1.1" 200 1445
95.201.211.195 - - [16/Feb/2025:01:03:15 +0100] "GET /ticket2/opencms/img/icons/be.png HTTP/1.1" 200 1663
20.171.207.223 - - [16/Feb/2025:01:03:15 +0100] "GET /ticket2/opencms/set_aff_cookie.jsp?partner=57601924-FB09-5BB2-867F-08B4EB522BA8&url=%252Fen%252Fbuy%252Findex.html%253Fpage%253D1%2526edid%253DF9D480C8-CC9A-5C4B-D090-F29D97AF622B%2526hlv%253D60c9e656-0b54-4589-ae72-23650a01000f%2523v_277000676 HTTP/1.1" 200 246
95.201.211.195 - - [16/Feb/2025:01:03:15 +0100] "GET /ticket2/opencms/img/icons/bs.png HTTP/1.1" 200 1014
95.201.211.195 - - [16/Feb/2025:01:03:15 +0100] "GET /ticket2/opencms/img/icons/bg.png HTTP/1.1" 200 788
95.201.211.195 - - [16/Feb/2025:01:03:15 +0100] "GET /ticket2/opencms/img/icons/hr.png HTTP/1.1" 200 2024
95.201.211.195 - - [16/Feb/2025:01:03:15 +0100] "GET /ticket2/opencms/img/icons/cs.png HTTP/1.1" 200 1883
95.201.211.195 - - [16/Feb/2025:01:03:15 +0100] "GET /ticket2/opencms/img/icons/et.png HTTP/1.1" 200 754
95.201.211.195 - - [16/Feb/2025:01:03:15 +0100] "GET /ticket2/opencms/img/icons/hu.png HTTP/1.1" 200 733
95.201.211.195 - - [16/Feb/2025:01:03:15 +0100] "GET /ticket2/opencms/img/icons/ka.png HTTP/1.1" 200 860
95.201.211.195 - - [16/Feb/2025:01:03:15 +0100] "GET /ticket2/opencms/img/icons/el.png HTTP/1.1" 200 1637
195.191.219.131 - - [16/Feb/2025:01:03:15 +0100] "GET /ticket2/opencms/en/login/?edid=4A8989F3-1686-5872-E1B8-5372AB312373 HTTP/1.1" 200 90128
95.201.211.195 - - [16/Feb/2025:01:03:15 +0100] "GET /ticket2/opencms/img/icons/lv.png HTTP/1.1" 200 716
95.201.211.195 - - [16/Feb/2025:01:03:15 +0100] "GET /ticket2/opencms/img/icons/is.png HTTP/1.1" 200 1884
95.201.211.195 - - [16/Feb/2025:01:03:15 +0100] "GET /ticket2/opencms/img/icons/ga.png HTTP/1.1" 200 1759
95.201.211.195 - - [16/Feb/2025:01:03:16 +0100] "GET /ticket2/opencms/img/icons/lt.png HTTP/1.1" 200 733
95.201.211.195 - - [16/Feb/2025:01:03:16 +0100] "GET /ticket2/opencms/img/icons/mo.png HTTP/1.1" 200 1468
95.201.211.195 - - [16/Feb/2025:01:03:16 +0100] "GET /ticket2/opencms/img/icons/mt.png HTTP/1.1" 200 920
95.201.211.195 - - [16/Feb/2025:01:03:16 +0100] "GET /ticket2/opencms/img/icons/ro.png HTTP/1.1" 200 1393
95.201.211.195 - - [16/Feb/2025:01:03:16 +0100] "GET /ticket2/opencms/img/icons/sk.png HTTP/1.1" 200 1283
95.201.211.195 - - [16/Feb/2025:01:03:16 +0100] "GET /ticket2/opencms/img/icons/sr.png HTTP/1.1" 200 1602
95.201.211.195 - - [16/Feb/2025:01:03:16 +0100] "GET /ticket2/opencms/img/icons/sl.png HTTP/1.1" 200 966
95.201.211.195 - - [16/Feb/2025:01:03:16 +0100] "GET /ticket2/opencms/img/icons/tr.png HTTP/1.1" 200 1636
95.201.211.195 - - [16/Feb/2025:01:03:16 +0100] "GET /ticket2/opencms/img/icons/uk.png HTTP/1.1" 200 1272
20.171.207.223 - - [16/Feb/2025:01:03:16 +0100] "GET /ticket2/opencms/set_aff_cookie.jsp?partner=2E02071B-A8C3-4CBA-3097-C27D61C02ED8&url=%252Fno%252Fbuy%252Findex.html%253Fpage%253D1%2526edid%253DD4B1E319-6F48-1B90-FA7F-FABAA1246B5E%2526hlv%253D610bcb94-9f5c-4ae0-ad3e-12a00a01000f%2523v_1155229465 HTTP/1.1" 200 247
52.3.156.186 - - [16/Feb/2025:01:03:17 +0100] "GET /ticket2/opencms/be/buy/?edid=A2A4078E-C8E8-C113-199B-69C1FEB231B0&page=1 HTTP/1.1" 200 138013
20.171.207.223 - - [16/Feb/2025:01:03:17 +0100] "GET /ticket2/opencms/set_aff_cookie.jsp?partner=5E0CDF29-E7BE-9F6B-6869-7BF66B04006F&url=%252Fdk%252Fbuy%252Findex.html%253Fpage%253D1%2526edid%253DABE82418-6D71-12C5-8A2D-1433A0ADE28D%2526hlv%253D60f81f28-10f8-4a4a-bf07-5dfa0a01000f%2523v_1963894537 HTTP/1.1" 200 247
192.95.30.21 - - [16/Feb/2025:01:03:18 +0100] "GET /ticket2/opencms/fi/login/?edid=9CDA0C30-3EC4-3995-E2A4-DBF0BB020094 HTTP/1.1" 200 91770
40.77.167.123 - - [16/Feb/2025:01:03:18 +0100] "GET /ticket2/opencms/mo/buy/?page=1&edid=3C740BD7-5418-89D5-329F-E2AA5410EB01 HTTP/1.1" 200 108658
95.201.211.195 - - [16/Feb/2025:01:03:18 +0100] "GET /ticket2/opencms/system/modules/com.gridnine.opencms.ticketbrokerage.site/resources/js/standard.js HTTP/1.1" 200 3983
95.201.211.195 - - [16/Feb/2025:01:03:18 +0100] "GET /ticket2/opencms/img/icons/ticket2.thumbnail.png HTTP/1.1" 200 21519
54.36.148.217 - - [16/Feb/2025:01:03:19 +0100] "GET /ticket2/opencms/ro/buy?page=1&edid=B62F8ADF-FB26-8030-EC23-674FBF49AA39 HTTP/1.1" 200 108929
195.191.219.131 - - [16/Feb/2025:01:03:19 +0100] "GET /ticket2/opencms/en/login/?edid=4CDBC715-BC6C-15EB-10EF-16147FA80F71 HTTP/1.1" 200 90153
20.171.207.223 - - [16/Feb/2025:01:03:20 +0100] "GET /ticket2/opencms/set_aff_cookie.jsp?partner=6F250EA7-4505-FA01-D601-8847F2573405&url=%252Fno%252Fbuy%252Findex.html%253Fpage%253D1%2526edid%253DE305D0D4-BB5B-19E2-61CE-4AD68E07A65B%2526hlv%253D60f84e21-51c4-446e-b1e4-6ed00a01000f%2523v_1148880221 HTTP/1.1" 200 247
34.194.165.45 - - [16/Feb/2025:01:03:20 +0100] "GET /ticket2/opencms/be/buy/?edid=A41E1AA3-2CBC-8C77-6CAE-A96D07E2BBF7&page=1 HTTP/1.1" 200 111163
20.171.207.223 - - [16/Feb/2025:01:03:21 +0100] "GET /ticket2/opencms/set_aff_cookie.jsp?partner=57601924-FB09-5BB2-867F-08B4EB522BA8&url=%252Fdk%252Fbuy%252Findex.html%253Fpage%253D1%2526edid%253D3A113BA6-0F4C-889C-CC91-8E29F25F6706%2526hlv%253D61127bad-3d68-4f9d-bbc4-2ed20a01000f%2523v_1116420372 HTTP/1.1" 200 247
192.95.30.21 - - [16/Feb/2025:01:03:22 +0100] "GET /ticket2/opencms/fi/login/?edid=A3FF7EFF-5154-08F6-7974-2175C0FBE1D6 HTTP/1.1" 200 91799
195.191.219.131 - - [16/Feb/2025:01:03:23 +0100] "GET /ticket2/opencms/en/login/?edid=5013A1E7-6B46-F1F8-6B39-0131EFEB0CDA HTTP/1.1" 200 90103
47.128.120.168 - - [16/Feb/2025:01:03:24 +0100] "GET /ticket2/opencms/sv/sport/fotbollsbiljetter/bundesliga/hoffenheim/ HTTP/1.1" 200 97625
20.171.207.223 - - [16/Feb/2025:01:03:24 +0100] "GET /ticket2/opencms/set_aff_cookie.jsp?partner=2E02071B-A8C3-4CBA-3097-C27D61C02ED8&url=%252Fen%252Fbuy%252Findex.html%253Fpage%253D1%2526edid%253D47765F02-5EE4-F2A0-55C6-9B445E387E6A%2526hlv%253D61163069-3248-4c98-9b66-6fce0a01000f%2523v_482202212 HTTP/1.1" 200 246
3.214.176.44 - - [16/Feb/2025:01:03:25 +0100] "GET /ticket2/opencms/be/buy/?edid=A9C35541-ABB7-0662-52F4-8AD61BAC9B1C&page=1 HTTP/1.1" 200 137608
47.128.120.168 - - [16/Feb/2025:01:03:25 +0100] "GET /ticket2/opencms/system/modules/com.gridnine.opencms.ticketbrokerage.site/resources/pics/banners/sv/1899_Hoffenheim.jpg HTTP/1.1" 200 37103
192.95.30.21 - - [16/Feb/2025:01:03:26 +0100] "GET /ticket2/opencms/fi/login/?edid=A492339E-0658-D77B-570A-6146F24F8C0A HTTP/1.1" 200 91838
195.191.219.131 - - [16/Feb/2025:01:03:27 +0100] "GET /ticket2/opencms/en/login/?edid=5053E429-37C6-6922-FE45-2F7B4E327AEF HTTP/1.1" 200 90042
44.212.106.171 - - [16/Feb/2025:01:03:29 +0100] "GET /ticket2/opencms/be/buy/?edid=AD0E3D9F-2910-5DC4-03D7-A91917CC0ADD&page=1 HTTP/1.1" 200 134176
192.95.30.21 - - [16/Feb/2025:01:03:30 +0100] "GET /ticket2/opencms/fi/login/?edid=A85AAD81-C23E-3428-F159-8CE3E0081F64 HTTP/1.1" 200 91871
54.36.149.89 - - [16/Feb/2025:01:03:30 +0100] "GET /ticket2/opencms/sr/buy?page=1&edid=D4F26649-49E7-D9AD-008F-6A1EF16B5F3C HTTP/1.1" 200 127652
20.171.207.223 - - [16/Feb/2025:01:03:30 +0100] "GET /ticket2/opencms/set_aff_cookie.jsp?partner=692E2C6A-EC6F-1C93-AFCC-C5ACC23A93EA&url=%252Fdk%252Fbuy%252Findex.html%253Fpage%253D1%2526edid%253DD8F859FF-4C2A-2436-3BFD-25BEC2E8CC5C%2526hlv%253D60f81c47-6b7c-4b39-9fa3-5dc60a01000f%2523v_1392680632 HTTP/1.1" 200 247
195.191.219.131 - - [16/Feb/2025:01:03:31 +0100] "GET /ticket2/opencms/en/login/?edid=605F0713-F5C5-5844-2344-BCDD5B5AC0EC HTTP/1.1" 200 90096
18.214.124.6 - - [16/Feb/2025:01:03:33 +0100] "GET /ticket2/opencms/be/buy/?edid=B221A7A0-0672-9C92-94FE-8BC4C1F907CD&page=1 HTTP/1.1" 200 120563
114.119.140.85 - - [16/Feb/2025:01:03:33 +0100] "GET /ticket2/opencms/es/buy/?page=1&edid=0E487947-8D2A-A553-BF9C-F44B73D05AC1 HTTP/1.1" 200 108719
20.171.207.223 - - [16/Feb/2025:01:03:33 +0100] "GET /ticket2/opencms/set_aff_cookie.jsp?partner=2E02071B-A8C3-4CBA-3097-C27D61C02ED8&url=%252Fen%252Fbuy%252Findex.html%253Fpage%253D1%2526edid%253D0D33199C-853B-C4DC-F1E2-6CF75BE0B211%2526hlv%253D60c9e9bd-7394-4e96-97b3-272c0a01000f%2523v_587133460 HTTP/1.1" 200 246
192.95.30.21 - - [16/Feb/2025:01:03:34 +0100] "GET /ticket2/opencms/fi/login/?edid=ADD1F57C-36B4-39D2-9578-BA2614FAFC35 HTTP/1.1" 200 91755
20.171.207.223 - - [16/Feb/2025:01:03:35 +0100] "GET /ticket2/opencms/set_aff_cookie.jsp?partner=2E02071B-A8C3-4CBA-3097-C27D61C02ED8&url=%252Fen%252Fbuy%252Findex.html%253Fpage%253D1%2526edid%253D598F3B0A-9912-7BA4-D7AA-A33BDA98D7B4%2526hlv%253D60ca1189-9794-44f5-b316-37590a01000f%2523v_1941486103 HTTP/1.1" 200 247
195.191.219.131 - - [16/Feb/2025:01:03:35 +0100] "GET /ticket2/opencms/en/login/?edid=627DD27E-C54C-E728-A0EA-5E098C44319A HTTP/1.1" 200 90132
54.36.149.89 - - [16/Feb/2025:01:03:35 +0100] "GET /ticket2/opencms/lt/buy?page=1&edid=4EF4CC9A-B0ED-46BC-F297-21E10A9EA6B6 HTTP/1.1" 200 111894
52.200.93.170 - - [16/Feb/2025:01:03:36 +0100] "GET /ticket2/opencms/be/buy/?edid=B26325D5-7C37-90D0-9866-C127BDE9586D&page=1 HTTP/1.1" 200 111181
20.171.207.223 - - [16/Feb/2025:01:03:37 +0100] "GET /ticket2/opencms/set_aff_cookie.jsp?partner=5E0CDF29-E7BE-9F6B-6869-7BF66B04006F&url=%252Fnl%252Fbuy%252Findex.html%253Fpage%253D1%2526edid%253DDEC5FD59-47B9-C401-93D5-AF9656E4B9E7%2526hlv%253D61154cd5-7d28-43d6-94d2-15fa0a01000f%2523v_1232064773 HTTP/1.1" 200 247
47.128.120.110 - - [16/Feb/2025:01:03:38 +0100] "GET /ticket2/opencms/ga/buy/?catid=573B7747-EE85-D769-C87D-F3F61FB64AA5&comcatid=A17713B6-D984-201A-4143-ED4DB5ED5C2E HTTP/1.1" 200 103405
192.95.30.21 - - [16/Feb/2025:01:03:38 +0100] "GET /ticket2/opencms/fi/login/?edid=B089B4B8-933D-AB70-BE65-2A133877E5AC HTTP/1.1" 200 91756
20.171.207.223 - - [16/Feb/2025:01:03:38 +0100] "GET /ticket2/opencms/set_aff_cookie.jsp?partner=57601924-FB09-5BB2-867F-08B4EB522BA8&url=%252Fen%252Fbuy%252Findex.html%253Fpage%253D1%2526edid%253DC5BE8910-C31D-1B7A-D498-4C5862D3F5A8%2526hlv%253D60ca1ce3-cdec-4958-be4c-3f5d0a01000f%2523v_556176839 HTTP/1.1" 200 246
195.191.219.131 - - [16/Feb/2025:01:03:39 +0100] "GET /ticket2/opencms/en/login/?edid=659056BB-BE87-24B6-C829-F3AEABED7D72 HTTP/1.1" 200 90029
52.22.64.232 - - [16/Feb/2025:01:03:40 +0100] "GET /ticket2/opencms/be/buy/?edid=B753AC58-8832-296F-1C07-92C9F45E2BCE&page=1 HTTP/1.1" 200 110909
20.171.207.223 - - [16/Feb/2025:01:03:40 +0100] "GET /ticket2/opencms/set_aff_cookie.jsp?partner=2E02071B-A8C3-4CBA-3097-C27D61C02ED8&url=%252Ffi%252Fbuy%252Findex.html%253Fpage%253D1%2526edid%253DFECC0DB2-B8D9-00EE-095F-D7560C44D578%2526hlv%253D610bce65-87b8-4a4a-a79d-15e20a01000f%2523v_875682357 HTTP/1.1" 200 246
47.242.77.69 - - [16/Feb/2025:01:03:40 +0100] "GET /ticket2/opencms/dk/buy?page=1&edid=CE14821B-D021-D288-1C4B-D1BD4F4FA42F HTTP/1.1" 200 110313
192.95.30.21 - - [16/Feb/2025:01:03:42 +0100] "GET /ticket2/opencms/fi/login/?edid=B26C271A-4A1F-5110-8308-CDC3FD5965DB HTTP/1.1" 200 91832
20.171.207.223 - - [16/Feb/2025:01:03:43 +0100] "GET /ticket2/opencms/set_aff_cookie.jsp?partner=5E0CDF29-E7BE-9F6B-6869-7BF66B04006F&url=%252Ffi%252Fbuy%252Findex.html%253Fpage%253D1%2526edid%253DDC0F3611-C833-A6F6-70F7-1A8DE9CE1F0E%2526hlv%253D610bcf56-dd4c-4727-9759-16280a01000f%2523v_1654235909 HTTP/1.1" 200 247
124.243.190.40 - - [16/Feb/2025:01:03:43 +0100] "GET /ticket2/opencms/az/buy?page=1&edid=38BD011F-E307-1808-7BE3-74470A609319 HTTP/1.1" 200 108993
195.191.219.131 - - [16/Feb/2025:01:03:43 +0100] "GET /ticket2/opencms/en/login/?edid=680428DE-8DF5-D7C6-9B59-B64E328605BF HTTP/1.1" 200 90107
20.171.207.223 - - [16/Feb/2025:01:03:44 +0100] "GET /ticket2/opencms/set_aff_cookie.jsp?partner=692E2C6A-EC6F-1C93-AFCC-C5ACC23A93EA&url=%252Fno%252Fbuy%252Findex.html%253Fpage%253D1%2526edid%253D8C84F5E0-FA25-C5E3-D5D6-2695128F01FC%2526hlv%253D61475693-4618-4c2d-80d5-0b1c0a01000f%2523v_331288812 HTTP/1.1" 200 246
114.119.157.43 - - [16/Feb/2025:01:03:45 +0100] "GET /ticket2/opencms/lv/buy?page=1&=32CF82B5-7795-2ADA-DEDB-135944338C15 HTTP/1.1" 200 -
34.196.237.236 - - [16/Feb/2025:01:03:45 +0100] "GET /ticket2/opencms/be/buy/?edid=B8EF6180-227A-800A-63E5-9809623FC791&page=1 HTTP/1.1" 200 129432
192.95.30.21 - - [16/Feb/2025:01:03:46 +0100] "GET /ticket2/opencms/fi/login/?edid=B422C598-4610-0185-89CA-0FDFEB7BE014 HTTP/1.1" 200 91842
195.191.219.131 - - [16/Feb/2025:01:03:47 +0100] "GET /ticket2/opencms/en/login/?edid=6900F69D-285C-3BF9-3103-7DA1DE82E367 HTTP/1.1" 200 90143
54.36.148.176 - - [16/Feb/2025:01:03:47 +0100] "GET /ticket2/opencms/it/buy?page=1&edid=BB2F3A74-7E9F-DB09-2C3F-D2D8CE32979C HTTP/1.1" 200 117569
20.171.207.223 - - [16/Feb/2025:01:03:47 +0100] "GET /ticket2/opencms/set_aff_cookie.jsp?partner=5E0CDF29-E7BE-9F6B-6869-7BF66B04006F&url=%252Ffi%252Fbuy%252Findex.html%253Fpage%253D1%2526edid%253D2D8BABEA-B463-12A2-E630-9585FD2F3F33%2526hlv%253D61448f11-8d54-460e-81f3-76440a01000f%2523v_706709738 HTTP/1.1" 200 246
202.8.40.133 - - [16/Feb/2025:01:03:48 +0100] "GET /ticket2/opencms/system/modules/com.gridnine.opencms.ticketbrokerage.site/resources/css/calendar.css HTTP/1.1" 200 6871
202.8.40.133 - - [16/Feb/2025:01:03:48 +0100] "GET /ticket2/opencms/system/modules/com.gridnine.opencms.ticketbrokerage.site/resources/css/ticketbrokerage.css HTTP/1.1" 200 39339
202.8.40.133 - - [16/Feb/2025:01:03:48 +0100] "GET /ticket2/opencms/system/modules/com.gridnine.opencms.ticketbrokerage.site/resources/css/jquery-ui.css HTTP/1.1" 200 33221
202.8.40.133 - - [16/Feb/2025:01:03:48 +0100] "GET /ticket2/opencms/system/modules/com.gridnine.opencms.ticketbrokerage.site/resources/css/standard.css HTTP/1.1" 200 73904
202.8.40.133 - - [16/Feb/2025:01:03:48 +0100] "GET /ticket2/opencms/system/modules/com.gridnine.opencms.ticketbrokerage.site/resources/css/jquery.fancybox.css HTTP/1.1" 200 4939
202.8.40.133 - - [16/Feb/2025:01:03:48 +0100] "GET /ticket2/opencms/system/modules/com.gridnine.opencms.ticketbrokerage.site/resources/js/jquery/jquery.js HTTP/1.1" 200 93868
202.8.40.133 - - [16/Feb/2025:01:03:48 +0100] "GET /ticket2/opencms/system/modules/com.gridnine.opencms.ticketbrokerage.site/resources/js/jquery/jquery-ui.js HTTP/1.1" 200 228088
202.8.40.133 - - [16/Feb/2025:01:03:48 +0100] "GET /ticket2/opencms/system/modules/com.gridnine.opencms.ticketbrokerage.site/resources/js/functions.js HTTP/1.1" 200 1583
202.8.40.133 - - [16/Feb/2025:01:03:48 +0100] "GET /ticket2/opencms/system/modules/com.gridnine.opencms.ticketbrokerage.site/resources/js/calendar.js HTTP/1.1" 200 49229
202.8.40.133 - - [16/Feb/2025:01:03:48 +0100] "GET /ticket2/opencms/system/modules/com.gridnine.opencms.ticketbrokerage.site/resources/js/calendar-setup.js HTTP/1.1" 200 4923
202.8.40.133 - - [16/Feb/2025:01:03:48 +0100] "GET /ticket2/opencms/system/modules/com.gridnine.opencms.ticketbrokerage.site/resources/js/calendar-en.js HTTP/1.1" 200 3338
202.8.40.133 - - [16/Feb/2025:01:03:48 +0100] "GET /ticket2/opencms/system/modules/com.gridnine.opencms.ticketbrokerage.site/resources/js/jquery.fancybox.pack.js HTTP/1.1" 200 23187
202.8.40.133 - - [16/Feb/2025:01:03:49 +0100] "GET /ticket2/opencms/system/modules/com.gridnine.opencms.ticketbrokerage.site/resources/js/stickyfill.min.js HTTP/1.1" 200 5672
202.8.40.133 - - [16/Feb/2025:01:03:49 +0100] "GET /ticket2/opencms/system/modules/com.gridnine.opencms.ticketbrokerage.site/resources/js/standard.js HTTP/1.1" 200 3983
202.8.40.133 - - [16/Feb/2025:01:03:49 +0100] "GET /ticket2/opencms/system/modules/com.gridnine.opencms.ticketbrokerage.site/resources/js/jquery.placeholder.min.js HTTP/1.1" 200 1737
202.8.40.133 - - [16/Feb/2025:01:03:49 +0100] "GET /ticket2/opencms/system/modules/com.gridnine.opencms.ticketbrokerage.site/resources/js/common-ajax.js HTTP/1.1" 200 20175
202.8.40.133 - - [16/Feb/2025:01:03:49 +0100] "GET /ticket2/opencms/it/ask-form.html HTTP/1.1" 200 3156
202.8.40.133 - - [16/Feb/2025:01:03:49 +0100] "GET /ticket2/opencms/system/modules/com.gridnine.opencms.ticketbrokerage.site/resources/css/ticketbrokerage.css HTTP/1.1" 200 39339
18.213.240.226 - - [16/Feb/2025:01:03:49 +0100] "GET /ticket2/opencms/be/buy/?edid=BD48505E-E559-55E9-6DFD-077C302A0A13&page=1 HTTP/1.1" 200 131466
195.191.219.131 - - [16/Feb/2025:01:03:51 +0100] "GET /ticket2/opencms/en/login/?edid=69802F7E-2013-4656-113E-ECD53B17933B HTTP/1.1" 200 90099
192.95.30.21 - - [16/Feb/2025:01:03:51 +0100] "GET /ticket2/opencms/fi/login/?edid=B6422CBB-7AB0-D8BA-B53B-76A5D0505907 HTTP/1.1" 200 91880
20.171.207.223 - - [16/Feb/2025:01:03:52 +0100] "GET /ticket2/opencms/set_aff_cookie.jsp?partner=5E0CDF29-E7BE-9F6B-6869-7BF66B04006F&url=%252Ffi%252Fbuy%252Findex.html%253Fpage%253D1%2526edid%253DD737459F-8C33-1A07-DB7F-17A3C6E8F82A%2526hlv%253D60f816be-ce7c-4c42-ba69-5b830a01000f%2523v_1063746207 HTTP/1.1" 200 247
44.213.202.136 - - [16/Feb/2025:01:03:53 +0100] "GET /ticket2/opencms/be/buy/?edid=BE18676F-AB94-E65E-A849-408190E75353&page=1 HTTP/1.1" 200 120499
20.171.207.223 - - [16/Feb/2025:01:03:53 +0100] "GET /ticket2/opencms/set_aff_cookie.jsp?partner=57601924-FB09-5BB2-867F-08B4EB522BA8&url=%252Fsv%252Fbuy%252Findex.html%253Fpage%253D1%2526edid%253DCF3BDDE8-6C6B-F85B-528C-11C48A316B2B%2526hlv%253D60ca0cc8-aa70-40a2-a255-36280a01000f%2523v_2098396940 HTTP/1.1" 200 247
195.191.219.131 - - [16/Feb/2025:01:03:55 +0100] "GET /ticket2/opencms/en/login/?edid=79B5950A-8F2F-84F8-FCAC-0BA8722B353B HTTP/1.1" 200 90033
192.95.30.21 - - [16/Feb/2025:01:03:56 +0100] "GET /ticket2/opencms/fi/login/?edid=B77FE1E7-5650-33DC-BECF-5C05072625BA HTTP/1.1" 200 91751
20.171.207.223 - - [16/Feb/2025:01:03:57 +0100] "GET /ticket2/opencms/set_aff_cookie.jsp?partner=8F6DE15D-D831-5787-AE7E-FEFF53476F85&url=%252Fdk%252Fbuy%252Findex.html%253Fpage%253D1%2526edid%253D2E7C3DB6-FDBC-8B55-9268-E31142D44B61%2526hlv%253D612b53a1-0b4c-4c30-a3a6-3d1d0a01000f%2523v_970520247 HTTP/1.1" 200 246
35.153.86.200 - - [16/Feb/2025:01:03:57 +0100] "GET /ticket2/opencms/be/buy/?edid=BEA9D3E5-A93E-146C-1904-24495F6A8B39&page=1 HTTP/1.1" 200 132435
54.36.148.194 - - [16/Feb/2025:01:03:58 +0100] "GET /ticket2/opencms/fr/buy?page=1&edid=A5DC3557-7021-B208-917D-35A78F466827 HTTP/1.1" 200 111563
20.171.207.223 - - [16/Feb/2025:01:03:59 +0100] "GET /ticket2/opencms/set_aff_cookie.jsp?partner=5E0CDF29-E7BE-9F6B-6869-7BF66B04006F&url=%252Fen%252Fbuy%252Findex.html%253Fpage%253D1%2526edid%253D49FEC43E-3E83-185B-C185-BAAB3CE353B1%2526hlv%253D60f81bf8-5504-4bb1-9cb9-5e890a01000f%2523v_669657408 HTTP/1.1" 200 246
192.95.30.21 - - [16/Feb/2025:01:04:00 +0100] "GET /ticket2/opencms/fi/login/?edid=B7E87373-4E91-4192-46CD-A0665726782B HTTP/1.1" 200 91797
195.191.219.131 - - [16/Feb/2025:01:04:00 +0100] "GET /ticket2/opencms/en/login/?edid=7D165939-BF98-0026-A2D4-02E534C6E447 HTTP/1.1" 200 90102
20.171.207.223 - - [16/Feb/2025:01:04:00 +0100] "GET /ticket2/opencms/set_aff_cookie.jsp?partner=5E0CDF29-E7BE-9F6B-6869-7BF66B04006F&url=%252Fru%252Fbuy%252Findex.html%253Fpage%253D1%2526edid%253D26E1A9E2-98B6-A6E5-096E-D18D1A038FCE%2526hlv%253D60f8172f-f570-481e-ba76-5a1d0a01000f%2523v_198941185 HTTP/1.1" 200 246
3.218.35.239 - - [16/Feb/2025:01:04:00 +0100] "GET /ticket2/opencms/be/buy/?edid=C4A85847-D040-EB89-2141-54F1A8B66277&page=1 HTTP/1.1" 200 116921
20.171.207.223 - - [16/Feb/2025:01:04:01 +0100] "GET /ticket2/opencms/set_aff_cookie.jsp?partner=57601924-FB09-5BB2-867F-08B4EB522BA8&url=%252Fno%252Fbuy%252Findex.html%253Fpage%253D1%2526edid%253DF3756B07-2F5C-FFFD-72BE-0A74CDBD5EA0%2526hlv%253D60f5cc52-9f28-419a-85a1-20b00a01000f%2523v_343345793 HTTP/1.1" 200 246
20.171.207.223 - - [16/Feb/2025:01:04:02 +0100] "GET /ticket2/opencms/set_aff_cookie.jsp?partner=8F6DE15D-D831-5787-AE7E-FEFF53476F85&url=%252Fru%252Fbuy%252Findex.html%253Fpage%253D1%2526edid%253D8C776A0E-9619-6DFE-D301-BC749D0D0DB6%2526hlv%253D610bcfed-e298-4aa6-a4df-16270a01000f%2523v_1498887294 HTTP/1.1" 200 247
192.95.30.21 - - [16/Feb/2025:01:04:04 +0100] "GET /ticket2/opencms/fi/login/?edid=B8EF6180-227A-800A-63E5-9809623FC791 HTTP/1.1" 200 91801
195.191.219.131 - - [16/Feb/2025:01:04:04 +0100] "GET /ticket2/opencms/en/login/?edid=87DA8067-258E-93BF-F8B0-6A2011EF3D80 HTTP/1.1" 200 90091
98.82.107.102 - - [16/Feb/2025:01:04:05 +0100] "GET /ticket2/opencms/be/buy/?edid=CA915B50-9092-CC2A-1D54-906B1D5B9927&page=1 HTTP/1.1" 200 110853
20.171.207.223 - - [16/Feb/2025:01:04:06 +0100] "GET /ticket2/opencms/set_aff_cookie.jsp?partner=23A6AD98-906E-5BDD-600E-EC4EC8A45F97&url=%252Fen%252Fbuy%252Findex.html%253Fpage%253D1%2526edid%253D544F9932-EE47-A783-F07C-2D3DCD93C6A7%2526hlv%253D60c9e696-4428-42de-8851-25330a01000f%2523v_433950426 HTTP/1.1" 200 246
20.171.207.223 - - [16/Feb/2025:01:04:07 +0100] "GET /ticket2/opencms/set_aff_cookie.jsp?partner=57601924-FB09-5BB2-867F-08B4EB522BA8&url=%252Fdk%252Fbuy%252Findex.html%253Fpage%253D1%2526edid%253D8639D4E1-C0DC-DB58-D9B0-F439F1BE39EE%2526hlv%253D60f84462-8314-4b21-8e8b-6c480a01000f%2523v_1373012231 HTTP/1.1" 200 247
54.36.148.182 - - [16/Feb/2025:01:04:07 +0100] "GET /ticket2/opencms/sq/buy?page=1&edid=56062CAE-66F5-81C7-DD42-F372CD5AE180 HTTP/1.1" 200 112627
195.191.219.131 - - [16/Feb/2025:01:04:08 +0100] "GET /ticket2/opencms/en/login/?edid=8B2EF130-37EC-A547-CC41-754692687217 HTTP/1.1" 200 90149
23.21.179.120 - - [16/Feb/2025:01:04:08 +0100] "GET /ticket2/opencms/be/buy/?edid=CE3DD33A-7186-3BFF-79C5-A0B5274832DB&page=1 HTTP/1.1" 200 110837
192.95.30.21 - - [16/Feb/2025:01:04:09 +0100] "GET /ticket2/opencms/fi/login/?edid=B98837D3-1E81-8A8C-D0BB-1E445F8B9795 HTTP/1.1" 200 91739
20.171.207.223 - - [16/Feb/2025:01:04:10 +0100] "GET /ticket2/opencms/set_aff_cookie.jsp?partner=692E2C6A-EC6F-1C93-AFCC-C5ACC23A93EA&url=%252Fru%252Fbuy%252Findex.html%253Fpage%253D1%2526edid%253DE3B46C02-527F-BFED-1199-3D6C38556545%2526hlv%253D6145cbb4-91f8-4108-a128-69130a01000f%2523v_1990562593 HTTP/1.1" 200 247
195.191.219.131 - - [16/Feb/2025:01:04:12 +0100] "GET /ticket2/opencms/en/login/?edid=8EDDEFFC-C774-BA86-C4CF-809A20DBCDCB HTTP/1.1" 200 90118
44.221.37.41 - - [16/Feb/2025:01:04:13 +0100] "GET /ticket2/opencms/be/buy/?edid=DC067A0C-CE36-3D9C-899A-867F582FFC90&page=1 HTTP/1.1" 200 136553
192.95.30.21 - - [16/Feb/2025:01:04:13 +0100] "GET /ticket2/opencms/fi/login/?edid=B990B2A8-DD94-E8BA-431E-F03C663D5228 HTTP/1.1" 200 91779
