104.28.45.4 - - [16/Feb/2025:00:50:13 +0100] "GET /ticket2/opencms/system/modules/com.gridnine.opencms.ticketbrokerage.site/resources/js/jquery.placeholder.min.js HTTP/1.1" 200 1737
104.28.45.4 - - [16/Feb/2025:00:50:13 +0100] "GET /ticket2/opencms/system/modules/com.gridnine.opencms.ticketbrokerage.site/resources/js/calendar.js HTTP/1.1" 200 49229
104.28.45.4 - - [16/Feb/2025:00:50:13 +0100] "GET /ticket2/opencms/system/modules/com.gridnine.opencms.ticketbrokerage.site/resources/js/calendar-en.js HTTP/1.1" 200 3338
104.28.45.4 - - [16/Feb/2025:00:50:13 +0100] "GET /ticket2/opencms/system/modules/com.gridnine.opencms.ticketbrokerage.site/resources/js/calendar-setup.js HTTP/1.1" 200 4923
104.28.45.4 - - [16/Feb/2025:00:50:13 +0100] "GET /ticket2/opencms/system/modules/com.gridnine.opencms.ticketbrokerage.site/resources/js/common-ajax.js HTTP/1.1" 200 20175
104.28.45.4 - - [16/Feb/2025:00:50:13 +0100] "GET /ticket2/opencms/system/modules/com.gridnine.opencms.ticketbrokerage.site/resources/js/jquery.fancybox.pack.js HTTP/1.1" 200 23187
104.28.45.4 - - [16/Feb/2025:00:50:13 +0100] "GET /ticket2/opencms/system/modules/com.gridnine.opencms.ticketbrokerage.site/resources/js/stickyfill.min.js HTTP/1.1" 200 5672
104.28.45.4 - - [16/Feb/2025:00:50:13 +0100] "GET /ticket2/opencms/system/modules/com.gridnine.opencms.ticketbrokerage.site/resources/js/standard.js HTTP/1.1" 200 3983
104.28.45.4 - - [16/Feb/2025:00:50:14 +0100] "GET /ticket2/opencms/system/modules/com.gridnine.opencms.ticketbrokerage.site/resources/css/jquery.fancybox.css HTTP/1.1" 200 4939
104.28.45.4 - - [16/Feb/2025:00:50:14 +0100] "GET /ticket2/opencms/system/modules/com.gridnine.opencms.ticketbrokerage.site/resources/css/standard.css HTTP/1.1" 200 73904
104.28.45.4 - - [16/Feb/2025:00:50:14 +0100] "GET /ticket2/opencms/img/icons/globe-white.png HTTP/1.1" 200 947
104.28.45.4 - - [16/Feb/2025:00:50:14 +0100] "GET /ticket2/opencms/img/icons/se.png HTTP/1.1" 200 1258
104.28.45.4 - - [16/Feb/2025:00:50:14 +0100] "GET /ticket2/opencms/img/icons/fi.png HTTP/1.1" 200 1785
104.28.45.4 - - [16/Feb/2025:00:50:14 +0100] "GET /ticket2/opencms/system/modules/com.gridnine.opencms.ticketbrokerage.site/resources/js/jquery/jquery.js HTTP/1.1" 200 93868
104.28.45.4 - - [16/Feb/2025:00:50:14 +0100] "GET /ticket2/opencms/img/icons/no.png HTTP/1.1" 200 1958
104.28.45.4 - - [16/Feb/2025:00:50:14 +0100] "GET /ticket2/opencms/img/icons/dk.png HTTP/1.1" 200 1706
20.171.207.223 - - [16/Feb/2025:00:50:14 +0100] "GET /ticket2/opencms/set_aff_cookie.jsp?partner=57601924-FB09-5BB2-867F-08B4EB522BA8&url=%252Fen%252Fbuy%252Findex.html%253Fpage%253D1%2526edid%253D75E717A6-CA77-1376-528F-F251ACBD0624%2526hlv%253D610bcfb5-784c-493b-aa3c-146b0a01000f%2523v_1408991122 HTTP/1.1" 200 247
104.28.45.4 - - [16/Feb/2025:00:50:14 +0100] "GET /ticket2/opencms/img/icons/nl.png HTTP/1.1" 200 1255
104.28.45.4 - - [16/Feb/2025:00:50:15 +0100] "GET /ticket2/opencms/img/icons/de.png HTTP/1.1" 200 1124
104.28.45.4 - - [16/Feb/2025:00:50:15 +0100] "GET /ticket2/opencms/img/icons/fr.png HTTP/1.1" 200 1764
104.28.45.4 - - [16/Feb/2025:00:50:15 +0100] "GET /ticket2/opencms/system/modules/com.gridnine.opencms.ticketbrokerage.site/resources/css/calendar.css HTTP/1.1" 200 6871
104.28.45.4 - - [16/Feb/2025:00:50:15 +0100] "GET /ticket2/opencms/system/modules/com.gridnine.opencms.ticketbrokerage.site/resources/pics/logo-new.png HTTP/1.1" 200 13541
104.28.45.4 - - [16/Feb/2025:00:50:15 +0100] "GET /ticket2/opencms/img/icons/en.png HTTP/1.1" 200 2415
104.28.45.4 - - [16/Feb/2025:00:50:15 +0100] "GET /ticket2/opencms/system/modules/com.gridnine.opencms.ticketbrokerage.site/resources/css/jquery-ui.css HTTP/1.1" 200 33221
104.28.45.4 - - [16/Feb/2025:00:50:15 +0100] "GET /ticket2/opencms/img/icons/es.png HTTP/1.1" 200 1005
104.28.45.4 - - [16/Feb/2025:00:50:15 +0100] "GET /ticket2/opencms/img/insta.png HTTP/1.1" 200 3967
104.28.45.4 - - [16/Feb/2025:00:50:15 +0100] "GET /ticket2/opencms/img/fb.png HTTP/1.1" 200 1269
104.28.45.4 - - [16/Feb/2025:00:50:15 +0100] "GET /ticket2/opencms/system/modules/com.gridnine.opencms.ticketbrokerage.site/resources/pics/banners/Chelsea.jpg HTTP/1.1" 200 13056
104.28.45.4 - - [16/Feb/2025:00:50:15 +0100] "GET /ticket2/opencms/system/modules/com.gridnine.opencms.ticketbrokerage.site/resources/pics/footer-img.jpg HTTP/1.1" 200 67642
104.28.45.4 - - [16/Feb/2025:00:50:15 +0100] "GET /ticket2/opencms/img/icons/pl.png HTTP/1.1" 200 1578
104.28.45.4 - - [16/Feb/2025:00:50:15 +0100] "GET /ticket2/opencms/img/icons/it.png HTTP/1.1" 200 2040
104.28.45.4 - - [16/Feb/2025:00:50:15 +0100] "GET /ticket2/opencms/img/check.png HTTP/1.1" 200 548
104.28.45.4 - - [16/Feb/2025:00:50:15 +0100] "GET /ticket2/opencms/img/mail.png HTTP/1.1" 200 403
104.28.45.4 - - [16/Feb/2025:00:50:15 +0100] "GET /ticket2/opencms/img/chat.png HTTP/1.1" 200 416
104.28.45.4 - - [16/Feb/2025:00:50:15 +0100] "GET /ticket2/opencms/img/icons/sq.png HTTP/1.1" 200 1619
104.28.45.4 - - [16/Feb/2025:00:50:15 +0100] "GET /ticket2/opencms/img/icons/az.png HTTP/1.1" 200 1445
104.28.45.4 - - [16/Feb/2025:00:50:15 +0100] "GET /ticket2/opencms/img/arrow.png HTTP/1.1" 200 753
104.28.45.4 - - [16/Feb/2025:00:50:15 +0100] "GET /ticket2/opencms/img/icons/be.png HTTP/1.1" 200 1663
104.28.45.4 - - [16/Feb/2025:00:50:15 +0100] "GET /ticket2/opencms/img/icons/bs.png HTTP/1.1" 200 1014
104.28.45.4 - - [16/Feb/2025:00:50:15 +0100] "GET /ticket2/opencms/img/icons/bg.png HTTP/1.1" 200 788
104.28.45.4 - - [16/Feb/2025:00:50:15 +0100] "GET /ticket2/opencms/img/icons/hr.png HTTP/1.1" 200 2024
20.171.207.223 - - [16/Feb/2025:00:50:15 +0100] "GET /ticket2/opencms/set_aff_cookie.jsp?partner=5E0CDF29-E7BE-9F6B-6869-7BF66B04006F&url=%252Fsv%252Fbuy%252Findex.html%253Fpage%253D1%2526edid%253DC2A51360-6A0D-EA25-5FF4-CC9351F00343%2526hlv%253D60f69975-f31c-422a-8f72-644f0a01000f%2523v_2128488219 HTTP/1.1" 200 247
104.28.45.4 - - [16/Feb/2025:00:50:15 +0100] "GET /ticket2/opencms/img/icons/cs.png HTTP/1.1" 200 1883
104.28.45.4 - - [16/Feb/2025:00:50:15 +0100] "GET /ticket2/opencms/img/icons/et.png HTTP/1.1" 200 754
69.171.230.112 - - [16/Feb/2025:00:50:16 +0100] "GET /ticket2/opencms/uk/buy?page=1&edid=C448ACCE-4E2F-44DD-92FC-D2C00A7DD0E5 HTTP/1.1" 200 113140
104.28.45.4 - - [16/Feb/2025:00:50:16 +0100] "GET /ticket2/opencms/img/icons/el.png HTTP/1.1" 200 1637
104.28.45.4 - - [16/Feb/2025:00:50:16 +0100] "GET /ticket2/opencms/img/icons/ka.png HTTP/1.1" 200 860
104.28.45.4 - - [16/Feb/2025:00:50:16 +0100] "GET /ticket2/opencms/img/icons/is.png HTTP/1.1" 200 1884
104.28.45.4 - - [16/Feb/2025:00:50:16 +0100] "GET /ticket2/opencms/img/icons/hu.png HTTP/1.1" 200 733
104.28.45.4 - - [16/Feb/2025:00:50:16 +0100] "GET /ticket2/opencms/img/icons/ro.png HTTP/1.1" 200 1393
104.28.45.4 - - [16/Feb/2025:00:50:16 +0100] "GET /ticket2/opencms/img/icons/mo.png HTTP/1.1" 200 1468
104.28.45.4 - - [16/Feb/2025:00:50:16 +0100] "GET /ticket2/opencms/img/icons/sr.png HTTP/1.1" 200 1602
104.28.45.4 - - [16/Feb/2025:00:50:16 +0100] "GET /ticket2/opencms/img/icons/sk.png HTTP/1.1" 200 1283
104.28.45.4 - - [16/Feb/2025:00:50:16 +0100] "GET /ticket2/opencms/img/icons/ga.png HTTP/1.1" 200 1759
104.28.45.4 - - [16/Feb/2025:00:50:16 +0100] "GET /ticket2/opencms/img/icons/lt.png HTTP/1.1" 200 733
104.28.45.4 - - [16/Feb/2025:00:50:16 +0100] "GET /ticket2/opencms/img/icons/lv.png HTTP/1.1" 200 716
104.28.45.4 - - [16/Feb/2025:00:50:16 +0100] "GET /ticket2/opencms/img/icons/sl.png HTTP/1.1" 200 966
104.28.45.4 - - [16/Feb/2025:00:50:16 +0100] "GET /ticket2/opencms/img/icons/uk.png HTTP/1.1" 200 1272
104.28.45.4 - - [16/Feb/2025:00:50:16 +0100] "GET /ticket2/opencms/img/icons/mt.png HTTP/1.1" 200 920
104.28.45.4 - - [16/Feb/2025:00:50:16 +0100] "GET /ticket2/opencms/img/icons/tr.png HTTP/1.1" 200 1636
40.77.167.42 - - [16/Feb/2025:00:50:16 +0100] "GET /ticket2/opencms/fi/buy?page=1&edid=FE3F2782-9F3B-6B97-C2AF-B73FABD8D4B4 HTTP/1.1" 200 111498
104.28.45.4 - - [16/Feb/2025:00:50:16 +0100] "GET /ticket2/opencms/system/modules/com.gridnine.opencms.ticketbrokerage.site/resources/js/standard.js HTTP/1.1" 200 3983
3.216.86.144 - - [16/Feb/2025:00:50:16 +0100] "GET /ticket2/opencms/sv/buy/?catid=757E2DFB-33DA-9B34-8402-9F06B19D8409&comcatid=97ECA65A-72DA-F9AF-9DBB-245D3CFED1BE&page=6 HTTP/1.1" 200 97962
114.119.147.32 - - [16/Feb/2025:00:50:16 +0100] "GET /ticket2/opencms/en/buy/?page=1&edid=037C183B-A00E-085D-5072-5B2FA6CE1346 HTTP/1.1" 200 108963
20.171.207.223 - - [16/Feb/2025:00:50:17 +0100] "GET /ticket2/opencms/set_aff_cookie.jsp?partner=692E2C6A-EC6F-1C93-AFCC-C5ACC23A93EA&url=%252Fsv%252Fbuy%252Findex.html%253Fpage%253D1%2526edid%253DC168AC79-9AE4-687F-692F-70BDD7169AA1%2526hlv%253D60f8154f-cd38-4179-9144-5b830a01000f%2523v_600861677 HTTP/1.1" 200 246
20.171.207.223 - - [16/Feb/2025:00:50:18 +0100] "GET /ticket2/opencms/set_aff_cookie.jsp?partner=8F6DE15D-D831-5787-AE7E-FEFF53476F85&url=%252Fru%252Fbuy%252Findex.html%253Fpage%253D1%2526edid%253D9A05EF4D-4376-E584-2657-07D966D7B743%2526hlv%253D60ca1e98-1c14-4dde-b2c3-41000a01000f%2523v_1178164404 HTTP/1.1" 200 247
192.95.30.21 - - [16/Feb/2025:00:50:19 +0100] "GET /ticket2/opencms/fi/buy/?page=1&edid=FDE2CB1B-737B-857F-7431-BD450E7D3BBB HTTP/1.1" 200 135068
20.171.207.223 - - [16/Feb/2025:00:50:19 +0100] "GET /ticket2/opencms/set_aff_cookie.jsp?partner=8F6DE15D-D831-5787-AE7E-FEFF53476F85&url=%252Fno%252Fbuy%252Findex.html%253Fpage%253D1%2526edid%253D50F18BFF-700E-1E6F-C17F-C358E206F903%2526hlv%253D614ed4c4-de04-4e94-bf1c-7ae60a01000f%2523v_706489887 HTTP/1.1" 200 246
44.208.223.68 - - [16/Feb/2025:00:50:20 +0100] "GET /ticket2/opencms/sv/buy/?catid=7D3BEF66-5D88-3916-5B89-0E7B139E0169&comcatid=97ECA65A-72DA-F9AF-9DBB-245D3CFED1BE&page=6 HTTP/1.1" 200 97785
20.171.207.223 - - [16/Feb/2025:00:50:21 +0100] "GET /ticket2/opencms/set_aff_cookie.jsp?partner=23A6AD98-906E-5BDD-600E-EC4EC8A45F97&url=%252Fen%252Fbuy%252Findex.html%253Fpage%253D1%2526edid%253D2D8BABEA-B463-12A2-E630-9585FD2F3F33%2526hlv%253D60ca0c4a-d090-4c43-9947-37800a01000f%2523v_1707277852 HTTP/1.1" 200 247
54.36.148.67 - - [16/Feb/2025:00:50:22 +0100] "GET /ticket2/opencms/be/buy?page=1&edid=BE18676F-AB94-E65E-A849-408190E75353 HTTP/1.1" 200 120286
202.8.41.21 - - [16/Feb/2025:00:50:23 +0100] "GET /ticket2/opencms/system/modules/com.gridnine.opencms.ticketbrokerage.site/resources/css/ticketbrokerage.css HTTP/1.1" 200 39339
202.8.41.21 - - [16/Feb/2025:00:50:23 +0100] "GET /ticket2/opencms/system/modules/com.gridnine.opencms.ticketbrokerage.site/resources/css/jquery-ui.css HTTP/1.1" 200 33221
202.8.41.21 - - [16/Feb/2025:00:50:23 +0100] "GET /ticket2/opencms/system/modules/com.gridnine.opencms.ticketbrokerage.site/resources/css/jquery.fancybox.css HTTP/1.1" 200 4939
202.8.41.21 - - [16/Feb/2025:00:50:23 +0100] "GET /ticket2/opencms/system/modules/com.gridnine.opencms.ticketbrokerage.site/resources/css/calendar.css HTTP/1.1" 200 6871
202.8.41.21 - - [16/Feb/2025:00:50:23 +0100] "GET /ticket2/opencms/system/modules/com.gridnine.opencms.ticketbrokerage.site/resources/css/standard.css HTTP/1.1" 200 73904
202.8.41.21 - - [16/Feb/2025:00:50:23 +0100] "GET /ticket2/opencms/system/modules/com.gridnine.opencms.ticketbrokerage.site/resources/js/jquery/jquery.js HTTP/1.1" 200 93868
202.8.41.21 - - [16/Feb/2025:00:50:23 +0100] "GET /ticket2/opencms/system/modules/com.gridnine.opencms.ticketbrokerage.site/resources/js/jquery/jquery-ui.js HTTP/1.1" 200 228088
202.8.41.21 - - [16/Feb/2025:00:50:23 +0100] "GET /ticket2/opencms/system/modules/com.gridnine.opencms.ticketbrokerage.site/resources/js/functions.js HTTP/1.1" 200 1583
202.8.41.21 - - [16/Feb/2025:00:50:23 +0100] "GET /ticket2/opencms/system/modules/com.gridnine.opencms.ticketbrokerage.site/resources/js/calendar.js HTTP/1.1" 200 49229
202.8.41.21 - - [16/Feb/2025:00:50:23 +0100] "GET /ticket2/opencms/system/modules/com.gridnine.opencms.ticketbrokerage.site/resources/js/calendar-en.js HTTP/1.1" 200 3338
202.8.41.21 - - [16/Feb/2025:00:50:23 +0100] "GET /ticket2/opencms/system/modules/com.gridnine.opencms.ticketbrokerage.site/resources/js/calendar-setup.js HTTP/1.1" 200 4923
202.8.41.21 - - [16/Feb/2025:00:50:23 +0100] "GET /ticket2/opencms/system/modules/com.gridnine.opencms.ticketbrokerage.site/resources/js/jquery.fancybox.pack.js HTTP/1.1" 200 23187
202.8.41.21 - - [16/Feb/2025:00:50:23 +0100] "GET /ticket2/opencms/system/modules/com.gridnine.opencms.ticketbrokerage.site/resources/js/stickyfill.min.js HTTP/1.1" 200 5672
202.8.41.21 - - [16/Feb/2025:00:50:23 +0100] "GET /ticket2/opencms/system/modules/com.gridnine.opencms.ticketbrokerage.site/resources/js/standard.js HTTP/1.1" 200 3983
202.8.41.21 - - [16/Feb/2025:00:50:23 +0100] "GET /ticket2/opencms/system/modules/com.gridnine.opencms.ticketbrokerage.site/resources/js/jquery.placeholder.min.js HTTP/1.1" 200 1737
202.8.41.21 - - [16/Feb/2025:00:50:23 +0100] "GET /ticket2/opencms/system/modules/com.gridnine.opencms.ticketbrokerage.site/resources/js/common-ajax.js HTTP/1.1" 200 20175
202.8.41.21 - - [16/Feb/2025:00:50:23 +0100] "GET /ticket2/opencms/be/ask-form.html HTTP/1.1" 200 3156
202.8.41.21 - - [16/Feb/2025:00:50:23 +0100] "GET /ticket2/opencms/system/modules/com.gridnine.opencms.ticketbrokerage.site/resources/css/ticketbrokerage.css HTTP/1.1" 200 39339
35.173.38.202 - - [16/Feb/2025:00:50:24 +0100] "GET /ticket2/opencms/sv/buy/?catid=81B744E7-1FEE-E757-C0AB-C7AF73CDE252&comcatid=97ECA65A-72DA-F9AF-9DBB-245D3CFED1BE&page=6 HTTP/1.1" 200 97923
20.171.207.223 - - [16/Feb/2025:00:50:25 +0100] "GET /ticket2/opencms/set_aff_cookie.jsp?partner=57601924-FB09-5BB2-867F-08B4EB522BA8&url=%252Fno%252Fbuy%252Findex.html%253Fpage%253D1%2526edid%253DB2C09047-47EF-D3CC-C470-1A1DFD8204C6%2526hlv%253D6140e36b-d6d4-4eb8-8104-79710a01000f%2523v_1927853891 HTTP/1.1" 200 247
34.235.239.240 - - [16/Feb/2025:00:50:28 +0100] "GET /ticket2/opencms/sv/buy/?catid=8732E72C-A028-EA8C-4D4D-DEB44E2A28A8&comcatid=97ECA65A-72DA-F9AF-9DBB-245D3CFED1BE&page=6 HTTP/1.1" 200 97960
185.191.171.2 - - [16/Feb/2025:00:50:31 +0100] "GET /ticket2/opencms/uk/magazine/article?title=william-alain-andre-gabriel-saliba HTTP/1.1" 200 94710
192.95.30.21 - - [16/Feb/2025:00:50:31 +0100] "GET /ticket2/opencms/fi/buy/?page=10&eventid=19AD6356-6E10-9C9F-9FF7-23862BF7038B&venueid=F72D7D8A-21AA-398A-828C-542FA85266B4 HTTP/1.1" 200 99103
20.171.207.223 - - [16/Feb/2025:00:50:32 +0100] "GET /ticket2/opencms/set_aff_cookie.jsp?partner=57601924-FB09-5BB2-867F-08B4EB522BA8&url=%252Fno%252Fbuy%252Findex.html%253Fpage%253D1%2526edid%253DFA7D6BC6-E757-B554-9DC3-402FA5982C97%2526hlv%253D6122a4da-588c-4d19-90ff-1f320a01000f%2523v_1356600806 HTTP/1.1" 200 247
44.205.180.155 - - [16/Feb/2025:00:50:33 +0100] "GET /ticket2/opencms/sv/buy/?catid=8B6802AF-1ADE-4BE1-A1F7-7671190CFB4F&comcatid=97ECA65A-72DA-F9AF-9DBB-245D3CFED1BE&page=6 HTTP/1.1" 200 98014
20.171.207.223 - - [16/Feb/2025:00:50:34 +0100] "GET /ticket2/opencms/set_aff_cookie.jsp?partner=2E02071B-A8C3-4CBA-3097-C27D61C02ED8&url=%252Fen%252Fbuy%252Findex.html%253Fpage%253D1%2526edid%253DE305D0D4-BB5B-19E2-61CE-4AD68E07A65B%2526hlv%253D60f84e21-8cd4-48f0-90e4-6ed00a01000f%2523v_2016766772 HTTP/1.1" 200 247
20.171.207.223 - - [16/Feb/2025:00:50:35 +0100] "GET /ticket2/opencms/set_aff_cookie.jsp?partner=8F6DE15D-D831-5787-AE7E-FEFF53476F85&url=%252Fen%252Fbuy%252Findex.html%253Fpage%253D1%2526edid%253DC2EAC35C-806F-010C-DE25-D13971AC8E7C%2526hlv%253D60c9e6a9-ae88-493c-8a5b-25330a01000f%2523v_961043617 HTTP/1.1" 200 246
54.87.62.248 - - [16/Feb/2025:00:50:36 +0100] "GET /ticket2/opencms/sv/buy/?catid=9457695E-36ED-A63E-7A88-32963954E2C7&comcatid=97ECA65A-72DA-F9AF-9DBB-245D3CFED1BE&page=6 HTTP/1.1" 200 97896
185.191.171.11 - - [16/Feb/2025:00:50:36 +0100] "GET /ticket2/opencms/lt/magazine/article?title=nations-league-yra-pilnai-isibegejes HTTP/1.1" 200 94474
52.167.144.191 - - [16/Feb/2025:00:50:37 +0100] "GET /ticket2/opencms/sv/buy/?page=1&edid=74F5CA8C-BD27-25EC-A7A0-3ACFA1730E20 HTTP/1.1" 200 111222
46.250.170.239 - - [16/Feb/2025:00:50:37 +0100] "GET /ticket2/opencms/az/buy/?page=1&edid=207C2646-D7DC-44FF-090D-40B991F2D67E HTTP/1.1" 200 109025
20.171.207.223 - - [16/Feb/2025:00:50:37 +0100] "GET /ticket2/opencms/set_aff_cookie.jsp?partner=5E0CDF29-E7BE-9F6B-6869-7BF66B04006F&url=%252Fnl%252Fbuy%252Findex.html%253Fpage%253D1%2526edid%253DD1B6D814-A677-3D90-03BA-1F7CF35352A4%2526hlv%253D614c7834-0f14-4337-9dd2-192e0a01000f%2523v_1663710496 HTTP/1.1" 200 247
216.244.66.238 - - [16/Feb/2025:00:50:38 +0100] "GET /ticket2/opencms/be/buy?page=1&edid=B3CE1D05-2AFF-3827-82BB-D445FA533BBD HTTP/1.1" 200 114744
54.36.149.68 - - [16/Feb/2025:00:50:38 +0100] "GET /ticket2/opencms/dk/buy?page=1&edid=1E92A8C8-B0AD-5FE7-B7EF-0C8AA0F43370 HTTP/1.1" 200 89171
20.171.207.223 - - [16/Feb/2025:00:50:39 +0100] "GET /ticket2/opencms/set_aff_cookie.jsp?partner=57601924-FB09-5BB2-867F-08B4EB522BA8&url=%252Fru%252Fbuy%252Findex.html%253Fpage%253D1%2526edid%253D7B46862D-316F-0187-3F98-B05908C5748C%2526hlv%253D612aa853-e4b0-47bc-9d77-6efa0a01000f%2523v_248518355 HTTP/1.1" 200 246
20.171.207.223 - - [16/Feb/2025:00:50:40 +0100] "GET /ticket2/opencms/set_aff_cookie.jsp?partner=6F250EA7-4505-FA01-D601-8847F2573405&url=%252Fnl%252Fbuy%252Findex.html%253Fpage%253D1%2526edid%253D57F1274B-A913-F13A-767C-8AD05F72EBC4%2526hlv%253D610bcf68-f6d8-4f33-8be5-15e00a01000f%2523v_599957283 HTTP/1.1" 200 246
18.206.47.187 - - [16/Feb/2025:00:50:40 +0100] "GET /ticket2/opencms/sv/buy/?catid=D414C6A5-7A03-3389-42A8-D7B7FE32BB37&comcatid=97ECA65A-72DA-F9AF-9DBB-245D3CFED1BE&page=6 HTTP/1.1" 200 97990
20.171.207.223 - - [16/Feb/2025:00:50:41 +0100] "GET /ticket2/opencms/set_aff_cookie.jsp?partner=6F250EA7-4505-FA01-D601-8847F2573405&url=%252Fdk%252Fbuy%252Findex.html%253Fpage%253D1%2526edid%253D92D9A674-EDB4-A0FB-C5DF-A3BAFA7768AC%2526hlv%253D614ed569-0868-4fa8-8f5c-7b3b0a01000f%2523v_1494625627 HTTP/1.1" 200 247
20.171.207.223 - - [16/Feb/2025:00:50:42 +0100] "GET /ticket2/opencms/set_aff_cookie.jsp?partner=23A6AD98-906E-5BDD-600E-EC4EC8A45F97&url=%252Fen%252Fbuy%252Findex.html%253Fpage%253D1%2526edid%253D3F822738-BD55-10B1-3185-42149CD278B9%2526hlv%253D610bcfd5-8988-4d84-9ad8-15e90a01000f%2523v_1411267376 HTTP/1.1" 200 247
20.171.207.223 - - [16/Feb/2025:00:50:44 +0100] "GET /ticket2/opencms/set_aff_cookie.jsp?partner=8F6DE15D-D831-5787-AE7E-FEFF53476F85&url=%252Fdk%252Fbuy%252Findex.html%253Fpage%253D1%2526edid%253DB2C09047-47EF-D3CC-C470-1A1DFD8204C6%2526hlv%253D6140e36b-d6d4-4eb8-8104-79710a01000f%2523v_1927853891 HTTP/1.1" 200 247
100.29.164.178 - - [16/Feb/2025:00:50:45 +0100] "GET /ticket2/opencms/sv/buy/?catid=DA31441B-C568-3C77-D08C-698809032494&comcatid=97ECA65A-72DA-F9AF-9DBB-245D3CFED1BE&page=6 HTTP/1.1" 200 97869
185.191.171.7 - - [16/Feb/2025:00:50:45 +0100] "GET /ticket2/opencms/sv/sport/fotbollsbiljetter/premier_league/ HTTP/1.1" 200 98723
192.95.30.21 - - [16/Feb/2025:00:50:45 +0100] "GET /ticket2/opencms/fi/buy/?page=6&comcatid=A17713B6-D984-201A-4143-ED4DB5ED5C2E&catid=21C3854B-901E-11F9-7B7D-6838CC6AFAA4&eventid=0DB6A7C3-0396-810D-FC19-B3411E77B645 HTTP/1.1" 200 113100
20.171.207.223 - - [16/Feb/2025:00:50:48 +0100] "GET /ticket2/opencms/set_aff_cookie.jsp?partner=23A6AD98-906E-5BDD-600E-EC4EC8A45F97&url=%252Fen%252Fbuy%252Findex.html%253Fpage%253D1%2526edid%253DFA7D6BC6-E757-B554-9DC3-402FA5982C97%2526hlv%253D60c9e75a-8fa0-482a-8706-25320a01000f%2523v_1731067063 HTTP/1.1" 200 247
52.167.144.180 - - [16/Feb/2025:00:50:48 +0100] "GET /ticket2/opencms/tr/buy/?page=6&comcatid=A17713B6-D984-201A-4143-ED4DB5ED5C2E&catid=E92E6B1B-7CD1-74B1-312C-265A7D8125D0 HTTP/1.1" 200 104151
44.206.93.215 - - [16/Feb/2025:00:50:49 +0100] "GET /ticket2/opencms/sv/buy/?catid=E3105E1E-3982-291E-5523-1C1DF161E9B7&comcatid=97ECA65A-72DA-F9AF-9DBB-245D3CFED1BE&page=6 HTTP/1.1" 200 97917
85.208.96.211 - - [16/Feb/2025:00:50:51 +0100] "GET /ticket2/opencms/robots.txt HTTP/1.1" 200 773
18.204.89.56 - - [16/Feb/2025:00:50:52 +0100] "GET /ticket2/opencms/sv/buy/?catid=F4D223A4-C027-46DC-3DE5-726A23E30A62&comcatid=97ECA65A-72DA-F9AF-9DBB-245D3CFED1BE&page=6 HTTP/1.1" 200 97920
185.191.171.6 - - [16/Feb/2025:00:50:53 +0100] "GET /ticket2/opencms/az HTTP/1.1" 200 109172
20.171.207.223 - - [16/Feb/2025:00:50:55 +0100] "GET /ticket2/opencms/set_aff_cookie.jsp?partner=5E0CDF29-E7BE-9F6B-6869-7BF66B04006F&url=%252Ffi%252Fbuy%252Findex.html%253Fpage%253D1%2526edid%253D50F7AB81-6A9C-C90F-2794-DEB00B53E681%2526hlv%253D612aadca-4954-4265-b562-73000a01000f%2523v_1642579367 HTTP/1.1" 200 247
52.71.218.25 - - [16/Feb/2025:00:50:56 +0100] "GET /ticket2/opencms/sv/buy/?catid=F7F89B9B-6697-7881-54AE-4C39276BF1B8&comcatid=97ECA65A-72DA-F9AF-9DBB-245D3CFED1BE&page=6 HTTP/1.1" 200 97943
192.95.30.21 - - [16/Feb/2025:00:50:57 +0100] "GET /ticket2/opencms/fi/buy/?page=6&comcatid=A17713B6-D984-201A-4143-ED4DB5ED5C2E&catid=21C3854B-901E-11F9-7B7D-6838CC6AFAA4&eventid=6FF9EBE1-05EE-AA1E-A54F-A9D14CF13922 HTTP/1.1" 200 112264
20.171.207.223 - - [16/Feb/2025:00:50:57 +0100] "GET /ticket2/opencms/set_aff_cookie.jsp?partner=2E02071B-A8C3-4CBA-3097-C27D61C02ED8&url=%252Fen%252Fbuy%252Findex.html%253Fpage%253D1%2526edid%253D3724421D-8712-70E6-408D-D3669BC23C72%2526hlv%253D60f69962-18b0-4ec7-aa31-644f0a01000f%2523v_1652974704 HTTP/1.1" 200 247
3.94.157.25 - - [16/Feb/2025:00:51:00 +0100] "GET /ticket2/opencms/sv/buy/?catid=F7FF413B-5FDF-82CF-E5BB-CD4AB6027974&comcatid=97ECA65A-72DA-F9AF-9DBB-245D3CFED1BE&page=6 HTTP/1.1" 200 97847
20.171.207.223 - - [16/Feb/2025:00:51:00 +0100] "GET /ticket2/opencms/set_aff_cookie.jsp?partner=692E2C6A-EC6F-1C93-AFCC-C5ACC23A93EA&url=%252Fnl%252Fbuy%252Findex.html%253Fpage%253D1%2526edid%253D9F34FF64-8435-0668-CDDD-40FBDE58F48E%2526hlv%253D60ca115f-f4d8-4676-bb26-3ad80a01000f%2523v_710323762 HTTP/1.1" 200 246
85.208.96.201 - - [16/Feb/2025:00:51:01 +0100] "GET /ticket2/opencms/robots.txt HTTP/1.1" 200 773
20.171.207.223 - - [16/Feb/2025:00:51:02 +0100] "GET /ticket2/opencms/set_aff_cookie.jsp?partner=8F6DE15D-D831-5787-AE7E-FEFF53476F85&url=%252Fen%252Fbuy%252Findex.html%253Fpage%253D1%2526edid%253D8A1D7FDE-61D9-CA78-3F14-088E085C1428%2526hlv%253D610bcc6e-162c-422d-af87-155c0a01000f%2523v_1845132212 HTTP/1.1" 200 247
20.171.207.223 - - [16/Feb/2025:00:51:03 +0100] "GET /ticket2/opencms/set_aff_cookie.jsp?partner=8F6DE15D-D831-5787-AE7E-FEFF53476F85&url=%252Fdk%252Fbuy%252Findex.html%253Fpage%253D1%2526edid%253D49FEC43E-3E83-185B-C185-BAAB3CE353B1%2526hlv%253D60f819c0-9aa4-4290-9cad-5d840a01000f%2523v_1894990463 HTTP/1.1" 200 247
185.191.171.11 - - [16/Feb/2025:00:51:03 +0100] "GET /ticket2/opencms/de/magazine/article?title=neun-siege-in-zehn-spielen HTTP/1.1" 200 92906
20.171.207.223 - - [16/Feb/2025:00:51:04 +0100] "GET /ticket2/opencms/set_aff_cookie.jsp?partner=5E0CDF29-E7BE-9F6B-6869-7BF66B04006F&url=%252Fdk%252Fbuy%252Findex.html%253Fpage%253D1%2526edid%253D497CFADB-43B9-65B9-4674-F7F3D004A91F%2526hlv%253D60d0e113-102c-4ef5-bdd1-40cb0a01000f%2523v_587539496 HTTP/1.1" 200 246
54.225.81.20 - - [16/Feb/2025:00:51:05 +0100] "GET /ticket2/opencms/sv/buy/?comcatid=A17713B6-D984-201A-4143-ED4DB5ED5C2E&page=6 HTTP/1.1" 200 343730
20.171.207.223 - - [16/Feb/2025:00:51:05 +0100] "GET /ticket2/opencms/set_aff_cookie.jsp?partner=2E02071B-A8C3-4CBA-3097-C27D61C02ED8&url=%252Fnl%252Fbuy%252Findex.html%253Fpage%253D1%2526edid%253D938ECB82-2408-02B3-A5B3-53D3737EA4C9%2526hlv%253D60f844b0-093c-4d04-8f9b-6e190a01000f%2523v_704863299 HTTP/1.1" 200 246
54.36.149.43 - - [16/Feb/2025:00:51:06 +0100] "GET /ticket2/opencms/hu/buy?page=1&edid=6C967880-E08B-3121-25D0-F145A5542A49 HTTP/1.1" 200 127460
207.46.13.102 - - [16/Feb/2025:00:51:07 +0100] "GET /ticket2/opencms/ro/magazine/article?title=alexander-isak-stabileste-un-record HTTP/1.1" 200 92844
20.171.207.223 - - [16/Feb/2025:00:51:07 +0100] "GET /ticket2/opencms/set_aff_cookie.jsp?partner=57601924-FB09-5BB2-867F-08B4EB522BA8&url=%252Ffi%252Fbuy%252Findex.html%253Fpage%253D1%2526edid%253D7A5ADC93-0EC8-0537-E5DD-6AC1A00B3DE9%2526hlv%253D60f812ab-93d4-4339-b0eb-5b710a01000f%2523v_499699443 HTTP/1.1" 200 246
54.147.80.137 - - [16/Feb/2025:00:51:09 +0100] "GET /ticket2/opencms/sv/buy/?catid=36394212-F82E-F845-399B-42BED55969CC&comcatid=A17713B6-D984-201A-4143-ED4DB5ED5C2E&page=6 HTTP/1.1" 200 133200
192.95.30.21 - - [16/Feb/2025:00:51:09 +0100] "GET /ticket2/opencms/fi/buy/?page=6&comcatid=A17713B6-D984-201A-4143-ED4DB5ED5C2E&catid=21C3854B-901E-11F9-7B7D-6838CC6AFAA4&eventid=ADB4BA94-4A6D-0826-5992-F7DEA47BAAA3 HTTP/1.1" 200 112191
47.128.52.2 - - [16/Feb/2025:00:51:09 +0100] "GET /ticket2/opencms/fr/magazine/article?title=om-tottenham-hotspur-stadium HTTP/1.1" 200 100143
20.171.207.223 - - [16/Feb/2025:00:51:10 +0100] "GET /ticket2/opencms/set_aff_cookie.jsp?partner=2E02071B-A8C3-4CBA-3097-C27D61C02ED8&url=%252Fdk%252Fbuy%252Findex.html%253Fpage%253D1%2526edid%253D1D655237-217E-C5C5-21D7-85A16C37AFF4%2526hlv%253D611cd264-03bc-4f0a-b8d8-5e520a01000f%2523v_1846834013 HTTP/1.1" 200 247
20.171.207.223 - - [16/Feb/2025:00:51:11 +0100] "GET /ticket2/opencms/set_aff_cookie.jsp?partner=692E2C6A-EC6F-1C93-AFCC-C5ACC23A93EA&url=%252Fen%252Fbuy%252Findex.html%253Fpage%253D1%2526edid%253DD89B3D3A-DD39-9270-8BDC-6E1BD9EC429A%2526hlv%253D61127715-8afc-49b4-980b-2be00a01000f%2523v_606848093 HTTP/1.1" 200 246
107.22.208.39 - - [16/Feb/2025:00:51:12 +0100] "GET /ticket2/opencms/sv/buy/?catid=36394212-F82E-F845-399B-42BED55969CC&comcatid=A17713B6-D984-201A-4143-ED4DB5ED5C2E&eventid=19AD6356-6E10-9C9F-9FF7-23862BF7038B&page=6 HTTP/1.1" 200 111960
94.74.125.185 - - [16/Feb/2025:00:51:14 +0100] "GET /ticket2/opencms/az/buy?page=1&edid=5CBB442D-D365-7F4F-B999-AA88D946C632 HTTP/1.1" 200 141295
52.200.58.199 - - [16/Feb/2025:00:51:17 +0100] "GET /ticket2/opencms/sv/buy/?catid=36394212-F82E-F845-399B-42BED55969CC&comcatid=A17713B6-D984-201A-4143-ED4DB5ED5C2E&eventid=1C0FC89D-D539-28E4-3F58-11BCE29E4CA8&page=6 HTTP/1.1" 200 111778
20.171.207.223 - - [16/Feb/2025:00:51:18 +0100] "GET /ticket2/opencms/set_aff_cookie.jsp?partner=6F250EA7-4505-FA01-D601-8847F2573405&url=%252Fru%252Fbuy%252Findex.html%253Fpage%253D1%2526edid%253D3BF089D2-CA6A-D5BF-ED58-5522099ECEE1%2526hlv%253D60f80e36-db64-4b4e-a534-59300a01000f%2523v_907389893 HTTP/1.1" 200 246
45.142.177.52 - - [16/Feb/2025:00:51:19 +0100] "GET /ticket2/opencms/sr/magazine/article?title=legenda-u-zestokoj-raspravi-sa-navijacem HTTP/1.1" 200 94363
40.77.167.30 - - [16/Feb/2025:00:51:19 +0100] "GET /ticket2/opencms/nl/magazine/article?title=newcastle HTTP/1.1" 200 88660
66.220.149.7 - - [16/Feb/2025:00:51:19 +0100] "GET /ticket2/opencms/mo/buy?page=1&edid=4660DE29-C3F1-FFBE-5E6B-4C74E874EC91 HTTP/1.1" 200 112254
192.95.30.21 - - [16/Feb/2025:00:51:20 +0100] "GET /ticket2/opencms/fi/buy/?page=6&comcatid=A17713B6-D984-201A-4143-ED4DB5ED5C2E&catid=21C3854B-901E-11F9-7B7D-6838CC6AFAA4&eventid=D0B62F92-773A-01D8-AF39-BADE4098B080 HTTP/1.1" 200 112983
20.171.207.223 - - [16/Feb/2025:00:51:20 +0100] "GET /ticket2/opencms/set_aff_cookie.jsp?partner=6F250EA7-4505-FA01-D601-8847F2573405&url=%252Ffi%252Fbuy%252Findex.html%253Fpage%253D1%2526edid%253DF9D480C8-CC9A-5C4B-D090-F29D97AF622B%2526hlv%253D60d0e101-8488-41d1-ac9b-407f0a01000f%2523v_1745210647 HTTP/1.1" 200 247
34.203.111.15 - - [16/Feb/2025:00:51:20 +0100] "GET /ticket2/opencms/sv/buy/?catid=36394212-F82E-F845-399B-42BED55969CC&comcatid=A17713B6-D984-201A-4143-ED4DB5ED5C2E&eventid=29425CD0-51B2-1314-2678-3AB7A21FD119&page=6 HTTP/1.1" 200 112675
20.171.207.223 - - [16/Feb/2025:00:51:24 +0100] "GET /ticket2/opencms/set_aff_cookie.jsp?partner=8F6DE15D-D831-5787-AE7E-FEFF53476F85&url=%252Ffi%252Fbuy%252Findex.html%253Fpage%253D1%2526edid%253DDC0F3611-C833-A6F6-70F7-1A8DE9CE1F0E%2526hlv%253D610bcf56-dd0c-413a-8563-16280a01000f%2523v_511680830 HTTP/1.1" 200 246
100.29.128.75 - - [16/Feb/2025:00:51:24 +0100] "GET /ticket2/opencms/sv/buy/?catid=36394212-F82E-F845-399B-42BED55969CC&comcatid=A17713B6-D984-201A-4143-ED4DB5ED5C2E&eventid=8089A138-5EE7-E43F-C342-AAB9352CA1D1&page=6 HTTP/1.1" 200 111825
47.128.54.106 - - [16/Feb/2025:00:51:24 +0100] "GET /ticket2/opencms/fi/venue/?venueid=43E46141-15E1-3762-0B24-518B95D780B0 HTTP/1.1" 200 86919
54.36.148.225 - - [16/Feb/2025:00:51:25 +0100] "GET /ticket2/opencms/tr/spor/futbol-biletleri/serie-a/udinese HTTP/1.1" 200 96220
20.171.207.223 - - [16/Feb/2025:00:51:26 +0100] "GET /ticket2/opencms/set_aff_cookie.jsp?partner=57601924-FB09-5BB2-867F-08B4EB522BA8&url=%252Ffi%252Fbuy%252Findex.html%253Fpage%253D1%2526edid%253D47C5221C-D928-A354-3BAB-DBCEA1F436C4%2526hlv%253D61151944-5694-47da-a39c-7f050a01000f%2523v_1862383221 HTTP/1.1" 200 247
202.8.42.23 - - [16/Feb/2025:00:51:26 +0100] "GET /ticket2/opencms/system/modules/com.gridnine.opencms.ticketbrokerage.site/resources/css/ticketbrokerage.css HTTP/1.1" 200 39339
202.8.42.23 - - [16/Feb/2025:00:51:26 +0100] "GET /ticket2/opencms/system/modules/com.gridnine.opencms.ticketbrokerage.site/resources/css/calendar.css HTTP/1.1" 200 6871
202.8.42.23 - - [16/Feb/2025:00:51:26 +0100] "GET /ticket2/opencms/system/modules/com.gridnine.opencms.ticketbrokerage.site/resources/css/jquery-ui.css HTTP/1.1" 200 33221
202.8.42.23 - - [16/Feb/2025:00:51:26 +0100] "GET /ticket2/opencms/system/modules/com.gridnine.opencms.ticketbrokerage.site/resources/css/standard.css HTTP/1.1" 200 73904
202.8.42.23 - - [16/Feb/2025:00:51:26 +0100] "GET /ticket2/opencms/system/modules/com.gridnine.opencms.ticketbrokerage.site/resources/css/jquery.fancybox.css HTTP/1.1" 200 4939
202.8.42.23 - - [16/Feb/2025:00:51:26 +0100] "GET /ticket2/opencms/system/modules/com.gridnine.opencms.ticketbrokerage.site/resources/js/jquery/jquery.js HTTP/1.1" 200 93868
202.8.42.23 - - [16/Feb/2025:00:51:26 +0100] "GET /ticket2/opencms/system/modules/com.gridnine.opencms.ticketbrokerage.site/resources/js/functions.js HTTP/1.1" 200 1583
202.8.42.23 - - [16/Feb/2025:00:51:26 +0100] "GET /ticket2/opencms/system/modules/com.gridnine.opencms.ticketbrokerage.site/resources/js/calendar.js HTTP/1.1" 200 49229
202.8.42.23 - - [16/Feb/2025:00:51:26 +0100] "GET /ticket2/opencms/system/modules/com.gridnine.opencms.ticketbrokerage.site/resources/js/jquery/jquery-ui.js HTTP/1.1" 200 228088
202.8.42.23 - - [16/Feb/2025:00:51:26 +0100] "GET /ticket2/opencms/system/modules/com.gridnine.opencms.ticketbrokerage.site/resources/js/calendar-en.js HTTP/1.1" 200 3338
202.8.42.23 - - [16/Feb/2025:00:51:26 +0100] "GET /ticket2/opencms/system/modules/com.gridnine.opencms.ticketbrokerage.site/resources/js/calendar-setup.js HTTP/1.1" 200 4923
202.8.42.23 - - [16/Feb/2025:00:51:26 +0100] "GET /ticket2/opencms/system/modules/com.gridnine.opencms.ticketbrokerage.site/resources/js/jquery.fancybox.pack.js HTTP/1.1" 200 23187
202.8.42.23 - - [16/Feb/2025:00:51:27 +0100] "GET /ticket2/opencms/system/modules/com.gridnine.opencms.ticketbrokerage.site/resources/js/stickyfill.min.js HTTP/1.1" 200 5672
202.8.42.23 - - [16/Feb/2025:00:51:27 +0100] "GET /ticket2/opencms/system/modules/com.gridnine.opencms.ticketbrokerage.site/resources/js/standard.js HTTP/1.1" 200 3983
202.8.42.23 - - [16/Feb/2025:00:51:27 +0100] "GET /ticket2/opencms/system/modules/com.gridnine.opencms.ticketbrokerage.site/resources/js/jquery.placeholder.min.js HTTP/1.1" 200 1737
202.8.42.23 - - [16/Feb/2025:00:51:27 +0100] "GET /ticket2/opencms/system/modules/com.gridnine.opencms.ticketbrokerage.site/resources/js/common-ajax.js HTTP/1.1" 200 20175
20.171.207.223 - - [16/Feb/2025:00:51:27 +0100] "GET /ticket2/opencms/set_aff_cookie.jsp?partner=57601924-FB09-5BB2-867F-08B4EB522BA8&url=%252Fnl%252Fbuy%252Findex.html%253Fpage%253D1%2526edid%253DB7707C87-5D00-4D75-75FA-01216FD172D2%2526hlv%253D61151780-8978-4ccf-b15b-7eaa0a01000f%2523v_1847025881 HTTP/1.1" 200 247
66.249.79.33 - - [16/Feb/2025:00:51:28 +0100] "GET /ticket2/opencms/pl/buy?page=2&sodvid= HTTP/1.1" 200 112384
20.171.207.223 - - [16/Feb/2025:00:51:28 +0100] "GET /ticket2/opencms/set_aff_cookie.jsp?partner=6F250EA7-4505-FA01-D601-8847F2573405&url=%252Fsv%252Fbuy%252Findex.html%253Fpage%253D1%2526edid%253DCA3FABDD-43B5-8DDC-6DAC-2917B68B145E%2526hlv%253D60c9f21e-ab18-4b5e-b0f2-299e0a01000f%2523v_1411439321 HTTP/1.1" 200 247
3.221.50.71 - - [16/Feb/2025:00:51:28 +0100] "GET /ticket2/opencms/sv/buy/?catid=36394212-F82E-F845-399B-42BED55969CC&comcatid=A17713B6-D984-201A-4143-ED4DB5ED5C2E&eventid=B45AC244-DB10-0539-6625-12AA68C37378&page=6 HTTP/1.1" 200 109353
20.171.207.223 - - [16/Feb/2025:00:51:29 +0100] "GET /ticket2/opencms/set_aff_cookie.jsp?partner=8F6DE15D-D831-5787-AE7E-FEFF53476F85&url=%252Fsv%252Fbuy%252Findex.html%253Fpage%253D1%2526edid%253DE6F3FCE0-2FC0-1D19-A7CC-E19CDD18C53C%2526hlv%253D611404c8-6b20-4146-853e-1c950a01000f%2523v_915971373 HTTP/1.1" 200 246
20.171.207.223 - - [16/Feb/2025:00:51:31 +0100] "GET /ticket2/opencms/set_aff_cookie.jsp?partner=57601924-FB09-5BB2-867F-08B4EB522BA8&url=%252Fsv%252Fbuy%252Findex.html%253Fpage%253D1%2526edid%253DAEA7539C-CDCF-5E07-37D0-A655181FBABC%2526hlv%253D60f84da0-fce4-4f7b-a534-6ecf0a01000f%2523v_373108415 HTTP/1.1" 200 246
185.191.171.3 - - [16/Feb/2025:00:51:31 +0100] "GET /ticket2/opencms/ga/magazine/article?title=manchester-city-nym-dm-ak-shwmum-kji-ahe HTTP/1.1" 200 92666
192.95.30.21 - - [16/Feb/2025:00:51:32 +0100] "GET /ticket2/opencms/fi/login/?edid=024D7C2D-2C94-4F3D-036F-1C2D91C6E2B4 HTTP/1.1" 200 91864
44.217.177.142 - - [16/Feb/2025:00:51:32 +0100] "GET /ticket2/opencms/sv/buy/?catid=36394212-F82E-F845-399B-42BED55969CC&comcatid=A17713B6-D984-201A-4143-ED4DB5ED5C2E&eventid=FF812D0C-FCB2-7645-0CFD-1ACFB0013262&page=6 HTTP/1.1" 200 111848
47.128.99.11 - - [16/Feb/2025:00:51:32 +0100] "GET /ticket2/opencms/ro/buy/?edid=CE14821B-D021-D288-1C4B-D1BD4F4FA42F HTTP/1.1" 200 91796
20.171.207.223 - - [16/Feb/2025:00:51:33 +0100] "GET /ticket2/opencms/set_aff_cookie.jsp?partner=692E2C6A-EC6F-1C93-AFCC-C5ACC23A93EA&url=%252Fsv%252Fbuy%252Findex.html%253Fpage%253D1%2526edid%253DDD7009E0-BEDD-5FDF-FBEC-9803C9276491%2526hlv%253D61449252-7464-4833-8b2d-77240a01000f%2523v_1244011512 HTTP/1.1" 200 247
20.171.207.223 - - [16/Feb/2025:00:51:34 +0100] "GET /ticket2/opencms/set_aff_cookie.jsp?partner=692E2C6A-EC6F-1C93-AFCC-C5ACC23A93EA&url=%252Ffi%252Fbuy%252Findex.html%253Fpage%253D1%2526edid%253D5A67179D-C7BD-4086-88F3-90FE704053E2%2526hlv%253D60ca1ed3-27f8-498b-8bdc-40890a01000f%2523v_294724273 HTTP/1.1" 200 246
185.191.171.6 - - [16/Feb/2025:00:51:34 +0100] "GET /ticket2/opencms/sv/sport/fotbollsbiljetter/uefa-champions-league/malaga/ HTTP/1.1" 200 88050
20.171.207.223 - - [16/Feb/2025:00:51:38 +0100] "GET /ticket2/opencms/set_aff_cookie.jsp?partner=2E02071B-A8C3-4CBA-3097-C27D61C02ED8&url=%252Ffi%252Fbuy%252Findex.html%253Fpage%253D1%2526edid%253D634076B4-32CF-CB6D-4015-7F823660D56E%2526hlv%253D610bcdfc-c308-4c6c-afa0-15e10a01000f%2523v_1913429421 HTTP/1.1" 200 247
52.167.144.184 - - [16/Feb/2025:00:51:39 +0100] "GET /ticket2/opencms/sv/buy/?page=1&edid=4BA781DE-2024-5888-8F0F-2E0AC0F53952 HTTP/1.1" 200 114108
184.73.195.18 - - [16/Feb/2025:00:51:39 +0100] "GET /ticket2/opencms/sv/buy/?catid=3B549160-8B9C-E872-44A9-20FEA86B30E8&comcatid=A17713B6-D984-201A-4143-ED4DB5ED5C2E&page=6 HTTP/1.1" 200 103504
114.119.157.43 - - [16/Feb/2025:00:51:40 +0100] "GET /ticket2/opencms/mt/buy?page=1&edid=A34637F6-A2D0-912E-26B6-F992C4C5FF72 HTTP/1.1" 200 112598
98.82.59.253 - - [16/Feb/2025:00:51:40 +0100] "GET /ticket2/opencms/sv/buy/?catid=573B7747-EE85-D769-C87D-F3F61FB64AA5&comcatid=A17713B6-D984-201A-4143-ED4DB5ED5C2E&page=6 HTTP/1.1" 200 103532
185.191.171.4 - - [16/Feb/2025:00:51:43 +0100] "GET /ticket2/opencms/cs/magazine/article?title=kupte-si-vstupenky-na-bundesligu-na-ticket2com HTTP/1.1" 200 93194
20.171.207.223 - - [16/Feb/2025:00:51:44 +0100] "GET /ticket2/opencms/set_aff_cookie.jsp?partner=8F6DE15D-D831-5787-AE7E-FEFF53476F85&url=%252Ffi%252Fbuy%252Findex.html%253Fpage%253D1%2526edid%253D7B81DA8C-BC62-30BF-75BA-614CF7ADBC43%2526hlv%253D60ca1b34-b4d4-4a99-9c3a-3f260a01000f%2523v_1912775332 HTTP/1.1" 200 247
54.36.148.33 - - [16/Feb/2025:00:51:44 +0100] "GET /ticket2/opencms/sq/buy?page=1&edid=1E92A8C8-B0AD-5FE7-B7EF-0C8AA0F43370 HTTP/1.1" 200 90666
54.235.191.179 - - [16/Feb/2025:00:51:44 +0100] "GET /ticket2/opencms/sv/buy/?catid=6E0E0CA4-3F14-9697-92B9-3687047BE453&comcatid=A17713B6-D984-201A-4143-ED4DB5ED5C2E&page=6 HTTP/1.1" 200 103586
192.95.30.21 - - [16/Feb/2025:00:51:45 +0100] "GET /ticket2/opencms/fi/login/?edid=039D4473-D662-2ED5-D620-F30FCE116F43 HTTP/1.1" 200 91929
66.249.79.33 - - [16/Feb/2025:00:51:48 +0100] "GET /ticket2/opencms/fr/sport/billets-football/english-championship/ HTTP/1.1" 200 101451
18.204.152.114 - - [16/Feb/2025:00:51:48 +0100] "GET /ticket2/opencms/sv/buy/?catid=7CF2D645-F785-0CBB-1B7C-C4711617EAAD&comcatid=A17713B6-D984-201A-4143-ED4DB5ED5C2E&page=6 HTTP/1.1" 200 104915
20.171.207.223 - - [16/Feb/2025:00:51:48 +0100] "GET /ticket2/opencms/set_aff_cookie.jsp?partner=2E02071B-A8C3-4CBA-3097-C27D61C02ED8&url=%252Fno%252Fbuy%252Findex.html%253Fpage%253D1%2526edid%253DFA7D6BC6-E757-B554-9DC3-402FA5982C97%2526hlv%253D60c9ec37-6fb8-4bee-a0a4-280b0a01000f%2523v_1524919048 HTTP/1.1" 200 247
20.171.207.223 - - [16/Feb/2025:00:51:49 +0100] "GET /ticket2/opencms/set_aff_cookie.jsp?partner=692E2C6A-EC6F-1C93-AFCC-C5ACC23A93EA&url=%252Fru%252Fbuy%252Findex.html%253Fpage%253D1%2526edid%253D23462A4C-8725-82B5-7A63-462FC0C8A36E%2526hlv%253D60d0e166-e70c-4b22-b8d7-40d10a01000f%2523v_2097598781 HTTP/1.1" 200 247
83.185.94.75 - - [16/Feb/2025:00:51:50 +0100] "GET /ticket2/opencms/sv/about/contact/?gad_source=2&gclid=CjwKCAiAk8G9BhA0EiwAOQxmfjisMQWHZNfogoNAFTzJfku9U42_tiVi4iG0eyj_W0qaYT3Ffn7tHhoCVyYQAvD_BwE HTTP/1.1" 200 89250
20.171.207.223 - - [16/Feb/2025:00:51:50 +0100] "GET /ticket2/opencms/set_aff_cookie.jsp?partner=6F250EA7-4505-FA01-D601-8847F2573405&url=%252Fsv%252Fbuy%252Findex.html%253Fpage%253D1%2526edid%253DF62458EA-DB34-886B-037E-58EA518FDDA0%2526hlv%253D611cd21a-2ec0-4f46-9cc3-5e510a01000f%2523v_1538495399 HTTP/1.1" 200 247
83.185.94.75 - - [16/Feb/2025:00:51:50 +0100] "GET /ticket2/opencms/system/modules/com.gridnine.opencms.ticketbrokerage.site/resources/css/ticketbrokerage.css HTTP/1.1" 200 39339
83.185.94.75 - - [16/Feb/2025:00:51:51 +0100] "GET /ticket2/opencms/system/modules/com.gridnine.opencms.ticketbrokerage.site/resources/css/calendar.css HTTP/1.1" 200 6871
83.185.94.75 - - [16/Feb/2025:00:51:51 +0100] "GET /ticket2/opencms/system/modules/com.gridnine.opencms.ticketbrokerage.site/resources/css/jquery-ui.css HTTP/1.1" 200 33221
83.185.94.75 - - [16/Feb/2025:00:51:51 +0100] "GET /ticket2/opencms/system/modules/com.gridnine.opencms.ticketbrokerage.site/resources/css/standard.css HTTP/1.1" 200 73904
83.185.94.75 - - [16/Feb/2025:00:51:51 +0100] "GET /ticket2/opencms/system/modules/com.gridnine.opencms.ticketbrokerage.site/resources/css/jquery.fancybox.css HTTP/1.1" 200 4939
83.185.94.75 - - [16/Feb/2025:00:51:51 +0100] "GET /ticket2/opencms/system/modules/com.gridnine.opencms.ticketbrokerage.site/resources/js/jquery/jquery.js HTTP/1.1" 200 93868
83.185.94.75 - - [16/Feb/2025:00:51:51 +0100] "GET /ticket2/opencms/system/modules/com.gridnine.opencms.ticketbrokerage.site/resources/js/functions.js HTTP/1.1" 200 1583
83.185.94.75 - - [16/Feb/2025:00:51:51 +0100] "GET /ticket2/opencms/system/modules/com.gridnine.opencms.ticketbrokerage.site/resources/js/jquery/jquery-ui.js HTTP/1.1" 200 228088
83.185.94.75 - - [16/Feb/2025:00:51:51 +0100] "GET /ticket2/opencms/system/modules/com.gridnine.opencms.ticketbrokerage.site/resources/js/calendar.js HTTP/1.1" 200 49229
83.185.94.75 - - [16/Feb/2025:00:51:51 +0100] "GET /ticket2/opencms/system/modules/com.gridnine.opencms.ticketbrokerage.site/resources/js/calendar-en.js HTTP/1.1" 200 3338
83.185.94.75 - - [16/Feb/2025:00:51:51 +0100] "GET /ticket2/opencms/system/modules/com.gridnine.opencms.ticketbrokerage.site/resources/js/calendar-setup.js HTTP/1.1" 200 4923
83.185.94.75 - - [16/Feb/2025:00:51:51 +0100] "GET /ticket2/opencms/system/modules/com.gridnine.opencms.ticketbrokerage.site/resources/js/jquery.fancybox.pack.js HTTP/1.1" 200 23187
83.185.94.75 - - [16/Feb/2025:00:51:51 +0100] "GET /ticket2/opencms/system/modules/com.gridnine.opencms.ticketbrokerage.site/resources/js/stickyfill.min.js HTTP/1.1" 200 5672
83.185.94.75 - - [16/Feb/2025:00:51:51 +0100] "GET /ticket2/opencms/img/icons/en.png HTTP/1.1" 200 2415
83.185.94.75 - - [16/Feb/2025:00:51:51 +0100] "GET /ticket2/opencms/img/icons/se.png HTTP/1.1" 200 1258
83.185.94.75 - - [16/Feb/2025:00:51:51 +0100] "GET /ticket2/opencms/img/icons/no.png HTTP/1.1" 200 1958
83.185.94.75 - - [16/Feb/2025:00:51:51 +0100] "GET /ticket2/opencms/img/icons/fi.png HTTP/1.1" 200 1785
20.171.207.223 - - [16/Feb/2025:00:51:51 +0100] "GET /ticket2/opencms/set_aff_cookie.jsp?partner=692E2C6A-EC6F-1C93-AFCC-C5ACC23A93EA&url=%252Fru%252Fbuy%252Findex.html%253Fpage%253D1%2526edid%253D5A67179D-C7BD-4086-88F3-90FE704053E2%2526hlv%253D60cb5baf-dbac-4eea-9bf7-3ef70a01000f%2523v_1770071639 HTTP/1.1" 200 247
83.185.94.75 - - [16/Feb/2025:00:51:51 +0100] "GET /ticket2/opencms/img/icons/dk.png HTTP/1.1" 200 1706
83.185.94.75 - - [16/Feb/2025:00:51:52 +0100] "GET /ticket2/opencms/system/modules/com.gridnine.opencms.ticketbrokerage.site/resources/js/standard.js HTTP/1.1" 200 3983
83.185.94.75 - - [16/Feb/2025:00:51:52 +0100] "GET /ticket2/opencms/system/modules/com.gridnine.opencms.ticketbrokerage.site/resources/js/jquery.placeholder.min.js HTTP/1.1" 200 1737
83.185.94.75 - - [16/Feb/2025:00:51:52 +0100] "GET /ticket2/opencms/system/modules/com.gridnine.opencms.ticketbrokerage.site/resources/js/common-ajax.js HTTP/1.1" 200 20175
83.185.94.75 - - [16/Feb/2025:00:51:52 +0100] "GET /ticket2/opencms/system/modules/com.gridnine.opencms.ticketbrokerage.site/resources/pics/logo-new.png HTTP/1.1" 200 13541
83.185.94.75 - - [16/Feb/2025:00:51:52 +0100] "GET /ticket2/opencms/img/insta.png HTTP/1.1" 200 3967
83.185.94.75 - - [16/Feb/2025:00:51:52 +0100] "GET /ticket2/opencms/img/fb.png HTTP/1.1" 200 1269
83.185.94.75 - - [16/Feb/2025:00:51:52 +0100] "GET /ticket2/opencms/system/modules/com.gridnine.opencms.ticketbrokerage.site/resources/pics/banners/Kontakta_oss.jpg HTTP/1.1" 200 23247
83.185.94.75 - - [16/Feb/2025:00:51:52 +0100] "GET /ticket2/opencms/img/icons/globe-white.png HTTP/1.1" 200 947
83.185.94.75 - - [16/Feb/2025:00:51:52 +0100] "GET /ticket2/opencms/img/icons/nl.png HTTP/1.1" 200 1255
83.185.94.75 - - [16/Feb/2025:00:51:52 +0100] "GET /ticket2/opencms/system/modules/com.gridnine.opencms.ticketbrokerage.site/resources/pics/footer-img.jpg HTTP/1.1" 200 67642
83.185.94.75 - - [16/Feb/2025:00:51:52 +0100] "GET /ticket2/opencms/img/icons/de.png HTTP/1.1" 200 1124
83.185.94.75 - - [16/Feb/2025:00:51:52 +0100] "GET /ticket2/opencms/img/icons/fr.png HTTP/1.1" 200 1764
83.185.94.75 - - [16/Feb/2025:00:51:52 +0100] "GET /ticket2/opencms/img/icons/es.png HTTP/1.1" 200 1005
83.185.94.75 - - [16/Feb/2025:00:51:52 +0100] "GET /ticket2/opencms/img/icons/it.png HTTP/1.1" 200 2040
83.185.94.75 - - [16/Feb/2025:00:51:52 +0100] "GET /ticket2/opencms/img/icons/sq.png HTTP/1.1" 200 1619
83.185.94.75 - - [16/Feb/2025:00:51:52 +0100] "GET /ticket2/opencms/img/icons/pl.png HTTP/1.1" 200 1578
83.185.94.75 - - [16/Feb/2025:00:51:52 +0100] "GET /ticket2/opencms/img/icons/az.png HTTP/1.1" 200 1445
83.185.94.75 - - [16/Feb/2025:00:51:52 +0100] "GET /ticket2/opencms/img/icons/be.png HTTP/1.1" 200 1663
83.185.94.75 - - [16/Feb/2025:00:51:52 +0100] "GET /ticket2/opencms/img/icons/bs.png HTTP/1.1" 200 1014
83.185.94.75 - - [16/Feb/2025:00:51:52 +0100] "GET /ticket2/opencms/img/icons/bg.png HTTP/1.1" 200 788
83.185.94.75 - - [16/Feb/2025:00:51:52 +0100] "GET /ticket2/opencms/img/check.png HTTP/1.1" 200 548
83.185.94.75 - - [16/Feb/2025:00:51:52 +0100] "GET /ticket2/opencms/system/modules/com.gridnine.opencms.ticketbrokerage.site/resources/css/images/event-banner.png HTTP/1.1" 404 -
54.84.147.79 - - [16/Feb/2025:00:51:52 +0100] "GET /ticket2/opencms/sv/buy/?catid=7CF2D645-F785-0CBB-1B7C-C4711617EAAD&comcatid=A17713B6-D984-201A-4143-ED4DB5ED5C2E&eventid=DE62BCAD-F9C9-D1F2-7154-3B2D99AE4311&page=6 HTTP/1.1" 200 106414
83.185.94.75 - - [16/Feb/2025:00:51:52 +0100] "GET /ticket2/opencms/img/mail.png HTTP/1.1" 200 403
83.185.94.75 - - [16/Feb/2025:00:51:52 +0100] "GET /ticket2/opencms/img/chat.png HTTP/1.1" 200 416
83.185.94.75 - - [16/Feb/2025:00:51:52 +0100] "GET /ticket2/opencms/img/arrow.png HTTP/1.1" 200 753
20.171.207.223 - - [16/Feb/2025:00:51:53 +0100] "GET /ticket2/opencms/set_aff_cookie.jsp?partner=8F6DE15D-D831-5787-AE7E-FEFF53476F85&url=%252Fdk%252Fbuy%252Findex.html%253Fpage%253D1%2526edid%253D6CAEF99D-9998-6F77-216C-946754C92C2B%2526hlv%253D610bce8d-4850-4af6-ae6b-16270a01000f%2523v_1688447877 HTTP/1.1" 200 247
119.8.115.71 - - [16/Feb/2025:00:51:53 +0100] "GET /ticket2/opencms/az/buy?page=1&edid=73ADC408-1051-3D3B-0D53-5DA8E608120E HTTP/1.1" 200 112073
83.185.94.75 - - [16/Feb/2025:00:51:53 +0100] "GET /ticket2/opencms/img/icons/be.png HTTP/1.1" 200 1663
83.185.94.75 - - [16/Feb/2025:00:51:53 +0100] "GET /ticket2/opencms/img/icons/az.png HTTP/1.1" 200 1445
83.185.94.75 - - [16/Feb/2025:00:51:53 +0100] "GET /ticket2/opencms/img/icons/bs.png HTTP/1.1" 200 1014
83.185.94.75 - - [16/Feb/2025:00:51:53 +0100] "GET /ticket2/opencms/img/icons/bg.png HTTP/1.1" 200 788
83.185.94.75 - - [16/Feb/2025:00:51:53 +0100] "GET /ticket2/opencms/img/icons/hr.png HTTP/1.1" 200 2024
83.185.94.75 - - [16/Feb/2025:00:51:53 +0100] "GET /ticket2/opencms/img/icons/cs.png HTTP/1.1" 200 1883
83.185.94.75 - - [16/Feb/2025:00:51:54 +0100] "GET /ticket2/opencms/img/icons/el.png HTTP/1.1" 200 1637
83.185.94.75 - - [16/Feb/2025:00:51:54 +0100] "GET /ticket2/opencms/img/icons/hu.png HTTP/1.1" 200 733
83.185.94.75 - - [16/Feb/2025:00:51:54 +0100] "GET /ticket2/opencms/img/icons/ka.png HTTP/1.1" 200 860
83.185.94.75 - - [16/Feb/2025:00:51:54 +0100] "GET /ticket2/opencms/img/icons/is.png HTTP/1.1" 200 1884
83.185.94.75 - - [16/Feb/2025:00:51:54 +0100] "GET /ticket2/opencms/img/icons/et.png HTTP/1.1" 200 754
83.185.94.75 - - [16/Feb/2025:00:51:54 +0100] "GET /ticket2/opencms/img/icons/ga.png HTTP/1.1" 200 1759
20.171.207.223 - - [16/Feb/2025:00:51:54 +0100] "GET /ticket2/opencms/set_aff_cookie.jsp?partner=2E02071B-A8C3-4CBA-3097-C27D61C02ED8&url=%252Fno%252Fbuy%252Findex.html%253Fpage%253D1%2526edid%253DCF3BDDE8-6C6B-F85B-528C-11C48A316B2B%2526hlv%253D6144966f-c964-4747-8182-79030a01000f%2523v_518144876 HTTP/1.1" 200 246
83.185.94.75 - - [16/Feb/2025:00:51:54 +0100] "GET /ticket2/opencms/img/icons/lv.png HTTP/1.1" 200 716
83.185.94.75 - - [16/Feb/2025:00:51:54 +0100] "GET /ticket2/opencms/img/icons/mo.png HTTP/1.1" 200 1468
83.185.94.75 - - [16/Feb/2025:00:51:54 +0100] "GET /ticket2/opencms/img/icons/mt.png HTTP/1.1" 200 920
83.185.94.75 - - [16/Feb/2025:00:51:54 +0100] "GET /ticket2/opencms/img/icons/lt.png HTTP/1.1" 200 733
83.185.94.75 - - [16/Feb/2025:00:51:54 +0100] "GET /ticket2/opencms/img/icons/ro.png HTTP/1.1" 200 1393
83.185.94.75 - - [16/Feb/2025:00:51:54 +0100] "GET /ticket2/opencms/img/icons/sr.png HTTP/1.1" 200 1602
83.185.94.75 - - [16/Feb/2025:00:51:54 +0100] "GET /ticket2/opencms/img/icons/sk.png HTTP/1.1" 200 1283
83.185.94.75 - - [16/Feb/2025:00:51:54 +0100] "GET /ticket2/opencms/img/icons/sl.png HTTP/1.1" 200 966
83.185.94.75 - - [16/Feb/2025:00:51:54 +0100] "GET /ticket2/opencms/img/icons/tr.png HTTP/1.1" 200 1636
83.185.94.75 - - [16/Feb/2025:00:51:54 +0100] "GET /ticket2/opencms/img/icons/uk.png HTTP/1.1" 200 1272
83.185.94.75 - - [16/Feb/2025:00:51:55 +0100] "GET /ticket2/opencms/system/modules/com.gridnine.opencms.ticketbrokerage.site/resources/js/standard.js HTTP/1.1" 200 3983
83.185.94.75 - - [16/Feb/2025:00:51:56 +0100] "GET /ticket2/opencms/img/icons/ticket2.thumbnail.png HTTP/1.1" 200 21519
20.171.207.223 - - [16/Feb/2025:00:51:56 +0100] "GET /ticket2/opencms/set_aff_cookie.jsp?partner=8F6DE15D-D831-5787-AE7E-FEFF53476F85&url=%252Fno%252Fbuy%252Findex.html%253Fpage%253D1%2526edid%253DB12EFA8D-4EC4-DDCD-8B91-E676E87E71DF%2526hlv%253D60f957c0-ec34-46e1-be3d-58a00a01000f%2523v_1326152495 HTTP/1.1" 200 247
50.19.221.48 - - [16/Feb/2025:00:51:56 +0100] "GET /ticket2/opencms/sv/buy/?catid=82F804FA-9F69-CB6B-D41D-7BF7C716058B&comcatid=A17713B6-D984-201A-4143-ED4DB5ED5C2E&page=6 HTTP/1.1" 200 103538
20.171.207.223 - - [16/Feb/2025:00:51:57 +0100] "GET /ticket2/opencms/set_aff_cookie.jsp?partner=2E02071B-A8C3-4CBA-3097-C27D61C02ED8&url=%252Ffi%252Fbuy%252Findex.html%253Fpage%253D1%2526edid%253DAD1489BC-D85F-F906-30B7-DAF56FC0FE6B%2526hlv%253D60f81709-7d98-43a9-89f3-5d1e0a01000f%2523v_247704893 HTTP/1.1" 200 246
192.95.30.21 - - [16/Feb/2025:00:51:58 +0100] "GET /ticket2/opencms/fi/login/?edid=03C08C39-501F-FF78-A958-5E62ADCE683F HTTP/1.1" 200 91742
20.171.207.223 - - [16/Feb/2025:00:51:58 +0100] "GET /ticket2/opencms/set_aff_cookie.jsp?partner=6F250EA7-4505-FA01-D601-8847F2573405&url=%252Fen%252Fbuy%252Findex.html%253Fpage%253D1%2526edid%253D7B81DA8C-BC62-30BF-75BA-614CF7ADBC43%2526hlv%253D6145bddf-81fc-47ad-bf65-65470a01000f%2523v_205088585 HTTP/1.1" 200 246
18.209.137.234 - - [16/Feb/2025:00:52:00 +0100] "GET /ticket2/opencms/sv/buy/?catid=8AA488FA-6797-D710-8108-3088D6948FC1&comcatid=A17713B6-D984-201A-4143-ED4DB5ED5C2E&page=6 HTTP/1.1" 200 103573
54.36.148.159 - - [16/Feb/2025:00:52:04 +0100] "GET /ticket2/opencms/sr/buy?page=1&edid=65C03F06-B4E6-0D65-D535-E007A0321D02 HTTP/1.1" 200 112594
52.73.142.41 - - [16/Feb/2025:00:52:04 +0100] "GET /ticket2/opencms/sv/buy/?catid=97608B80-50C4-18AE-7A82-0413C62E9243&comcatid=A17713B6-D984-201A-4143-ED4DB5ED5C2E&page=6 HTTP/1.1" 200 103500
52.167.144.138 - - [16/Feb/2025:00:52:05 +0100] "GET /ticket2/opencms/el/buy?page=1&edid=750C6040-29F7-425D-A24F-51B977F415A3 HTTP/1.1" 200 140393
157.55.39.10 - - [16/Feb/2025:00:52:07 +0100] "GET /ticket2/opencms/sv/buy/?page=1&edid=F0D5F29E-1462-8C5E-5D34-E19B8A4EADAE HTTP/1.1" 200 109244
