83.187.186.55 - - [16/Feb/2025:00:13:49 +0100] "GET /ticket2/opencms/img/arrow.png HTTP/1.1" 200 753
83.187.186.55 - - [16/Feb/2025:00:13:49 +0100] "GET /ticket2/opencms/img/icons/globe-white.png HTTP/1.1" 200 947
83.187.186.55 - - [16/Feb/2025:00:13:50 +0100] "GET /ticket2/opencms/img/icons/se.png HTTP/1.1" 200 1258
83.187.186.55 - - [16/Feb/2025:00:13:50 +0100] "GET /ticket2/opencms/img/icons/en.png HTTP/1.1" 200 2415
83.187.186.55 - - [16/Feb/2025:00:13:50 +0100] "GET /ticket2/opencms/img/icons/fi.png HTTP/1.1" 200 1785
83.187.186.55 - - [16/Feb/2025:00:13:50 +0100] "GET /ticket2/opencms/img/icons/no.png HTTP/1.1" 200 1958
83.187.186.55 - - [16/Feb/2025:00:13:50 +0100] "GET /ticket2/opencms/img/icons/dk.png HTTP/1.1" 200 1706
83.187.186.55 - - [16/Feb/2025:00:13:50 +0100] "GET /ticket2/opencms/img/icons/nl.png HTTP/1.1" 200 1255
20.171.207.223 - - [16/Feb/2025:00:13:50 +0100] "GET /ticket2/opencms/set_aff_cookie.jsp?partner=692E2C6A-EC6F-1C93-AFCC-C5ACC23A93EA&url=%252Fen%252Fbuy%252Findex.html%253Fpage%253D1%2526edid%253D23462A4C-8725-82B5-7A63-462FC0C8A36E%2526hlv%253D61475771-5d58-417c-9453-0b1f0a01000f%2523v_542559321 HTTP/1.1" 200 246
83.187.186.55 - - [16/Feb/2025:00:13:50 +0100] "GET /ticket2/opencms/img/icons/de.png HTTP/1.1" 200 1124
83.187.186.55 - - [16/Feb/2025:00:13:50 +0100] "GET /ticket2/opencms/img/icons/fr.png HTTP/1.1" 200 1764
83.187.186.55 - - [16/Feb/2025:00:13:50 +0100] "GET /ticket2/opencms/img/icons/az.png HTTP/1.1" 200 1445
83.187.186.55 - - [16/Feb/2025:00:13:50 +0100] "GET /ticket2/opencms/img/icons/be.png HTTP/1.1" 200 1663
83.187.186.55 - - [16/Feb/2025:00:13:50 +0100] "GET /ticket2/opencms/img/icons/bs.png HTTP/1.1" 200 1014
83.187.186.55 - - [16/Feb/2025:00:13:50 +0100] "GET /ticket2/opencms/img/icons/pl.png HTTP/1.1" 200 1578
83.187.186.55 - - [16/Feb/2025:00:13:50 +0100] "GET /ticket2/opencms/img/icons/bg.png HTTP/1.1" 200 788
83.187.186.55 - - [16/Feb/2025:00:13:50 +0100] "GET /ticket2/opencms/img/icons/hr.png HTTP/1.1" 200 2024
83.187.186.55 - - [16/Feb/2025:00:13:50 +0100] "GET /ticket2/opencms/img/icons/cs.png HTTP/1.1" 200 1883
83.187.186.55 - - [16/Feb/2025:00:13:50 +0100] "GET /ticket2/opencms/img/icons/es.png HTTP/1.1" 200 1005
83.187.186.55 - - [16/Feb/2025:00:13:50 +0100] "GET /ticket2/opencms/img/icons/et.png HTTP/1.1" 200 754
83.187.186.55 - - [16/Feb/2025:00:13:50 +0100] "GET /ticket2/opencms/img/icons/it.png HTTP/1.1" 200 2040
83.187.186.55 - - [16/Feb/2025:00:13:50 +0100] "GET /ticket2/opencms/img/icons/sq.png HTTP/1.1" 200 1619
83.187.186.55 - - [16/Feb/2025:00:13:50 +0100] "GET /ticket2/opencms/img/icons/el.png HTTP/1.1" 200 1637
83.187.186.55 - - [16/Feb/2025:00:13:50 +0100] "GET /ticket2/opencms/img/icons/ka.png HTTP/1.1" 200 860
83.187.186.55 - - [16/Feb/2025:00:13:50 +0100] "GET /ticket2/opencms/img/icons/is.png HTTP/1.1" 200 1884
83.187.186.55 - - [16/Feb/2025:00:13:50 +0100] "GET /ticket2/opencms/img/icons/hu.png HTTP/1.1" 200 733
83.187.186.55 - - [16/Feb/2025:00:13:50 +0100] "GET /ticket2/opencms/img/icons/ga.png HTTP/1.1" 200 1759
83.187.186.55 - - [16/Feb/2025:00:13:50 +0100] "GET /ticket2/opencms/img/icons/lv.png HTTP/1.1" 200 716
83.187.186.55 - - [16/Feb/2025:00:13:50 +0100] "GET /ticket2/opencms/img/icons/mt.png HTTP/1.1" 200 920
83.187.186.55 - - [16/Feb/2025:00:13:50 +0100] "GET /ticket2/opencms/img/icons/lt.png HTTP/1.1" 200 733
83.187.186.55 - - [16/Feb/2025:00:13:50 +0100] "GET /ticket2/opencms/img/icons/mo.png HTTP/1.1" 200 1468
83.187.186.55 - - [16/Feb/2025:00:13:50 +0100] "GET /ticket2/opencms/img/icons/ro.png HTTP/1.1" 200 1393
83.187.186.55 - - [16/Feb/2025:00:13:50 +0100] "GET /ticket2/opencms/img/icons/sr.png HTTP/1.1" 200 1602
83.187.186.55 - - [16/Feb/2025:00:13:50 +0100] "GET /ticket2/opencms/img/icons/sk.png HTTP/1.1" 200 1283
83.187.186.55 - - [16/Feb/2025:00:13:50 +0100] "GET /ticket2/opencms/img/icons/sl.png HTTP/1.1" 200 966
83.187.186.55 - - [16/Feb/2025:00:13:50 +0100] "GET /ticket2/opencms/img/icons/uk.png HTTP/1.1" 200 1272
83.187.186.55 - - [16/Feb/2025:00:13:50 +0100] "GET /ticket2/opencms/img/icons/tr.png HTTP/1.1" 200 1636
66.249.76.170 - - [16/Feb/2025:00:13:50 +0100] "GET /ticket2/opencms/fi/legal_info/ruotsin_henkilotietolaki_1998.pdf HTTP/1.1" 200 67682
83.187.186.55 - - [16/Feb/2025:00:13:51 +0100] "GET /ticket2/opencms/system/modules/com.gridnine.opencms.ticketbrokerage.site/resources/js/standard.js HTTP/1.1" 200 3983
83.187.186.55 - - [16/Feb/2025:00:13:51 +0100] "GET /ticket2/opencms/img/icons/ticket2.thumbnail.png HTTP/1.1" 200 21519
54.36.148.204 - - [16/Feb/2025:00:13:52 +0100] "GET /ticket2/opencms/sr/sport/fudbalske-karte/la-liga/celta_vigo/ HTTP/1.1" 200 100968
20.171.207.223 - - [16/Feb/2025:00:13:52 +0100] "GET /ticket2/opencms/set_aff_cookie.jsp?partner=5E0CDF29-E7BE-9F6B-6869-7BF66B04006F&url=%252Fdk%252Fbuy%252Findex.html%253Fpage%253D1%2526edid%253DB0E4D276-C8CE-F4B4-2DC5-6BEA44E190B2%2526hlv%253D60c9e8a2-6260-455c-892b-26430a01000f%2523v_1045130041 HTTP/1.1" 200 247
18.233.24.238 - - [16/Feb/2025:00:13:53 +0100] "GET /ticket2/opencms/sv/buy/?edid=C3C2958F-64DF-91F9-F3D9-8F3CEBC7A797&page=1 HTTP/1.1" 200 117305
20.171.207.223 - - [16/Feb/2025:00:13:53 +0100] "GET /ticket2/opencms/set_aff_cookie.jsp?partner=692E2C6A-EC6F-1C93-AFCC-C5ACC23A93EA&url=%252Ffi%252Fbuy%252Findex.html%253Fpage%253D1%2526edid%253DD476BBBD-CF0B-7C17-55DD-EB91C312DE17%2526hlv%253D611bd33a-03e4-42e0-8e92-57670a01000f%2523v_631523035 HTTP/1.1" 200 246
20.171.207.223 - - [16/Feb/2025:00:13:55 +0100] "GET /ticket2/opencms/set_aff_cookie.jsp?partner=692E2C6A-EC6F-1C93-AFCC-C5ACC23A93EA&url=%252Fno%252Fbuy%252Findex.html%253Fpage%253D1%2526edid%253DFF27455A-A259-2E61-E278-C658588A9BEE%2526hlv%253D60ca0df2-dce0-47e4-a621-36280a01000f%2523v_1785133699 HTTP/1.1" 200 247
54.221.203.24 - - [16/Feb/2025:00:13:56 +0100] "GET /ticket2/opencms/sv/buy/?edid=CFE3AD1D-4887-F2C9-CE30-778894EF867F&page=1 HTTP/1.1" 200 117193
20.171.207.223 - - [16/Feb/2025:00:13:57 +0100] "GET /ticket2/opencms/set_aff_cookie.jsp?partner=57601924-FB09-5BB2-867F-08B4EB522BA8&url=%252Fno%252Fbuy%252Findex.html%253Fpage%253D1%2526edid%253D1922F4C1-0D89-1ACA-A50D-EFC3C58AA17B%2526hlv%253D60f5c537-9c28-4f23-9f12-1de00a01000f%2523v_588401030 HTTP/1.1" 200 246
54.36.148.83 - - [16/Feb/2025:00:13:59 +0100] "GET /ticket2/opencms/fr/sport/billets-football/bundesliga/bochum HTTP/1.1" 200 96189
202.8.41.121 - - [16/Feb/2025:00:14:00 +0100] "GET /ticket2/opencms/system/modules/com.gridnine.opencms.ticketbrokerage.site/resources/css/ticketbrokerage.css HTTP/1.1" 200 39339
202.8.41.121 - - [16/Feb/2025:00:14:00 +0100] "GET /ticket2/opencms/system/modules/com.gridnine.opencms.ticketbrokerage.site/resources/css/calendar.css HTTP/1.1" 200 6871
202.8.41.121 - - [16/Feb/2025:00:14:00 +0100] "GET /ticket2/opencms/system/modules/com.gridnine.opencms.ticketbrokerage.site/resources/css/jquery-ui.css HTTP/1.1" 200 33221
202.8.41.121 - - [16/Feb/2025:00:14:00 +0100] "GET /ticket2/opencms/system/modules/com.gridnine.opencms.ticketbrokerage.site/resources/css/jquery.fancybox.css HTTP/1.1" 200 4939
202.8.41.121 - - [16/Feb/2025:00:14:00 +0100] "GET /ticket2/opencms/system/modules/com.gridnine.opencms.ticketbrokerage.site/resources/css/standard.css HTTP/1.1" 200 73904
202.8.41.121 - - [16/Feb/2025:00:14:00 +0100] "GET /ticket2/opencms/system/modules/com.gridnine.opencms.ticketbrokerage.site/resources/js/jquery/jquery.js HTTP/1.1" 200 93868
202.8.41.121 - - [16/Feb/2025:00:14:00 +0100] "GET /ticket2/opencms/system/modules/com.gridnine.opencms.ticketbrokerage.site/resources/js/jquery/jquery-ui.js HTTP/1.1" 200 228088
202.8.41.121 - - [16/Feb/2025:00:14:00 +0100] "GET /ticket2/opencms/system/modules/com.gridnine.opencms.ticketbrokerage.site/resources/js/functions.js HTTP/1.1" 200 1583
202.8.41.121 - - [16/Feb/2025:00:14:00 +0100] "GET /ticket2/opencms/system/modules/com.gridnine.opencms.ticketbrokerage.site/resources/js/calendar.js HTTP/1.1" 200 49229
202.8.41.121 - - [16/Feb/2025:00:14:00 +0100] "GET /ticket2/opencms/system/modules/com.gridnine.opencms.ticketbrokerage.site/resources/js/calendar-en.js HTTP/1.1" 200 3338
202.8.41.121 - - [16/Feb/2025:00:14:00 +0100] "GET /ticket2/opencms/system/modules/com.gridnine.opencms.ticketbrokerage.site/resources/js/calendar-setup.js HTTP/1.1" 200 4923
202.8.41.121 - - [16/Feb/2025:00:14:00 +0100] "GET /ticket2/opencms/system/modules/com.gridnine.opencms.ticketbrokerage.site/resources/js/jquery.fancybox.pack.js HTTP/1.1" 200 23187
202.8.41.121 - - [16/Feb/2025:00:14:00 +0100] "GET /ticket2/opencms/system/modules/com.gridnine.opencms.ticketbrokerage.site/resources/js/stickyfill.min.js HTTP/1.1" 200 5672
202.8.41.121 - - [16/Feb/2025:00:14:00 +0100] "GET /ticket2/opencms/system/modules/com.gridnine.opencms.ticketbrokerage.site/resources/js/standard.js HTTP/1.1" 200 3983
202.8.41.121 - - [16/Feb/2025:00:14:00 +0100] "GET /ticket2/opencms/system/modules/com.gridnine.opencms.ticketbrokerage.site/resources/js/common-ajax.js HTTP/1.1" 200 20175
202.8.41.121 - - [16/Feb/2025:00:14:00 +0100] "GET /ticket2/opencms/system/modules/com.gridnine.opencms.ticketbrokerage.site/resources/js/jquery.placeholder.min.js HTTP/1.1" 200 1737
114.119.136.30 - - [16/Feb/2025:00:14:01 +0100] "GET /ticket2/opencms/ro/buy?page=1&=FC6E36CC-C528-A0A8-BBAF-A4F795ED4174 HTTP/1.1" 200 -
107.22.208.39 - - [16/Feb/2025:00:14:01 +0100] "GET /ticket2/opencms/sv/buy/?edid=E0F35E65-B71B-01E9-E92D-AC386E0ACF66&page=1 HTTP/1.1" 200 117252
185.191.171.12 - - [16/Feb/2025:00:14:02 +0100] "GET /ticket2/opencms/nl/sport/voetbal-tickets/bundesliga/leipzig/ HTTP/1.1" 200 90840
20.171.207.223 - - [16/Feb/2025:00:14:03 +0100] "GET /ticket2/opencms/set_aff_cookie.jsp?partner=2E02071B-A8C3-4CBA-3097-C27D61C02ED8&url=%252Fru%252Fbuy%252Findex.html%253Fpage%253D1%2526edid%253D15AF8D2B-EC86-F832-6A25-EDE861BB730F%2526hlv%253D610bcde8-e674-4f9b-bbb3-146b0a01000f%2523v_1913960780 HTTP/1.1" 200 247
18.214.251.19 - - [16/Feb/2025:00:14:04 +0100] "GET /ticket2/opencms/sv/buy/?edid=50375D23-8B44-5172-3FB1-755B660EE76F&page=1 HTTP/1.1" 200 114072
216.244.66.238 - - [16/Feb/2025:00:14:05 +0100] "GET /ticket2/opencms/en/buy/?page=1&edid=AE760495-8F0D-E66F-09B5-DE27D51C8B7F HTTP/1.1" 200 109995
20.171.207.223 - - [16/Feb/2025:00:14:07 +0100] "GET /ticket2/opencms/set_aff_cookie.jsp?partner=6F250EA7-4505-FA01-D601-8847F2573405&url=%252Fdk%252Fbuy%252Findex.html%253Fpage%253D1%2526edid%253D544F9932-EE47-A783-F07C-2D3DCD93C6A7%2526hlv%253D60c9e002-a5b0-45c5-a951-21d70a01000f%2523v_167633612 HTTP/1.1" 200 246
44.221.105.234 - - [16/Feb/2025:00:14:08 +0100] "GET /ticket2/opencms/sv/buy/?edid=50E84B3D-9D0C-3B92-7082-59B92FD223D3&page=1 HTTP/1.1" 200 114153
54.36.149.8 - - [16/Feb/2025:00:14:08 +0100] "GET /ticket2/opencms/et/sport/jalgpallipiletid/premier-league/manchester-united HTTP/1.1" 200 101276
20.171.207.223 - - [16/Feb/2025:00:14:09 +0100] "GET /ticket2/opencms/set_aff_cookie.jsp?partner=5E0CDF29-E7BE-9F6B-6869-7BF66B04006F&url=%252Ffi%252Fbuy%252Findex.html%253Fpage%253D1%2526edid%253DCFB75162-A11D-70BF-58DA-F01E13735B85%2526hlv%253D610bd018-d5fc-4d4d-bc26-16280a01000f%2523v_1322821280 HTTP/1.1" 200 247
202.8.43.110 - - [16/Feb/2025:00:14:10 +0100] "GET /ticket2/opencms/system/modules/com.gridnine.opencms.ticketbrokerage.site/resources/css/standard.css HTTP/1.1" 200 73904
202.8.43.110 - - [16/Feb/2025:00:14:10 +0100] "GET /ticket2/opencms/system/modules/com.gridnine.opencms.ticketbrokerage.site/resources/css/jquery-ui.css HTTP/1.1" 200 33221
202.8.43.110 - - [16/Feb/2025:00:14:10 +0100] "GET /ticket2/opencms/system/modules/com.gridnine.opencms.ticketbrokerage.site/resources/css/calendar.css HTTP/1.1" 200 6871
202.8.43.110 - - [16/Feb/2025:00:14:10 +0100] "GET /ticket2/opencms/system/modules/com.gridnine.opencms.ticketbrokerage.site/resources/css/jquery.fancybox.css HTTP/1.1" 200 4939
202.8.43.110 - - [16/Feb/2025:00:14:10 +0100] "GET /ticket2/opencms/system/modules/com.gridnine.opencms.ticketbrokerage.site/resources/css/ticketbrokerage.css HTTP/1.1" 200 39339
202.8.43.110 - - [16/Feb/2025:00:14:10 +0100] "GET /ticket2/opencms/system/modules/com.gridnine.opencms.ticketbrokerage.site/resources/js/jquery/jquery-ui.js HTTP/1.1" 200 228088
202.8.43.110 - - [16/Feb/2025:00:14:10 +0100] "GET /ticket2/opencms/system/modules/com.gridnine.opencms.ticketbrokerage.site/resources/js/jquery/jquery.js HTTP/1.1" 200 93868
202.8.43.110 - - [16/Feb/2025:00:14:10 +0100] "GET /ticket2/opencms/system/modules/com.gridnine.opencms.ticketbrokerage.site/resources/js/functions.js HTTP/1.1" 200 1583
202.8.43.110 - - [16/Feb/2025:00:14:10 +0100] "GET /ticket2/opencms/system/modules/com.gridnine.opencms.ticketbrokerage.site/resources/js/calendar.js HTTP/1.1" 200 49229
202.8.43.110 - - [16/Feb/2025:00:14:10 +0100] "GET /ticket2/opencms/system/modules/com.gridnine.opencms.ticketbrokerage.site/resources/js/calendar-en.js HTTP/1.1" 200 3338
202.8.43.110 - - [16/Feb/2025:00:14:10 +0100] "GET /ticket2/opencms/system/modules/com.gridnine.opencms.ticketbrokerage.site/resources/js/calendar-setup.js HTTP/1.1" 200 4923
202.8.43.110 - - [16/Feb/2025:00:14:10 +0100] "GET /ticket2/opencms/system/modules/com.gridnine.opencms.ticketbrokerage.site/resources/js/jquery.fancybox.pack.js HTTP/1.1" 200 23187
202.8.43.110 - - [16/Feb/2025:00:14:10 +0100] "GET /ticket2/opencms/system/modules/com.gridnine.opencms.ticketbrokerage.site/resources/js/standard.js HTTP/1.1" 200 3983
202.8.43.110 - - [16/Feb/2025:00:14:10 +0100] "GET /ticket2/opencms/system/modules/com.gridnine.opencms.ticketbrokerage.site/resources/js/stickyfill.min.js HTTP/1.1" 200 5672
202.8.43.110 - - [16/Feb/2025:00:14:10 +0100] "GET /ticket2/opencms/system/modules/com.gridnine.opencms.ticketbrokerage.site/resources/js/jquery.placeholder.min.js HTTP/1.1" 200 1737
202.8.43.110 - - [16/Feb/2025:00:14:10 +0100] "GET /ticket2/opencms/system/modules/com.gridnine.opencms.ticketbrokerage.site/resources/js/common-ajax.js HTTP/1.1" 200 20175
20.171.207.223 - - [16/Feb/2025:00:14:11 +0100] "GET /ticket2/opencms/set_aff_cookie.jsp?partner=6F250EA7-4505-FA01-D601-8847F2573405&url=%252Fru%252Fbuy%252Findex.html%253Fpage%253D1%2526edid%253D55AE14A0-00CF-8E29-D1CC-F8CDD1E23137%2526hlv%253D611400a4-d470-4d35-98cc-185a0a01000f%2523v_607602922 HTTP/1.1" 200 246
20.171.207.223 - - [16/Feb/2025:00:14:12 +0100] "GET /ticket2/opencms/set_aff_cookie.jsp?partner=5E0CDF29-E7BE-9F6B-6869-7BF66B04006F&url=%252Ffi%252Fbuy%252Findex.html%253Fpage%253D1%2526edid%253D4457AAA5-B79C-4CFF-795B-48A1890E4376%2526hlv%253D61475722-fcd0-4225-852d-0b1c0a01000f%2523v_186348395 HTTP/1.1" 200 246
98.83.226.125 - - [16/Feb/2025:00:14:13 +0100] "GET /ticket2/opencms/sv/buy/?edid=59510E33-7947-2FED-CC14-F0612B76476A&page=1 HTTP/1.1" 200 114150
20.171.207.223 - - [16/Feb/2025:00:14:13 +0100] "GET /ticket2/opencms/set_aff_cookie.jsp?partner=692E2C6A-EC6F-1C93-AFCC-C5ACC23A93EA&url=%252Fnl%252Fbuy%252Findex.html%253Fpage%253D1%2526edid%253D9AE493CE-16E5-66DA-B419-2CD7D152F786%2526hlv%253D60c9de17-8830-4d0d-b0e7-21c40a01000f%2523v_421927594 HTTP/1.1" 200 246
20.171.207.223 - - [16/Feb/2025:00:14:15 +0100] "GET /ticket2/opencms/set_aff_cookie.jsp?partner=6F250EA7-4505-FA01-D601-8847F2573405&url=%252Fen%252Fbuy%252Findex.html%253Fpage%253D1%2526edid%253D37CCBCCA-CDAD-6DBB-02E4-092F4F3842E9%2526hlv%253D60f84b84-a954-428f-8362-6f870a01000f%2523v_1829494421 HTTP/1.1" 200 247
173.252.107.15 - - [16/Feb/2025:00:14:16 +0100] "GET /ticket2/opencms/mo/buy/?page=1&edid=8E8E9404-172C-6C57-7F68-EAFC3F95D1AC HTTP/1.1" 200 112371
20.171.207.223 - - [16/Feb/2025:00:14:16 +0100] "GET /ticket2/opencms/set_aff_cookie.jsp?partner=2E02071B-A8C3-4CBA-3097-C27D61C02ED8&url=%252Fsv%252Fbuy%252Findex.html%253Fpage%253D1%2526edid%253DCC994673-5D69-5FF0-6706-9E7C98B375FE%2526hlv%253D610bcc61-8b7c-48c2-930b-155c0a01000f%2523v_1302154413 HTTP/1.1" 200 247
85.208.96.194 - - [16/Feb/2025:00:14:17 +0100] "GET /ticket2/opencms/fi/magazine/article?title=yhdeksan-voittoa-kymmenesta-ottelusta HTTP/1.1" 200 92952
44.205.192.249 - - [16/Feb/2025:00:14:17 +0100] "GET /ticket2/opencms/sv/buy/?edid=7989D951-D5D2-7F28-EC94-576AD8E37318&page=1 HTTP/1.1" 200 114132
114.119.130.23 - - [16/Feb/2025:00:14:17 +0100] "GET /ticket2/opencms/es/buy/?page=1&edid=C3C2958F-64DF-91F9-F3D9-8F3CEBC7A797 HTTP/1.1" 200 90338
20.171.207.223 - - [16/Feb/2025:00:14:18 +0100] "GET /ticket2/opencms/set_aff_cookie.jsp?partner=8F6DE15D-D831-5787-AE7E-FEFF53476F85&url=%252Fen%252Fbuy%252Findex.html%253Fpage%253D1%2526edid%253DFF044A10-2C50-BB65-1971-B8ACD409FE02%2526hlv%253D61126fdd-2494-487c-a8ca-29ad0a01000f%2523v_1751887300 HTTP/1.1" 200 247
216.244.66.238 - - [16/Feb/2025:00:14:20 +0100] "GET /ticket2/opencms/en/buy/?page=1&edid=EC9F155C-D7A4-D175-1C63-F69B97D44FFB HTTP/1.1" 200 130062
20.171.207.223 - - [16/Feb/2025:00:14:20 +0100] "GET /ticket2/opencms/set_aff_cookie.jsp?partner=2E02071B-A8C3-4CBA-3097-C27D61C02ED8&url=%252Ffi%252Fbuy%252Findex.html%253Fpage%253D1%2526edid%253D9BCFA842-8EB3-2895-3674-5E046AE9AE63%2526hlv%253D60ca12cb-a33c-4b8c-b0bc-3a8c0a01000f%2523v_313496351 HTTP/1.1" 200 246
3.210.114.189 - - [16/Feb/2025:00:14:20 +0100] "GET /ticket2/opencms/sv/buy/?edid=B8A6965B-216E-27C8-9A3D-21241346030F&page=1 HTTP/1.1" 200 114073
54.36.149.2 - - [16/Feb/2025:00:14:20 +0100] "GET /ticket2/opencms/mt/sport/biljetti-tal-futbol/la-liga/deportivo_alaves/ HTTP/1.1" 200 101206
44.195.50.71 - - [16/Feb/2025:00:14:25 +0100] "GET /ticket2/opencms/sv/buy/?edid=C4A85847-D040-EB89-2141-54F1A8B66277&page=1 HTTP/1.1" 200 114039
85.208.96.194 - - [16/Feb/2025:00:14:25 +0100] "GET /ticket2/opencms/el/magazine/article?title=oi-star-toy-eyrwpaikoy-prwta8lhmatos-poy-anazhtoyntai-perissotero-sto-google-kai-exoyn-toys-perissoteroys-akoloy8oys-sto-instagram HTTP/1.1" 200 99792
111.119.206.149 - - [16/Feb/2025:00:14:26 +0100] "GET /ticket2/opencms/az/buy?page=1&edid=719E6B6D-707F-E825-E3AA-0E552980E1EB HTTP/1.1" 200 124405
20.171.207.223 - - [16/Feb/2025:00:14:26 +0100] "GET /ticket2/opencms/set_aff_cookie.jsp?partner=5E0CDF29-E7BE-9F6B-6869-7BF66B04006F&url=%252Fen%252Fbuy%252Findex.html%253Fpage%253D1%2526edid%253D89FE7505-90F7-E10A-4E29-615C9B572E94%2526hlv%253D60d0daea-190c-453c-ba08-3e2d0a01000f%2523v_994172550 HTTP/1.1" 200 246
54.159.98.248 - - [16/Feb/2025:00:14:28 +0100] "GET /ticket2/opencms/sv/buy/?edid=FF1B1F16-B60A-CB20-3635-FAA393A69F1C&page=1 HTTP/1.1" 200 108120
20.171.207.223 - - [16/Feb/2025:00:14:30 +0100] "GET /ticket2/opencms/set_aff_cookie.jsp?partner=57601924-FB09-5BB2-867F-08B4EB522BA8&url=%252Fsv%252Fbuy%252Findex.html%253Fpage%253D1%2526edid%253D40B70B22-910C-2CEB-BC32-2263AEA98A84%2526hlv%253D60f6990c-25c0-4198-9a05-63120a01000f%2523v_949242846 HTTP/1.1" 200 246
20.171.207.223 - - [16/Feb/2025:00:14:32 +0100] "GET /ticket2/opencms/set_aff_cookie.jsp?partner=6F250EA7-4505-FA01-D601-8847F2573405&url=%252Fru%252Fbuy%252Findex.html%253Fpage%253D1%2526edid%253D1F0062E5-B41B-134F-9FBF-4A7B26C9CCE3%2526hlv%253D611bb8dd-c424-4196-ba41-4af30a01000f%2523v_781207409 HTTP/1.1" 200 246
3.229.95.193 - - [16/Feb/2025:00:14:33 +0100] "GET /ticket2/opencms/sv/buy/?edid=0AF1C6C0-A1C3-739A-0A12-42406989AD79&page=1 HTTP/1.1" 200 107870
216.244.66.238 - - [16/Feb/2025:00:14:33 +0100] "GET /ticket2/opencms/en/buy/?page=1&edid=F34F0F82-8666-22C0-D441-2DD1CFDD313F HTTP/1.1" 200 106845
20.171.207.223 - - [16/Feb/2025:00:14:34 +0100] "GET /ticket2/opencms/set_aff_cookie.jsp?partner=692E2C6A-EC6F-1C93-AFCC-C5ACC23A93EA&url=%252Fen%252Fbuy%252Findex.html%253Fpage%253D1%2526edid%253D02E70633-B7C9-B546-F009-7238F851DD63%2526hlv%253D60c9e6a3-2858-4c0f-b455-25530a01000f%2523v_164333562 HTTP/1.1" 200 246
54.36.149.18 - - [16/Feb/2025:00:14:34 +0100] "GET /ticket2/opencms/ga/sport/ticeid-peile/la-liga/real_betis/ HTTP/1.1" 200 101263
5.255.231.58 - - [16/Feb/2025:00:14:35 +0100] "GET /ticket2/opencms/no/magazine/article?title=bergvall-og-kulusevski-imponerer HTTP/1.1" 200 94005
213.180.203.148 - - [16/Feb/2025:00:14:35 +0100] "GET /ticket2/opencms/et/sport/jalgpallipiletid/premier-league/chelsea HTTP/1.1" 200 100575
20.171.207.223 - - [16/Feb/2025:00:14:35 +0100] "GET /ticket2/opencms/set_aff_cookie.jsp?partner=5E0CDF29-E7BE-9F6B-6869-7BF66B04006F&url=%252Fdk%252Fbuy%252Findex.html%253Fpage%253D1%2526edid%253D367C01C8-55E8-5761-77A6-1E1A5784FE1B%2526hlv%253D60ca149c-2cd0-4aeb-859b-3bdd0a01000f%2523v_119830365 HTTP/1.1" 200 246
5.255.231.31 - - [16/Feb/2025:00:14:36 +0100] "GET /ticket2/opencms/dk/magazine/article?title=bergvall-og-kulusevski-imponerer HTTP/1.1" 200 93268
213.180.203.87 - - [16/Feb/2025:00:14:36 +0100] "GET /ticket2/opencms/uk/magazine/article?title=bergvall-and-kulusevski-impress HTTP/1.1" 200 94952
87.250.224.40 - - [16/Feb/2025:00:14:36 +0100] "GET /ticket2/opencms/ro/magazine/article?title=bergvall-si-kulusevski-impresioneaza HTTP/1.1" 200 94567
95.108.213.83 - - [16/Feb/2025:00:14:36 +0100] "GET /ticket2/opencms/hu/magazine/article?title=bergvall-es-kulusevski-lenyugoz HTTP/1.1" 200 94822
20.171.207.223 - - [16/Feb/2025:00:14:36 +0100] "GET /ticket2/opencms/set_aff_cookie.jsp?partner=8F6DE15D-D831-5787-AE7E-FEFF53476F85&url=%252Fno%252Fbuy%252Findex.html%253Fpage%253D1%2526edid%253D75E717A6-CA77-1376-528F-F251ACBD0624%2526hlv%253D610bcfb5-e528-4390-b793-146b0a01000f%2523v_1650572053 HTTP/1.1" 200 247
213.180.203.8 - - [16/Feb/2025:00:14:36 +0100] "GET /ticket2/opencms/mt/magazine/article?title=bergvall-u-kulusevski-jispiraw HTTP/1.1" 200 94373
5.255.231.46 - - [16/Feb/2025:00:14:36 +0100] "GET /ticket2/opencms/system/modules/com.gridnine.opencms.ticketbrokerage.site/resources/js/jquery.fancybox.pack.js HTTP/1.1" 200 23187
5.255.231.177 - - [16/Feb/2025:00:14:36 +0100] "GET /ticket2/opencms/system/modules/com.gridnine.opencms.ticketbrokerage.site/resources/js/calendar-en.js HTTP/1.1" 200 3338
95.108.213.106 - - [16/Feb/2025:00:14:37 +0100] "GET /ticket2/opencms/system/modules/com.gridnine.opencms.ticketbrokerage.site/resources/js/jquery.fancybox.pack.js HTTP/1.1" 200 23187
34.192.125.239 - - [16/Feb/2025:00:14:37 +0100] "GET /ticket2/opencms/sv/buy/?edid=660EB9E2-5EAA-DCDE-B75E-74855AFB1F01&page=1 HTTP/1.1" 200 108022
213.180.203.172 - - [16/Feb/2025:00:14:37 +0100] "GET /ticket2/opencms/system/modules/com.gridnine.opencms.ticketbrokerage.site/resources/js/calendar-en.js HTTP/1.1" 200 3338
5.255.231.200 - - [16/Feb/2025:00:14:38 +0100] "GET /ticket2/opencms/lt/magazine/article?title=bergvall-ir-kulusevski-ispudingai-zaidzia HTTP/1.1" 200 94252
20.171.207.223 - - [16/Feb/2025:00:14:38 +0100] "GET /ticket2/opencms/set_aff_cookie.jsp?partner=5E0CDF29-E7BE-9F6B-6869-7BF66B04006F&url=%252Ffi%252Fbuy%252Findex.html%253Fpage%253D1%2526edid%253D7EF10304-98E0-2B58-2938-76F08ACE3694%2526hlv%253D60f81cd6-a00c-478f-a6a6-5dfa0a01000f%2523v_1820872249 HTTP/1.1" 200 247
5.255.231.163 - - [16/Feb/2025:00:14:38 +0100] "GET /ticket2/opencms/it/magazine/article?title=bergvall-e-kulusevski-impressionano HTTP/1.1" 200 94417
95.108.213.206 - - [16/Feb/2025:00:14:39 +0100] "GET /ticket2/opencms/is/magazine/article?title=bergvall-og-kulusevski-gera-ahrif HTTP/1.1" 200 94709
20.171.207.223 - - [16/Feb/2025:00:14:39 +0100] "GET /ticket2/opencms/set_aff_cookie.jsp?partner=692E2C6A-EC6F-1C93-AFCC-C5ACC23A93EA&url=%252Fno%252Fbuy%252Findex.html%253Fpage%253D1%2526edid%253D4780BD51-BE59-D2D1-2E7C-44E378F7FCDC%2526hlv%253D60f81c63-bbf8-4d5d-ba28-5df60a01000f%2523v_1845942038 HTTP/1.1" 200 247
87.250.224.229 - - [16/Feb/2025:00:14:39 +0100] "GET /ticket2/opencms/sv/sport/fotbollsbiljetter/premier_league/tottenham/ HTTP/1.1" 200 101473
20.171.207.223 - - [16/Feb/2025:00:14:41 +0100] "GET /ticket2/opencms/set_aff_cookie.jsp?partner=23A6AD98-906E-5BDD-600E-EC4EC8A45F97&url=%252Fen%252Fbuy%252Findex.html%253Fpage%253D1%2526edid%253D291216E9-A94A-205B-7C67-5C0727287644%2526hlv%253D61154e4c-eac8-409e-872b-159f0a01000f%2523v_1977448288 HTTP/1.1" 200 247
213.180.203.148 - - [16/Feb/2025:00:14:41 +0100] "GET /ticket2/opencms/lv/magazine/article?title=bergvalls-un-kulusevski-iespaido HTTP/1.1" 200 94053
184.73.47.24 - - [16/Feb/2025:00:14:41 +0100] "GET /ticket2/opencms/sv/buy/?edid=78314AF0-4634-069B-617B-0BA727735BF7&page=1 HTTP/1.1" 200 108082
20.171.207.223 - - [16/Feb/2025:00:14:43 +0100] "GET /ticket2/opencms/set_aff_cookie.jsp?partner=8F6DE15D-D831-5787-AE7E-FEFF53476F85&url=%252Fen%252Fbuy%252Findex.html%253Fpage%253D1%2526edid%253D50F18BFF-700E-1E6F-C17F-C358E206F903%2526hlv%253D60d0e453-1bb8-4666-a3cb-41810a01000f%2523v_1906640901 HTTP/1.1" 200 247
5.255.231.58 - - [16/Feb/2025:00:14:44 +0100] "GET /ticket2/opencms/system/modules/com.gridnine.opencms.ticketbrokerage.site/resources/js/calendar.js HTTP/1.1" 200 49229
184.72.84.154 - - [16/Feb/2025:00:14:44 +0100] "GET /ticket2/opencms/sv/buy/?edid=80629047-5380-DFBF-02A3-7565A4409F20&page=1 HTTP/1.1" 200 108027
213.180.203.87 - - [16/Feb/2025:00:14:45 +0100] "GET /ticket2/opencms/system/modules/com.gridnine.opencms.ticketbrokerage.site/resources/js/calendar.js HTTP/1.1" 200 49229
85.208.96.204 - - [16/Feb/2025:00:14:46 +0100] "GET /ticket2/opencms/en/magazine/article?title=thomas-tuchel-becomes-englands-new-national-team-coach HTTP/1.1" 200 91848
216.244.66.238 - - [16/Feb/2025:00:14:46 +0100] "GET /ticket2/opencms/nl/buy/?page=1&edid=070182EB-30EF-F34B-AE41-C4B61E82D2C9 HTTP/1.1" 200 109465
95.108.213.83 - - [16/Feb/2025:00:14:46 +0100] "GET /ticket2/opencms/system/modules/com.gridnine.opencms.ticketbrokerage.site/resources/js/calendar.js HTTP/1.1" 200 49229
173.252.87.9 - - [16/Feb/2025:00:14:47 +0100] "GET /ticket2/opencms/no/buy/?page=1&edid=78389174-E892-6AC2-A01D-F4A0A4AFE0D2 HTTP/1.1" 200 108027
213.180.203.8 - - [16/Feb/2025:00:14:49 +0100] "GET /ticket2/opencms/system/modules/com.gridnine.opencms.ticketbrokerage.site/resources/js/common-ajax.js HTTP/1.1" 200 20175
87.250.224.40 - - [16/Feb/2025:00:14:49 +0100] "GET /ticket2/opencms/system/modules/com.gridnine.opencms.ticketbrokerage.site/resources/js/common-ajax.js HTTP/1.1" 200 20175
5.255.231.31 - - [16/Feb/2025:00:14:49 +0100] "GET /ticket2/opencms/system/modules/com.gridnine.opencms.ticketbrokerage.site/resources/js/common-ajax.js HTTP/1.1" 200 20175
20.171.207.223 - - [16/Feb/2025:00:14:49 +0100] "GET /ticket2/opencms/set_aff_cookie.jsp?partner=8F6DE15D-D831-5787-AE7E-FEFF53476F85&url=%252Ffi%252Fbuy%252Findex.html%253Fpage%253D1%2526edid%253D39168B9C-E36E-857F-42A1-E431E428BADA%2526hlv%253D60f81fe8-e464-4c97-b8e4-5d1e0a01000f%2523v_1409173510 HTTP/1.1" 200 247
54.157.99.244 - - [16/Feb/2025:00:14:49 +0100] "GET /ticket2/opencms/sv/buy/?edid=8513AB1B-B933-9792-1D4C-C887E0E5F59A&page=1 HTTP/1.1" 200 108053
54.36.148.152 - - [16/Feb/2025:00:14:51 +0100] "GET /ticket2/opencms/is/sport/fotbolti/la-liga/real_betis/ HTTP/1.1" 200 100992
50.16.216.166 - - [16/Feb/2025:00:14:53 +0100] "GET /ticket2/opencms/sv/buy/?edid=CA5B0C82-DB36-D129-88EF-15CA8AFD33CA&page=1 HTTP/1.1" 200 108052
20.171.207.223 - - [16/Feb/2025:00:14:53 +0100] "GET /ticket2/opencms/set_aff_cookie.jsp?partner=57601924-FB09-5BB2-867F-08B4EB522BA8&url=%252Fsv%252Fbuy%252Findex.html%253Fpage%253D1%2526edid%253DAF60E88C-EE77-AC95-8E7E-8A264BC7C787%2526hlv%253D611e2304-926c-4980-b696-23b50a01000f%2523v_628533194 HTTP/1.1" 200 246
20.171.207.223 - - [16/Feb/2025:00:14:56 +0100] "GET /ticket2/opencms/set_aff_cookie.jsp?partner=6F250EA7-4505-FA01-D601-8847F2573405&url=%252Fsv%252Fbuy%252Findex.html%253Fpage%253D1%2526edid%253D2E7C3DB6-FDBC-8B55-9268-E31142D44B61%2526hlv%253D612b53a1-5d2c-40e1-8cb0-3d1d0a01000f%2523v_676758252 HTTP/1.1" 200 246
23.23.212.212 - - [16/Feb/2025:00:14:57 +0100] "GET /ticket2/opencms/sv/buy/?edid=D99ADA8F-DD19-1ED8-19FA-1322A123D964&page=1 HTTP/1.1" 200 108042
20.171.207.223 - - [16/Feb/2025:00:14:57 +0100] "GET /ticket2/opencms/set_aff_cookie.jsp?partner=8F6DE15D-D831-5787-AE7E-FEFF53476F85&url=%252Ffi%252Fbuy%252Findex.html%253Fpage%253D1%2526edid%253D598F3B0A-9912-7BA4-D7AA-A33BDA98D7B4%2526hlv%253D60ca153e-14e4-456a-ac00-369c0a01000f%2523v_1155170213 HTTP/1.1" 200 247
20.171.207.223 - - [16/Feb/2025:00:14:58 +0100] "GET /ticket2/opencms/set_aff_cookie.jsp?partner=57601924-FB09-5BB2-867F-08B4EB522BA8&url=%252Fnl%252Fbuy%252Findex.html%253Fpage%253D1%2526edid%253DE29699DA-9795-6903-EBDA-496D57340F6C%2526hlv%253D61127ada-bbe4-42cc-ab83-2e510a01000f%2523v_245899187 HTTP/1.1" 200 246
20.171.207.223 - - [16/Feb/2025:00:14:59 +0100] "GET /ticket2/opencms/set_aff_cookie.jsp?partner=6F250EA7-4505-FA01-D601-8847F2573405&url=%252Fno%252Fbuy%252Findex.html%253Fpage%253D1%2526edid%253D66B6FB17-4C70-8B35-3D9C-B87B9C32022F%2526hlv%253D60f84baa-0e3c-4a44-9d84-72280a01000f%2523v_1518535868 HTTP/1.1" 200 247
18.235.81.246 - - [16/Feb/2025:00:15:00 +0100] "GET /ticket2/opencms/sv/buy/?edid=F96EC4CB-A7BC-CFD8-70A7-924DB40FAA5B&page=1 HTTP/1.1" 200 108017
20.171.207.223 - - [16/Feb/2025:00:15:01 +0100] "GET /ticket2/opencms/set_aff_cookie.jsp?partner=6F250EA7-4505-FA01-D601-8847F2573405&url=%252Fdk%252Fbuy%252Findex.html%253Fpage%253D1%2526edid%253D37CCBCCA-CDAD-6DBB-02E4-092F4F3842E9%2526hlv%253D60f84b84-c41c-4b50-b3d4-6f870a01000f%2523v_1732335694 HTTP/1.1" 200 247
20.171.207.223 - - [16/Feb/2025:00:15:02 +0100] "GET /ticket2/opencms/set_aff_cookie.jsp?partner=6F250EA7-4505-FA01-D601-8847F2573405&url=%252Fru%252Fbuy%252Findex.html%253Fpage%253D1%2526edid%253D9424D23C-F445-9898-F3CF-99CAD58F851B%2526hlv%253D60c9dd7a-205c-4133-b50a-1d470a01000f%2523v_1427734331 HTTP/1.1" 200 247
52.167.144.175 - - [16/Feb/2025:00:15:04 +0100] "GET /ticket2/opencms/sr/buy/?page=1&edid=EF1A8051-02D1-4881-866E-65E64956F4A4 HTTP/1.1" 200 109155
20.171.207.223 - - [16/Feb/2025:00:15:04 +0100] "GET /ticket2/opencms/set_aff_cookie.jsp?partner=5E0CDF29-E7BE-9F6B-6869-7BF66B04006F&url=%252Fen%252Fbuy%252Findex.html%253Fpage%253D1%2526edid%253D1E25B326-4F8F-7BA0-5AB1-018D89AC8C22%2526hlv%253D60f811ce-d700-4617-9676-5a960a01000f%2523v_2086249576 HTTP/1.1" 200 247
124.243.136.7 - - [16/Feb/2025:00:15:04 +0100] "GET /ticket2/opencms/az/buy?page=1&edid=2D210BFD-73B3-FBB7-71E1-6587B60103F1 HTTP/1.1" 200 121393
34.194.95.99 - - [16/Feb/2025:00:15:05 +0100] "GET /ticket2/opencms/sv/buy/?edid=21D2AFB5-938E-EEAC-97B2-16852695CE24&page=1 HTTP/1.1" 200 108016
20.171.207.223 - - [16/Feb/2025:00:15:06 +0100] "GET /ticket2/opencms/set_aff_cookie.jsp?partner=8F6DE15D-D831-5787-AE7E-FEFF53476F85&url=%252Fnl%252Fbuy%252Findex.html%253Fpage%253D1%2526edid%253D938ECB82-2408-02B3-A5B3-53D3737EA4C9%2526hlv%253D60f844b0-c960-4e3b-8906-6e190a01000f%2523v_1341714366 HTTP/1.1" 200 247
47.128.43.96 - - [16/Feb/2025:00:15:06 +0100] "GET /ticket2/opencms/be/buy/?edid=39CE598D-FC19-9CD8-F22D-3F7964FACAB9 HTTP/1.1" 200 92347
52.167.144.175 - - [16/Feb/2025:00:15:06 +0100] "GET /ticket2/opencms/mt/buy/?page=1&edid=4DAA35EF-C139-DEFB-5916-EBE779C23EE3 HTTP/1.1" 200 108934
52.5.242.243 - - [16/Feb/2025:00:15:08 +0100] "GET /ticket2/opencms/sv/buy/?edid=46387882-96DC-F7A5-D33D-152A1A6DE740&page=1 HTTP/1.1" 200 108057
47.128.62.69 - - [16/Feb/2025:00:15:09 +0100] "GET /ticket2/opencms/sv/buy?edid=5D90F1BB-FDA0-E705-6448-4D677B2D6B3E HTTP/1.1" 200 91255
20.171.207.223 - - [16/Feb/2025:00:15:12 +0100] "GET /ticket2/opencms/set_aff_cookie.jsp?partner=8F6DE15D-D831-5787-AE7E-FEFF53476F85&url=%252Fru%252Fbuy%252Findex.html%253Fpage%253D1%2526edid%253DB6D0A9AB-69A7-9419-F7A9-AFE901370F8E%2526hlv%253D60f81f6b-5ce0-4a57-be32-60250a01000f%2523v_822405114 HTTP/1.1" 200 246
3.210.29.96 - - [16/Feb/2025:00:15:12 +0100] "GET /ticket2/opencms/sv/buy/?edid=53230D30-911E-6420-06CB-53E53CF4F63A&page=1 HTTP/1.1" 200 108062
54.36.148.248 - - [16/Feb/2025:00:15:14 +0100] "GET /ticket2/opencms/nl/sport/voetbal-tickets/bundesliga/bochum HTTP/1.1" 200 95424
202.8.42.177 - - [16/Feb/2025:00:15:16 +0100] "GET /ticket2/opencms/system/modules/com.gridnine.opencms.ticketbrokerage.site/resources/css/jquery-ui.css HTTP/1.1" 200 33221
202.8.42.177 - - [16/Feb/2025:00:15:16 +0100] "GET /ticket2/opencms/system/modules/com.gridnine.opencms.ticketbrokerage.site/resources/css/calendar.css HTTP/1.1" 200 6871
202.8.42.177 - - [16/Feb/2025:00:15:16 +0100] "GET /ticket2/opencms/system/modules/com.gridnine.opencms.ticketbrokerage.site/resources/css/jquery.fancybox.css HTTP/1.1" 200 4939
202.8.42.177 - - [16/Feb/2025:00:15:16 +0100] "GET /ticket2/opencms/system/modules/com.gridnine.opencms.ticketbrokerage.site/resources/js/jquery/jquery.js HTTP/1.1" 200 93868
202.8.42.177 - - [16/Feb/2025:00:15:16 +0100] "GET /ticket2/opencms/system/modules/com.gridnine.opencms.ticketbrokerage.site/resources/css/ticketbrokerage.css HTTP/1.1" 200 39339
202.8.42.177 - - [16/Feb/2025:00:15:16 +0100] "GET /ticket2/opencms/system/modules/com.gridnine.opencms.ticketbrokerage.site/resources/css/standard.css HTTP/1.1" 200 73904
202.8.42.177 - - [16/Feb/2025:00:15:16 +0100] "GET /ticket2/opencms/system/modules/com.gridnine.opencms.ticketbrokerage.site/resources/js/functions.js HTTP/1.1" 200 1583
202.8.42.177 - - [16/Feb/2025:00:15:16 +0100] "GET /ticket2/opencms/system/modules/com.gridnine.opencms.ticketbrokerage.site/resources/js/calendar-en.js HTTP/1.1" 200 3338
202.8.42.177 - - [16/Feb/2025:00:15:16 +0100] "GET /ticket2/opencms/system/modules/com.gridnine.opencms.ticketbrokerage.site/resources/js/jquery/jquery-ui.js HTTP/1.1" 200 228088
202.8.42.177 - - [16/Feb/2025:00:15:16 +0100] "GET /ticket2/opencms/system/modules/com.gridnine.opencms.ticketbrokerage.site/resources/js/calendar.js HTTP/1.1" 200 49229
202.8.42.177 - - [16/Feb/2025:00:15:16 +0100] "GET /ticket2/opencms/system/modules/com.gridnine.opencms.ticketbrokerage.site/resources/js/calendar-setup.js HTTP/1.1" 200 4923
202.8.42.177 - - [16/Feb/2025:00:15:16 +0100] "GET /ticket2/opencms/system/modules/com.gridnine.opencms.ticketbrokerage.site/resources/js/jquery.fancybox.pack.js HTTP/1.1" 200 23187
202.8.42.177 - - [16/Feb/2025:00:15:16 +0100] "GET /ticket2/opencms/system/modules/com.gridnine.opencms.ticketbrokerage.site/resources/js/stickyfill.min.js HTTP/1.1" 200 5672
202.8.42.177 - - [16/Feb/2025:00:15:16 +0100] "GET /ticket2/opencms/system/modules/com.gridnine.opencms.ticketbrokerage.site/resources/js/standard.js HTTP/1.1" 200 3983
202.8.42.177 - - [16/Feb/2025:00:15:16 +0100] "GET /ticket2/opencms/system/modules/com.gridnine.opencms.ticketbrokerage.site/resources/js/jquery.placeholder.min.js HTTP/1.1" 200 1737
202.8.42.177 - - [16/Feb/2025:00:15:16 +0100] "GET /ticket2/opencms/system/modules/com.gridnine.opencms.ticketbrokerage.site/resources/js/common-ajax.js HTTP/1.1" 200 20175
52.167.144.24 - - [16/Feb/2025:00:15:16 +0100] "GET /ticket2/opencms/fi/buy/?page=1&edid=7568E602-7C67-35D2-952F-D243F8930169 HTTP/1.1" 200 134860
44.195.145.102 - - [16/Feb/2025:00:15:16 +0100] "GET /ticket2/opencms/sv/buy/?edid=5660FC95-DEFD-E31A-427A-FEF42882AD54&page=1 HTTP/1.1" 200 108029
20.171.207.223 - - [16/Feb/2025:00:15:16 +0100] "GET /ticket2/opencms/set_aff_cookie.jsp?partner=2E02071B-A8C3-4CBA-3097-C27D61C02ED8&url=%252Fru%252Fbuy%252Findex.html%253Fpage%253D1%2526edid%253D8B3B84C5-3DC0-B667-5464-4096542A8D78%2526hlv%253D60f80f7d-5ad4-4c0a-8558-59f20a01000f%2523v_513854773 HTTP/1.1" 200 246
85.208.96.206 - - [16/Feb/2025:00:15:18 +0100] "GET /ticket2/opencms/it/sport/biglietti-calcio/english-championship/coventry HTTP/1.1" 200 103319
20.171.207.223 - - [16/Feb/2025:00:15:19 +0100] "GET /ticket2/opencms/set_aff_cookie.jsp?partner=8F6DE15D-D831-5787-AE7E-FEFF53476F85&url=%252Fen%252Fbuy%252Findex.html%253Fpage%253D1%2526edid%253D32733024-1A70-1A8E-A3DD-B8EE80D33C10%2526hlv%253D60f84b47-5734-419f-9931-6f870a01000f%2523v_1411585859 HTTP/1.1" 200 247
20.171.207.223 - - [16/Feb/2025:00:15:20 +0100] "GET /ticket2/opencms/set_aff_cookie.jsp?partner=6F250EA7-4505-FA01-D601-8847F2573405&url=%252Fru%252Fbuy%252Findex.html%253Fpage%253D1%2526edid%253D0FD8C94D-BC20-A9A1-B75F-6B50E0D9D5B1%2526hlv%253D60f951c1-1320-40d7-930d-56980a01000f%2523v_809162592 HTTP/1.1" 200 246
52.2.58.41 - - [16/Feb/2025:00:15:20 +0100] "GET /ticket2/opencms/sv/buy/?edid=6ABC64C2-B7BD-3F6D-DD46-2C8F1F69889E&page=1 HTTP/1.1" 200 108009
20.171.207.223 - - [16/Feb/2025:00:15:21 +0100] "GET /ticket2/opencms/set_aff_cookie.jsp?partner=5E0CDF29-E7BE-9F6B-6869-7BF66B04006F&url=%252Fen%252Fbuy%252Findex.html%253Fpage%253D1%2526edid%253DC3C3C4B4-8DE9-0BBD-5349-6EF9935BCF15%2526hlv%253D60f9588b-98d8-4bf3-a837-59200a01000f%2523v_1951684911 HTTP/1.1" 200 247
20.171.207.223 - - [16/Feb/2025:00:15:22 +0100] "GET /ticket2/opencms/set_aff_cookie.jsp?partner=8F6DE15D-D831-5787-AE7E-FEFF53476F85&url=%252Fdk%252Fbuy%252Findex.html%253Fpage%253D1%2526edid%253D3754A801-0360-9F1A-6DA4-BE3220BB9FC0%2526hlv%253D60ca1cda-e0ac-465a-821c-3f5d0a01000f%2523v_582827514 HTTP/1.1" 200 246
165.154.227.18 - - [16/Feb/2025:00:15:23 +0100] "GET /ticket2/opencms/sv/ HTTP/1.1" 200 108560
52.205.222.214 - - [16/Feb/2025:00:15:25 +0100] "GET /ticket2/opencms/sv/buy/?edid=855AA881-22DD-B532-D219-E200D0C8F678&page=1 HTTP/1.1" 200 108070
20.171.207.223 - - [16/Feb/2025:00:15:25 +0100] "GET /ticket2/opencms/set_aff_cookie.jsp?partner=8F6DE15D-D831-5787-AE7E-FEFF53476F85&url=%252Fnl%252Fbuy%252Findex.html%253Fpage%253D1%2526edid%253DD28674D7-BD38-712E-389D-3A2C16C5CDF5%2526hlv%253D60f811e1-5610-4cb6-a2d7-5a1d0a01000f%2523v_1608509922 HTTP/1.1" 200 247
47.128.32.37 - - [16/Feb/2025:00:15:25 +0100] "GET /ticket2/opencms/fi/venue/?venueid=E2D4E9F9-CC54-5F87-2390-831138B18156 HTTP/1.1" 200 86941
20.171.207.223 - - [16/Feb/2025:00:15:26 +0100] "GET /ticket2/opencms/set_aff_cookie.jsp?partner=5E0CDF29-E7BE-9F6B-6869-7BF66B04006F&url=%252Fsv%252Fbuy%252Findex.html%253Fpage%253D1%2526edid%253D58849721-189F-D09B-851E-CCAD1153A6C9%2526hlv%253D60c9ddde-02e4-4751-bd41-1de40a01000f%2523v_2135190774 HTTP/1.1" 200 247
47.128.32.37 - - [16/Feb/2025:00:15:26 +0100] "GET /ticket2/opencms/sv/venue/centrebell.gif HTTP/1.1" 200 28863
20.171.207.223 - - [16/Feb/2025:00:15:27 +0100] "GET /ticket2/opencms/set_aff_cookie.jsp?partner=2E02071B-A8C3-4CBA-3097-C27D61C02ED8&url=%252Fnl%252Fbuy%252Findex.html%253Fpage%253D1%2526edid%253DD2281AF2-0CAB-347E-485A-AF9E4C00F32A%2526hlv%253D60f816dd-0790-45e2-b622-5d3b0a01000f%2523v_471211789 HTTP/1.1" 200 246
35.170.205.140 - - [16/Feb/2025:00:15:28 +0100] "GET /ticket2/opencms/sv/buy/?edid=E1D17E6B-9491-FB54-F578-EF7CB536A051&page=1 HTTP/1.1" 200 108044
20.171.207.223 - - [16/Feb/2025:00:15:29 +0100] "GET /ticket2/opencms/set_aff_cookie.jsp?partner=5E0CDF29-E7BE-9F6B-6869-7BF66B04006F&url=%252Ffi%252Fbuy%252Findex.html%253Fpage%253D1%2526edid%253D3502B50F-1738-D633-FD29-6C14BFE62906%2526hlv%253D61127be9-a800-433b-b958-2ed20a01000f%2523v_2015798335 HTTP/1.1" 200 247
207.46.13.17 - - [16/Feb/2025:00:15:32 +0100] "GET /ticket2/opencms/de/buy/?page=1&edid=12474983-5AA1-F5EA-A884-C295416C9EFF HTTP/1.1" 200 110290
18.215.49.176 - - [16/Feb/2025:00:15:33 +0100] "GET /ticket2/opencms/sv/buy/?edid=1046C14E-D95C-B350-CBCD-2ECE5F3DCC46&page=1 HTTP/1.1" 200 123394
20.171.207.223 - - [16/Feb/2025:00:15:35 +0100] "GET /ticket2/opencms/set_aff_cookie.jsp?partner=8F6DE15D-D831-5787-AE7E-FEFF53476F85&url=%252Fen%252Fbuy%252Findex.html%253Fpage%253D1%2526edid%253D0918B947-793A-2AE6-89D7-3BA5603B1356%2526hlv%253D616d1857-ac48-4521-aa20-74ff0a01000f%2523v_833205453 HTTP/1.1" 200 246
54.36.148.92 - - [16/Feb/2025:00:15:36 +0100] "GET /ticket2/opencms/et/sport/jalgpallipiletid/la-liga/real_betis/ HTTP/1.1" 200 100793
44.217.177.142 - - [16/Feb/2025:00:15:37 +0100] "GET /ticket2/opencms/sv/buy/?edid=57449F59-3EAF-BBAB-4AC9-B7A456A32485&page=1 HTTP/1.1" 200 123317
54.36.148.140 - - [16/Feb/2025:00:15:37 +0100] "GET /ticket2/opencms/lt/sport/futbolo-bilietai/la-liga/real_betis/ HTTP/1.1" 200 100320
20.171.207.223 - - [16/Feb/2025:00:15:40 +0100] "GET /ticket2/opencms/set_aff_cookie.jsp?partner=6F250EA7-4505-FA01-D601-8847F2573405&url=%252Fno%252Fbuy%252Findex.html%253Fpage%253D1%2526edid%253DFD6F3B4B-A5BC-5248-5E75-2F9B37E37FBE%2526hlv%253D60f953eb-3b64-45a8-9d5d-57e30a01000f%2523v_1649488143 HTTP/1.1" 200 247
3.230.224.6 - - [16/Feb/2025:00:15:41 +0100] "GET /ticket2/opencms/sv/buy/?edid=86A7D428-8E42-C0D0-846E-90C83426D4AE&page=1 HTTP/1.1" 200 123367
54.36.148.239 - - [16/Feb/2025:00:15:41 +0100] "GET /ticket2/opencms/es/deporte/entradas-futbol/la-liga/deportivo_alaves HTTP/1.1" 200 101866
20.171.207.223 - - [16/Feb/2025:00:15:42 +0100] "GET /ticket2/opencms/set_aff_cookie.jsp?partner=6F250EA7-4505-FA01-D601-8847F2573405&url=%252Fen%252Fbuy%252Findex.html%253Fpage%253D1%2526edid%253DCD9CCE5B-E45C-7CA4-806C-47052D704B01%2526hlv%253D60f82071-2244-49bb-b466-60b10a01000f%2523v_760573560 HTTP/1.1" 200 246
202.8.41.147 - - [16/Feb/2025:00:15:42 +0100] "GET /ticket2/opencms/system/modules/com.gridnine.opencms.ticketbrokerage.site/resources/css/calendar.css HTTP/1.1" 200 6871
202.8.41.147 - - [16/Feb/2025:00:15:42 +0100] "GET /ticket2/opencms/system/modules/com.gridnine.opencms.ticketbrokerage.site/resources/css/ticketbrokerage.css HTTP/1.1" 200 39339
202.8.41.147 - - [16/Feb/2025:00:15:42 +0100] "GET /ticket2/opencms/system/modules/com.gridnine.opencms.ticketbrokerage.site/resources/css/jquery-ui.css HTTP/1.1" 200 33221
202.8.41.147 - - [16/Feb/2025:00:15:42 +0100] "GET /ticket2/opencms/system/modules/com.gridnine.opencms.ticketbrokerage.site/resources/css/jquery.fancybox.css HTTP/1.1" 200 4939
202.8.41.147 - - [16/Feb/2025:00:15:42 +0100] "GET /ticket2/opencms/system/modules/com.gridnine.opencms.ticketbrokerage.site/resources/css/standard.css HTTP/1.1" 200 73904
202.8.41.147 - - [16/Feb/2025:00:15:42 +0100] "GET /ticket2/opencms/system/modules/com.gridnine.opencms.ticketbrokerage.site/resources/js/jquery/jquery.js HTTP/1.1" 200 93868
202.8.41.147 - - [16/Feb/2025:00:15:42 +0100] "GET /ticket2/opencms/system/modules/com.gridnine.opencms.ticketbrokerage.site/resources/js/functions.js HTTP/1.1" 200 1583
202.8.41.147 - - [16/Feb/2025:00:15:42 +0100] "GET /ticket2/opencms/system/modules/com.gridnine.opencms.ticketbrokerage.site/resources/js/jquery/jquery-ui.js HTTP/1.1" 200 228088
202.8.41.147 - - [16/Feb/2025:00:15:42 +0100] "GET /ticket2/opencms/system/modules/com.gridnine.opencms.ticketbrokerage.site/resources/js/calendar.js HTTP/1.1" 200 49229
202.8.41.147 - - [16/Feb/2025:00:15:42 +0100] "GET /ticket2/opencms/system/modules/com.gridnine.opencms.ticketbrokerage.site/resources/js/calendar-en.js HTTP/1.1" 200 3338
202.8.41.147 - - [16/Feb/2025:00:15:42 +0100] "GET /ticket2/opencms/system/modules/com.gridnine.opencms.ticketbrokerage.site/resources/js/calendar-setup.js HTTP/1.1" 200 4923
202.8.41.147 - - [16/Feb/2025:00:15:42 +0100] "GET /ticket2/opencms/system/modules/com.gridnine.opencms.ticketbrokerage.site/resources/js/jquery.fancybox.pack.js HTTP/1.1" 200 23187
202.8.41.147 - - [16/Feb/2025:00:15:42 +0100] "GET /ticket2/opencms/system/modules/com.gridnine.opencms.ticketbrokerage.site/resources/js/stickyfill.min.js HTTP/1.1" 200 5672
202.8.41.147 - - [16/Feb/2025:00:15:42 +0100] "GET /ticket2/opencms/system/modules/com.gridnine.opencms.ticketbrokerage.site/resources/js/standard.js HTTP/1.1" 200 3983
202.8.41.147 - - [16/Feb/2025:00:15:43 +0100] "GET /ticket2/opencms/system/modules/com.gridnine.opencms.ticketbrokerage.site/resources/js/jquery.placeholder.min.js HTTP/1.1" 200 1737
202.8.41.147 - - [16/Feb/2025:00:15:43 +0100] "GET /ticket2/opencms/system/modules/com.gridnine.opencms.ticketbrokerage.site/resources/js/common-ajax.js HTTP/1.1" 200 20175
20.171.207.223 - - [16/Feb/2025:00:15:43 +0100] "GET /ticket2/opencms/set_aff_cookie.jsp?partner=23A6AD98-906E-5BDD-600E-EC4EC8A45F97&url=%252Fen%252Fbuy%252Findex.html%253Fpage%253D1%2526edid%253D097474E7-8A8F-522A-B62A-D10F10D973DA%2526hlv%253D61127b50-0168-4865-a398-2e4f0a01000f%2523v_741606018 HTTP/1.1" 200 246
104.28.31.64 - - [16/Feb/2025:00:15:44 +0100] "GET /ticket2/opencms/sv/sport/fotbollsbiljetter/premier_league/tottenham/?gad_source=1&gbraid=0AAAAADlS-t9dNk6ZS9QKsJQwJvsWU0gvl&gclid=CjwKCAiAk8G9BhA0EiwAOQxmfgAHHTBy_JYrP9O5miRaHbleNN0V2TT5_baWRj7UqCHDvuzJGjezHhoCTM0QAvD_BwE HTTP/1.1" 200 101432
104.28.31.64 - - [16/Feb/2025:00:15:44 +0100] "GET /ticket2/opencms/system/modules/com.gridnine.opencms.ticketbrokerage.site/resources/css/ticketbrokerage.css HTTP/1.1" 200 39339
104.28.31.64 - - [16/Feb/2025:00:15:44 +0100] "GET /ticket2/opencms/system/modules/com.gridnine.opencms.ticketbrokerage.site/resources/js/jquery/jquery-ui.js HTTP/1.1" 200 228088
104.28.31.64 - - [16/Feb/2025:00:15:44 +0100] "GET /ticket2/opencms/system/modules/com.gridnine.opencms.ticketbrokerage.site/resources/css/jquery-ui.css HTTP/1.1" 200 33221
104.28.31.64 - - [16/Feb/2025:00:15:44 +0100] "GET /ticket2/opencms/system/modules/com.gridnine.opencms.ticketbrokerage.site/resources/js/functions.js HTTP/1.1" 200 1583
104.28.31.64 - - [16/Feb/2025:00:15:44 +0100] "GET /ticket2/opencms/system/modules/com.gridnine.opencms.ticketbrokerage.site/resources/css/standard.css HTTP/1.1" 200 73904
20.171.207.223 - - [16/Feb/2025:00:15:44 +0100] "GET /ticket2/opencms/set_aff_cookie.jsp?partner=57601924-FB09-5BB2-867F-08B4EB522BA8&url=%252Fsv%252Fbuy%252Findex.html%253Fpage%253D1%2526edid%253D3F3A734D-4382-40A1-90C1-DDCABA9E878B%2526hlv%253D60f8483a-0c64-4686-aea5-6ed00a01000f%2523v_248110248 HTTP/1.1" 200 246
104.28.31.64 - - [16/Feb/2025:00:15:44 +0100] "GET /ticket2/opencms/system/modules/com.gridnine.opencms.ticketbrokerage.site/resources/js/jquery.placeholder.min.js HTTP/1.1" 200 1737
104.28.31.64 - - [16/Feb/2025:00:15:44 +0100] "GET /ticket2/opencms/system/modules/com.gridnine.opencms.ticketbrokerage.site/resources/js/calendar-en.js HTTP/1.1" 200 3338
104.28.31.64 - - [16/Feb/2025:00:15:44 +0100] "GET /ticket2/opencms/system/modules/com.gridnine.opencms.ticketbrokerage.site/resources/js/calendar.js HTTP/1.1" 200 49229
104.28.31.64 - - [16/Feb/2025:00:15:44 +0100] "GET /ticket2/opencms/system/modules/com.gridnine.opencms.ticketbrokerage.site/resources/js/calendar-setup.js HTTP/1.1" 200 4923
104.28.31.64 - - [16/Feb/2025:00:15:44 +0100] "GET /ticket2/opencms/system/modules/com.gridnine.opencms.ticketbrokerage.site/resources/js/common-ajax.js HTTP/1.1" 200 20175
104.28.31.64 - - [16/Feb/2025:00:15:44 +0100] "GET /ticket2/opencms/system/modules/com.gridnine.opencms.ticketbrokerage.site/resources/js/jquery.fancybox.pack.js HTTP/1.1" 200 23187
104.28.31.64 - - [16/Feb/2025:00:15:44 +0100] "GET /ticket2/opencms/system/modules/com.gridnine.opencms.ticketbrokerage.site/resources/js/stickyfill.min.js HTTP/1.1" 200 5672
104.28.31.64 - - [16/Feb/2025:00:15:44 +0100] "GET /ticket2/opencms/system/modules/com.gridnine.opencms.ticketbrokerage.site/resources/js/standard.js HTTP/1.1" 200 3983
104.28.31.64 - - [16/Feb/2025:00:15:44 +0100] "GET /ticket2/opencms/img/icons/globe-white.png HTTP/1.1" 200 947
104.28.31.64 - - [16/Feb/2025:00:15:45 +0100] "GET /ticket2/opencms/img/icons/se.png HTTP/1.1" 200 1258
104.28.31.64 - - [16/Feb/2025:00:15:45 +0100] "GET /ticket2/opencms/system/modules/com.gridnine.opencms.ticketbrokerage.site/resources/css/calendar.css HTTP/1.1" 200 6871
54.166.104.83 - - [16/Feb/2025:00:15:45 +0100] "GET /ticket2/opencms/sv/buy/?edid=C28B3B84-6A6E-6FCB-67EF-1F8424FD799A&page=1 HTTP/1.1" 200 123310
104.28.31.64 - - [16/Feb/2025:00:15:45 +0100] "GET /ticket2/opencms/img/icons/fi.png HTTP/1.1" 200 1785
104.28.31.64 - - [16/Feb/2025:00:15:45 +0100] "GET /ticket2/opencms/system/modules/com.gridnine.opencms.ticketbrokerage.site/resources/js/jquery/jquery.js HTTP/1.1" 200 93868
122.8.183.182 - - [16/Feb/2025:00:15:45 +0100] "GET /ticket2/opencms/az/buy?page=1&edid=423F2802-86B8-ADE6-63C7-FF9E84CEFA4E HTTP/1.1" 200 108973
104.28.31.64 - - [16/Feb/2025:00:15:45 +0100] "GET /ticket2/opencms/img/icons/no.png HTTP/1.1" 200 1958
104.28.31.64 - - [16/Feb/2025:00:15:45 +0100] "GET /ticket2/opencms/system/modules/com.gridnine.opencms.ticketbrokerage.site/resources/pics/logo-new.png HTTP/1.1" 200 13541
104.28.31.64 - - [16/Feb/2025:00:15:45 +0100] "GET /ticket2/opencms/img/insta.png HTTP/1.1" 200 3967
104.28.31.64 - - [16/Feb/2025:00:15:45 +0100] "GET /ticket2/opencms/system/modules/com.gridnine.opencms.ticketbrokerage.site/resources/css/jquery.fancybox.css HTTP/1.1" 200 4939
104.28.31.64 - - [16/Feb/2025:00:15:45 +0100] "GET /ticket2/opencms/img/fb.png HTTP/1.1" 200 1269
104.28.31.64 - - [16/Feb/2025:00:15:45 +0100] "GET /ticket2/opencms/img/icons/dk.png HTTP/1.1" 200 1706
104.28.31.64 - - [16/Feb/2025:00:15:45 +0100] "GET /ticket2/opencms/system/modules/com.gridnine.opencms.ticketbrokerage.site/resources/pics/banners/Tottenham.jpg HTTP/1.1" 200 13797
104.28.31.64 - - [16/Feb/2025:00:15:45 +0100] "GET /ticket2/opencms/system/modules/com.gridnine.opencms.ticketbrokerage.site/resources/pics/footer-img.jpg HTTP/1.1" 200 67642
104.28.31.64 - - [16/Feb/2025:00:15:45 +0100] "GET /ticket2/opencms/img/check.png HTTP/1.1" 200 548
104.28.31.64 - - [16/Feb/2025:00:15:45 +0100] "GET /ticket2/opencms/img/icons/nl.png HTTP/1.1" 200 1255
104.28.31.64 - - [16/Feb/2025:00:15:45 +0100] "GET /ticket2/opencms/img/mail.png HTTP/1.1" 200 403
20.171.207.223 - - [16/Feb/2025:00:15:45 +0100] "GET /ticket2/opencms/set_aff_cookie.jsp?partner=8F6DE15D-D831-5787-AE7E-FEFF53476F85&url=%252Fen%252Fbuy%252Findex.html%253Fpage%253D1%2526edid%253D3754A801-0360-9F1A-6DA4-BE3220BB9FC0%2526hlv%253D60ca1eb3-b820-40d7-8707-41c80a01000f%2523v_639799156 HTTP/1.1" 200 246
104.28.31.64 - - [16/Feb/2025:00:15:45 +0100] "GET /ticket2/opencms/img/chat.png HTTP/1.1" 200 416
104.28.31.64 - - [16/Feb/2025:00:15:45 +0100] "GET /ticket2/opencms/img/arrow.png HTTP/1.1" 200 753
104.28.31.64 - - [16/Feb/2025:00:15:45 +0100] "GET /ticket2/opencms/img/icons/de.png HTTP/1.1" 200 1124
104.28.31.64 - - [16/Feb/2025:00:15:46 +0100] "GET /ticket2/opencms/img/icons/fr.png HTTP/1.1" 200 1764
104.28.31.64 - - [16/Feb/2025:00:15:46 +0100] "GET /ticket2/opencms/img/icons/en.png HTTP/1.1" 200 2415
104.28.31.64 - - [16/Feb/2025:00:15:46 +0100] "GET /ticket2/opencms/img/icons/es.png HTTP/1.1" 200 1005
104.28.31.64 - - [16/Feb/2025:00:15:46 +0100] "GET /ticket2/opencms/img/icons/it.png HTTP/1.1" 200 2040
104.28.31.64 - - [16/Feb/2025:00:15:46 +0100] "GET /ticket2/opencms/img/icons/pl.png HTTP/1.1" 200 1578
104.28.31.64 - - [16/Feb/2025:00:15:46 +0100] "GET /ticket2/opencms/img/icons/bg.png HTTP/1.1" 200 788
