20.171.207.223 - - [16/Feb/2025:00:52:07 +0100] "GET /ticket2/opencms/set_aff_cookie.jsp?partner=8F6DE15D-D831-5787-AE7E-FEFF53476F85&url=%252Fno%252Fbuy%252Findex.html%253Fpage%253D1%2526edid%253D0C5C9043-4446-42CC-4F8E-C746AC0B1F53%2526hlv%253D6145d45c-3b18-4295-922a-6b640a01000f%2523v_639294392 HTTP/1.1" 200 246
3.213.213.161 - - [16/Feb/2025:00:52:08 +0100] "GET /ticket2/opencms/sv/buy/?catid=A7674DEA-B39E-502C-2F76-760AE08947E9&comcatid=A17713B6-D984-201A-4143-ED4DB5ED5C2E&page=6 HTTP/1.1" 200 105711
20.171.207.223 - - [16/Feb/2025:00:52:11 +0100] "GET /ticket2/opencms/set_aff_cookie.jsp?partner=692E2C6A-EC6F-1C93-AFCC-C5ACC23A93EA&url=%252Fnl%252Fbuy%252Findex.html%253Fpage%253D1%2526edid%253D87A2E0C8-FB06-9F72-D01C-6586D722A374%2526hlv%253D6145b55b-a5ac-4fd8-9b8b-62420a01000f%2523v_127205349 HTTP/1.1" 200 246
85.208.96.208 - - [16/Feb/2025:00:52:11 +0100] "GET /ticket2/opencms/az/magazine/article?title=chelsea-azarkesleri-heyecanla-reaksiya-verirler HTTP/1.1" 200 93194
52.203.68.145 - - [16/Feb/2025:00:52:12 +0100] "GET /ticket2/opencms/sv/buy/?catid=A7674DEA-B39E-502C-2F76-760AE08947E9&comcatid=A17713B6-D984-201A-4143-ED4DB5ED5C2E&eventid=53F27A05-DBF6-27A7-B680-C587F93AF7CA&page=6 HTTP/1.1" 200 107251
20.171.207.223 - - [16/Feb/2025:00:52:12 +0100] "GET /ticket2/opencms/set_aff_cookie.jsp?partner=692E2C6A-EC6F-1C93-AFCC-C5ACC23A93EA&url=%252Fsv%252Fbuy%252Findex.html%253Fpage%253D1%2526edid%253DCD6EABFF-F2F6-FE26-CC78-420DEA1CEE33%2526hlv%253D614c76a1-1fd0-4216-b85b-17c50a01000f%2523v_681659176 HTTP/1.1" 200 246
40.77.167.42 - - [16/Feb/2025:00:52:13 +0100] "GET /ticket2/opencms/de/magazine/article?title=im-sorry-but-i-need-some-text-to-translate-could-you-please-provide-the-text-you-want-translated-into-german HTTP/1.1" 200 93648
192.95.30.21 - - [16/Feb/2025:00:52:13 +0100] "GET /ticket2/opencms/fi/login/?edid=047E0311-281A-A7AE-E87D-50033F4F70CA HTTP/1.1" 200 91749
20.171.207.223 - - [16/Feb/2025:00:52:14 +0100] "GET /ticket2/opencms/set_aff_cookie.jsp?partner=2E02071B-A8C3-4CBA-3097-C27D61C02ED8&url=%252Fen%252Fbuy%252Findex.html%253Fpage%253D1%2526edid%253D1E25B326-4F8F-7BA0-5AB1-018D89AC8C22%2526hlv%253D60f811ce-e174-4c9c-93a1-5a960a01000f%2523v_1134076699 HTTP/1.1" 200 247
20.171.207.223 - - [16/Feb/2025:00:52:16 +0100] "GET /ticket2/opencms/set_aff_cookie.jsp?partner=2E02071B-A8C3-4CBA-3097-C27D61C02ED8&url=%252Fsv%252Fbuy%252Findex.html%253Fpage%253D1%2526edid%253D1964B21D-BF30-22BC-8931-DEC6C4EDF1DE%2526hlv%253D611514d1-e1f4-4543-a295-7a5b0a01000f%2523v_1195351193 HTTP/1.1" 200 247
54.86.59.155 - - [16/Feb/2025:00:52:16 +0100] "GET /ticket2/opencms/sv/buy/?catid=AE3FE643-AE41-BAA6-237D-5206D1B044A1&comcatid=A17713B6-D984-201A-4143-ED4DB5ED5C2E&page=6 HTTP/1.1" 200 103611
20.171.207.223 - - [16/Feb/2025:00:52:17 +0100] "GET /ticket2/opencms/set_aff_cookie.jsp?partner=57601924-FB09-5BB2-867F-08B4EB522BA8&url=%252Fdk%252Fbuy%252Findex.html%253Fpage%253D1%2526edid%253D87A2E0C8-FB06-9F72-D01C-6586D722A374%2526hlv%253D60ca1c96-f570-41ec-bbec-40960a01000f%2523v_1930318755 HTTP/1.1" 200 247
216.244.66.238 - - [16/Feb/2025:00:52:17 +0100] "GET /ticket2/opencms/dk/sport/fodboldbilletter/champions_league/lazio/ HTTP/1.1" 200 87618
20.171.207.223 - - [16/Feb/2025:00:52:18 +0100] "GET /ticket2/opencms/set_aff_cookie.jsp?partner=692E2C6A-EC6F-1C93-AFCC-C5ACC23A93EA&url=%252Fno%252Fbuy%252Findex.html%253Fpage%253D1%2526edid%253D9EB9B117-C5AB-5918-92E7-F637371B0A12%2526hlv%253D60f5cbb0-1d04-4cb7-a6b3-20600a01000f%2523v_1706179491 HTTP/1.1" 200 247
54.36.149.97 - - [16/Feb/2025:00:52:19 +0100] "GET /ticket2/opencms/mo/buy?page=1&edid=BE18676F-AB94-E65E-A849-408190E75353 HTTP/1.1" 200 117841
20.171.207.223 - - [16/Feb/2025:00:52:19 +0100] "GET /ticket2/opencms/set_aff_cookie.jsp?partner=6F250EA7-4505-FA01-D601-8847F2573405&url=%252Ffi%252Fbuy%252Findex.html%253Fpage%253D1%2526edid%253DF9D480C8-CC9A-5C4B-D090-F29D97AF622B%2526hlv%253D60d0e101-457c-41eb-9db5-407f0a01000f%2523v_1055964427 HTTP/1.1" 200 247
35.173.38.202 - - [16/Feb/2025:00:52:20 +0100] "GET /ticket2/opencms/sv/buy/?catid=C0DF818C-DB21-6E2E-4056-DB751FFE0C41&comcatid=A17713B6-D984-201A-4143-ED4DB5ED5C2E&page=6 HTTP/1.1" 200 103625
202.8.40.171 - - [16/Feb/2025:00:52:20 +0100] "GET /ticket2/opencms/system/modules/com.gridnine.opencms.ticketbrokerage.site/resources/css/jquery-ui.css HTTP/1.1" 200 33221
202.8.40.171 - - [16/Feb/2025:00:52:20 +0100] "GET /ticket2/opencms/system/modules/com.gridnine.opencms.ticketbrokerage.site/resources/css/calendar.css HTTP/1.1" 200 6871
202.8.40.171 - - [16/Feb/2025:00:52:20 +0100] "GET /ticket2/opencms/system/modules/com.gridnine.opencms.ticketbrokerage.site/resources/css/ticketbrokerage.css HTTP/1.1" 200 39339
202.8.40.171 - - [16/Feb/2025:00:52:20 +0100] "GET /ticket2/opencms/system/modules/com.gridnine.opencms.ticketbrokerage.site/resources/css/standard.css HTTP/1.1" 200 73904
202.8.40.171 - - [16/Feb/2025:00:52:20 +0100] "GET /ticket2/opencms/system/modules/com.gridnine.opencms.ticketbrokerage.site/resources/css/jquery.fancybox.css HTTP/1.1" 200 4939
202.8.40.171 - - [16/Feb/2025:00:52:20 +0100] "GET /ticket2/opencms/system/modules/com.gridnine.opencms.ticketbrokerage.site/resources/js/jquery/jquery.js HTTP/1.1" 200 93868
20.171.207.223 - - [16/Feb/2025:00:52:20 +0100] "GET /ticket2/opencms/set_aff_cookie.jsp?partner=6F250EA7-4505-FA01-D601-8847F2573405&url=%252Fnl%252Fbuy%252Findex.html%253Fpage%253D1%2526edid%253D2C4B6786-0F6F-C1FA-478C-3E015D58BCA8%2526hlv%253D615c4665-af2c-4ff1-b3b7-25e30a01000f%2523v_1226236508 HTTP/1.1" 200 247
202.8.40.171 - - [16/Feb/2025:00:52:20 +0100] "GET /ticket2/opencms/system/modules/com.gridnine.opencms.ticketbrokerage.site/resources/js/jquery/jquery-ui.js HTTP/1.1" 200 228088
202.8.40.171 - - [16/Feb/2025:00:52:20 +0100] "GET /ticket2/opencms/system/modules/com.gridnine.opencms.ticketbrokerage.site/resources/js/calendar.js HTTP/1.1" 200 49229
202.8.40.171 - - [16/Feb/2025:00:52:20 +0100] "GET /ticket2/opencms/system/modules/com.gridnine.opencms.ticketbrokerage.site/resources/js/calendar-setup.js HTTP/1.1" 200 4923
202.8.40.171 - - [16/Feb/2025:00:52:20 +0100] "GET /ticket2/opencms/system/modules/com.gridnine.opencms.ticketbrokerage.site/resources/js/functions.js HTTP/1.1" 200 1583
202.8.40.171 - - [16/Feb/2025:00:52:20 +0100] "GET /ticket2/opencms/system/modules/com.gridnine.opencms.ticketbrokerage.site/resources/js/calendar-en.js HTTP/1.1" 200 3338
202.8.40.171 - - [16/Feb/2025:00:52:21 +0100] "GET /ticket2/opencms/system/modules/com.gridnine.opencms.ticketbrokerage.site/resources/js/jquery.fancybox.pack.js HTTP/1.1" 200 23187
202.8.40.171 - - [16/Feb/2025:00:52:21 +0100] "GET /ticket2/opencms/system/modules/com.gridnine.opencms.ticketbrokerage.site/resources/js/stickyfill.min.js HTTP/1.1" 200 5672
202.8.40.171 - - [16/Feb/2025:00:52:21 +0100] "GET /ticket2/opencms/system/modules/com.gridnine.opencms.ticketbrokerage.site/resources/js/standard.js HTTP/1.1" 200 3983
202.8.40.171 - - [16/Feb/2025:00:52:21 +0100] "GET /ticket2/opencms/system/modules/com.gridnine.opencms.ticketbrokerage.site/resources/js/jquery.placeholder.min.js HTTP/1.1" 200 1737
202.8.40.171 - - [16/Feb/2025:00:52:21 +0100] "GET /ticket2/opencms/system/modules/com.gridnine.opencms.ticketbrokerage.site/resources/js/common-ajax.js HTTP/1.1" 200 20175
202.8.40.171 - - [16/Feb/2025:00:52:21 +0100] "GET /ticket2/opencms/mo/ask-form.html HTTP/1.1" 200 3156
66.249.79.33 - - [16/Feb/2025:00:52:21 +0100] "GET /ticket2/opencms/be/sell/?edid=2CEA0497-8D50-22F6-0E98-33BE3EC14F1E HTTP/1.1" 302 -
202.8.40.171 - - [16/Feb/2025:00:52:21 +0100] "GET /ticket2/opencms/system/modules/com.gridnine.opencms.ticketbrokerage.site/resources/css/ticketbrokerage.css HTTP/1.1" 200 39339
20.171.207.223 - - [16/Feb/2025:00:52:22 +0100] "GET /ticket2/opencms/set_aff_cookie.jsp?partner=6F250EA7-4505-FA01-D601-8847F2573405&url=%252Fsv%252Fbuy%252Findex.html%253Fpage%253D1%2526edid%253DB7707C87-5D00-4D75-75FA-01216FD172D2%2526hlv%253D6115172c-9acc-4fe0-b0db-7e9b0a01000f%2523v_230900450 HTTP/1.1" 200 246
192.95.30.21 - - [16/Feb/2025:00:52:24 +0100] "GET /ticket2/opencms/fi/login/?edid=063774E2-DE1A-6A46-E97B-D379290B879E HTTP/1.1" 200 91819
3.223.181.32 - - [16/Feb/2025:00:52:24 +0100] "GET /ticket2/opencms/sv/buy/?catid=C48671DB-5AEB-8CE2-928E-38417FFBE085&comcatid=A17713B6-D984-201A-4143-ED4DB5ED5C2E&page=6 HTTP/1.1" 200 103593
66.249.76.161 - - [16/Feb/2025:00:52:24 +0100] "GET /ticket2/opencms/be/login/?url=/be/sell/ HTTP/1.1" 200 92536
20.171.207.223 - - [16/Feb/2025:00:52:25 +0100] "GET /ticket2/opencms/set_aff_cookie.jsp?partner=6F250EA7-4505-FA01-D601-8847F2573405&url=%252Ffi%252Fbuy%252Findex.html%253Fpage%253D1%2526edid%253DF2C7182B-D237-C2BF-D71F-CBB98BBDC9C7%2526hlv%253D60f5c58a-0448-4f87-90fe-1df10a01000f%2523v_2031937347 HTTP/1.1" 200 247
66.249.68.39 - - [16/Feb/2025:00:52:26 +0100] "GET /ticket2/opencms/tr/magazine/article?title=yari-final-fransa-vs-ispanya HTTP/1.1" 200 96200
54.89.90.224 - - [16/Feb/2025:00:52:30 +0100] "GET /ticket2/opencms/sv/buy/?catid=C871EAE3-C584-718A-9795-07CDEF43FA75&comcatid=A17713B6-D984-201A-4143-ED4DB5ED5C2E&page=6 HTTP/1.1" 200 103581
66.220.149.1 - - [16/Feb/2025:00:52:31 +0100] "GET /ticket2/opencms/mt/buy/?page=1&edid=C8C69015-BCBB-8460-663E-8B2E58614425 HTTP/1.1" 200 111905
44.195.145.102 - - [16/Feb/2025:00:52:32 +0100] "GET /ticket2/opencms/sv/buy/?catid=F03B8ADD-988E-AE6A-8DBA-AF502C691C60&comcatid=A17713B6-D984-201A-4143-ED4DB5ED5C2E&page=6 HTTP/1.1" 200 103549
20.171.207.223 - - [16/Feb/2025:00:52:35 +0100] "GET /ticket2/opencms/set_aff_cookie.jsp?partner=5E0CDF29-E7BE-9F6B-6869-7BF66B04006F&url=%252Fdk%252Fbuy%252Findex.html%253Fpage%253D1%2526edid%253DB12EFA8D-4EC4-DDCD-8B91-E676E87E71DF%2526hlv%253D60f957c0-6eec-44c2-bce3-58a00a01000f%2523v_1208642487 HTTP/1.1" 200 247
40.77.167.42 - - [16/Feb/2025:00:52:35 +0100] "GET /ticket2/opencms/dk/buy?page=1&edid=7BDD513D-C42F-5416-CDF2-0CE1EB8D2C84 HTTP/1.1" 200 110637
111.119.208.255 - - [16/Feb/2025:00:52:35 +0100] "GET /ticket2/opencms/az/buy/?page=1&edid=F8BC8905-1376-F330-5CD7-CD86B15D1AC7 HTTP/1.1" 200 108913
20.171.207.223 - - [16/Feb/2025:00:52:35 +0100] "GET /ticket2/opencms/set_aff_cookie.jsp?partner=6F250EA7-4505-FA01-D601-8847F2573405&url=%252Fnl%252Fbuy%252Findex.html%253Fpage%253D1%2526edid%253D11CA2095-DE4E-F08C-CA73-D1F7DF0C2455%2526hlv%253D60c9deb0-1978-4543-9ec0-21d20a01000f%2523v_336317134 HTTP/1.1" 200 246
54.36.148.119 - - [16/Feb/2025:00:52:35 +0100] "GET /ticket2/opencms/sk/sport/futbalove-listky/la-liga/getafe HTTP/1.1" 200 100861
54.83.240.58 - - [16/Feb/2025:00:52:36 +0100] "GET /ticket2/opencms/sv/buy/?catid=FF8D7FE7-4B09-7305-01C7-2D47F7913EB8&comcatid=A17713B6-D984-201A-4143-ED4DB5ED5C2E&page=6 HTTP/1.1" 200 103470
202.8.42.132 - - [16/Feb/2025:00:52:37 +0100] "GET /ticket2/opencms/system/modules/com.gridnine.opencms.ticketbrokerage.site/resources/css/ticketbrokerage.css HTTP/1.1" 200 39339
202.8.42.132 - - [16/Feb/2025:00:52:37 +0100] "GET /ticket2/opencms/system/modules/com.gridnine.opencms.ticketbrokerage.site/resources/css/jquery-ui.css HTTP/1.1" 200 33221
202.8.42.132 - - [16/Feb/2025:00:52:37 +0100] "GET /ticket2/opencms/system/modules/com.gridnine.opencms.ticketbrokerage.site/resources/css/jquery.fancybox.css HTTP/1.1" 200 4939
202.8.42.132 - - [16/Feb/2025:00:52:37 +0100] "GET /ticket2/opencms/system/modules/com.gridnine.opencms.ticketbrokerage.site/resources/css/standard.css HTTP/1.1" 200 73904
202.8.42.132 - - [16/Feb/2025:00:52:37 +0100] "GET /ticket2/opencms/system/modules/com.gridnine.opencms.ticketbrokerage.site/resources/css/calendar.css HTTP/1.1" 200 6871
202.8.42.132 - - [16/Feb/2025:00:52:37 +0100] "GET /ticket2/opencms/system/modules/com.gridnine.opencms.ticketbrokerage.site/resources/js/jquery/jquery.js HTTP/1.1" 200 93868
202.8.42.132 - - [16/Feb/2025:00:52:37 +0100] "GET /ticket2/opencms/system/modules/com.gridnine.opencms.ticketbrokerage.site/resources/js/jquery/jquery-ui.js HTTP/1.1" 200 228088
202.8.42.132 - - [16/Feb/2025:00:52:37 +0100] "GET /ticket2/opencms/system/modules/com.gridnine.opencms.ticketbrokerage.site/resources/js/functions.js HTTP/1.1" 200 1583
202.8.42.132 - - [16/Feb/2025:00:52:37 +0100] "GET /ticket2/opencms/system/modules/com.gridnine.opencms.ticketbrokerage.site/resources/js/calendar-en.js HTTP/1.1" 200 3338
202.8.42.132 - - [16/Feb/2025:00:52:37 +0100] "GET /ticket2/opencms/system/modules/com.gridnine.opencms.ticketbrokerage.site/resources/js/calendar.js HTTP/1.1" 200 49229
202.8.42.132 - - [16/Feb/2025:00:52:37 +0100] "GET /ticket2/opencms/system/modules/com.gridnine.opencms.ticketbrokerage.site/resources/js/calendar-setup.js HTTP/1.1" 200 4923
202.8.42.132 - - [16/Feb/2025:00:52:37 +0100] "GET /ticket2/opencms/system/modules/com.gridnine.opencms.ticketbrokerage.site/resources/js/jquery.fancybox.pack.js HTTP/1.1" 200 23187
202.8.42.132 - - [16/Feb/2025:00:52:37 +0100] "GET /ticket2/opencms/system/modules/com.gridnine.opencms.ticketbrokerage.site/resources/js/stickyfill.min.js HTTP/1.1" 200 5672
202.8.42.132 - - [16/Feb/2025:00:52:37 +0100] "GET /ticket2/opencms/system/modules/com.gridnine.opencms.ticketbrokerage.site/resources/js/standard.js HTTP/1.1" 200 3983
202.8.42.132 - - [16/Feb/2025:00:52:37 +0100] "GET /ticket2/opencms/system/modules/com.gridnine.opencms.ticketbrokerage.site/resources/js/common-ajax.js HTTP/1.1" 200 20175
202.8.42.132 - - [16/Feb/2025:00:52:37 +0100] "GET /ticket2/opencms/system/modules/com.gridnine.opencms.ticketbrokerage.site/resources/js/jquery.placeholder.min.js HTTP/1.1" 200 1737
20.171.207.223 - - [16/Feb/2025:00:52:38 +0100] "GET /ticket2/opencms/set_aff_cookie.jsp?partner=692E2C6A-EC6F-1C93-AFCC-C5ACC23A93EA&url=%252Fen%252Fbuy%252Findex.html%253Fpage%253D1%2526edid%253D9AE493CE-16E5-66DA-B419-2CD7D152F786%2526hlv%253D60c9e0c6-a990-44c9-8bc2-22f60a01000f%2523v_385389932 HTTP/1.1" 200 246
192.95.30.21 - - [16/Feb/2025:00:52:38 +0100] "GET /ticket2/opencms/fi/login/?edid=069EC406-6DFD-08ED-B6CC-A7E203415919 HTTP/1.1" 200 91865
20.171.207.223 - - [16/Feb/2025:00:52:39 +0100] "GET /ticket2/opencms/set_aff_cookie.jsp?partner=692E2C6A-EC6F-1C93-AFCC-C5ACC23A93EA&url=%252Fsv%252Fbuy%252Findex.html%253Fpage%253D1%2526edid%253DB34FC5D8-17C2-148F-346E-D5A9AE0C7EAA%2526hlv%253D610bcd94-0af8-4a4b-8d3b-162a0a01000f%2523v_259450174 HTTP/1.1" 200 246
114.119.135.251 - - [16/Feb/2025:00:52:39 +0100] "GET /ticket2/opencms/en/venue/?venueid=75885D15-264E-60FB-5DAC-D1D386082DD7 HTTP/1.1" 200 85290
20.171.207.223 - - [16/Feb/2025:00:52:40 +0100] "GET /ticket2/opencms/set_aff_cookie.jsp?partner=8F6DE15D-D831-5787-AE7E-FEFF53476F85&url=%252Fdk%252Fbuy%252Findex.html%253Fpage%253D1%2526edid%253D590EDDB9-B981-09D2-E0FC-F6E1B491368A%2526hlv%253D60ca0fc2-f63c-4672-946c-36190a01000f%2523v_1078140315 HTTP/1.1" 200 247
18.232.12.157 - - [16/Feb/2025:00:52:40 +0100] "GET /ticket2/opencms/sv/buy/?comcatid=B41CCF2B-5558-7AEE-3602-09BBDE417D65&page=6 HTTP/1.1" 200 93321
20.171.207.223 - - [16/Feb/2025:00:52:41 +0100] "GET /ticket2/opencms/set_aff_cookie.jsp?partner=2E02071B-A8C3-4CBA-3097-C27D61C02ED8&url=%252Fen%252Fbuy%252Findex.html%253Fpage%253D1%2526edid%253D58849721-189F-D09B-851E-CCAD1153A6C9%2526hlv%253D60c9e02b-28e8-4fd7-be02-22ba0a01000f%2523v_994581127 HTTP/1.1" 200 246
20.171.207.223 - - [16/Feb/2025:00:52:42 +0100] "GET /ticket2/opencms/set_aff_cookie.jsp?partner=57601924-FB09-5BB2-867F-08B4EB522BA8&url=%252Fsv%252Fbuy%252Findex.html%253Fpage%253D1%2526edid%253D590EDDB9-B981-09D2-E0FC-F6E1B491368A%2526hlv%253D611bab38-da64-4c5c-9bc8-45450a01000f%2523v_1781383328 HTTP/1.1" 200 247
20.171.207.223 - - [16/Feb/2025:00:52:43 +0100] "GET /ticket2/opencms/set_aff_cookie.jsp?partner=5E0CDF29-E7BE-9F6B-6869-7BF66B04006F&url=%252Ffi%252Fbuy%252Findex.html%253Fpage%253D1%2526edid%253D30CB7959-9308-5BEA-03F2-ADAC2FC91A64%2526hlv%253D60f844ca-ec44-4492-b272-6ec40a01000f%2523v_2064933790 HTTP/1.1" 200 247
107.20.25.33 - - [16/Feb/2025:00:52:44 +0100] "GET /ticket2/opencms/sv/buy/?catid=36DC4BE2-91A2-6146-2BE9-47B6F3C44EDB&comcatid=B41CCF2B-5558-7AEE-3602-09BBDE417D65&page=6 HTTP/1.1" 200 94712
20.171.207.223 - - [16/Feb/2025:00:52:45 +0100] "GET /ticket2/opencms/set_aff_cookie.jsp?partner=8F6DE15D-D831-5787-AE7E-FEFF53476F85&url=%252Fnl%252Fbuy%252Findex.html%253Fpage%253D1%2526edid%253D66EA5353-0EED-D56D-04FB-B3F43B6CCED9%2526hlv%253D61449369-d5d4-4475-8157-77840a01000f%2523v_1337919874 HTTP/1.1" 200 247
52.167.144.180 - - [16/Feb/2025:00:52:47 +0100] "GET /ticket2/opencms/no/buy?page=1&edid=4D42F38E-C360-0F66-3439-4A9B151DF3D8 HTTP/1.1" 200 111097
20.171.207.223 - - [16/Feb/2025:00:52:48 +0100] "GET /ticket2/opencms/set_aff_cookie.jsp?partner=6F250EA7-4505-FA01-D601-8847F2573405&url=%252Fnl%252Fbuy%252Findex.html%253Fpage%253D1%2526edid%253DC5BE8910-C31D-1B7A-D498-4C5862D3F5A8%2526hlv%253D614c79f3-79c0-4093-820d-1a0b0a01000f%2523v_141787972 HTTP/1.1" 200 246
18.213.70.100 - - [16/Feb/2025:00:52:48 +0100] "GET /ticket2/opencms/sv/buy/?catid=A34BCF61-E19C-5C5C-445E-06F3749E1EF4&comcatid=B41CCF2B-5558-7AEE-3602-09BBDE417D65&page=6 HTTP/1.1" 200 94729
192.95.30.21 - - [16/Feb/2025:00:52:49 +0100] "GET /ticket2/opencms/fi/login/?edid=070182EB-30EF-F34B-AE41-C4B61E82D2C9 HTTP/1.1" 200 91834
34.194.95.99 - - [16/Feb/2025:00:52:52 +0100] "GET /ticket2/opencms/sv/buy/?catid=BF886BAE-FC84-8CB3-A193-6DFA251F7985&comcatid=B41CCF2B-5558-7AEE-3602-09BBDE417D65&page=6 HTTP/1.1" 200 94833
47.128.32.126 - - [16/Feb/2025:00:52:53 +0100] "GET /ticket2/opencms/ga/buy/?catid=A7674DEA-B39E-502C-2F76-760AE08947E9&comcatid=A17713B6-D984-201A-4143-ED4DB5ED5C2E HTTP/1.1" 200 107242
192.95.30.21 - - [16/Feb/2025:00:52:55 +0100] "GET /ticket2/opencms/fi/login/?edid=077A4D05-90D5-AF2A-B689-A4F52E73EBA2 HTTP/1.1" 200 91747
54.144.185.255 - - [16/Feb/2025:00:52:56 +0100] "GET /ticket2/opencms/sv/buy/?catid=E03F2203-3943-A0F0-A47D-D9E7CDA79C6B&comcatid=B41CCF2B-5558-7AEE-3602-09BBDE417D65&page=6 HTTP/1.1" 200 94801
173.252.87.15 - - [16/Feb/2025:00:52:57 +0100] "GET /ticket2/opencms/cs/buy?page=1&edid=C019DBB8-FF11-8C7C-90B0-E1EB2510B252 HTTP/1.1" 200 111834
85.208.96.205 - - [16/Feb/2025:00:52:58 +0100] "GET /ticket2/opencms/pl/magazine/article?title=jak-wyglada-przyszlosc-alexandra-isaka HTTP/1.1" 200 92853
20.171.207.223 - - [16/Feb/2025:00:52:59 +0100] "GET /ticket2/opencms/set_aff_cookie.jsp?partner=2E02071B-A8C3-4CBA-3097-C27D61C02ED8&url=%252Fen%252Fbuy%252Findex.html%253Fpage%253D1%2526edid%253D543D9F4F-FAE8-D606-2F86-FDCC2C711D5A%2526hlv%253D61151de6-7274-4aad-9440-04280a01000f%2523v_1891933450 HTTP/1.1" 200 247
20.171.207.223 - - [16/Feb/2025:00:52:59 +0100] "GET /ticket2/opencms/set_aff_cookie.jsp?partner=8F6DE15D-D831-5787-AE7E-FEFF53476F85&url=%252Ffi%252Fbuy%252Findex.html%253Fpage%253D1%2526edid%253D9F34FF64-8435-0668-CDDD-40FBDE58F48E%2526hlv%253D60ca137a-2134-44a2-a243-3a900a01000f%2523v_1018254606 HTTP/1.1" 200 247
3.231.193.38 - - [16/Feb/2025:00:53:00 +0100] "GET /ticket2/opencms/sv/sport/fotbollsbiljetter/bundesliga/audi-cup.html?catid=E961462E-5AC2-64D6-5850-A310C9DEAA06&comcatid=A17713B6-D984-201A-4143-ED4DB5ED5C2E&page=6 HTTP/1.1" 200 88208
20.171.207.223 - - [16/Feb/2025:00:53:01 +0100] "GET /ticket2/opencms/set_aff_cookie.jsp?partner=5E0CDF29-E7BE-9F6B-6869-7BF66B04006F&url=%252Fdk%252Fbuy%252Findex.html%253Fpage%253D1%2526edid%253DE45E8CAC-C9E1-5B17-FCDC-FD9DFD7F01BC%2526hlv%253D60f82204-c5d0-49d4-b10e-60b10a01000f%2523v_581989804 HTTP/1.1" 200 246
54.36.148.83 - - [16/Feb/2025:00:53:01 +0100] "GET /ticket2/opencms/hr/buy?page=1&edid=65C03F06-B4E6-0D65-D535-E007A0321D02 HTTP/1.1" 200 111861
192.95.30.21 - - [16/Feb/2025:00:53:01 +0100] "GET /ticket2/opencms/fi/login/?edid=08E96509-F113-0E6A-21FE-AD8C7D1444D0 HTTP/1.1" 200 91839
20.171.207.223 - - [16/Feb/2025:00:53:02 +0100] "GET /ticket2/opencms/set_aff_cookie.jsp?partner=23A6AD98-906E-5BDD-600E-EC4EC8A45F97&url=%252Fen%252Fbuy%252Findex.html%253Fpage%253D1%2526edid%253DDD7009E0-BEDD-5FDF-FBEC-9803C9276491%2526hlv%253D61448d3d-79ec-46f9-8d38-753f0a01000f%2523v_829401739 HTTP/1.1" 200 246
54.36.148.220 - - [16/Feb/2025:00:53:02 +0100] "GET /ticket2/opencms/it/buy?page=1&edid=36B8587B-9BD4-1599-9368-E59F9780F9A9 HTTP/1.1" 200 144727
20.171.207.223 - - [16/Feb/2025:00:53:03 +0100] "GET /ticket2/opencms/set_aff_cookie.jsp?partner=8F6DE15D-D831-5787-AE7E-FEFF53476F85&url=%252Fdk%252Fbuy%252Findex.html%253Fpage%253D1%2526edid%253D50F7AB81-6A9C-C90F-2794-DEB00B53E681%2526hlv%253D612aadca-1a7c-45c8-8509-73000a01000f%2523v_1525798909 HTTP/1.1" 200 247
20.171.207.223 - - [16/Feb/2025:00:53:04 +0100] "GET /ticket2/opencms/set_aff_cookie.jsp?partner=57601924-FB09-5BB2-867F-08B4EB522BA8&url=%252Ffi%252Fbuy%252Findex.html%253Fpage%253D1%2526edid%253DE1B0D8A0-D6A6-F1B8-598E-C8ECA85414D0%2526hlv%253D60ca1524-f7cc-44bc-8a2b-37590a01000f%2523v_483625883 HTTP/1.1" 200 246
54.85.126.86 - - [16/Feb/2025:00:53:04 +0100] "GET /ticket2/opencms/sv/buy/?eventid=0E534F2C-E817-A1D8-5F97-3F85053AADAE&page=10 HTTP/1.1" 200 92770
20.171.207.223 - - [16/Feb/2025:00:53:05 +0100] "GET /ticket2/opencms/set_aff_cookie.jsp?partner=692E2C6A-EC6F-1C93-AFCC-C5ACC23A93EA&url=%252Fsv%252Fbuy%252Findex.html%253Fpage%253D1%2526edid%253D028282C2-0C5B-764B-9EA9-7BEDB9FB5AF4%2526hlv%253D615c45cd-85dc-42c5-9a06-256e0a01000f%2523v_641942741 HTTP/1.1" 200 246
192.95.30.21 - - [16/Feb/2025:00:53:06 +0100] "GET /ticket2/opencms/fi/login/?edid=0E9E6355-4451-3402-6E1E-9044B4B2E5C3 HTTP/1.1" 200 91773
20.171.207.223 - - [16/Feb/2025:00:53:06 +0100] "GET /ticket2/opencms/set_aff_cookie.jsp?partner=5E0CDF29-E7BE-9F6B-6869-7BF66B04006F&url=%252Fru%252Fbuy%252Findex.html%253Fpage%253D1%2526edid%253D904A14D5-1C95-B81F-298C-0B73DA9FDE90%2526hlv%253D61151dd3-0fe8-4822-af00-04260a01000f%2523v_187350425 HTTP/1.1" 200 246
3.213.106.226 - - [16/Feb/2025:00:53:08 +0100] "GET /ticket2/opencms/sv/buy/?eventid=79669753-C02D-7AB0-CFD6-3BF306CEBDA8&page=10 HTTP/1.1" 200 92653
114.119.150.86 - - [16/Feb/2025:00:53:09 +0100] "GET /ticket2/opencms/privacy.html HTTP/1.1" 404 -
20.171.207.223 - - [16/Feb/2025:00:53:09 +0100] "GET /ticket2/opencms/set_aff_cookie.jsp?partner=57601924-FB09-5BB2-867F-08B4EB522BA8&url=%252Fnl%252Fbuy%252Findex.html%253Fpage%253D1%2526edid%253D038E9D5D-F853-3E62-678F-9F575C0DA65A%2526hlv%253D60ca0fcf-7580-4d2f-b112-36190a01000f%2523v_896597246 HTTP/1.1" 200 246
20.171.207.223 - - [16/Feb/2025:00:53:10 +0100] "GET /ticket2/opencms/set_aff_cookie.jsp?partner=692E2C6A-EC6F-1C93-AFCC-C5ACC23A93EA&url=%252Fsv%252Fbuy%252Findex.html%253Fpage%253D1%2526edid%253DD55BD468-305A-E062-3975-F5912C8D3F1B%2526hlv%253D615c4915-f9b0-4967-a2cb-27140a01000f%2523v_1238686537 HTTP/1.1" 200 247
192.95.30.21 - - [16/Feb/2025:00:53:11 +0100] "GET /ticket2/opencms/fi/login/?edid=139F3535-86E9-B228-454D-FE0034AF61D0 HTTP/1.1" 200 91795
54.147.182.90 - - [16/Feb/2025:00:53:12 +0100] "GET /ticket2/opencms/sv/buy/?eventid=E73257C8-B067-9195-A933-2A249C1917F3&page=10 HTTP/1.1" 200 92668
40.77.167.21 - - [16/Feb/2025:00:53:13 +0100] "GET /ticket2/opencms/es/buy/?page=1&edid=2E602F15-8DB1-8A7E-BB82-1387A272CE4B HTTP/1.1" 200 111996
54.36.148.241 - - [16/Feb/2025:00:53:13 +0100] "GET /ticket2/opencms/en/venue/?countryid=C5607D99-17A0-74C0-7750-F78B8898600C HTTP/1.1" 200 114733
46.250.162.10 - - [16/Feb/2025:00:53:14 +0100] "GET /ticket2/opencms/az/buy/?comcatid=A17713B6-D984-201A-4143-ED4DB5ED5C2E&catid=515A9A29-35A0-2DB8-262B-AEF122DB04F6 HTTP/1.1" 200 103413
52.4.238.8 - - [16/Feb/2025:00:53:16 +0100] "GET /ticket2/opencms/be/faq/ HTTP/1.1" 200 92554
207.46.13.116 - - [16/Feb/2025:00:53:17 +0100] "GET /ticket2/opencms/cs/magazine/article?title=prestup-do-mexickeho-rayados HTTP/1.1" 200 95511
192.95.30.21 - - [16/Feb/2025:00:53:17 +0100] "GET /ticket2/opencms/fi/login/?edid=145F87FE-BCE7-15CF-CE4F-3702933DA737 HTTP/1.1" 200 91790
173.252.107.8 - - [16/Feb/2025:00:53:17 +0100] "GET /ticket2/opencms/de/sport/fussball-tickets/premier_league HTTP/1.1" 200 102831
54.36.149.88 - - [16/Feb/2025:00:53:18 +0100] "GET /ticket2/opencms/bs/buy?page=1&edid=1E92A8C8-B0AD-5FE7-B7EF-0C8AA0F43370 HTTP/1.1" 200 90365
34.227.156.153 - - [16/Feb/2025:00:53:20 +0100] "GET /ticket2/opencms/be/magazine/article?title=bergvall-and-kulusevski-impress HTTP/1.1" 200 95045
20.171.207.223 - - [16/Feb/2025:00:53:20 +0100] "GET /ticket2/opencms/set_aff_cookie.jsp?partner=57601924-FB09-5BB2-867F-08B4EB522BA8&url=%252Fru%252Fbuy%252Findex.html%253Fpage%253D1%2526edid%253DB855F537-DE06-C9FC-EE20-2B91E0343DA6%2526hlv%253D610bcc12-e1c4-402d-b795-13ad0a01000f%2523v_1026263237 HTTP/1.1" 200 247
192.95.30.21 - - [16/Feb/2025:00:53:21 +0100] "GET /ticket2/opencms/fi/login/?edid=155A8AD9-1DB8-C195-1912-F1BA2EAEC8CF HTTP/1.1" 200 91790
20.171.207.223 - - [16/Feb/2025:00:53:23 +0100] "GET /ticket2/opencms/set_aff_cookie.jsp?partner=692E2C6A-EC6F-1C93-AFCC-C5ACC23A93EA&url=%252Fru%252Fbuy%252Findex.html%253Fpage%253D1%2526edid%253D82126C57-17A8-5DFA-CA0B-F524096F6163%2526hlv%253D611bb906-b908-4bc6-9558-4b360a01000f%2523v_167271771 HTTP/1.1" 200 246
114.119.157.43 - - [16/Feb/2025:00:53:23 +0100] "GET /ticket2/opencms/mo/buy?page=1&edid=2C81F7FB-5C92-E271-C03D-9F768923CF00 HTTP/1.1" 200 111668
20.171.207.223 - - [16/Feb/2025:00:53:24 +0100] "GET /ticket2/opencms/set_aff_cookie.jsp?partner=57601924-FB09-5BB2-867F-08B4EB522BA8&url=%252Fsv%252Fbuy%252Findex.html%253Fpage%253D1%2526edid%253D94E69B18-0F80-7FE4-39B6-9D83769C26BD%2526hlv%253D61475aca-ce7c-46a0-b0d2-09a20a01000f%2523v_172053903 HTTP/1.1" 200 246
23.20.178.124 - - [16/Feb/2025:00:53:24 +0100] "GET /ticket2/opencms/en/faq/ HTTP/1.1" 200 90637
20.171.207.223 - - [16/Feb/2025:00:53:25 +0100] "GET /ticket2/opencms/set_aff_cookie.jsp?partner=2E02071B-A8C3-4CBA-3097-C27D61C02ED8&url=%252Fen%252Fbuy%252Findex.html%253Fpage%253D1%2526edid%253D7D0FDED0-7BC4-4EA6-3DAA-20D3EE07613E%2526hlv%253D60f812e7-0590-4c87-b58b-5b6e0a01000f%2523v_577005000 HTTP/1.1" 200 246
192.95.30.21 - - [16/Feb/2025:00:53:25 +0100] "GET /ticket2/opencms/fi/login/?edid=159AEE85-969E-7453-4999-69FCFD2915E6 HTTP/1.1" 200 91858
20.171.207.223 - - [16/Feb/2025:00:53:26 +0100] "GET /ticket2/opencms/set_aff_cookie.jsp?partner=2E02071B-A8C3-4CBA-3097-C27D61C02ED8&url=%252Fen%252Fbuy%252Findex.html%253Fpage%253D1%2526edid%253D5A67179D-C7BD-4086-88F3-90FE704053E2%2526hlv%253D60cb5baf-f6cc-4ea6-9739-3ef70a01000f%2523v_1886999864 HTTP/1.1" 200 247
20.171.207.223 - - [16/Feb/2025:00:53:27 +0100] "GET /ticket2/opencms/set_aff_cookie.jsp?partner=8F6DE15D-D831-5787-AE7E-FEFF53476F85&url=%252Ffi%252Fbuy%252Findex.html%253Fpage%253D1%2526edid%253D1704DC47-D333-EEEA-B66A-BC4C3DDB8A1C%2526hlv%253D60ca0f76-6cd4-4a34-89f3-36340a01000f%2523v_1732385988 HTTP/1.1" 200 247
50.16.72.185 - - [16/Feb/2025:00:53:28 +0100] "GET /ticket2/opencms/sv/faq/ HTTP/1.1" 200 93100
54.36.149.101 - - [16/Feb/2025:00:53:28 +0100] "GET /ticket2/opencms/fr/buy?page=1&edid=72113169-CE1D-B963-8867-381A95276A39 HTTP/1.1" 200 111784
20.171.207.223 - - [16/Feb/2025:00:53:29 +0100] "GET /ticket2/opencms/set_aff_cookie.jsp?partner=57601924-FB09-5BB2-867F-08B4EB522BA8&url=%252Fru%252Fbuy%252Findex.html%253Fpage%253D1%2526edid%253D50F18BFF-700E-1E6F-C17F-C358E206F903%2526hlv%253D61449655-44d4-46d0-bf4e-78fd0a01000f%2523v_967881368 HTTP/1.1" 200 246
192.95.30.21 - - [16/Feb/2025:00:53:30 +0100] "GET /ticket2/opencms/fi/login/?edid=16436A63-E7D4-DEDF-5835-AB72708D4247 HTTP/1.1" 200 91856
20.171.207.223 - - [16/Feb/2025:00:53:31 +0100] "GET /ticket2/opencms/set_aff_cookie.jsp?partner=57601924-FB09-5BB2-867F-08B4EB522BA8&url=%252Fen%252Fbuy%252Findex.html%253Fpage%253D1%2526edid%253D22EC4137-73E0-6CCE-0699-2175D4DB160A%2526hlv%253D60f814eb-b1e0-4712-b224-5b830a01000f%2523v_200561516 HTTP/1.1" 200 246
3.221.50.71 - - [16/Feb/2025:00:53:32 +0100] "GET /ticket2/opencms/sv/magazine/article?title=bergvall-och-kulusevski-imponerar HTTP/1.1" 200 94113
20.171.207.223 - - [16/Feb/2025:00:53:32 +0100] "GET /ticket2/opencms/set_aff_cookie.jsp?partner=6F250EA7-4505-FA01-D601-8847F2573405&url=%252Fen%252Fbuy%252Findex.html%253Fpage%253D1%2526edid%253DF9CBA22B-02B6-5454-FAFF-0732F7408AFD%2526hlv%253D611519bd-4f80-4237-ae07-7eaa0a01000f%2523v_2082336308 HTTP/1.1" 200 247
20.171.207.223 - - [16/Feb/2025:00:53:33 +0100] "GET /ticket2/opencms/set_aff_cookie.jsp?partner=8F6DE15D-D831-5787-AE7E-FEFF53476F85&url=%252Fru%252Fbuy%252Findex.html%253Fpage%253D1%2526edid%253DBDC7A9EF-614D-2452-90FC-DE4C80D9457E%2526hlv%253D60f84687-5ad4-426f-9c7f-6ed00a01000f%2523v_1924562487 HTTP/1.1" 200 247
114.119.146.220 - - [16/Feb/2025:00:53:34 +0100] "GET /ticket2/opencms/es/buy/?page=1&edid=696D5B95-E686-DB57-A55C-2EEBDCC864DE HTTP/1.1" 200 90380
54.84.147.79 - - [16/Feb/2025:00:53:36 +0100] "GET /ticket2/opencms/sv/buy?edid=096598FE-DA35-4351-DFEE-DC9ACA0F0EF9&page=1 HTTP/1.1" 200 134541
192.95.30.21 - - [16/Feb/2025:00:53:36 +0100] "GET /ticket2/opencms/fi/login/?edid=176C6667-42C1-1632-7378-F783D5B7C94D HTTP/1.1" 200 91890
52.167.144.145 - - [16/Feb/2025:00:53:37 +0100] "GET /ticket2/opencms/mt/magazine/article?title=bergvall-u-kulusevski-jispiraw HTTP/1.1" 200 94387
40.77.167.123 - - [16/Feb/2025:00:53:38 +0100] "GET /ticket2/opencms/hr/magazine/article?title=stadion-emirates HTTP/1.1" 200 94732
54.36.148.92 - - [16/Feb/2025:00:53:40 +0100] "GET /ticket2/opencms/pl/buy?page=1&edid=2000B814-5798-93BD-839A-CF4F349DB54F HTTP/1.1" 200 111827
34.226.89.140 - - [16/Feb/2025:00:53:40 +0100] "GET /ticket2/opencms/sv/buy?edid=0B7E5CA2-F588-894B-B701-64E6B9532C54&page=1 HTTP/1.1" 200 127052
192.95.30.21 - - [16/Feb/2025:00:53:40 +0100] "GET /ticket2/opencms/fi/login/?edid=17F4FAB1-2218-BA74-7D37-AA0EA115C361 HTTP/1.1" 200 91784
40.77.167.30 - - [16/Feb/2025:00:53:41 +0100] "GET /ticket2/opencms/dk/magazine/article?title=viktor-gyokeres-til-manchester-united HTTP/1.1" 200 91889
20.171.207.223 - - [16/Feb/2025:00:53:42 +0100] "GET /ticket2/opencms/set_aff_cookie.jsp?partner=6F250EA7-4505-FA01-D601-8847F2573405&url=%252Fdk%252Fbuy%252Findex.html%253Fpage%253D1%2526edid%253D1922F4C1-0D89-1ACA-A50D-EFC3C58AA17B%2526hlv%253D6149ea82-08cc-427e-9eef-1dc50a01000f%2523v_713460710 HTTP/1.1" 200 246
54.91.122.193 - - [16/Feb/2025:00:53:44 +0100] "GET /ticket2/opencms/sv/buy?edid=0C94170C-17F1-0823-E8AC-91EC149F33EC&page=1 HTTP/1.1" 200 134543
192.95.30.21 - - [16/Feb/2025:00:53:45 +0100] "GET /ticket2/opencms/fi/login/?edid=18631B4D-241F-1419-AEC9-B2739BCE7CC3 HTTP/1.1" 200 91863
20.171.207.223 - - [16/Feb/2025:00:53:46 +0100] "GET /ticket2/opencms/set_aff_cookie.jsp?partner=57601924-FB09-5BB2-867F-08B4EB522BA8&url=%252Fno%252Fbuy%252Findex.html%253Fpage%253D1%2526edid%253DD94AE43C-36DF-9EFE-9CDF-702DED3992BF%2526hlv%253D60f968f4-0af0-473d-9bc6-61850a01000f%2523v_1346172742 HTTP/1.1" 200 247
20.171.207.223 - - [16/Feb/2025:00:53:47 +0100] "GET /ticket2/opencms/set_aff_cookie.jsp?partner=692E2C6A-EC6F-1C93-AFCC-C5ACC23A93EA&url=%252Fdk%252Fbuy%252Findex.html%253Fpage%253D1%2526edid%253D8D91D59E-3F0A-3FEA-2B47-5251F7B4BE3B%2526hlv%253D60f80ed0-2740-4323-9227-57fd0a01000f%2523v_638106922 HTTP/1.1" 200 246
20.171.207.223 - - [16/Feb/2025:00:53:48 +0100] "GET /ticket2/opencms/set_aff_cookie.jsp?partner=692E2C6A-EC6F-1C93-AFCC-C5ACC23A93EA&url=%252Fno%252Fbuy%252Findex.html%253Fpage%253D1%2526edid%253DFEB03BB6-02B5-C800-F6B0-987523006767%2526hlv%253D60f5c5b6-b8c0-414c-945b-1eb60a01000f%2523v_961373440 HTTP/1.1" 200 246
54.152.163.42 - - [16/Feb/2025:00:53:48 +0100] "GET /ticket2/opencms/sv/buy?edid=10597F35-2AC7-31D2-FB61-15A36BB6D73B&page=1 HTTP/1.1" 200 135496
20.171.207.223 - - [16/Feb/2025:00:53:49 +0100] "GET /ticket2/opencms/set_aff_cookie.jsp?partner=2E02071B-A8C3-4CBA-3097-C27D61C02ED8&url=%252Fno%252Fbuy%252Findex.html%253Fpage%253D1%2526edid%253DC3C3C4B4-8DE9-0BBD-5349-6EF9935BCF15%2526hlv%253D60f9588b-2180-40d7-a0fc-59200a01000f%2523v_218823952 HTTP/1.1" 200 246
192.95.30.21 - - [16/Feb/2025:00:53:49 +0100] "GET /ticket2/opencms/fi/login/?edid=1B8F518C-70C1-6862-0544-4A1418DD424D HTTP/1.1" 200 91861
20.171.207.223 - - [16/Feb/2025:00:53:50 +0100] "GET /ticket2/opencms/set_aff_cookie.jsp?partner=8F6DE15D-D831-5787-AE7E-FEFF53476F85&url=%252Fen%252Fbuy%252Findex.html%253Fpage%253D1%2526edid%253DCF3BDDE8-6C6B-F85B-528C-11C48A316B2B%2526hlv%253D60d0e48b-34ec-410f-8d82-40a20a01000f%2523v_150428062 HTTP/1.1" 200 246
111.119.232.252 - - [16/Feb/2025:00:53:51 +0100] "GET /ticket2/opencms/az/buy?page=1&edid=7C66830B-04B4-AE40-EDE3-9E8728F88692 HTTP/1.1" 200 109023
20.171.207.223 - - [16/Feb/2025:00:53:51 +0100] "GET /ticket2/opencms/set_aff_cookie.jsp?partner=8F6DE15D-D831-5787-AE7E-FEFF53476F85&url=%252Fen%252Fbuy%252Findex.html%253Fpage%253D1%2526edid%253DA6F0405B-6F91-7436-17DE-B2C293A2F2A2%2526hlv%253D610a517f-69f4-4fda-b7c8-07410a01000f%2523v_429296393 HTTP/1.1" 200 246
54.36.148.224 - - [16/Feb/2025:00:53:52 +0100] "GET /ticket2/opencms/lt/buy?page=1&edid=1E92A8C8-B0AD-5FE7-B7EF-0C8AA0F43370 HTTP/1.1" 200 90379
54.162.69.192 - - [16/Feb/2025:00:53:52 +0100] "GET /ticket2/opencms/sv/buy?edid=160DAC9A-2A77-6FDC-52B8-296352B1ABF1&page=1 HTTP/1.1" 200 136807
20.171.207.223 - - [16/Feb/2025:00:53:53 +0100] "GET /ticket2/opencms/set_aff_cookie.jsp?partner=2E02071B-A8C3-4CBA-3097-C27D61C02ED8&url=%252Fdk%252Fbuy%252Findex.html%253Fpage%253D1%2526edid%253D3F3A734D-4382-40A1-90C1-DDCABA9E878B%2526hlv%253D60f84839-f7c4-442e-985b-6ed00a01000f%2523v_1151748514 HTTP/1.1" 200 247
192.95.30.21 - - [16/Feb/2025:00:53:54 +0100] "GET /ticket2/opencms/fi/login/?edid=1BC0BBFE-967C-F7B4-0C52-12FD3D877614 HTTP/1.1" 200 91863
20.171.207.223 - - [16/Feb/2025:00:53:55 +0100] "GET /ticket2/opencms/set_aff_cookie.jsp?partner=2E02071B-A8C3-4CBA-3097-C27D61C02ED8&url=%252Fru%252Fbuy%252Findex.html%253Fpage%253D1%2526edid%253D30B90E18-08FF-50F0-57E7-09B58974F8E4%2526hlv%253D60ca09c4-08b8-47b6-afe4-35c10a01000f%2523v_1644189585 HTTP/1.1" 200 247
20.171.207.223 - - [16/Feb/2025:00:53:56 +0100] "GET /ticket2/opencms/set_aff_cookie.jsp?partner=2E02071B-A8C3-4CBA-3097-C27D61C02ED8&url=%252Fsv%252Fbuy%252Findex.html%253Fpage%253D1%2526edid%253D4767511A-7A13-FE82-852A-E42C79A7D688%2526hlv%253D60f8107a-7c10-4b4c-b2ff-5a1d0a01000f%2523v_396396418 HTTP/1.1" 200 246
54.221.203.24 - - [16/Feb/2025:00:53:56 +0100] "GET /ticket2/opencms/sv/buy?edid=1ABC406A-92BD-FDCF-3BD6-80A52E60B34F&page=1 HTTP/1.1" 200 144038
173.252.107.112 - - [16/Feb/2025:00:53:58 +0100] "GET /ticket2/opencms/fi/buy/?page=1&edid=812FD49D-304A-7328-3A5E-992562A1F44A HTTP/1.1" 200 111588
192.95.30.21 - - [16/Feb/2025:00:53:58 +0100] "GET /ticket2/opencms/fi/login/?edid=26467E66-E432-3709-0425-A75E81B5021A HTTP/1.1" 200 91748
52.204.174.139 - - [16/Feb/2025:00:54:00 +0100] "GET /ticket2/opencms/sv/buy?edid=1AD4E11C-C792-1721-4D1A-2229101A30FD&page=1 HTTP/1.1" 200 144141
47.243.178.179 - - [16/Feb/2025:00:54:00 +0100] "GET /ticket2/opencms/fi/buy/?page=1&edid=6A920F16-DD42-2262-3AA2-B83D5743F13A HTTP/1.1" 200 139877
85.208.96.211 - - [16/Feb/2025:00:54:01 +0100] "GET /ticket2/opencms/fi/musikaalit/ HTTP/1.1" 200 93044
192.95.30.21 - - [16/Feb/2025:00:54:03 +0100] "GET /ticket2/opencms/fi/login/?edid=268D8165-50F1-AAA8-6C6A-3ABAD53C8B35 HTTP/1.1" 200 91882
20.171.207.223 - - [16/Feb/2025:00:54:05 +0100] "GET /ticket2/opencms/set_aff_cookie.jsp?partner=692E2C6A-EC6F-1C93-AFCC-C5ACC23A93EA&url=%252Fsv%252Fbuy%252Findex.html%253Fpage%253D1%2526edid%253D9AE493CE-16E5-66DA-B419-2CD7D152F786%2526hlv%253D60c9e0c6-a990-44c9-8bc2-22f60a01000f%2523v_385389932 HTTP/1.1" 200 246
3.216.13.10 - - [16/Feb/2025:00:54:05 +0100] "GET /ticket2/opencms/sv/buy?edid=1B66F7E9-6D68-7258-D0DB-383034F8302F&page=1 HTTP/1.1" 200 134477
54.36.148.99 - - [16/Feb/2025:00:54:05 +0100] "GET /ticket2/opencms/ro/buy?page=1&edid=56062CAE-66F5-81C7-DD42-F372CD5AE180 HTTP/1.1" 200 112587
94.191.136.80 - - [16/Feb/2025:00:54:07 +0100] "GET /ticket2/opencms/ HTTP/1.1" 302 -
192.95.30.21 - - [16/Feb/2025:00:54:08 +0100] "GET /ticket2/opencms/fi/login/?edid=27BD86C3-7872-0F2C-F4EA-C29B4E4DC0EF HTTP/1.1" 200 91828
44.205.192.249 - - [16/Feb/2025:00:54:08 +0100] "GET /ticket2/opencms/sv/buy?edid=25666712-CB7E-CDDD-4626-F1CD96C38316&page=1 HTTP/1.1" 200 144422
20.171.207.223 - - [16/Feb/2025:00:54:09 +0100] "GET /ticket2/opencms/set_aff_cookie.jsp?partner=2E02071B-A8C3-4CBA-3097-C27D61C02ED8&url=%252Fsv%252Fbuy%252Findex.html%253Fpage%253D1%2526edid%253DF2C7182B-D237-C2BF-D71F-CBB98BBDC9C7%2526hlv%253D60f5c58a-2c64-4fce-b34a-1df10a01000f%2523v_1054167375 HTTP/1.1" 200 247
94.191.136.80 - - [16/Feb/2025:00:54:09 +0100] "GET /ticket2/opencms/sv/ HTTP/1.1" 200 108520
94.191.136.80 - - [16/Feb/2025:00:54:09 +0100] "GET /ticket2/opencms/system/modules/com.gridnine.opencms.ticketbrokerage.site/resources/js/jquery/jquery.js HTTP/1.1" 200 93868
94.191.136.80 - - [16/Feb/2025:00:54:09 +0100] "GET /ticket2/opencms/system/modules/com.gridnine.opencms.ticketbrokerage.site/resources/js/jquery/jquery-ui.js HTTP/1.1" 200 228088
94.191.136.80 - - [16/Feb/2025:00:54:09 +0100] "GET /ticket2/opencms/system/modules/com.gridnine.opencms.ticketbrokerage.site/resources/css/jquery-ui.css HTTP/1.1" 200 33221
94.191.136.80 - - [16/Feb/2025:00:54:09 +0100] "GET /ticket2/opencms/system/modules/com.gridnine.opencms.ticketbrokerage.site/resources/css/calendar.css HTTP/1.1" 200 6871
94.191.136.80 - - [16/Feb/2025:00:54:09 +0100] "GET /ticket2/opencms/system/modules/com.gridnine.opencms.ticketbrokerage.site/resources/css/ticketbrokerage.css HTTP/1.1" 200 39339
94.191.136.80 - - [16/Feb/2025:00:54:09 +0100] "GET /ticket2/opencms/system/modules/com.gridnine.opencms.ticketbrokerage.site/resources/css/jquery.fancybox.css HTTP/1.1" 200 4939
94.191.136.80 - - [16/Feb/2025:00:54:09 +0100] "GET /ticket2/opencms/system/modules/com.gridnine.opencms.ticketbrokerage.site/resources/css/standard.css HTTP/1.1" 200 73904
94.191.136.80 - - [16/Feb/2025:00:54:09 +0100] "GET /ticket2/opencms/system/modules/com.gridnine.opencms.ticketbrokerage.site/resources/js/functions.js HTTP/1.1" 200 1583
94.191.136.80 - - [16/Feb/2025:00:54:09 +0100] "GET /ticket2/opencms/system/modules/com.gridnine.opencms.ticketbrokerage.site/resources/js/calendar-setup.js HTTP/1.1" 200 4923
94.191.136.80 - - [16/Feb/2025:00:54:09 +0100] "GET /ticket2/opencms/system/modules/com.gridnine.opencms.ticketbrokerage.site/resources/js/calendar-en.js HTTP/1.1" 200 3338
94.191.136.80 - - [16/Feb/2025:00:54:09 +0100] "GET /ticket2/opencms/system/modules/com.gridnine.opencms.ticketbrokerage.site/resources/js/calendar.js HTTP/1.1" 200 49229
94.191.136.80 - - [16/Feb/2025:00:54:09 +0100] "GET /ticket2/opencms/system/modules/com.gridnine.opencms.ticketbrokerage.site/resources/js/jquery.fancybox.pack.js HTTP/1.1" 200 23187
94.191.136.80 - - [16/Feb/2025:00:54:09 +0100] "GET /ticket2/opencms/system/modules/com.gridnine.opencms.ticketbrokerage.site/resources/js/stickyfill.min.js HTTP/1.1" 200 5672
94.191.136.80 - - [16/Feb/2025:00:54:09 +0100] "GET /ticket2/opencms/system/modules/com.gridnine.opencms.ticketbrokerage.site/resources/js/standard.js HTTP/1.1" 200 3983
94.191.136.80 - - [16/Feb/2025:00:54:09 +0100] "GET /ticket2/opencms/system/modules/com.gridnine.opencms.ticketbrokerage.site/resources/js/common-ajax.js HTTP/1.1" 200 20175
94.191.136.80 - - [16/Feb/2025:00:54:09 +0100] "GET /ticket2/opencms/system/modules/com.gridnine.opencms.ticketbrokerage.site/resources/js/jquery.placeholder.min.js HTTP/1.1" 200 1737
94.191.136.80 - - [16/Feb/2025:00:54:09 +0100] "GET /ticket2/opencms/system/modules/com.gridnine.opencms.ticketbrokerage.site/resources/pics/logo-new.png HTTP/1.1" 200 13541
94.191.136.80 - - [16/Feb/2025:00:54:09 +0100] "GET /ticket2/opencms/img/insta.png HTTP/1.1" 200 3967
94.191.136.80 - - [16/Feb/2025:00:54:09 +0100] "GET /ticket2/opencms/img/fb.png HTTP/1.1" 200 1269
94.191.136.80 - - [16/Feb/2025:00:54:09 +0100] "GET /ticket2/opencms/img/check.png HTTP/1.1" 200 548
94.191.136.80 - - [16/Feb/2025:00:54:09 +0100] "GET /ticket2/opencms/system/modules/com.gridnine.opencms.ticketbrokerage.site/resources/pics/footer-img.jpg HTTP/1.1" 200 67642
94.191.136.80 - - [16/Feb/2025:00:54:10 +0100] "GET /ticket2/opencms/img/mail.png HTTP/1.1" 200 403
94.191.136.80 - - [16/Feb/2025:00:54:10 +0100] "GET /ticket2/opencms/img/chat.png HTTP/1.1" 200 416
94.191.136.80 - - [16/Feb/2025:00:54:10 +0100] "GET /ticket2/opencms/img/arrow.png HTTP/1.1" 200 753
94.191.136.80 - - [16/Feb/2025:00:54:10 +0100] "GET /ticket2/opencms/img/icons/globe-white.png HTTP/1.1" 200 947
20.171.207.223 - - [16/Feb/2025:00:54:10 +0100] "GET /ticket2/opencms/set_aff_cookie.jsp?partner=6F250EA7-4505-FA01-D601-8847F2573405&url=%252Fdk%252Fbuy%252Findex.html%253Fpage%253D1%2526edid%253DABD71631-87BB-6A7C-FC5E-66817F361F35%2526hlv%253D60f81fb8-f8f0-457d-a77d-60330a01000f%2523v_1773326200 HTTP/1.1" 200 247
94.191.136.80 - - [16/Feb/2025:00:54:10 +0100] "GET /ticket2/opencms/img/banner-ll.jpeg HTTP/1.1" 200 41825
94.191.136.80 - - [16/Feb/2025:00:54:10 +0100] "GET /ticket2/opencms/img/banner-pl.jpeg HTTP/1.1" 200 41818
94.191.136.80 - - [16/Feb/2025:00:54:10 +0100] "GET /ticket2/opencms/img/icons/se.png HTTP/1.1" 200 1258
94.191.136.80 - - [16/Feb/2025:00:54:11 +0100] "GET /ticket2/opencms/img/icons/fi.png HTTP/1.1" 200 1785
94.191.136.80 - - [16/Feb/2025:00:54:11 +0100] "GET /ticket2/opencms/img/icons/no.png HTTP/1.1" 200 1958
94.191.136.80 - - [16/Feb/2025:00:54:11 +0100] "GET /ticket2/opencms/img/icons/dk.png HTTP/1.1" 200 1706
94.191.136.80 - - [16/Feb/2025:00:54:11 +0100] "GET /ticket2/opencms/img/icons/nl.png HTTP/1.1" 200 1255
94.191.136.80 - - [16/Feb/2025:00:54:11 +0100] "GET /ticket2/opencms/img/icons/de.png HTTP/1.1" 200 1124
20.171.207.223 - - [16/Feb/2025:00:54:11 +0100] "GET /ticket2/opencms/set_aff_cookie.jsp?partner=5E0CDF29-E7BE-9F6B-6869-7BF66B04006F&url=%252Ffi%252Fbuy%252Findex.html%253Fpage%253D1%2526edid%253DBBC9E6CA-B1D9-1FBB-70CA-BD39F7126BAB%2526hlv%253D610a5752-edc0-44d7-b309-09f30a01000f%2523v_1597189610 HTTP/1.1" 200 247
94.191.136.80 - - [16/Feb/2025:00:54:11 +0100] "GET /ticket2/opencms/img/icons/fr.png HTTP/1.1" 200 1764
94.191.136.80 - - [16/Feb/2025:00:54:11 +0100] "GET /ticket2/opencms/img/icons/en.png HTTP/1.1" 200 2415
94.191.136.80 - - [16/Feb/2025:00:54:11 +0100] "GET /ticket2/opencms/img/icons/es.png HTTP/1.1" 200 1005
94.191.136.80 - - [16/Feb/2025:00:54:11 +0100] "GET /ticket2/opencms/img/icons/pl.png HTTP/1.1" 200 1578
94.191.136.80 - - [16/Feb/2025:00:54:11 +0100] "GET /ticket2/opencms/img/icons/bs.png HTTP/1.1" 200 1014
94.191.136.80 - - [16/Feb/2025:00:54:11 +0100] "GET /ticket2/opencms/img/icons/bg.png HTTP/1.1" 200 788
94.191.136.80 - - [16/Feb/2025:00:54:11 +0100] "GET /ticket2/opencms/img/icons/hr.png HTTP/1.1" 200 2024
94.191.136.80 - - [16/Feb/2025:00:54:11 +0100] "GET /ticket2/opencms/img/icons/cs.png HTTP/1.1" 200 1883
94.191.136.80 - - [16/Feb/2025:00:54:11 +0100] "GET /ticket2/opencms/img/icons/it.png HTTP/1.1" 200 2040
94.191.136.80 - - [16/Feb/2025:00:54:11 +0100] "GET /ticket2/opencms/img/icons/el.png HTTP/1.1" 200 1637
94.191.136.80 - - [16/Feb/2025:00:54:11 +0100] "GET /ticket2/opencms/img/icons/ka.png HTTP/1.1" 200 860
94.191.136.80 - - [16/Feb/2025:00:54:11 +0100] "GET /ticket2/opencms/img/icons/hu.png HTTP/1.1" 200 733
94.191.136.80 - - [16/Feb/2025:00:54:11 +0100] "GET /ticket2/opencms/img/icons/sq.png HTTP/1.1" 200 1619
94.191.136.80 - - [16/Feb/2025:00:54:11 +0100] "GET /ticket2/opencms/img/icons/be.png HTTP/1.1" 200 1663
94.191.136.80 - - [16/Feb/2025:00:54:11 +0100] "GET /ticket2/opencms/img/icons/is.png HTTP/1.1" 200 1884
94.191.136.80 - - [16/Feb/2025:00:54:11 +0100] "GET /ticket2/opencms/img/icons/lv.png HTTP/1.1" 200 716
94.191.136.80 - - [16/Feb/2025:00:54:11 +0100] "GET /ticket2/opencms/img/icons/lt.png HTTP/1.1" 200 733
94.191.136.80 - - [16/Feb/2025:00:54:11 +0100] "GET /ticket2/opencms/img/icons/ga.png HTTP/1.1" 200 1759
94.191.136.80 - - [16/Feb/2025:00:54:11 +0100] "GET /ticket2/opencms/img/icons/mt.png HTTP/1.1" 200 920
94.191.136.80 - - [16/Feb/2025:00:54:11 +0100] "GET /ticket2/opencms/img/icons/et.png HTTP/1.1" 200 754
185.191.171.18 - - [16/Feb/2025:00:54:11 +0100] "GET /ticket2/opencms/fi/urheilu/jalkapallo/ligue_1/lille/ HTTP/1.1" 404 -
94.191.136.80 - - [16/Feb/2025:00:54:11 +0100] "GET /ticket2/opencms/img/icons/sr.png HTTP/1.1" 200 1602
94.191.136.80 - - [16/Feb/2025:00:54:11 +0100] "GET /ticket2/opencms/img/icons/mo.png HTTP/1.1" 200 1468
94.191.136.80 - - [16/Feb/2025:00:54:11 +0100] "GET /ticket2/opencms/img/icons/sl.png HTTP/1.1" 200 966
94.191.136.80 - - [16/Feb/2025:00:54:11 +0100] "GET /ticket2/opencms/img/icons/ro.png HTTP/1.1" 200 1393
94.191.136.80 - - [16/Feb/2025:00:54:11 +0100] "GET /ticket2/opencms/img/icons/sk.png HTTP/1.1" 200 1283
94.191.136.80 - - [16/Feb/2025:00:54:12 +0100] "GET /ticket2/opencms/img/icons/uk.png HTTP/1.1" 200 1272
94.191.136.80 - - [16/Feb/2025:00:54:12 +0100] "GET /ticket2/opencms/img/icons/tr.png HTTP/1.1" 200 1636
94.191.136.80 - - [16/Feb/2025:00:54:12 +0100] "GET /ticket2/opencms/img/banner-sa.jpeg HTTP/1.1" 200 41270
94.191.136.80 - - [16/Feb/2025:00:54:12 +0100] "GET /ticket2/opencms/img/icons/az.png HTTP/1.1" 200 1445
54.85.7.119 - - [16/Feb/2025:00:54:12 +0100] "GET /ticket2/opencms/sv/buy?edid=2684212B-FA50-DC4B-3CFA-1303E9638140&page=1 HTTP/1.1" 200 129839
94.191.136.80 - - [16/Feb/2025:00:54:12 +0100] "GET /ticket2/opencms/system/modules/com.gridnine.opencms.ticketbrokerage.site/resources/js/standard.js HTTP/1.1" 200 3983
20.171.207.223 - - [16/Feb/2025:00:54:12 +0100] "GET /ticket2/opencms/set_aff_cookie.jsp?partner=23A6AD98-906E-5BDD-600E-EC4EC8A45F97&url=%252Fen%252Fbuy%252Findex.html%253Fpage%253D1%2526edid%253D590EDDB9-B981-09D2-E0FC-F6E1B491368A%2526hlv%253D614495b7-6480-4f7e-bf5e-78940a01000f%2523v_1035046650 HTTP/1.1" 200 247
94.191.136.80 - - [16/Feb/2025:00:54:12 +0100] "GET /ticket2/opencms/img/icons/ticket2.thumbnail.png HTTP/1.1" 200 21519
192.95.30.21 - - [16/Feb/2025:00:54:13 +0100] "GET /ticket2/opencms/fi/login/?edid=28A6E7FD-D65F-A6F4-3169-9BF29E71D596 HTTP/1.1" 200 91816
20.171.207.223 - - [16/Feb/2025:00:54:13 +0100] "GET /ticket2/opencms/set_aff_cookie.jsp?partner=692E2C6A-EC6F-1C93-AFCC-C5ACC23A93EA&url=%252Fru%252Fbuy%252Findex.html%253Fpage%253D1%2526edid%253DDEC5FD59-47B9-C401-93D5-AF9656E4B9E7%2526hlv%253D61154cd4-c31c-4536-9214-15fa0a01000f%2523v_1178434421 HTTP/1.1" 200 247
114.119.132.9 - - [16/Feb/2025:00:54:14 +0100] "GET /ticket2/opencms/en/venue/?venueid=316F63CB-1987-416B-84A9-D2C76D53F441 HTTP/1.1" 200 85336
20.171.207.223 - - [16/Feb/2025:00:54:14 +0100] "GET /ticket2/opencms/set_aff_cookie.jsp?partner=5E0CDF29-E7BE-9F6B-6869-7BF66B04006F&url=%252Fsv%252Fbuy%252Findex.html%253Fpage%253D1%2526edid%253DFEB03BB6-02B5-C800-F6B0-987523006767%2526hlv%253D60f5c5b6-56a0-4426-84b4-1eb60a01000f%2523v_1140784507 HTTP/1.1" 200 247
94.191.136.80 - - [16/Feb/2025:00:54:15 +0100] "GET /ticket2/opencms/sv/search.html?searchQuery=Arsenal&submit= HTTP/1.1" 200 115342
94.191.136.80 - - [16/Feb/2025:00:54:15 +0100] "GET /ticket2/opencms/system/modules/com.gridnine.opencms.ticketbrokerage.site/resources/js/calendar-en.js HTTP/1.1" 200 3338
94.191.136.80 - - [16/Feb/2025:00:54:15 +0100] "GET /ticket2/opencms/system/modules/com.gridnine.opencms.ticketbrokerage.site/resources/js/calendar-setup.js HTTP/1.1" 200 4923
94.191.136.80 - - [16/Feb/2025:00:54:15 +0100] "GET /ticket2/opencms/system/modules/com.gridnine.opencms.ticketbrokerage.site/resources/js/standard.js HTTP/1.1" 200 3983
94.191.136.80 - - [16/Feb/2025:00:54:15 +0100] "GET /ticket2/opencms/system/modules/com.gridnine.opencms.ticketbrokerage.site/resources/css/ticketbrokerage.css HTTP/1.1" 200 39339
94.191.136.80 - - [16/Feb/2025:00:54:15 +0100] "GET /ticket2/opencms/system/modules/com.gridnine.opencms.ticketbrokerage.site/resources/css/calendar.css HTTP/1.1" 200 6871
94.191.136.80 - - [16/Feb/2025:00:54:15 +0100] "GET /ticket2/opencms/system/modules/com.gridnine.opencms.ticketbrokerage.site/resources/js/calendar.js HTTP/1.1" 200 49229
94.191.136.80 - - [16/Feb/2025:00:54:15 +0100] "GET /ticket2/opencms/system/modules/com.gridnine.opencms.ticketbrokerage.site/resources/js/functions.js HTTP/1.1" 200 1583
94.191.136.80 - - [16/Feb/2025:00:54:15 +0100] "GET /ticket2/opencms/system/modules/com.gridnine.opencms.ticketbrokerage.site/resources/css/standard.css HTTP/1.1" 200 73904
94.191.136.80 - - [16/Feb/2025:00:54:15 +0100] "GET /ticket2/opencms/system/modules/com.gridnine.opencms.ticketbrokerage.site/resources/pics/bank_1_nordea.png HTTP/1.1" 200 4807
94.191.136.80 - - [16/Feb/2025:00:54:15 +0100] "GET /ticket2/opencms/system/modules/com.gridnine.opencms.ticketbrokerage.site/resources/pics/bank_2_handelsbanken.png HTTP/1.1" 200 4509
94.191.136.80 - - [16/Feb/2025:00:54:15 +0100] "GET /ticket2/opencms/sv/ask-form.html HTTP/1.1" 200 2950
94.191.136.80 - - [16/Feb/2025:00:54:15 +0100] "GET /ticket2/opencms/system/modules/com.gridnine.opencms.ticketbrokerage.site/resources/pics/bank_3_swedbank.png HTTP/1.1" 200 5740
94.191.136.80 - - [16/Feb/2025:00:54:15 +0100] "GET /ticket2/opencms/system/modules/com.gridnine.opencms.ticketbrokerage.site/resources/pics/bank_4_seb.png HTTP/1.1" 200 2487
94.191.136.80 - - [16/Feb/2025:00:54:15 +0100] "GET /ticket2/opencms/system/modules/com.gridnine.opencms.ticketbrokerage.site/resources/pics/arrow.gif HTTP/1.1" 200 344
94.191.136.80 - - [16/Feb/2025:00:54:15 +0100] "GET /ticket2/opencms/system/modules/com.gridnine.opencms.ticketbrokerage.site/resources/pics/bank_5_visa_mastercard.png HTTP/1.1" 200 8196
94.191.136.80 - - [16/Feb/2025:00:54:15 +0100] "GET /ticket2/opencms/system/modules/com.gridnine.opencms.ticketbrokerage.site/resources/css/ticketbrokerage.css HTTP/1.1" 200 39339
94.191.136.80 - - [16/Feb/2025:00:54:15 +0100] "GET /ticket2/opencms/system/modules/com.gridnine.opencms.ticketbrokerage.site/resources/pics/bank_6_american_express.png HTTP/1.1" 200 5570
94.191.136.80 - - [16/Feb/2025:00:54:15 +0100] "GET /ticket2/opencms/system/modules/com.gridnine.opencms.ticketbrokerage.site/resources/css/images/ui-bg_flat_75_ffffff_40x100.png HTTP/1.1" 404 -
94.191.136.80 - - [16/Feb/2025:00:54:15 +0100] "GET /ticket2/opencms/system/modules/com.gridnine.opencms.ticketbrokerage.site/resources/pics/form_marker.gif HTTP/1.1" 200 43
