185.205.225.86 - - [16/Feb/2025:00:30:44 +0100] "GET /ticket2/opencms/system/modules/com.gridnine.opencms.ticketbrokerage.site/resources/js/jquery/jquery.js HTTP/1.1" 200 93868
185.205.225.86 - - [16/Feb/2025:00:30:44 +0100] "GET /ticket2/opencms/system/modules/com.gridnine.opencms.ticketbrokerage.site/resources/js/jquery/jquery-ui.js HTTP/1.1" 200 228088
185.205.225.86 - - [16/Feb/2025:00:30:44 +0100] "GET /ticket2/opencms/system/modules/com.gridnine.opencms.ticketbrokerage.site/resources/css/ticketbrokerage.css HTTP/1.1" 200 39339
185.205.225.86 - - [16/Feb/2025:00:30:44 +0100] "GET /ticket2/opencms/system/modules/com.gridnine.opencms.ticketbrokerage.site/resources/css/jquery-ui.css HTTP/1.1" 200 33221
185.205.225.86 - - [16/Feb/2025:00:30:44 +0100] "GET /ticket2/opencms/system/modules/com.gridnine.opencms.ticketbrokerage.site/resources/css/standard.css HTTP/1.1" 200 73904
185.205.225.86 - - [16/Feb/2025:00:30:44 +0100] "GET /ticket2/opencms/system/modules/com.gridnine.opencms.ticketbrokerage.site/resources/css/jquery.fancybox.css HTTP/1.1" 200 4939
185.205.225.86 - - [16/Feb/2025:00:30:44 +0100] "GET /ticket2/opencms/system/modules/com.gridnine.opencms.ticketbrokerage.site/resources/css/calendar.css HTTP/1.1" 200 6871
185.205.225.86 - - [16/Feb/2025:00:30:44 +0100] "GET /ticket2/opencms/system/modules/com.gridnine.opencms.ticketbrokerage.site/resources/js/functions.js HTTP/1.1" 200 1583
185.205.225.86 - - [16/Feb/2025:00:30:44 +0100] "GET /ticket2/opencms/system/modules/com.gridnine.opencms.ticketbrokerage.site/resources/js/jquery.placeholder.min.js HTTP/1.1" 200 1737
185.205.225.86 - - [16/Feb/2025:00:30:44 +0100] "GET /ticket2/opencms/system/modules/com.gridnine.opencms.ticketbrokerage.site/resources/js/calendar-setup.js HTTP/1.1" 200 4923
185.205.225.86 - - [16/Feb/2025:00:30:44 +0100] "GET /ticket2/opencms/system/modules/com.gridnine.opencms.ticketbrokerage.site/resources/js/common-ajax.js HTTP/1.1" 200 20175
185.205.225.86 - - [16/Feb/2025:00:30:44 +0100] "GET /ticket2/opencms/system/modules/com.gridnine.opencms.ticketbrokerage.site/resources/js/calendar-en.js HTTP/1.1" 200 3338
185.205.225.86 - - [16/Feb/2025:00:30:44 +0100] "GET /ticket2/opencms/system/modules/com.gridnine.opencms.ticketbrokerage.site/resources/js/calendar.js HTTP/1.1" 200 49229
185.205.225.86 - - [16/Feb/2025:00:30:44 +0100] "GET /ticket2/opencms/system/modules/com.gridnine.opencms.ticketbrokerage.site/resources/js/jquery.fancybox.pack.js HTTP/1.1" 200 23187
185.205.225.86 - - [16/Feb/2025:00:30:45 +0100] "GET /ticket2/opencms/system/modules/com.gridnine.opencms.ticketbrokerage.site/resources/js/stickyfill.min.js HTTP/1.1" 200 5672
185.205.225.86 - - [16/Feb/2025:00:30:45 +0100] "GET /ticket2/opencms/system/modules/com.gridnine.opencms.ticketbrokerage.site/resources/js/standard.js HTTP/1.1" 200 3983
185.205.225.86 - - [16/Feb/2025:00:30:45 +0100] "GET /ticket2/opencms/system/modules/com.gridnine.opencms.ticketbrokerage.site/resources/pics/logo-new.png HTTP/1.1" 200 13541
185.205.225.86 - - [16/Feb/2025:00:30:45 +0100] "GET /ticket2/opencms/img/insta.png HTTP/1.1" 200 3967
185.205.225.86 - - [16/Feb/2025:00:30:45 +0100] "GET /ticket2/opencms/img/icons/globe-white.png HTTP/1.1" 200 947
185.205.225.86 - - [16/Feb/2025:00:30:45 +0100] "GET /ticket2/opencms/img/fb.png HTTP/1.1" 200 1269
185.205.225.86 - - [16/Feb/2025:00:30:45 +0100] "GET /ticket2/opencms/system/modules/com.gridnine.opencms.ticketbrokerage.site/resources/pics/banners/sv/premier_league_sv.png HTTP/1.1" 200 13518
185.205.225.86 - - [16/Feb/2025:00:30:45 +0100] "GET /ticket2/opencms/system/modules/com.gridnine.opencms.ticketbrokerage.site/resources/pics/footer-img.jpg HTTP/1.1" 200 67642
185.205.225.86 - - [16/Feb/2025:00:30:45 +0100] "GET /ticket2/opencms/img/check.png HTTP/1.1" 200 548
185.205.225.86 - - [16/Feb/2025:00:30:45 +0100] "GET /ticket2/opencms/img/icons/se.png HTTP/1.1" 200 1258
185.205.225.86 - - [16/Feb/2025:00:30:45 +0100] "GET /ticket2/opencms/img/icons/en.png HTTP/1.1" 200 2415
185.205.225.86 - - [16/Feb/2025:00:30:45 +0100] "GET /ticket2/opencms/img/mail.png HTTP/1.1" 200 403
185.205.225.86 - - [16/Feb/2025:00:30:45 +0100] "GET /ticket2/opencms/img/icons/fi.png HTTP/1.1" 200 1785
185.205.225.86 - - [16/Feb/2025:00:30:45 +0100] "GET /ticket2/opencms/img/chat.png HTTP/1.1" 200 416
185.205.225.86 - - [16/Feb/2025:00:30:45 +0100] "GET /ticket2/opencms/img/icons/no.png HTTP/1.1" 200 1958
185.205.225.86 - - [16/Feb/2025:00:30:45 +0100] "GET /ticket2/opencms/img/arrow.png HTTP/1.1" 200 753
185.205.225.86 - - [16/Feb/2025:00:30:45 +0100] "GET /ticket2/opencms/img/icons/dk.png HTTP/1.1" 200 1706
185.205.225.86 - - [16/Feb/2025:00:30:45 +0100] "GET /ticket2/opencms/img/icons/nl.png HTTP/1.1" 200 1255
185.205.225.86 - - [16/Feb/2025:00:30:45 +0100] "GET /ticket2/opencms/img/icons/de.png HTTP/1.1" 200 1124
185.205.225.86 - - [16/Feb/2025:00:30:45 +0100] "GET /ticket2/opencms/img/icons/fr.png HTTP/1.1" 200 1764
185.205.225.86 - - [16/Feb/2025:00:30:45 +0100] "GET /ticket2/opencms/img/icons/es.png HTTP/1.1" 200 1005
185.205.225.86 - - [16/Feb/2025:00:30:45 +0100] "GET /ticket2/opencms/img/icons/it.png HTTP/1.1" 200 2040
185.205.225.86 - - [16/Feb/2025:00:30:45 +0100] "GET /ticket2/opencms/img/icons/pl.png HTTP/1.1" 200 1578
185.205.225.86 - - [16/Feb/2025:00:30:45 +0100] "GET /ticket2/opencms/img/icons/sq.png HTTP/1.1" 200 1619
185.205.225.86 - - [16/Feb/2025:00:30:45 +0100] "GET /ticket2/opencms/img/icons/az.png HTTP/1.1" 200 1445
185.205.225.86 - - [16/Feb/2025:00:30:45 +0100] "GET /ticket2/opencms/img/icons/be.png HTTP/1.1" 200 1663
185.205.225.86 - - [16/Feb/2025:00:30:45 +0100] "GET /ticket2/opencms/img/icons/bs.png HTTP/1.1" 200 1014
185.205.225.86 - - [16/Feb/2025:00:30:45 +0100] "GET /ticket2/opencms/img/icons/bg.png HTTP/1.1" 200 788
185.205.225.86 - - [16/Feb/2025:00:30:45 +0100] "GET /ticket2/opencms/img/icons/hu.png HTTP/1.1" 200 733
185.205.225.86 - - [16/Feb/2025:00:30:45 +0100] "GET /ticket2/opencms/img/icons/ka.png HTTP/1.1" 200 860
185.205.225.86 - - [16/Feb/2025:00:30:45 +0100] "GET /ticket2/opencms/img/icons/is.png HTTP/1.1" 200 1884
185.205.225.86 - - [16/Feb/2025:00:30:45 +0100] "GET /ticket2/opencms/img/icons/ga.png HTTP/1.1" 200 1759
185.205.225.86 - - [16/Feb/2025:00:30:45 +0100] "GET /ticket2/opencms/img/icons/hr.png HTTP/1.1" 200 2024
185.205.225.86 - - [16/Feb/2025:00:30:45 +0100] "GET /ticket2/opencms/img/icons/lv.png HTTP/1.1" 200 716
185.205.225.86 - - [16/Feb/2025:00:30:45 +0100] "GET /ticket2/opencms/img/icons/lt.png HTTP/1.1" 200 733
185.205.225.86 - - [16/Feb/2025:00:30:45 +0100] "GET /ticket2/opencms/img/icons/cs.png HTTP/1.1" 200 1883
185.205.225.86 - - [16/Feb/2025:00:30:45 +0100] "GET /ticket2/opencms/img/icons/mt.png HTTP/1.1" 200 920
185.205.225.86 - - [16/Feb/2025:00:30:45 +0100] "GET /ticket2/opencms/img/icons/mo.png HTTP/1.1" 200 1468
185.205.225.86 - - [16/Feb/2025:00:30:45 +0100] "GET /ticket2/opencms/img/icons/ro.png HTTP/1.1" 200 1393
185.205.225.86 - - [16/Feb/2025:00:30:45 +0100] "GET /ticket2/opencms/img/icons/sr.png HTTP/1.1" 200 1602
185.205.225.86 - - [16/Feb/2025:00:30:45 +0100] "GET /ticket2/opencms/img/icons/sk.png HTTP/1.1" 200 1283
20.171.207.223 - - [16/Feb/2025:00:30:45 +0100] "GET /ticket2/opencms/set_aff_cookie.jsp?partner=57601924-FB09-5BB2-867F-08B4EB522BA8&url=%252Fdk%252Fbuy%252Findex.html%253Fpage%253D1%2526edid%253D30CB7959-9308-5BEA-03F2-ADAC2FC91A64%2526hlv%253D60f844ca-e07c-4bb7-ba6b-6ec40a01000f%2523v_1044928045 HTTP/1.1" 200 247
185.205.225.86 - - [16/Feb/2025:00:30:45 +0100] "GET /ticket2/opencms/img/icons/sl.png HTTP/1.1" 200 966
185.205.225.86 - - [16/Feb/2025:00:30:45 +0100] "GET /ticket2/opencms/img/icons/uk.png HTTP/1.1" 200 1272
185.205.225.86 - - [16/Feb/2025:00:30:45 +0100] "GET /ticket2/opencms/img/icons/tr.png HTTP/1.1" 200 1636
185.205.225.86 - - [16/Feb/2025:00:30:46 +0100] "GET /ticket2/opencms/img/icons/el.png HTTP/1.1" 200 1637
185.205.225.86 - - [16/Feb/2025:00:30:46 +0100] "GET /ticket2/opencms/img/icons/et.png HTTP/1.1" 200 754
185.205.225.86 - - [16/Feb/2025:00:30:46 +0100] "GET /ticket2/opencms/img/icons/ticket2.thumbnail.png HTTP/1.1" 200 21519
185.205.225.86 - - [16/Feb/2025:00:30:46 +0100] "GET /ticket2/opencms/system/modules/com.gridnine.opencms.ticketbrokerage.site/resources/js/standard.js HTTP/1.1" 200 3983
66.249.76.43 - - [16/Feb/2025:00:30:47 +0100] "GET /ticket2/opencms/nl/magazine/article?title=rodrigo-bentancur-geschorst-voor-zeven-wedstrijden-na-racistische-uitlating HTTP/1.1" 200 92050
54.36.148.208 - - [16/Feb/2025:00:30:48 +0100] "GET /ticket2/opencms/pl/buy?page=1&edid=57449F59-3EAF-BBAB-4AC9-B7A456A32485 HTTP/1.1" 200 123841
20.171.207.223 - - [16/Feb/2025:00:30:48 +0100] "GET /ticket2/opencms/set_aff_cookie.jsp?partner=692E2C6A-EC6F-1C93-AFCC-C5ACC23A93EA&url=%252Fru%252Fbuy%252Findex.html%253Fpage%253D1%2526edid%253DC40B04F3-522D-9ED3-C6F9-40FD85E2C8C7%2526hlv%253D61127dd6-4464-4f56-98e6-2fdb0a01000f%2523v_966748582 HTTP/1.1" 200 246
35.169.240.53 - - [16/Feb/2025:00:30:49 +0100] "GET /ticket2/opencms/sv/buy/?eventid=5DA5DC18-0429-6963-A61D-B44FBFE19212&page=10 HTTP/1.1" 200 93809
159.138.107.159 - - [16/Feb/2025:00:30:52 +0100] "GET /ticket2/opencms/az/buy?page=1&edid=46F37BE7-B2F6-BEA5-12C9-E1FFD36B0DD0 HTTP/1.1" 200 118329
20.171.207.223 - - [16/Feb/2025:00:30:52 +0100] "GET /ticket2/opencms/set_aff_cookie.jsp?partner=8F6DE15D-D831-5787-AE7E-FEFF53476F85&url=%252Fsv%252Fbuy%252Findex.html%253Fpage%253D1%2526edid%253D26946324-80EA-5BC2-A081-74A9001A9422%2526hlv%253D60f6996b-d5b8-4214-ac21-644f0a01000f%2523v_498094905 HTTP/1.1" 200 246
20.171.207.223 - - [16/Feb/2025:00:30:53 +0100] "GET /ticket2/opencms/set_aff_cookie.jsp?partner=5E0CDF29-E7BE-9F6B-6869-7BF66B04006F&url=%252Fru%252Fbuy%252Findex.html%253Fpage%253D1%2526edid%253D2D8E9E91-F40A-9CD3-B790-C21028BAFFF7%2526hlv%253D61126f8e-bb80-44da-8aa8-297f0a01000f%2523v_1771928996 HTTP/1.1" 200 247
185.205.225.86 - - [16/Feb/2025:00:30:53 +0100] "GET /ticket2/opencms/sv/sport/fotbollsbiljetter/premier_league/manchester_united/ HTTP/1.1" 200 101661
185.205.225.86 - - [16/Feb/2025:00:30:53 +0100] "GET /ticket2/opencms/system/modules/com.gridnine.opencms.ticketbrokerage.site/resources/css/calendar.css HTTP/1.1" 200 6871
185.205.225.86 - - [16/Feb/2025:00:30:53 +0100] "GET /ticket2/opencms/system/modules/com.gridnine.opencms.ticketbrokerage.site/resources/js/calendar-en.js HTTP/1.1" 200 3338
185.205.225.86 - - [16/Feb/2025:00:30:53 +0100] "GET /ticket2/opencms/system/modules/com.gridnine.opencms.ticketbrokerage.site/resources/js/calendar-setup.js HTTP/1.1" 200 4923
185.205.225.86 - - [16/Feb/2025:00:30:53 +0100] "GET /ticket2/opencms/system/modules/com.gridnine.opencms.ticketbrokerage.site/resources/js/standard.js HTTP/1.1" 200 3983
185.205.225.86 - - [16/Feb/2025:00:30:53 +0100] "GET /ticket2/opencms/system/modules/com.gridnine.opencms.ticketbrokerage.site/resources/css/ticketbrokerage.css HTTP/1.1" 200 39339
185.205.225.86 - - [16/Feb/2025:00:30:53 +0100] "GET /ticket2/opencms/system/modules/com.gridnine.opencms.ticketbrokerage.site/resources/css/standard.css HTTP/1.1" 200 73904
185.205.225.86 - - [16/Feb/2025:00:30:53 +0100] "GET /ticket2/opencms/system/modules/com.gridnine.opencms.ticketbrokerage.site/resources/js/functions.js HTTP/1.1" 200 1583
185.205.225.86 - - [16/Feb/2025:00:30:53 +0100] "GET /ticket2/opencms/system/modules/com.gridnine.opencms.ticketbrokerage.site/resources/js/calendar.js HTTP/1.1" 200 49229
185.205.225.86 - - [16/Feb/2025:00:30:53 +0100] "GET /ticket2/opencms/system/modules/com.gridnine.opencms.ticketbrokerage.site/resources/pics/banners/team/premier_league/manchester_united.png HTTP/1.1" 200 13884
20.171.207.223 - - [16/Feb/2025:00:30:54 +0100] "GET /ticket2/opencms/set_aff_cookie.jsp?partner=5E0CDF29-E7BE-9F6B-6869-7BF66B04006F&url=%252Fen%252Fbuy%252Findex.html%253Fpage%253D1%2526edid%253DFF280179-DE3D-F1DD-C8B7-E4D396043DC6%2526hlv%253D610bcb6c-2724-43a7-bd04-13ae0a01000f%2523v_1574266065 HTTP/1.1" 200 247
85.208.96.210 - - [16/Feb/2025:00:30:55 +0100] "GET /ticket2/opencms/sr/about/contact HTTP/1.1" 200 86788
20.171.207.223 - - [16/Feb/2025:00:30:55 +0100] "GET /ticket2/opencms/set_aff_cookie.jsp?partner=57601924-FB09-5BB2-867F-08B4EB522BA8&url=%252Ffi%252Fbuy%252Findex.html%253Fpage%253D1%2526edid%253DAEA7539C-CDCF-5E07-37D0-A655181FBABC%2526hlv%253D60f84da0-fc84-4cbc-864d-6ecf0a01000f%2523v_417180914 HTTP/1.1" 200 246
44.195.145.102 - - [16/Feb/2025:00:30:56 +0100] "GET /ticket2/opencms/sv/sell/?edid=F17C9A03-9EE8-3021-F3ED-C1A41F2235FA HTTP/1.1" 302 -
69.171.249.116 - - [16/Feb/2025:00:30:57 +0100] "GET /ticket2/opencms/nl/buy/?page=1&edid=92DF4928-935F-6F67-3394-E1ED2A861E35 HTTP/1.1" 200 109589
54.36.149.39 - - [16/Feb/2025:00:30:58 +0100] "GET /ticket2/opencms/lt/buy?page=1&edid=57449F59-3EAF-BBAB-4AC9-B7A456A32485 HTTP/1.1" 200 123984
20.171.207.223 - - [16/Feb/2025:00:30:58 +0100] "GET /ticket2/opencms/set_aff_cookie.jsp?partner=692E2C6A-EC6F-1C93-AFCC-C5ACC23A93EA&url=%252Ffi%252Fbuy%252Findex.html%253Fpage%253D1%2526edid%253D2011FF90-8A57-6A2F-9B46-947EE7103FE5%2526hlv%253D615c4849-1738-4171-88d0-27130a01000f%2523v_1181530623 HTTP/1.1" 200 247
20.171.207.223 - - [16/Feb/2025:00:30:59 +0100] "GET /ticket2/opencms/set_aff_cookie.jsp?partner=6F250EA7-4505-FA01-D601-8847F2573405&url=%252Fru%252Fbuy%252Findex.html%253Fpage%253D1%2526edid%253D4D091DAA-A6FD-9335-E2FA-E89697CE58C9%2526hlv%253D60c9e59d-4dcc-487c-8992-237e0a01000f%2523v_130304248 HTTP/1.1" 200 246
185.205.225.86 - - [16/Feb/2025:00:31:00 +0100] "GET /ticket2/opencms/sv/buy/?page=1&edid=3583D5C7-607A-E528-A709-844E6A72DC1B HTTP/1.1" 200 140479
185.205.225.86 - - [16/Feb/2025:00:31:00 +0100] "GET /ticket2/opencms/system/modules/com.gridnine.opencms.ticketbrokerage.site/resources/css/ticketbrokerage.css HTTP/1.1" 200 39339
185.205.225.86 - - [16/Feb/2025:00:31:00 +0100] "GET /ticket2/opencms/system/modules/com.gridnine.opencms.ticketbrokerage.site/resources/js/calendar.js HTTP/1.1" 200 49229
185.205.225.86 - - [16/Feb/2025:00:31:00 +0100] "GET /ticket2/opencms/system/modules/com.gridnine.opencms.ticketbrokerage.site/resources/js/calendar-en.js HTTP/1.1" 200 3338
185.205.225.86 - - [16/Feb/2025:00:31:00 +0100] "GET /ticket2/opencms/system/modules/com.gridnine.opencms.ticketbrokerage.site/resources/js/calendar-setup.js HTTP/1.1" 200 4923
185.205.225.86 - - [16/Feb/2025:00:31:00 +0100] "GET /ticket2/opencms/system/modules/com.gridnine.opencms.ticketbrokerage.site/resources/js/standard.js HTTP/1.1" 200 3983
185.205.225.86 - - [16/Feb/2025:00:31:00 +0100] "GET /ticket2/opencms/system/modules/com.gridnine.opencms.ticketbrokerage.site/resources/css/calendar.css HTTP/1.1" 200 6871
185.205.225.86 - - [16/Feb/2025:00:31:00 +0100] "GET /ticket2/opencms/system/modules/com.gridnine.opencms.ticketbrokerage.site/resources/css/standard.css HTTP/1.1" 200 73904
185.205.225.86 - - [16/Feb/2025:00:31:00 +0100] "GET /ticket2/opencms/venue/old_trafford.png HTTP/1.1" 200 89001
35.173.18.61 - - [16/Feb/2025:00:31:00 +0100] "GET /ticket2/opencms/sv/buy/?eventid=5DA5DC18-0429-6963-A61D-B44FBFE19212&page=10&venueid=696CF794-7D31-9FC6-0B42-8ABB3E78F390 HTTP/1.1" 200 95250
185.205.225.86 - - [16/Feb/2025:00:31:00 +0100] "GET /ticket2/opencms/system/modules/com.gridnine.opencms.ticketbrokerage.site/resources/js/functions.js HTTP/1.1" 200 1583
185.205.225.86 - - [16/Feb/2025:00:31:00 +0100] "GET /ticket2/opencms/system/modules/com.gridnine.opencms.ticketbrokerage.site/resources/pics/0.gif HTTP/1.1" 200 43
185.205.225.86 - - [16/Feb/2025:00:31:00 +0100] "GET /ticket2/opencms/system/modules/com.gridnine.opencms.ticketbrokerage.site/resources/pics/two_man.png HTTP/1.1" 200 3407
185.205.225.86 - - [16/Feb/2025:00:31:00 +0100] "GET /ticket2/opencms/system/modules/com.gridnine.opencms.ticketbrokerage.site/resources/pics/ticket_info_button.png HTTP/1.1" 200 3820
185.205.225.86 - - [16/Feb/2025:00:31:00 +0100] "GET /ticket2/opencms/sv/ask-form.html HTTP/1.1" 200 2950
185.205.225.86 - - [16/Feb/2025:00:31:00 +0100] "GET /ticket2/opencms/system/modules/com.gridnine.opencms.ticketbrokerage.site/resources/css/ticketbrokerage.css HTTP/1.1" 200 39339
185.205.225.86 - - [16/Feb/2025:00:31:00 +0100] "GET /ticket2/opencms/system/modules/com.gridnine.opencms.ticketbrokerage.site/resources/pics/arrow.gif HTTP/1.1" 200 344
185.205.225.86 - - [16/Feb/2025:00:31:00 +0100] "GET /ticket2/opencms/system/modules/com.gridnine.opencms.ticketbrokerage.site/resources/pics/form_marker.gif HTTP/1.1" 200 43
185.205.225.86 - - [16/Feb/2025:00:31:01 +0100] "GET /ticket2/opencms/system/modules/com.gridnine.opencms.ticketbrokerage.site/resources/pics/button1_right.gif HTTP/1.1" 200 232
185.205.225.86 - - [16/Feb/2025:00:31:01 +0100] "GET /ticket2/opencms/system/modules/com.gridnine.opencms.ticketbrokerage.site/resources/pics/button1_left.gif HTTP/1.1" 200 232
185.205.225.86 - - [16/Feb/2025:00:31:01 +0100] "GET /ticket2/opencms/img/arrow-down.png HTTP/1.1" 200 192
185.205.225.86 - - [16/Feb/2025:00:31:01 +0100] "GET /ticket2/opencms/system/modules/com.gridnine.opencms.ticketbrokerage.site/resources/pics/button1_center.gif HTTP/1.1" 200 66
20.171.207.223 - - [16/Feb/2025:00:31:01 +0100] "GET /ticket2/opencms/set_aff_cookie.jsp?partner=23A6AD98-906E-5BDD-600E-EC4EC8A45F97&url=%252Fen%252Fbuy%252Findex.html%253Fpage%253D1%2526edid%253D97B6F388-41F1-ECE1-6945-6F81F9384D51%2526hlv%253D60f81c15-b318-4831-ae39-5dc90a01000f%2523v_1961110897 HTTP/1.1" 200 247
20.171.207.223 - - [16/Feb/2025:00:31:02 +0100] "GET /ticket2/opencms/set_aff_cookie.jsp?partner=8F6DE15D-D831-5787-AE7E-FEFF53476F85&url=%252Fru%252Fbuy%252Findex.html%253Fpage%253D1%2526edid%253DD737459F-8C33-1A07-DB7F-17A3C6E8F82A%2526hlv%253D60f816be-ea10-48cb-bf40-5b830a01000f%2523v_1699613908 HTTP/1.1" 200 247
52.203.237.170 - - [16/Feb/2025:00:31:04 +0100] "GET /ticket2/opencms/sv/buy/?eventid=E905DA2C-5D8D-BA69-DE15-192CCE2B6813&page=10 HTTP/1.1" 200 93862
54.36.149.22 - - [16/Feb/2025:00:31:05 +0100] "GET /ticket2/opencms/es/deporte/entradas-futbol/bundesliga/stuttgart HTTP/1.1" 200 100065
52.167.144.206 - - [16/Feb/2025:00:31:05 +0100] "GET /ticket2/opencms/az/buy/?page=1&edid=E4CE59AD-0A49-0DBB-D7BA-829D59D33CD7 HTTP/1.1" 200 90515
202.8.42.55 - - [16/Feb/2025:00:31:06 +0100] "GET /ticket2/opencms/system/modules/com.gridnine.opencms.ticketbrokerage.site/resources/css/jquery.fancybox.css HTTP/1.1" 200 4939
202.8.42.55 - - [16/Feb/2025:00:31:06 +0100] "GET /ticket2/opencms/system/modules/com.gridnine.opencms.ticketbrokerage.site/resources/css/standard.css HTTP/1.1" 200 73904
202.8.42.55 - - [16/Feb/2025:00:31:06 +0100] "GET /ticket2/opencms/system/modules/com.gridnine.opencms.ticketbrokerage.site/resources/css/jquery-ui.css HTTP/1.1" 200 33221
202.8.42.55 - - [16/Feb/2025:00:31:06 +0100] "GET /ticket2/opencms/system/modules/com.gridnine.opencms.ticketbrokerage.site/resources/css/ticketbrokerage.css HTTP/1.1" 200 39339
202.8.42.55 - - [16/Feb/2025:00:31:06 +0100] "GET /ticket2/opencms/system/modules/com.gridnine.opencms.ticketbrokerage.site/resources/css/calendar.css HTTP/1.1" 200 6871
202.8.42.55 - - [16/Feb/2025:00:31:06 +0100] "GET /ticket2/opencms/system/modules/com.gridnine.opencms.ticketbrokerage.site/resources/js/jquery/jquery.js HTTP/1.1" 200 93868
202.8.42.55 - - [16/Feb/2025:00:31:06 +0100] "GET /ticket2/opencms/system/modules/com.gridnine.opencms.ticketbrokerage.site/resources/js/jquery/jquery-ui.js HTTP/1.1" 200 228088
202.8.42.55 - - [16/Feb/2025:00:31:06 +0100] "GET /ticket2/opencms/system/modules/com.gridnine.opencms.ticketbrokerage.site/resources/js/functions.js HTTP/1.1" 200 1583
202.8.42.55 - - [16/Feb/2025:00:31:06 +0100] "GET /ticket2/opencms/system/modules/com.gridnine.opencms.ticketbrokerage.site/resources/js/calendar.js HTTP/1.1" 200 49229
202.8.42.55 - - [16/Feb/2025:00:31:06 +0100] "GET /ticket2/opencms/system/modules/com.gridnine.opencms.ticketbrokerage.site/resources/js/calendar-en.js HTTP/1.1" 200 3338
202.8.42.55 - - [16/Feb/2025:00:31:06 +0100] "GET /ticket2/opencms/system/modules/com.gridnine.opencms.ticketbrokerage.site/resources/js/calendar-setup.js HTTP/1.1" 200 4923
202.8.42.55 - - [16/Feb/2025:00:31:06 +0100] "GET /ticket2/opencms/system/modules/com.gridnine.opencms.ticketbrokerage.site/resources/js/jquery.fancybox.pack.js HTTP/1.1" 200 23187
202.8.42.55 - - [16/Feb/2025:00:31:06 +0100] "GET /ticket2/opencms/system/modules/com.gridnine.opencms.ticketbrokerage.site/resources/js/standard.js HTTP/1.1" 200 3983
202.8.42.55 - - [16/Feb/2025:00:31:06 +0100] "GET /ticket2/opencms/system/modules/com.gridnine.opencms.ticketbrokerage.site/resources/js/stickyfill.min.js HTTP/1.1" 200 5672
202.8.42.55 - - [16/Feb/2025:00:31:07 +0100] "GET /ticket2/opencms/system/modules/com.gridnine.opencms.ticketbrokerage.site/resources/js/jquery.placeholder.min.js HTTP/1.1" 200 1737
202.8.42.55 - - [16/Feb/2025:00:31:07 +0100] "GET /ticket2/opencms/system/modules/com.gridnine.opencms.ticketbrokerage.site/resources/js/common-ajax.js HTTP/1.1" 200 20175
114.119.130.154 - - [16/Feb/2025:00:31:08 +0100] "GET /ticket2/opencms/mt/buy?page=1&edid=BBEC338A-242D-58E1-7095-18B90F7D3463 HTTP/1.1" 200 112571
47.128.119.19 - - [16/Feb/2025:00:31:09 +0100] "GET /ticket2/opencms/de/sport/fussball-tickets/bundesliga/borussia-monchengladbach/ HTTP/1.1" 200 101774
35.170.205.140 - - [16/Feb/2025:00:31:12 +0100] "GET /ticket2/opencms/sv/buy/?eventid=E905DA2C-5D8D-BA69-DE15-192CCE2B6813&page=10&venueid=6F35A585-C7A7-198F-956D-F8F0D81EEC09 HTTP/1.1" 200 95381
54.36.148.115 - - [16/Feb/2025:00:31:13 +0100] "GET /ticket2/opencms/ka/buy?page=1&edid=57449F59-3EAF-BBAB-4AC9-B7A456A32485 HTTP/1.1" 200 130086
185.205.225.86 - - [16/Feb/2025:00:31:14 +0100] "GET /ticket2/opencms/venue/old_trafford.png HTTP/1.1" 200 89001
185.205.225.86 - - [16/Feb/2025:00:31:14 +0100] "GET /ticket2/opencms/favicon.ico HTTP/1.1" 200 15406
47.128.127.240 - - [16/Feb/2025:00:31:14 +0100] "GET /ticket2/opencms/sk/buy?edid=F17C9A03-9EE8-3021-F3ED-C1A41F2235FA HTTP/1.1" 200 91696
20.171.207.223 - - [16/Feb/2025:00:31:16 +0100] "GET /ticket2/opencms/set_aff_cookie.jsp?partner=2E02071B-A8C3-4CBA-3097-C27D61C02ED8&url=%252Fnl%252Fbuy%252Findex.html%253Fpage%253D1%2526edid%253D9A05EF4D-4376-E584-2657-07D966D7B743%2526hlv%253D60ca1e98-17e8-4ed2-8091-41000a01000f%2523v_986936346 HTTP/1.1" 200 246
20.171.207.223 - - [16/Feb/2025:00:31:16 +0100] "GET /ticket2/opencms/set_aff_cookie.jsp?partner=2E02071B-A8C3-4CBA-3097-C27D61C02ED8&url=%252Fen%252Fbuy%252Findex.html%253Fpage%253D1%2526edid%253DBCFFDAAC-B9B5-C20B-47F3-6D7E6A633444%2526hlv%253D610bcb5e-523c-4241-91e3-13ae0a01000f%2523v_1500686158 HTTP/1.1" 200 247
3.93.211.16 - - [16/Feb/2025:00:31:17 +0100] "GET /ticket2/opencms/sv/sell/?edid=7D93CEA8-790B-90BC-58EC-CA5B0CB3CBFB HTTP/1.1" 302 -
20.171.207.223 - - [16/Feb/2025:00:31:18 +0100] "GET /ticket2/opencms/set_aff_cookie.jsp?partner=692E2C6A-EC6F-1C93-AFCC-C5ACC23A93EA&url=%252Fsv%252Fbuy%252Findex.html%253Fpage%253D1%2526edid%253D92D9A674-EDB4-A0FB-C5DF-A3BAFA7768AC%2526hlv%253D60ca1015-5304-411e-9ee7-34ce0a01000f%2523v_1733329545 HTTP/1.1" 200 247
85.208.96.206 - - [16/Feb/2025:00:31:18 +0100] "GET /ticket2/opencms/lt/sport/futbolo-bilietai/premier-league/everton/ HTTP/1.1" 200 99752
20.171.207.223 - - [16/Feb/2025:00:31:19 +0100] "GET /ticket2/opencms/set_aff_cookie.jsp?partner=6F250EA7-4505-FA01-D601-8847F2573405&url=%252Fru%252Fbuy%252Findex.html%253Fpage%253D1%2526edid%253D0AF722C7-398C-BD7F-56C9-079824699138%2526hlv%253D60f81b9b-a7cc-401e-a26e-5d1e0a01000f%2523v_100202357 HTTP/1.1" 200 246
47.128.24.69 - - [16/Feb/2025:00:31:19 +0100] "GET /ticket2/opencms/dk/sport/fodboldbilletter/champions_league/sevilla/ HTTP/1.1" 200 87599
20.171.207.223 - - [16/Feb/2025:00:31:20 +0100] "GET /ticket2/opencms/set_aff_cookie.jsp?partner=8F6DE15D-D831-5787-AE7E-FEFF53476F85&url=%252Fru%252Fbuy%252Findex.html%253Fpage%253D1%2526edid%253D7A5ADC93-0EC8-0537-E5DD-6AC1A00B3DE9%2526hlv%253D60f812ab-7b4c-4575-8c39-5b710a01000f%2523v_1114204527 HTTP/1.1" 200 247
54.84.250.51 - - [16/Feb/2025:00:31:20 +0100] "GET /ticket2/opencms/sv/buy/?edid=EAA98A6E-20F3-6D01-3D0B-DC007380F0E3&page=1 HTTP/1.1" 200 110749
40.77.167.61 - - [16/Feb/2025:00:31:20 +0100] "GET /ticket2/opencms/cs/buy/?id=81B744E7-1FEE-E757-C0AB-C7AF73CDE252 HTTP/1.1" 200 91574
20.171.207.223 - - [16/Feb/2025:00:31:21 +0100] "GET /ticket2/opencms/set_aff_cookie.jsp?partner=692E2C6A-EC6F-1C93-AFCC-C5ACC23A93EA&url=%252Fen%252Fbuy%252Findex.html%253Fpage%253D1%2526edid%253DC2CD3885-D663-89B2-61C9-751DA9A6EAB2%2526hlv%253D60f6993a-9e8c-4fea-bb1f-62fb0a01000f%2523v_369440038 HTTP/1.1" 200 246
40.77.167.61 - - [16/Feb/2025:00:31:22 +0100] "GET /ticket2/opencms/sr/buy/?page=1&edid=D6BA25E1-A509-502D-0E54-BAB009CB8284 HTTP/1.1" 200 109128
40.77.167.61 - - [16/Feb/2025:00:31:23 +0100] "GET /ticket2/opencms/lt/buy?page=1&edid=C4C2A65A-40AE-982E-2427-F232C3866A5D HTTP/1.1" 200 110985
54.36.148.161 - - [16/Feb/2025:00:31:23 +0100] "GET /ticket2/opencms/ga/buy?page=1&edid=D4F26649-49E7-D9AD-008F-6A1EF16B5F3C HTTP/1.1" 200 127467
23.98.186.180 - - [16/Feb/2025:00:31:23 +0100] "GET /ticket2/opencms/robots.txt HTTP/1.1" 304 -
20.171.207.223 - - [16/Feb/2025:00:31:24 +0100] "GET /ticket2/opencms/set_aff_cookie.jsp?partner=8F6DE15D-D831-5787-AE7E-FEFF53476F85&url=%252Ffi%252Fbuy%252Findex.html%253Fpage%253D1%2526edid%253D2B069145-96C4-9DB2-7920-56A0B5CF95BF%2526hlv%253D60c9ec37-e058-47c9-82c2-28380a01000f%2523v_1778947033 HTTP/1.1" 200 247
47.128.120.16 - - [16/Feb/2025:00:31:24 +0100] "GET /ticket2/opencms/no/sport/fotballsbilletter/champions_league/final/ HTTP/1.1" 200 87923
54.84.250.51 - - [16/Feb/2025:00:31:24 +0100] "GET /ticket2/opencms/sv/buy/?eventid=19AD6356-6E10-9C9F-9FF7-23862BF7038B&page=10 HTTP/1.1" 200 97323
23.98.186.180 - - [16/Feb/2025:00:31:24 +0100] "GET /ticket2/opencms/sv/konsertbiljetter/eminem/ HTTP/1.1" 200 88500
185.205.225.86 - - [16/Feb/2025:00:31:25 +0100] "GET /ticket2/opencms/sv/buy/?page=1&edid=3583D5C7-607A-E528-A709-844E6A72DC1B HTTP/1.1" 200 140354
185.205.225.86 - - [16/Feb/2025:00:31:25 +0100] "GET /ticket2/opencms/sv/ask-form.html HTTP/1.1" 200 2950
47.128.120.16 - - [16/Feb/2025:00:31:25 +0100] "GET /ticket2/opencms/system/modules/com.gridnine.opencms.ticketbrokerage.site/resources/pics/banners/sv/champions_league_sv.png HTTP/1.1" 200 72579
20.171.207.223 - - [16/Feb/2025:00:31:26 +0100] "GET /ticket2/opencms/set_aff_cookie.jsp?partner=8F6DE15D-D831-5787-AE7E-FEFF53476F85&url=%252Ffi%252Fbuy%252Findex.html%253Fpage%253D1%2526edid%253D199EDE4E-5A92-8B6F-9481-A1A89D98DFB8%2526hlv%253D60f8165c-16dc-4bd5-9770-5bd40a01000f%2523v_621858040 HTTP/1.1" 200 246
47.128.120.16 - - [16/Feb/2025:00:31:26 +0100] "GET /ticket2/opencms/img/chat.png HTTP/1.1" 200 416
20.171.207.223 - - [16/Feb/2025:00:31:28 +0100] "GET /ticket2/opencms/set_aff_cookie.jsp?partner=692E2C6A-EC6F-1C93-AFCC-C5ACC23A93EA&url=%252Fru%252Fbuy%252Findex.html%253Fpage%253D1%2526edid%253DFABCE528-F916-4368-C148-CD3FBF7DABD2%2526hlv%253D61154e3c-5e28-4ff8-a2d1-15fa0a01000f%2523v_1652446569 HTTP/1.1" 200 247
100.29.34.97 - - [16/Feb/2025:00:31:28 +0100] "GET /ticket2/opencms/sv/buy/?eventid=19AD6356-6E10-9C9F-9FF7-23862BF7038B&page=10&venueid=F72D7D8A-21AA-398A-828C-542FA85266B4 HTTP/1.1" 200 98906
85.208.96.212 - - [16/Feb/2025:00:31:31 +0100] "GET /ticket2/opencms/fr/sport/billets-football/premier_league/manchester_united/ HTTP/1.1" 200 101189
166.108.231.23 - - [16/Feb/2025:00:31:31 +0100] "GET /ticket2/opencms/az/buy?page=1&edid=E66C4511-572E-0FE6-424C-55176043377C HTTP/1.1" 200 109015
52.167.144.25 - - [16/Feb/2025:00:31:31 +0100] "GET /ticket2/opencms/az/?page=6&comcatid=A17713B6-D984-201A-4143-ED4DB5ED5C2E&catid=D8B345C9-F7A5-E620-4B43-C34EB0D6885B&eventid=88125886-B9B5-9F59-AF43-51EE7A6E60C4 HTTP/1.1" 200 109271
185.191.171.3 - - [16/Feb/2025:00:31:32 +0100] "GET /ticket2/opencms/hu/sport/focijegyek/champions-league/fc-barcelona/ HTTP/1.1" 200 97110
54.36.149.34 - - [16/Feb/2025:00:31:32 +0100] "GET /ticket2/opencms/bg/buy?page=1&edid=2B44308E-1778-CFAE-7385-18758823F6EB HTTP/1.1" 200 152037
52.70.123.241 - - [16/Feb/2025:00:31:32 +0100] "GET /ticket2/opencms/sv/sell/?edid=4583F62C-F880-E6C3-C3F7-F692CC3F1DC2 HTTP/1.1" 302 -
52.167.144.25 - - [16/Feb/2025:00:31:34 +0100] "GET /ticket2/opencms/ro/buy?page=1&edid=A279CA4F-563C-FA44-9E12-257295BF18EE HTTP/1.1" 200 111287
20.171.207.223 - - [16/Feb/2025:00:31:34 +0100] "GET /ticket2/opencms/set_aff_cookie.jsp?partner=2E02071B-A8C3-4CBA-3097-C27D61C02ED8&url=%252Fru%252Fbuy%252Findex.html%253Fpage%253D1%2526edid%253DF9D480C8-CC9A-5C4B-D090-F29D97AF622B%2526hlv%253D6145cb30-6e70-4534-8d08-68480a01000f%2523v_2067800820 HTTP/1.1" 200 247
20.171.207.223 - - [16/Feb/2025:00:31:36 +0100] "GET /ticket2/opencms/set_aff_cookie.jsp?partner=57601924-FB09-5BB2-867F-08B4EB522BA8&url=%252Fru%252Fbuy%252Findex.html%253Fpage%253D1%2526edid%253D49FEC43E-3E83-185B-C185-BAAB3CE353B1%2526hlv%253D60f81bf8-08fc-47c2-a52d-5e890a01000f%2523v_1500334961 HTTP/1.1" 200 247
3.94.156.104 - - [16/Feb/2025:00:31:36 +0100] "GET /ticket2/opencms/sv/sell/?edid=78F53753-F856-B158-388A-6B70B4CA55C8 HTTP/1.1" 302 -
20.171.207.223 - - [16/Feb/2025:00:31:39 +0100] "GET /ticket2/opencms/set_aff_cookie.jsp?partner=2E02071B-A8C3-4CBA-3097-C27D61C02ED8&url=%252Fnl%252Fbuy%252Findex.html%253Fpage%253D1%2526edid%253DBF990419-E317-46FC-F88A-E6023A3E4305%2526hlv%253D61152014-463c-4be1-901a-04270a01000f%2523v_1225869006 HTTP/1.1" 200 247
54.166.126.132 - - [16/Feb/2025:00:31:40 +0100] "GET /ticket2/opencms/sv/sell/?edid=93838642-5250-2673-0C4C-CF34056B55BD HTTP/1.1" 302 -
20.171.207.223 - - [16/Feb/2025:00:31:41 +0100] "GET /ticket2/opencms/set_aff_cookie.jsp?partner=2E02071B-A8C3-4CBA-3097-C27D61C02ED8&url=%252Fen%252Fbuy%252Findex.html%253Fpage%253D1%2526edid%253DBB34AD6D-B775-E1B3-25A5-D38ADD0D1B38%2526hlv%253D610bcb81-a564-4661-828c-14fe0a01000f%2523v_419232939 HTTP/1.1" 200 246
20.171.207.223 - - [16/Feb/2025:00:31:42 +0100] "GET /ticket2/opencms/set_aff_cookie.jsp?partner=57601924-FB09-5BB2-867F-08B4EB522BA8&url=%252Fnl%252Fbuy%252Findex.html%253Fpage%253D1%2526edid%253D17ABEF83-A306-7DC9-F266-4B55FF85626E%2526hlv%253D60f812ba-ba8c-4f0c-9f9e-5b6f0a01000f%2523v_311105709 HTTP/1.1" 200 246
20.171.207.223 - - [16/Feb/2025:00:31:43 +0100] "GET /ticket2/opencms/set_aff_cookie.jsp?partner=8F6DE15D-D831-5787-AE7E-FEFF53476F85&url=%252Fru%252Fbuy%252Findex.html%253Fpage%253D1%2526edid%253D9AE493CE-16E5-66DA-B419-2CD7D152F786%2526hlv%253D60c9de17-6100-4caf-9b96-21c40a01000f%2523v_1893718078 HTTP/1.1" 200 247
54.152.163.42 - - [16/Feb/2025:00:31:44 +0100] "GET /ticket2/opencms/sv/sell/?edid=9DBCDD83-DFF7-0F0A-E3AC-44814FB4671B HTTP/1.1" 302 -
20.171.207.223 - - [16/Feb/2025:00:31:44 +0100] "GET /ticket2/opencms/set_aff_cookie.jsp?partner=692E2C6A-EC6F-1C93-AFCC-C5ACC23A93EA&url=%252Ffi%252Fbuy%252Findex.html%253Fpage%253D1%2526edid%253D0E138D6B-EAE4-AAFF-6AB5-84BFB6980E29%2526hlv%253D61154e32-05c8-4cb0-a56d-15fa0a01000f%2523v_671930857 HTTP/1.1" 200 246
54.36.148.206 - - [16/Feb/2025:00:31:45 +0100] "GET /ticket2/opencms/lt/buy?page=1&edid=9DCC0E66-25C8-5156-35A8-BF56F5E3E1AA HTTP/1.1" 200 111545
20.171.207.223 - - [16/Feb/2025:00:31:47 +0100] "GET /ticket2/opencms/set_aff_cookie.jsp?partner=6F250EA7-4505-FA01-D601-8847F2573405&url=%252Fnl%252Fbuy%252Findex.html%253Fpage%253D1%2526edid%253DDD7009E0-BEDD-5FDF-FBEC-9803C9276491%2526hlv%253D60ca0b67-2940-438a-9cc6-36340a01000f%2523v_704836193 HTTP/1.1" 200 246
34.195.248.30 - - [16/Feb/2025:00:31:48 +0100] "GET /ticket2/opencms/sv/sell/?edid=ED6B033E-FAAE-D3A6-3006-A43EA8437C62 HTTP/1.1" 302 -
20.171.207.223 - - [16/Feb/2025:00:31:49 +0100] "GET /ticket2/opencms/set_aff_cookie.jsp?partner=692E2C6A-EC6F-1C93-AFCC-C5ACC23A93EA&url=%252Fen%252Fbuy%252Findex.html%253Fpage%253D1%2526edid%253D82E5C37F-CC9B-4569-1B88-1DB63DDA58A5%2526hlv%253D60f2a2d9-9b90-4667-9feb-3f990a01000f%2523v_922485088 HTTP/1.1" 200 246
20.171.207.223 - - [16/Feb/2025:00:31:51 +0100] "GET /ticket2/opencms/set_aff_cookie.jsp?partner=5E0CDF29-E7BE-9F6B-6869-7BF66B04006F&url=%252Fdk%252Fbuy%252Findex.html%253Fpage%253D1%2526edid%253D41E9C3A6-1ED0-8493-C595-0C2D48714D8A%2526hlv%253D60c9e661-7924-4dfa-9bbf-239d0a01000f%2523v_1152395414 HTTP/1.1" 200 247
54.36.149.81 - - [16/Feb/2025:00:31:52 +0100] "GET /ticket2/opencms/en/venue/?venueid=C1C3AD36-D0CD-15F9-9ECB-C1BCEE4FC056 HTTP/1.1" 200 85344
54.167.32.123 - - [16/Feb/2025:00:31:52 +0100] "GET /ticket2/opencms/sv/sell/?edid=F8093B0F-0671-8BAD-4914-C12550D964A6 HTTP/1.1" 302 -
52.167.144.184 - - [16/Feb/2025:00:31:55 +0100] "GET /ticket2/opencms/hu/magazine/article?title=petas-kylian-mbappe HTTP/1.1" 200 93614
185.205.225.86 - - [16/Feb/2025:00:31:55 +0100] "GET /ticket2/opencms/sv/buy?page=2&sodvid=666c7e96-2670-416c-a8c9-698f0a01000f HTTP/1.1" 200 120251
185.205.225.86 - - [16/Feb/2025:00:31:55 +0100] "GET /ticket2/opencms/system/modules/com.gridnine.opencms.ticketbrokerage.site/resources/css/standard.css HTTP/1.1" 200 73904
185.205.225.86 - - [16/Feb/2025:00:31:56 +0100] "GET /ticket2/opencms/system/modules/com.gridnine.opencms.ticketbrokerage.site/resources/js/calendar-setup.js HTTP/1.1" 200 4923
185.205.225.86 - - [16/Feb/2025:00:31:56 +0100] "GET /ticket2/opencms/system/modules/com.gridnine.opencms.ticketbrokerage.site/resources/css/ticketbrokerage.css HTTP/1.1" 200 39339
185.205.225.86 - - [16/Feb/2025:00:31:56 +0100] "GET /ticket2/opencms/system/modules/com.gridnine.opencms.ticketbrokerage.site/resources/js/standard.js HTTP/1.1" 200 3983
185.205.225.86 - - [16/Feb/2025:00:31:56 +0100] "GET /ticket2/opencms/system/modules/com.gridnine.opencms.ticketbrokerage.site/resources/js/functions.js HTTP/1.1" 200 1583
185.205.225.86 - - [16/Feb/2025:00:31:56 +0100] "GET /ticket2/opencms/system/modules/com.gridnine.opencms.ticketbrokerage.site/resources/css/calendar.css HTTP/1.1" 200 6871
185.205.225.86 - - [16/Feb/2025:00:31:56 +0100] "GET /ticket2/opencms/system/modules/com.gridnine.opencms.ticketbrokerage.site/resources/js/calendar.js HTTP/1.1" 200 49229
157.55.39.60 - - [16/Feb/2025:00:31:56 +0100] "GET /ticket2/opencms/fi/buy/?page=1&edid=F71823CC-F687-3618-A9A5-95AE0EE67E20 HTTP/1.1" 200 111249
185.205.225.86 - - [16/Feb/2025:00:31:56 +0100] "GET /ticket2/opencms/img/icons/hy.png HTTP/1.1" 200 1170
185.205.225.86 - - [16/Feb/2025:00:31:56 +0100] "GET /ticket2/opencms/system/modules/com.gridnine.opencms.ticketbrokerage.site/resources/js/calendar-en.js HTTP/1.1" 200 3338
44.223.116.180 - - [16/Feb/2025:00:31:58 +0100] "GET /ticket2/opencms/sv/buy/?eventid=1C0FC89D-D539-28E4-3F58-11BCE29E4CA8&page=10 HTTP/1.1" 200 97237
54.36.148.125 - - [16/Feb/2025:00:31:58 +0100] "GET /ticket2/opencms/hu/buy?page=1&edid=57449F59-3EAF-BBAB-4AC9-B7A456A32485 HTTP/1.1" 200 124094
185.205.225.86 - - [16/Feb/2025:00:31:58 +0100] "GET /ticket2/opencms/img/icons/mk.png HTTP/1.1" 200 1405
5.255.231.83 - - [16/Feb/2025:00:31:58 +0100] "GET /ticket2/opencms/sv/magazine/article?title=michail-antonio-skadad-efter-bilolycka HTTP/1.1" 200 93492
20.171.207.223 - - [16/Feb/2025:00:31:58 +0100] "GET /ticket2/opencms/set_aff_cookie.jsp?partner=2E02071B-A8C3-4CBA-3097-C27D61C02ED8&url=%252Fen%252Fbuy%252Findex.html%253Fpage%253D1%2526edid%253DFA7D6BC6-E757-B554-9DC3-402FA5982C97%2526hlv%253D6122a4da-6668-46b6-9b88-1f320a01000f%2523v_2066512846 HTTP/1.1" 200 247
100.28.118.16 - - [16/Feb/2025:00:32:00 +0100] "GET /ticket2/opencms/sv/buy/?eventid=1C0FC89D-D539-28E4-3F58-11BCE29E4CA8&page=10&venueid=A0215E07-B078-8AA5-6DA4-5B2EADC61CED HTTP/1.1" 200 98773
20.171.207.223 - - [16/Feb/2025:00:32:00 +0100] "GET /ticket2/opencms/set_aff_cookie.jsp?partner=692E2C6A-EC6F-1C93-AFCC-C5ACC23A93EA&url=%252Fru%252Fbuy%252Findex.html%253Fpage%253D1%2526edid%253D3754A801-0360-9F1A-6DA4-BE3220BB9FC0%2526hlv%253D6145b6dc-190c-47dd-9440-62c30a01000f%2523v_1152802764 HTTP/1.1" 200 247
185.205.225.86 - - [16/Feb/2025:00:32:02 +0100] "GET /ticket2/opencms/sv/buy/?page=1&edid=3583D5C7-607A-E528-A709-844E6A72DC1B HTTP/1.1" 200 140317
185.205.225.86 - - [16/Feb/2025:00:32:02 +0100] "GET /ticket2/opencms/sv/ask-form.html HTTP/1.1" 200 2950
20.171.207.223 - - [16/Feb/2025:00:32:03 +0100] "GET /ticket2/opencms/set_aff_cookie.jsp?partner=5E0CDF29-E7BE-9F6B-6869-7BF66B04006F&url=%252Fdk%252Fbuy%252Findex.html%253Fpage%253D1%2526edid%253D74A57CFE-A85C-345D-E9F7-0AF79537083B%2526hlv%253D60ca1b24-4d30-4dbf-89a5-3e190a01000f%2523v_164035137 HTTP/1.1" 200 246
66.249.76.170 - - [16/Feb/2025:00:32:03 +0100] "GET /ticket2/opencms/ HTTP/1.1" 302 -
34.197.28.78 - - [16/Feb/2025:00:32:04 +0100] "GET /ticket2/opencms/sv/sell/?edid=20146FB3-A7AB-AA61-9E1A-7C70A530633D HTTP/1.1" 302 -
20.171.207.223 - - [16/Feb/2025:00:32:05 +0100] "GET /ticket2/opencms/set_aff_cookie.jsp?partner=2E02071B-A8C3-4CBA-3097-C27D61C02ED8&url=%252Fno%252Fbuy%252Findex.html%253Fpage%253D1%2526edid%253DE3B46C02-527F-BFED-1199-3D6C38556545%2526hlv%253D60d0e256-7af0-4d41-aca3-41840a01000f%2523v_1277724358 HTTP/1.1" 200 247
66.249.76.170 - - [16/Feb/2025:00:32:06 +0100] "GET /ticket2/opencms/en/ HTTP/1.1" 200 107159
20.171.207.223 - - [16/Feb/2025:00:32:07 +0100] "GET /ticket2/opencms/set_aff_cookie.jsp?partner=2E02071B-A8C3-4CBA-3097-C27D61C02ED8&url=%252Fen%252Fbuy%252Findex.html%253Fpage%253D1%2526edid%253DCAC8203B-A7CB-D983-BA35-4898C9BB630C%2526hlv%253D61162e79-f79c-4fe5-92df-6f020a01000f%2523v_1718895045 HTTP/1.1" 200 247
20.171.207.223 - - [16/Feb/2025:00:32:08 +0100] "GET /ticket2/opencms/set_aff_cookie.jsp?partner=5E0CDF29-E7BE-9F6B-6869-7BF66B04006F&url=%252Fen%252Fbuy%252Findex.html%253Fpage%253D1%2526edid%253DC2EAC35C-806F-010C-DE25-D13971AC8E7C%2526hlv%253D60c9dda7-e9b0-4d23-a1ce-1de60a01000f%2523v_470497489 HTTP/1.1" 200 246
52.0.218.219 - - [16/Feb/2025:00:32:08 +0100] "GET /ticket2/opencms/sv/sell/?edid=2CEA0497-8D50-22F6-0E98-33BE3EC14F1E HTTP/1.1" 302 -
20.171.207.223 - - [16/Feb/2025:00:32:09 +0100] "GET /ticket2/opencms/set_aff_cookie.jsp?partner=57601924-FB09-5BB2-867F-08B4EB522BA8&url=%252Fno%252Fbuy%252Findex.html%253Fpage%253D1%2526edid%253DC2EAC35C-806F-010C-DE25-D13971AC8E7C%2526hlv%253D60c9e010-1f58-466a-8d40-22830a01000f%2523v_1791439318 HTTP/1.1" 200 247
185.205.225.86 - - [16/Feb/2025:00:32:09 +0100] "GET /ticket2/opencms/sv/buy/?page=1&edid=F1463EBE-6C18-CF49-B2AE-F79868BCA4F5 HTTP/1.1" 200 140272
185.205.225.86 - - [16/Feb/2025:00:32:09 +0100] "GET /ticket2/opencms/system/modules/com.gridnine.opencms.ticketbrokerage.site/resources/css/standard.css HTTP/1.1" 200 73904
185.205.225.86 - - [16/Feb/2025:00:32:09 +0100] "GET /ticket2/opencms/system/modules/com.gridnine.opencms.ticketbrokerage.site/resources/js/calendar-setup.js HTTP/1.1" 200 4923
185.205.225.86 - - [16/Feb/2025:00:32:09 +0100] "GET /ticket2/opencms/system/modules/com.gridnine.opencms.ticketbrokerage.site/resources/css/ticketbrokerage.css HTTP/1.1" 200 39339
185.205.225.86 - - [16/Feb/2025:00:32:09 +0100] "GET /ticket2/opencms/system/modules/com.gridnine.opencms.ticketbrokerage.site/resources/js/standard.js HTTP/1.1" 200 3983
185.205.225.86 - - [16/Feb/2025:00:32:09 +0100] "GET /ticket2/opencms/system/modules/com.gridnine.opencms.ticketbrokerage.site/resources/js/calendar-en.js HTTP/1.1" 200 3338
185.205.225.86 - - [16/Feb/2025:00:32:09 +0100] "GET /ticket2/opencms/system/modules/com.gridnine.opencms.ticketbrokerage.site/resources/js/calendar.js HTTP/1.1" 200 49229
185.205.225.86 - - [16/Feb/2025:00:32:09 +0100] "GET /ticket2/opencms/system/modules/com.gridnine.opencms.ticketbrokerage.site/resources/js/functions.js HTTP/1.1" 200 1583
185.205.225.86 - - [16/Feb/2025:00:32:09 +0100] "GET /ticket2/opencms/system/modules/com.gridnine.opencms.ticketbrokerage.site/resources/css/calendar.css HTTP/1.1" 200 6871
185.205.225.86 - - [16/Feb/2025:00:32:10 +0100] "GET /ticket2/opencms/sv/ask-form.html HTTP/1.1" 200 2950
185.205.225.86 - - [16/Feb/2025:00:32:10 +0100] "GET /ticket2/opencms/system/modules/com.gridnine.opencms.ticketbrokerage.site/resources/css/ticketbrokerage.css HTTP/1.1" 200 39339
166.108.234.88 - - [16/Feb/2025:00:32:10 +0100] "GET /ticket2/opencms/az/buy?page=1&edid=20146FB3-A7AB-AA61-9E1A-7C70A530633D HTTP/1.1" 200 125720
207.46.13.157 - - [16/Feb/2025:00:32:11 +0100] "GET /ticket2/opencms/no/sport/fotballsbilletter/ligue_1/ HTTP/1.1" 404 -
20.171.207.223 - - [16/Feb/2025:00:32:11 +0100] "GET /ticket2/opencms/set_aff_cookie.jsp?partner=5E0CDF29-E7BE-9F6B-6869-7BF66B04006F&url=%252Fnl%252Fbuy%252Findex.html%253Fpage%253D1%2526edid%253DBD803897-0AF1-6865-317A-1580BE02E250%2526hlv%253D60ca1ca1-0514-4a32-82a7-40960a01000f%2523v_1713829681 HTTP/1.1" 200 247
3.226.106.93 - - [16/Feb/2025:00:32:12 +0100] "GET /ticket2/opencms/sv/sell/?edid=8E60715C-679D-D409-2BE9-46EB77599BF4 HTTP/1.1" 302 -
20.171.207.223 - - [16/Feb/2025:00:32:13 +0100] "GET /ticket2/opencms/set_aff_cookie.jsp?partner=692E2C6A-EC6F-1C93-AFCC-C5ACC23A93EA&url=%252Fno%252Fbuy%252Findex.html%253Fpage%253D1%2526edid%253DD5ECBB60-B9DE-C9C5-5B4C-845CEC40C77F%2526hlv%253D61154e1d-5e38-456e-a717-16db0a01000f%2523v_1511479315 HTTP/1.1" 200 247
20.171.207.223 - - [16/Feb/2025:00:32:16 +0100] "GET /ticket2/opencms/set_aff_cookie.jsp?partner=692E2C6A-EC6F-1C93-AFCC-C5ACC23A93EA&url=%252Fru%252Fbuy%252Findex.html%253Fpage%253D1%2526edid%253DB719043E-9C48-E7FF-4885-D1C11C25593E%2526hlv%253D60f9685e-4fa0-47a9-a59f-62cc0a01000f%2523v_1257497732 HTTP/1.1" 200 247
44.207.207.36 - - [16/Feb/2025:00:32:16 +0100] "GET /ticket2/opencms/sv/sell/?edid=9AA6E90F-1A8F-8723-F266-C4056D23056B HTTP/1.1" 302 -
54.36.148.218 - - [16/Feb/2025:00:32:17 +0100] "GET /ticket2/opencms/sv/buy?page=1&edid=055941D5-AAA9-3559-090F-26D27D65FBDA HTTP/1.1" 200 120911
202.8.43.120 - - [16/Feb/2025:00:32:18 +0100] "GET /ticket2/opencms/system/modules/com.gridnine.opencms.ticketbrokerage.site/resources/css/ticketbrokerage.css HTTP/1.1" 200 39339
202.8.43.120 - - [16/Feb/2025:00:32:18 +0100] "GET /ticket2/opencms/system/modules/com.gridnine.opencms.ticketbrokerage.site/resources/css/calendar.css HTTP/1.1" 200 6871
202.8.43.120 - - [16/Feb/2025:00:32:18 +0100] "GET /ticket2/opencms/system/modules/com.gridnine.opencms.ticketbrokerage.site/resources/css/standard.css HTTP/1.1" 200 73904
202.8.43.120 - - [16/Feb/2025:00:32:18 +0100] "GET /ticket2/opencms/system/modules/com.gridnine.opencms.ticketbrokerage.site/resources/css/jquery-ui.css HTTP/1.1" 200 33221
202.8.43.120 - - [16/Feb/2025:00:32:18 +0100] "GET /ticket2/opencms/system/modules/com.gridnine.opencms.ticketbrokerage.site/resources/css/jquery.fancybox.css HTTP/1.1" 200 4939
202.8.43.120 - - [16/Feb/2025:00:32:18 +0100] "GET /ticket2/opencms/system/modules/com.gridnine.opencms.ticketbrokerage.site/resources/js/jquery/jquery.js HTTP/1.1" 200 93868
202.8.43.120 - - [16/Feb/2025:00:32:18 +0100] "GET /ticket2/opencms/system/modules/com.gridnine.opencms.ticketbrokerage.site/resources/js/jquery/jquery-ui.js HTTP/1.1" 200 228088
202.8.43.120 - - [16/Feb/2025:00:32:18 +0100] "GET /ticket2/opencms/system/modules/com.gridnine.opencms.ticketbrokerage.site/resources/js/calendar.js HTTP/1.1" 200 49229
202.8.43.120 - - [16/Feb/2025:00:32:18 +0100] "GET /ticket2/opencms/system/modules/com.gridnine.opencms.ticketbrokerage.site/resources/js/calendar-en.js HTTP/1.1" 200 3338
202.8.43.120 - - [16/Feb/2025:00:32:18 +0100] "GET /ticket2/opencms/system/modules/com.gridnine.opencms.ticketbrokerage.site/resources/js/functions.js HTTP/1.1" 200 1583
202.8.43.120 - - [16/Feb/2025:00:32:18 +0100] "GET /ticket2/opencms/system/modules/com.gridnine.opencms.ticketbrokerage.site/resources/js/calendar-setup.js HTTP/1.1" 200 4923
202.8.43.120 - - [16/Feb/2025:00:32:18 +0100] "GET /ticket2/opencms/system/modules/com.gridnine.opencms.ticketbrokerage.site/resources/js/jquery.fancybox.pack.js HTTP/1.1" 200 23187
202.8.43.120 - - [16/Feb/2025:00:32:18 +0100] "GET /ticket2/opencms/system/modules/com.gridnine.opencms.ticketbrokerage.site/resources/js/stickyfill.min.js HTTP/1.1" 200 5672
202.8.43.120 - - [16/Feb/2025:00:32:18 +0100] "GET /ticket2/opencms/system/modules/com.gridnine.opencms.ticketbrokerage.site/resources/js/standard.js HTTP/1.1" 200 3983
202.8.43.120 - - [16/Feb/2025:00:32:19 +0100] "GET /ticket2/opencms/system/modules/com.gridnine.opencms.ticketbrokerage.site/resources/js/jquery.placeholder.min.js HTTP/1.1" 200 1737
202.8.43.120 - - [16/Feb/2025:00:32:19 +0100] "GET /ticket2/opencms/system/modules/com.gridnine.opencms.ticketbrokerage.site/resources/js/common-ajax.js HTTP/1.1" 200 20175
202.8.43.120 - - [16/Feb/2025:00:32:19 +0100] "GET /ticket2/opencms/sv/ask-form.html HTTP/1.1" 200 2950
202.8.43.120 - - [16/Feb/2025:00:32:19 +0100] "GET /ticket2/opencms/system/modules/com.gridnine.opencms.ticketbrokerage.site/resources/css/ticketbrokerage.css HTTP/1.1" 200 39339
44.209.187.99 - - [16/Feb/2025:00:32:21 +0100] "GET /ticket2/opencms/sv/sell/?edid=BD48505E-E559-55E9-6DFD-077C302A0A13 HTTP/1.1" 302 -
20.171.207.223 - - [16/Feb/2025:00:32:22 +0100] "GET /ticket2/opencms/set_aff_cookie.jsp?partner=8F6DE15D-D831-5787-AE7E-FEFF53476F85&url=%252Fdk%252Fbuy%252Findex.html%253Fpage%253D1%2526edid%253DB12EFA8D-4EC4-DDCD-8B91-E676E87E71DF%2526hlv%253D60f957c0-5be4-40d3-ab2c-58a00a01000f%2523v_128214957 HTTP/1.1" 200 246
54.36.149.78 - - [16/Feb/2025:00:32:23 +0100] "GET /ticket2/opencms/hr/buy?page=1&edid=24655ACD-2857-6493-1E75-CE7F2FE875D2 HTTP/1.1" 200 111912
20.171.207.223 - - [16/Feb/2025:00:32:24 +0100] "GET /ticket2/opencms/set_aff_cookie.jsp?partner=57601924-FB09-5BB2-867F-08B4EB522BA8&url=%252Fno%252Fbuy%252Findex.html%253Fpage%253D1%2526edid%253D87A2E0C8-FB06-9F72-D01C-6586D722A374%2526hlv%253D60ca1b3d-d268-49da-a501-3f260a01000f%2523v_1454061674 HTTP/1.1" 200 247
184.72.84.154 - - [16/Feb/2025:00:32:24 +0100] "GET /ticket2/opencms/sv/sell/?edid=E86F0F7D-1756-1185-7E08-E94436C5DD8E HTTP/1.1" 302 -
52.167.144.184 - - [16/Feb/2025:00:32:25 +0100] "GET /ticket2/opencms/pl/buy?page=10&eventid=FF812D0C-FCB2-7645-0CFD-1ACFB0013262 HTTP/1.1" 200 97662
20.171.207.223 - - [16/Feb/2025:00:32:26 +0100] "GET /ticket2/opencms/set_aff_cookie.jsp?partner=692E2C6A-EC6F-1C93-AFCC-C5ACC23A93EA&url=%252Fru%252Fbuy%252Findex.html%253Fpage%253D1%2526edid%253DAF08B390-E782-E554-9DC4-352B70E8A682%2526hlv%253D60f84703-b3b0-4c95-bb69-6ec40a01000f%2523v_662932797 HTTP/1.1" 200 246
20.171.207.223 - - [16/Feb/2025:00:32:28 +0100] "GET /ticket2/opencms/set_aff_cookie.jsp?partner=5E0CDF29-E7BE-9F6B-6869-7BF66B04006F&url=%252Ffi%252Fbuy%252Findex.html%253Fpage%253D1%2526edid%253D1964B21D-BF30-22BC-8931-DEC6C4EDF1DE%2526hlv%253D611514d1-9e70-4506-8657-7a5b0a01000f%2523v_873814736 HTTP/1.1" 200 246
3.89.176.255 - - [16/Feb/2025:00:32:28 +0100] "GET /ticket2/opencms/sv/buy/?eventid=29425CD0-51B2-1314-2678-3AB7A21FD119&page=10 HTTP/1.1" 200 97883
66.249.76.193 - - [16/Feb/2025:00:32:29 +0100] "GET /ticket2/opencms/mo/magazine/article/???%20Error%20reading%20resource%20from%20path HTTP/1.1" 200 89140
20.171.207.223 - - [16/Feb/2025:00:32:29 +0100] "GET /ticket2/opencms/set_aff_cookie.jsp?partner=692E2C6A-EC6F-1C93-AFCC-C5ACC23A93EA&url=%252Fno%252Fbuy%252Findex.html%253Fpage%253D1%2526edid%253DE3B46C02-527F-BFED-1199-3D6C38556545%2526hlv%253D60c9e543-cb6c-4360-803d-237d0a01000f%2523v_1300557671 HTTP/1.1" 200 247
20.171.207.223 - - [16/Feb/2025:00:32:31 +0100] "GET /ticket2/opencms/set_aff_cookie.jsp?partner=57601924-FB09-5BB2-867F-08B4EB522BA8&url=%252Fru%252Fbuy%252Findex.html%253Fpage%253D1%2526edid%253D02E70633-B7C9-B546-F009-7238F851DD63%2526hlv%253D6145cc30-21a8-48bf-a76f-69860a01000f%2523v_284046322 HTTP/1.1" 200 246
20.171.207.223 - - [16/Feb/2025:00:32:32 +0100] "GET /ticket2/opencms/set_aff_cookie.jsp?partner=6F250EA7-4505-FA01-D601-8847F2573405&url=%252Fdk%252Fbuy%252Findex.html%253Fpage%253D1%2526edid%253DB34FC5D8-17C2-148F-346E-D5A9AE0C7EAA%2526hlv%253D610bcd94-eb8c-451e-a21f-162a0a01000f%2523v_1677260372 HTTP/1.1" 200 247
184.73.167.217 - - [16/Feb/2025:00:32:32 +0100] "GET /ticket2/opencms/sv/buy/?eventid=29425CD0-51B2-1314-2678-3AB7A21FD119&page=10&venueid=6D8A0FE7-2FEF-4BDE-AC7E-1937EABDAEF4 HTTP/1.1" 200 99366
52.167.144.203 - - [16/Feb/2025:00:32:34 +0100] "GET /ticket2/opencms/et/buy?page=1&edid=390DC139-684B-981D-FD40-65227EC6F86F HTTP/1.1" 200 108438
20.171.207.223 - - [16/Feb/2025:00:32:34 +0100] "GET /ticket2/opencms/set_aff_cookie.jsp?partner=5E0CDF29-E7BE-9F6B-6869-7BF66B04006F&url=%252Fru%252Fbuy%252Findex.html%253Fpage%253D1%2526edid%253D938ECB82-2408-02B3-A5B3-53D3737EA4C9%2526hlv%253D60f844b0-b354-4dc0-907c-6e190a01000f%2523v_1720612413 HTTP/1.1" 200 247
54.36.148.77 - - [16/Feb/2025:00:32:35 +0100] "GET /ticket2/opencms/it/sport/biglietti-calcio/la-liga/real_betis/ HTTP/1.1" 200 100880
114.119.159.129 - - [16/Feb/2025:00:32:35 +0100] "GET /ticket2/opencms/es/buy/?page=1&edid=E66B1558-C5A6-CDDD-B7DD-6060381B0F38 HTTP/1.1" 200 121669
52.167.144.203 - - [16/Feb/2025:00:32:35 +0100] "GET /ticket2/opencms/dk/venue/?countryid=ACBCEDDC-478F-6F5C-046F-A1A55C83F98D HTTP/1.1" 200 121328
114.119.145.123 - - [16/Feb/2025:00:32:36 +0100] "GET /ticket2/opencms/en/venue/?venueid=D865EDC3-A8C8-8107-EEAE-35A140CA5350 HTTP/1.1" 200 85299
52.0.105.244 - - [16/Feb/2025:00:32:36 +0100] "GET /ticket2/opencms/sv/sell/?edid=16BA48F9-E787-F00A-EC7D-F97A99AECBFB HTTP/1.1" 302 -
20.171.207.223 - - [16/Feb/2025:00:32:36 +0100] "GET /ticket2/opencms/set_aff_cookie.jsp?partner=57601924-FB09-5BB2-867F-08B4EB522BA8&url=%252Fen%252Fbuy%252Findex.html%253Fpage%253D1%2526edid%253D590EDDB9-B981-09D2-E0FC-F6E1B491368A%2526hlv%253D61448ce6-484c-487c-8474-75410a01000f%2523v_1692026786 HTTP/1.1" 200 247
52.167.144.184 - - [16/Feb/2025:00:32:37 +0100] "GET /ticket2/opencms/tr/buy/?page=1&edid=9CDA0C30-3EC4-3995-E2A4-DBF0BB020094 HTTP/1.1" 200 111467
47.128.121.65 - - [16/Feb/2025:00:32:38 +0100] "GET /ticket2/opencms/en/sell/?edid=EE1094B0-5F8D-7F5A-3592-6F4F9BDBF532 HTTP/1.1" 302 -
20.171.207.223 - - [16/Feb/2025:00:32:39 +0100] "GET /ticket2/opencms/set_aff_cookie.jsp?partner=8F6DE15D-D831-5787-AE7E-FEFF53476F85&url=%252Fnl%252Fbuy%252Findex.html%253Fpage%253D1%2526edid%253D1BFF3C4B-0AF3-F040-1041-C55D427FE053%2526hlv%253D60f84785-fd4c-491b-8b86-6e120a01000f%2523v_1339379931 HTTP/1.1" 200 247
