157.90.209.79 - - [19/Feb/2025:01:07:01 +0100] "GET /ticket2/opencms/hr/sport/nogometne-ulaznice/english-championship/blackburn-rovers HTTP/1.1" 404 -
54.36.148.83 - - [19/Feb/2025:01:07:03 +0100] "GET /ticket2/opencms/cs/buy?page=1&edid=B7B5EA21-D0E1-5D4C-90B1-C2CC29A8B7DF HTTP/1.1" 200 118193
205.210.31.21 - - [19/Feb/2025:01:07:04 +0100] "GET / HTTP/1.1" 404 -
54.38.85.36 - - [19/Feb/2025:01:07:04 +0100] "GET /ticket2/opencms/sv/buy/?page=1&edid=F61A2A71-4492-3768-1967-C586B0069229&sortorder=desc&column=section HTTP/1.1" 200 111335
47.128.41.157 - - [19/Feb/2025:01:07:06 +0100] "GET /ticket2/opencms/ga/buy/?edid=C51DC9BA-8ED0-8D5F-A005-77B2B61DA7C9 HTTP/1.1" 200 91727
95.217.195.123 - - [19/Feb/2025:01:07:06 +0100] "GET /ticket2/opencms/en/login/?edid=1291CD6B-4651-52CC-8D36-B0FB58FEEDFA HTTP/1.1" 200 90206
66.249.76.131 - - [19/Feb/2025:01:07:07 +0100] "GET /ticket2/opencms/no/buy/?comcatid=97ECA65A-72DA-F9AF-9DBB-245D3CFED1BE&catid=F7FF413B-5FDF-82CF-E5BB-CD4AB6027974 HTTP/1.1" 200 97794
54.38.85.36 - - [19/Feb/2025:01:07:09 +0100] "GET /ticket2/opencms/sv/buy/?page=1&edid=FECC0DB2-B8D9-00EE-095F-D7560C44D578 HTTP/1.1" 200 111110
40.77.167.159 - - [19/Feb/2025:01:07:09 +0100] "GET /ticket2/opencms/dk/magazine/article?title=em-stjernerne-der-googles-mest-og-er-storst-pa-instagram HTTP/1.1" 200 95235
47.128.25.147 - - [19/Feb/2025:01:07:09 +0100] "GET /ticket2/opencms/ka/magazine/article?title=legendas-tskheli-saubrebi-fantan HTTP/1.1" 200 98002
95.217.195.123 - - [19/Feb/2025:01:07:13 +0100] "GET /ticket2/opencms/en/login/?edid=1376AEC9-0709-1A7E-51D7-A32A604094A0 HTTP/1.1" 200 90086
114.119.150.86 - - [19/Feb/2025:01:07:13 +0100] "GET /ticket2/opencms/no/buy?page=1&edid=CA01FDD0-CDF6-AC8A-12E5-7A918397496D HTTP/1.1" 200 111627
72.14.199.162 - - [19/Feb/2025:01:07:14 +0100] "GET /ticket2/opencms/fi/urheilu/hockey/nhl/ HTTP/1.1" 200 99776
157.90.209.79 - - [19/Feb/2025:01:07:15 +0100] "GET /ticket2/opencms/hr/sport/nogometne-ulaznice/english-championship/bristol-city HTTP/1.1" 200 97454
54.38.85.36 - - [19/Feb/2025:01:07:15 +0100] "GET /ticket2/opencms/sv/buy/?page=1&edid=FECC0DB2-B8D9-00EE-095F-D7560C44D578&sortorder=asc&column=price HTTP/1.1" 200 112108
54.36.148.247 - - [19/Feb/2025:01:07:17 +0100] "GET /ticket2/opencms/hr/sport/nogometne-ulaznice/premier-league HTTP/1.1" 200 102528
157.55.39.10 - - [19/Feb/2025:01:07:17 +0100] "GET /ticket2/opencms/es/magazine/article?title=declan-rice HTTP/1.1" 200 93415
72.14.199.161 - - [19/Feb/2025:01:07:18 +0100] "GET /ticket2/opencms/system/modules/com.gridnine.opencms.ticketbrokerage.site/resources/js/stickyfill.min.js HTTP/1.1" 200 5672
202.8.41.182 - - [19/Feb/2025:01:07:18 +0100] "GET /ticket2/opencms/system/modules/com.gridnine.opencms.ticketbrokerage.site/resources/css/standard.css HTTP/1.1" 200 73904
202.8.41.182 - - [19/Feb/2025:01:07:18 +0100] "GET /ticket2/opencms/system/modules/com.gridnine.opencms.ticketbrokerage.site/resources/css/jquery.fancybox.css HTTP/1.1" 200 4939
202.8.41.182 - - [19/Feb/2025:01:07:18 +0100] "GET /ticket2/opencms/system/modules/com.gridnine.opencms.ticketbrokerage.site/resources/css/ticketbrokerage.css HTTP/1.1" 200 39339
202.8.41.182 - - [19/Feb/2025:01:07:18 +0100] "GET /ticket2/opencms/system/modules/com.gridnine.opencms.ticketbrokerage.site/resources/css/calendar.css HTTP/1.1" 200 6871
202.8.41.182 - - [19/Feb/2025:01:07:18 +0100] "GET /ticket2/opencms/system/modules/com.gridnine.opencms.ticketbrokerage.site/resources/css/jquery-ui.css HTTP/1.1" 200 33221
202.8.41.182 - - [19/Feb/2025:01:07:18 +0100] "GET /ticket2/opencms/system/modules/com.gridnine.opencms.ticketbrokerage.site/resources/js/jquery/jquery.js HTTP/1.1" 200 93868
72.14.199.162 - - [19/Feb/2025:01:07:18 +0100] "GET /ticket2/opencms/system/modules/com.gridnine.opencms.ticketbrokerage.site/resources/css/jquery-ui.css HTTP/1.1" 200 33221
202.8.41.182 - - [19/Feb/2025:01:07:18 +0100] "GET /ticket2/opencms/system/modules/com.gridnine.opencms.ticketbrokerage.site/resources/js/functions.js HTTP/1.1" 200 1583
202.8.41.182 - - [19/Feb/2025:01:07:18 +0100] "GET /ticket2/opencms/system/modules/com.gridnine.opencms.ticketbrokerage.site/resources/js/calendar.js HTTP/1.1" 200 49229
202.8.41.182 - - [19/Feb/2025:01:07:18 +0100] "GET /ticket2/opencms/system/modules/com.gridnine.opencms.ticketbrokerage.site/resources/js/jquery/jquery-ui.js HTTP/1.1" 200 228088
202.8.41.182 - - [19/Feb/2025:01:07:18 +0100] "GET /ticket2/opencms/system/modules/com.gridnine.opencms.ticketbrokerage.site/resources/js/calendar-en.js HTTP/1.1" 200 3338
202.8.41.182 - - [19/Feb/2025:01:07:18 +0100] "GET /ticket2/opencms/system/modules/com.gridnine.opencms.ticketbrokerage.site/resources/js/calendar-setup.js HTTP/1.1" 200 4923
202.8.41.182 - - [19/Feb/2025:01:07:19 +0100] "GET /ticket2/opencms/system/modules/com.gridnine.opencms.ticketbrokerage.site/resources/js/jquery.fancybox.pack.js HTTP/1.1" 200 23187
202.8.41.182 - - [19/Feb/2025:01:07:19 +0100] "GET /ticket2/opencms/system/modules/com.gridnine.opencms.ticketbrokerage.site/resources/js/stickyfill.min.js HTTP/1.1" 200 5672
202.8.41.182 - - [19/Feb/2025:01:07:19 +0100] "GET /ticket2/opencms/system/modules/com.gridnine.opencms.ticketbrokerage.site/resources/js/standard.js HTTP/1.1" 200 3983
202.8.41.182 - - [19/Feb/2025:01:07:19 +0100] "GET /ticket2/opencms/system/modules/com.gridnine.opencms.ticketbrokerage.site/resources/js/jquery.placeholder.min.js HTTP/1.1" 200 1737
202.8.41.182 - - [19/Feb/2025:01:07:19 +0100] "GET /ticket2/opencms/system/modules/com.gridnine.opencms.ticketbrokerage.site/resources/js/common-ajax.js HTTP/1.1" 200 20175
72.14.199.162 - - [19/Feb/2025:01:07:19 +0100] "GET /ticket2/opencms/system/modules/com.gridnine.opencms.ticketbrokerage.site/resources/js/jquery/jquery-ui.js HTTP/1.1" 200 228088
173.252.107.19 - - [19/Feb/2025:01:07:19 +0100] "GET /ticket2/opencms/es/buy?page=1&edid=8DE1C2CA-7119-0E71-F915-F372DB5EBBBA HTTP/1.1" 200 90283
54.36.148.79 - - [19/Feb/2025:01:07:19 +0100] "GET /ticket2/opencms/dk/buy?page=1&edid=697BE447-74B7-A748-152F-A1818DA4BEC9 HTTP/1.1" 200 133672
52.167.144.22 - - [19/Feb/2025:01:07:19 +0100] "GET /ticket2/opencms/hu/buy/?page=1&edid=0E816252-F9DA-D138-D1BB-B841DF5E21AF HTTP/1.1" 200 111927
72.14.199.161 - - [19/Feb/2025:01:07:20 +0100] "GET /ticket2/opencms/system/modules/com.gridnine.opencms.ticketbrokerage.site/resources/css/jquery.fancybox.css HTTP/1.1" 200 4939
95.217.195.123 - - [19/Feb/2025:01:07:20 +0100] "GET /ticket2/opencms/en/login/?edid=153CDF31-7109-769E-E691-AF8D84C04188 HTTP/1.1" 200 90157
72.14.199.161 - - [19/Feb/2025:01:07:20 +0100] "GET /ticket2/opencms/system/modules/com.gridnine.opencms.ticketbrokerage.site/resources/js/calendar.js HTTP/1.1" 200 49229
54.38.85.36 - - [19/Feb/2025:01:07:20 +0100] "GET /ticket2/opencms/sv/buy/?page=1&edid=FECC0DB2-B8D9-00EE-095F-D7560C44D578&sortorder=asc&column=row HTTP/1.1" 200 112005
72.14.199.161 - - [19/Feb/2025:01:07:21 +0100] "GET /ticket2/opencms/system/modules/com.gridnine.opencms.ticketbrokerage.site/resources/css/standard.css HTTP/1.1" 200 73904
72.14.199.162 - - [19/Feb/2025:01:07:21 +0100] "GET /ticket2/opencms/system/modules/com.gridnine.opencms.ticketbrokerage.site/resources/css/ticketbrokerage.css HTTP/1.1" 200 39339
157.90.209.79 - - [19/Feb/2025:01:07:22 +0100] "GET /ticket2/opencms/hr/sport/nogometne-ulaznice/english-championship/cardiff-city HTTP/1.1" 404 -
72.14.199.161 - - [19/Feb/2025:01:07:22 +0100] "GET /ticket2/opencms/system/modules/com.gridnine.opencms.ticketbrokerage.site/resources/js/jquery/jquery.js HTTP/1.1" 200 93868
72.14.199.161 - - [19/Feb/2025:01:07:22 +0100] "GET /ticket2/opencms/system/modules/com.gridnine.opencms.ticketbrokerage.site/resources/js/jquery.fancybox.pack.js HTTP/1.1" 200 23187
72.14.199.161 - - [19/Feb/2025:01:07:23 +0100] "GET /ticket2/opencms/system/modules/com.gridnine.opencms.ticketbrokerage.site/resources/css/calendar.css HTTP/1.1" 200 6871
72.14.199.161 - - [19/Feb/2025:01:07:23 +0100] "GET /ticket2/opencms/system/modules/com.gridnine.opencms.ticketbrokerage.site/resources/js/calendar-setup.js HTTP/1.1" 200 4923
72.14.199.161 - - [19/Feb/2025:01:07:24 +0100] "GET /ticket2/opencms/system/modules/com.gridnine.opencms.ticketbrokerage.site/resources/js/functions.js HTTP/1.1" 200 1583
40.77.167.22 - - [19/Feb/2025:01:07:24 +0100] "GET /ticket2/opencms/et/buy/?page=1&edid=718A7A5B-0864-7BB0-17EA-7D1DFF1DCA73 HTTP/1.1" 200 111702
72.14.199.161 - - [19/Feb/2025:01:07:24 +0100] "GET /ticket2/opencms/system/modules/com.gridnine.opencms.ticketbrokerage.site/resources/js/calendar-en.js HTTP/1.1" 200 3338
54.38.85.36 - - [19/Feb/2025:01:07:25 +0100] "GET /ticket2/opencms/sv/buy/?page=1&edid=FECC0DB2-B8D9-00EE-095F-D7560C44D578&sortorder=asc&column=section HTTP/1.1" 200 112299
10.128.0.45 - - [19/Feb/2025:01:07:26 +0100] "GET / HTTP/1.1" 404 -
72.14.199.161 - - [19/Feb/2025:01:07:26 +0100] "GET /ticket2/opencms/img/icons/en.png HTTP/1.1" 200 2415
72.14.199.161 - - [19/Feb/2025:01:07:27 +0100] "GET /ticket2/opencms/img/icons/se.png HTTP/1.1" 200 1258
95.217.195.123 - - [19/Feb/2025:01:07:28 +0100] "GET /ticket2/opencms/en/login/?edid=196FDF6D-D90B-7D2E-FC13-5AA32A4D4648 HTTP/1.1" 200 90168
72.14.199.161 - - [19/Feb/2025:01:07:28 +0100] "GET /ticket2/opencms/img/icons/fi.png HTTP/1.1" 200 1785
173.252.87.113 - - [19/Feb/2025:01:07:29 +0100] "GET /ticket2/opencms/sr/buy?page=1&edid=096598FE-DA35-4351-DFEE-DC9ACA0F0EF9 HTTP/1.1" 200 135824
72.14.199.161 - - [19/Feb/2025:01:07:29 +0100] "GET /ticket2/opencms/img/icons/no.png HTTP/1.1" 200 1958
54.36.149.68 - - [19/Feb/2025:01:07:29 +0100] "GET /ticket2/opencms/lt/sport/futbolo-bilietai/bundesliga/koln HTTP/1.1" 200 95715
72.14.199.161 - - [19/Feb/2025:01:07:30 +0100] "GET /ticket2/opencms/system/modules/com.gridnine.opencms.ticketbrokerage.site/resources/js/standard.js HTTP/1.1" 200 3983
72.14.199.161 - - [19/Feb/2025:01:07:30 +0100] "GET /ticket2/opencms/img/icons/dk.png HTTP/1.1" 200 1706
202.8.43.116 - - [19/Feb/2025:01:07:31 +0100] "GET /ticket2/opencms/system/modules/com.gridnine.opencms.ticketbrokerage.site/resources/css/jquery.fancybox.css HTTP/1.1" 200 4939
202.8.43.116 - - [19/Feb/2025:01:07:31 +0100] "GET /ticket2/opencms/system/modules/com.gridnine.opencms.ticketbrokerage.site/resources/css/jquery-ui.css HTTP/1.1" 200 33221
202.8.43.116 - - [19/Feb/2025:01:07:31 +0100] "GET /ticket2/opencms/system/modules/com.gridnine.opencms.ticketbrokerage.site/resources/css/calendar.css HTTP/1.1" 200 6871
202.8.43.116 - - [19/Feb/2025:01:07:31 +0100] "GET /ticket2/opencms/system/modules/com.gridnine.opencms.ticketbrokerage.site/resources/js/functions.js HTTP/1.1" 200 1583
202.8.43.116 - - [19/Feb/2025:01:07:31 +0100] "GET /ticket2/opencms/system/modules/com.gridnine.opencms.ticketbrokerage.site/resources/css/ticketbrokerage.css HTTP/1.1" 200 39339
202.8.43.116 - - [19/Feb/2025:01:07:31 +0100] "GET /ticket2/opencms/system/modules/com.gridnine.opencms.ticketbrokerage.site/resources/css/standard.css HTTP/1.1" 200 73904
202.8.43.116 - - [19/Feb/2025:01:07:31 +0100] "GET /ticket2/opencms/system/modules/com.gridnine.opencms.ticketbrokerage.site/resources/js/jquery/jquery.js HTTP/1.1" 200 93868
202.8.43.116 - - [19/Feb/2025:01:07:31 +0100] "GET /ticket2/opencms/system/modules/com.gridnine.opencms.ticketbrokerage.site/resources/js/calendar-en.js HTTP/1.1" 200 3338
202.8.43.116 - - [19/Feb/2025:01:07:31 +0100] "GET /ticket2/opencms/system/modules/com.gridnine.opencms.ticketbrokerage.site/resources/js/jquery/jquery-ui.js HTTP/1.1" 200 228088
202.8.43.116 - - [19/Feb/2025:01:07:31 +0100] "GET /ticket2/opencms/system/modules/com.gridnine.opencms.ticketbrokerage.site/resources/js/calendar-setup.js HTTP/1.1" 200 4923
202.8.43.116 - - [19/Feb/2025:01:07:31 +0100] "GET /ticket2/opencms/system/modules/com.gridnine.opencms.ticketbrokerage.site/resources/js/calendar.js HTTP/1.1" 200 49229
202.8.43.116 - - [19/Feb/2025:01:07:31 +0100] "GET /ticket2/opencms/system/modules/com.gridnine.opencms.ticketbrokerage.site/resources/js/jquery.fancybox.pack.js HTTP/1.1" 200 23187
202.8.43.116 - - [19/Feb/2025:01:07:31 +0100] "GET /ticket2/opencms/system/modules/com.gridnine.opencms.ticketbrokerage.site/resources/js/stickyfill.min.js HTTP/1.1" 200 5672
202.8.43.116 - - [19/Feb/2025:01:07:31 +0100] "GET /ticket2/opencms/system/modules/com.gridnine.opencms.ticketbrokerage.site/resources/js/standard.js HTTP/1.1" 200 3983
72.14.199.161 - - [19/Feb/2025:01:07:31 +0100] "GET /ticket2/opencms/system/modules/com.gridnine.opencms.ticketbrokerage.site/resources/js/jquery.placeholder.min.js HTTP/1.1" 200 1737
202.8.43.116 - - [19/Feb/2025:01:07:31 +0100] "GET /ticket2/opencms/system/modules/com.gridnine.opencms.ticketbrokerage.site/resources/js/jquery.placeholder.min.js HTTP/1.1" 200 1737
54.38.85.36 - - [19/Feb/2025:01:07:31 +0100] "GET /ticket2/opencms/sv/buy/?page=1&edid=FECC0DB2-B8D9-00EE-095F-D7560C44D578&sortorder=desc&column=price HTTP/1.1" 200 112178
202.8.43.116 - - [19/Feb/2025:01:07:31 +0100] "GET /ticket2/opencms/system/modules/com.gridnine.opencms.ticketbrokerage.site/resources/js/common-ajax.js HTTP/1.1" 200 20175
72.14.199.161 - - [19/Feb/2025:01:07:31 +0100] "GET /ticket2/opencms/system/modules/com.gridnine.opencms.ticketbrokerage.site/resources/js/common-ajax.js HTTP/1.1" 200 20175
157.90.209.79 - - [19/Feb/2025:01:07:33 +0100] "GET /ticket2/opencms/hr/sport/nogometne-ulaznice/english-championship/coventry-city HTTP/1.1" 404 -
95.217.195.123 - - [19/Feb/2025:01:07:34 +0100] "GET /ticket2/opencms/en/login/?edid=1A3709D7-2775-D284-06C2-585FE5EFB134 HTTP/1.1" 200 90043
54.38.85.36 - - [19/Feb/2025:01:07:37 +0100] "GET /ticket2/opencms/sv/buy/?page=1&edid=FECC0DB2-B8D9-00EE-095F-D7560C44D578&sortorder=desc&column=row HTTP/1.1" 200 112126
95.217.195.123 - - [19/Feb/2025:01:07:41 +0100] "GET /ticket2/opencms/en/login/?edid=1C6C7307-F0C0-8D62-48A5-E1BE315A876A HTTP/1.1" 200 90221
157.90.209.79 - - [19/Feb/2025:01:07:42 +0100] "GET /ticket2/opencms/hr/sport/nogometne-ulaznice/english-championship/huddersfield-town HTTP/1.1" 404 -
54.38.85.36 - - [19/Feb/2025:01:07:42 +0100] "GET /ticket2/opencms/sv/buy/?page=1&edid=FECC0DB2-B8D9-00EE-095F-D7560C44D578&sortorder=desc&column=section HTTP/1.1" 200 112177
72.14.199.161 - - [19/Feb/2025:01:07:43 +0100] "GET /ticket2/opencms/img/icons/globe-white.png HTTP/1.1" 200 947
72.14.199.161 - - [19/Feb/2025:01:07:43 +0100] "GET /ticket2/opencms/img/icons/nl.png HTTP/1.1" 200 1255
72.14.199.161 - - [19/Feb/2025:01:07:44 +0100] "GET /ticket2/opencms/img/icons/de.png HTTP/1.1" 200 1124
114.119.132.57 - - [19/Feb/2025:01:07:45 +0100] "GET /ticket2/opencms/en/sell/?edid=BB09E6B7-4C7F-CD48-149C-8D3DECED8617 HTTP/1.1" 302 -
72.14.199.161 - - [19/Feb/2025:01:07:45 +0100] "GET /ticket2/opencms/img/icons/fr.png HTTP/1.1" 200 1764
54.36.148.29 - - [19/Feb/2025:01:07:46 +0100] "GET /ticket2/opencms/el/faq HTTP/1.1" 200 94270
72.14.199.161 - - [19/Feb/2025:01:07:46 +0100] "GET /ticket2/opencms/img/icons/es.png HTTP/1.1" 200 1005
72.14.199.161 - - [19/Feb/2025:01:07:47 +0100] "GET /ticket2/opencms/img/icons/it.png HTTP/1.1" 200 2040
54.38.85.36 - - [19/Feb/2025:01:07:47 +0100] "GET /ticket2/opencms/sv/buy/?page=1&edid=FEE1A9C3-6DCD-56AA-743E-6C9021DC9161&sortorder=asc&column=price HTTP/1.1" 200 112157
95.217.195.123 - - [19/Feb/2025:01:07:48 +0100] "GET /ticket2/opencms/en/login/?edid=225FD401-1824-1FBE-3961-A1A10F32A311 HTTP/1.1" 200 90122
72.14.199.161 - - [19/Feb/2025:01:07:48 +0100] "GET /ticket2/opencms/img/icons/pl.png HTTP/1.1" 200 1578
72.14.199.161 - - [19/Feb/2025:01:07:50 +0100] "GET /ticket2/opencms/img/icons/sq.png HTTP/1.1" 200 1619
114.119.132.57 - - [19/Feb/2025:01:07:50 +0100] "GET /ticket2/opencms/en/login/?url=/en/sell/ HTTP/1.1" 200 90109
72.14.199.161 - - [19/Feb/2025:01:07:50 +0100] "GET /ticket2/opencms/img/icons/az.png HTTP/1.1" 200 1445
54.38.85.36 - - [19/Feb/2025:01:07:51 +0100] "GET /ticket2/opencms/en/buy/?page=1&edid=2B4B21AC-3A39-C63E-397C-084E798BD2FE&sortorder=asc&column=price HTTP/1.1" 200 111429
72.14.199.161 - - [19/Feb/2025:01:07:52 +0100] "GET /ticket2/opencms/img/icons/be.png HTTP/1.1" 200 1663
85.208.96.197 - - [19/Feb/2025:01:07:52 +0100] "GET /ticket2/opencms/fr/magazine/article?title=viktor-gyokeres-a-manchester-united HTTP/1.1" 200 93050
72.14.199.161 - - [19/Feb/2025:01:07:52 +0100] "GET /ticket2/opencms/img/icons/bs.png HTTP/1.1" 200 1014
157.90.209.79 - - [19/Feb/2025:01:07:53 +0100] "GET /ticket2/opencms/hr/sport/nogometne-ulaznice/english-championship/hull-city HTTP/1.1" 404 -
85.208.96.208 - - [19/Feb/2025:01:07:53 +0100] "GET /ticket2/opencms/hr/buying_tickets HTTP/1.1" 200 89447
72.14.199.161 - - [19/Feb/2025:01:07:54 +0100] "GET /ticket2/opencms/img/icons/bg.png HTTP/1.1" 200 788
95.217.195.123 - - [19/Feb/2025:01:07:54 +0100] "GET /ticket2/opencms/en/login/?edid=266863E9-0D4A-8983-3D6E-89AEC4F0BA41 HTTP/1.1" 200 90128
173.252.107.113 - - [19/Feb/2025:01:07:54 +0100] "GET /ticket2/opencms/es/buy/?page=1&edid=C5541103-512C-D651-87BB-185D7BE93A66 HTTP/1.1" 200 111150
72.14.199.161 - - [19/Feb/2025:01:07:54 +0100] "GET /ticket2/opencms/img/icons/hr.png HTTP/1.1" 200 2024
54.38.85.36 - - [19/Feb/2025:01:07:55 +0100] "GET /ticket2/opencms/en/buy/?page=1&edid=488F292D-D222-709A-DC11-3ACAB9AA4C1F&sortorder=desc&column=row HTTP/1.1" 200 110952
85.208.96.193 - - [19/Feb/2025:01:07:55 +0100] "GET /ticket2/opencms/sv/sport/fotbollsbiljetter/uefa-champions-league/shakhtar_donetsk/ HTTP/1.1" 200 88374
54.36.148.103 - - [19/Feb/2025:01:07:56 +0100] "GET /ticket2/opencms/en/venue/?venueid=C451DC03-0E39-FBBE-F2A3-D7577086F5D7 HTTP/1.1" 200 85312
72.14.199.161 - - [19/Feb/2025:01:07:56 +0100] "GET /ticket2/opencms/img/icons/cs.png HTTP/1.1" 200 1883
72.14.199.161 - - [19/Feb/2025:01:07:56 +0100] "GET /ticket2/opencms/img/icons/et.png HTTP/1.1" 200 754
72.14.199.161 - - [19/Feb/2025:01:07:58 +0100] "GET /ticket2/opencms/img/icons/el.png HTTP/1.1" 200 1637
72.14.199.161 - - [19/Feb/2025:01:07:58 +0100] "GET /ticket2/opencms/img/icons/ka.png HTTP/1.1" 200 860
52.167.144.22 - - [19/Feb/2025:01:07:59 +0100] "GET /ticket2/opencms/fr/buy/?page=1&edid=E29FE338-9634-305B-C33B-0C1BF0DF939B HTTP/1.1" 200 110491
54.38.85.36 - - [19/Feb/2025:01:07:59 +0100] "GET /ticket2/opencms/en/buy/?page=1&edid=4ED5D885-C0E6-C385-EDC7-7493B6C1BBF3 HTTP/1.1" 200 110042
72.14.199.161 - - [19/Feb/2025:01:08:00 +0100] "GET /ticket2/opencms/img/icons/hu.png HTTP/1.1" 200 733
72.14.199.161 - - [19/Feb/2025:01:08:01 +0100] "GET /ticket2/opencms/img/icons/is.png HTTP/1.1" 200 1884
54.36.149.66 - - [19/Feb/2025:01:08:01 +0100] "GET /ticket2/opencms/it/sport/biglietti-calcio/bundesliga/wolfsburg HTTP/1.1" 200 97122
95.217.195.123 - - [19/Feb/2025:01:08:01 +0100] "GET /ticket2/opencms/en/login/?edid=26A4A561-2996-B362-4637-33397192311F HTTP/1.1" 200 90113
157.90.209.79 - - [19/Feb/2025:01:08:01 +0100] "GET /ticket2/opencms/hr/sport/nogometne-ulaznice/english-championship/ipswich-town HTTP/1.1" 200 97509
202.8.42.17 - - [19/Feb/2025:01:08:02 +0100] "GET /ticket2/opencms/system/modules/com.gridnine.opencms.ticketbrokerage.site/resources/css/calendar.css HTTP/1.1" 200 6871
202.8.42.17 - - [19/Feb/2025:01:08:02 +0100] "GET /ticket2/opencms/system/modules/com.gridnine.opencms.ticketbrokerage.site/resources/css/ticketbrokerage.css HTTP/1.1" 200 39339
202.8.42.17 - - [19/Feb/2025:01:08:02 +0100] "GET /ticket2/opencms/system/modules/com.gridnine.opencms.ticketbrokerage.site/resources/css/jquery-ui.css HTTP/1.1" 200 33221
202.8.42.17 - - [19/Feb/2025:01:08:02 +0100] "GET /ticket2/opencms/system/modules/com.gridnine.opencms.ticketbrokerage.site/resources/css/jquery.fancybox.css HTTP/1.1" 200 4939
202.8.42.17 - - [19/Feb/2025:01:08:02 +0100] "GET /ticket2/opencms/system/modules/com.gridnine.opencms.ticketbrokerage.site/resources/css/standard.css HTTP/1.1" 200 73904
202.8.42.17 - - [19/Feb/2025:01:08:02 +0100] "GET /ticket2/opencms/system/modules/com.gridnine.opencms.ticketbrokerage.site/resources/js/jquery/jquery.js HTTP/1.1" 200 93868
202.8.42.17 - - [19/Feb/2025:01:08:02 +0100] "GET /ticket2/opencms/system/modules/com.gridnine.opencms.ticketbrokerage.site/resources/js/jquery/jquery-ui.js HTTP/1.1" 200 228088
202.8.42.17 - - [19/Feb/2025:01:08:02 +0100] "GET /ticket2/opencms/system/modules/com.gridnine.opencms.ticketbrokerage.site/resources/js/calendar.js HTTP/1.1" 200 49229
202.8.42.17 - - [19/Feb/2025:01:08:02 +0100] "GET /ticket2/opencms/system/modules/com.gridnine.opencms.ticketbrokerage.site/resources/js/functions.js HTTP/1.1" 200 1583
202.8.42.17 - - [19/Feb/2025:01:08:02 +0100] "GET /ticket2/opencms/system/modules/com.gridnine.opencms.ticketbrokerage.site/resources/js/calendar-en.js HTTP/1.1" 200 3338
202.8.42.17 - - [19/Feb/2025:01:08:02 +0100] "GET /ticket2/opencms/system/modules/com.gridnine.opencms.ticketbrokerage.site/resources/js/calendar-setup.js HTTP/1.1" 200 4923
202.8.42.17 - - [19/Feb/2025:01:08:02 +0100] "GET /ticket2/opencms/system/modules/com.gridnine.opencms.ticketbrokerage.site/resources/js/jquery.fancybox.pack.js HTTP/1.1" 200 23187
202.8.42.17 - - [19/Feb/2025:01:08:02 +0100] "GET /ticket2/opencms/system/modules/com.gridnine.opencms.ticketbrokerage.site/resources/js/stickyfill.min.js HTTP/1.1" 200 5672
202.8.42.17 - - [19/Feb/2025:01:08:02 +0100] "GET /ticket2/opencms/system/modules/com.gridnine.opencms.ticketbrokerage.site/resources/js/standard.js HTTP/1.1" 200 3983
72.14.199.161 - - [19/Feb/2025:01:08:02 +0100] "GET /ticket2/opencms/img/icons/ga.png HTTP/1.1" 200 1759
202.8.42.17 - - [19/Feb/2025:01:08:02 +0100] "GET /ticket2/opencms/system/modules/com.gridnine.opencms.ticketbrokerage.site/resources/js/jquery.placeholder.min.js HTTP/1.1" 200 1737
202.8.42.17 - - [19/Feb/2025:01:08:02 +0100] "GET /ticket2/opencms/system/modules/com.gridnine.opencms.ticketbrokerage.site/resources/js/common-ajax.js HTTP/1.1" 200 20175
54.38.85.36 - - [19/Feb/2025:01:08:02 +0100] "GET /ticket2/opencms/en/buy/?page=1&edid=50C0023B-61A7-4684-18AF-AEB17F1F3E03&sortorder=desc&column=row HTTP/1.1" 200 110898
72.14.199.161 - - [19/Feb/2025:01:08:03 +0100] "GET /ticket2/opencms/img/icons/lv.png HTTP/1.1" 200 716
72.14.199.161 - - [19/Feb/2025:01:08:04 +0100] "GET /ticket2/opencms/img/icons/lt.png HTTP/1.1" 200 733
72.14.199.161 - - [19/Feb/2025:01:08:05 +0100] "GET /ticket2/opencms/img/icons/mt.png HTTP/1.1" 200 920
54.38.85.36 - - [19/Feb/2025:01:08:06 +0100] "GET /ticket2/opencms/en/buy/?page=1&edid=50C0023B-61A7-4684-18AF-AEB17F1F3E03&sortorder=desc&column=section HTTP/1.1" 200 110963
72.14.199.161 - - [19/Feb/2025:01:08:06 +0100] "GET /ticket2/opencms/img/icons/mo.png HTTP/1.1" 200 1468
72.14.199.161 - - [19/Feb/2025:01:08:07 +0100] "GET /ticket2/opencms/img/icons/ro.png HTTP/1.1" 200 1393
173.252.87.8 - - [19/Feb/2025:01:08:07 +0100] "GET /ticket2/opencms/uk/buy/?page=1&edid=4DFADB48-D949-97F7-B374-193C167D2333 HTTP/1.1" 200 113346
54.36.148.176 - - [19/Feb/2025:01:08:07 +0100] "GET /ticket2/opencms/el/magazine/article?title=stadio-emirates HTTP/1.1" 200 96828
95.217.195.123 - - [19/Feb/2025:01:08:08 +0100] "GET /ticket2/opencms/en/login/?edid=27C30962-08EE-4015-79A7-806B34CC7833 HTTP/1.1" 200 90137
72.14.199.161 - - [19/Feb/2025:01:08:09 +0100] "GET /ticket2/opencms/img/icons/sr.png HTTP/1.1" 200 1602
54.38.85.36 - - [19/Feb/2025:01:08:10 +0100] "GET /ticket2/opencms/en/buy/?page=1&edid=514274F5-88D6-1E22-A401-687FA309C84D&sortorder=asc&column=row HTTP/1.1" 200 110895
66.249.68.39 - - [19/Feb/2025:01:08:10 +0100] "GET /ticket2/opencms/fr/buy/?page=1&edid=CA5B0C82-DB36-D129-88EF-15CA8AFD33CA HTTP/1.1" 200 108355
72.14.199.161 - - [19/Feb/2025:01:08:10 +0100] "GET /ticket2/opencms/img/icons/sk.png HTTP/1.1" 200 1283
185.191.171.11 - - [19/Feb/2025:01:08:10 +0100] "GET /ticket2/opencms/be/magazine/article?title=the-future-of-technology-in-football HTTP/1.1" 200 95981
173.252.83.9 - - [19/Feb/2025:01:08:10 +0100] "GET /ticket2/opencms/en/buy/?page=1&edid=0D98F163-77B8-9089-B428-FE4979E1685F HTTP/1.1" 200 106979
69.171.230.113 - - [19/Feb/2025:01:08:11 +0100] "GET /ticket2/opencms/no/sport/fotballsbilletter/champions-league/napoli HTTP/1.1" 404 -
66.249.79.33 - - [19/Feb/2025:01:08:12 +0100] "GET /ticket2/opencms/set_aff_cookie.jsp?partner=8F6DE15D-D831-5787-AE7E-FEFF53476F85&url=%252Fno%252Fbuy%252Findex.html%253Fpage%253D1%2526edid%253DDC4F64BB-84C6-452C-2BFD-138DC45E79DD%2526hlv%253D666de068-2ff8-4a22-8343-6d8a0a01000f%2523v1152383687 HTTP/1.1" 200 246
72.14.199.161 - - [19/Feb/2025:01:08:12 +0100] "GET /ticket2/opencms/img/icons/sl.png HTTP/1.1" 200 966
157.90.209.79 - - [19/Feb/2025:01:08:13 +0100] "GET /ticket2/opencms/hr/sport/nogometne-ulaznice/english-championship/leeds-united HTTP/1.1" 404 -
54.38.85.36 - - [19/Feb/2025:01:08:13 +0100] "GET /ticket2/opencms/en/buy/?page=1&edid=514274F5-88D6-1E22-A401-687FA309C84D&sortorder=desc&column=price HTTP/1.1" 200 110967
54.36.148.67 - - [19/Feb/2025:01:08:15 +0100] "GET /ticket2/opencms/mt/sport/biljetti-tal-futbol/serie-a/roma/ HTTP/1.1" 200 99743
95.217.195.123 - - [19/Feb/2025:01:08:16 +0100] "GET /ticket2/opencms/en/login/?edid=2A0CF380-8C0A-32BD-5783-B7591B6DB2F6 HTTP/1.1" 200 90087
54.38.85.36 - - [19/Feb/2025:01:08:17 +0100] "GET /ticket2/opencms/en/buy/?page=1&edid=514274F5-88D6-1E22-A401-687FA309C84D&sortorder=desc&column=row HTTP/1.1" 200 110802
213.212.46.30 - - [19/Feb/2025:01:08:18 +0100] "GET /ticket2/opencms/sv/sport/fotbollsbiljetter/bundesliga/?gad_source=2&gclid=Cj0KCQiA_NC9BhCkARIsABSnSTaAo9gSM4P6L3-gvbVcYBvdr0nog8NKcLYnlFi9_mIKrSo716d2CD0aAgCIEALw_wcB HTTP/1.1" 200 102552
213.212.46.30 - - [19/Feb/2025:01:08:18 +0100] "GET /ticket2/opencms/system/modules/com.gridnine.opencms.ticketbrokerage.site/resources/css/ticketbrokerage.css HTTP/1.1" 200 39339
213.212.46.30 - - [19/Feb/2025:01:08:18 +0100] "GET /ticket2/opencms/system/modules/com.gridnine.opencms.ticketbrokerage.site/resources/css/calendar.css HTTP/1.1" 200 6871
213.212.46.30 - - [19/Feb/2025:01:08:18 +0100] "GET /ticket2/opencms/system/modules/com.gridnine.opencms.ticketbrokerage.site/resources/css/jquery-ui.css HTTP/1.1" 200 33221
213.212.46.30 - - [19/Feb/2025:01:08:18 +0100] "GET /ticket2/opencms/system/modules/com.gridnine.opencms.ticketbrokerage.site/resources/css/jquery.fancybox.css HTTP/1.1" 200 4939
213.212.46.30 - - [19/Feb/2025:01:08:18 +0100] "GET /ticket2/opencms/system/modules/com.gridnine.opencms.ticketbrokerage.site/resources/css/standard.css HTTP/1.1" 200 73904
213.212.46.30 - - [19/Feb/2025:01:08:18 +0100] "GET /ticket2/opencms/system/modules/com.gridnine.opencms.ticketbrokerage.site/resources/js/jquery/jquery.js HTTP/1.1" 200 93868
213.212.46.30 - - [19/Feb/2025:01:08:18 +0100] "GET /ticket2/opencms/system/modules/com.gridnine.opencms.ticketbrokerage.site/resources/js/jquery/jquery-ui.js HTTP/1.1" 200 228088
213.212.46.30 - - [19/Feb/2025:01:08:18 +0100] "GET /ticket2/opencms/system/modules/com.gridnine.opencms.ticketbrokerage.site/resources/js/functions.js HTTP/1.1" 200 1583
213.212.46.30 - - [19/Feb/2025:01:08:18 +0100] "GET /ticket2/opencms/system/modules/com.gridnine.opencms.ticketbrokerage.site/resources/js/calendar.js HTTP/1.1" 200 49229
213.212.46.30 - - [19/Feb/2025:01:08:18 +0100] "GET /ticket2/opencms/system/modules/com.gridnine.opencms.ticketbrokerage.site/resources/js/calendar-en.js HTTP/1.1" 200 3338
213.212.46.30 - - [19/Feb/2025:01:08:18 +0100] "GET /ticket2/opencms/system/modules/com.gridnine.opencms.ticketbrokerage.site/resources/js/calendar-setup.js HTTP/1.1" 200 4923
213.212.46.30 - - [19/Feb/2025:01:08:18 +0100] "GET /ticket2/opencms/system/modules/com.gridnine.opencms.ticketbrokerage.site/resources/js/jquery.fancybox.pack.js HTTP/1.1" 200 23187
213.212.46.30 - - [19/Feb/2025:01:08:18 +0100] "GET /ticket2/opencms/system/modules/com.gridnine.opencms.ticketbrokerage.site/resources/js/stickyfill.min.js HTTP/1.1" 200 5672
213.212.46.30 - - [19/Feb/2025:01:08:18 +0100] "GET /ticket2/opencms/system/modules/com.gridnine.opencms.ticketbrokerage.site/resources/js/standard.js HTTP/1.1" 200 3983
213.212.46.30 - - [19/Feb/2025:01:08:18 +0100] "GET /ticket2/opencms/system/modules/com.gridnine.opencms.ticketbrokerage.site/resources/js/jquery.placeholder.min.js HTTP/1.1" 200 1737
213.212.46.30 - - [19/Feb/2025:01:08:18 +0100] "GET /ticket2/opencms/system/modules/com.gridnine.opencms.ticketbrokerage.site/resources/js/common-ajax.js HTTP/1.1" 200 20175
213.212.46.30 - - [19/Feb/2025:01:08:18 +0100] "GET /ticket2/opencms/img/icons/en.png HTTP/1.1" 200 2415
213.212.46.30 - - [19/Feb/2025:01:08:18 +0100] "GET /ticket2/opencms/img/icons/fi.png HTTP/1.1" 200 1785
213.212.46.30 - - [19/Feb/2025:01:08:18 +0100] "GET /ticket2/opencms/img/icons/se.png HTTP/1.1" 200 1258
213.212.46.30 - - [19/Feb/2025:01:08:18 +0100] "GET /ticket2/opencms/img/icons/no.png HTTP/1.1" 200 1958
213.212.46.30 - - [19/Feb/2025:01:08:18 +0100] "GET /ticket2/opencms/img/icons/dk.png HTTP/1.1" 200 1706
213.212.46.30 - - [19/Feb/2025:01:08:18 +0100] "GET /ticket2/opencms/img/icons/globe-white.png HTTP/1.1" 200 947
213.212.46.30 - - [19/Feb/2025:01:08:18 +0100] "GET /ticket2/opencms/img/insta.png HTTP/1.1" 200 3967
213.212.46.30 - - [19/Feb/2025:01:08:18 +0100] "GET /ticket2/opencms/img/fb.png HTTP/1.1" 200 1269
213.212.46.30 - - [19/Feb/2025:01:08:18 +0100] "GET /ticket2/opencms/system/modules/com.gridnine.opencms.ticketbrokerage.site/resources/pics/logo-new.png HTTP/1.1" 200 13541
213.212.46.30 - - [19/Feb/2025:01:08:18 +0100] "GET /ticket2/opencms/system/modules/com.gridnine.opencms.ticketbrokerage.site/resources/pics/banners/sv/Bundesliga.jpg HTTP/1.1" 200 13421
213.212.46.30 - - [19/Feb/2025:01:08:18 +0100] "GET /ticket2/opencms/img/check.png HTTP/1.1" 200 548
213.212.46.30 - - [19/Feb/2025:01:08:18 +0100] "GET /ticket2/opencms/system/modules/com.gridnine.opencms.ticketbrokerage.site/resources/pics/sell_button_small_sv.png HTTP/1.1" 200 142
213.212.46.30 - - [19/Feb/2025:01:08:18 +0100] "GET /ticket2/opencms/system/modules/com.gridnine.opencms.ticketbrokerage.site/resources/pics/buy_button_small_sv.png HTTP/1.1" 200 8700
213.212.46.30 - - [19/Feb/2025:01:08:18 +0100] "GET /ticket2/opencms/img/mail.png HTTP/1.1" 200 403
213.212.46.30 - - [19/Feb/2025:01:08:18 +0100] "GET /ticket2/opencms/system/modules/com.gridnine.opencms.ticketbrokerage.site/resources/pics/footer-img.jpg HTTP/1.1" 200 67642
213.212.46.30 - - [19/Feb/2025:01:08:18 +0100] "GET /ticket2/opencms/img/chat.png HTTP/1.1" 200 416
213.212.46.30 - - [19/Feb/2025:01:08:18 +0100] "GET /ticket2/opencms/img/arrow.png HTTP/1.1" 200 753
213.212.46.30 - - [19/Feb/2025:01:08:19 +0100] "GET /ticket2/opencms/img/icons/es.png HTTP/1.1" 200 1005
213.212.46.30 - - [19/Feb/2025:01:08:19 +0100] "GET /ticket2/opencms/img/icons/fr.png HTTP/1.1" 200 1764
213.212.46.30 - - [19/Feb/2025:01:08:19 +0100] "GET /ticket2/opencms/img/icons/globe-white.png HTTP/1.1" 200 947
213.212.46.30 - - [19/Feb/2025:01:08:19 +0100] "GET /ticket2/opencms/img/icons/dk.png HTTP/1.1" 200 1706
213.212.46.30 - - [19/Feb/2025:01:08:19 +0100] "GET /ticket2/opencms/img/icons/nl.png HTTP/1.1" 200 1255
213.212.46.30 - - [19/Feb/2025:01:08:19 +0100] "GET /ticket2/opencms/img/icons/de.png HTTP/1.1" 200 1124
213.212.46.30 - - [19/Feb/2025:01:08:19 +0100] "GET /ticket2/opencms/img/icons/it.png HTTP/1.1" 200 2040
213.212.46.30 - - [19/Feb/2025:01:08:19 +0100] "GET /ticket2/opencms/img/icons/sq.png HTTP/1.1" 200 1619
213.212.46.30 - - [19/Feb/2025:01:08:19 +0100] "GET /ticket2/opencms/img/icons/pl.png HTTP/1.1" 200 1578
213.212.46.30 - - [19/Feb/2025:01:08:19 +0100] "GET /ticket2/opencms/img/icons/be.png HTTP/1.1" 200 1663
213.212.46.30 - - [19/Feb/2025:01:08:19 +0100] "GET /ticket2/opencms/img/icons/az.png HTTP/1.1" 200 1445
213.212.46.30 - - [19/Feb/2025:01:08:19 +0100] "GET /ticket2/opencms/img/icons/bs.png HTTP/1.1" 200 1014
213.212.46.30 - - [19/Feb/2025:01:08:19 +0100] "GET /ticket2/opencms/img/icons/bg.png HTTP/1.1" 200 788
43.153.72.194 - - [19/Feb/2025:01:08:20 +0100] "GET /ticket2/opencms/fi/buy/?page=1&edid=2DF71579-8539-9953-A2E8-0E8B3100119A HTTP/1.1" 200 108390
54.38.85.36 - - [19/Feb/2025:01:08:21 +0100] "GET /ticket2/opencms/en/buy/?page=1&edid=514274F5-88D6-1E22-A401-687FA309C84D&sortorder=desc&column=section HTTP/1.1" 200 111084
157.90.209.79 - - [19/Feb/2025:01:08:22 +0100] "GET /ticket2/opencms/hr/sport/nogometne-ulaznice/english-championship/leicester-city HTTP/1.1" 200 97738
95.217.195.123 - - [19/Feb/2025:01:08:23 +0100] "GET /ticket2/opencms/en/login/?edid=30EFD9FA-9D64-4BEF-2A04-84DAF1853867 HTTP/1.1" 200 90100
54.38.85.36 - - [19/Feb/2025:01:08:24 +0100] "GET /ticket2/opencms/en/buy/?page=1&edid=51629190-7D64-7FD5-6B85-7E2940B9E0CA&sortorder=desc&column=price HTTP/1.1" 200 110721
66.249.79.33 - - [19/Feb/2025:01:08:27 +0100] "GET /ticket2/opencms/set_aff_cookie.jsp?partner=8F6DE15D-D831-5787-AE7E-FEFF53476F85&url=%252Fno%252Fbuy%252Findex.html%253Fpage%253D1%2526edid%253DDC4F64BB-84C6-452C-2BFD-138DC45E79DD%2526hlv%253D666de06a-5f6c-4de9-a704-6d8a0a01000f%2523v_264192785 HTTP/1.1" 200 246
173.252.83.116 - - [19/Feb/2025:01:08:27 +0100] "GET /ticket2/opencms/es/buy/?page=1&edid=C2ECBA5C-6F54-380B-DDCA-15DF3F116F7E HTTP/1.1" 200 90385
54.38.85.36 - - [19/Feb/2025:01:08:28 +0100] "GET /ticket2/opencms/en/buy/?page=1&edid=51629190-7D64-7FD5-6B85-7E2940B9E0CA&sortorder=desc&column=row HTTP/1.1" 200 110676
95.217.195.123 - - [19/Feb/2025:01:08:29 +0100] "GET /ticket2/opencms/en/login/?edid=31CECE39-C1FC-F090-49FC-B872E815E667 HTTP/1.1" 200 90115
47.128.55.181 - - [19/Feb/2025:01:08:31 +0100] "GET /ticket2/opencms/be/buy/?edid=102FC15A-4406-C66D-55EB-877612BDD22A HTTP/1.1" 200 92424
54.38.85.36 - - [19/Feb/2025:01:08:32 +0100] "GET /ticket2/opencms/en/buy/?page=1&edid=51629190-7D64-7FD5-6B85-7E2940B9E0CA&sortorder=desc&column=section HTTP/1.1" 200 110848
54.36.148.251 - - [19/Feb/2025:01:08:32 +0100] "GET /ticket2/opencms/sr/sport/fudbalske-karte/bundesliga/koln HTTP/1.1" 200 96622
85.208.96.197 - - [19/Feb/2025:01:08:33 +0100] "GET /ticket2/opencms/de/sport/fussball-tickets/bundesliga/hoffenheim/ HTTP/1.1" 200 100883
202.8.43.226 - - [19/Feb/2025:01:08:34 +0100] "GET /ticket2/opencms/system/modules/com.gridnine.opencms.ticketbrokerage.site/resources/css/calendar.css HTTP/1.1" 200 6871
202.8.43.226 - - [19/Feb/2025:01:08:34 +0100] "GET /ticket2/opencms/system/modules/com.gridnine.opencms.ticketbrokerage.site/resources/css/ticketbrokerage.css HTTP/1.1" 200 39339
202.8.43.226 - - [19/Feb/2025:01:08:34 +0100] "GET /ticket2/opencms/system/modules/com.gridnine.opencms.ticketbrokerage.site/resources/css/standard.css HTTP/1.1" 200 73904
202.8.43.226 - - [19/Feb/2025:01:08:34 +0100] "GET /ticket2/opencms/system/modules/com.gridnine.opencms.ticketbrokerage.site/resources/css/jquery-ui.css HTTP/1.1" 200 33221
202.8.43.226 - - [19/Feb/2025:01:08:34 +0100] "GET /ticket2/opencms/system/modules/com.gridnine.opencms.ticketbrokerage.site/resources/css/jquery.fancybox.css HTTP/1.1" 200 4939
202.8.43.226 - - [19/Feb/2025:01:08:34 +0100] "GET /ticket2/opencms/system/modules/com.gridnine.opencms.ticketbrokerage.site/resources/js/jquery/jquery.js HTTP/1.1" 200 93868
202.8.43.226 - - [19/Feb/2025:01:08:34 +0100] "GET /ticket2/opencms/system/modules/com.gridnine.opencms.ticketbrokerage.site/resources/js/jquery/jquery-ui.js HTTP/1.1" 200 228088
202.8.43.226 - - [19/Feb/2025:01:08:34 +0100] "GET /ticket2/opencms/system/modules/com.gridnine.opencms.ticketbrokerage.site/resources/js/functions.js HTTP/1.1" 200 1583
202.8.43.226 - - [19/Feb/2025:01:08:34 +0100] "GET /ticket2/opencms/system/modules/com.gridnine.opencms.ticketbrokerage.site/resources/js/calendar.js HTTP/1.1" 200 49229
202.8.43.226 - - [19/Feb/2025:01:08:34 +0100] "GET /ticket2/opencms/system/modules/com.gridnine.opencms.ticketbrokerage.site/resources/js/calendar-en.js HTTP/1.1" 200 3338
202.8.43.226 - - [19/Feb/2025:01:08:34 +0100] "GET /ticket2/opencms/system/modules/com.gridnine.opencms.ticketbrokerage.site/resources/js/calendar-setup.js HTTP/1.1" 200 4923
202.8.43.226 - - [19/Feb/2025:01:08:34 +0100] "GET /ticket2/opencms/system/modules/com.gridnine.opencms.ticketbrokerage.site/resources/js/jquery.fancybox.pack.js HTTP/1.1" 200 23187
202.8.43.226 - - [19/Feb/2025:01:08:34 +0100] "GET /ticket2/opencms/system/modules/com.gridnine.opencms.ticketbrokerage.site/resources/js/stickyfill.min.js HTTP/1.1" 200 5672
202.8.43.226 - - [19/Feb/2025:01:08:34 +0100] "GET /ticket2/opencms/system/modules/com.gridnine.opencms.ticketbrokerage.site/resources/js/standard.js HTTP/1.1" 200 3983
202.8.43.226 - - [19/Feb/2025:01:08:34 +0100] "GET /ticket2/opencms/system/modules/com.gridnine.opencms.ticketbrokerage.site/resources/js/jquery.placeholder.min.js HTTP/1.1" 200 1737
202.8.43.226 - - [19/Feb/2025:01:08:34 +0100] "GET /ticket2/opencms/system/modules/com.gridnine.opencms.ticketbrokerage.site/resources/js/common-ajax.js HTTP/1.1" 200 20175
95.217.195.123 - - [19/Feb/2025:01:08:36 +0100] "GET /ticket2/opencms/en/login/?edid=330F2908-F2E8-6925-771A-2D5FC8A92AD5 HTTP/1.1" 200 90050
185.191.171.13 - - [19/Feb/2025:01:08:36 +0100] "GET /ticket2/opencms/cs/magazine/article?title=allsvenskan-svedska-fotbalova-premier-league HTTP/1.1" 200 94052
157.90.209.79 - - [19/Feb/2025:01:08:36 +0100] "GET /ticket2/opencms/hr/sport/nogometne-ulaznice/english-championship/middlesbrough HTTP/1.1" 200 101098
54.38.85.36 - - [19/Feb/2025:01:08:36 +0100] "GET /ticket2/opencms/en/buy/?page=1&edid=523E9F78-BACB-2166-034C-D68028D3EC00 HTTP/1.1" 200 109635
69.171.230.113 - - [19/Feb/2025:01:08:37 +0100] "GET /ticket2/opencms/sv/magazine/article?title=listan-over-de-nominerade-till-ballon-dor HTTP/1.1" 200 94717
40.77.167.38 - - [19/Feb/2025:01:08:40 +0100] "GET /ticket2/opencms/is/buy?page=1&edid=709864F5-B54B-21C9-E91A-EAAEE09DC1E6 HTTP/1.1" 200 108569
54.38.85.36 - - [19/Feb/2025:01:08:40 +0100] "GET /ticket2/opencms/en/buy/?page=1&edid=523E9F78-BACB-2166-034C-D68028D3EC00&sortorder=asc&column=price HTTP/1.1" 200 110465
95.217.195.123 - - [19/Feb/2025:01:08:42 +0100] "GET /ticket2/opencms/en/login/?edid=34F904B8-2B59-C62A-2ACD-4B7E2D0201AE HTTP/1.1" 200 90146
54.38.85.36 - - [19/Feb/2025:01:08:44 +0100] "GET /ticket2/opencms/en/buy/?page=1&edid=523E9F78-BACB-2166-034C-D68028D3EC00&sortorder=asc&column=row HTTP/1.1" 200 110437
157.90.209.79 - - [19/Feb/2025:01:08:45 +0100] "GET /ticket2/opencms/hr/sport/nogometne-ulaznice/english-championship/millwall HTTP/1.1" 200 100568
54.36.148.216 - - [19/Feb/2025:01:08:46 +0100] "GET /ticket2/opencms/ka/buy/?page=1&edid=33CFCCFE-A22A-4A2C-1202-26E0FBDCB686 HTTP/1.1" 200 127209
95.217.195.123 - - [19/Feb/2025:01:08:47 +0100] "GET /ticket2/opencms/en/login/?edid=3AC4801A-22EA-FD01-C041-B6E0417E770D HTTP/1.1" 200 90138
54.38.85.36 - - [19/Feb/2025:01:08:48 +0100] "GET /ticket2/opencms/en/buy/?page=1&edid=523E9F78-BACB-2166-034C-D68028D3EC00&sortorder=asc&column=section HTTP/1.1" 200 110603
54.38.85.36 - - [19/Feb/2025:01:08:51 +0100] "GET /ticket2/opencms/en/buy/?page=1&edid=523E9F78-BACB-2166-034C-D68028D3EC00&sortorder=desc&column=price HTTP/1.1" 200 110633
95.217.195.123 - - [19/Feb/2025:01:08:54 +0100] "GET /ticket2/opencms/en/login/?edid=3D5B375E-E3C1-ED96-5ADC-E32F0024FBA0 HTTP/1.1" 200 90070
157.90.209.79 - - [19/Feb/2025:01:08:55 +0100] "GET /ticket2/opencms/hr/sport/nogometne-ulaznice/english-championship/norwich-city HTTP/1.1" 404 -
54.38.85.36 - - [19/Feb/2025:01:08:55 +0100] "GET /ticket2/opencms/en/buy/?page=1&edid=523E9F78-BACB-2166-034C-D68028D3EC00&sortorder=desc&column=row HTTP/1.1" 200 110461
185.191.171.7 - - [19/Feb/2025:01:08:57 +0100] "GET /ticket2/opencms/ga/ HTTP/1.1" 200 107917
66.249.76.170 - - [19/Feb/2025:01:08:58 +0100] "GET /ticket2/opencms/sv/sell/?edid=71BCEC0A-D8F2-3C62-D68C-0DCA751BB9B9 HTTP/1.1" 302 -
54.36.148.181 - - [19/Feb/2025:01:08:59 +0100] "GET /ticket2/opencms/bs/buy?page=1&edid=1ABC406A-92BD-FDCF-3BD6-80A52E60B34F HTTP/1.1" 200 144383
54.38.85.36 - - [19/Feb/2025:01:08:59 +0100] "GET /ticket2/opencms/en/buy/?page=1&edid=523E9F78-BACB-2166-034C-D68028D3EC00&sortorder=desc&column=section HTTP/1.1" 200 110645
54.36.148.227 - - [19/Feb/2025:01:09:00 +0100] "GET /ticket2/opencms/mo/despre-noi HTTP/1.1" 200 89590
202.8.42.57 - - [19/Feb/2025:01:09:01 +0100] "GET /ticket2/opencms/system/modules/com.gridnine.opencms.ticketbrokerage.site/resources/css/standard.css HTTP/1.1" 200 73904
202.8.42.57 - - [19/Feb/2025:01:09:01 +0100] "GET /ticket2/opencms/system/modules/com.gridnine.opencms.ticketbrokerage.site/resources/css/jquery-ui.css HTTP/1.1" 200 33221
202.8.42.57 - - [19/Feb/2025:01:09:01 +0100] "GET /ticket2/opencms/system/modules/com.gridnine.opencms.ticketbrokerage.site/resources/css/jquery.fancybox.css HTTP/1.1" 200 4939
202.8.42.57 - - [19/Feb/2025:01:09:01 +0100] "GET /ticket2/opencms/system/modules/com.gridnine.opencms.ticketbrokerage.site/resources/css/ticketbrokerage.css HTTP/1.1" 200 39339
202.8.42.57 - - [19/Feb/2025:01:09:01 +0100] "GET /ticket2/opencms/system/modules/com.gridnine.opencms.ticketbrokerage.site/resources/css/calendar.css HTTP/1.1" 200 6871
202.8.42.57 - - [19/Feb/2025:01:09:01 +0100] "GET /ticket2/opencms/system/modules/com.gridnine.opencms.ticketbrokerage.site/resources/js/jquery/jquery.js HTTP/1.1" 200 93868
202.8.42.57 - - [19/Feb/2025:01:09:01 +0100] "GET /ticket2/opencms/system/modules/com.gridnine.opencms.ticketbrokerage.site/resources/js/jquery/jquery-ui.js HTTP/1.1" 200 228088
202.8.42.57 - - [19/Feb/2025:01:09:01 +0100] "GET /ticket2/opencms/system/modules/com.gridnine.opencms.ticketbrokerage.site/resources/js/functions.js HTTP/1.1" 200 1583
202.8.42.57 - - [19/Feb/2025:01:09:01 +0100] "GET /ticket2/opencms/system/modules/com.gridnine.opencms.ticketbrokerage.site/resources/js/calendar.js HTTP/1.1" 200 49229
202.8.42.57 - - [19/Feb/2025:01:09:01 +0100] "GET /ticket2/opencms/system/modules/com.gridnine.opencms.ticketbrokerage.site/resources/js/calendar-en.js HTTP/1.1" 200 3338
202.8.42.57 - - [19/Feb/2025:01:09:01 +0100] "GET /ticket2/opencms/system/modules/com.gridnine.opencms.ticketbrokerage.site/resources/js/calendar-setup.js HTTP/1.1" 200 4923
202.8.42.57 - - [19/Feb/2025:01:09:01 +0100] "GET /ticket2/opencms/system/modules/com.gridnine.opencms.ticketbrokerage.site/resources/js/jquery.fancybox.pack.js HTTP/1.1" 200 23187
202.8.42.57 - - [19/Feb/2025:01:09:01 +0100] "GET /ticket2/opencms/system/modules/com.gridnine.opencms.ticketbrokerage.site/resources/js/stickyfill.min.js HTTP/1.1" 200 5672
202.8.42.57 - - [19/Feb/2025:01:09:01 +0100] "GET /ticket2/opencms/system/modules/com.gridnine.opencms.ticketbrokerage.site/resources/js/standard.js HTTP/1.1" 200 3983
114.119.143.233 - - [19/Feb/2025:01:09:01 +0100] "GET /ticket2/opencms/nl/buy?page=1&edid=0390C1BB-1C34-F3DE-8CA6-221938AC41C0 HTTP/1.1" 200 108893
202.8.42.57 - - [19/Feb/2025:01:09:02 +0100] "GET /ticket2/opencms/system/modules/com.gridnine.opencms.ticketbrokerage.site/resources/js/jquery.placeholder.min.js HTTP/1.1" 200 1737
202.8.42.57 - - [19/Feb/2025:01:09:02 +0100] "GET /ticket2/opencms/system/modules/com.gridnine.opencms.ticketbrokerage.site/resources/js/common-ajax.js HTTP/1.1" 200 20175
95.217.195.123 - - [19/Feb/2025:01:09:02 +0100] "GET /ticket2/opencms/en/login/?edid=3D8F79F4-A4D7-A330-BF52-9DC53BC71CBE HTTP/1.1" 200 90103
54.38.85.36 - - [19/Feb/2025:01:09:03 +0100] "GET /ticket2/opencms/en/buy/?page=1&edid=52CBF94B-ED6F-0E65-B223-D8FD35363397 HTTP/1.1" 200 110119
157.90.209.79 - - [19/Feb/2025:01:09:04 +0100] "GET /ticket2/opencms/hr/sport/nogometne-ulaznice/english-championship/plymouth-argyle HTTP/1.1" 200 97881
66.249.76.170 - - [19/Feb/2025:01:09:06 +0100] "GET /ticket2/opencms/sv/login/?url=/sv/sell/ HTTP/1.1" 200 91491
54.38.85.36 - - [19/Feb/2025:01:09:06 +0100] "GET /ticket2/opencms/en/buy/?page=1&edid=52E48250-C92A-48C2-45BB-C1536603E8B5&sortorder=asc&column=price HTTP/1.1" 200 110067
40.77.167.38 - - [19/Feb/2025:01:09:07 +0100] "GET /ticket2/opencms/hu/buy/?page=1&edid=390DC139-684B-981D-FD40-65227EC6F86F HTTP/1.1" 200 108797
95.217.195.123 - - [19/Feb/2025:01:09:07 +0100] "GET /ticket2/opencms/en/login/?edid=44FA1F14-EB7D-12C7-39F6-256763F07FCD HTTP/1.1" 200 90129
114.119.130.178 - - [19/Feb/2025:01:09:07 +0100] "GET /ticket2/opencms/es/buy/?page=1&edid=F7607B70-C7D1-859A-AF1D-90ACBF6F99CC HTTP/1.1" 200 90301
47.128.31.147 - - [19/Feb/2025:01:09:09 +0100] "GET /ticket2/opencms/dk/buy?page=1&edid=718A7A5B-0864-7BB0-17EA-7D1DFF1DCA73 HTTP/1.1" 200 110327
54.38.85.36 - - [19/Feb/2025:01:09:10 +0100] "GET /ticket2/opencms/en/buy/?page=1&edid=52E48250-C92A-48C2-45BB-C1536603E8B5&sortorder=asc&column=section HTTP/1.1" 200 110107
47.128.31.147 - - [19/Feb/2025:01:09:11 +0100] "GET /ticket2/opencms/dk/ask-form.html HTTP/1.1" 200 2971
47.128.31.147 - - [19/Feb/2025:01:09:12 +0100] "GET /ticket2/opencms/img/sals.jpg HTTP/1.1" 200 83908
54.36.148.52 - - [19/Feb/2025:01:09:12 +0100] "GET /ticket2/opencms/et/sport/jalgpallipiletid/bundesliga/koln HTTP/1.1" 200 96115
66.249.76.133 - - [19/Feb/2025:01:09:12 +0100] "GET /ticket2/opencms/robots.txt HTTP/1.1" 200 773
114.119.153.152 - - [19/Feb/2025:01:09:12 +0100] "GET /ticket2/opencms/en/buy/?page=1&edid=A1379091-8019-BE88-B137-A1F1344CB8F9 HTTP/1.1" 200 110035
202.8.43.175 - - [19/Feb/2025:01:09:13 +0100] "GET /ticket2/opencms/system/modules/com.gridnine.opencms.ticketbrokerage.site/resources/css/jquery-ui.css HTTP/1.1" 200 33221
202.8.43.175 - - [19/Feb/2025:01:09:13 +0100] "GET /ticket2/opencms/system/modules/com.gridnine.opencms.ticketbrokerage.site/resources/css/calendar.css HTTP/1.1" 200 6871
202.8.43.175 - - [19/Feb/2025:01:09:13 +0100] "GET /ticket2/opencms/system/modules/com.gridnine.opencms.ticketbrokerage.site/resources/css/standard.css HTTP/1.1" 200 73904
202.8.43.175 - - [19/Feb/2025:01:09:14 +0100] "GET /ticket2/opencms/system/modules/com.gridnine.opencms.ticketbrokerage.site/resources/css/jquery.fancybox.css HTTP/1.1" 200 4939
202.8.43.175 - - [19/Feb/2025:01:09:14 +0100] "GET /ticket2/opencms/system/modules/com.gridnine.opencms.ticketbrokerage.site/resources/css/ticketbrokerage.css HTTP/1.1" 200 39339
202.8.43.175 - - [19/Feb/2025:01:09:14 +0100] "GET /ticket2/opencms/system/modules/com.gridnine.opencms.ticketbrokerage.site/resources/js/jquery/jquery.js HTTP/1.1" 200 93868
202.8.43.175 - - [19/Feb/2025:01:09:14 +0100] "GET /ticket2/opencms/system/modules/com.gridnine.opencms.ticketbrokerage.site/resources/js/jquery/jquery-ui.js HTTP/1.1" 200 228088
202.8.43.175 - - [19/Feb/2025:01:09:14 +0100] "GET /ticket2/opencms/system/modules/com.gridnine.opencms.ticketbrokerage.site/resources/js/functions.js HTTP/1.1" 200 1583
202.8.43.175 - - [19/Feb/2025:01:09:14 +0100] "GET /ticket2/opencms/system/modules/com.gridnine.opencms.ticketbrokerage.site/resources/js/calendar.js HTTP/1.1" 200 49229
202.8.43.175 - - [19/Feb/2025:01:09:14 +0100] "GET /ticket2/opencms/system/modules/com.gridnine.opencms.ticketbrokerage.site/resources/js/calendar-en.js HTTP/1.1" 200 3338
202.8.43.175 - - [19/Feb/2025:01:09:14 +0100] "GET /ticket2/opencms/system/modules/com.gridnine.opencms.ticketbrokerage.site/resources/js/calendar-setup.js HTTP/1.1" 200 4923
202.8.43.175 - - [19/Feb/2025:01:09:14 +0100] "GET /ticket2/opencms/system/modules/com.gridnine.opencms.ticketbrokerage.site/resources/js/stickyfill.min.js HTTP/1.1" 200 5672
202.8.43.175 - - [19/Feb/2025:01:09:14 +0100] "GET /ticket2/opencms/system/modules/com.gridnine.opencms.ticketbrokerage.site/resources/js/jquery.fancybox.pack.js HTTP/1.1" 200 23187
202.8.43.175 - - [19/Feb/2025:01:09:14 +0100] "GET /ticket2/opencms/system/modules/com.gridnine.opencms.ticketbrokerage.site/resources/js/standard.js HTTP/1.1" 200 3983
202.8.43.175 - - [19/Feb/2025:01:09:14 +0100] "GET /ticket2/opencms/system/modules/com.gridnine.opencms.ticketbrokerage.site/resources/js/jquery.placeholder.min.js HTTP/1.1" 200 1737
202.8.43.175 - - [19/Feb/2025:01:09:14 +0100] "GET /ticket2/opencms/system/modules/com.gridnine.opencms.ticketbrokerage.site/resources/js/common-ajax.js HTTP/1.1" 200 20175
54.38.85.36 - - [19/Feb/2025:01:09:15 +0100] "GET /ticket2/opencms/en/buy/?page=1&edid=52E48250-C92A-48C2-45BB-C1536603E8B5&sortorder=desc&column=price HTTP/1.1" 200 110044
95.217.195.123 - - [19/Feb/2025:01:09:15 +0100] "GET /ticket2/opencms/en/login/?edid=458B1568-FE0A-15E4-B731-02A001EA1C95 HTTP/1.1" 200 90114
185.191.171.1 - - [19/Feb/2025:01:09:15 +0100] "GET /ticket2/opencms/fr/magazine/article?title=stade-emirates HTTP/1.1" 200 95693
40.77.167.38 - - [19/Feb/2025:01:09:16 +0100] "GET /ticket2/opencms/tr/buy/?page=1&edid=2E84E3FC-1C34-B2DE-D3EB-B8B283411021 HTTP/1.1" 200 90470
66.249.79.33 - - [19/Feb/2025:01:09:17 +0100] "GET /ticket2/opencms/de/ HTTP/1.1" 200 107246
157.90.209.79 - - [19/Feb/2025:01:09:17 +0100] "GET /ticket2/opencms/hr/sport/nogometne-ulaznice/english-championship/preston-north-end HTTP/1.1" 200 101274
85.208.96.197 - - [19/Feb/2025:01:09:17 +0100] "GET /ticket2/opencms/ka/magazine/article?title=legendas-tskheli-saubrebi-fantan HTTP/1.1" 200 97859
85.208.96.204 - - [19/Feb/2025:01:09:18 +0100] "GET /ticket2/opencms/fr/magazine/article?title=neymar-lune-des-acquisitions-les-plus-cheres-au-monde HTTP/1.1" 200 91730
66.249.79.35 - - [19/Feb/2025:01:09:18 +0100] "GET /ticket2/opencms/et/buy/?page=1&edid=E8492630-5817-95C8-DBCF-47EFEEBEB25B HTTP/1.1" 200 111530
54.38.85.36 - - [19/Feb/2025:01:09:19 +0100] "GET /ticket2/opencms/en/buy/?page=1&edid=52E48250-C92A-48C2-45BB-C1536603E8B5&sortorder=desc&column=section HTTP/1.1" 200 110125
85.208.96.209 - - [19/Feb/2025:01:09:20 +0100] "GET /ticket2/opencms/uk/magazine/article?title=semifinal-france-vs-spain HTTP/1.1" 200 95996
66.249.79.33 - - [19/Feb/2025:01:09:20 +0100] "GET /ticket2/opencms/mo/buy/?comcatid=A17713B6-D984-201A-4143-ED4DB5ED5C2E&catid=F2006A3D-5EE0-B40B-5749-60C15271538F HTTP/1.1" 200 103433
95.217.195.123 - - [19/Feb/2025:01:09:21 +0100] "GET /ticket2/opencms/en/login/?edid=46ED3103-DE6B-A6DD-76D4-FB2A3432E453 HTTP/1.1" 200 90074
66.249.76.170 - - [19/Feb/2025:01:09:21 +0100] "GET /ticket2/opencms/sq/buy?page=1&edid=DDC014E0-57FD-0978-5C99-38BF9021FA56 HTTP/1.1" 200 118448
