135.181.79.106 - - [19/Feb/2025:01:03:09 +0100] "GET /ticket2/opencms/fi/login/?edid=97090501-1E61-49E3-928B-F233AE55277C HTTP/1.1" 200 91783
54.38.85.36 - - [19/Feb/2025:01:03:12 +0100] "GET /ticket2/opencms/en/buy/?page=1&edid=B08D5A43-3DF5-09B8-F7B3-031F806B8C69&sortorder=asc&column=section HTTP/1.1" 200 111039
135.181.79.106 - - [19/Feb/2025:01:03:13 +0100] "GET /ticket2/opencms/fi/login/?edid=9A2A4E79-E1FC-1D63-1645-10449E12F92D HTTP/1.1" 200 91800
95.217.195.123 - - [19/Feb/2025:01:03:13 +0100] "GET /ticket2/opencms/en/buy/?page=1&edid=87DA8067-258E-93BF-F8B0-6A2011EF3D80 HTTP/1.1" 200 132296
185.191.171.8 - - [19/Feb/2025:01:03:13 +0100] "GET /ticket2/opencms/en/login HTTP/1.1" 200 90096
157.90.209.79 - - [19/Feb/2025:01:03:14 +0100] "GET /ticket2/opencms/hr/sport HTTP/1.1" 200 93417
173.252.87.14 - - [19/Feb/2025:01:03:16 +0100] "GET /ticket2/opencms/ga/buy/?page=1&edid=4BA781DE-2024-5888-8F0F-2E0AC0F53952 HTTP/1.1" 200 115025
54.38.85.36 - - [19/Feb/2025:01:03:16 +0100] "GET /ticket2/opencms/en/buy/?page=1&edid=B08D5A43-3DF5-09B8-F7B3-031F806B8C69&sortorder=desc&column=row HTTP/1.1" 200 110956
54.36.148.15 - - [19/Feb/2025:01:03:17 +0100] "GET /ticket2/opencms/de/sport/fussball-tickets/english-championship/sunderland/ HTTP/1.1" 200 94560
69.171.249.8 - - [19/Feb/2025:01:03:18 +0100] "GET /ticket2/opencms/mo/buy/?page=1&edid=53230D30-911E-6420-06CB-53E53CF4F63A HTTP/1.1" 200 108714
135.181.79.106 - - [19/Feb/2025:01:03:18 +0100] "GET /ticket2/opencms/fi/login/?edid=9C5757BB-1F90-FE2F-A8D1-6C821A4E65C7 HTTP/1.1" 200 91870
54.38.85.36 - - [19/Feb/2025:01:03:20 +0100] "GET /ticket2/opencms/en/buy/?page=1&edid=B08D5A43-3DF5-09B8-F7B3-031F806B8C69&sortorder=desc&column=section HTTP/1.1" 200 111036
95.217.195.123 - - [19/Feb/2025:01:03:20 +0100] "GET /ticket2/opencms/en/buy/?page=1&edid=89808DE4-033D-BF0D-68FD-BF489CEC9907 HTTP/1.1" 200 108957
66.249.79.35 - - [19/Feb/2025:01:03:22 +0100] "GET /ticket2/opencms/uk/standard/ HTTP/1.1" 500 -
135.181.79.106 - - [19/Feb/2025:01:03:23 +0100] "GET /ticket2/opencms/fi/login/?edid=9CB88255-C1D7-A550-4F71-3BA9C5085A0C HTTP/1.1" 200 91790
54.38.85.36 - - [19/Feb/2025:01:03:23 +0100] "GET /ticket2/opencms/en/buy/?page=1&edid=B0B4F143-21F3-1B35-1951-2883ED82D6C9&sortorder=asc&column=section HTTP/1.1" 200 111506
157.90.209.79 - - [19/Feb/2025:01:03:23 +0100] "GET /ticket2/opencms/hr/sport/nogometne-ulaznice HTTP/1.1" 200 94797
95.217.195.123 - - [19/Feb/2025:01:03:25 +0100] "GET /ticket2/opencms/en/buy/?page=1&edid=89AC8C22-922C-5C69-19DD-247D667ABB39 HTTP/1.1" 200 110029
135.181.79.106 - - [19/Feb/2025:01:03:27 +0100] "GET /ticket2/opencms/fi/login/?edid=9DBCFB0A-88F2-D9C0-1621-EFE7FF11A5D1 HTTP/1.1" 200 91818
54.38.85.36 - - [19/Feb/2025:01:03:27 +0100] "GET /ticket2/opencms/en/buy/?page=1&edid=B0BF2090-DE5A-9E6F-DE35-9DF8CEDD4A19&sortorder=asc&column=price HTTP/1.1" 200 110985
40.77.167.22 - - [19/Feb/2025:01:03:27 +0100] "GET /ticket2/opencms/dk/?page=6&comcatid=A17713B6-D984-201A-4143-ED4DB5ED5C2E&catid=36394212-F82E-F845-399B-42BED55969CC&eventid=8089A138-5EE7-E43F-C342-AAB9352CA1D1 HTTP/1.1" 200 106425
95.217.195.123 - - [19/Feb/2025:01:03:29 +0100] "GET /ticket2/opencms/en/buy/?page=1&edid=8A15C340-B6C2-2F43-473C-6069B2AC1544 HTTP/1.1" 200 108968
135.181.79.106 - - [19/Feb/2025:01:03:31 +0100] "GET /ticket2/opencms/fi/login/?edid=9F75CAFF-859B-AF24-5E2C-871DFD0095F5 HTTP/1.1" 200 91782
54.38.85.36 - - [19/Feb/2025:01:03:31 +0100] "GET /ticket2/opencms/en/buy/?page=1&edid=B0BF2090-DE5A-9E6F-DE35-9DF8CEDD4A19&sortorder=asc&column=section HTTP/1.1" 200 111017
47.238.13.14 - - [19/Feb/2025:01:03:31 +0100] "GET /ticket2/opencms/be/magazine/article?title=hugo-larsson-the-20-year-old-who-goes-from-strength-to-strength HTTP/1.1" 200 96300
157.90.209.79 - - [19/Feb/2025:01:03:31 +0100] "GET /ticket2/opencms/hr/sport/nogometne-ulaznice/bundesliga HTTP/1.1" 200 100962
54.36.149.64 - - [19/Feb/2025:01:03:33 +0100] "GET /ticket2/opencms/fi/urheilu/jalkapallo/premier_league/arsenal HTTP/1.1" 200 93175
95.217.195.123 - - [19/Feb/2025:01:03:34 +0100] "GET /ticket2/opencms/en/buy/?page=1&edid=8A4BD3C0-720E-C7F3-26B8-C1C8D72D0618 HTTP/1.1" 200 108952
202.8.42.4 - - [19/Feb/2025:01:03:34 +0100] "GET /ticket2/opencms/system/modules/com.gridnine.opencms.ticketbrokerage.site/resources/css/jquery-ui.css HTTP/1.1" 200 33221
202.8.42.4 - - [19/Feb/2025:01:03:34 +0100] "GET /ticket2/opencms/system/modules/com.gridnine.opencms.ticketbrokerage.site/resources/css/calendar.css HTTP/1.1" 200 6871
202.8.42.4 - - [19/Feb/2025:01:03:34 +0100] "GET /ticket2/opencms/system/modules/com.gridnine.opencms.ticketbrokerage.site/resources/css/jquery.fancybox.css HTTP/1.1" 200 4939
202.8.42.4 - - [19/Feb/2025:01:03:34 +0100] "GET /ticket2/opencms/system/modules/com.gridnine.opencms.ticketbrokerage.site/resources/css/standard.css HTTP/1.1" 200 73904
202.8.42.4 - - [19/Feb/2025:01:03:34 +0100] "GET /ticket2/opencms/system/modules/com.gridnine.opencms.ticketbrokerage.site/resources/css/ticketbrokerage.css HTTP/1.1" 200 39339
202.8.42.4 - - [19/Feb/2025:01:03:34 +0100] "GET /ticket2/opencms/system/modules/com.gridnine.opencms.ticketbrokerage.site/resources/js/calendar-en.js HTTP/1.1" 200 3338
202.8.42.4 - - [19/Feb/2025:01:03:34 +0100] "GET /ticket2/opencms/system/modules/com.gridnine.opencms.ticketbrokerage.site/resources/js/jquery/jquery.js HTTP/1.1" 200 93868
202.8.42.4 - - [19/Feb/2025:01:03:34 +0100] "GET /ticket2/opencms/system/modules/com.gridnine.opencms.ticketbrokerage.site/resources/js/calendar.js HTTP/1.1" 200 49229
202.8.42.4 - - [19/Feb/2025:01:03:34 +0100] "GET /ticket2/opencms/system/modules/com.gridnine.opencms.ticketbrokerage.site/resources/js/jquery/jquery-ui.js HTTP/1.1" 200 228088
202.8.42.4 - - [19/Feb/2025:01:03:34 +0100] "GET /ticket2/opencms/system/modules/com.gridnine.opencms.ticketbrokerage.site/resources/js/functions.js HTTP/1.1" 200 1583
202.8.42.4 - - [19/Feb/2025:01:03:34 +0100] "GET /ticket2/opencms/system/modules/com.gridnine.opencms.ticketbrokerage.site/resources/js/stickyfill.min.js HTTP/1.1" 200 5672
202.8.42.4 - - [19/Feb/2025:01:03:34 +0100] "GET /ticket2/opencms/system/modules/com.gridnine.opencms.ticketbrokerage.site/resources/js/jquery.fancybox.pack.js HTTP/1.1" 200 23187
202.8.42.4 - - [19/Feb/2025:01:03:34 +0100] "GET /ticket2/opencms/system/modules/com.gridnine.opencms.ticketbrokerage.site/resources/js/calendar-setup.js HTTP/1.1" 200 4923
202.8.42.4 - - [19/Feb/2025:01:03:34 +0100] "GET /ticket2/opencms/system/modules/com.gridnine.opencms.ticketbrokerage.site/resources/js/standard.js HTTP/1.1" 200 3983
202.8.42.4 - - [19/Feb/2025:01:03:34 +0100] "GET /ticket2/opencms/system/modules/com.gridnine.opencms.ticketbrokerage.site/resources/js/jquery.placeholder.min.js HTTP/1.1" 200 1737
202.8.42.4 - - [19/Feb/2025:01:03:34 +0100] "GET /ticket2/opencms/system/modules/com.gridnine.opencms.ticketbrokerage.site/resources/js/common-ajax.js HTTP/1.1" 200 20175
135.181.79.106 - - [19/Feb/2025:01:03:35 +0100] "GET /ticket2/opencms/fi/login/?edid=A098D6B2-660B-4A91-CD88-E211CF0A7F9F HTTP/1.1" 200 91755
54.38.85.36 - - [19/Feb/2025:01:03:35 +0100] "GET /ticket2/opencms/en/buy/?page=1&edid=B0FB7DA6-3842-5DC3-F94C-B4162BED870B&sortorder=asc&column=price HTTP/1.1" 200 110983
95.217.195.123 - - [19/Feb/2025:01:03:38 +0100] "GET /ticket2/opencms/en/buy/?page=1&edid=8A952CCD-A492-95D3-2AFF-7C7D5623F3B6 HTTP/1.1" 200 109129
157.90.209.79 - - [19/Feb/2025:01:03:38 +0100] "GET /ticket2/opencms/hr/sport/nogometne-ulaznice/bundesliga/augsburg HTTP/1.1" 200 99948
54.38.85.36 - - [19/Feb/2025:01:03:38 +0100] "GET /ticket2/opencms/en/buy/?page=1&edid=B0FB7DA6-3842-5DC3-F94C-B4162BED870B&sortorder=asc&column=row HTTP/1.1" 200 110883
135.181.79.106 - - [19/Feb/2025:01:03:38 +0100] "GET /ticket2/opencms/fi/login/?edid=A26C8801-6D64-B14F-3D1B-6E1107BED6DB HTTP/1.1" 200 91716
54.38.85.36 - - [19/Feb/2025:01:03:42 +0100] "GET /ticket2/opencms/en/buy/?page=1&edid=B0FB7DA6-3842-5DC3-F94C-B4162BED870B&sortorder=asc&column=section HTTP/1.1" 200 111126
135.181.79.106 - - [19/Feb/2025:01:03:42 +0100] "GET /ticket2/opencms/fi/login/?edid=A3C9C39A-D58E-E88B-771B-8E4C4FF57183 HTTP/1.1" 200 91854
95.217.195.123 - - [19/Feb/2025:01:03:42 +0100] "GET /ticket2/opencms/en/buy/?page=1&edid=8B5AEECC-CDCE-98FB-62B8-1001F45C2045 HTTP/1.1" 200 106881
114.119.153.152 - - [19/Feb/2025:01:03:43 +0100] "GET /ticket2/opencms/en/buy/?page=1&edid=9256ADCD-E896-A3AC-89D8-770DAB934B7E HTTP/1.1" 200 110056
54.36.149.32 - - [19/Feb/2025:01:03:44 +0100] "GET /ticket2/opencms/en/venue/?venueid=E14E113B-0F23-4425-AB89-F1003AE64F34 HTTP/1.1" 200 85334
52.167.144.172 - - [19/Feb/2025:01:03:46 +0100] "GET /ticket2/opencms/en/magazine/article?title=a-move-to-mexican-rayados HTTP/1.1" 200 93103
54.38.85.36 - - [19/Feb/2025:01:03:46 +0100] "GET /ticket2/opencms/en/buy/?page=1&edid=B12EFA8D-4EC4-DDCD-8B91-E676E87E71DF&sortorder=asc&column=row HTTP/1.1" 200 109971
135.181.79.106 - - [19/Feb/2025:01:03:46 +0100] "GET /ticket2/opencms/fi/login/?edid=A427F612-0464-4684-7057-AD9E0E689EC3 HTTP/1.1" 200 91754
157.90.209.79 - - [19/Feb/2025:01:03:47 +0100] "GET /ticket2/opencms/hr/sport/nogometne-ulaznice/bundesliga/bayer-leverkusen HTTP/1.1" 200 99936
95.217.195.123 - - [19/Feb/2025:01:03:47 +0100] "GET /ticket2/opencms/en/buy/?page=1&edid=8B771AFF-A9A8-FE63-E57B-1170D3B7C5B8 HTTP/1.1" 200 110069
54.36.149.66 - - [19/Feb/2025:01:03:48 +0100] "GET /ticket2/opencms/sk/sport/futbalove-listky/premier-league/liverpool HTTP/1.1" 200 95093
202.8.43.164 - - [19/Feb/2025:01:03:49 +0100] "GET /ticket2/opencms/system/modules/com.gridnine.opencms.ticketbrokerage.site/resources/css/jquery-ui.css HTTP/1.1" 200 33221
202.8.43.164 - - [19/Feb/2025:01:03:49 +0100] "GET /ticket2/opencms/system/modules/com.gridnine.opencms.ticketbrokerage.site/resources/css/ticketbrokerage.css HTTP/1.1" 200 39339
202.8.43.164 - - [19/Feb/2025:01:03:49 +0100] "GET /ticket2/opencms/system/modules/com.gridnine.opencms.ticketbrokerage.site/resources/css/calendar.css HTTP/1.1" 200 6871
202.8.43.164 - - [19/Feb/2025:01:03:49 +0100] "GET /ticket2/opencms/system/modules/com.gridnine.opencms.ticketbrokerage.site/resources/css/jquery.fancybox.css HTTP/1.1" 200 4939
202.8.43.164 - - [19/Feb/2025:01:03:49 +0100] "GET /ticket2/opencms/system/modules/com.gridnine.opencms.ticketbrokerage.site/resources/css/standard.css HTTP/1.1" 200 73904
202.8.43.164 - - [19/Feb/2025:01:03:49 +0100] "GET /ticket2/opencms/system/modules/com.gridnine.opencms.ticketbrokerage.site/resources/js/jquery/jquery.js HTTP/1.1" 200 93868
202.8.43.164 - - [19/Feb/2025:01:03:49 +0100] "GET /ticket2/opencms/system/modules/com.gridnine.opencms.ticketbrokerage.site/resources/js/jquery/jquery-ui.js HTTP/1.1" 200 228088
202.8.43.164 - - [19/Feb/2025:01:03:49 +0100] "GET /ticket2/opencms/system/modules/com.gridnine.opencms.ticketbrokerage.site/resources/js/functions.js HTTP/1.1" 200 1583
202.8.43.164 - - [19/Feb/2025:01:03:49 +0100] "GET /ticket2/opencms/system/modules/com.gridnine.opencms.ticketbrokerage.site/resources/js/calendar.js HTTP/1.1" 200 49229
202.8.43.164 - - [19/Feb/2025:01:03:49 +0100] "GET /ticket2/opencms/system/modules/com.gridnine.opencms.ticketbrokerage.site/resources/js/calendar-en.js HTTP/1.1" 200 3338
202.8.43.164 - - [19/Feb/2025:01:03:49 +0100] "GET /ticket2/opencms/system/modules/com.gridnine.opencms.ticketbrokerage.site/resources/js/calendar-setup.js HTTP/1.1" 200 4923
202.8.43.164 - - [19/Feb/2025:01:03:49 +0100] "GET /ticket2/opencms/system/modules/com.gridnine.opencms.ticketbrokerage.site/resources/js/jquery.fancybox.pack.js HTTP/1.1" 200 23187
202.8.43.164 - - [19/Feb/2025:01:03:49 +0100] "GET /ticket2/opencms/system/modules/com.gridnine.opencms.ticketbrokerage.site/resources/js/standard.js HTTP/1.1" 200 3983
202.8.43.164 - - [19/Feb/2025:01:03:49 +0100] "GET /ticket2/opencms/system/modules/com.gridnine.opencms.ticketbrokerage.site/resources/js/stickyfill.min.js HTTP/1.1" 200 5672
202.8.43.164 - - [19/Feb/2025:01:03:49 +0100] "GET /ticket2/opencms/system/modules/com.gridnine.opencms.ticketbrokerage.site/resources/js/jquery.placeholder.min.js HTTP/1.1" 200 1737
202.8.43.164 - - [19/Feb/2025:01:03:49 +0100] "GET /ticket2/opencms/system/modules/com.gridnine.opencms.ticketbrokerage.site/resources/js/common-ajax.js HTTP/1.1" 200 20175
54.38.85.36 - - [19/Feb/2025:01:03:50 +0100] "GET /ticket2/opencms/en/buy/?page=1&edid=B2EC6319-961E-C8DC-8D46-75DC537FCF1D&sortorder=desc&column=row HTTP/1.1" 200 109748
135.181.79.106 - - [19/Feb/2025:01:03:50 +0100] "GET /ticket2/opencms/fi/login/?edid=A5425041-15AD-37BB-552C-D8E28A45D934 HTTP/1.1" 200 91801
95.217.195.123 - - [19/Feb/2025:01:03:51 +0100] "GET /ticket2/opencms/en/buy/?page=1&edid=8C15C2A6-6F0D-F124-996B-0D6AF34B41CB HTTP/1.1" 200 106926
54.38.85.36 - - [19/Feb/2025:01:03:54 +0100] "GET /ticket2/opencms/en/buy/?page=1&edid=B2EC6319-961E-C8DC-8D46-75DC537FCF1D&sortorder=desc&column=section HTTP/1.1" 200 109943
135.181.79.106 - - [19/Feb/2025:01:03:54 +0100] "GET /ticket2/opencms/fi/login/?edid=A77C62EE-3B29-E3B7-C0E0-E90F5DE24226 HTTP/1.1" 200 91756
95.217.195.123 - - [19/Feb/2025:01:03:55 +0100] "GET /ticket2/opencms/en/buy/?page=1&edid=8DD5F074-9C3D-F268-0681-07FE736DEB63 HTTP/1.1" 200 109802
66.249.79.34 - - [19/Feb/2025:01:03:55 +0100] "GET /ticket2/opencms/es/buy?page=1&edid=FDE2CB1B-737B-857F-7431-BD450E7D3BBB&hlv=666d6f2d-4894-4d73-b0db-0c190a01000f HTTP/1.1" 200 136492
114.119.157.43 - - [19/Feb/2025:01:03:56 +0100] "GET /ticket2/opencms/no/buy?page=1&edid=E8DC3225-DF07-A0B7-224F-8F7C178BD934 HTTP/1.1" 200 110736
157.90.209.79 - - [19/Feb/2025:01:03:57 +0100] "GET /ticket2/opencms/hr/sport/nogometne-ulaznice/bundesliga/bayern-munchen HTTP/1.1" 200 100255
54.38.85.36 - - [19/Feb/2025:01:03:58 +0100] "GET /ticket2/opencms/en/buy/?page=1&edid=B7E62D99-CD83-9F99-D681-4F7E60B5B4FE&sortorder=asc&column=price HTTP/1.1" 200 111491
135.181.79.106 - - [19/Feb/2025:01:03:58 +0100] "GET /ticket2/opencms/fi/login/?edid=A80995E7-8771-9176-CE64-C467ADECCBC7 HTTP/1.1" 200 91884
52.167.144.140 - - [19/Feb/2025:01:03:59 +0100] "GET /ticket2/opencms/et/buy/?page=1&edid=3706597D-01C1-24D2-0A1C-59FBD9F8851C HTTP/1.1" 200 111477
54.38.85.36 - - [19/Feb/2025:01:04:01 +0100] "GET /ticket2/opencms/en/buy/?page=1&edid=B7E62D99-CD83-9F99-D681-4F7E60B5B4FE&sortorder=asc&column=row HTTP/1.1" 200 111380
95.217.195.123 - - [19/Feb/2025:01:04:02 +0100] "GET /ticket2/opencms/en/buy/?page=1&edid=905D3BE1-46C8-EA4E-1BA4-270BE7100ACF HTTP/1.1" 200 110541
135.181.79.106 - - [19/Feb/2025:01:04:03 +0100] "GET /ticket2/opencms/fi/login/?edid=AA8ACCF2-6F11-0649-AAE7-BD2964B0B78F HTTP/1.1" 200 91798
185.191.171.12 - - [19/Feb/2025:01:04:04 +0100] "GET /ticket2/opencms/lt/magazine/article?title=maximilian-ibrahimovicius-pasiraso-su-ac-milano-antraja-komanda HTTP/1.1" 200 95450
54.38.85.36 - - [19/Feb/2025:01:04:05 +0100] "GET /ticket2/opencms/en/buy/?page=1&edid=B80C0CCB-23D4-7FF4-42F9-EDEE166252F4&sortorder=desc&column=section HTTP/1.1" 200 110563
54.36.148.152 - - [19/Feb/2025:01:04:06 +0100] "GET /ticket2/opencms/cs/buy/?page=1&edid=BC781D5C-058D-8CA8-2F4E-240C11D0769A HTTP/1.1" 200 117918
95.217.195.123 - - [19/Feb/2025:01:04:07 +0100] "GET /ticket2/opencms/en/buy/?page=1&edid=919F95FD-FF6B-28C7-940C-D58889AB6F4A HTTP/1.1" 200 109079
135.181.79.106 - - [19/Feb/2025:01:04:07 +0100] "GET /ticket2/opencms/fi/login/?edid=AB4ED0AB-78AE-687D-2259-4B7771A21F0C HTTP/1.1" 200 91864
212.129.78.3 - - [19/Feb/2025:01:04:08 +0100] "GET /ticket2/opencms/venue/emirates_stadium.png HTTP/1.1" 200 53537
157.90.209.79 - - [19/Feb/2025:01:04:09 +0100] "GET /ticket2/opencms/hr/sport/nogometne-ulaznice/bundesliga/bochum HTTP/1.1" 200 96461
54.38.85.36 - - [19/Feb/2025:01:04:09 +0100] "GET /ticket2/opencms/en/buy/?page=1&edid=B80C896F-3D40-DA68-6C10-7160D4D64520 HTTP/1.1" 200 109553
95.217.195.123 - - [19/Feb/2025:01:04:10 +0100] "GET /ticket2/opencms/en/buy/?page=1&edid=9239880C-C5C0-5076-4AD5-4881F5EBAC4A HTTP/1.1" 200 133264
135.181.79.106 - - [19/Feb/2025:01:04:11 +0100] "GET /ticket2/opencms/fi/login/?edid=ABC4721A-B6F2-670A-2EEB-D6F5D16C69F5 HTTP/1.1" 200 91726
54.38.85.36 - - [19/Feb/2025:01:04:12 +0100] "GET /ticket2/opencms/en/buy/?page=1&edid=B80C896F-3D40-DA68-6C10-7160D4D64520&sortorder=desc&column=price HTTP/1.1" 200 110485
114.119.152.134 - - [19/Feb/2025:01:04:13 +0100] "GET /ticket2/opencms/es/buy/?comcatid=A17713B6-D984-201A-4143-ED4DB5ED5C2E&catid=BE041FBE-C1A7-918C-EB61-99ED02D12F5B HTTP/1.1" 200 103244
85.208.96.197 - - [19/Feb/2025:01:04:13 +0100] "GET /ticket2/opencms/sv/sport/fotbollsbiljetter/la_liga/granada/ HTTP/1.1" 200 88794
95.217.195.123 - - [19/Feb/2025:01:04:14 +0100] "GET /ticket2/opencms/en/buy/?page=1&edid=9291C533-6179-8D87-1FBB-9C9ECA73A6F7 HTTP/1.1" 200 106814
135.181.79.106 - - [19/Feb/2025:01:04:15 +0100] "GET /ticket2/opencms/fi/login/?edid=AC6BB90E-0401-45CF-B4CA-4BA7745C02D4 HTTP/1.1" 200 91741
114.119.131.180 - - [19/Feb/2025:01:04:16 +0100] "GET /ticket2/opencms/en/buy/?comcatid=A17713B6-D984-201A-4143-ED4DB5ED5C2E&catid=70B37487-FE30-D476-CAE7-E6AFEA3153F2 HTTP/1.1" 200 101534
54.38.85.36 - - [19/Feb/2025:01:04:16 +0100] "GET /ticket2/opencms/en/buy/?page=1&edid=B80C896F-3D40-DA68-6C10-7160D4D64520&sortorder=desc&column=row HTTP/1.1" 200 110561
95.217.195.123 - - [19/Feb/2025:01:04:17 +0100] "GET /ticket2/opencms/en/buy/?page=1&edid=92EC8EA9-435D-E1EB-71C7-ABC74E697DDF HTTP/1.1" 200 109076
157.90.209.79 - - [19/Feb/2025:01:04:17 +0100] "GET /ticket2/opencms/hr/sport/nogometne-ulaznice/bundesliga/borussia-dortmund HTTP/1.1" 200 100653
54.36.148.219 - - [19/Feb/2025:01:04:18 +0100] "GET /ticket2/opencms/sk/sport/futbalove-listky/premier-league/arsenal HTTP/1.1" 200 95110
202.8.41.170 - - [19/Feb/2025:01:04:19 +0100] "GET /ticket2/opencms/system/modules/com.gridnine.opencms.ticketbrokerage.site/resources/css/jquery-ui.css HTTP/1.1" 200 33221
202.8.41.170 - - [19/Feb/2025:01:04:19 +0100] "GET /ticket2/opencms/system/modules/com.gridnine.opencms.ticketbrokerage.site/resources/css/ticketbrokerage.css HTTP/1.1" 200 39339
202.8.41.170 - - [19/Feb/2025:01:04:19 +0100] "GET /ticket2/opencms/system/modules/com.gridnine.opencms.ticketbrokerage.site/resources/css/calendar.css HTTP/1.1" 200 6871
202.8.41.170 - - [19/Feb/2025:01:04:19 +0100] "GET /ticket2/opencms/system/modules/com.gridnine.opencms.ticketbrokerage.site/resources/css/jquery.fancybox.css HTTP/1.1" 200 4939
202.8.41.170 - - [19/Feb/2025:01:04:19 +0100] "GET /ticket2/opencms/system/modules/com.gridnine.opencms.ticketbrokerage.site/resources/css/standard.css HTTP/1.1" 200 73904
202.8.41.170 - - [19/Feb/2025:01:04:19 +0100] "GET /ticket2/opencms/system/modules/com.gridnine.opencms.ticketbrokerage.site/resources/js/jquery/jquery.js HTTP/1.1" 200 93868
202.8.41.170 - - [19/Feb/2025:01:04:19 +0100] "GET /ticket2/opencms/system/modules/com.gridnine.opencms.ticketbrokerage.site/resources/js/functions.js HTTP/1.1" 200 1583
202.8.41.170 - - [19/Feb/2025:01:04:19 +0100] "GET /ticket2/opencms/system/modules/com.gridnine.opencms.ticketbrokerage.site/resources/js/calendar-en.js HTTP/1.1" 200 3338
202.8.41.170 - - [19/Feb/2025:01:04:19 +0100] "GET /ticket2/opencms/system/modules/com.gridnine.opencms.ticketbrokerage.site/resources/js/jquery/jquery-ui.js HTTP/1.1" 200 228088
202.8.41.170 - - [19/Feb/2025:01:04:19 +0100] "GET /ticket2/opencms/system/modules/com.gridnine.opencms.ticketbrokerage.site/resources/js/calendar.js HTTP/1.1" 200 49229
202.8.41.170 - - [19/Feb/2025:01:04:19 +0100] "GET /ticket2/opencms/system/modules/com.gridnine.opencms.ticketbrokerage.site/resources/js/calendar-setup.js HTTP/1.1" 200 4923
202.8.41.170 - - [19/Feb/2025:01:04:19 +0100] "GET /ticket2/opencms/system/modules/com.gridnine.opencms.ticketbrokerage.site/resources/js/jquery.fancybox.pack.js HTTP/1.1" 200 23187
202.8.41.170 - - [19/Feb/2025:01:04:19 +0100] "GET /ticket2/opencms/system/modules/com.gridnine.opencms.ticketbrokerage.site/resources/js/stickyfill.min.js HTTP/1.1" 200 5672
202.8.41.170 - - [19/Feb/2025:01:04:19 +0100] "GET /ticket2/opencms/system/modules/com.gridnine.opencms.ticketbrokerage.site/resources/js/standard.js HTTP/1.1" 200 3983
202.8.41.170 - - [19/Feb/2025:01:04:19 +0100] "GET /ticket2/opencms/system/modules/com.gridnine.opencms.ticketbrokerage.site/resources/js/jquery.placeholder.min.js HTTP/1.1" 200 1737
202.8.41.170 - - [19/Feb/2025:01:04:20 +0100] "GET /ticket2/opencms/system/modules/com.gridnine.opencms.ticketbrokerage.site/resources/js/common-ajax.js HTTP/1.1" 200 20175
54.38.85.36 - - [19/Feb/2025:01:04:20 +0100] "GET /ticket2/opencms/en/buy/?page=1&edid=B80C896F-3D40-DA68-6C10-7160D4D64520&sortorder=desc&column=section HTTP/1.1" 200 110555
135.181.79.106 - - [19/Feb/2025:01:04:20 +0100] "GET /ticket2/opencms/fi/login/?edid=ADC03EF7-1AE0-1D16-775A-CF1264429A09 HTTP/1.1" 200 91750
202.8.41.170 - - [19/Feb/2025:01:04:20 +0100] "GET /ticket2/opencms/system/modules/com.gridnine.opencms.ticketbrokerage.site/resources/js/standard.js HTTP/1.1" 200 3983
95.217.195.123 - - [19/Feb/2025:01:04:21 +0100] "GET /ticket2/opencms/en/buy/?page=1&edid=94C5B0A9-45EC-824F-7DFB-E52A893ACA3D HTTP/1.1" 200 134455
54.38.85.36 - - [19/Feb/2025:01:04:23 +0100] "GET /ticket2/opencms/en/buy/?page=1&edid=D4255A3F-2F8B-4985-F818-B5C578B0FF1C&sortorder=asc&column=section HTTP/1.1" 200 110774
135.181.79.106 - - [19/Feb/2025:01:04:24 +0100] "GET /ticket2/opencms/fi/login/?edid=AE7AFEEB-34F7-6C11-5867-600D4D52A2A5 HTTP/1.1" 200 91752
157.90.209.79 - - [19/Feb/2025:01:04:24 +0100] "GET /ticket2/opencms/hr/sport/nogometne-ulaznice/bundesliga/borussia-monchengladbach HTTP/1.1" 200 101030
95.217.195.123 - - [19/Feb/2025:01:04:25 +0100] "GET /ticket2/opencms/en/buy/?page=1&edid=96E011DF-5241-3266-195A-F1BA5B4FE37C HTTP/1.1" 200 109773
47.128.126.221 - - [19/Feb/2025:01:04:27 +0100] "GET /ticket2/opencms/es/buy?edid=C781C90E-2A4A-BE38-23EB-6039DE2F5FA8 HTTP/1.1" 200 91500
54.38.85.36 - - [19/Feb/2025:01:04:27 +0100] "GET /ticket2/opencms/en/buy/?page=1&edid=D4255A3F-2F8B-4985-F818-B5C578B0FF1C&sortorder=desc&column=price HTTP/1.1" 200 110761
135.181.79.106 - - [19/Feb/2025:01:04:28 +0100] "GET /ticket2/opencms/fi/login/?edid=B49CE6E5-EC60-73D6-9A52-E6FBCFDB807B HTTP/1.1" 200 91895
95.217.195.123 - - [19/Feb/2025:01:04:30 +0100] "GET /ticket2/opencms/en/buy/?page=1&edid=983940D7-A886-9864-BF70-6F5D578B4A87 HTTP/1.1" 200 108907
54.36.148.207 - - [19/Feb/2025:01:04:30 +0100] "GET /ticket2/opencms/ga/dean-teagmhail-linn HTTP/1.1" 200 89341
54.38.85.36 - - [19/Feb/2025:01:04:31 +0100] "GET /ticket2/opencms/en/buy/?page=1&edid=E45E8CAC-C9E1-5B17-FCDC-FD9DFD7F01BC&sortorder=asc&column=row HTTP/1.1" 200 110221
202.8.43.77 - - [19/Feb/2025:01:04:31 +0100] "GET /ticket2/opencms/system/modules/com.gridnine.opencms.ticketbrokerage.site/resources/css/jquery-ui.css HTTP/1.1" 200 33221
202.8.43.77 - - [19/Feb/2025:01:04:31 +0100] "GET /ticket2/opencms/system/modules/com.gridnine.opencms.ticketbrokerage.site/resources/css/calendar.css HTTP/1.1" 200 6871
202.8.43.77 - - [19/Feb/2025:01:04:31 +0100] "GET /ticket2/opencms/system/modules/com.gridnine.opencms.ticketbrokerage.site/resources/css/ticketbrokerage.css HTTP/1.1" 200 39339
202.8.43.77 - - [19/Feb/2025:01:04:31 +0100] "GET /ticket2/opencms/system/modules/com.gridnine.opencms.ticketbrokerage.site/resources/css/standard.css HTTP/1.1" 200 73904
202.8.43.77 - - [19/Feb/2025:01:04:31 +0100] "GET /ticket2/opencms/system/modules/com.gridnine.opencms.ticketbrokerage.site/resources/js/jquery/jquery.js HTTP/1.1" 200 93868
202.8.43.77 - - [19/Feb/2025:01:04:31 +0100] "GET /ticket2/opencms/system/modules/com.gridnine.opencms.ticketbrokerage.site/resources/js/jquery/jquery-ui.js HTTP/1.1" 200 228088
202.8.43.77 - - [19/Feb/2025:01:04:31 +0100] "GET /ticket2/opencms/system/modules/com.gridnine.opencms.ticketbrokerage.site/resources/js/calendar-en.js HTTP/1.1" 200 3338
202.8.43.77 - - [19/Feb/2025:01:04:31 +0100] "GET /ticket2/opencms/system/modules/com.gridnine.opencms.ticketbrokerage.site/resources/js/calendar.js HTTP/1.1" 200 49229
202.8.43.77 - - [19/Feb/2025:01:04:31 +0100] "GET /ticket2/opencms/system/modules/com.gridnine.opencms.ticketbrokerage.site/resources/js/functions.js HTTP/1.1" 200 1583
202.8.43.77 - - [19/Feb/2025:01:04:31 +0100] "GET /ticket2/opencms/system/modules/com.gridnine.opencms.ticketbrokerage.site/resources/js/jquery.fancybox.pack.js HTTP/1.1" 200 23187
202.8.43.77 - - [19/Feb/2025:01:04:31 +0100] "GET /ticket2/opencms/system/modules/com.gridnine.opencms.ticketbrokerage.site/resources/js/stickyfill.min.js HTTP/1.1" 200 5672
202.8.43.77 - - [19/Feb/2025:01:04:31 +0100] "GET /ticket2/opencms/system/modules/com.gridnine.opencms.ticketbrokerage.site/resources/js/calendar-setup.js HTTP/1.1" 200 4923
202.8.43.77 - - [19/Feb/2025:01:04:31 +0100] "GET /ticket2/opencms/system/modules/com.gridnine.opencms.ticketbrokerage.site/resources/js/standard.js HTTP/1.1" 200 3983
202.8.43.77 - - [19/Feb/2025:01:04:32 +0100] "GET /ticket2/opencms/system/modules/com.gridnine.opencms.ticketbrokerage.site/resources/js/common-ajax.js HTTP/1.1" 200 20175
157.90.209.79 - - [19/Feb/2025:01:04:32 +0100] "GET /ticket2/opencms/hr/sport/nogometne-ulaznice/bundesliga/darmstadt HTTP/1.1" 200 96568
135.181.79.106 - - [19/Feb/2025:01:04:32 +0100] "GET /ticket2/opencms/fi/login/?edid=B6050510-A7B0-D4AA-D6C4-46512FF856F1 HTTP/1.1" 200 91827
95.217.195.123 - - [19/Feb/2025:01:04:34 +0100] "GET /ticket2/opencms/en/buy/?page=1&edid=9BFFFF0C-C809-CAED-9589-C9537A82DE22 HTTP/1.1" 200 108892
54.38.85.36 - - [19/Feb/2025:01:04:34 +0100] "GET /ticket2/opencms/en/buy/?page=1&edid=F361BEA1-1935-C288-74DA-DA856858E300&sortorder=asc&column=row HTTP/1.1" 200 111276
135.181.79.106 - - [19/Feb/2025:01:04:36 +0100] "GET /ticket2/opencms/fi/login/?edid=B67AFE0B-0730-D66E-C5CC-696E38E80478 HTTP/1.1" 200 91888
95.217.195.123 - - [19/Feb/2025:01:04:37 +0100] "GET /ticket2/opencms/en/buy/?page=1&edid=9E373ADE-B8EE-38F8-BBD8-DA1CB52F113B HTTP/1.1" 200 110022
54.38.85.36 - - [19/Feb/2025:01:04:38 +0100] "GET /ticket2/opencms/en/buy/?page=1&edid=F4167223-BE9D-8076-FAEB-44CE8CD5CEB9&sortorder=asc&column=row HTTP/1.1" 200 110938
157.90.209.79 - - [19/Feb/2025:01:04:39 +0100] "GET /ticket2/opencms/hr/sport/nogometne-ulaznice/bundesliga/eintracht_frankfurt HTTP/1.1" 200 100393
135.181.79.106 - - [19/Feb/2025:01:04:40 +0100] "GET /ticket2/opencms/fi/login/?edid=B6FD6F56-B8F2-9BA8-8B4B-AE0A1C6D3F3D HTTP/1.1" 200 91724
95.217.195.123 - - [19/Feb/2025:01:04:41 +0100] "GET /ticket2/opencms/en/buy/?page=1&edid=9FD65F81-0106-54F5-02E9-9721A30A8365&sortorder=asc&column=section HTTP/1.1" 200 109960
54.38.85.36 - - [19/Feb/2025:01:04:41 +0100] "GET /ticket2/opencms/en/buy/?page=1&edid=F47DF802-2646-14FD-FC5A-796CF117DF06&sortorder=asc&column=price HTTP/1.1" 200 109825
135.181.79.106 - - [19/Feb/2025:01:04:44 +0100] "GET /ticket2/opencms/fi/login/?edid=B992B9FA-629C-418A-BD19-DE1C862ADA73 HTTP/1.1" 200 91812
95.217.195.123 - - [19/Feb/2025:01:04:44 +0100] "GET /ticket2/opencms/en/buy/?page=1&edid=A1902A06-EAB5-9047-CB19-FEF5D64E83BA&sortorder=asc&column=price HTTP/1.1" 200 109949
54.36.149.88 - - [19/Feb/2025:01:04:45 +0100] "GET /ticket2/opencms/el/buy/?page=1&edid=0DC29C5C-A273-34CB-58F3-441C87554AF1 HTTP/1.1" 200 128561
54.38.85.36 - - [19/Feb/2025:01:04:45 +0100] "GET /ticket2/opencms/en/buy/?page=1&edid=F47DF802-2646-14FD-FC5A-796CF117DF06&sortorder=asc&column=section HTTP/1.1" 200 109960
135.181.79.106 - - [19/Feb/2025:01:04:48 +0100] "GET /ticket2/opencms/fi/login/?edid=BAB6F3FC-ACBF-25D4-C354-1BB75EC7FF7F HTTP/1.1" 200 91798
47.128.50.175 - - [19/Feb/2025:01:04:48 +0100] "GET /ticket2/opencms/sr/buy/?edid=1E7FCF8F-72A2-5BEE-4C2A-C6C06BBCB2E9 HTTP/1.1" 200 92087
54.38.85.36 - - [19/Feb/2025:01:04:49 +0100] "GET /ticket2/opencms/en/buy/?page=1&edid=F7942CCC-714E-B79E-F81C-F985D84AAD24&sortorder=asc&column=section HTTP/1.1" 200 109910
173.252.83.12 - - [19/Feb/2025:01:04:49 +0100] "GET /ticket2/opencms/is/buy/?page=1&edid=063774E2-DE1A-6A46-E97B-D379290B879E HTTP/1.1" 200 112333
157.90.209.79 - - [19/Feb/2025:01:04:49 +0100] "GET /ticket2/opencms/hr/sport/nogometne-ulaznice/bundesliga/freiburg HTTP/1.1" 200 100335
95.217.195.123 - - [19/Feb/2025:01:04:49 +0100] "GET /ticket2/opencms/en/buy/?page=1&edid=A4C82ECE-1EEE-CF6A-88E6-0E45082B1861&sortorder=asc&column=row HTTP/1.1" 200 109725
66.249.79.35 - - [19/Feb/2025:01:04:52 +0100] "GET /ticket2/opencms/set_aff_cookie.jsp?partner=8F6DE15D-D831-5787-AE7E-FEFF53476F85&url=%252Fno%252Fbuy%252Findex.html%253Fpage%253D1%2526edid%253DDC4F64BB-84C6-452C-2BFD-138DC45E79DD%2526hlv%253D666de068-e034-4f07-91a7-6d8a0a01000f%2523v1526019001 HTTP/1.1" 200 246
135.181.79.106 - - [19/Feb/2025:01:04:52 +0100] "GET /ticket2/opencms/fi/login/?edid=BB786D37-9A63-734D-1EB8-BE43F552023D HTTP/1.1" 200 91860
54.38.85.36 - - [19/Feb/2025:01:04:52 +0100] "GET /ticket2/opencms/en/buy/?page=1&edid=F7B8BE92-D516-BEF0-162F-E147FE8DEFE4&sortorder=asc&column=price HTTP/1.1" 200 111650
95.217.195.123 - - [19/Feb/2025:01:04:53 +0100] "GET /ticket2/opencms/en/buy/?page=1&edid=A4EE11B1-B3D4-D52A-3C61-6012CDBB96C3&sortorder=asc&column=section HTTP/1.1" 200 109922
114.119.133.220 - - [19/Feb/2025:01:04:54 +0100] "GET /ticket2/opencms/en/venue/?venueid=043FFF0B-AAEC-B60F-6995-11630828794B HTTP/1.1" 200 85389
114.119.140.111 - - [19/Feb/2025:01:04:56 +0100] "GET /ticket2/opencms/en/venue/?venueid=1331789E-22D7-FAB8-583C-218875CD19E1 HTTP/1.1" 200 85312
54.38.85.36 - - [19/Feb/2025:01:04:56 +0100] "GET /ticket2/opencms/en/buy/?page=1&edid=F7B8BE92-D516-BEF0-162F-E147FE8DEFE4&sortorder=asc&column=section HTTP/1.1" 200 111708
95.217.195.123 - - [19/Feb/2025:01:04:56 +0100] "GET /ticket2/opencms/en/buy/?page=1&edid=A5392617-A8A6-5394-B72C-AA82A5C556B3&sortorder=asc&column=price HTTP/1.1" 200 110657
135.181.79.106 - - [19/Feb/2025:01:04:57 +0100] "GET /ticket2/opencms/fi/login/?edid=BCCE5493-7F07-107D-7782-B1E85DBB415D HTTP/1.1" 200 91811
95.217.195.123 - - [19/Feb/2025:01:04:59 +0100] "GET /ticket2/opencms/en/buy/?page=1&edid=AC3A5604-E2CE-9BA5-6BA1-8C1B13B14585&sortorder=asc&column=section HTTP/1.1" 200 111144
54.38.85.36 - - [19/Feb/2025:01:05:00 +0100] "GET /ticket2/opencms/en/buy/?page=1&edid=F9161CFB-C2C8-9138-261B-AE3FC003292C HTTP/1.1" 200 109628
157.90.209.79 - - [19/Feb/2025:01:05:01 +0100] "GET /ticket2/opencms/hr/sport/nogometne-ulaznice/bundesliga/heidenheim HTTP/1.1" 200 97340
135.181.79.106 - - [19/Feb/2025:01:05:01 +0100] "GET /ticket2/opencms/fi/login/?edid=BD9164DE-A6CE-B88F-3DFE-062A5F8BF097 HTTP/1.1" 200 91700
95.217.195.123 - - [19/Feb/2025:01:05:02 +0100] "GET /ticket2/opencms/en/buy/?page=1&edid=AC6683BE-480A-B94D-6978-93F20E61B508&sortorder=asc&column=price HTTP/1.1" 200 111685
54.38.85.36 - - [19/Feb/2025:01:05:04 +0100] "GET /ticket2/opencms/en/buy/?page=1&edid=F9161CFB-C2C8-9138-261B-AE3FC003292C&sortorder=desc&column=price HTTP/1.1" 200 110511
54.36.149.24 - - [19/Feb/2025:01:05:04 +0100] "GET /ticket2/opencms/sv/buy?page=1&edid=AE760495-8F0D-E66F-09B5-DE27D51C8B7F HTTP/1.1" 200 111282
135.181.79.106 - - [19/Feb/2025:01:05:05 +0100] "GET /ticket2/opencms/fi/login/?edid=BDDA33F9-4ADC-FC2D-831B-99FEC0DB017D HTTP/1.1" 200 91801
40.77.167.22 - - [19/Feb/2025:01:05:05 +0100] "GET /ticket2/opencms/sl/buy/?page=1&edid=B2241087-D185-A728-3E5D-9CBE0FCA5BA2 HTTP/1.1" 200 108545
40.77.167.22 - - [19/Feb/2025:01:05:06 +0100] "GET /ticket2/opencms/sv/buy?page=1&edid=F7660972-1F1F-59FF-1410-FAEC9F9D74B8 HTTP/1.1" 200 129313
95.217.195.123 - - [19/Feb/2025:01:05:06 +0100] "GET /ticket2/opencms/en/buy/?page=1&edid=C6DB5473-82D7-D6CC-1ED6-D69EBD668925 HTTP/1.1" 200 106798
85.208.96.194 - - [19/Feb/2025:01:05:07 +0100] "GET /ticket2/opencms/ka/magazine/article?title=arsenali-sezonis-refleqcia HTTP/1.1" 200 96887
54.38.85.36 - - [19/Feb/2025:01:05:07 +0100] "GET /ticket2/opencms/en/buy/?page=6&comcatid=A17713B6-D984-201A-4143-ED4DB5ED5C2E&catid=24AC1CA6-1C09-0BE5-C04A-9DCCDB15D5E9 HTTP/1.1" 200 102251
114.119.138.214 - - [19/Feb/2025:01:05:09 +0100] "GET /ticket2/opencms/en/buy/?page=1&edid=ED38E5FF-A0D2-49BB-5E35-435DC59D3507 HTTP/1.1" 200 109735
95.217.195.123 - - [19/Feb/2025:01:05:09 +0100] "GET /ticket2/opencms/en/buy/?page=1&edid=C78E4619-1E46-CB27-6BCC-007429A12C31 HTTP/1.1" 200 110083
135.181.79.106 - - [19/Feb/2025:01:05:09 +0100] "GET /ticket2/opencms/fi/login/?edid=BDEBDFC7-284E-9E6E-D1BB-65EBB5818C8B HTTP/1.1" 200 91873
47.128.98.233 - - [19/Feb/2025:01:05:10 +0100] "GET /ticket2/opencms/fi/venue/?venueid=22FBA63B-CC18-3864-F1A1-268F2EA93F27 HTTP/1.1" 200 86802
66.220.149.19 - - [19/Feb/2025:01:05:11 +0100] "GET /ticket2/opencms/az/buy?page=1&edid=750C6040-29F7-425D-A24F-51B977F415A3 HTTP/1.1" 200 136621
85.208.96.208 - - [19/Feb/2025:01:05:12 +0100] "GET /ticket2/opencms/bs/magazine/article?title=nocna-mora-za-manchester-city HTTP/1.1" 200 94117
54.38.85.36 - - [19/Feb/2025:01:05:13 +0100] "GET /ticket2/opencms/en/buy/?comcatid=97ECA65A-72DA-F9AF-9DBB-245D3CFED1BE&catid=D414C6A5-7A03-3389-42A8-D7B7FE32BB37 HTTP/1.1" 200 96418
95.217.195.123 - - [19/Feb/2025:01:05:13 +0100] "GET /ticket2/opencms/en/buy/?page=1&edid=C79549EC-3C6C-B7C2-BDDD-2D9ED0198DCE HTTP/1.1" 200 106895
157.90.209.79 - - [19/Feb/2025:01:05:13 +0100] "GET /ticket2/opencms/hr/sport/nogometne-ulaznice/bundesliga/hoffenheim HTTP/1.1" 200 100197
135.181.79.106 - - [19/Feb/2025:01:05:13 +0100] "GET /ticket2/opencms/fi/login/?edid=BE20CC99-C05F-6779-D585-9D75E278233C HTTP/1.1" 200 91766
95.217.195.123 - - [19/Feb/2025:01:05:16 +0100] "GET /ticket2/opencms/en/buy/?page=1&edid=C7C3F7C8-7F36-0782-FA6C-E7203AC8861A HTTP/1.1" 200 109053
135.181.79.106 - - [19/Feb/2025:01:05:17 +0100] "GET /ticket2/opencms/fi/login/?edid=BE3989E9-E417-FEC1-0DE3-5B20F52B6312 HTTP/1.1" 200 91847
54.38.85.36 - - [19/Feb/2025:01:05:18 +0100] "GET /ticket2/opencms/en/buy/?page=1&edid=0C04FBCF-C068-AE60-747D-692719DC13DE&sortorder=desc&column=row HTTP/1.1" 200 110828
185.191.171.9 - - [19/Feb/2025:01:05:18 +0100] "GET /ticket2/opencms/cs/magazine/article?title=nova-smlouva-pro-archieho-graye-18-let HTTP/1.1" 200 91894
54.36.149.36 - - [19/Feb/2025:01:05:18 +0100] "GET /ticket2/opencms/nl/buy/?page=1&edid=B971CA22-B907-9DDA-615B-B7F75124D039 HTTP/1.1" 200 106298
95.217.195.123 - - [19/Feb/2025:01:05:20 +0100] "GET /ticket2/opencms/en/buy/?page=1&edid=CD65C209-BAA2-D38F-CBE6-B4275F8A3C80 HTTP/1.1" 200 109027
135.181.79.106 - - [19/Feb/2025:01:05:21 +0100] "GET /ticket2/opencms/fi/login/?edid=BE8A9A67-7058-5FAE-4178-B10C86C588A3 HTTP/1.1" 200 91846
157.90.209.79 - - [19/Feb/2025:01:05:21 +0100] "GET /ticket2/opencms/hr/sport/nogometne-ulaznice/bundesliga/koln HTTP/1.1" 200 96025
52.167.144.22 - - [19/Feb/2025:01:05:22 +0100] "GET /ticket2/opencms/bg/buy/?page=1&edid=7A0F0D40-9DB7-378F-AD47-13D628B3BD24 HTTP/1.1" 200 110898
54.38.85.36 - - [19/Feb/2025:01:05:23 +0100] "GET /ticket2/opencms/en/buy/?page=1&edid=0C04FBCF-C068-AE60-747D-692719DC13DE&sortorder=desc&column=section HTTP/1.1" 200 110959
95.217.195.123 - - [19/Feb/2025:01:05:23 +0100] "GET /ticket2/opencms/en/buy/?page=1&edid=CEDD7422-595A-87FF-929B-A78BB3ED6DB9 HTTP/1.1" 200 106850
52.167.144.22 - - [19/Feb/2025:01:05:24 +0100] "GET /ticket2/opencms/cs/buy/?page=1&edid=13FD52ED-2424-BEB8-F194-ACEDB9434F70 HTTP/1.1" 200 118100
135.181.79.106 - - [19/Feb/2025:01:05:25 +0100] "GET /ticket2/opencms/fi/login/?edid=BEC4EE84-22BE-FA65-0F72-9E73EA61AA52 HTTP/1.1" 200 91835
185.191.171.6 - - [19/Feb/2025:01:05:25 +0100] "GET /ticket2/opencms/cs/about/contact/ HTTP/1.1" 200 86533
54.38.85.36 - - [19/Feb/2025:01:05:29 +0100] "GET /ticket2/opencms/en/buy/?page=1&edid=0E138D6B-EAE4-AAFF-6AB5-84BFB6980E29&sortorder=asc&column=price HTTP/1.1" 200 110803
157.90.209.79 - - [19/Feb/2025:01:05:29 +0100] "GET /ticket2/opencms/hr/sport/nogometne-ulaznice/bundesliga/mainz HTTP/1.1" 200 99706
135.181.79.106 - - [19/Feb/2025:01:05:29 +0100] "GET /ticket2/opencms/fi/login/?edid=BF34F1E5-432B-C27C-0DC0-AA009BE6EB81 HTTP/1.1" 200 91897
95.217.195.123 - - [19/Feb/2025:01:05:29 +0100] "GET /ticket2/opencms/en/buy/?page=1&edid=CF8D1077-2A2C-A59F-F14A-9F20D480EA6C HTTP/1.1" 200 110080
54.36.148.197 - - [19/Feb/2025:01:05:30 +0100] "GET /ticket2/opencms/lt/buy/?page=1&edid=10D2F1A4-37B5-63BF-BBD7-BDB95680D6AA HTTP/1.1" 200 114730
52.167.144.22 - - [19/Feb/2025:01:05:30 +0100] "GET /ticket2/opencms/cs/buy/?page=1&edid=6832F087-6575-D980-3AE9-FAC55BA88492 HTTP/1.1" 200 108716
114.119.143.233 - - [19/Feb/2025:01:05:31 +0100] "GET /ticket2/opencms/no/buy?page=1&edid=DAAE01DD-AEC2-AF3C-F667-C3DD2DC0B098 HTTP/1.1" 200 111092
95.217.195.123 - - [19/Feb/2025:01:05:32 +0100] "GET /ticket2/opencms/en/buy/?page=1&edid=D3AB0CA8-3C40-1AB9-8BEC-7D01F349EB4E HTTP/1.1" 200 134259
135.181.79.106 - - [19/Feb/2025:01:05:33 +0100] "GET /ticket2/opencms/fi/login/?edid=BF9154EC-7C2D-747D-A9A9-57938B1AB1EA HTTP/1.1" 200 91839
54.38.85.36 - - [19/Feb/2025:01:05:34 +0100] "GET /ticket2/opencms/sv/buy/?page=1&edid=BB07E6D8-D5D0-6DCA-FA97-9B2BD02952C2&sortorder=desc&column=price HTTP/1.1" 200 111656
40.77.167.22 - - [19/Feb/2025:01:05:36 +0100] "GET /ticket2/opencms/sr/buy/?page=1&edid=8CF7B327-CBF8-6902-00E4-357348B3DB32 HTTP/1.1" 200 113180
135.181.79.106 - - [19/Feb/2025:01:05:37 +0100] "GET /ticket2/opencms/fi/login/?edid=BF990419-E317-46FC-F88A-E6023A3E4305 HTTP/1.1" 200 91873
95.217.195.123 - - [19/Feb/2025:01:05:37 +0100] "GET /ticket2/opencms/en/buy/?page=1&edid=D421CF40-F847-B0E5-3935-A03A252A248C HTTP/1.1" 200 106809
47.128.46.67 - - [19/Feb/2025:01:05:37 +0100] "GET /ticket2/opencms/de/magazine/article?title=cole-palmer-entscheidet-das-spiel-und-alexander-isak-ist-zuruck HTTP/1.1" 200 93613
54.38.85.36 - - [19/Feb/2025:01:05:39 +0100] "GET /ticket2/opencms/sv/buy/?page=1&edid=BE3516C7-ADBD-11A4-9F00-23F9105F8FF3&sortorder=desc&column=section HTTP/1.1" 200 112315
157.90.209.79 - - [19/Feb/2025:01:05:39 +0100] "GET /ticket2/opencms/hr/sport/nogometne-ulaznice/bundesliga/rb_leipzig HTTP/1.1" 200 94342
135.181.79.106 - - [19/Feb/2025:01:05:41 +0100] "GET /ticket2/opencms/fi/login/?edid=C9E992D1-DCF0-D375-5200-28B15D555217 HTTP/1.1" 200 91869
185.191.171.13 - - [19/Feb/2025:01:05:41 +0100] "GET /ticket2/opencms/sr/magazine/article?title=liverpool-totenhem HTTP/1.1" 200 93120
95.217.195.123 - - [19/Feb/2025:01:05:42 +0100] "GET /ticket2/opencms/en/buy/?page=1&edid=DC4F64BB-84C6-452C-2BFD-138DC45E79DD HTTP/1.1" 200 132161
54.36.148.222 - - [19/Feb/2025:01:05:42 +0100] "GET /ticket2/opencms/dk/buy?page=1&edid=B1B260FB-CC2B-FBC8-401E-5012AB84C2A6 HTTP/1.1" 200 107191
54.38.85.36 - - [19/Feb/2025:01:05:44 +0100] "GET /ticket2/opencms/sv/buy/?page=1&edid=C2B88E14-0168-2B6D-C607-2DF08C9E7129 HTTP/1.1" 200 110692
135.181.79.106 - - [19/Feb/2025:01:05:45 +0100] "GET /ticket2/opencms/fi/login/?edid=D9B8221E-435C-E272-9385-A8B83760C754 HTTP/1.1" 200 91747
95.217.195.123 - - [19/Feb/2025:01:05:46 +0100] "GET /ticket2/opencms/en/buy/?page=1&edid=DC909086-9C5C-EBAF-0F10-7C4FD4D0055C HTTP/1.1" 200 108873
47.128.57.34 - - [19/Feb/2025:01:05:48 +0100] "GET /ticket2/opencms/nl/sport/voetbal-tickets/premier_league/brentford/ HTTP/1.1" 200 90522
95.217.195.123 - - [19/Feb/2025:01:05:48 +0100] "GET /ticket2/opencms/en/buy/?page=1&edid=DCF22239-47F2-2282-C13B-85FCE1D7C913 HTTP/1.1" 200 134339
157.90.209.79 - - [19/Feb/2025:01:05:49 +0100] "GET /ticket2/opencms/hr/sport/nogometne-ulaznice/bundesliga/stuttgart HTTP/1.1" 200 99280
47.128.57.34 - - [19/Feb/2025:01:05:49 +0100] "GET /ticket2/opencms/system/modules/com.gridnine.opencms.ticketbrokerage.site/resources/pics/banners/sv/premier_league_sv.png HTTP/1.1" 200 13518
54.38.85.36 - - [19/Feb/2025:01:05:49 +0100] "GET /ticket2/opencms/sv/buy/?page=1&edid=ED2A68D6-7E95-4C65-943E-3E074BF2268A HTTP/1.1" 200 108093
135.181.79.106 - - [19/Feb/2025:01:05:49 +0100] "GET /ticket2/opencms/fi/login/?edid=DB9BE274-E110-3B03-9434-A1026B1CB96D HTTP/1.1" 200 91873
95.217.195.123 - - [19/Feb/2025:01:05:52 +0100] "GET /ticket2/opencms/en/buy/?page=1&edid=DD282B35-B6B7-ECA0-02E0-90864F5E2B50 HTTP/1.1" 200 109438
66.220.149.9 - - [19/Feb/2025:01:05:52 +0100] "GET /ticket2/opencms/en/buy/?page=1&edid=F1463EBE-6C18-CF49-B2AE-F79868BCA4F5 HTTP/1.1" 200 139078
135.181.79.106 - - [19/Feb/2025:01:05:53 +0100] "GET /ticket2/opencms/fi/login/?edid=DDC40197-C63B-2875-1DBD-858E36E0D61F HTTP/1.1" 200 91763
54.38.85.36 - - [19/Feb/2025:01:05:55 +0100] "GET /ticket2/opencms/sv/buy/?page=1&edid=ED2A68D6-7E95-4C65-943E-3E074BF2268A&sortorder=asc&column=price HTTP/1.1" 200 108907
95.217.195.123 - - [19/Feb/2025:01:05:56 +0100] "GET /ticket2/opencms/en/buy/?page=1&edid=EAA01E7C-6083-95E6-AAA6-6C41D506ECE6 HTTP/1.1" 200 106919
54.36.148.109 - - [19/Feb/2025:01:05:56 +0100] "GET /ticket2/opencms/dk/buy/?page=1&edid=FEE25E36-04D3-46C8-6D56-05013D91539C HTTP/1.1" 200 107231
54.36.148.210 - - [19/Feb/2025:01:05:57 +0100] "GET /ticket2/opencms/en/venue/?venueid=F02E173E-B6D1-5F01-3792-4FB1E4AC7E1E HTTP/1.1" 200 85365
135.181.79.106 - - [19/Feb/2025:01:05:57 +0100] "GET /ticket2/opencms/fi/login/?edid=DEC5FD59-47B9-C401-93D5-AF9656E4B9E7 HTTP/1.1" 200 91873
54.38.85.36 - - [19/Feb/2025:01:06:00 +0100] "GET /ticket2/opencms/sv/buy/?page=1&edid=ED2A68D6-7E95-4C65-943E-3E074BF2268A&sortorder=asc&column=row HTTP/1.1" 200 108959
95.217.195.123 - - [19/Feb/2025:01:06:01 +0100] "GET /ticket2/opencms/en/buy/?page=1&edid=FDE2CB1B-737B-857F-7431-BD450E7D3BBB HTTP/1.1" 200 133373
157.90.209.79 - - [19/Feb/2025:01:06:04 +0100] "GET /ticket2/opencms/hr/sport/nogometne-ulaznice/bundesliga/union_berlin HTTP/1.1" 200 97809
54.38.85.36 - - [19/Feb/2025:01:06:05 +0100] "GET /ticket2/opencms/sv/buy/?page=1&edid=ED2A68D6-7E95-4C65-943E-3E074BF2268A&sortorder=desc&column=section HTTP/1.1" 200 109056
66.249.76.161 - - [19/Feb/2025:01:06:05 +0100] "GET /ticket2/opencms/lv/buy?page=1&edid=16BA48F9-E787-F00A-EC7D-F97A99AECBFB HTTP/1.1" 200 121358
52.167.144.172 - - [19/Feb/2025:01:06:08 +0100] "GET /ticket2/opencms/sv/buy/?comcatid=97ECA65A-72DA-F9AF-9DBB-245D3CFED1BE&catid=55D1256D-BDD9-CBA3-47A3-0A252F702555 HTTP/1.1" 200 97846
54.36.148.150 - - [19/Feb/2025:01:06:08 +0100] "GET /ticket2/opencms/bs/sport/fudbalske-karte/bundesliga/koln HTTP/1.1" 200 95917
202.8.43.98 - - [19/Feb/2025:01:06:09 +0100] "GET /ticket2/opencms/system/modules/com.gridnine.opencms.ticketbrokerage.site/resources/css/calendar.css HTTP/1.1" 200 6871
202.8.43.98 - - [19/Feb/2025:01:06:09 +0100] "GET /ticket2/opencms/system/modules/com.gridnine.opencms.ticketbrokerage.site/resources/css/jquery-ui.css HTTP/1.1" 200 33221
202.8.43.98 - - [19/Feb/2025:01:06:09 +0100] "GET /ticket2/opencms/system/modules/com.gridnine.opencms.ticketbrokerage.site/resources/css/ticketbrokerage.css HTTP/1.1" 200 39339
202.8.43.98 - - [19/Feb/2025:01:06:09 +0100] "GET /ticket2/opencms/system/modules/com.gridnine.opencms.ticketbrokerage.site/resources/css/jquery.fancybox.css HTTP/1.1" 200 4939
202.8.43.98 - - [19/Feb/2025:01:06:09 +0100] "GET /ticket2/opencms/system/modules/com.gridnine.opencms.ticketbrokerage.site/resources/css/standard.css HTTP/1.1" 200 73904
202.8.43.98 - - [19/Feb/2025:01:06:09 +0100] "GET /ticket2/opencms/system/modules/com.gridnine.opencms.ticketbrokerage.site/resources/js/jquery/jquery.js HTTP/1.1" 200 93868
202.8.43.98 - - [19/Feb/2025:01:06:10 +0100] "GET /ticket2/opencms/system/modules/com.gridnine.opencms.ticketbrokerage.site/resources/js/jquery/jquery-ui.js HTTP/1.1" 200 228088
202.8.43.98 - - [19/Feb/2025:01:06:10 +0100] "GET /ticket2/opencms/system/modules/com.gridnine.opencms.ticketbrokerage.site/resources/js/calendar.js HTTP/1.1" 200 49229
202.8.43.98 - - [19/Feb/2025:01:06:10 +0100] "GET /ticket2/opencms/system/modules/com.gridnine.opencms.ticketbrokerage.site/resources/js/calendar-en.js HTTP/1.1" 200 3338
202.8.43.98 - - [19/Feb/2025:01:06:10 +0100] "GET /ticket2/opencms/system/modules/com.gridnine.opencms.ticketbrokerage.site/resources/js/functions.js HTTP/1.1" 200 1583
202.8.43.98 - - [19/Feb/2025:01:06:10 +0100] "GET /ticket2/opencms/system/modules/com.gridnine.opencms.ticketbrokerage.site/resources/js/calendar-setup.js HTTP/1.1" 200 4923
202.8.43.98 - - [19/Feb/2025:01:06:10 +0100] "GET /ticket2/opencms/system/modules/com.gridnine.opencms.ticketbrokerage.site/resources/js/standard.js HTTP/1.1" 200 3983
202.8.43.98 - - [19/Feb/2025:01:06:10 +0100] "GET /ticket2/opencms/system/modules/com.gridnine.opencms.ticketbrokerage.site/resources/js/jquery.fancybox.pack.js HTTP/1.1" 200 23187
202.8.43.98 - - [19/Feb/2025:01:06:10 +0100] "GET /ticket2/opencms/system/modules/com.gridnine.opencms.ticketbrokerage.site/resources/js/stickyfill.min.js HTTP/1.1" 200 5672
202.8.43.98 - - [19/Feb/2025:01:06:10 +0100] "GET /ticket2/opencms/system/modules/com.gridnine.opencms.ticketbrokerage.site/resources/js/jquery.placeholder.min.js HTTP/1.1" 200 1737
202.8.43.98 - - [19/Feb/2025:01:06:10 +0100] "GET /ticket2/opencms/system/modules/com.gridnine.opencms.ticketbrokerage.site/resources/js/common-ajax.js HTTP/1.1" 200 20175
95.217.195.123 - - [19/Feb/2025:01:06:11 +0100] "GET /ticket2/opencms/en/login/?edid=01E41408-AB56-3A6A-EAEA-5426D6E9DD0E HTTP/1.1" 200 90027
54.38.85.36 - - [19/Feb/2025:01:06:11 +0100] "GET /ticket2/opencms/sv/buy/?page=1&edid=EE754F77-A2A4-E1E4-8A97-96B4BE735D0A&sortorder=asc&column=price HTTP/1.1" 200 112200
185.191.171.5 - - [19/Feb/2025:01:06:13 +0100] "GET /ticket2/opencms/hr/magazine/article?title=abdul-fatawu-ce-propustiti-ostatak-sezone HTTP/1.1" 200 94384
66.220.149.19 - - [19/Feb/2025:01:06:14 +0100] "GET /ticket2/opencms/mo/buying_tickets HTTP/1.1" 200 89359
157.90.209.79 - - [19/Feb/2025:01:06:16 +0100] "GET /ticket2/opencms/hr/sport/nogometne-ulaznice/bundesliga/werder-bremen HTTP/1.1" 200 100211
54.38.85.36 - - [19/Feb/2025:01:06:16 +0100] "GET /ticket2/opencms/sv/buy/?page=1&edid=EE754F77-A2A4-E1E4-8A97-96B4BE735D0A&sortorder=asc&column=row HTTP/1.1" 200 112100
95.217.195.123 - - [19/Feb/2025:01:06:20 +0100] "GET /ticket2/opencms/en/login/?edid=03D907FB-D1E6-E922-E1AC-AD5339EA57CC HTTP/1.1" 200 90139
54.38.85.36 - - [19/Feb/2025:01:06:21 +0100] "GET /ticket2/opencms/sv/buy/?page=1&edid=EE754F77-A2A4-E1E4-8A97-96B4BE735D0A&sortorder=asc&column=section HTTP/1.1" 200 112247
54.36.148.217 - - [19/Feb/2025:01:06:24 +0100] "GET /ticket2/opencms/bs/buy/?page=1&edid=B221A7A0-0672-9C92-94FE-8BC4C1F907CD HTTP/1.1" 200 117599
114.119.150.86 - - [19/Feb/2025:01:06:24 +0100] "GET /ticket2/opencms/en/venue/?venueid=920488DA-5A31-2C02-38B5-7EC9E48B6D06 HTTP/1.1" 200 85351
207.46.13.168 - - [19/Feb/2025:01:06:25 +0100] "GET /ticket2/opencms/en/buy/?page=1&edid=DABBB04A-934B-281D-ABA7-8CACF7859BC6 HTTP/1.1" 200 106826
40.77.167.22 - - [19/Feb/2025:01:06:26 +0100] "GET /ticket2/opencms/fi/?page=6&comcatid=A17713B6-D984-201A-4143-ED4DB5ED5C2E&catid=4B941E1B-E4E2-C53E-C693-9FA91BBA9AD5 HTTP/1.1" 200 107409
54.38.85.36 - - [19/Feb/2025:01:06:26 +0100] "GET /ticket2/opencms/sv/buy/?page=1&edid=EE754F77-A2A4-E1E4-8A97-96B4BE735D0A&sortorder=desc&column=price HTTP/1.1" 200 112152
157.90.209.79 - - [19/Feb/2025:01:06:27 +0100] "GET /ticket2/opencms/hr/sport/nogometne-ulaznice/bundesliga/wolfsburg HTTP/1.1" 200 96352
95.217.195.123 - - [19/Feb/2025:01:06:27 +0100] "GET /ticket2/opencms/en/login/?edid=090E838C-2B8A-06B6-48C3-D7454A97EC28 HTTP/1.1" 200 90072
54.38.85.36 - - [19/Feb/2025:01:06:32 +0100] "GET /ticket2/opencms/sv/buy/?page=1&edid=EE754F77-A2A4-E1E4-8A97-96B4BE735D0A&sortorder=desc&column=row HTTP/1.1" 200 112102
95.217.195.123 - - [19/Feb/2025:01:06:33 +0100] "GET /ticket2/opencms/en/login/?edid=0B61E12F-3357-9D4A-8CE6-56FAB7BA659C HTTP/1.1" 200 90083
54.36.148.161 - - [19/Feb/2025:01:06:35 +0100] "GET /ticket2/opencms/de/sport/fussball-tickets/english-championship/ipswich-town/ HTTP/1.1" 200 98063
66.249.79.33 - - [19/Feb/2025:01:06:37 +0100] "GET /ticket2/opencms/set_aff_cookie.jsp?partner=8F6DE15D-D831-5787-AE7E-FEFF53476F85&url=%252Fno%252Fbuy%252Findex.html%253Fpage%253D1%2526edid%253DDC4F64BB-84C6-452C-2BFD-138DC45E79DD%2526hlv%253D666de06a-49f8-427f-bb21-6d8a0a01000f%2523v751685946 HTTP/1.1" 200 245
54.38.85.36 - - [19/Feb/2025:01:06:37 +0100] "GET /ticket2/opencms/sv/buy/?page=1&edid=EE754F77-A2A4-E1E4-8A97-96B4BE735D0A&sortorder=desc&column=section HTTP/1.1" 200 112282
157.90.209.79 - - [19/Feb/2025:01:06:38 +0100] "GET /ticket2/opencms/hr/sport/nogometne-ulaznice/english-championship/ HTTP/1.1" 200 104795
85.208.96.194 - - [19/Feb/2025:01:06:38 +0100] "GET /ticket2/opencms/bs/magazine/article?title=navijaci-chelseaja-reagiraju-s-frustracijom HTTP/1.1" 200 93068
95.217.195.123 - - [19/Feb/2025:01:06:41 +0100] "GET /ticket2/opencms/en/login/?edid=0C6D37C7-8EA1-5083-AEBF-F8112D5F6F62 HTTP/1.1" 200 90132
54.38.85.36 - - [19/Feb/2025:01:06:42 +0100] "GET /ticket2/opencms/sv/buy/?page=1&edid=F61A2A71-4492-3768-1967-C586B0069229&sortorder=asc&column=row HTTP/1.1" 200 111171
66.220.149.1 - - [19/Feb/2025:01:06:45 +0100] "GET /ticket2/opencms/is/sport/fotbolti/ HTTP/1.1" 200 94070
95.217.195.123 - - [19/Feb/2025:01:06:48 +0100] "GET /ticket2/opencms/en/login/?edid=0F0A9175-9B4A-1490-DED8-DDD657ADFE0A HTTP/1.1" 200 90064
54.38.85.36 - - [19/Feb/2025:01:06:48 +0100] "GET /ticket2/opencms/sv/buy/?page=1&edid=F61A2A71-4492-3768-1967-C586B0069229&sortorder=asc&column=section HTTP/1.1" 200 111423
54.36.148.26 - - [19/Feb/2025:01:06:50 +0100] "GET /ticket2/opencms/pl/buy/?page=1&edid=1571DB1B-206B-93FC-5429-333D7E9FCB65 HTTP/1.1" 200 118117
157.90.209.79 - - [19/Feb/2025:01:06:51 +0100] "GET /ticket2/opencms/hr/sport/nogometne-ulaznice/english-championship/birmingham-city HTTP/1.1" 404 -
95.217.195.123 - - [19/Feb/2025:01:06:53 +0100] "GET /ticket2/opencms/en/login/?edid=0F60B66B-BC13-3DDD-6F41-72152A17A68C HTTP/1.1" 200 90156
54.38.85.36 - - [19/Feb/2025:01:06:53 +0100] "GET /ticket2/opencms/sv/buy/?page=1&edid=F61A2A71-4492-3768-1967-C586B0069229&sortorder=desc&column=price HTTP/1.1" 200 111381
95.217.195.123 - - [19/Feb/2025:01:06:58 +0100] "GET /ticket2/opencms/en/login/?edid=0F98CD6C-31AE-4A8C-45FF-398677E3B770 HTTP/1.1" 200 90069
54.38.85.36 - - [19/Feb/2025:01:06:59 +0100] "GET /ticket2/opencms/sv/buy/?page=1&edid=F61A2A71-4492-3768-1967-C586B0069229&sortorder=desc&column=row HTTP/1.1" 200 111210
