52.167.144.25 - - [19/Feb/2025:00:08:43 +0100] "GET /ticket2/opencms/en/sport/football-tickets/serie_a/ HTTP/1.1" 200 95477
194.247.173.99 - - [19/Feb/2025:00:08:43 +0100] "GET /ticket2/opencms/en/buy/?page=1&edid=620907EC-3A39-4A79-FEFF-F2397A9221F9&sortorder=asc&column=section HTTP/1.1" 200 111060
40.77.167.121 - - [19/Feb/2025:00:08:44 +0100] "GET /ticket2/opencms/en/buy?page=1&edid=801D8A2F-0B17-6784-F773-9588AB1168F4 HTTP/1.1" 200 110022
173.252.107.4 - - [19/Feb/2025:00:08:44 +0100] "GET /ticket2/opencms/sr/buy?page=1&edid=160DAC9A-2A77-6FDC-52B8-296352B1ABF1 HTTP/1.1" 200 138023
185.191.171.12 - - [19/Feb/2025:00:08:47 +0100] "GET /ticket2/opencms/sq/magazine/article?title=fc-liverpool-sezoni-i-reflektimit HTTP/1.1" 200 96189
194.247.173.99 - - [19/Feb/2025:00:08:47 +0100] "GET /ticket2/opencms/en/buy/?page=1&edid=620907EC-3A39-4A79-FEFF-F2397A9221F9&sortorder=desc&column=price HTTP/1.1" 200 111078
185.191.171.7 - - [19/Feb/2025:00:08:48 +0100] "GET /ticket2/opencms/no/buy/ HTTP/1.1" 200 89708
54.36.148.206 - - [19/Feb/2025:00:08:50 +0100] "GET /ticket2/opencms/fi/buy?page=1&edid=B7B5EA21-D0E1-5D4C-90B1-C2CC29A8B7DF HTTP/1.1" 200 117941
157.90.209.79 - - [19/Feb/2025:00:08:50 +0100] "GET /ticket2/opencms/fr/faq HTTP/1.1" 200 94054
194.247.173.99 - - [19/Feb/2025:00:08:51 +0100] "GET /ticket2/opencms/en/buy/?page=1&edid=620907EC-3A39-4A79-FEFF-F2397A9221F9&sortorder=desc&column=row HTTP/1.1" 200 110930
69.171.230.2 - - [19/Feb/2025:00:08:52 +0100] "GET /ticket2/opencms/mo/buy/?page=1&edid=C019DBB8-FF11-8C7C-90B0-E1EB2510B252 HTTP/1.1" 200 111967
194.247.173.99 - - [19/Feb/2025:00:08:55 +0100] "GET /ticket2/opencms/en/buy/?page=1&edid=620907EC-3A39-4A79-FEFF-F2397A9221F9&sortorder=desc&column=section HTTP/1.1" 200 111058
54.36.149.35 - - [19/Feb/2025:00:08:58 +0100] "GET /ticket2/opencms/bs/buy?page=1&edid=BD719054-11F0-C21F-E1D7-4BD8F12BE51A HTTP/1.1" 200 118376
157.90.209.79 - - [19/Feb/2025:00:08:59 +0100] "GET /ticket2/opencms/fr/login HTTP/1.1" 200 91758
194.247.173.99 - - [19/Feb/2025:00:08:59 +0100] "GET /ticket2/opencms/en/buy/?page=1&edid=627EB4E4-AE9C-FF01-C3B4-87668CB2F4A5&sortorder=asc&column=price HTTP/1.1" 200 110937
185.191.171.10 - - [19/Feb/2025:00:09:01 +0100] "GET /ticket2/opencms/et/magazine/article?title=brighton-and-hove-albion HTTP/1.1" 200 92876
216.244.66.196 - - [19/Feb/2025:00:09:03 +0100] "GET /ticket2/opencms/robots.txt HTTP/1.1" 200 773
194.247.173.99 - - [19/Feb/2025:00:09:03 +0100] "GET /ticket2/opencms/en/buy/?page=1&edid=627EB4E4-AE9C-FF01-C3B4-87668CB2F4A5&sortorder=asc&column=section HTTP/1.1" 200 111055
185.191.171.3 - - [19/Feb/2025:00:09:07 +0100] "GET /ticket2/opencms/sv/magazine/article?title=vi-ar-det-samsta-laget-i-klubbens-historia HTTP/1.1" 200 93043
194.247.173.99 - - [19/Feb/2025:00:09:07 +0100] "GET /ticket2/opencms/en/buy/?page=1&edid=627EB4E4-AE9C-FF01-C3B4-87668CB2F4A5&sortorder=desc&column=price HTTP/1.1" 200 111028
185.191.171.8 - - [19/Feb/2025:00:09:07 +0100] "GET /ticket2/opencms/be/magazine/article?title=cole-palmer-decides-the-game-and-alexander-isak-is-back HTTP/1.1" 200 94277
47.128.126.4 - - [19/Feb/2025:00:09:08 +0100] "GET /ticket2/opencms/be/buy/?edid=DCF8A7C5-61E0-96AC-DB14-A34E73853787 HTTP/1.1" 200 92333
157.90.209.79 - - [19/Feb/2025:00:09:09 +0100] "GET /ticket2/opencms/fr/magazine HTTP/1.1" 200 163844
207.46.13.168 - - [19/Feb/2025:00:09:09 +0100] "GET /ticket2/opencms/sv/buy/?page=1&edid=3571A1A0-959E-2767-C9C5-76572809AC2B HTTP/1.1" 200 109863
47.128.54.145 - - [19/Feb/2025:00:09:10 +0100] "GET /ticket2/opencms/el/buy_safety HTTP/1.1" 200 91054
66.249.79.34 - - [19/Feb/2025:00:09:10 +0100] "GET /ticket2/opencms/hu/buy?page=1&edid=E1CACBEB-5FB5-F359-D95F-1110648BB53A HTTP/1.1" 200 136581
47.128.54.145 - - [19/Feb/2025:00:09:11 +0100] "GET /ticket2/opencms/system/modules/com.gridnine.opencms.ticketbrokerage.site/resources/css/images/event-banner.png HTTP/1.1" 404 -
54.36.148.84 - - [19/Feb/2025:00:09:11 +0100] "GET /ticket2/opencms/bs/buy?page=1&edid=1B66F7E9-6D68-7258-D0DB-383034F8302F HTTP/1.1" 200 134839
194.247.173.99 - - [19/Feb/2025:00:09:12 +0100] "GET /ticket2/opencms/en/buy/?page=1&edid=634076B4-32CF-CB6D-4015-7F823660D56E&sortorder=desc&column=price HTTP/1.1" 200 110857
194.247.173.99 - - [19/Feb/2025:00:09:16 +0100] "GET /ticket2/opencms/en/buy/?page=1&edid=6504940A-EFB0-5E3D-6D5A-011BC7DD06A5 HTTP/1.1" 200 106826
114.119.152.134 - - [19/Feb/2025:00:09:18 +0100] "GET /ticket2/opencms/en/venue/?venueid=2ECF2351-C750-A7A7-654E-B9CAF140FBB1 HTTP/1.1" 200 85383
194.247.173.99 - - [19/Feb/2025:00:09:20 +0100] "GET /ticket2/opencms/en/buy/?page=1&edid=6629938D-A6E5-DFC1-3AB0-2416CB373D79 HTTP/1.1" 200 110562
54.36.148.242 - - [19/Feb/2025:00:09:20 +0100] "GET /ticket2/opencms/el/magazine/article?title=o-roympen-amorim-egine-o-neos-proponhths-ths-mantsester-gioynaitent HTTP/1.1" 200 96681
66.249.68.39 - - [19/Feb/2025:00:09:20 +0100] "GET /ticket2/opencms/venue/juventus_stadium.png HTTP/1.1" 200 31832
85.208.96.206 - - [19/Feb/2025:00:09:21 +0100] "GET /ticket2/opencms/sq/magazine/article?title=joao-palhinha-ne-bayern-munchen-nje-fuqi-e-re-mesfushore-arrin-ne-allianz-arena HTTP/1.1" 200 97871
157.90.209.79 - - [19/Feb/2025:00:09:22 +0100] "GET /ticket2/opencms/fr/magazine/article?title=abdul-fatawu-va-manquer-le-reste-de-la-saison HTTP/1.1" 200 94668
54.36.148.90 - - [19/Feb/2025:00:09:22 +0100] "GET /ticket2/opencms/cs/o-nas HTTP/1.1" 200 89721
101.36.108.191 - - [19/Feb/2025:00:09:23 +0100] "GET /ticket2/opencms/favicon.ico HTTP/1.1" 200 15406
202.8.42.150 - - [19/Feb/2025:00:09:23 +0100] "GET /ticket2/opencms/system/modules/com.gridnine.opencms.ticketbrokerage.site/resources/css/calendar.css HTTP/1.1" 200 6871
202.8.42.150 - - [19/Feb/2025:00:09:23 +0100] "GET /ticket2/opencms/system/modules/com.gridnine.opencms.ticketbrokerage.site/resources/css/jquery-ui.css HTTP/1.1" 200 33221
202.8.42.150 - - [19/Feb/2025:00:09:23 +0100] "GET /ticket2/opencms/system/modules/com.gridnine.opencms.ticketbrokerage.site/resources/css/standard.css HTTP/1.1" 200 73904
202.8.42.150 - - [19/Feb/2025:00:09:23 +0100] "GET /ticket2/opencms/system/modules/com.gridnine.opencms.ticketbrokerage.site/resources/css/jquery.fancybox.css HTTP/1.1" 200 4939
202.8.42.150 - - [19/Feb/2025:00:09:23 +0100] "GET /ticket2/opencms/system/modules/com.gridnine.opencms.ticketbrokerage.site/resources/css/ticketbrokerage.css HTTP/1.1" 200 39339
202.8.42.150 - - [19/Feb/2025:00:09:23 +0100] "GET /ticket2/opencms/system/modules/com.gridnine.opencms.ticketbrokerage.site/resources/js/jquery/jquery.js HTTP/1.1" 200 93868
202.8.42.150 - - [19/Feb/2025:00:09:23 +0100] "GET /ticket2/opencms/system/modules/com.gridnine.opencms.ticketbrokerage.site/resources/js/jquery/jquery-ui.js HTTP/1.1" 200 228088
202.8.42.150 - - [19/Feb/2025:00:09:23 +0100] "GET /ticket2/opencms/system/modules/com.gridnine.opencms.ticketbrokerage.site/resources/js/functions.js HTTP/1.1" 200 1583
202.8.42.150 - - [19/Feb/2025:00:09:23 +0100] "GET /ticket2/opencms/system/modules/com.gridnine.opencms.ticketbrokerage.site/resources/js/calendar.js HTTP/1.1" 200 49229
202.8.42.150 - - [19/Feb/2025:00:09:23 +0100] "GET /ticket2/opencms/system/modules/com.gridnine.opencms.ticketbrokerage.site/resources/js/calendar-en.js HTTP/1.1" 200 3338
202.8.42.150 - - [19/Feb/2025:00:09:23 +0100] "GET /ticket2/opencms/system/modules/com.gridnine.opencms.ticketbrokerage.site/resources/js/calendar-setup.js HTTP/1.1" 200 4923
202.8.42.150 - - [19/Feb/2025:00:09:24 +0100] "GET /ticket2/opencms/system/modules/com.gridnine.opencms.ticketbrokerage.site/resources/js/jquery.fancybox.pack.js HTTP/1.1" 200 23187
202.8.42.150 - - [19/Feb/2025:00:09:24 +0100] "GET /ticket2/opencms/system/modules/com.gridnine.opencms.ticketbrokerage.site/resources/js/stickyfill.min.js HTTP/1.1" 200 5672
202.8.42.150 - - [19/Feb/2025:00:09:24 +0100] "GET /ticket2/opencms/system/modules/com.gridnine.opencms.ticketbrokerage.site/resources/js/standard.js HTTP/1.1" 200 3983
194.247.173.99 - - [19/Feb/2025:00:09:24 +0100] "GET /ticket2/opencms/en/buy/?page=1&edid=6629938D-A6E5-DFC1-3AB0-2416CB373D79&sortorder=asc&column=price HTTP/1.1" 200 111446
202.8.42.150 - - [19/Feb/2025:00:09:24 +0100] "GET /ticket2/opencms/system/modules/com.gridnine.opencms.ticketbrokerage.site/resources/js/jquery.placeholder.min.js HTTP/1.1" 200 1737
202.8.42.150 - - [19/Feb/2025:00:09:24 +0100] "GET /ticket2/opencms/system/modules/com.gridnine.opencms.ticketbrokerage.site/resources/js/common-ajax.js HTTP/1.1" 200 20175
101.36.108.191 - - [19/Feb/2025:00:09:25 +0100] "GET /ticket2/opencms/de/robots.txt HTTP/1.1" 404 -
101.36.108.191 - - [19/Feb/2025:00:09:25 +0100] "GET /ticket2/opencms/de/sitemap.xml HTTP/1.1" 200 715529
194.247.173.99 - - [19/Feb/2025:00:09:27 +0100] "GET /ticket2/opencms/en/buy/?page=1&edid=6B1C747D-2234-E897-0F34-AC6F796C34A5&sortorder=asc&column=row HTTP/1.1" 200 110497
101.36.108.191 - - [19/Feb/2025:00:09:30 +0100] "GET /ticket2/opencms/favicon.ico HTTP/1.1" 200 15406
157.90.209.79 - - [19/Feb/2025:00:09:30 +0100] "GET /ticket2/opencms/fr/magazine/article?title=cole-palmer-decide-du-match-et-alexander-isak-est-de-retour HTTP/1.1" 200 93690
54.36.148.55 - - [19/Feb/2025:00:09:30 +0100] "GET /ticket2/opencms/cs/buy?page=1&edid=BD719054-11F0-C21F-E1D7-4BD8F12BE51A HTTP/1.1" 200 118567
101.36.108.191 - - [19/Feb/2025:00:09:31 +0100] "GET /ticket2/opencms/de/sitemap.xml HTTP/1.1" 200 715529
101.36.108.191 - - [19/Feb/2025:00:09:31 +0100] "GET /ticket2/opencms/de/robots.txt HTTP/1.1" 404 -
194.247.173.99 - - [19/Feb/2025:00:09:32 +0100] "GET /ticket2/opencms/en/buy/?page=1&edid=6B1C747D-2234-E897-0F34-AC6F796C34A5&sortorder=asc&column=section HTTP/1.1" 200 110606
101.36.108.191 - - [19/Feb/2025:00:09:34 +0100] "GET /ticket2/opencms/de/ HTTP/1.1" 200 107232
194.247.173.99 - - [19/Feb/2025:00:09:36 +0100] "GET /ticket2/opencms/en/buy/?page=1&edid=6BDF2649-A23C-4F39-BEA2-8967D4477DEF HTTP/1.1" 200 110515
101.36.108.191 - - [19/Feb/2025:00:09:38 +0100] "GET /ticket2/opencms/img/icons/ticket2.thumbnail.png HTTP/1.1" 200 21519
47.128.126.50 - - [19/Feb/2025:00:09:38 +0100] "GET /ticket2/opencms/fi/venue/?venueid=F670BB4E-C7FE-DBAC-B41D-241CF96C0068 HTTP/1.1" 200 86759
157.90.209.79 - - [19/Feb/2025:00:09:38 +0100] "GET /ticket2/opencms/fr/magazine/article?title=comment-se-presente-lavenir-pour-alexander-isak HTTP/1.1" 200 93161
54.36.149.2 - - [19/Feb/2025:00:09:40 +0100] "GET /ticket2/opencms/hr/buy?page=1&edid=5EDAD7EF-4482-E566-628C-36CFA67969B0 HTTP/1.1" 200 114610
101.36.108.191 - - [19/Feb/2025:00:09:40 +0100] "GET /ticket2/opencms/system/modules/com.gridnine.opencms.ticketbrokerage.site/resources/pics/logo-new.png HTTP/1.1" 200 13541
194.247.173.99 - - [19/Feb/2025:00:09:40 +0100] "GET /ticket2/opencms/en/buy/?page=1&edid=6BDF2649-A23C-4F39-BEA2-8967D4477DEF&sortorder=desc&column=section HTTP/1.1" 200 111618
40.77.167.4 - - [19/Feb/2025:00:09:40 +0100] "GET /ticket2/opencms/is/buy?page=1&edid=6622D482-9366-79F2-615D-5ED4BBEA7CC7&sortorder=asc&column=price HTTP/1.1" 200 112137
202.8.43.75 - - [19/Feb/2025:00:09:41 +0100] "GET /ticket2/opencms/system/modules/com.gridnine.opencms.ticketbrokerage.site/resources/css/ticketbrokerage.css HTTP/1.1" 200 39339
202.8.43.75 - - [19/Feb/2025:00:09:41 +0100] "GET /ticket2/opencms/system/modules/com.gridnine.opencms.ticketbrokerage.site/resources/css/calendar.css HTTP/1.1" 200 6871
202.8.43.75 - - [19/Feb/2025:00:09:41 +0100] "GET /ticket2/opencms/system/modules/com.gridnine.opencms.ticketbrokerage.site/resources/css/jquery-ui.css HTTP/1.1" 200 33221
202.8.43.75 - - [19/Feb/2025:00:09:41 +0100] "GET /ticket2/opencms/system/modules/com.gridnine.opencms.ticketbrokerage.site/resources/css/standard.css HTTP/1.1" 200 73904
202.8.43.75 - - [19/Feb/2025:00:09:41 +0100] "GET /ticket2/opencms/system/modules/com.gridnine.opencms.ticketbrokerage.site/resources/css/jquery.fancybox.css HTTP/1.1" 200 4939
202.8.43.75 - - [19/Feb/2025:00:09:41 +0100] "GET /ticket2/opencms/system/modules/com.gridnine.opencms.ticketbrokerage.site/resources/js/jquery/jquery.js HTTP/1.1" 200 93868
202.8.43.75 - - [19/Feb/2025:00:09:41 +0100] "GET /ticket2/opencms/system/modules/com.gridnine.opencms.ticketbrokerage.site/resources/js/jquery/jquery-ui.js HTTP/1.1" 200 228088
202.8.43.75 - - [19/Feb/2025:00:09:41 +0100] "GET /ticket2/opencms/system/modules/com.gridnine.opencms.ticketbrokerage.site/resources/js/functions.js HTTP/1.1" 200 1583
202.8.43.75 - - [19/Feb/2025:00:09:41 +0100] "GET /ticket2/opencms/system/modules/com.gridnine.opencms.ticketbrokerage.site/resources/js/calendar.js HTTP/1.1" 200 49229
202.8.43.75 - - [19/Feb/2025:00:09:41 +0100] "GET /ticket2/opencms/system/modules/com.gridnine.opencms.ticketbrokerage.site/resources/js/calendar-en.js HTTP/1.1" 200 3338
47.128.123.43 - - [19/Feb/2025:00:09:41 +0100] "GET /ticket2/opencms/bg/buy/?edid=AC44825D-2793-0C67-BD3C-7AB6359F86DA HTTP/1.1" 200 92547
202.8.43.75 - - [19/Feb/2025:00:09:41 +0100] "GET /ticket2/opencms/system/modules/com.gridnine.opencms.ticketbrokerage.site/resources/js/calendar-setup.js HTTP/1.1" 200 4923
202.8.43.75 - - [19/Feb/2025:00:09:41 +0100] "GET /ticket2/opencms/system/modules/com.gridnine.opencms.ticketbrokerage.site/resources/js/jquery.fancybox.pack.js HTTP/1.1" 200 23187
202.8.43.75 - - [19/Feb/2025:00:09:41 +0100] "GET /ticket2/opencms/system/modules/com.gridnine.opencms.ticketbrokerage.site/resources/js/stickyfill.min.js HTTP/1.1" 200 5672
202.8.43.75 - - [19/Feb/2025:00:09:41 +0100] "GET /ticket2/opencms/system/modules/com.gridnine.opencms.ticketbrokerage.site/resources/js/standard.js HTTP/1.1" 200 3983
202.8.43.75 - - [19/Feb/2025:00:09:41 +0100] "GET /ticket2/opencms/system/modules/com.gridnine.opencms.ticketbrokerage.site/resources/js/common-ajax.js HTTP/1.1" 200 20175
202.8.43.75 - - [19/Feb/2025:00:09:41 +0100] "GET /ticket2/opencms/system/modules/com.gridnine.opencms.ticketbrokerage.site/resources/js/jquery.placeholder.min.js HTTP/1.1" 200 1737
202.8.43.75 - - [19/Feb/2025:00:09:41 +0100] "GET /ticket2/opencms/hr/ask-form.html HTTP/1.1" 200 3156
202.8.43.75 - - [19/Feb/2025:00:09:42 +0100] "GET /ticket2/opencms/system/modules/com.gridnine.opencms.ticketbrokerage.site/resources/css/ticketbrokerage.css HTTP/1.1" 200 39339
101.36.108.191 - - [19/Feb/2025:00:09:42 +0100] "GET /ticket2/opencms/system/modules/com.gridnine.opencms.ticketbrokerage.site/resources/js/standard.js HTTP/1.1" 200 3983
52.167.144.169 - - [19/Feb/2025:00:09:43 +0100] "GET /ticket2/opencms/az/buy?page=1&edid=3289C097-2261-9433-8644-DF033A9EE354 HTTP/1.1" 200 141406
101.36.108.191 - - [19/Feb/2025:00:09:43 +0100] "GET /ticket2/opencms/system/modules/com.gridnine.opencms.ticketbrokerage.site/resources/js/functions.js HTTP/1.1" 200 1583
194.247.173.99 - - [19/Feb/2025:00:09:44 +0100] "GET /ticket2/opencms/en/buy/?page=1&edid=6CFC6D67-8616-D322-16CD-04AF153E55FB&sortorder=asc&column=section HTTP/1.1" 200 111654
101.36.108.191 - - [19/Feb/2025:00:09:44 +0100] "GET /ticket2/opencms/system/modules/com.gridnine.opencms.ticketbrokerage.site/resources/js/calendar-en.js HTTP/1.1" 200 3338
40.77.167.48 - - [19/Feb/2025:00:09:45 +0100] "GET /ticket2/opencms/fr/buy/?page=1&edid=4014222D-402E-25E3-0225-E4402DF849A6 HTTP/1.1" 200 111409
114.119.136.30 - - [19/Feb/2025:00:09:45 +0100] "GET /ticket2/opencms/lv/buy?page=1&edid=99959494-864F-6753-B5ED-BFAED94061C8 HTTP/1.1" 200 108652
101.36.108.191 - - [19/Feb/2025:00:09:46 +0100] "GET /ticket2/opencms/system/modules/com.gridnine.opencms.ticketbrokerage.site/resources/js/calendar-setup.js HTTP/1.1" 200 4923
40.77.167.48 - - [19/Feb/2025:00:09:47 +0100] "GET /ticket2/opencms/el/buy/?page=1&edid=DF831646-EB81-8030-C88A-E153CD46EDDF HTTP/1.1" 200 112085
157.90.209.79 - - [19/Feb/2025:00:09:47 +0100] "GET /ticket2/opencms/fr/magazine/article?title=kevin-de-bruyne HTTP/1.1" 200 93515
173.252.83.13 - - [19/Feb/2025:00:09:47 +0100] "GET /ticket2/opencms/ro/sport/bilete-fotbal/la-liga/real-madrid HTTP/1.1" 200 95886
101.36.108.191 - - [19/Feb/2025:00:09:48 +0100] "GET /ticket2/opencms/system/modules/com.gridnine.opencms.ticketbrokerage.site/resources/js/calendar.js HTTP/1.1" 200 49229
194.247.173.99 - - [19/Feb/2025:00:09:48 +0100] "GET /ticket2/opencms/en/buy/?page=1&edid=6CFC6D67-8616-D322-16CD-04AF153E55FB&sortorder=desc&column=price HTTP/1.1" 200 111558
101.36.108.191 - - [19/Feb/2025:00:09:49 +0100] "GET /ticket2/opencms/de/robots.txt HTTP/1.1" 404 -
101.36.108.191 - - [19/Feb/2025:00:09:49 +0100] "GET /ticket2/opencms/de/sitemap.xml HTTP/1.1" 200 715529
54.36.148.153 - - [19/Feb/2025:00:09:51 +0100] "GET /ticket2/opencms/sv/buy?page=1&edid=E0DCB6F1-32E5-4B69-7659-12DFC9BB0380 HTTP/1.1" 200 110065
216.244.66.238 - - [19/Feb/2025:00:09:52 +0100] "GET /ticket2/opencms/dk/en/venue/?venueid=1F720D4E-8F96-91FF-3E22-13763ACC567B HTTP/1.1" 404 -
194.247.173.99 - - [19/Feb/2025:00:09:52 +0100] "GET /ticket2/opencms/en/buy/?page=1&edid=6CFC6D67-8616-D322-16CD-04AF153E55FB&sortorder=desc&column=row HTTP/1.1" 200 111499
101.36.108.191 - - [19/Feb/2025:00:09:53 +0100] "GET /ticket2/opencms/?id=%25{{{11}}*{{11}}} HTTP/1.1" 302 -
157.90.209.79 - - [19/Feb/2025:00:09:55 +0100] "GET /ticket2/opencms/fr/magazine/article?title=la-legende-en-echange-houleux-avec-un-supporter HTTP/1.1" 200 94609
216.244.66.238 - - [19/Feb/2025:00:09:56 +0100] "GET /ticket2/opencms/dk/en/venue/?venueid=523ADEA7-7A32-98AD-8406-4BAD485766BF HTTP/1.1" 404 -
194.247.173.99 - - [19/Feb/2025:00:09:56 +0100] "GET /ticket2/opencms/en/buy/?page=1&edid=6CFC6D67-8616-D322-16CD-04AF153E55FB&sortorder=desc&column=section HTTP/1.1" 200 111570
101.36.108.191 - - [19/Feb/2025:00:09:56 +0100] "GET /ticket2/opencms/en/ HTTP/1.1" 200 105882
114.119.134.48 - - [19/Feb/2025:00:09:58 +0100] "GET /ticket2/opencms/en/venue/?venueid=308D5B12-D557-DF8F-3129-5C03B03BE75B HTTP/1.1" 200 85314
101.36.108.191 - - [19/Feb/2025:00:09:58 +0100] "GET /ticket2/opencms/struts/webconsole.html HTTP/1.1" 404 -
101.36.108.191 - - [19/Feb/2025:00:09:59 +0100] "GET /ticket2/opencms/?actionErrors=1111 HTTP/1.1" 302 -
114.119.159.237 - - [19/Feb/2025:00:10:00 +0100] "GET /ticket2/opencms/es/buy/?comcatid=A17713B6-D984-201A-4143-ED4DB5ED5C2E&catid=5A89E483-58AD-080E-F363-E16CE738916A HTTP/1.1" 200 103176
216.244.66.238 - - [19/Feb/2025:00:10:00 +0100] "GET /ticket2/opencms/dk/en/venue/?venueid=92B1EF2C-B01A-5498-4DA0-D832A3A798A5 HTTP/1.1" 404 -
194.247.173.99 - - [19/Feb/2025:00:10:00 +0100] "GET /ticket2/opencms/en/buy/?page=1&edid=6D7A3A4D-52E6-6485-D5D3-38CDD986A138&sortorder=asc&column=price HTTP/1.1" 200 110972
185.191.171.9 - - [19/Feb/2025:00:10:02 +0100] "GET /ticket2/opencms/no/sport/fotballsbilletter/premier_league/manchester_united/ HTTP/1.1" 200 100619
157.90.209.79 - - [19/Feb/2025:00:10:02 +0100] "GET /ticket2/opencms/fr/magazine/article?title=la-ligue-des-nations-bat-son-plein HTTP/1.1" 200 94874
101.36.108.191 - - [19/Feb/2025:00:10:02 +0100] "GET /ticket2/opencms/en/ HTTP/1.1" 200 105869
66.249.79.171 - - [19/Feb/2025:00:10:03 +0100] "GET /ticket2/opencms/dk/affiliateprogram HTTP/1.1" 404 -
216.244.66.238 - - [19/Feb/2025:00:10:03 +0100] "GET /ticket2/opencms/dk/en/venue/?venueid=C5443748-FE6D-78AE-9835-D6BA076EAF8D HTTP/1.1" 404 -
101.36.108.191 - - [19/Feb/2025:00:10:04 +0100] "GET /ticket2/opencms/invoker/readonly HTTP/1.1" 404 -
194.247.173.99 - - [19/Feb/2025:00:10:04 +0100] "GET /ticket2/opencms/en/buy/?page=1&edid=6D7A3A4D-52E6-6485-D5D3-38CDD986A138&sortorder=asc&column=row HTTP/1.1" 200 110879
54.36.148.112 - - [19/Feb/2025:00:10:05 +0100] "GET /ticket2/opencms/hr/buy?page=1&edid=EF89CCE1-4D67-63A5-1697-6B7EBB76F5C8 HTTP/1.1" 200 114575
216.244.66.238 - - [19/Feb/2025:00:10:06 +0100] "GET /ticket2/opencms/dk/en/venue/?venueid=C5476B3C-0464-46FE-ABA4-218B7E7B42C3 HTTP/1.1" 404 -
202.8.41.70 - - [19/Feb/2025:00:10:06 +0100] "GET /ticket2/opencms/system/modules/com.gridnine.opencms.ticketbrokerage.site/resources/css/standard.css HTTP/1.1" 200 73904
202.8.41.70 - - [19/Feb/2025:00:10:06 +0100] "GET /ticket2/opencms/system/modules/com.gridnine.opencms.ticketbrokerage.site/resources/css/jquery-ui.css HTTP/1.1" 200 33221
202.8.41.70 - - [19/Feb/2025:00:10:06 +0100] "GET /ticket2/opencms/system/modules/com.gridnine.opencms.ticketbrokerage.site/resources/css/ticketbrokerage.css HTTP/1.1" 200 39339
202.8.41.70 - - [19/Feb/2025:00:10:06 +0100] "GET /ticket2/opencms/system/modules/com.gridnine.opencms.ticketbrokerage.site/resources/css/jquery.fancybox.css HTTP/1.1" 200 4939
202.8.41.70 - - [19/Feb/2025:00:10:06 +0100] "GET /ticket2/opencms/system/modules/com.gridnine.opencms.ticketbrokerage.site/resources/js/jquery/jquery.js HTTP/1.1" 200 93868
202.8.41.70 - - [19/Feb/2025:00:10:06 +0100] "GET /ticket2/opencms/system/modules/com.gridnine.opencms.ticketbrokerage.site/resources/css/calendar.css HTTP/1.1" 200 6871
202.8.41.70 - - [19/Feb/2025:00:10:06 +0100] "GET /ticket2/opencms/system/modules/com.gridnine.opencms.ticketbrokerage.site/resources/js/jquery/jquery-ui.js HTTP/1.1" 200 228088
202.8.41.70 - - [19/Feb/2025:00:10:06 +0100] "GET /ticket2/opencms/system/modules/com.gridnine.opencms.ticketbrokerage.site/resources/js/functions.js HTTP/1.1" 200 1583
202.8.41.70 - - [19/Feb/2025:00:10:06 +0100] "GET /ticket2/opencms/system/modules/com.gridnine.opencms.ticketbrokerage.site/resources/js/calendar.js HTTP/1.1" 200 49229
202.8.41.70 - - [19/Feb/2025:00:10:06 +0100] "GET /ticket2/opencms/system/modules/com.gridnine.opencms.ticketbrokerage.site/resources/js/calendar-en.js HTTP/1.1" 200 3338
202.8.41.70 - - [19/Feb/2025:00:10:06 +0100] "GET /ticket2/opencms/system/modules/com.gridnine.opencms.ticketbrokerage.site/resources/js/calendar-setup.js HTTP/1.1" 200 4923
202.8.41.70 - - [19/Feb/2025:00:10:06 +0100] "GET /ticket2/opencms/system/modules/com.gridnine.opencms.ticketbrokerage.site/resources/js/jquery.fancybox.pack.js HTTP/1.1" 200 23187
202.8.41.70 - - [19/Feb/2025:00:10:06 +0100] "GET /ticket2/opencms/system/modules/com.gridnine.opencms.ticketbrokerage.site/resources/js/stickyfill.min.js HTTP/1.1" 200 5672
202.8.41.70 - - [19/Feb/2025:00:10:06 +0100] "GET /ticket2/opencms/system/modules/com.gridnine.opencms.ticketbrokerage.site/resources/js/standard.js HTTP/1.1" 200 3983
202.8.41.70 - - [19/Feb/2025:00:10:06 +0100] "GET /ticket2/opencms/system/modules/com.gridnine.opencms.ticketbrokerage.site/resources/js/jquery.placeholder.min.js HTTP/1.1" 200 1737
202.8.41.70 - - [19/Feb/2025:00:10:07 +0100] "GET /ticket2/opencms/system/modules/com.gridnine.opencms.ticketbrokerage.site/resources/js/common-ajax.js HTTP/1.1" 200 20175
202.8.41.70 - - [19/Feb/2025:00:10:07 +0100] "GET /ticket2/opencms/hr/ask-form.html HTTP/1.1" 200 3156
202.8.41.70 - - [19/Feb/2025:00:10:07 +0100] "GET /ticket2/opencms/system/modules/com.gridnine.opencms.ticketbrokerage.site/resources/css/ticketbrokerage.css HTTP/1.1" 200 39339
194.247.173.99 - - [19/Feb/2025:00:10:08 +0100] "GET /ticket2/opencms/en/buy/?page=1&edid=6D7A3A4D-52E6-6485-D5D3-38CDD986A138&sortorder=asc&column=section HTTP/1.1" 200 111035
157.90.209.79 - - [19/Feb/2025:00:10:08 +0100] "GET /ticket2/opencms/fr/magazine/article?title=la-premiere-victoire-dipswich-en-premier-league-depuis-22-ans HTTP/1.1" 200 94096
216.244.66.238 - - [19/Feb/2025:00:10:09 +0100] "GET /ticket2/opencms/dk/en/venue/?venueid=CF4F6857-3656-68CA-213F-13DFDEA6A33E HTTP/1.1" 404 -
54.36.148.195 - - [19/Feb/2025:00:10:11 +0100] "GET /ticket2/opencms/en/venue/?venueid=01D585F0-8906-9A4C-36CC-65BD1235CC9B HTTP/1.1" 200 85294
85.208.96.207 - - [19/Feb/2025:00:10:11 +0100] "GET /ticket2/opencms/bg/magazine/article?title=zhoao-palinya-kum-bajern-myunhen-nova-sila-na-sredata-na-terena-pristiga-v-alianc-arena HTTP/1.1" 200 99150
40.77.167.32 - - [19/Feb/2025:00:10:12 +0100] "GET /ticket2/opencms/ro/buy/?page=1&edid=24EEE71A-0DC6-CA9D-0185-7675F772FED1 HTTP/1.1" 200 108883
194.247.173.99 - - [19/Feb/2025:00:10:12 +0100] "GET /ticket2/opencms/en/buy/?page=1&edid=6D7A3A4D-52E6-6485-D5D3-38CDD986A138&sortorder=desc&column=section HTTP/1.1" 200 111111
157.90.209.79 - - [19/Feb/2025:00:10:15 +0100] "GET /ticket2/opencms/fr/magazine/article?title=laureat-du-ballon-dor-2024 HTTP/1.1" 200 93851
194.247.173.99 - - [19/Feb/2025:00:10:16 +0100] "GET /ticket2/opencms/en/buy/?page=1&edid=6E15960A-CBB7-F65E-AF9E-216AA3DAEF46&sortorder=asc&column=row HTTP/1.1" 200 107675
52.167.144.173 - - [19/Feb/2025:00:10:16 +0100] "GET /ticket2/opencms/no/magazine/article?title=arsenal-og-tottenham-deler-i-en-episk-4-4-kamp-den-29-oktober-2008 HTTP/1.1" 200 94771
194.247.173.99 - - [19/Feb/2025:00:10:20 +0100] "GET /ticket2/opencms/en/buy/?page=1&edid=6FC750EC-74FC-8FD0-F9AA-382A290160FE&sortorder=asc&column=section HTTP/1.1" 200 110558
54.36.149.62 - - [19/Feb/2025:00:10:21 +0100] "GET /ticket2/opencms/lv/buy?page=1&edid=BD719054-11F0-C21F-E1D7-4BD8F12BE51A HTTP/1.1" 200 118510
157.90.209.79 - - [19/Feb/2025:00:10:22 +0100] "GET /ticket2/opencms/fr/magazine/article?title=les-fans-de-chelsea-reagissent-avec-frustration HTTP/1.1" 200 93332
173.252.69.114 - - [19/Feb/2025:00:10:24 +0100] "GET /ticket2/opencms/it/sport/biglietti-calcio/bundesliga/werder-bremen HTTP/1.1" 200 100659
40.77.167.48 - - [19/Feb/2025:00:10:24 +0100] "GET /ticket2/opencms/uk/buy?page=1&edid=6BC392EC-904D-4C89-2912-6F7F3E385D5B HTTP/1.1" 200 110105
194.247.173.99 - - [19/Feb/2025:00:10:25 +0100] "GET /ticket2/opencms/en/buy/?page=1&edid=700C6A66-9C47-818C-453E-16ACCDD28C59&sortorder=asc&column=price HTTP/1.1" 200 110965
47.128.121.160 - - [19/Feb/2025:00:10:29 +0100] "GET /ticket2/opencms/sv/buy/?catid=3A7AEA37-903D-9533-4B33-21B0001FF1D1&comcatid=A17713B6-D984-201A-4143-ED4DB5ED5C2E HTTP/1.1" 200 102756
194.247.173.99 - - [19/Feb/2025:00:10:29 +0100] "GET /ticket2/opencms/en/buy/?page=1&edid=700C6A66-9C47-818C-453E-16ACCDD28C59&sortorder=asc&column=row HTTP/1.1" 200 110933
157.90.209.79 - - [19/Feb/2025:00:10:31 +0100] "GET /ticket2/opencms/fr/magazine/article?title=les-supporters-de-chelsea-reagissent-avec-frustration HTTP/1.1" 200 93671
216.244.66.238 - - [19/Feb/2025:00:10:31 +0100] "GET /ticket2/opencms/nl/buy?page=1&edid=83F2E8A0-DC7B-A3A3-A729-75E740E82055 HTTP/1.1" 200 109935
194.247.173.99 - - [19/Feb/2025:00:10:33 +0100] "GET /ticket2/opencms/en/buy/?page=1&edid=700C6A66-9C47-818C-453E-16ACCDD28C59&sortorder=asc&column=section HTTP/1.1" 200 111075
54.36.149.75 - - [19/Feb/2025:00:10:35 +0100] "GET /ticket2/opencms/bs/buy?page=1&edid=5EDAD7EF-4482-E566-628C-36CFA67969B0 HTTP/1.1" 200 114426
194.247.173.99 - - [19/Feb/2025:00:10:37 +0100] "GET /ticket2/opencms/en/buy/?page=1&edid=708135B7-2865-EC75-9F9F-ABBDF40E8A70&sortorder=desc&column=price HTTP/1.1" 200 111014
185.191.171.12 - - [19/Feb/2025:00:10:37 +0100] "GET /ticket2/opencms/sv/sport/hockeybiljetter/nhl/Winnipeg_Jets/ HTTP/1.1" 200 89172
194.247.173.99 - - [19/Feb/2025:00:10:42 +0100] "GET /ticket2/opencms/en/buy/?page=1&edid=708135B7-2865-EC75-9F9F-ABBDF40E8A70&sortorder=desc&column=row HTTP/1.1" 200 110931
157.90.209.79 - - [19/Feb/2025:00:10:43 +0100] "GET /ticket2/opencms/fr/magazine/article?title=manchester-united-a-choisi-de-licencier-erik-ten-hag HTTP/1.1" 200 98937
40.77.167.53 - - [19/Feb/2025:00:10:45 +0100] "GET /ticket2/opencms/hr/ HTTP/1.1" 200 107699
114.119.153.152 - - [19/Feb/2025:00:10:45 +0100] "GET /ticket2/opencms/en/sport/football-tickets/serie_a/torino/ HTTP/1.1" 200 93013
194.247.173.99 - - [19/Feb/2025:00:10:46 +0100] "GET /ticket2/opencms/en/buy/?page=1&edid=708135B7-2865-EC75-9F9F-ABBDF40E8A70&sortorder=desc&column=section HTTP/1.1" 200 111029
157.90.209.79 - - [19/Feb/2025:00:10:48 +0100] "GET /ticket2/opencms/fr/magazine/article?title=petas-kylian-mbappe HTTP/1.1" 200 93238
54.36.148.156 - - [19/Feb/2025:00:10:50 +0100] "GET /ticket2/opencms/lt/sport/futbolo-bilietai/premier-league/ HTTP/1.1" 200 103143
194.247.173.99 - - [19/Feb/2025:00:10:50 +0100] "GET /ticket2/opencms/en/buy/?page=1&edid=71026AAF-622C-063D-34B3-C1AF36D7ED87&sortorder=asc&column=price HTTP/1.1" 200 110897
194.247.173.99 - - [19/Feb/2025:00:10:54 +0100] "GET /ticket2/opencms/en/buy/?page=1&edid=71026AAF-622C-063D-34B3-C1AF36D7ED87&sortorder=asc&column=section HTTP/1.1" 200 111059
173.252.107.1 - - [19/Feb/2025:00:10:55 +0100] "GET /ticket2/opencms/de/buy?page=1&edid=0B7E5CA2-F588-894B-B701-64E6B9532C54 HTTP/1.1" 200 127223
194.247.173.99 - - [19/Feb/2025:00:10:59 +0100] "GET /ticket2/opencms/en/buy/?page=1&edid=71026AAF-622C-063D-34B3-C1AF36D7ED87&sortorder=desc&column=section HTTP/1.1" 200 111072
157.90.209.79 - - [19/Feb/2025:00:11:02 +0100] "GET /ticket2/opencms/fr/magazine/article?title=rodrigo-bentancur-suspendu-pour-sept-matchs-apres-une-declaration-raciste HTTP/1.1" 200 94495
52.167.144.173 - - [19/Feb/2025:00:11:03 +0100] "GET /ticket2/opencms/hr/magazine/article?title=prelazak-u-meksicke-rayadose HTTP/1.1" 200 94587
194.247.173.99 - - [19/Feb/2025:00:11:03 +0100] "GET /ticket2/opencms/en/buy/?page=1&edid=71F61C60-1B72-E1B9-AF4A-A83A1072B2A6&sortorder=asc&column=row HTTP/1.1" 200 109748
54.36.149.15 - - [19/Feb/2025:00:11:06 +0100] "GET /ticket2/opencms/cs HTTP/1.1" 200 107663
194.247.173.99 - - [19/Feb/2025:00:11:08 +0100] "GET /ticket2/opencms/en/buy/?page=1&edid=71F61C60-1B72-E1B9-AF4A-A83A1072B2A6&sortorder=asc&column=section HTTP/1.1" 200 109807
185.191.171.16 - - [19/Feb/2025:00:11:08 +0100] "GET /ticket2/opencms/mt/login/?url=%25252Fmt%25252Fsell%25252F HTTP/1.1" 200 91855
52.167.144.186 - - [19/Feb/2025:00:11:09 +0100] "GET /ticket2/opencms/bs/magazine/article?title=prelazak-u-meksicke-rayadose HTTP/1.1" 200 94643
157.90.209.79 - - [19/Feb/2025:00:11:10 +0100] "GET /ticket2/opencms/fr/magazine/article?title=ruben-amorim-est-devenu-le-nouvel-entraineur-de-manchester-united HTTP/1.1" 200 93909
194.247.173.99 - - [19/Feb/2025:00:11:12 +0100] "GET /ticket2/opencms/en/buy/?page=1&edid=7289F2D1-8B79-467B-FDCD-62F6982659A6&sortorder=asc&column=section HTTP/1.1" 200 111277
185.191.171.15 - - [19/Feb/2025:00:11:12 +0100] "GET /ticket2/opencms/sl/magazine/article?title=rodrigo-bentancur-suspendiran-za-sedem-tekem-zaradi-rasisticne-izjave HTTP/1.1" 200 93864
194.247.173.99 - - [19/Feb/2025:00:11:16 +0100] "GET /ticket2/opencms/en/buy/?page=1&edid=72CCC969-75DC-08D7-0ED6-A15B0DA3DD38&sortorder=asc&column=price HTTP/1.1" 200 109991
40.77.167.8 - - [19/Feb/2025:00:11:16 +0100] "GET /ticket2/opencms/en/buy?page=1&edid=953A294D-6567-BF40-A983-70777896E678 HTTP/1.1" 200 110176
157.90.209.79 - - [19/Feb/2025:00:11:17 +0100] "GET /ticket2/opencms/fr/magazine/article?title=thomas-tuchel-devient-le-nouveau-selectionneur-de-langleterre HTTP/1.1" 200 93683
54.36.148.11 - - [19/Feb/2025:00:11:18 +0100] "GET /ticket2/opencms/dk/buy?page=1&edid=EF89CCE1-4D67-63A5-1697-6B7EBB76F5C8 HTTP/1.1" 200 113247
202.8.40.95 - - [19/Feb/2025:00:11:19 +0100] "GET /ticket2/opencms/system/modules/com.gridnine.opencms.ticketbrokerage.site/resources/css/calendar.css HTTP/1.1" 200 6871
202.8.40.95 - - [19/Feb/2025:00:11:19 +0100] "GET /ticket2/opencms/system/modules/com.gridnine.opencms.ticketbrokerage.site/resources/css/jquery-ui.css HTTP/1.1" 200 33221
202.8.40.95 - - [19/Feb/2025:00:11:19 +0100] "GET /ticket2/opencms/system/modules/com.gridnine.opencms.ticketbrokerage.site/resources/css/jquery.fancybox.css HTTP/1.1" 200 4939
202.8.40.95 - - [19/Feb/2025:00:11:19 +0100] "GET /ticket2/opencms/system/modules/com.gridnine.opencms.ticketbrokerage.site/resources/css/standard.css HTTP/1.1" 200 73904
202.8.40.95 - - [19/Feb/2025:00:11:19 +0100] "GET /ticket2/opencms/system/modules/com.gridnine.opencms.ticketbrokerage.site/resources/css/ticketbrokerage.css HTTP/1.1" 200 39339
202.8.40.95 - - [19/Feb/2025:00:11:19 +0100] "GET /ticket2/opencms/system/modules/com.gridnine.opencms.ticketbrokerage.site/resources/js/jquery/jquery.js HTTP/1.1" 200 93868
202.8.40.95 - - [19/Feb/2025:00:11:20 +0100] "GET /ticket2/opencms/system/modules/com.gridnine.opencms.ticketbrokerage.site/resources/js/functions.js HTTP/1.1" 200 1583
202.8.40.95 - - [19/Feb/2025:00:11:20 +0100] "GET /ticket2/opencms/system/modules/com.gridnine.opencms.ticketbrokerage.site/resources/js/jquery/jquery-ui.js HTTP/1.1" 200 228088
202.8.40.95 - - [19/Feb/2025:00:11:20 +0100] "GET /ticket2/opencms/system/modules/com.gridnine.opencms.ticketbrokerage.site/resources/js/calendar.js HTTP/1.1" 200 49229
202.8.40.95 - - [19/Feb/2025:00:11:20 +0100] "GET /ticket2/opencms/system/modules/com.gridnine.opencms.ticketbrokerage.site/resources/js/calendar-en.js HTTP/1.1" 200 3338
202.8.40.95 - - [19/Feb/2025:00:11:20 +0100] "GET /ticket2/opencms/system/modules/com.gridnine.opencms.ticketbrokerage.site/resources/js/calendar-setup.js HTTP/1.1" 200 4923
202.8.40.95 - - [19/Feb/2025:00:11:20 +0100] "GET /ticket2/opencms/system/modules/com.gridnine.opencms.ticketbrokerage.site/resources/js/jquery.fancybox.pack.js HTTP/1.1" 200 23187
202.8.40.95 - - [19/Feb/2025:00:11:20 +0100] "GET /ticket2/opencms/system/modules/com.gridnine.opencms.ticketbrokerage.site/resources/js/stickyfill.min.js HTTP/1.1" 200 5672
202.8.40.95 - - [19/Feb/2025:00:11:20 +0100] "GET /ticket2/opencms/system/modules/com.gridnine.opencms.ticketbrokerage.site/resources/js/standard.js HTTP/1.1" 200 3983
202.8.40.95 - - [19/Feb/2025:00:11:20 +0100] "GET /ticket2/opencms/system/modules/com.gridnine.opencms.ticketbrokerage.site/resources/js/jquery.placeholder.min.js HTTP/1.1" 200 1737
202.8.40.95 - - [19/Feb/2025:00:11:20 +0100] "GET /ticket2/opencms/system/modules/com.gridnine.opencms.ticketbrokerage.site/resources/js/common-ajax.js HTTP/1.1" 200 20175
202.8.40.95 - - [19/Feb/2025:00:11:20 +0100] "GET /ticket2/opencms/dk/ask-form.html HTTP/1.1" 200 2971
202.8.40.95 - - [19/Feb/2025:00:11:20 +0100] "GET /ticket2/opencms/system/modules/com.gridnine.opencms.ticketbrokerage.site/resources/css/ticketbrokerage.css HTTP/1.1" 200 39339
194.247.173.99 - - [19/Feb/2025:00:11:20 +0100] "GET /ticket2/opencms/en/buy/?page=1&edid=75E717A6-CA77-1376-528F-F251ACBD0624&sortorder=asc&column=row HTTP/1.1" 200 110899
40.77.167.36 - - [19/Feb/2025:00:11:22 +0100] "GET /ticket2/opencms/fi/magazine/article?title=declan-rice HTTP/1.1" 200 93549
157.90.209.79 - - [19/Feb/2025:00:11:23 +0100] "GET /ticket2/opencms/fr/magazine/article?title=un-match-impressionnant-ou-le-suedois-kulusevski-continue-de-briller HTTP/1.1" 200 94878
207.46.13.6 - - [19/Feb/2025:00:11:25 +0100] "GET /ticket2/opencms/en/buy/?page=1&edid=2AC421C6-0DD9-73DD-0C29-416B5CC98DFF HTTP/1.1" 200 109787
194.247.173.99 - - [19/Feb/2025:00:11:25 +0100] "GET /ticket2/opencms/en/buy/?page=1&edid=75E717A6-CA77-1376-528F-F251ACBD0624&sortorder=asc&column=section HTTP/1.1" 200 110987
85.208.96.193 - - [19/Feb/2025:00:11:26 +0100] "GET /ticket2/opencms/uk/magazine/article?title=em-stars-who-are-googled-the-most-and-biggest-on-instagram HTTP/1.1" 200 99525
194.247.173.99 - - [19/Feb/2025:00:11:29 +0100] "GET /ticket2/opencms/en/buy/?page=1&edid=75E717A6-CA77-1376-528F-F251ACBD0624&sortorder=desc&column=row HTTP/1.1" 200 110813
85.208.96.200 - - [19/Feb/2025:00:11:30 +0100] "GET /ticket2/opencms/ga/magazine/article?title=chelsea-na-tottenham-2-0 HTTP/1.1" 200 94595
157.90.209.79 - - [19/Feb/2025:00:11:31 +0100] "GET /ticket2/opencms/fr/sport HTTP/1.1" 200 93341
114.119.153.152 - - [19/Feb/2025:00:11:31 +0100] "GET /ticket2/opencms/lt/buy?page=1&edid=074DE6AB-3EC7-31AB-C16A-2388E714E078 HTTP/1.1" 200 111999
54.36.149.10 - - [19/Feb/2025:00:11:32 +0100] "GET /ticket2/opencms/es/buy?page=1&edid=C5944089-4BA1-6638-58B6-EE4373B33715 HTTP/1.1" 200 111994
194.247.173.99 - - [19/Feb/2025:00:11:33 +0100] "GET /ticket2/opencms/en/buy/?page=1&edid=7BB5E33D-65F9-3F17-C9F1-1FD9D6CF7CB8&sortorder=asc&column=row HTTP/1.1" 200 109787
95.170.114.70 - - [19/Feb/2025:00:11:33 +0100] "GET / HTTP/1.1" 404 -
194.247.173.99 - - [19/Feb/2025:00:11:37 +0100] "GET /ticket2/opencms/en/buy/?page=1&edid=95CACFD9-29C2-1708-57C5-046FA498506B&sortorder=desc&column=price HTTP/1.1" 200 111397
111.119.206.241 - - [19/Feb/2025:00:11:39 +0100] "GET /ticket2/opencms/it/magazine/article?title=please-provide-the-text-you-would-like-to-have-translated-into-italian HTTP/1.1" 200 93573
194.247.173.99 - - [19/Feb/2025:00:11:42 +0100] "GET /ticket2/opencms/en/buy/?page=1&edid=95CACFD9-29C2-1708-57C5-046FA498506B&sortorder=desc&column=section HTTP/1.1" 200 111449
157.90.209.79 - - [19/Feb/2025:00:11:42 +0100] "GET /ticket2/opencms/fr/sport/billets-football HTTP/1.1" 200 94538
173.252.83.116 - - [19/Feb/2025:00:11:45 +0100] "GET /ticket2/opencms/en/buy?page=1&edid=FF0B58BB-4754-B119-52E9-C2F4B119009E HTTP/1.1" 200 110068
194.247.173.99 - - [19/Feb/2025:00:11:46 +0100] "GET /ticket2/opencms/en/buy/?page=1&edid=98951E9F-7C48-8DE1-92D6-9D2BD2FE9A27&sortorder=desc&column=price HTTP/1.1" 200 110533
185.191.171.18 - - [19/Feb/2025:00:11:49 +0100] "GET /ticket2/opencms/et/sport/jalgpallipiletid/serie-a/atalanta/ HTTP/1.1" 200 100224
54.36.148.246 - - [19/Feb/2025:00:11:49 +0100] "GET /ticket2/opencms/ro/buy?page=1&edid=312E2B30-1BE8-80F9-5587-64D580752ED3 HTTP/1.1" 200 118356
194.247.173.99 - - [19/Feb/2025:00:11:50 +0100] "GET /ticket2/opencms/en/buy/?page=1&edid=9A3C27A1-65FA-8A2A-3B31-16AE933E3C48&sortorder=asc&column=row HTTP/1.1" 200 110921
47.128.127.102 - - [19/Feb/2025:00:11:50 +0100] "GET /ticket2/opencms/ga/buy/?edid=2ACCB388-CC5F-1368-2FF5-1F1630B8D295 HTTP/1.1" 200 91751
40.77.167.36 - - [19/Feb/2025:00:11:51 +0100] "GET /ticket2/opencms/uk/magazine/article?title=we-are-the-worst-team-in-the-clubs-history HTTP/1.1" 200 93583
185.191.171.3 - - [19/Feb/2025:00:11:53 +0100] "GET /ticket2/opencms/hr/magazine/article?title=legenda-u-zestokoj-raspravi-s-navijacem HTTP/1.1" 200 94002
194.247.173.99 - - [19/Feb/2025:00:11:54 +0100] "GET /ticket2/opencms/en/buy/?page=1&edid=9A3C27A1-65FA-8A2A-3B31-16AE933E3C48&sortorder=desc&column=row HTTP/1.1" 200 110859
47.128.26.30 - - [19/Feb/2025:00:11:58 +0100] "GET /ticket2/opencms/lv/buy/?edid=5DBB4F23-1DC6-5854-92A3-8C0AF6152B4D HTTP/1.1" 200 91540
157.90.209.79 - - [19/Feb/2025:00:11:59 +0100] "GET /ticket2/opencms/fr/sport/billets-football/bundesliga HTTP/1.1" 200 101447
194.247.173.99 - - [19/Feb/2025:00:11:59 +0100] "GET /ticket2/opencms/en/buy/?page=1&edid=9AD4B11B-4601-F5E9-C96F-7BECC055632D&sortorder=asc&column=section HTTP/1.1" 200 111494
173.252.87.14 - - [19/Feb/2025:00:11:59 +0100] "GET /ticket2/opencms/en/venue/?venueid=52D842B3-7FB7-16D9-C928-E0FBBB2FAC8C HTTP/1.1" 200 85273
54.36.148.31 - - [19/Feb/2025:00:12:02 +0100] "GET /ticket2/opencms/sl/magazine/article?title=arsenal-fc-refleksija HTTP/1.1" 200 93443
194.247.173.99 - - [19/Feb/2025:00:12:03 +0100] "GET /ticket2/opencms/en/buy/?page=1&edid=AA06C000-DF2C-3B04-3B09-08C263AEBAB6 HTTP/1.1" 200 110056
194.247.173.99 - - [19/Feb/2025:00:12:07 +0100] "GET /ticket2/opencms/en/buy/?page=1&edid=B0FB7DA6-3842-5DC3-F94C-B4162BED870B&sortorder=asc&column=row HTTP/1.1" 200 110898
173.252.87.115 - - [19/Feb/2025:00:12:07 +0100] "GET /ticket2/opencms/en/buy/?page=1&edid=BAABB633-B2E8-EF46-E62A-5B4F0947927C HTTP/1.1" 200 110060
157.90.209.79 - - [19/Feb/2025:00:12:09 +0100] "GET /ticket2/opencms/fr/sport/billets-football/bundesliga/augsburg HTTP/1.1" 200 100816
194.247.173.99 - - [19/Feb/2025:00:12:12 +0100] "GET /ticket2/opencms/en/login/?edid=DC4F64BB-84C6-452C-2BFD-138DC45E79DD HTTP/1.1" 200 90091
194.247.173.99 - - [19/Feb/2025:00:12:17 +0100] "GET /ticket2/opencms/en/login/?edid=E8BA54CC-B112-3D61-BE02-1B4D1E4F63D1 HTTP/1.1" 200 90151
157.90.209.79 - - [19/Feb/2025:00:12:19 +0100] "GET /ticket2/opencms/fr/sport/billets-football/bundesliga/bayer-leverkusen HTTP/1.1" 200 100850
54.36.148.30 - - [19/Feb/2025:00:12:19 +0100] "GET /ticket2/opencms/ka/sport/pekhburti-biletebi/premier-league/tottenham HTTP/1.1" 200 95144
202.8.43.133 - - [19/Feb/2025:00:12:20 +0100] "GET /ticket2/opencms/system/modules/com.gridnine.opencms.ticketbrokerage.site/resources/css/ticketbrokerage.css HTTP/1.1" 200 39339
202.8.43.133 - - [19/Feb/2025:00:12:20 +0100] "GET /ticket2/opencms/system/modules/com.gridnine.opencms.ticketbrokerage.site/resources/css/jquery-ui.css HTTP/1.1" 200 33221
202.8.43.133 - - [19/Feb/2025:00:12:20 +0100] "GET /ticket2/opencms/system/modules/com.gridnine.opencms.ticketbrokerage.site/resources/css/calendar.css HTTP/1.1" 200 6871
202.8.43.133 - - [19/Feb/2025:00:12:20 +0100] "GET /ticket2/opencms/system/modules/com.gridnine.opencms.ticketbrokerage.site/resources/js/jquery/jquery.js HTTP/1.1" 200 93868
202.8.43.133 - - [19/Feb/2025:00:12:20 +0100] "GET /ticket2/opencms/system/modules/com.gridnine.opencms.ticketbrokerage.site/resources/css/standard.css HTTP/1.1" 200 73904
202.8.43.133 - - [19/Feb/2025:00:12:20 +0100] "GET /ticket2/opencms/system/modules/com.gridnine.opencms.ticketbrokerage.site/resources/js/jquery/jquery-ui.js HTTP/1.1" 200 228088
202.8.43.133 - - [19/Feb/2025:00:12:20 +0100] "GET /ticket2/opencms/system/modules/com.gridnine.opencms.ticketbrokerage.site/resources/js/functions.js HTTP/1.1" 200 1583
202.8.43.133 - - [19/Feb/2025:00:12:20 +0100] "GET /ticket2/opencms/system/modules/com.gridnine.opencms.ticketbrokerage.site/resources/js/jquery.fancybox.pack.js HTTP/1.1" 200 23187
202.8.43.133 - - [19/Feb/2025:00:12:20 +0100] "GET /ticket2/opencms/system/modules/com.gridnine.opencms.ticketbrokerage.site/resources/js/calendar.js HTTP/1.1" 200 49229
202.8.43.133 - - [19/Feb/2025:00:12:20 +0100] "GET /ticket2/opencms/system/modules/com.gridnine.opencms.ticketbrokerage.site/resources/js/calendar-en.js HTTP/1.1" 200 3338
202.8.43.133 - - [19/Feb/2025:00:12:20 +0100] "GET /ticket2/opencms/system/modules/com.gridnine.opencms.ticketbrokerage.site/resources/js/calendar-setup.js HTTP/1.1" 200 4923
202.8.43.133 - - [19/Feb/2025:00:12:20 +0100] "GET /ticket2/opencms/system/modules/com.gridnine.opencms.ticketbrokerage.site/resources/js/standard.js HTTP/1.1" 200 3983
202.8.43.133 - - [19/Feb/2025:00:12:20 +0100] "GET /ticket2/opencms/system/modules/com.gridnine.opencms.ticketbrokerage.site/resources/js/common-ajax.js HTTP/1.1" 200 20175
194.247.173.99 - - [19/Feb/2025:00:12:21 +0100] "GET /ticket2/opencms/en/login/?edid=002D3FD4-C240-E703-E5D8-C2C49CF7FC33 HTTP/1.1" 200 90081
54.36.148.226 - - [19/Feb/2025:00:12:23 +0100] "GET /ticket2/opencms/en/venue/?venueid=E4A26DC2-259C-956F-C1B9-047939CC2CD2 HTTP/1.1" 200 85297
194.247.173.99 - - [19/Feb/2025:00:12:25 +0100] "GET /ticket2/opencms/en/login/?edid=00B7DD8C-5204-F9EA-8D0C-358A3F2B0AEE HTTP/1.1" 200 90100
157.90.209.79 - - [19/Feb/2025:00:12:26 +0100] "GET /ticket2/opencms/fr/sport/billets-football/bundesliga/bayern-munchen HTTP/1.1" 200 100948
205.210.31.109 - - [19/Feb/2025:00:12:28 +0100] "GET / HTTP/1.1" 404 -
194.247.173.99 - - [19/Feb/2025:00:12:29 +0100] "GET /ticket2/opencms/en/login/?edid=061E5EA1-AE6B-EC9F-2F97-FA0E9464F54B HTTP/1.1" 200 90232
185.191.171.14 - - [19/Feb/2025:00:12:31 +0100] "GET /ticket2/opencms/uk/magazine/article?title=pro-stadion-tottengem-gotspur HTTP/1.1" 200 99422
54.36.148.44 - - [19/Feb/2025:00:12:31 +0100] "GET /ticket2/opencms/sv/sport/fotbollsbiljetter/premier_league/liverpool HTTP/1.1" 200 101396
202.8.41.126 - - [19/Feb/2025:00:12:32 +0100] "GET /ticket2/opencms/system/modules/com.gridnine.opencms.ticketbrokerage.site/resources/css/calendar.css HTTP/1.1" 200 6871
202.8.41.126 - - [19/Feb/2025:00:12:32 +0100] "GET /ticket2/opencms/system/modules/com.gridnine.opencms.ticketbrokerage.site/resources/css/jquery.fancybox.css HTTP/1.1" 200 4939
202.8.41.126 - - [19/Feb/2025:00:12:32 +0100] "GET /ticket2/opencms/system/modules/com.gridnine.opencms.ticketbrokerage.site/resources/css/jquery-ui.css HTTP/1.1" 200 33221
202.8.41.126 - - [19/Feb/2025:00:12:32 +0100] "GET /ticket2/opencms/system/modules/com.gridnine.opencms.ticketbrokerage.site/resources/css/ticketbrokerage.css HTTP/1.1" 200 39339
202.8.41.126 - - [19/Feb/2025:00:12:32 +0100] "GET /ticket2/opencms/system/modules/com.gridnine.opencms.ticketbrokerage.site/resources/css/standard.css HTTP/1.1" 200 73904
202.8.41.126 - - [19/Feb/2025:00:12:32 +0100] "GET /ticket2/opencms/system/modules/com.gridnine.opencms.ticketbrokerage.site/resources/js/jquery/jquery.js HTTP/1.1" 200 93868
202.8.41.126 - - [19/Feb/2025:00:12:33 +0100] "GET /ticket2/opencms/system/modules/com.gridnine.opencms.ticketbrokerage.site/resources/js/functions.js HTTP/1.1" 200 1583
202.8.41.126 - - [19/Feb/2025:00:12:33 +0100] "GET /ticket2/opencms/system/modules/com.gridnine.opencms.ticketbrokerage.site/resources/js/jquery/jquery-ui.js HTTP/1.1" 200 228088
202.8.41.126 - - [19/Feb/2025:00:12:33 +0100] "GET /ticket2/opencms/system/modules/com.gridnine.opencms.ticketbrokerage.site/resources/js/calendar.js HTTP/1.1" 200 49229
202.8.41.126 - - [19/Feb/2025:00:12:33 +0100] "GET /ticket2/opencms/system/modules/com.gridnine.opencms.ticketbrokerage.site/resources/js/calendar-en.js HTTP/1.1" 200 3338
202.8.41.126 - - [19/Feb/2025:00:12:33 +0100] "GET /ticket2/opencms/system/modules/com.gridnine.opencms.ticketbrokerage.site/resources/js/calendar-setup.js HTTP/1.1" 200 4923
202.8.41.126 - - [19/Feb/2025:00:12:33 +0100] "GET /ticket2/opencms/system/modules/com.gridnine.opencms.ticketbrokerage.site/resources/js/jquery.fancybox.pack.js HTTP/1.1" 200 23187
202.8.41.126 - - [19/Feb/2025:00:12:33 +0100] "GET /ticket2/opencms/system/modules/com.gridnine.opencms.ticketbrokerage.site/resources/js/stickyfill.min.js HTTP/1.1" 200 5672
202.8.41.126 - - [19/Feb/2025:00:12:33 +0100] "GET /ticket2/opencms/system/modules/com.gridnine.opencms.ticketbrokerage.site/resources/js/standard.js HTTP/1.1" 200 3983
202.8.41.126 - - [19/Feb/2025:00:12:33 +0100] "GET /ticket2/opencms/system/modules/com.gridnine.opencms.ticketbrokerage.site/resources/js/jquery.placeholder.min.js HTTP/1.1" 200 1737
202.8.41.126 - - [19/Feb/2025:00:12:33 +0100] "GET /ticket2/opencms/system/modules/com.gridnine.opencms.ticketbrokerage.site/resources/js/common-ajax.js HTTP/1.1" 200 20175
194.247.173.99 - - [19/Feb/2025:00:12:34 +0100] "GET /ticket2/opencms/en/login/?edid=06EAB243-46C0-65AE-FF61-8C7D584748E6 HTTP/1.1" 200 90070
157.90.209.79 - - [19/Feb/2025:00:12:35 +0100] "GET /ticket2/opencms/fr/sport/billets-football/bundesliga/bochum HTTP/1.1" 200 96323
194.247.173.99 - - [19/Feb/2025:00:12:38 +0100] "GET /ticket2/opencms/en/login/?edid=1225FE11-2668-52FD-3819-4A1F490A9FFE HTTP/1.1" 200 90126
185.191.171.12 - - [19/Feb/2025:00:12:39 +0100] "GET /ticket2/opencms/ga/buy/football-tickets/facup HTTP/1.1" 404 -
194.247.173.99 - - [19/Feb/2025:00:12:42 +0100] "GET /ticket2/opencms/en/login/?edid=271A438D-A4BA-64C1-3CAA-7AA8B8DABB44 HTTP/1.1" 200 90168
40.77.167.32 - - [19/Feb/2025:00:12:43 +0100] "GET /ticket2/opencms/mt/buy/?comcatid=A17713B6-D984-201A-4143-ED4DB5ED5C2E HTTP/1.1" 200 260421
157.90.209.79 - - [19/Feb/2025:00:12:45 +0100] "GET /ticket2/opencms/fr/sport/billets-football/bundesliga/borussia-dortmund HTTP/1.1" 200 101088
54.36.148.230 - - [19/Feb/2025:00:12:45 +0100] "GET /ticket2/opencms/bg/za-nas HTTP/1.1" 200 91347
202.8.43.106 - - [19/Feb/2025:00:12:46 +0100] "GET /ticket2/opencms/system/modules/com.gridnine.opencms.ticketbrokerage.site/resources/css/ticketbrokerage.css HTTP/1.1" 200 39339
202.8.43.106 - - [19/Feb/2025:00:12:46 +0100] "GET /ticket2/opencms/system/modules/com.gridnine.opencms.ticketbrokerage.site/resources/css/calendar.css HTTP/1.1" 200 6871
202.8.43.106 - - [19/Feb/2025:00:12:46 +0100] "GET /ticket2/opencms/system/modules/com.gridnine.opencms.ticketbrokerage.site/resources/css/standard.css HTTP/1.1" 200 73904
202.8.43.106 - - [19/Feb/2025:00:12:46 +0100] "GET /ticket2/opencms/system/modules/com.gridnine.opencms.ticketbrokerage.site/resources/css/jquery-ui.css HTTP/1.1" 200 33221
202.8.43.106 - - [19/Feb/2025:00:12:46 +0100] "GET /ticket2/opencms/system/modules/com.gridnine.opencms.ticketbrokerage.site/resources/css/jquery.fancybox.css HTTP/1.1" 200 4939
202.8.43.106 - - [19/Feb/2025:00:12:46 +0100] "GET /ticket2/opencms/system/modules/com.gridnine.opencms.ticketbrokerage.site/resources/js/jquery/jquery.js HTTP/1.1" 200 93868
194.247.173.99 - - [19/Feb/2025:00:12:46 +0100] "GET /ticket2/opencms/en/login/?edid=2FD314DB-D16F-8C23-B2AF-B3343415D5C2 HTTP/1.1" 200 90060
202.8.43.106 - - [19/Feb/2025:00:12:46 +0100] "GET /ticket2/opencms/system/modules/com.gridnine.opencms.ticketbrokerage.site/resources/js/jquery/jquery-ui.js HTTP/1.1" 200 228088
202.8.43.106 - - [19/Feb/2025:00:12:46 +0100] "GET /ticket2/opencms/system/modules/com.gridnine.opencms.ticketbrokerage.site/resources/js/functions.js HTTP/1.1" 200 1583
202.8.43.106 - - [19/Feb/2025:00:12:46 +0100] "GET /ticket2/opencms/system/modules/com.gridnine.opencms.ticketbrokerage.site/resources/js/calendar-setup.js HTTP/1.1" 200 4923
202.8.43.106 - - [19/Feb/2025:00:12:46 +0100] "GET /ticket2/opencms/system/modules/com.gridnine.opencms.ticketbrokerage.site/resources/js/calendar-en.js HTTP/1.1" 200 3338
202.8.43.106 - - [19/Feb/2025:00:12:46 +0100] "GET /ticket2/opencms/system/modules/com.gridnine.opencms.ticketbrokerage.site/resources/js/calendar.js HTTP/1.1" 200 49229
202.8.43.106 - - [19/Feb/2025:00:12:46 +0100] "GET /ticket2/opencms/system/modules/com.gridnine.opencms.ticketbrokerage.site/resources/js/jquery.fancybox.pack.js HTTP/1.1" 200 23187
202.8.43.106 - - [19/Feb/2025:00:12:46 +0100] "GET /ticket2/opencms/system/modules/com.gridnine.opencms.ticketbrokerage.site/resources/js/stickyfill.min.js HTTP/1.1" 200 5672
202.8.43.106 - - [19/Feb/2025:00:12:46 +0100] "GET /ticket2/opencms/system/modules/com.gridnine.opencms.ticketbrokerage.site/resources/js/standard.js HTTP/1.1" 200 3983
202.8.43.106 - - [19/Feb/2025:00:12:46 +0100] "GET /ticket2/opencms/system/modules/com.gridnine.opencms.ticketbrokerage.site/resources/js/jquery.placeholder.min.js HTTP/1.1" 200 1737
202.8.43.106 - - [19/Feb/2025:00:12:47 +0100] "GET /ticket2/opencms/system/modules/com.gridnine.opencms.ticketbrokerage.site/resources/js/common-ajax.js HTTP/1.1" 200 20175
85.208.96.194 - - [19/Feb/2025:00:12:49 +0100] "GET /ticket2/opencms/el/magazine/article?title=analysh-poso-exoyn-ay3h8ei-oi-times-twn-eisithriwn-ths-premier-league-h-liverpool-kai-h-arsenal-einai-oi-pio-akribes HTTP/1.1" 200 101353
