54.38.85.36 - - [19/Feb/2025:01:09:23 +0100] "GET /ticket2/opencms/en/buy/?page=1&edid=5459DFBC-646C-41FF-1074-09BB4A0C01AB&sortorder=asc&column=row HTTP/1.1" 200 110195
66.249.79.34 - - [19/Feb/2025:01:09:23 +0100] "GET /ticket2/opencms/system/modules/com.gridnine.opencms.ticketbrokerage.site/resources/js/jquery/jquery-ui.js HTTP/1.1" 200 228088
47.128.20.51 - - [19/Feb/2025:01:09:24 +0100] "GET /ticket2/opencms/tr/faq HTTP/1.1" 200 90808
54.36.148.254 - - [19/Feb/2025:01:09:26 +0100] "GET /ticket2/opencms/es/buy?page=1&edid=BD719054-11F0-C21F-E1D7-4BD8F12BE51A HTTP/1.1" 200 118515
95.217.195.123 - - [19/Feb/2025:01:09:26 +0100] "GET /ticket2/opencms/en/login/?edid=55B71E74-70BF-BDCB-5C46-16288AA0B61A HTTP/1.1" 200 90072
54.38.85.36 - - [19/Feb/2025:01:09:26 +0100] "GET /ticket2/opencms/en/buy/?page=1&edid=54FC36CF-650E-0DD5-1BB3-E49EF32EDF7E&sortorder=asc&column=row HTTP/1.1" 200 111050
66.249.76.132 - - [19/Feb/2025:01:09:27 +0100] "GET /ticket2/opencms/et/ask-form.html HTTP/1.1" 200 3156
157.90.209.79 - - [19/Feb/2025:01:09:28 +0100] "GET /ticket2/opencms/hr/sport/nogometne-ulaznice/english-championship/queens-park-rangers HTTP/1.1" 200 101474
52.167.144.22 - - [19/Feb/2025:01:09:29 +0100] "GET /ticket2/opencms/cs/buy/?page=1&edid=17260F4F-A849-5FCD-F08C-3E4A05EF4080 HTTP/1.1" 200 108609
54.38.85.36 - - [19/Feb/2025:01:09:30 +0100] "GET /ticket2/opencms/en/buy/?page=1&edid=54FC36CF-650E-0DD5-1BB3-E49EF32EDF7E&sortorder=asc&column=section HTTP/1.1" 200 111234
95.217.195.123 - - [19/Feb/2025:01:09:32 +0100] "GET /ticket2/opencms/en/login/?edid=5C16EE04-AE84-D909-F824-CB631377EBFA HTTP/1.1" 200 90136
54.38.85.36 - - [19/Feb/2025:01:09:34 +0100] "GET /ticket2/opencms/en/buy/?page=1&edid=55665BB1-2F3D-DED5-E2AC-E89B6A948AE6&sortorder=asc&column=price HTTP/1.1" 200 110738
95.217.195.123 - - [19/Feb/2025:01:09:38 +0100] "GET /ticket2/opencms/en/login/?edid=5CB5FE80-D6A2-EABB-565B-174233253B32 HTTP/1.1" 200 90141
54.38.85.36 - - [19/Feb/2025:01:09:38 +0100] "GET /ticket2/opencms/en/buy/?page=1&edid=55665BB1-2F3D-DED5-E2AC-E89B6A948AE6&sortorder=asc&column=row HTTP/1.1" 200 110642
47.128.28.142 - - [19/Feb/2025:01:09:38 +0100] "GET /ticket2/opencms/fi/venue/?venueid=F8078854-6367-8924-C9B6-285A2F3B6E0C HTTP/1.1" 200 86806
157.90.209.79 - - [19/Feb/2025:01:09:41 +0100] "GET /ticket2/opencms/hr/sport/nogometne-ulaznice/english-championship/rotherham-united HTTP/1.1" 404 -
54.38.85.36 - - [19/Feb/2025:01:09:42 +0100] "GET /ticket2/opencms/en/buy/?page=1&edid=55665BB1-2F3D-DED5-E2AC-E89B6A948AE6&sortorder=asc&column=section HTTP/1.1" 200 110775
54.36.148.53 - - [19/Feb/2025:01:09:43 +0100] "GET /ticket2/opencms/ga/sport/ticeid-peile/serie-a/juventus/ HTTP/1.1" 200 100346
95.217.195.123 - - [19/Feb/2025:01:09:45 +0100] "GET /ticket2/opencms/en/login/?edid=5CFB923C-B67F-7261-E452-C909EF70E315 HTTP/1.1" 200 90170
54.38.85.36 - - [19/Feb/2025:01:09:45 +0100] "GET /ticket2/opencms/en/buy/?page=1&edid=5D1E6341-9E15-1B70-94F1-6D5375385314 HTTP/1.1" 200 110062
54.38.85.36 - - [19/Feb/2025:01:09:49 +0100] "GET /ticket2/opencms/en/buy/?page=1&edid=66C24011-32A3-EE83-DB81-98818915F278 HTTP/1.1" 200 109784
47.128.54.67 - - [19/Feb/2025:01:09:51 +0100] "GET /ticket2/opencms/sv/buy/?edid=207C2646-D7DC-44FF-090D-40B991F2D67E HTTP/1.1" 200 91196
95.217.195.123 - - [19/Feb/2025:01:09:51 +0100] "GET /ticket2/opencms/en/login/?edid=5D90F1BB-FDA0-E705-6448-4D677B2D6B3E HTTP/1.1" 200 90081
157.90.209.79 - - [19/Feb/2025:01:09:53 +0100] "GET /ticket2/opencms/hr/sport/nogometne-ulaznice/english-championship/sheffield-wednesday HTTP/1.1" 200 101481
54.36.149.23 - - [19/Feb/2025:01:09:53 +0100] "GET /ticket2/opencms/en/venue/?venueid=67A06CF6-50B1-39D9-CC81-9C78D966E53A HTTP/1.1" 200 85279
54.38.85.36 - - [19/Feb/2025:01:09:53 +0100] "GET /ticket2/opencms/en/buy/?page=1&edid=674F234C-D4CA-999E-97DA-0BB9782A36CC HTTP/1.1" 200 106871
54.36.148.108 - - [19/Feb/2025:01:09:54 +0100] "GET /ticket2/opencms/es/buy?page=1&edid=5EDAD7EF-4482-E566-628C-36CFA67969B0 HTTP/1.1" 200 90367
202.8.41.9 - - [19/Feb/2025:01:09:55 +0100] "GET /ticket2/opencms/system/modules/com.gridnine.opencms.ticketbrokerage.site/resources/css/ticketbrokerage.css HTTP/1.1" 200 39339
202.8.41.9 - - [19/Feb/2025:01:09:55 +0100] "GET /ticket2/opencms/system/modules/com.gridnine.opencms.ticketbrokerage.site/resources/css/jquery-ui.css HTTP/1.1" 200 33221
202.8.41.9 - - [19/Feb/2025:01:09:55 +0100] "GET /ticket2/opencms/system/modules/com.gridnine.opencms.ticketbrokerage.site/resources/css/calendar.css HTTP/1.1" 200 6871
202.8.41.9 - - [19/Feb/2025:01:09:55 +0100] "GET /ticket2/opencms/system/modules/com.gridnine.opencms.ticketbrokerage.site/resources/css/standard.css HTTP/1.1" 200 73904
202.8.41.9 - - [19/Feb/2025:01:09:55 +0100] "GET /ticket2/opencms/system/modules/com.gridnine.opencms.ticketbrokerage.site/resources/css/jquery.fancybox.css HTTP/1.1" 200 4939
202.8.41.9 - - [19/Feb/2025:01:09:55 +0100] "GET /ticket2/opencms/system/modules/com.gridnine.opencms.ticketbrokerage.site/resources/js/functions.js HTTP/1.1" 200 1583
202.8.41.9 - - [19/Feb/2025:01:09:55 +0100] "GET /ticket2/opencms/system/modules/com.gridnine.opencms.ticketbrokerage.site/resources/js/jquery/jquery-ui.js HTTP/1.1" 200 228088
202.8.41.9 - - [19/Feb/2025:01:09:55 +0100] "GET /ticket2/opencms/system/modules/com.gridnine.opencms.ticketbrokerage.site/resources/js/jquery/jquery.js HTTP/1.1" 200 93868
202.8.41.9 - - [19/Feb/2025:01:09:55 +0100] "GET /ticket2/opencms/system/modules/com.gridnine.opencms.ticketbrokerage.site/resources/js/calendar.js HTTP/1.1" 200 49229
202.8.41.9 - - [19/Feb/2025:01:09:55 +0100] "GET /ticket2/opencms/system/modules/com.gridnine.opencms.ticketbrokerage.site/resources/js/calendar-en.js HTTP/1.1" 200 3338
202.8.41.9 - - [19/Feb/2025:01:09:55 +0100] "GET /ticket2/opencms/system/modules/com.gridnine.opencms.ticketbrokerage.site/resources/js/calendar-setup.js HTTP/1.1" 200 4923
202.8.41.9 - - [19/Feb/2025:01:09:55 +0100] "GET /ticket2/opencms/system/modules/com.gridnine.opencms.ticketbrokerage.site/resources/js/jquery.fancybox.pack.js HTTP/1.1" 200 23187
202.8.41.9 - - [19/Feb/2025:01:09:55 +0100] "GET /ticket2/opencms/system/modules/com.gridnine.opencms.ticketbrokerage.site/resources/js/stickyfill.min.js HTTP/1.1" 200 5672
114.119.140.111 - - [19/Feb/2025:01:09:55 +0100] "GET /ticket2/opencms/en/venue/?venueid=0FC1A902-9E71-552B-9E2E-B21A32C7F177 HTTP/1.1" 200 85373
202.8.41.9 - - [19/Feb/2025:01:09:55 +0100] "GET /ticket2/opencms/system/modules/com.gridnine.opencms.ticketbrokerage.site/resources/js/standard.js HTTP/1.1" 200 3983
202.8.41.9 - - [19/Feb/2025:01:09:56 +0100] "GET /ticket2/opencms/system/modules/com.gridnine.opencms.ticketbrokerage.site/resources/js/jquery.placeholder.min.js HTTP/1.1" 200 1737
202.8.41.9 - - [19/Feb/2025:01:09:56 +0100] "GET /ticket2/opencms/system/modules/com.gridnine.opencms.ticketbrokerage.site/resources/js/common-ajax.js HTTP/1.1" 200 20175
54.38.85.36 - - [19/Feb/2025:01:09:57 +0100] "GET /ticket2/opencms/en/buy/?page=1&edid=68B3EC6D-B3A7-A420-1EC7-14830BCFA78A&sortorder=desc&column=section HTTP/1.1" 200 111553
95.217.195.123 - - [19/Feb/2025:01:09:57 +0100] "GET /ticket2/opencms/en/login/?edid=5FDB0F24-0C6F-483A-29C3-00DD28FFC972 HTTP/1.1" 200 90109
114.119.130.91 - - [19/Feb/2025:01:09:59 +0100] "GET /ticket2/opencms/en/venue/?venueid=03F51804-8CDE-802D-E000-0AE79CB6ED35 HTTP/1.1" 200 85282
54.38.85.36 - - [19/Feb/2025:01:10:00 +0100] "GET /ticket2/opencms/en/buy/?page=1&edid=6A0E76D9-4BC0-1E27-1E24-CADAE4F2D5B8&sortorder=asc&column=price HTTP/1.1" 200 110080
85.208.96.196 - - [19/Feb/2025:01:10:02 +0100] "GET /ticket2/opencms/cs/sport/fotbalove-listky/eredivisie HTTP/1.1" 500 -
157.90.209.79 - - [19/Feb/2025:01:10:02 +0100] "GET /ticket2/opencms/hr/sport/nogometne-ulaznice/english-championship/southampton HTTP/1.1" 200 94688
95.217.195.123 - - [19/Feb/2025:01:10:03 +0100] "GET /ticket2/opencms/en/login/?edid=6018B583-E8C8-6E96-F165-DFDD897381E6 HTTP/1.1" 200 90126
54.38.85.36 - - [19/Feb/2025:01:10:04 +0100] "GET /ticket2/opencms/en/buy/?page=1&edid=6A0E76D9-4BC0-1E27-1E24-CADAE4F2D5B8&sortorder=asc&column=section HTTP/1.1" 200 110058
54.38.85.36 - - [19/Feb/2025:01:10:08 +0100] "GET /ticket2/opencms/en/buy/?page=1&edid=6A452FCB-E86D-3985-3F4E-F9948D3BEE08 HTTP/1.1" 200 106783
54.36.149.42 - - [19/Feb/2025:01:10:08 +0100] "GET /ticket2/opencms/et/buy/?page=1&edid=079D9B9A-D8A5-58CA-F00E-5A1AF812E471 HTTP/1.1" 200 112151
95.217.195.123 - - [19/Feb/2025:01:10:09 +0100] "GET /ticket2/opencms/en/login/?edid=62489F87-75B0-4AAA-9F3C-9761AE6AAF85 HTTP/1.1" 200 90163
54.38.85.36 - - [19/Feb/2025:01:10:11 +0100] "GET /ticket2/opencms/en/buy/?page=1&edid=6B1C747D-2234-E897-0F34-AC6F796C34A5&sortorder=asc&column=price HTTP/1.1" 200 110567
85.208.96.197 - - [19/Feb/2025:01:10:13 +0100] "GET /ticket2/opencms/tr/magazine/article?title=premier-lig-transfer-penceresinin-en-ilginc-transferleri HTTP/1.1" 200 95465
95.217.195.123 - - [19/Feb/2025:01:10:15 +0100] "GET /ticket2/opencms/en/login/?edid=65B74A82-6275-46AC-7C06-85D0866D2D84 HTTP/1.1" 200 90182
54.38.85.36 - - [19/Feb/2025:01:10:15 +0100] "GET /ticket2/opencms/en/login/?edid=003F8370-9494-DC59-44CA-EE2FF26A8516 HTTP/1.1" 200 90120
157.90.209.79 - - [19/Feb/2025:01:10:15 +0100] "GET /ticket2/opencms/hr/sport/nogometne-ulaznice/english-championship/stoke-city HTTP/1.1" 404 -
66.249.79.35 - - [19/Feb/2025:01:10:16 +0100] "GET /ticket2/opencms/nl/buy?page=1&edid=FDE2CB1B-737B-857F-7431-BD450E7D3BBB&hlv=666d6f2d-4894-4d73-b0db-0c190a01000f HTTP/1.1" 200 134112
54.38.85.36 - - [19/Feb/2025:01:10:19 +0100] "GET /ticket2/opencms/en/login/?edid=006572A5-08A1-2AC4-CEEC-2AFF643F44B5 HTTP/1.1" 200 90125
95.217.195.123 - - [19/Feb/2025:01:10:21 +0100] "GET /ticket2/opencms/en/login/?edid=6D30E340-56B1-01B8-DD3B-154093610B8B HTTP/1.1" 200 90136
85.208.96.194 - - [19/Feb/2025:01:10:21 +0100] "GET /ticket2/opencms/sv/sport/fotbollsbiljetter/bundesliga/bayer-leverkusen/ HTTP/1.1" 200 97392
54.38.85.36 - - [19/Feb/2025:01:10:22 +0100] "GET /ticket2/opencms/en/login/?edid=007DD58E-9F47-4404-AD36-B42DD6D220DB HTTP/1.1" 200 90117
54.36.149.63 - - [19/Feb/2025:01:10:22 +0100] "GET /ticket2/opencms/mt/sport/biljetti-tal-futbol/premier-league/tottenham HTTP/1.1" 200 100383
202.8.42.141 - - [19/Feb/2025:01:10:24 +0100] "GET /ticket2/opencms/system/modules/com.gridnine.opencms.ticketbrokerage.site/resources/css/ticketbrokerage.css HTTP/1.1" 200 39339
202.8.42.141 - - [19/Feb/2025:01:10:24 +0100] "GET /ticket2/opencms/system/modules/com.gridnine.opencms.ticketbrokerage.site/resources/css/jquery-ui.css HTTP/1.1" 200 33221
202.8.42.141 - - [19/Feb/2025:01:10:24 +0100] "GET /ticket2/opencms/system/modules/com.gridnine.opencms.ticketbrokerage.site/resources/css/calendar.css HTTP/1.1" 200 6871
202.8.42.141 - - [19/Feb/2025:01:10:24 +0100] "GET /ticket2/opencms/system/modules/com.gridnine.opencms.ticketbrokerage.site/resources/css/jquery.fancybox.css HTTP/1.1" 200 4939
202.8.42.141 - - [19/Feb/2025:01:10:24 +0100] "GET /ticket2/opencms/system/modules/com.gridnine.opencms.ticketbrokerage.site/resources/css/standard.css HTTP/1.1" 200 73904
202.8.42.141 - - [19/Feb/2025:01:10:24 +0100] "GET /ticket2/opencms/system/modules/com.gridnine.opencms.ticketbrokerage.site/resources/js/jquery/jquery.js HTTP/1.1" 200 93868
202.8.42.141 - - [19/Feb/2025:01:10:24 +0100] "GET /ticket2/opencms/system/modules/com.gridnine.opencms.ticketbrokerage.site/resources/js/jquery/jquery-ui.js HTTP/1.1" 200 228088
202.8.42.141 - - [19/Feb/2025:01:10:24 +0100] "GET /ticket2/opencms/system/modules/com.gridnine.opencms.ticketbrokerage.site/resources/js/functions.js HTTP/1.1" 200 1583
202.8.42.141 - - [19/Feb/2025:01:10:24 +0100] "GET /ticket2/opencms/system/modules/com.gridnine.opencms.ticketbrokerage.site/resources/js/calendar.js HTTP/1.1" 200 49229
202.8.42.141 - - [19/Feb/2025:01:10:24 +0100] "GET /ticket2/opencms/system/modules/com.gridnine.opencms.ticketbrokerage.site/resources/js/calendar-en.js HTTP/1.1" 200 3338
202.8.42.141 - - [19/Feb/2025:01:10:24 +0100] "GET /ticket2/opencms/system/modules/com.gridnine.opencms.ticketbrokerage.site/resources/js/calendar-setup.js HTTP/1.1" 200 4923
202.8.42.141 - - [19/Feb/2025:01:10:24 +0100] "GET /ticket2/opencms/system/modules/com.gridnine.opencms.ticketbrokerage.site/resources/js/jquery.fancybox.pack.js HTTP/1.1" 200 23187
202.8.42.141 - - [19/Feb/2025:01:10:24 +0100] "GET /ticket2/opencms/system/modules/com.gridnine.opencms.ticketbrokerage.site/resources/js/stickyfill.min.js HTTP/1.1" 200 5672
202.8.42.141 - - [19/Feb/2025:01:10:24 +0100] "GET /ticket2/opencms/system/modules/com.gridnine.opencms.ticketbrokerage.site/resources/js/standard.js HTTP/1.1" 200 3983
202.8.42.141 - - [19/Feb/2025:01:10:24 +0100] "GET /ticket2/opencms/system/modules/com.gridnine.opencms.ticketbrokerage.site/resources/js/jquery.placeholder.min.js HTTP/1.1" 200 1737
202.8.42.141 - - [19/Feb/2025:01:10:24 +0100] "GET /ticket2/opencms/system/modules/com.gridnine.opencms.ticketbrokerage.site/resources/js/common-ajax.js HTTP/1.1" 200 20175
69.171.249.112 - - [19/Feb/2025:01:10:26 +0100] "GET /ticket2/opencms/mt/buy/?page=1&edid=E9DB3A42-82BF-9B65-3ED4-EE5A32871388 HTTP/1.1" 200 112665
157.90.209.79 - - [19/Feb/2025:01:10:26 +0100] "GET /ticket2/opencms/hr/sport/nogometne-ulaznice/english-championship/sunderland HTTP/1.1" 200 94606
54.38.85.36 - - [19/Feb/2025:01:10:26 +0100] "GET /ticket2/opencms/en/login/?edid=01D40D91-8133-CECB-632D-60D22F00A9AC HTTP/1.1" 200 90088
95.217.195.123 - - [19/Feb/2025:01:10:26 +0100] "GET /ticket2/opencms/en/login/?edid=6DAD0E53-BC17-A492-E500-2A4FF2A813DF HTTP/1.1" 200 90133
54.38.85.36 - - [19/Feb/2025:01:10:29 +0100] "GET /ticket2/opencms/en/login/?edid=0340F86A-564D-570D-4FB5-34A17BDFADC6 HTTP/1.1" 200 90061
95.217.195.123 - - [19/Feb/2025:01:10:32 +0100] "GET /ticket2/opencms/en/login/?edid=7611CF3E-3333-25ED-A846-596E922794E6 HTTP/1.1" 200 90168
54.38.85.36 - - [19/Feb/2025:01:10:33 +0100] "GET /ticket2/opencms/en/login/?edid=034BC6C3-4F69-AB2C-0579-51AA97818C2A HTTP/1.1" 200 90195
157.90.209.79 - - [19/Feb/2025:01:10:34 +0100] "GET /ticket2/opencms/hr/sport/nogometne-ulaznice/english-championship/swansea-city HTTP/1.1" 200 97374
114.119.147.32 - - [19/Feb/2025:01:10:36 +0100] "GET /ticket2/opencms/en/buy/?page=1&edid=B1A91EDB-F255-C25B-6C02-C3BE04687ACE HTTP/1.1" 200 108883
54.38.85.36 - - [19/Feb/2025:01:10:36 +0100] "GET /ticket2/opencms/en/login/?edid=037C183B-A00E-085D-5072-5B2FA6CE1346 HTTP/1.1" 200 90116
95.217.195.123 - - [19/Feb/2025:01:10:37 +0100] "GET /ticket2/opencms/en/login/?edid=76B6762F-4B46-119D-2582-3611BC3599E7 HTTP/1.1" 200 90113
54.36.148.112 - - [19/Feb/2025:01:10:39 +0100] "GET /ticket2/opencms/sk/sport/futbalove-listky/premier-league/chelsea HTTP/1.1" 200 101522
202.8.43.72 - - [19/Feb/2025:01:10:40 +0100] "GET /ticket2/opencms/system/modules/com.gridnine.opencms.ticketbrokerage.site/resources/css/standard.css HTTP/1.1" 200 73904
202.8.43.72 - - [19/Feb/2025:01:10:40 +0100] "GET /ticket2/opencms/system/modules/com.gridnine.opencms.ticketbrokerage.site/resources/css/calendar.css HTTP/1.1" 200 6871
202.8.43.72 - - [19/Feb/2025:01:10:40 +0100] "GET /ticket2/opencms/system/modules/com.gridnine.opencms.ticketbrokerage.site/resources/css/ticketbrokerage.css HTTP/1.1" 200 39339
202.8.43.72 - - [19/Feb/2025:01:10:40 +0100] "GET /ticket2/opencms/system/modules/com.gridnine.opencms.ticketbrokerage.site/resources/css/jquery-ui.css HTTP/1.1" 200 33221
202.8.43.72 - - [19/Feb/2025:01:10:40 +0100] "GET /ticket2/opencms/system/modules/com.gridnine.opencms.ticketbrokerage.site/resources/css/jquery.fancybox.css HTTP/1.1" 200 4939
202.8.43.72 - - [19/Feb/2025:01:10:40 +0100] "GET /ticket2/opencms/system/modules/com.gridnine.opencms.ticketbrokerage.site/resources/js/calendar.js HTTP/1.1" 200 49229
202.8.43.72 - - [19/Feb/2025:01:10:40 +0100] "GET /ticket2/opencms/system/modules/com.gridnine.opencms.ticketbrokerage.site/resources/js/functions.js HTTP/1.1" 200 1583
202.8.43.72 - - [19/Feb/2025:01:10:40 +0100] "GET /ticket2/opencms/system/modules/com.gridnine.opencms.ticketbrokerage.site/resources/js/jquery/jquery-ui.js HTTP/1.1" 200 228088
202.8.43.72 - - [19/Feb/2025:01:10:40 +0100] "GET /ticket2/opencms/system/modules/com.gridnine.opencms.ticketbrokerage.site/resources/js/jquery/jquery.js HTTP/1.1" 200 93868
202.8.43.72 - - [19/Feb/2025:01:10:40 +0100] "GET /ticket2/opencms/system/modules/com.gridnine.opencms.ticketbrokerage.site/resources/js/calendar-en.js HTTP/1.1" 200 3338
202.8.43.72 - - [19/Feb/2025:01:10:40 +0100] "GET /ticket2/opencms/system/modules/com.gridnine.opencms.ticketbrokerage.site/resources/js/calendar-setup.js HTTP/1.1" 200 4923
202.8.43.72 - - [19/Feb/2025:01:10:40 +0100] "GET /ticket2/opencms/system/modules/com.gridnine.opencms.ticketbrokerage.site/resources/js/stickyfill.min.js HTTP/1.1" 200 5672
202.8.43.72 - - [19/Feb/2025:01:10:40 +0100] "GET /ticket2/opencms/system/modules/com.gridnine.opencms.ticketbrokerage.site/resources/js/jquery.fancybox.pack.js HTTP/1.1" 200 23187
202.8.43.72 - - [19/Feb/2025:01:10:40 +0100] "GET /ticket2/opencms/system/modules/com.gridnine.opencms.ticketbrokerage.site/resources/js/standard.js HTTP/1.1" 200 3983
202.8.43.72 - - [19/Feb/2025:01:10:40 +0100] "GET /ticket2/opencms/system/modules/com.gridnine.opencms.ticketbrokerage.site/resources/js/jquery.placeholder.min.js HTTP/1.1" 200 1737
202.8.43.72 - - [19/Feb/2025:01:10:40 +0100] "GET /ticket2/opencms/system/modules/com.gridnine.opencms.ticketbrokerage.site/resources/js/common-ajax.js HTTP/1.1" 200 20175
54.38.85.36 - - [19/Feb/2025:01:10:40 +0100] "GET /ticket2/opencms/en/login/?edid=053724EC-F913-F028-9927-6CC91E5C80DC HTTP/1.1" 200 90129
95.217.195.123 - - [19/Feb/2025:01:10:42 +0100] "GET /ticket2/opencms/en/login/?edid=7F8C8657-1175-5E36-90F1-A19607745DA5 HTTP/1.1" 200 90030
114.119.136.30 - - [19/Feb/2025:01:10:43 +0100] "GET /ticket2/opencms/mo/buy?page=1&edid=457D4E89-C4E9-4F02-B659-6B1771052571 HTTP/1.1" 200 108644
54.38.85.36 - - [19/Feb/2025:01:10:44 +0100] "GET /ticket2/opencms/en/login/?edid=05552034-BEF0-1A9E-D70A-0F1242D9ED77 HTTP/1.1" 200 90043
157.90.209.79 - - [19/Feb/2025:01:10:45 +0100] "GET /ticket2/opencms/hr/sport/nogometne-ulaznice/english-championship/watford HTTP/1.1" 200 96874
95.217.195.123 - - [19/Feb/2025:01:10:46 +0100] "GET /ticket2/opencms/en/login/?edid=8133C942-66F5-124A-FBC6-6DFF6D7DA76C HTTP/1.1" 200 90131
54.38.85.36 - - [19/Feb/2025:01:10:48 +0100] "GET /ticket2/opencms/en/login/?edid=05EDBB0A-27C1-B942-380A-AB20B03538AA HTTP/1.1" 200 90118
173.252.83.8 - - [19/Feb/2025:01:10:49 +0100] "GET /ticket2/opencms/es/buy/?page=1&edid=4E121EC7-87EA-ACE7-3E61-53A747B52A04 HTTP/1.1" 200 107902
185.191.171.9 - - [19/Feb/2025:01:10:51 +0100] "GET /ticket2/opencms/sv/sport/fotbollsbiljetter/bundesliga/wolfsburg/ HTTP/1.1" 200 93887
54.36.148.149 - - [19/Feb/2025:01:10:51 +0100] "GET /ticket2/opencms/hr/buy/?page=1&edid=079D9B9A-D8A5-58CA-F00E-5A1AF812E471 HTTP/1.1" 200 112396
43.153.99.184 - - [19/Feb/2025:01:10:51 +0100] "GET /ticket2/opencms/fi/buy/?page=1&edid=68B485F7-9483-6E4F-656D-602EE2AC621D HTTP/1.1" 200 136039
54.38.85.36 - - [19/Feb/2025:01:10:52 +0100] "GET /ticket2/opencms/en/login/?edid=067C6AFC-1AC2-2DB9-D3FA-B569A9607048 HTTP/1.1" 200 90098
95.217.195.123 - - [19/Feb/2025:01:10:52 +0100] "GET /ticket2/opencms/en/login/?edid=85FEE197-56BE-9C34-A3B3-D08AF509D2AB HTTP/1.1" 200 90067
157.90.209.79 - - [19/Feb/2025:01:10:52 +0100] "GET /ticket2/opencms/hr/sport/nogometne-ulaznice/english-championship/west-bromwich-albion HTTP/1.1" 404 -
54.38.85.36 - - [19/Feb/2025:01:10:55 +0100] "GET /ticket2/opencms/en/login/?edid=07DFBBF8-E098-8E17-4FF0-08CB58E85BCF HTTP/1.1" 200 90138
95.217.195.123 - - [19/Feb/2025:01:10:58 +0100] "GET /ticket2/opencms/en/login/?edid=8A85BC4C-55E2-1DEE-BB03-89089B34386E HTTP/1.1" 200 90089
54.38.85.36 - - [19/Feb/2025:01:10:59 +0100] "GET /ticket2/opencms/en/login/?edid=0A397FB1-78AC-3087-2410-984905364A81 HTTP/1.1" 200 90084
157.90.209.79 - - [19/Feb/2025:01:11:00 +0100] "GET /ticket2/opencms/hr/sport/nogometne-ulaznice/la-liga HTTP/1.1" 200 102199
54.36.149.36 - - [19/Feb/2025:01:11:01 +0100] "GET /ticket2/opencms/sk/buy?page=1&edid=41CD7066-237A-B852-387D-3D5D7B688DF9 HTTP/1.1" 200 135622
52.167.144.17 - - [19/Feb/2025:01:11:01 +0100] "GET /ticket2/opencms/uk/buy/?page=1&edid=3AC97E7E-AB64-429B-0C32-1ED0C30F900D HTTP/1.1" 200 110820
54.38.85.36 - - [19/Feb/2025:01:11:03 +0100] "GET /ticket2/opencms/en/login/?edid=0D91C2EE-38EC-339A-68B3-9778BE704D07 HTTP/1.1" 200 90089
95.217.195.123 - - [19/Feb/2025:01:11:03 +0100] "GET /ticket2/opencms/en/login/?edid=8D58C9DD-E967-B351-A76A-68EF419B5A93 HTTP/1.1" 200 90072
85.208.96.203 - - [19/Feb/2025:01:11:05 +0100] "GET /ticket2/opencms/fi/urheilu/jalkapallo/serie_a/lecce/ HTTP/1.1" 200 93706
54.36.149.61 - - [19/Feb/2025:01:11:05 +0100] "GET /ticket2/opencms/sk/sport/futbalove-listky/premier-league/tottenham HTTP/1.1" 200 94478
54.38.85.36 - - [19/Feb/2025:01:11:06 +0100] "GET /ticket2/opencms/en/login/?edid=0E816252-F9DA-D138-D1BB-B841DF5E21AF HTTP/1.1" 200 90159
173.252.69.1 - - [19/Feb/2025:01:11:06 +0100] "GET /ticket2/opencms/de/sport/fussball-tickets/premier_league/brighton/ HTTP/1.1" 200 101470
202.8.40.149 - - [19/Feb/2025:01:11:07 +0100] "GET /ticket2/opencms/system/modules/com.gridnine.opencms.ticketbrokerage.site/resources/css/jquery.fancybox.css HTTP/1.1" 200 4939
202.8.40.149 - - [19/Feb/2025:01:11:07 +0100] "GET /ticket2/opencms/system/modules/com.gridnine.opencms.ticketbrokerage.site/resources/css/calendar.css HTTP/1.1" 200 6871
202.8.40.149 - - [19/Feb/2025:01:11:07 +0100] "GET /ticket2/opencms/system/modules/com.gridnine.opencms.ticketbrokerage.site/resources/css/jquery-ui.css HTTP/1.1" 200 33221
202.8.40.149 - - [19/Feb/2025:01:11:07 +0100] "GET /ticket2/opencms/system/modules/com.gridnine.opencms.ticketbrokerage.site/resources/css/ticketbrokerage.css HTTP/1.1" 200 39339
202.8.40.149 - - [19/Feb/2025:01:11:07 +0100] "GET /ticket2/opencms/system/modules/com.gridnine.opencms.ticketbrokerage.site/resources/css/standard.css HTTP/1.1" 200 73904
202.8.40.149 - - [19/Feb/2025:01:11:07 +0100] "GET /ticket2/opencms/system/modules/com.gridnine.opencms.ticketbrokerage.site/resources/js/jquery/jquery.js HTTP/1.1" 200 93868
202.8.40.149 - - [19/Feb/2025:01:11:07 +0100] "GET /ticket2/opencms/system/modules/com.gridnine.opencms.ticketbrokerage.site/resources/js/functions.js HTTP/1.1" 200 1583
202.8.40.149 - - [19/Feb/2025:01:11:07 +0100] "GET /ticket2/opencms/system/modules/com.gridnine.opencms.ticketbrokerage.site/resources/js/jquery/jquery-ui.js HTTP/1.1" 200 228088
202.8.40.149 - - [19/Feb/2025:01:11:07 +0100] "GET /ticket2/opencms/system/modules/com.gridnine.opencms.ticketbrokerage.site/resources/js/calendar.js HTTP/1.1" 200 49229
202.8.40.149 - - [19/Feb/2025:01:11:07 +0100] "GET /ticket2/opencms/system/modules/com.gridnine.opencms.ticketbrokerage.site/resources/js/calendar-en.js HTTP/1.1" 200 3338
202.8.40.149 - - [19/Feb/2025:01:11:07 +0100] "GET /ticket2/opencms/system/modules/com.gridnine.opencms.ticketbrokerage.site/resources/js/calendar-setup.js HTTP/1.1" 200 4923
202.8.40.149 - - [19/Feb/2025:01:11:07 +0100] "GET /ticket2/opencms/system/modules/com.gridnine.opencms.ticketbrokerage.site/resources/js/jquery.fancybox.pack.js HTTP/1.1" 200 23187
202.8.40.149 - - [19/Feb/2025:01:11:07 +0100] "GET /ticket2/opencms/system/modules/com.gridnine.opencms.ticketbrokerage.site/resources/js/stickyfill.min.js HTTP/1.1" 200 5672
202.8.40.149 - - [19/Feb/2025:01:11:07 +0100] "GET /ticket2/opencms/system/modules/com.gridnine.opencms.ticketbrokerage.site/resources/js/standard.js HTTP/1.1" 200 3983
202.8.40.149 - - [19/Feb/2025:01:11:07 +0100] "GET /ticket2/opencms/system/modules/com.gridnine.opencms.ticketbrokerage.site/resources/js/jquery.placeholder.min.js HTTP/1.1" 200 1737
202.8.40.149 - - [19/Feb/2025:01:11:07 +0100] "GET /ticket2/opencms/system/modules/com.gridnine.opencms.ticketbrokerage.site/resources/js/common-ajax.js HTTP/1.1" 200 20175
95.217.195.123 - - [19/Feb/2025:01:11:07 +0100] "GET /ticket2/opencms/en/login/?edid=91870084-7155-79A9-A57C-A68AF475B93F HTTP/1.1" 200 90024
40.77.167.22 - - [19/Feb/2025:01:11:09 +0100] "GET /ticket2/opencms/sq/buy?page=1&edid=8EE24D2F-4BF0-A103-6944-36103BCA6278 HTTP/1.1" 200 122773
157.90.209.79 - - [19/Feb/2025:01:11:09 +0100] "GET /ticket2/opencms/hr/sport/nogometne-ulaznice/la-liga/athletic-bilbao HTTP/1.1" 200 100391
40.77.167.38 - - [19/Feb/2025:01:11:10 +0100] "GET /ticket2/opencms/bs/buy/?page=1&edid=206775FB-5EFC-40BC-11F8-888FF769B2A9 HTTP/1.1" 200 121156
54.38.85.36 - - [19/Feb/2025:01:11:10 +0100] "GET /ticket2/opencms/en/login/?edid=0E8E970B-A1A6-22B5-B185-EB135DAF9E73 HTTP/1.1" 200 90084
47.128.18.4 - - [19/Feb/2025:01:11:12 +0100] "GET /ticket2/opencms/pl/magazine/article?title=erling-braut-haaland HTTP/1.1" 200 93310
95.217.195.123 - - [19/Feb/2025:01:11:12 +0100] "GET /ticket2/opencms/en/login/?edid=9802BAB6-97DC-DB32-28B3-49A37AD69704 HTTP/1.1" 200 90106
54.38.85.36 - - [19/Feb/2025:01:11:13 +0100] "GET /ticket2/opencms/en/login/?edid=0E98AFAB-3E5F-6C96-44B2-FA610656A721 HTTP/1.1" 200 90121
157.90.209.79 - - [19/Feb/2025:01:11:16 +0100] "GET /ticket2/opencms/hr/sport/nogometne-ulaznice/la-liga/atletico-madrid HTTP/1.1" 200 94142
95.217.195.123 - - [19/Feb/2025:01:11:17 +0100] "GET /ticket2/opencms/en/login/?edid=A036D254-48CA-326A-6976-9EF3C3BCC6BC HTTP/1.1" 200 90063
54.38.85.36 - - [19/Feb/2025:01:11:17 +0100] "GET /ticket2/opencms/en/login/?edid=1166374B-7E10-06B9-9854-6B1FC2D1568C HTTP/1.1" 200 90153
54.36.148.241 - - [19/Feb/2025:01:11:18 +0100] "GET /ticket2/opencms/be/sport/futbol-kvitki/bundesliga/koln HTTP/1.1" 200 97287
202.8.42.95 - - [19/Feb/2025:01:11:19 +0100] "GET /ticket2/opencms/system/modules/com.gridnine.opencms.ticketbrokerage.site/resources/css/jquery-ui.css HTTP/1.1" 200 33221
202.8.42.95 - - [19/Feb/2025:01:11:19 +0100] "GET /ticket2/opencms/system/modules/com.gridnine.opencms.ticketbrokerage.site/resources/css/ticketbrokerage.css HTTP/1.1" 200 39339
202.8.42.95 - - [19/Feb/2025:01:11:19 +0100] "GET /ticket2/opencms/system/modules/com.gridnine.opencms.ticketbrokerage.site/resources/css/calendar.css HTTP/1.1" 200 6871
202.8.42.95 - - [19/Feb/2025:01:11:19 +0100] "GET /ticket2/opencms/system/modules/com.gridnine.opencms.ticketbrokerage.site/resources/css/standard.css HTTP/1.1" 200 73904
202.8.42.95 - - [19/Feb/2025:01:11:19 +0100] "GET /ticket2/opencms/system/modules/com.gridnine.opencms.ticketbrokerage.site/resources/css/jquery.fancybox.css HTTP/1.1" 200 4939
202.8.42.95 - - [19/Feb/2025:01:11:19 +0100] "GET /ticket2/opencms/system/modules/com.gridnine.opencms.ticketbrokerage.site/resources/js/jquery/jquery.js HTTP/1.1" 200 93868
202.8.42.95 - - [19/Feb/2025:01:11:19 +0100] "GET /ticket2/opencms/system/modules/com.gridnine.opencms.ticketbrokerage.site/resources/js/calendar.js HTTP/1.1" 200 49229
202.8.42.95 - - [19/Feb/2025:01:11:19 +0100] "GET /ticket2/opencms/system/modules/com.gridnine.opencms.ticketbrokerage.site/resources/js/jquery/jquery-ui.js HTTP/1.1" 200 228088
202.8.42.95 - - [19/Feb/2025:01:11:19 +0100] "GET /ticket2/opencms/system/modules/com.gridnine.opencms.ticketbrokerage.site/resources/js/functions.js HTTP/1.1" 200 1583
202.8.42.95 - - [19/Feb/2025:01:11:19 +0100] "GET /ticket2/opencms/system/modules/com.gridnine.opencms.ticketbrokerage.site/resources/js/calendar-en.js HTTP/1.1" 200 3338
202.8.42.95 - - [19/Feb/2025:01:11:19 +0100] "GET /ticket2/opencms/system/modules/com.gridnine.opencms.ticketbrokerage.site/resources/js/calendar-setup.js HTTP/1.1" 200 4923
202.8.42.95 - - [19/Feb/2025:01:11:19 +0100] "GET /ticket2/opencms/system/modules/com.gridnine.opencms.ticketbrokerage.site/resources/js/jquery.fancybox.pack.js HTTP/1.1" 200 23187
202.8.42.95 - - [19/Feb/2025:01:11:19 +0100] "GET /ticket2/opencms/system/modules/com.gridnine.opencms.ticketbrokerage.site/resources/js/stickyfill.min.js HTTP/1.1" 200 5672
202.8.42.95 - - [19/Feb/2025:01:11:19 +0100] "GET /ticket2/opencms/system/modules/com.gridnine.opencms.ticketbrokerage.site/resources/js/standard.js HTTP/1.1" 200 3983
202.8.42.95 - - [19/Feb/2025:01:11:20 +0100] "GET /ticket2/opencms/system/modules/com.gridnine.opencms.ticketbrokerage.site/resources/js/jquery.placeholder.min.js HTTP/1.1" 200 1737
202.8.42.95 - - [19/Feb/2025:01:11:20 +0100] "GET /ticket2/opencms/system/modules/com.gridnine.opencms.ticketbrokerage.site/resources/js/common-ajax.js HTTP/1.1" 200 20175
40.77.167.38 - - [19/Feb/2025:01:11:20 +0100] "GET /ticket2/opencms/no/buy/?page=1&edid=6491C4B6-5C45-20F3-BDEC-54EE4BA903D5 HTTP/1.1" 200 110961
54.38.85.36 - - [19/Feb/2025:01:11:21 +0100] "GET /ticket2/opencms/en/login/?edid=1262C5E9-4459-6D63-F273-010CB7E37FF2 HTTP/1.1" 200 90139
95.217.195.123 - - [19/Feb/2025:01:11:22 +0100] "GET /ticket2/opencms/en/login/?edid=A457959E-C519-3DD7-06E1-3EB362B95926 HTTP/1.1" 200 90054
66.249.76.161 - - [19/Feb/2025:01:11:23 +0100] "GET /ticket2/opencms/no/buy/?page=1&edid=FBDD6D75-E50D-E656-DD0D-140A87A57CDC&hlv=6698d5ca-6cc0-4702-b8f8-3ff60a01000f HTTP/1.1" 200 109371
66.249.79.34 - - [19/Feb/2025:01:11:24 +0100] "GET /ticket2/opencms/hu/buy?page=6&comcatid=A17713B6-D984-201A-4143-ED4DB5ED5C2E&catid=82F804FA-9F69-CB6B-D41D-7BF7C716058B HTTP/1.1" 200 104113
185.191.171.16 - - [19/Feb/2025:01:11:24 +0100] "GET /ticket2/opencms/et/magazine/article?title=tulevik-tehnoloogias-jalgpallis HTTP/1.1" 200 94654
54.38.85.36 - - [19/Feb/2025:01:11:25 +0100] "GET /ticket2/opencms/en/login/?edid=135C00F3-51AC-7ED3-EBD8-841665CFC0A8 HTTP/1.1" 200 90075
157.90.209.79 - - [19/Feb/2025:01:11:25 +0100] "GET /ticket2/opencms/hr/sport/nogometne-ulaznice/la-liga/barcelona HTTP/1.1" 200 95330
95.217.195.123 - - [19/Feb/2025:01:11:27 +0100] "GET /ticket2/opencms/en/login/?edid=A86180B2-654C-DA8C-D586-1577B07D7FAC HTTP/1.1" 200 90079
54.38.85.36 - - [19/Feb/2025:01:11:28 +0100] "GET /ticket2/opencms/en/login/?edid=13F09667-A203-F96E-8423-6F6F46097234 HTTP/1.1" 200 90150
66.249.79.34 - - [19/Feb/2025:01:11:31 +0100] "GET /ticket2/opencms/no/ask-form.html HTTP/1.1" 200 2919
95.217.195.123 - - [19/Feb/2025:01:11:32 +0100] "GET /ticket2/opencms/en/login/?edid=AA5F188D-392E-95E5-D194-1E2BE6F820A6 HTTP/1.1" 200 90100
54.38.85.36 - - [19/Feb/2025:01:11:32 +0100] "GET /ticket2/opencms/en/login/?edid=156562D2-0263-CCAA-DF54-9314F5D26523 HTTP/1.1" 200 90130
54.36.148.45 - - [19/Feb/2025:01:11:32 +0100] "GET /ticket2/opencms/cs/buy/?page=1&edid=0DC29C5C-A273-34CB-58F3-441C87554AF1 HTTP/1.1" 200 124767
157.90.209.79 - - [19/Feb/2025:01:11:34 +0100] "GET /ticket2/opencms/hr/sport/nogometne-ulaznice/la-liga/celta_vigo HTTP/1.1" 200 100478
54.38.85.36 - - [19/Feb/2025:01:11:36 +0100] "GET /ticket2/opencms/en/login/?edid=1588A1CD-6C69-C1AB-D2FD-3B0F855D590E HTTP/1.1" 200 90158
95.217.195.123 - - [19/Feb/2025:01:11:37 +0100] "GET /ticket2/opencms/en/login/?edid=ACE0111C-6B99-CC8A-A851-A31348B3D091 HTTP/1.1" 200 90242
54.38.85.36 - - [19/Feb/2025:01:11:40 +0100] "GET /ticket2/opencms/en/login/?edid=1776BEEA-6AFA-9641-CE31-37908B0F7FE4 HTTP/1.1" 200 90168
95.217.195.123 - - [19/Feb/2025:01:11:41 +0100] "GET /ticket2/opencms/en/login/?edid=AD9A0F9C-B1D6-F241-C0E5-BD950DA516BE HTTP/1.1" 200 90114
47.128.120.122 - - [19/Feb/2025:01:11:42 +0100] "GET /ticket2/opencms/ka/buy/?edid=D8A9B55B-90B1-065C-5A4F-22204AB6F0EC HTTP/1.1" 200 93848
157.90.209.79 - - [19/Feb/2025:01:11:44 +0100] "GET /ticket2/opencms/hr/sport/nogometne-ulaznice/la-liga/deportivo_alaves HTTP/1.1" 200 101270
54.38.85.36 - - [19/Feb/2025:01:11:44 +0100] "GET /ticket2/opencms/en/login/?edid=185EB1E8-EE1C-3323-A11B-C27B97AF5EDC HTTP/1.1" 200 90155
54.36.149.93 - - [19/Feb/2025:01:11:47 +0100] "GET /ticket2/opencms/el/buy/?page=1&edid=E9DB3A42-82BF-9B65-3ED4-EE5A32871388 HTTP/1.1" 200 116215
54.38.85.36 - - [19/Feb/2025:01:11:47 +0100] "GET /ticket2/opencms/en/login/?edid=18802772-2890-0E0C-0B45-72DA4040924B HTTP/1.1" 200 90132
40.77.167.136 - - [19/Feb/2025:01:11:48 +0100] "GET /ticket2/opencms/sr/buy?page=1&edid=096598FE-DA35-4351-DFEE-DC9ACA0F0EF9 HTTP/1.1" 200 135907
54.38.85.36 - - [19/Feb/2025:01:11:51 +0100] "GET /ticket2/opencms/en/login/?edid=18D97465-EEB6-4BBF-26A2-1EC86FEFCEB7 HTTP/1.1" 200 90157
157.90.209.79 - - [19/Feb/2025:01:11:51 +0100] "GET /ticket2/opencms/hr/sport/nogometne-ulaznice/la-liga/espanyol HTTP/1.1" 200 99753
54.38.85.36 - - [19/Feb/2025:01:11:55 +0100] "GET /ticket2/opencms/en/login/?edid=19227EA6-CC82-2DE2-5E66-C87B7D570690 HTTP/1.1" 200 90111
54.36.148.156 - - [19/Feb/2025:01:11:56 +0100] "GET /ticket2/opencms/fi/buy/?page=10&eventid=C7B8839D-D05D-58E7-D08F-88E8ADCFDD77 HTTP/1.1" 200 93005
157.90.209.79 - - [19/Feb/2025:01:11:58 +0100] "GET /ticket2/opencms/hr/sport/nogometne-ulaznice/la-liga/getafe HTTP/1.1" 200 99992
54.38.85.36 - - [19/Feb/2025:01:11:58 +0100] "GET /ticket2/opencms/en/login/?edid=19B7650F-CB4F-1233-AB04-462550C6E661 HTTP/1.1" 200 90082
54.36.149.85 - - [19/Feb/2025:01:11:59 +0100] "GET /ticket2/opencms/es/buy?page=1&edid=EF89CCE1-4D67-63A5-1697-6B7EBB76F5C8 HTTP/1.1" 200 90415
114.119.136.30 - - [19/Feb/2025:01:12:00 +0100] "GET /ticket2/opencms/en/buy/?page=1&edid=0C1979DA-50CA-ECE7-2406-93F50E7E04D2 HTTP/1.1" 200 106755
202.8.42.116 - - [19/Feb/2025:01:12:00 +0100] "GET /ticket2/opencms/system/modules/com.gridnine.opencms.ticketbrokerage.site/resources/css/ticketbrokerage.css HTTP/1.1" 200 39339
202.8.42.116 - - [19/Feb/2025:01:12:00 +0100] "GET /ticket2/opencms/system/modules/com.gridnine.opencms.ticketbrokerage.site/resources/css/calendar.css HTTP/1.1" 200 6871
202.8.42.116 - - [19/Feb/2025:01:12:00 +0100] "GET /ticket2/opencms/system/modules/com.gridnine.opencms.ticketbrokerage.site/resources/css/standard.css HTTP/1.1" 200 73904
202.8.42.116 - - [19/Feb/2025:01:12:00 +0100] "GET /ticket2/opencms/system/modules/com.gridnine.opencms.ticketbrokerage.site/resources/css/jquery-ui.css HTTP/1.1" 200 33221
202.8.42.116 - - [19/Feb/2025:01:12:00 +0100] "GET /ticket2/opencms/system/modules/com.gridnine.opencms.ticketbrokerage.site/resources/css/jquery.fancybox.css HTTP/1.1" 200 4939
202.8.42.116 - - [19/Feb/2025:01:12:00 +0100] "GET /ticket2/opencms/system/modules/com.gridnine.opencms.ticketbrokerage.site/resources/js/jquery/jquery.js HTTP/1.1" 200 93868
202.8.42.116 - - [19/Feb/2025:01:12:01 +0100] "GET /ticket2/opencms/system/modules/com.gridnine.opencms.ticketbrokerage.site/resources/js/calendar.js HTTP/1.1" 200 49229
202.8.42.116 - - [19/Feb/2025:01:12:01 +0100] "GET /ticket2/opencms/system/modules/com.gridnine.opencms.ticketbrokerage.site/resources/js/functions.js HTTP/1.1" 200 1583
202.8.42.116 - - [19/Feb/2025:01:12:01 +0100] "GET /ticket2/opencms/system/modules/com.gridnine.opencms.ticketbrokerage.site/resources/js/jquery/jquery-ui.js HTTP/1.1" 200 228088
202.8.42.116 - - [19/Feb/2025:01:12:01 +0100] "GET /ticket2/opencms/system/modules/com.gridnine.opencms.ticketbrokerage.site/resources/js/calendar-en.js HTTP/1.1" 200 3338
202.8.42.116 - - [19/Feb/2025:01:12:01 +0100] "GET /ticket2/opencms/system/modules/com.gridnine.opencms.ticketbrokerage.site/resources/js/calendar-setup.js HTTP/1.1" 200 4923
202.8.42.116 - - [19/Feb/2025:01:12:01 +0100] "GET /ticket2/opencms/system/modules/com.gridnine.opencms.ticketbrokerage.site/resources/js/jquery.fancybox.pack.js HTTP/1.1" 200 23187
202.8.42.116 - - [19/Feb/2025:01:12:01 +0100] "GET /ticket2/opencms/system/modules/com.gridnine.opencms.ticketbrokerage.site/resources/js/stickyfill.min.js HTTP/1.1" 200 5672
202.8.42.116 - - [19/Feb/2025:01:12:01 +0100] "GET /ticket2/opencms/system/modules/com.gridnine.opencms.ticketbrokerage.site/resources/js/standard.js HTTP/1.1" 200 3983
202.8.42.116 - - [19/Feb/2025:01:12:01 +0100] "GET /ticket2/opencms/system/modules/com.gridnine.opencms.ticketbrokerage.site/resources/js/jquery.placeholder.min.js HTTP/1.1" 200 1737
202.8.42.116 - - [19/Feb/2025:01:12:01 +0100] "GET /ticket2/opencms/system/modules/com.gridnine.opencms.ticketbrokerage.site/resources/js/common-ajax.js HTTP/1.1" 200 20175
85.208.96.204 - - [19/Feb/2025:01:12:01 +0100] "GET /ticket2/opencms/sq/magazine/article?title=viktor-gyokeres-tek-manchester-united HTTP/1.1" 200 93391
54.38.85.36 - - [19/Feb/2025:01:12:02 +0100] "GET /ticket2/opencms/en/login/?edid=1A1463D1-B990-A55A-303D-DD7C71EE0666 HTTP/1.1" 200 90192
52.167.144.157 - - [19/Feb/2025:01:12:03 +0100] "GET /ticket2/opencms/dk/ HTTP/1.1" 200 106406
54.38.85.36 - - [19/Feb/2025:01:12:06 +0100] "GET /ticket2/opencms/en/login/?edid=1A6DF4D9-0A04-6637-3B97-D2FDA0FB8BF0 HTTP/1.1" 200 90162
157.90.209.79 - - [19/Feb/2025:01:12:06 +0100] "GET /ticket2/opencms/hr/sport/nogometne-ulaznice/la-liga/girona HTTP/1.1" 200 96040
66.249.79.34 - - [19/Feb/2025:01:12:07 +0100] "GET /ticket2/opencms/set_aff_cookie.jsp?partner=8F6DE15D-D831-5787-AE7E-FEFF53476F85&url=%252Fno%252Fbuy%252Findex.html%253Fpage%253D1%2526edid%253DDC4F64BB-84C6-452C-2BFD-138DC45E79DD%2526hlv%253D666de069-3d20-40be-a718-6d8a0a01000f%2523v_1258056914 HTTP/1.1" 200 247
52.167.144.172 - - [19/Feb/2025:01:12:08 +0100] "GET /ticket2/opencms/sv/magazine/article?title=nederlanderna-vs-england-i-semifinal HTTP/1.1" 200 96491
40.77.167.38 - - [19/Feb/2025:01:12:09 +0100] "GET /ticket2/opencms/ru/buy/?page=1&edid=871D7AC8-C2FD-89A7-A9D7-71A8AD06F3BB HTTP/1.1" 200 106920
85.208.96.210 - - [19/Feb/2025:01:12:09 +0100] "GET /ticket2/opencms/be/magazine/article?title=abdul-fatawu-will-miss-the-rest-of-the-season HTTP/1.1" 200 95002
54.38.85.36 - - [19/Feb/2025:01:12:10 +0100] "GET /ticket2/opencms/en/login/?edid=1A7F10A1-8FF6-5B9D-1FDC-2244002370D9 HTTP/1.1" 200 90152
54.36.149.5 - - [19/Feb/2025:01:12:13 +0100] "GET /ticket2/opencms/sl HTTP/1.1" 200 107713
54.38.85.36 - - [19/Feb/2025:01:12:13 +0100] "GET /ticket2/opencms/en/login/?edid=1BDABA61-17ED-C555-CD95-D4EE99EFAE18 HTTP/1.1" 200 90093
193.68.89.51 - - [19/Feb/2025:01:12:16 +0100] "GET / HTTP/1.1" 404 -
157.90.209.79 - - [19/Feb/2025:01:12:16 +0100] "GET /ticket2/opencms/hr/sport/nogometne-ulaznice/la-liga/las_palmas HTTP/1.1" 200 100701
54.38.85.36 - - [19/Feb/2025:01:12:17 +0100] "GET /ticket2/opencms/en/login/?edid=1C57D46E-6939-E0A3-6942-91BB491B842E HTTP/1.1" 200 90095
54.38.85.36 - - [19/Feb/2025:01:12:21 +0100] "GET /ticket2/opencms/en/login/?edid=1C915206-ABF4-4EE6-0DB4-3CA1A47C2341 HTTP/1.1" 200 90144
47.238.13.12 - - [19/Feb/2025:01:12:25 +0100] "GET /ticket2/opencms/nl/buy?page=1&edid=365B462D-950D-A29D-C141-23BF6375DC09 HTTP/1.1" 200 109237
54.38.85.36 - - [19/Feb/2025:01:12:25 +0100] "GET /ticket2/opencms/en/login/?edid=222C6A2C-CAC9-4D8E-E50D-4242175F8A4B HTTP/1.1" 200 90139
114.119.136.30 - - [19/Feb/2025:01:12:25 +0100] "GET /ticket2/opencms/mo/buy?page=1&edid=063774E2-DE1A-6A46-E97B-D379290B879E HTTP/1.1" 200 112342
156.146.36.94 - - [19/Feb/2025:01:12:26 +0100] "GET /ticket2/opencms/ HTTP/1.1" 302 -
156.146.36.94 - - [19/Feb/2025:01:12:28 +0100] "GET /ticket2/opencms/en/ HTTP/1.1" 200 105792
54.38.85.36 - - [19/Feb/2025:01:12:29 +0100] "GET /ticket2/opencms/en/login/?edid=23F54E59-EFCE-FB8A-896A-A1AFE8EFFD53 HTTP/1.1" 200 90104
157.90.209.79 - - [19/Feb/2025:01:12:30 +0100] "GET /ticket2/opencms/hr/sport/nogometne-ulaznice/la-liga/leganes HTTP/1.1" 200 100387
54.36.148.222 - - [19/Feb/2025:01:12:30 +0100] "GET /ticket2/opencms/hr/sport/nogometne-ulaznice/serie-a/atalanta/ HTTP/1.1" 200 100226
66.220.149.25 - - [19/Feb/2025:01:12:32 +0100] "GET /ticket2/opencms/az/buy?page=1&edid=7D93CEA8-790B-90BC-58EC-CA5B0CB3CBFB HTTP/1.1" 200 124857
54.38.85.36 - - [19/Feb/2025:01:12:32 +0100] "GET /ticket2/opencms/en/login/?edid=241FC0DD-BE90-CC0C-4656-2BD067DFEBB9 HTTP/1.1" 200 90044
47.128.56.73 - - [19/Feb/2025:01:12:33 +0100] "GET /ticket2/opencms/sk/buy?edid=FDE2CB1B-737B-857F-7431-BD450E7D3BBB HTTP/1.1" 200 91780
173.252.83.112 - - [19/Feb/2025:01:12:33 +0100] "GET /ticket2/opencms/fi/buy?page=1&edid=7D93CEA8-790B-90BC-58EC-CA5B0CB3CBFB HTTP/1.1" 200 124248
54.38.85.36 - - [19/Feb/2025:01:12:36 +0100] "GET /ticket2/opencms/en/login/?edid=25D1E1A5-48CB-BCBE-9193-C6660AC8A78B HTTP/1.1" 200 90162
66.249.79.33 - - [19/Feb/2025:01:12:37 +0100] "GET /ticket2/opencms/hr/?comcatid=A17713B6-D984-201A-4143-ED4DB5ED5C2E&catid=5A89E483-58AD-080E-F363-E16CE738916A HTTP/1.1" 200 107808
69.171.249.3 - - [19/Feb/2025:01:12:37 +0100] "GET /ticket2/opencms/es/buy?page=1&edid=A2A4078E-C8E8-C113-199B-69C1FEB231B0 HTTP/1.1" 200 135569
54.38.85.36 - - [19/Feb/2025:01:12:40 +0100] "GET /ticket2/opencms/en/login/?edid=267FC1CE-09B2-59B4-4C87-9AC3E71B35D4 HTTP/1.1" 200 90079
66.249.79.193 - - [19/Feb/2025:01:12:40 +0100] "GET /ticket2/opencms/nl HTTP/1.1" 200 105151
66.249.79.33 - - [19/Feb/2025:01:12:41 +0100] "GET /ticket2/opencms/set_aff_cookie.jsp?partner=INSERT-PARTNER-ID-HERE&url=%2Fen%2Fbuy%2Findex.html%3Fpage%3D1%26edid%3D4CA369BE-7848-7A9B-1CC8-A6F58FD34D24%26hlv%3D66d03971-4220-431d-bdd0-740c0a01000f%23v1258239628 HTTP/1.1" 200 225
157.90.209.79 - - [19/Feb/2025:01:12:41 +0100] "GET /ticket2/opencms/hr/sport/nogometne-ulaznice/la-liga/mallorca HTTP/1.1" 200 99694
85.208.96.194 - - [19/Feb/2025:01:12:41 +0100] "GET /ticket2/opencms/pl/magazine/article?title=dziewiec-zwyciestw-w-dziesieciu-meczach HTTP/1.1" 200 92597
54.36.149.105 - - [19/Feb/2025:01:12:42 +0100] "GET /ticket2/opencms/lv/sport/futbola-biletes/la-liga HTTP/1.1" 200 101507
66.249.76.170 - - [19/Feb/2025:01:12:42 +0100] "GET /ticket2/opencms/is/buy?page=6&comcatid=A17713B6-D984-201A-4143-ED4DB5ED5C2E&catid=88C381AD-5D76-A34D-AC15-A7129F8EF5BE HTTP/1.1" 200 106364
202.8.43.18 - - [19/Feb/2025:01:12:43 +0100] "GET /ticket2/opencms/system/modules/com.gridnine.opencms.ticketbrokerage.site/resources/css/ticketbrokerage.css HTTP/1.1" 200 39339
202.8.43.18 - - [19/Feb/2025:01:12:43 +0100] "GET /ticket2/opencms/system/modules/com.gridnine.opencms.ticketbrokerage.site/resources/css/calendar.css HTTP/1.1" 200 6871
202.8.43.18 - - [19/Feb/2025:01:12:43 +0100] "GET /ticket2/opencms/system/modules/com.gridnine.opencms.ticketbrokerage.site/resources/css/jquery-ui.css HTTP/1.1" 200 33221
202.8.43.18 - - [19/Feb/2025:01:12:43 +0100] "GET /ticket2/opencms/system/modules/com.gridnine.opencms.ticketbrokerage.site/resources/css/standard.css HTTP/1.1" 200 73904
202.8.43.18 - - [19/Feb/2025:01:12:43 +0100] "GET /ticket2/opencms/system/modules/com.gridnine.opencms.ticketbrokerage.site/resources/css/jquery.fancybox.css HTTP/1.1" 200 4939
202.8.43.18 - - [19/Feb/2025:01:12:43 +0100] "GET /ticket2/opencms/system/modules/com.gridnine.opencms.ticketbrokerage.site/resources/js/jquery/jquery.js HTTP/1.1" 200 93868
202.8.43.18 - - [19/Feb/2025:01:12:43 +0100] "GET /ticket2/opencms/system/modules/com.gridnine.opencms.ticketbrokerage.site/resources/js/jquery/jquery-ui.js HTTP/1.1" 200 228088
202.8.43.18 - - [19/Feb/2025:01:12:43 +0100] "GET /ticket2/opencms/system/modules/com.gridnine.opencms.ticketbrokerage.site/resources/js/functions.js HTTP/1.1" 200 1583
202.8.43.18 - - [19/Feb/2025:01:12:43 +0100] "GET /ticket2/opencms/system/modules/com.gridnine.opencms.ticketbrokerage.site/resources/js/calendar-setup.js HTTP/1.1" 200 4923
202.8.43.18 - - [19/Feb/2025:01:12:43 +0100] "GET /ticket2/opencms/system/modules/com.gridnine.opencms.ticketbrokerage.site/resources/js/calendar-en.js HTTP/1.1" 200 3338
202.8.43.18 - - [19/Feb/2025:01:12:43 +0100] "GET /ticket2/opencms/system/modules/com.gridnine.opencms.ticketbrokerage.site/resources/js/calendar.js HTTP/1.1" 200 49229
202.8.43.18 - - [19/Feb/2025:01:12:43 +0100] "GET /ticket2/opencms/system/modules/com.gridnine.opencms.ticketbrokerage.site/resources/js/jquery.fancybox.pack.js HTTP/1.1" 200 23187
202.8.43.18 - - [19/Feb/2025:01:12:43 +0100] "GET /ticket2/opencms/system/modules/com.gridnine.opencms.ticketbrokerage.site/resources/js/stickyfill.min.js HTTP/1.1" 200 5672
202.8.43.18 - - [19/Feb/2025:01:12:43 +0100] "GET /ticket2/opencms/system/modules/com.gridnine.opencms.ticketbrokerage.site/resources/js/standard.js HTTP/1.1" 200 3983
202.8.43.18 - - [19/Feb/2025:01:12:43 +0100] "GET /ticket2/opencms/system/modules/com.gridnine.opencms.ticketbrokerage.site/resources/js/jquery.placeholder.min.js HTTP/1.1" 200 1737
202.8.43.18 - - [19/Feb/2025:01:12:43 +0100] "GET /ticket2/opencms/system/modules/com.gridnine.opencms.ticketbrokerage.site/resources/js/common-ajax.js HTTP/1.1" 200 20175
54.38.85.36 - - [19/Feb/2025:01:12:43 +0100] "GET /ticket2/opencms/en/login/?edid=26F19681-47E8-5424-82BC-9A850DB13AE3 HTTP/1.1" 200 90070
66.249.76.129 - - [19/Feb/2025:01:12:45 +0100] "GET /ticket2/opencms/no/buy/?comcatid=97ECA65A-72DA-F9AF-9DBB-245D3CFED1BE&catid=1656E964-1E02-9A38-D092-65384E60B6EA HTTP/1.1" 200 97827
66.249.79.33 - - [19/Feb/2025:01:12:47 +0100] "GET /ticket2/opencms/en/buy/?page=1&edid=4CA369BE-7848-7A9B-1CC8-A6F58FD34D24&hlv=66d03971-4220-431d-bdd0-740c0a01000f HTTP/1.1" 200 111367
54.38.85.36 - - [19/Feb/2025:01:12:47 +0100] "GET /ticket2/opencms/en/login/?edid=2A512963-8C1F-996A-5AF5-8CF5359AC1EF HTTP/1.1" 200 90132
173.252.107.13 - - [19/Feb/2025:01:12:48 +0100] "GET /ticket2/opencms/az/buy?page=1&edid=7F2B1FEA-20FE-7448-32AC-111154CA401B HTTP/1.1" 200 136477
66.249.76.170 - - [19/Feb/2025:01:12:48 +0100] "GET /ticket2/opencms/en/ask-form.html HTTP/1.1" 200 3146
85.208.96.203 - - [19/Feb/2025:01:12:51 +0100] "GET /ticket2/opencms/es/magazine/article?title=chelsea HTTP/1.1" 200 94578
54.38.85.36 - - [19/Feb/2025:01:12:51 +0100] "GET /ticket2/opencms/en/login/?edid=2A8C651F-7CCC-CF81-58F6-E8DDB7F61C1F HTTP/1.1" 200 90121
157.90.209.79 - - [19/Feb/2025:01:12:53 +0100] "GET /ticket2/opencms/hr/sport/nogometne-ulaznice/la-liga/osasuna HTTP/1.1" 200 99754
54.36.148.180 - - [19/Feb/2025:01:12:54 +0100] "GET /ticket2/opencms/sk/sport/futbalove-listky/premier-league HTTP/1.1" 200 101861
54.38.85.36 - - [19/Feb/2025:01:12:54 +0100] "GET /ticket2/opencms/en/login/?edid=2B348FE6-CF9A-A872-0239-B27A1D1757C2 HTTP/1.1" 200 90066
202.8.40.51 - - [19/Feb/2025:01:12:55 +0100] "GET /ticket2/opencms/system/modules/com.gridnine.opencms.ticketbrokerage.site/resources/css/standard.css HTTP/1.1" 200 73904
202.8.40.51 - - [19/Feb/2025:01:12:55 +0100] "GET /ticket2/opencms/system/modules/com.gridnine.opencms.ticketbrokerage.site/resources/css/ticketbrokerage.css HTTP/1.1" 200 39339
202.8.40.51 - - [19/Feb/2025:01:12:55 +0100] "GET /ticket2/opencms/system/modules/com.gridnine.opencms.ticketbrokerage.site/resources/css/jquery.fancybox.css HTTP/1.1" 200 4939
202.8.40.51 - - [19/Feb/2025:01:12:55 +0100] "GET /ticket2/opencms/system/modules/com.gridnine.opencms.ticketbrokerage.site/resources/css/jquery-ui.css HTTP/1.1" 200 33221
202.8.40.51 - - [19/Feb/2025:01:12:55 +0100] "GET /ticket2/opencms/system/modules/com.gridnine.opencms.ticketbrokerage.site/resources/css/calendar.css HTTP/1.1" 200 6871
202.8.40.51 - - [19/Feb/2025:01:12:55 +0100] "GET /ticket2/opencms/system/modules/com.gridnine.opencms.ticketbrokerage.site/resources/js/jquery/jquery.js HTTP/1.1" 200 93868
202.8.40.51 - - [19/Feb/2025:01:12:55 +0100] "GET /ticket2/opencms/system/modules/com.gridnine.opencms.ticketbrokerage.site/resources/js/functions.js HTTP/1.1" 200 1583
202.8.40.51 - - [19/Feb/2025:01:12:55 +0100] "GET /ticket2/opencms/system/modules/com.gridnine.opencms.ticketbrokerage.site/resources/js/jquery/jquery-ui.js HTTP/1.1" 200 228088
202.8.40.51 - - [19/Feb/2025:01:12:55 +0100] "GET /ticket2/opencms/system/modules/com.gridnine.opencms.ticketbrokerage.site/resources/js/calendar-en.js HTTP/1.1" 200 3338
202.8.40.51 - - [19/Feb/2025:01:12:55 +0100] "GET /ticket2/opencms/system/modules/com.gridnine.opencms.ticketbrokerage.site/resources/js/calendar.js HTTP/1.1" 200 49229
202.8.40.51 - - [19/Feb/2025:01:12:55 +0100] "GET /ticket2/opencms/system/modules/com.gridnine.opencms.ticketbrokerage.site/resources/js/calendar-setup.js HTTP/1.1" 200 4923
202.8.40.51 - - [19/Feb/2025:01:12:56 +0100] "GET /ticket2/opencms/system/modules/com.gridnine.opencms.ticketbrokerage.site/resources/js/jquery.fancybox.pack.js HTTP/1.1" 200 23187
202.8.40.51 - - [19/Feb/2025:01:12:56 +0100] "GET /ticket2/opencms/system/modules/com.gridnine.opencms.ticketbrokerage.site/resources/js/stickyfill.min.js HTTP/1.1" 200 5672
202.8.40.51 - - [19/Feb/2025:01:12:56 +0100] "GET /ticket2/opencms/system/modules/com.gridnine.opencms.ticketbrokerage.site/resources/js/standard.js HTTP/1.1" 200 3983
202.8.40.51 - - [19/Feb/2025:01:12:56 +0100] "GET /ticket2/opencms/system/modules/com.gridnine.opencms.ticketbrokerage.site/resources/js/jquery.placeholder.min.js HTTP/1.1" 200 1737
202.8.40.51 - - [19/Feb/2025:01:12:56 +0100] "GET /ticket2/opencms/system/modules/com.gridnine.opencms.ticketbrokerage.site/resources/js/common-ajax.js HTTP/1.1" 200 20175
69.171.230.7 - - [19/Feb/2025:01:12:56 +0100] "GET /ticket2/opencms/sr/buy?page=1&edid=41CD7066-237A-B852-387D-3D5D7B688DF9 HTTP/1.1" 200 136002
185.191.171.13 - - [19/Feb/2025:01:12:57 +0100] "GET /ticket2/opencms/sk/magazine/article?title=vinicius-jr HTTP/1.1" 200 92521
54.38.85.36 - - [19/Feb/2025:01:12:58 +0100] "GET /ticket2/opencms/en/login/?edid=2D4B33C5-3CF4-49C4-169B-9FFE6A3AD0A9 HTTP/1.1" 200 90036
54.38.85.36 - - [19/Feb/2025:01:13:02 +0100] "GET /ticket2/opencms/en/login/?edid=2FD5F0EB-47D4-01C1-109D-EE3555FD94EC HTTP/1.1" 200 90102
173.252.87.10 - - [19/Feb/2025:01:13:03 +0100] "GET /ticket2/opencms/be/buy?page=1&edid=CC748805-AA77-5D07-7352-96CD97D4F5AC HTTP/1.1" 200 139359
157.90.209.79 - - [19/Feb/2025:01:13:03 +0100] "GET /ticket2/opencms/hr/sport/nogometne-ulaznice/la-liga/rayo_vallecano HTTP/1.1" 200 101733
54.38.85.36 - - [19/Feb/2025:01:13:06 +0100] "GET /ticket2/opencms/en/login/?edid=2FEC6466-2972-B3E3-5EB3-4D7B08898B31 HTTP/1.1" 200 90083
54.36.148.26 - - [19/Feb/2025:01:13:08 +0100] "GET /ticket2/opencms/lv/buy?page=1&edid=B1B260FB-CC2B-FBC8-401E-5012AB84C2A6 HTTP/1.1" 200 108660
47.128.42.57 - - [19/Feb/2025:01:13:09 +0100] "GET /ticket2/opencms/sv/buy?edid=9A922FCB-8506-35ED-C678-7D43144BEDC3 HTTP/1.1" 200 91253
54.38.85.36 - - [19/Feb/2025:01:13:09 +0100] "GET /ticket2/opencms/en/login/?edid=304B5316-0320-2838-01B8-507789F0700B HTTP/1.1" 200 90032
