157.90.209.79 - - [19/Feb/2025:00:55:14 +0100] "GET /ticket2/opencms/ga/sport/ticeid-peile/serie-a/sassuolo HTTP/1.1" 200 96939
114.119.136.30 - - [19/Feb/2025:00:55:15 +0100] "GET /ticket2/opencms/ro/buy?page=1&edid=160DAC9A-2A77-6FDC-52B8-296352B1ABF1 HTTP/1.1" 200 137881
54.38.85.36 - - [19/Feb/2025:00:55:15 +0100] "GET /ticket2/opencms/en/buy/?page=1&edid=1A0D0579-4E59-3474-5A13-81F3BA1DEBCE&sortorder=asc&column=row HTTP/1.1" 200 111358
54.36.148.16 - - [19/Feb/2025:00:55:16 +0100] "GET /ticket2/opencms/mt/buy?page=1&edid=C4E65DA1-C892-4947-4AE7-08FF89A9ED3F HTTP/1.1" 200 111525
216.244.66.238 - - [19/Feb/2025:00:55:19 +0100] "GET /ticket2/opencms/fi/buy?page=1&edid=A72CD07D-08E4-C032-9FA6-2107B7134BD2 HTTP/1.1" 200 111571
54.38.85.36 - - [19/Feb/2025:00:55:19 +0100] "GET /ticket2/opencms/en/buy/?page=1&edid=1A0D0579-4E59-3474-5A13-81F3BA1DEBCE&sortorder=asc&column=section HTTP/1.1" 200 111431
54.38.85.36 - - [19/Feb/2025:00:55:22 +0100] "GET /ticket2/opencms/en/buy/?page=1&edid=1A5C4612-24B2-C604-5F17-8FFC090B7C18&sortorder=desc&column=row HTTP/1.1" 200 109819
114.119.150.86 - - [19/Feb/2025:00:55:23 +0100] "GET /ticket2/opencms/en/sell/?edid=36B8587B-9BD4-1599-9368-E59F9780F9A9 HTTP/1.1" 302 -
54.36.148.82 - - [19/Feb/2025:00:55:24 +0100] "GET /ticket2/opencms/en/venue/?venueid=C891F662-1AC1-E1A8-EC4F-A7FA9132E3C3 HTTP/1.1" 200 85305
114.119.157.43 - - [19/Feb/2025:00:55:25 +0100] "GET /ticket2/opencms/en/sell/?edid=2B4B21AC-3A39-C63E-397C-084E798BD2FE HTTP/1.1" 302 -
54.38.85.36 - - [19/Feb/2025:00:55:26 +0100] "GET /ticket2/opencms/en/buy/?page=1&edid=1A5C4612-24B2-C604-5F17-8FFC090B7C18&sortorder=desc&column=section HTTP/1.1" 200 109891
216.244.66.238 - - [19/Feb/2025:00:55:26 +0100] "GET /ticket2/opencms/fr/buy?page=1&edid=34865868-F4E5-B9DA-7FA1-A23C9F87B67A HTTP/1.1" 200 108396
54.36.148.231 - - [19/Feb/2025:00:55:27 +0100] "GET /ticket2/opencms/fr/buy/?page=1&edid=ACFE5269-826A-FF79-28D4-8876A969800F HTTP/1.1" 200 117700
157.90.209.79 - - [19/Feb/2025:00:55:27 +0100] "GET /ticket2/opencms/ga/sport/ticeid-peile/serie-a/torino HTTP/1.1" 200 96715
114.119.150.86 - - [19/Feb/2025:00:55:28 +0100] "GET /ticket2/opencms/en/login/?url=/en/sell/ HTTP/1.1" 200 90075
54.38.85.36 - - [19/Feb/2025:00:55:30 +0100] "GET /ticket2/opencms/en/buy/?page=1&edid=1B0DA330-38AA-5CD6-6C89-F2963014EF68&sortorder=asc&column=row HTTP/1.1" 200 110819
114.119.157.43 - - [19/Feb/2025:00:55:30 +0100] "GET /ticket2/opencms/en/login/?url=/en/sell/ HTTP/1.1" 200 90105
216.244.66.238 - - [19/Feb/2025:00:55:33 +0100] "GET /ticket2/opencms/hu/buy?page=1&edid=9D53EF56-E094-1CE3-0FAB-D54DB419847E HTTP/1.1" 200 112162
54.38.85.36 - - [19/Feb/2025:00:55:33 +0100] "GET /ticket2/opencms/en/buy/?page=1&edid=1B0DA330-38AA-5CD6-6C89-F2963014EF68&sortorder=asc&column=section HTTP/1.1" 200 110979
157.90.209.79 - - [19/Feb/2025:00:55:34 +0100] "GET /ticket2/opencms/ga/sport/ticeid-peile/serie-a/udinese HTTP/1.1" 200 96801
85.208.96.211 - - [19/Feb/2025:00:55:35 +0100] "GET /ticket2/opencms/el/magazine/ HTTP/1.1" 200 165065
66.249.79.34 - - [19/Feb/2025:00:55:36 +0100] "GET /ticket2/opencms/set_aff_cookie.jsp?partner=8F6DE15D-D831-5787-AE7E-FEFF53476F85&url=%252Fno%252Fbuy%252Findex.html%253Fpage%253D1%2526edid%253DDC4F64BB-84C6-452C-2BFD-138DC45E79DD%2526hlv%253D666de067-602c-40da-ade3-6d8a0a01000f%2523v_117679210 HTTP/1.1" 200 246
47.128.59.73 - - [19/Feb/2025:00:55:36 +0100] "GET /ticket2/opencms/cs/buy/?edid=2E75356B-0466-ED51-C4D5-4A7F24AD43A4 HTTP/1.1" 200 91714
54.38.85.36 - - [19/Feb/2025:00:55:37 +0100] "GET /ticket2/opencms/en/buy/?page=1&edid=1B0DA330-38AA-5CD6-6C89-F2963014EF68&sortorder=desc&column=price HTTP/1.1" 200 110951
52.167.144.140 - - [19/Feb/2025:00:55:37 +0100] "GET /ticket2/opencms/uk/buy/?page=1&edid=D78F0C94-8501-C39F-E00E-C88362DE2B32 HTTP/1.1" 200 110989
85.208.96.194 - - [19/Feb/2025:00:55:39 +0100] "GET /ticket2/opencms/sq/magazine/article?title=arsenal-po-i-afrohet-liverpoolit HTTP/1.1" 200 93465
216.244.66.238 - - [19/Feb/2025:00:55:39 +0100] "GET /ticket2/opencms/lv/buy?page=1&edid=D46D9AD2-97A6-8237-0B8B-5EF925F977DE HTTP/1.1" 200 108715
54.38.85.36 - - [19/Feb/2025:00:55:40 +0100] "GET /ticket2/opencms/en/buy/?page=1&edid=1B0DA330-38AA-5CD6-6C89-F2963014EF68&sortorder=desc&column=row HTTP/1.1" 200 110828
54.36.148.210 - - [19/Feb/2025:00:55:42 +0100] "GET /ticket2/opencms/el/magazine/article?title=programma-agwnwn-gia-thn-premier-league-agwnes-premier-league-20242025 HTTP/1.1" 200 95108
54.36.148.165 - - [19/Feb/2025:00:55:43 +0100] "GET /ticket2/opencms/mt/sport/biljetti-tal-futbol/bundesliga/koln HTTP/1.1" 200 95988
54.38.85.36 - - [19/Feb/2025:00:55:44 +0100] "GET /ticket2/opencms/en/buy/?page=1&edid=266EF3DD-CC6D-8D2B-78A3-67D5640F9FA5&sortorder=asc&column=row HTTP/1.1" 200 111416
202.8.42.159 - - [19/Feb/2025:00:55:44 +0100] "GET /ticket2/opencms/system/modules/com.gridnine.opencms.ticketbrokerage.site/resources/css/calendar.css HTTP/1.1" 200 6871
202.8.42.159 - - [19/Feb/2025:00:55:44 +0100] "GET /ticket2/opencms/system/modules/com.gridnine.opencms.ticketbrokerage.site/resources/css/jquery-ui.css HTTP/1.1" 200 33221
202.8.42.159 - - [19/Feb/2025:00:55:44 +0100] "GET /ticket2/opencms/system/modules/com.gridnine.opencms.ticketbrokerage.site/resources/css/ticketbrokerage.css HTTP/1.1" 200 39339
202.8.42.159 - - [19/Feb/2025:00:55:44 +0100] "GET /ticket2/opencms/system/modules/com.gridnine.opencms.ticketbrokerage.site/resources/css/standard.css HTTP/1.1" 200 73904
202.8.42.159 - - [19/Feb/2025:00:55:44 +0100] "GET /ticket2/opencms/system/modules/com.gridnine.opencms.ticketbrokerage.site/resources/css/jquery.fancybox.css HTTP/1.1" 200 4939
202.8.42.159 - - [19/Feb/2025:00:55:44 +0100] "GET /ticket2/opencms/system/modules/com.gridnine.opencms.ticketbrokerage.site/resources/js/jquery/jquery.js HTTP/1.1" 200 93868
202.8.42.159 - - [19/Feb/2025:00:55:45 +0100] "GET /ticket2/opencms/system/modules/com.gridnine.opencms.ticketbrokerage.site/resources/js/jquery/jquery-ui.js HTTP/1.1" 200 228088
202.8.42.159 - - [19/Feb/2025:00:55:45 +0100] "GET /ticket2/opencms/system/modules/com.gridnine.opencms.ticketbrokerage.site/resources/js/functions.js HTTP/1.1" 200 1583
202.8.42.159 - - [19/Feb/2025:00:55:45 +0100] "GET /ticket2/opencms/system/modules/com.gridnine.opencms.ticketbrokerage.site/resources/js/calendar.js HTTP/1.1" 200 49229
202.8.42.159 - - [19/Feb/2025:00:55:45 +0100] "GET /ticket2/opencms/system/modules/com.gridnine.opencms.ticketbrokerage.site/resources/js/calendar-en.js HTTP/1.1" 200 3338
202.8.42.159 - - [19/Feb/2025:00:55:45 +0100] "GET /ticket2/opencms/system/modules/com.gridnine.opencms.ticketbrokerage.site/resources/js/calendar-setup.js HTTP/1.1" 200 4923
202.8.42.159 - - [19/Feb/2025:00:55:45 +0100] "GET /ticket2/opencms/system/modules/com.gridnine.opencms.ticketbrokerage.site/resources/js/jquery.fancybox.pack.js HTTP/1.1" 200 23187
202.8.42.159 - - [19/Feb/2025:00:55:45 +0100] "GET /ticket2/opencms/system/modules/com.gridnine.opencms.ticketbrokerage.site/resources/js/stickyfill.min.js HTTP/1.1" 200 5672
202.8.42.159 - - [19/Feb/2025:00:55:45 +0100] "GET /ticket2/opencms/system/modules/com.gridnine.opencms.ticketbrokerage.site/resources/js/standard.js HTTP/1.1" 200 3983
202.8.42.159 - - [19/Feb/2025:00:55:45 +0100] "GET /ticket2/opencms/system/modules/com.gridnine.opencms.ticketbrokerage.site/resources/js/jquery.placeholder.min.js HTTP/1.1" 200 1737
202.8.42.159 - - [19/Feb/2025:00:55:45 +0100] "GET /ticket2/opencms/system/modules/com.gridnine.opencms.ticketbrokerage.site/resources/js/common-ajax.js HTTP/1.1" 200 20175
216.244.66.238 - - [19/Feb/2025:00:55:45 +0100] "GET /ticket2/opencms/nl/buy?page=1&edid=007DD58E-9F47-4404-AD36-B42DD6D220DB HTTP/1.1" 200 108388
185.191.171.18 - - [19/Feb/2025:00:55:45 +0100] "GET /ticket2/opencms/sv/magazine/article?title=om-fotbollslaget-liverpool-fc HTTP/1.1" 200 95803
52.167.144.140 - - [19/Feb/2025:00:55:46 +0100] "GET /ticket2/opencms/ro/buy/?comcatid=97ECA65A-72DA-F9AF-9DBB-245D3CFED1BE HTTP/1.1" 200 96933
54.38.85.36 - - [19/Feb/2025:00:55:48 +0100] "GET /ticket2/opencms/en/buy/?page=1&edid=2685EB67-66CF-F338-1DA1-DD3539A89468&sortorder=desc&column=section HTTP/1.1" 200 111715
157.90.209.79 - - [19/Feb/2025:00:55:49 +0100] "GET /ticket2/opencms/hr/faq HTTP/1.1" 200 90446
54.38.85.36 - - [19/Feb/2025:00:55:51 +0100] "GET /ticket2/opencms/en/buy/?page=1&edid=268F6694-F84C-E40C-EBC1-404E5051D05D&sortorder=asc&column=price HTTP/1.1" 200 111517
85.208.96.196 - - [19/Feb/2025:00:55:52 +0100] "GET /ticket2/opencms/sk/magazine/article?title=brentford-fc-druhy-v-championship HTTP/1.1" 200 93561
216.244.66.238 - - [19/Feb/2025:00:55:53 +0100] "GET /ticket2/opencms/no/buy?page=1&edid=BC7AF65B-4310-C4B9-0156-F29D5392A6D8 HTTP/1.1" 200 111833
54.38.85.36 - - [19/Feb/2025:00:55:55 +0100] "GET /ticket2/opencms/en/buy/?page=1&edid=26946324-80EA-5BC2-A081-74A9001A9422 HTTP/1.1" 200 110635
157.90.209.79 - - [19/Feb/2025:00:55:58 +0100] "GET /ticket2/opencms/hr/kontaktirajte-nas HTTP/1.1" 200 89401
54.38.85.36 - - [19/Feb/2025:00:55:59 +0100] "GET /ticket2/opencms/en/buy/?page=1&edid=26E1A9E2-98B6-A6E5-096E-D18D1A038FCE&sortorder=desc&column=price HTTP/1.1" 200 110740
54.36.148.93 - - [19/Feb/2025:00:56:00 +0100] "GET /ticket2/opencms/no/sport/fotballsbilletter/bundesliga/koln HTTP/1.1" 200 94035
216.244.66.238 - - [19/Feb/2025:00:56:01 +0100] "GET /ticket2/opencms/pl/buy?page=1&edid=3E24521C-DB13-BD95-52CD-A7377E1EA4E7 HTTP/1.1" 200 112281
202.8.41.182 - - [19/Feb/2025:00:56:01 +0100] "GET /ticket2/opencms/system/modules/com.gridnine.opencms.ticketbrokerage.site/resources/css/jquery-ui.css HTTP/1.1" 200 33221
202.8.41.182 - - [19/Feb/2025:00:56:01 +0100] "GET /ticket2/opencms/system/modules/com.gridnine.opencms.ticketbrokerage.site/resources/css/standard.css HTTP/1.1" 200 73904
202.8.41.182 - - [19/Feb/2025:00:56:01 +0100] "GET /ticket2/opencms/system/modules/com.gridnine.opencms.ticketbrokerage.site/resources/css/jquery.fancybox.css HTTP/1.1" 200 4939
202.8.41.182 - - [19/Feb/2025:00:56:01 +0100] "GET /ticket2/opencms/system/modules/com.gridnine.opencms.ticketbrokerage.site/resources/css/ticketbrokerage.css HTTP/1.1" 200 39339
202.8.41.182 - - [19/Feb/2025:00:56:01 +0100] "GET /ticket2/opencms/system/modules/com.gridnine.opencms.ticketbrokerage.site/resources/css/calendar.css HTTP/1.1" 200 6871
202.8.41.182 - - [19/Feb/2025:00:56:01 +0100] "GET /ticket2/opencms/system/modules/com.gridnine.opencms.ticketbrokerage.site/resources/js/jquery/jquery.js HTTP/1.1" 200 93868
202.8.41.182 - - [19/Feb/2025:00:56:01 +0100] "GET /ticket2/opencms/system/modules/com.gridnine.opencms.ticketbrokerage.site/resources/js/functions.js HTTP/1.1" 200 1583
202.8.41.182 - - [19/Feb/2025:00:56:01 +0100] "GET /ticket2/opencms/system/modules/com.gridnine.opencms.ticketbrokerage.site/resources/js/jquery/jquery-ui.js HTTP/1.1" 200 228088
202.8.41.182 - - [19/Feb/2025:00:56:01 +0100] "GET /ticket2/opencms/system/modules/com.gridnine.opencms.ticketbrokerage.site/resources/js/calendar.js HTTP/1.1" 200 49229
202.8.41.182 - - [19/Feb/2025:00:56:01 +0100] "GET /ticket2/opencms/system/modules/com.gridnine.opencms.ticketbrokerage.site/resources/js/calendar-en.js HTTP/1.1" 200 3338
202.8.41.182 - - [19/Feb/2025:00:56:01 +0100] "GET /ticket2/opencms/system/modules/com.gridnine.opencms.ticketbrokerage.site/resources/js/calendar-setup.js HTTP/1.1" 200 4923
202.8.41.182 - - [19/Feb/2025:00:56:02 +0100] "GET /ticket2/opencms/system/modules/com.gridnine.opencms.ticketbrokerage.site/resources/js/jquery.fancybox.pack.js HTTP/1.1" 200 23187
202.8.41.182 - - [19/Feb/2025:00:56:02 +0100] "GET /ticket2/opencms/system/modules/com.gridnine.opencms.ticketbrokerage.site/resources/js/stickyfill.min.js HTTP/1.1" 200 5672
202.8.41.182 - - [19/Feb/2025:00:56:02 +0100] "GET /ticket2/opencms/system/modules/com.gridnine.opencms.ticketbrokerage.site/resources/js/standard.js HTTP/1.1" 200 3983
202.8.41.182 - - [19/Feb/2025:00:56:02 +0100] "GET /ticket2/opencms/system/modules/com.gridnine.opencms.ticketbrokerage.site/resources/js/jquery.placeholder.min.js HTTP/1.1" 200 1737
202.8.41.182 - - [19/Feb/2025:00:56:02 +0100] "GET /ticket2/opencms/system/modules/com.gridnine.opencms.ticketbrokerage.site/resources/js/common-ajax.js HTTP/1.1" 200 20175
54.38.85.36 - - [19/Feb/2025:00:56:02 +0100] "GET /ticket2/opencms/en/buy/?page=1&edid=26E1A9E2-98B6-A6E5-096E-D18D1A038FCE&sortorder=desc&column=row HTTP/1.1" 200 110585
85.208.96.205 - - [19/Feb/2025:00:56:03 +0100] "GET /ticket2/opencms/sv/magazine/article?title=arsenal-sasongsreflektion HTTP/1.1" 200 94487
54.38.85.36 - - [19/Feb/2025:00:56:06 +0100] "GET /ticket2/opencms/en/buy/?page=1&edid=2719FEF6-C3A2-38D8-D55F-559BB24F7DCB&sortorder=desc&column=row HTTP/1.1" 200 110875
216.244.66.238 - - [19/Feb/2025:00:56:08 +0100] "GET /ticket2/opencms/sk/buy?page=1&edid=15507C5C-EBAC-0D65-4FA1-76ADC722C3D4 HTTP/1.1" 200 111898
66.249.79.194 - - [19/Feb/2025:00:56:09 +0100] "GET /ticket2/opencms/az/magazine/article?title=kylian-mbappe-real-madride-qeder HTTP/1.1" 200 93644
54.38.85.36 - - [19/Feb/2025:00:56:09 +0100] "GET /ticket2/opencms/en/buy/?page=1&edid=28367C9E-EB8F-FFA3-A30D-98147557C428&sortorder=desc&column=section HTTP/1.1" 200 111556
173.252.69.116 - - [19/Feb/2025:00:56:10 +0100] "GET /ticket2/opencms/hr/magazine/article?title=manchester-city-vs-queens-park-rangers HTTP/1.1" 200 94624
157.90.209.79 - - [19/Feb/2025:00:56:11 +0100] "GET /ticket2/opencms/hr/kupi HTTP/1.1" 200 90227
54.38.85.36 - - [19/Feb/2025:00:56:13 +0100] "GET /ticket2/opencms/en/buy/?page=1&edid=2AA1FF96-18BA-5A96-CBE6-7F35F0406D7B&sortorder=desc&column=section HTTP/1.1" 200 111754
54.36.148.233 - - [19/Feb/2025:00:56:14 +0100] "GET /ticket2/opencms/es/buy?page=1&edid=8495D901-F688-6503-156B-B04AA3A623B4 HTTP/1.1" 200 90263
40.77.167.78 - - [19/Feb/2025:00:56:15 +0100] "GET /ticket2/opencms/en/magazine/article?title=alexander-isak-breaks-records HTTP/1.1" 200 90967
54.38.85.36 - - [19/Feb/2025:00:56:16 +0100] "GET /ticket2/opencms/en/buy/?page=1&edid=2BB46C82-776D-790E-346D-8BB7292ADA6F HTTP/1.1" 200 109610
185.191.171.17 - - [19/Feb/2025:00:56:17 +0100] "GET /ticket2/opencms/sv/sport/fotbollsbiljetter/english-championship/watford/ HTTP/1.1" 200 88204
216.244.66.238 - - [19/Feb/2025:00:56:17 +0100] "GET /ticket2/opencms/sk/buy?page=1&edid=CA3F9008-DF2E-9600-6911-C8A6F29ECC9F HTTP/1.1" 200 112124
207.46.13.92 - - [19/Feb/2025:00:56:19 +0100] "GET /ticket2/opencms/et/magazine/article?title=dramaatiline-mang-tottenhami-ja-chelsea-vahel HTTP/1.1" 200 94447
173.252.87.7 - - [19/Feb/2025:00:56:19 +0100] "GET /ticket2/opencms/sq/magazine/article?title=manchester-united-kunder-arsenal HTTP/1.1" 200 93747
54.38.85.36 - - [19/Feb/2025:00:56:20 +0100] "GET /ticket2/opencms/en/buy/?page=1&edid=2BB46C82-776D-790E-346D-8BB7292ADA6F&sortorder=asc&column=price HTTP/1.1" 200 110485
47.238.13.0 - - [19/Feb/2025:00:56:20 +0100] "GET /ticket2/opencms/mk/buy?page=1&edid=3754A801-0360-9F1A-6DA4-BE3220BB9FC0&sortorder=desc&column=row HTTP/1.1" 404 -
157.90.209.79 - - [19/Feb/2025:00:56:21 +0100] "GET /ticket2/opencms/hr/kupujte-sigurno HTTP/1.1" 200 90981
85.208.96.210 - - [19/Feb/2025:00:56:22 +0100] "GET /ticket2/opencms/bg/magazine/article?title=joel-matip-napuska-liverpool-fc HTTP/1.1" 200 98278
47.128.31.27 - - [19/Feb/2025:00:56:22 +0100] "GET /ticket2/opencms/be/buy/?catid=64756941-02D2-3538-2077-8C2508F4A3A8&comcatid=A17713B6-D984-201A-4143-ED4DB5ED5C2E HTTP/1.1" 200 104179
54.38.85.36 - - [19/Feb/2025:00:56:24 +0100] "GET /ticket2/opencms/en/buy/?page=1&edid=2BB46C82-776D-790E-346D-8BB7292ADA6F&sortorder=asc&column=row HTTP/1.1" 200 110482
66.220.149.1 - - [19/Feb/2025:00:56:24 +0100] "GET /ticket2/opencms/dk/buy/?page=1&edid=EE5FBB3F-5DE5-7AF4-5DB6-F4D1706153C7 HTTP/1.1" 200 110387
185.191.171.17 - - [19/Feb/2025:00:56:26 +0100] "GET /ticket2/opencms/robots.txt HTTP/1.1" 200 773
216.244.66.238 - - [19/Feb/2025:00:56:26 +0100] "GET /ticket2/opencms/sv/buy?page=1&edid=A72CD07D-08E4-C032-9FA6-2107B7134BD2 HTTP/1.1" 200 111356
54.38.85.36 - - [19/Feb/2025:00:56:27 +0100] "GET /ticket2/opencms/en/buy/?page=1&edid=2BB46C82-776D-790E-346D-8BB7292ADA6F&sortorder=asc&column=section HTTP/1.1" 200 110607
185.191.171.17 - - [19/Feb/2025:00:56:27 +0100] "GET /ticket2/opencms/bs/magazine/article?title=fk-liverpool-sezonski-osvrt HTTP/1.1" 200 94342
40.77.167.20 - - [19/Feb/2025:00:56:28 +0100] "GET /ticket2/opencms/uk/buy/?page=1&edid=75DB9E0C-160D-3025-2938-CBFD4F5F1C36 HTTP/1.1" 200 114288
157.90.209.79 - - [19/Feb/2025:00:56:28 +0100] "GET /ticket2/opencms/hr/login HTTP/1.1" 200 91792
54.36.148.134 - - [19/Feb/2025:00:56:30 +0100] "GET /ticket2/opencms/de/sport/fussball-tickets/english-championship/leicester-city/ HTTP/1.1" 200 98211
54.38.85.36 - - [19/Feb/2025:00:56:31 +0100] "GET /ticket2/opencms/en/buy/?page=1&edid=2C4B6786-0F6F-C1FA-478C-3E015D58BCA8&sortorder=asc&column=price HTTP/1.1" 200 111637
54.38.85.36 - - [19/Feb/2025:00:56:34 +0100] "GET /ticket2/opencms/en/buy/?page=1&edid=2C4B6786-0F6F-C1FA-478C-3E015D58BCA8&sortorder=asc&column=row HTTP/1.1" 200 111568
85.208.96.194 - - [19/Feb/2025:00:56:37 +0100] "GET /ticket2/opencms/bs/search.html HTTP/1.1" 200 96977
54.38.85.36 - - [19/Feb/2025:00:56:38 +0100] "GET /ticket2/opencms/en/buy/?page=1&edid=2C4B6786-0F6F-C1FA-478C-3E015D58BCA8&sortorder=asc&column=section HTTP/1.1" 200 111737
157.90.209.79 - - [19/Feb/2025:00:56:39 +0100] "GET /ticket2/opencms/hr/magazine HTTP/1.1" 200 153858
54.38.85.36 - - [19/Feb/2025:00:56:42 +0100] "GET /ticket2/opencms/en/buy/?page=1&edid=2C4B6786-0F6F-C1FA-478C-3E015D58BCA8&sortorder=desc&column=row HTTP/1.1" 200 111603
216.244.66.238 - - [19/Feb/2025:00:56:44 +0100] "GET /ticket2/opencms/dk/en/venue/?venueid=167BF5C0-6635-8C74-B6D3-DD0AC3DE5519 HTTP/1.1" 404 -
54.38.85.36 - - [19/Feb/2025:00:56:46 +0100] "GET /ticket2/opencms/en/buy/?page=1&edid=2DEDC008-A8E2-8338-9113-89CEDCB5E81A&sortorder=asc&column=row HTTP/1.1" 200 111453
54.36.149.65 - - [19/Feb/2025:00:56:46 +0100] "GET /ticket2/opencms/de/sport/fussball-tickets/english-championship/watford/ HTTP/1.1" 200 97526
54.38.85.36 - - [19/Feb/2025:00:56:49 +0100] "GET /ticket2/opencms/en/buy/?page=1&edid=2F7CCFEA-11D9-C739-94AB-D08CAE52A423&sortorder=asc&column=row HTTP/1.1" 200 109939
216.244.66.238 - - [19/Feb/2025:00:56:50 +0100] "GET /ticket2/opencms/dk/en/venue/?venueid=2CC3C565-7AA7-01B3-4822-8F5EC3F5CADB HTTP/1.1" 404 -
54.38.85.36 - - [19/Feb/2025:00:56:53 +0100] "GET /ticket2/opencms/en/buy/?page=1&edid=3162CA97-90A3-818D-CF45-2A7A973595B1&sortorder=desc&column=price HTTP/1.1" 200 110966
216.244.66.238 - - [19/Feb/2025:00:56:54 +0100] "GET /ticket2/opencms/dk/en/venue/?venueid=31BBAF6D-4071-7BB6-60A3-8F76D4F1958F HTTP/1.1" 404 -
114.119.136.30 - - [19/Feb/2025:00:56:56 +0100] "GET /ticket2/opencms/ro/buy?page=1&=FCEB71A3-C27D-C49F-469F-2CB5939452EE HTTP/1.1" 200 -
157.90.209.79 - - [19/Feb/2025:00:56:56 +0100] "GET /ticket2/opencms/hr/magazine/article?title=abdul-fatawu-ce-propustiti-ostatak-sezone HTTP/1.1" 200 94163
54.38.85.36 - - [19/Feb/2025:00:56:57 +0100] "GET /ticket2/opencms/en/buy/?page=1&edid=3162CA97-90A3-818D-CF45-2A7A973595B1&sortorder=desc&column=row HTTP/1.1" 200 110885
54.36.148.57 - - [19/Feb/2025:00:56:59 +0100] "GET /ticket2/opencms/sl/buy?page=1&edid=F2D85B77-0146-9383-AAB8-AFEF60C3B51B HTTP/1.1" 200 110678
216.244.66.238 - - [19/Feb/2025:00:56:59 +0100] "GET /ticket2/opencms/dk/en/venue/?venueid=41147811-3555-116B-80FF-96EECC95BFDA HTTP/1.1" 404 -
66.220.149.5 - - [19/Feb/2025:00:57:00 +0100] "GET /ticket2/opencms/uk/sport/kvytky-na-futbol/serie-a/napoli HTTP/1.1" 200 99363
54.38.85.36 - - [19/Feb/2025:00:57:00 +0100] "GET /ticket2/opencms/en/buy/?page=1&edid=3162CA97-90A3-818D-CF45-2A7A973595B1&sortorder=desc&column=section HTTP/1.1" 200 111023
216.244.66.238 - - [19/Feb/2025:00:57:03 +0100] "GET /ticket2/opencms/dk/en/venue/?venueid=4E39CE7D-BC63-4F01-AE7F-1A3BEBF78AB4 HTTP/1.1" 404 -
54.38.85.36 - - [19/Feb/2025:00:57:04 +0100] "GET /ticket2/opencms/en/buy/?page=1&edid=31705C01-A63C-4B02-3884-2009D5CA2E67&sortorder=asc&column=price HTTP/1.1" 200 110870
85.208.96.195 - - [19/Feb/2025:00:57:05 +0100] "GET /ticket2/opencms/lv/magazine/article?title=futbola-tehnologijas-nakotne HTTP/1.1" 200 94857
216.244.66.238 - - [19/Feb/2025:00:57:07 +0100] "GET /ticket2/opencms/dk/en/venue/?venueid=5656BFDD-7249-1ADA-776A-F31C05AE5BA2 HTTP/1.1" 404 -
157.90.209.79 - - [19/Feb/2025:00:57:07 +0100] "GET /ticket2/opencms/hr/magazine/article?title=analiza-koliko-su-se-povecale-cijene-ulaznica-premier-lige-liverpool-i-arsenal-su-najskuplji HTTP/1.1" 200 99773
54.38.85.36 - - [19/Feb/2025:00:57:07 +0100] "GET /ticket2/opencms/en/buy/?page=1&edid=31705C01-A63C-4B02-3884-2009D5CA2E67&sortorder=asc&column=row HTTP/1.1" 200 110877
54.38.85.36 - - [19/Feb/2025:00:57:11 +0100] "GET /ticket2/opencms/en/buy/?page=1&edid=31705C01-A63C-4B02-3884-2009D5CA2E67&sortorder=asc&column=section HTTP/1.1" 200 110990
54.36.149.8 - - [19/Feb/2025:00:57:11 +0100] "GET /ticket2/opencms/dk/venue/?venueid=FF995A14-40EA-8EEB-6CB2-5F20B0A58DD9 HTTP/1.1" 200 85815
47.128.50.70 - - [19/Feb/2025:00:57:11 +0100] "GET /ticket2/opencms/ro/?comcatid=B41CCF2B-5558-7AEE-3602-09BBDE417D65 HTTP/1.1" 200 107912
216.244.66.238 - - [19/Feb/2025:00:57:12 +0100] "GET /ticket2/opencms/dk/en/venue/?venueid=5A7F3216-3247-9899-48F9-7CCF4571FF29 HTTP/1.1" 404 -
185.191.171.18 - - [19/Feb/2025:00:57:13 +0100] "GET /ticket2/opencms/bs/magazine/article?title=hugo-larsson-20-godisnjak-koji-ide-od-uspjeha-do-uspjeha HTTP/1.1" 200 95277
54.38.85.36 - - [19/Feb/2025:00:57:15 +0100] "GET /ticket2/opencms/en/buy/?page=1&edid=31F5CF5E-4CB3-EBA3-49F4-589199A00779&sortorder=asc&column=price HTTP/1.1" 200 110428
157.90.209.79 - - [19/Feb/2025:00:57:15 +0100] "GET /ticket2/opencms/hr/magazine/article?title=arsenalova-sezonska-refleksija HTTP/1.1" 200 94195
216.244.66.238 - - [19/Feb/2025:00:57:15 +0100] "GET /ticket2/opencms/dk/en/venue/?venueid=B8FCE929-249C-C67B-84CE-487EF2E25D2B HTTP/1.1" 404 -
54.38.85.36 - - [19/Feb/2025:00:57:18 +0100] "GET /ticket2/opencms/en/buy/?page=1&edid=31F5CF5E-4CB3-EBA3-49F4-589199A00779&sortorder=asc&column=row HTTP/1.1" 200 110443
216.244.66.238 - - [19/Feb/2025:00:57:18 +0100] "GET /ticket2/opencms/dk/en/venue/?venueid=BEE8945B-B778-8574-F935-6E77E100F04E HTTP/1.1" 404 -
40.77.167.20 - - [19/Feb/2025:00:57:20 +0100] "GET /ticket2/opencms/it/buy/?page=1&edid=908BE36D-8FF3-AA68-DA1C-5E711673DE9D HTTP/1.1" 200 108334
54.38.85.36 - - [19/Feb/2025:00:57:22 +0100] "GET /ticket2/opencms/en/buy/?page=1&edid=31F5CF5E-4CB3-EBA3-49F4-589199A00779&sortorder=asc&column=section HTTP/1.1" 200 110481
54.36.149.26 - - [19/Feb/2025:00:57:22 +0100] "GET /ticket2/opencms/en/venue/?venueid=DE7F1EC9-0D2B-44FE-8EF1-944663AE79B6 HTTP/1.1" 200 85255
54.36.148.73 - - [19/Feb/2025:00:57:24 +0100] "GET /ticket2/opencms/en/magazine/article?title=january-transfer-windows-most-expensive-signings HTTP/1.1" 200 92021
54.38.85.36 - - [19/Feb/2025:00:57:26 +0100] "GET /ticket2/opencms/en/buy/?page=1&edid=3A37BCE8-6529-D527-7A05-B4A6F4329BC8&sortorder=desc&column=section HTTP/1.1" 200 110597
66.249.79.35 - - [19/Feb/2025:00:57:26 +0100] "GET /ticket2/opencms/set_aff_cookie.jsp?partner=8F6DE15D-D831-5787-AE7E-FEFF53476F85&url=%252Fno%252Fbuy%252Findex.html%253Fpage%253D1%2526edid%253DDC4F64BB-84C6-452C-2BFD-138DC45E79DD%2526hlv%253D666de06a-13e4-4bf2-a6fe-6d8a0a01000f%2523v708261208 HTTP/1.1" 200 245
157.90.209.79 - - [19/Feb/2025:00:57:27 +0100] "GET /ticket2/opencms/hr/magazine/article?title=bukayo-ayoyinka-t-m-saka HTTP/1.1" 200 93335
52.167.144.212 - - [19/Feb/2025:00:57:27 +0100] "GET /ticket2/opencms/de/buy/?page=1&edid=299450E2-FDAD-4E2B-0058-6290A7A2B57D HTTP/1.1" 200 111464
54.38.85.36 - - [19/Feb/2025:00:57:29 +0100] "GET /ticket2/opencms/en/buy/?page=1&edid=3BF089D2-CA6A-D5BF-ED58-5522099ECEE1&sortorder=asc&column=price HTTP/1.1" 200 110582
54.38.85.36 - - [19/Feb/2025:00:57:33 +0100] "GET /ticket2/opencms/en/buy/?page=1&edid=3BF089D2-CA6A-D5BF-ED58-5522099ECEE1&sortorder=asc&column=row HTTP/1.1" 200 110386
54.38.85.36 - - [19/Feb/2025:00:57:36 +0100] "GET /ticket2/opencms/en/buy/?page=1&edid=3BF089D2-CA6A-D5BF-ED58-5522099ECEE1&sortorder=asc&column=section HTTP/1.1" 200 110642
85.208.96.210 - - [19/Feb/2025:00:57:38 +0100] "GET /ticket2/opencms/sl/magazine/article?title=burnley-fc HTTP/1.1" 200 91803
47.128.46.76 - - [19/Feb/2025:00:57:38 +0100] "GET /ticket2/opencms/fi/venue/?venueid=E1FDA495-A4B3-5F1B-7AE5-E9A07438E5E1 HTTP/1.1" 200 86856
54.38.85.36 - - [19/Feb/2025:00:57:40 +0100] "GET /ticket2/opencms/en/buy/?page=1&edid=3CCB9FC1-7F7B-648B-463A-07132FE85ACE&sortorder=desc&column=section HTTP/1.1" 200 109997
54.36.148.203 - - [19/Feb/2025:00:57:41 +0100] "GET /ticket2/opencms/mo/buy/?page=1&edid=D3AB0CA8-3C40-1AB9-8BEC-7D01F349EB4E HTTP/1.1" 200 136001
47.128.34.110 - - [19/Feb/2025:00:57:42 +0100] "GET /ticket2/opencms/sv/buy/?edid=8E60715C-679D-D409-2BE9-46EB77599BF4 HTTP/1.1" 200 91249
157.90.209.79 - - [19/Feb/2025:00:57:43 +0100] "GET /ticket2/opencms/hr/magazine/article?title=cole-palmer-odlucuje-utakmicu-i-alexander-isak-se-vraca HTTP/1.1" 200 93521
54.38.85.36 - - [19/Feb/2025:00:57:44 +0100] "GET /ticket2/opencms/en/buy/?page=1&edid=3E653603-2990-6BAA-BF77-A3869BCDA790 HTTP/1.1" 200 109790
85.208.96.210 - - [19/Feb/2025:00:57:46 +0100] "GET /ticket2/opencms/mo/about/contact/ HTTP/1.1" 200 86331
54.38.85.36 - - [19/Feb/2025:00:57:48 +0100] "GET /ticket2/opencms/en/buy/?page=1&edid=3E653603-2990-6BAA-BF77-A3869BCDA790&sortorder=asc&column=row HTTP/1.1" 200 110659
54.38.85.36 - - [19/Feb/2025:00:57:51 +0100] "GET /ticket2/opencms/en/buy/?page=1&edid=3E653603-2990-6BAA-BF77-A3869BCDA790&sortorder=desc&column=price HTTP/1.1" 200 110785
47.128.58.14 - - [19/Feb/2025:00:57:54 +0100] "GET /ticket2/opencms/sl/buy/?edid=31B9C446-A8DC-95DD-A849-35A34B746A74 HTTP/1.1" 200 91566
54.38.85.36 - - [19/Feb/2025:00:57:55 +0100] "GET /ticket2/opencms/en/buy/?page=1&edid=3E653603-2990-6BAA-BF77-A3869BCDA790&sortorder=desc&column=row HTTP/1.1" 200 110619
54.36.148.196 - - [19/Feb/2025:00:57:57 +0100] "GET /ticket2/opencms/lv/perciet-drosi HTTP/1.1" 200 90959
202.8.41.180 - - [19/Feb/2025:00:57:58 +0100] "GET /ticket2/opencms/system/modules/com.gridnine.opencms.ticketbrokerage.site/resources/css/jquery.fancybox.css HTTP/1.1" 200 4939
202.8.41.180 - - [19/Feb/2025:00:57:58 +0100] "GET /ticket2/opencms/system/modules/com.gridnine.opencms.ticketbrokerage.site/resources/css/standard.css HTTP/1.1" 200 73904
202.8.41.180 - - [19/Feb/2025:00:57:58 +0100] "GET /ticket2/opencms/system/modules/com.gridnine.opencms.ticketbrokerage.site/resources/css/ticketbrokerage.css HTTP/1.1" 200 39339
202.8.41.180 - - [19/Feb/2025:00:57:58 +0100] "GET /ticket2/opencms/system/modules/com.gridnine.opencms.ticketbrokerage.site/resources/css/calendar.css HTTP/1.1" 200 6871
202.8.41.180 - - [19/Feb/2025:00:57:58 +0100] "GET /ticket2/opencms/system/modules/com.gridnine.opencms.ticketbrokerage.site/resources/css/jquery-ui.css HTTP/1.1" 200 33221
202.8.41.180 - - [19/Feb/2025:00:57:58 +0100] "GET /ticket2/opencms/system/modules/com.gridnine.opencms.ticketbrokerage.site/resources/js/stickyfill.min.js HTTP/1.1" 200 5672
202.8.41.180 - - [19/Feb/2025:00:57:58 +0100] "GET /ticket2/opencms/system/modules/com.gridnine.opencms.ticketbrokerage.site/resources/js/jquery/jquery.js HTTP/1.1" 200 93868
202.8.41.180 - - [19/Feb/2025:00:57:58 +0100] "GET /ticket2/opencms/system/modules/com.gridnine.opencms.ticketbrokerage.site/resources/js/jquery/jquery-ui.js HTTP/1.1" 200 228088
202.8.41.180 - - [19/Feb/2025:00:57:58 +0100] "GET /ticket2/opencms/system/modules/com.gridnine.opencms.ticketbrokerage.site/resources/js/calendar.js HTTP/1.1" 200 49229
202.8.41.180 - - [19/Feb/2025:00:57:58 +0100] "GET /ticket2/opencms/system/modules/com.gridnine.opencms.ticketbrokerage.site/resources/js/functions.js HTTP/1.1" 200 1583
202.8.41.180 - - [19/Feb/2025:00:57:58 +0100] "GET /ticket2/opencms/system/modules/com.gridnine.opencms.ticketbrokerage.site/resources/js/calendar-en.js HTTP/1.1" 200 3338
202.8.41.180 - - [19/Feb/2025:00:57:58 +0100] "GET /ticket2/opencms/system/modules/com.gridnine.opencms.ticketbrokerage.site/resources/js/calendar-setup.js HTTP/1.1" 200 4923
202.8.41.180 - - [19/Feb/2025:00:57:58 +0100] "GET /ticket2/opencms/system/modules/com.gridnine.opencms.ticketbrokerage.site/resources/js/jquery.fancybox.pack.js HTTP/1.1" 200 23187
202.8.41.180 - - [19/Feb/2025:00:57:58 +0100] "GET /ticket2/opencms/system/modules/com.gridnine.opencms.ticketbrokerage.site/resources/js/standard.js HTTP/1.1" 200 3983
202.8.41.180 - - [19/Feb/2025:00:57:59 +0100] "GET /ticket2/opencms/system/modules/com.gridnine.opencms.ticketbrokerage.site/resources/js/jquery.placeholder.min.js HTTP/1.1" 200 1737
202.8.41.180 - - [19/Feb/2025:00:57:59 +0100] "GET /ticket2/opencms/system/modules/com.gridnine.opencms.ticketbrokerage.site/resources/js/common-ajax.js HTTP/1.1" 200 20175
54.38.85.36 - - [19/Feb/2025:00:57:59 +0100] "GET /ticket2/opencms/en/buy/?page=1&edid=3E653603-2990-6BAA-BF77-A3869BCDA790&sortorder=desc&column=section HTTP/1.1" 200 110835
185.191.171.12 - - [19/Feb/2025:00:57:59 +0100] "GET /ticket2/opencms/cs/magazine/article?title=finale-me-2024 HTTP/1.1" 200 95441
40.77.167.70 - - [19/Feb/2025:00:57:59 +0100] "GET /ticket2/opencms/de/buy/?page=1&edid=FF0F20E9-4ECC-8A4E-F200-09858CA7BE69 HTTP/1.1" 200 111537
66.249.68.39 - - [19/Feb/2025:00:58:00 +0100] "GET /ticket2/opencms/de/magazine/article?title=wir-sind-die-schlechteste-mannschaft-in-der-geschichte-des-clubs HTTP/1.1" 200 93305
157.90.209.79 - - [19/Feb/2025:00:58:02 +0100] "GET /ticket2/opencms/hr/magazine/article?title=declan-rice HTTP/1.1" 200 92904
54.38.85.36 - - [19/Feb/2025:00:58:02 +0100] "GET /ticket2/opencms/en/buy/?page=1&edid=3EC14DC4-3C4A-6A9B-BB8A-B8CCD1583687&sortorder=asc&column=price HTTP/1.1" 200 111044
66.249.68.38 - - [19/Feb/2025:00:58:04 +0100] "GET /ticket2/opencms/system/modules/com.gridnine.opencms.ticketbrokerage.site/resources/js/calendar.js HTTP/1.1" 200 49229
185.191.171.12 - - [19/Feb/2025:00:58:05 +0100] "GET /ticket2/opencms/en/sport/football-tickets/la-liga/villarreal/ HTTP/1.1" 200 91471
114.119.130.154 - - [19/Feb/2025:00:58:05 +0100] "GET /ticket2/opencms/en/sell/?edid=2257C75C-BA42-2AAA-5AB5-C3F917CC9AC1 HTTP/1.1" 302 -
54.38.85.36 - - [19/Feb/2025:00:58:06 +0100] "GET /ticket2/opencms/en/buy/?page=1&edid=3EC14DC4-3C4A-6A9B-BB8A-B8CCD1583687&sortorder=asc&column=row HTTP/1.1" 200 110932
114.119.130.154 - - [19/Feb/2025:00:58:10 +0100] "GET /ticket2/opencms/en/login/?url=/en/sell/ HTTP/1.1" 200 90162
54.38.85.36 - - [19/Feb/2025:00:58:10 +0100] "GET /ticket2/opencms/en/buy/?page=1&edid=3EE4A476-CEF9-2137-D771-AEC1A5257F62 HTTP/1.1" 200 110575
54.36.149.1 - - [19/Feb/2025:00:58:10 +0100] "GET /ticket2/opencms/hu/buy/?page=1&edid=0DC29C5C-A273-34CB-58F3-441C87554AF1 HTTP/1.1" 200 124650
40.77.167.77 - - [19/Feb/2025:00:58:13 +0100] "GET /ticket2/opencms/az/buy/?page=6&comcatid=A17713B6-D984-201A-4143-ED4DB5ED5C2E&catid=0A6C99D2-F5BD-7A18-9A5F-5668827042E0 HTTP/1.1" 200 184806
54.38.85.36 - - [19/Feb/2025:00:58:13 +0100] "GET /ticket2/opencms/en/buy/?page=1&edid=3EE4A476-CEF9-2137-D771-AEC1A5257F62&sortorder=asc&column=row HTTP/1.1" 200 111424
40.77.167.77 - - [19/Feb/2025:00:58:15 +0100] "GET /ticket2/opencms/cs/buy?page=1&edid=0BDC77E8-1941-E214-5BA6-B191DFAB752D HTTP/1.1" 200 111313
54.38.85.36 - - [19/Feb/2025:00:58:17 +0100] "GET /ticket2/opencms/en/buy/?page=1&edid=60EFDC2E-D0E4-50A3-A8F0-F9555AFF82D2&sortorder=asc&column=price HTTP/1.1" 200 110559
52.167.144.140 - - [19/Feb/2025:00:58:18 +0100] "GET /ticket2/opencms/tr/buy?page=6&comcatid=A17713B6-D984-201A-4143-ED4DB5ED5C2E&catid=0A6C99D2-F5BD-7A18-9A5F-5668827042E0&eventid=66D77204-4B8D-B660-88DB-7A93BC4629FF HTTP/1.1" 200 115328
157.90.209.79 - - [19/Feb/2025:00:58:19 +0100] "GET /ticket2/opencms/hr/magazine/article?title=dobitnik-zlatne-lopte-2024 HTTP/1.1" 200 93759
54.38.85.36 - - [19/Feb/2025:00:58:20 +0100] "GET /ticket2/opencms/en/buy/?page=1&edid=60EFDC2E-D0E4-50A3-A8F0-F9555AFF82D2&sortorder=asc&column=row HTTP/1.1" 200 110529
185.191.171.9 - - [19/Feb/2025:00:58:22 +0100] "GET /ticket2/opencms/tr/magazine/article?title=em-yildizlari-en-cok-googleda-arananlar-ve-instagramda-en-cok-takipcisi-olanlar HTTP/1.1" 200 96888
54.36.148.204 - - [19/Feb/2025:00:58:23 +0100] "GET /ticket2/opencms/be/partnyorskaya-pragrama HTTP/1.1" 200 91440
202.8.43.77 - - [19/Feb/2025:00:58:24 +0100] "GET /ticket2/opencms/system/modules/com.gridnine.opencms.ticketbrokerage.site/resources/css/jquery-ui.css HTTP/1.1" 200 33221
202.8.43.77 - - [19/Feb/2025:00:58:24 +0100] "GET /ticket2/opencms/system/modules/com.gridnine.opencms.ticketbrokerage.site/resources/css/calendar.css HTTP/1.1" 200 6871
202.8.43.77 - - [19/Feb/2025:00:58:24 +0100] "GET /ticket2/opencms/system/modules/com.gridnine.opencms.ticketbrokerage.site/resources/css/jquery.fancybox.css HTTP/1.1" 200 4939
202.8.43.77 - - [19/Feb/2025:00:58:24 +0100] "GET /ticket2/opencms/system/modules/com.gridnine.opencms.ticketbrokerage.site/resources/css/standard.css HTTP/1.1" 200 73904
202.8.43.77 - - [19/Feb/2025:00:58:24 +0100] "GET /ticket2/opencms/system/modules/com.gridnine.opencms.ticketbrokerage.site/resources/js/jquery/jquery.js HTTP/1.1" 200 93868
202.8.43.77 - - [19/Feb/2025:00:58:24 +0100] "GET /ticket2/opencms/system/modules/com.gridnine.opencms.ticketbrokerage.site/resources/css/ticketbrokerage.css HTTP/1.1" 200 39339
202.8.43.77 - - [19/Feb/2025:00:58:24 +0100] "GET /ticket2/opencms/system/modules/com.gridnine.opencms.ticketbrokerage.site/resources/js/functions.js HTTP/1.1" 200 1583
202.8.43.77 - - [19/Feb/2025:00:58:24 +0100] "GET /ticket2/opencms/system/modules/com.gridnine.opencms.ticketbrokerage.site/resources/js/jquery/jquery-ui.js HTTP/1.1" 200 228088
202.8.43.77 - - [19/Feb/2025:00:58:24 +0100] "GET /ticket2/opencms/system/modules/com.gridnine.opencms.ticketbrokerage.site/resources/js/calendar-en.js HTTP/1.1" 200 3338
202.8.43.77 - - [19/Feb/2025:00:58:24 +0100] "GET /ticket2/opencms/system/modules/com.gridnine.opencms.ticketbrokerage.site/resources/js/calendar.js HTTP/1.1" 200 49229
202.8.43.77 - - [19/Feb/2025:00:58:24 +0100] "GET /ticket2/opencms/system/modules/com.gridnine.opencms.ticketbrokerage.site/resources/js/calendar-setup.js HTTP/1.1" 200 4923
202.8.43.77 - - [19/Feb/2025:00:58:24 +0100] "GET /ticket2/opencms/system/modules/com.gridnine.opencms.ticketbrokerage.site/resources/js/jquery.fancybox.pack.js HTTP/1.1" 200 23187
202.8.43.77 - - [19/Feb/2025:00:58:24 +0100] "GET /ticket2/opencms/system/modules/com.gridnine.opencms.ticketbrokerage.site/resources/js/stickyfill.min.js HTTP/1.1" 200 5672
202.8.43.77 - - [19/Feb/2025:00:58:24 +0100] "GET /ticket2/opencms/system/modules/com.gridnine.opencms.ticketbrokerage.site/resources/js/standard.js HTTP/1.1" 200 3983
54.38.85.36 - - [19/Feb/2025:00:58:24 +0100] "GET /ticket2/opencms/en/buy/?page=1&edid=60EFDC2E-D0E4-50A3-A8F0-F9555AFF82D2&sortorder=asc&column=section HTTP/1.1" 200 110650
202.8.43.77 - - [19/Feb/2025:00:58:24 +0100] "GET /ticket2/opencms/system/modules/com.gridnine.opencms.ticketbrokerage.site/resources/js/jquery.placeholder.min.js HTTP/1.1" 200 1737
202.8.43.77 - - [19/Feb/2025:00:58:24 +0100] "GET /ticket2/opencms/system/modules/com.gridnine.opencms.ticketbrokerage.site/resources/js/common-ajax.js HTTP/1.1" 200 20175
66.220.149.1 - - [19/Feb/2025:00:58:26 +0100] "GET /ticket2/opencms/fi/buy/?page=1&edid=890CCDBB-BBBF-11B0-1E79-EA111E8EF281 HTTP/1.1" 200 120174
185.191.171.16 - - [19/Feb/2025:00:58:28 +0100] "GET /ticket2/opencms/az/magazine/article?title=premyer-liqa-transfer-penceresinin-en-maraqli-kecidleri HTTP/1.1" 200 95776
54.38.85.36 - - [19/Feb/2025:00:58:28 +0100] "GET /ticket2/opencms/en/buy/?page=1&edid=60EFDC2E-D0E4-50A3-A8F0-F9555AFF82D2&sortorder=desc&column=section HTTP/1.1" 200 110587
157.90.209.79 - - [19/Feb/2025:00:58:30 +0100] "GET /ticket2/opencms/hr/magazine/article?title=hugo-larsson-20-godisnjak-koji-ide-od-snage-do-snage HTTP/1.1" 200 95403
54.38.85.36 - - [19/Feb/2025:00:58:32 +0100] "GET /ticket2/opencms/en/buy/?page=1&edid=8639D4E1-C0DC-DB58-D9B0-F439F1BE39EE&sortorder=asc&column=row HTTP/1.1" 200 111126
40.77.167.77 - - [19/Feb/2025:00:58:34 +0100] "GET /ticket2/opencms/de/sport/fussball-tickets/bundesliga/werder-bremen/ HTTP/1.1" 200 100807
54.38.85.36 - - [19/Feb/2025:00:58:35 +0100] "GET /ticket2/opencms/en/buy/?page=1&edid=8A1D7FDE-61D9-CA78-3F14-088E085C1428&sortorder=desc&column=section HTTP/1.1" 200 110996
69.171.230.5 - - [19/Feb/2025:00:58:36 +0100] "GET /ticket2/opencms/be/buy?page=1&edid=6F379414-70C4-400F-51D2-AFD37C8F2BC7 HTTP/1.1" 200 137565
157.90.209.79 - - [19/Feb/2025:00:58:39 +0100] "GET /ticket2/opencms/hr/magazine/article?title=impresivna-utakmica-u-kojoj-svedjanin-kulusevski-nastavlja-s-dostavom HTTP/1.1" 200 94562
54.36.148.19 - - [19/Feb/2025:00:58:39 +0100] "GET /ticket2/opencms/el/epikoinoniste-me-mas HTTP/1.1" 200 91560
54.38.85.36 - - [19/Feb/2025:00:58:39 +0100] "GET /ticket2/opencms/en/buy/?page=1&edid=8B8FE200-1EB3-4842-98C1-9402EB17DE7C HTTP/1.1" 200 108948
114.119.150.86 - - [19/Feb/2025:00:58:40 +0100] "GET /ticket2/opencms/ro/buy?page=1&=DB6D1CB7-1DF8-973F-4F76-040F2323C537 HTTP/1.1" 200 -
114.119.130.61 - - [19/Feb/2025:00:58:40 +0100] "GET /ticket2/opencms/en/venue/?venueid=74835483-DDAC-3DE1-0EB1-B44B58F2B260 HTTP/1.1" 200 85345
202.8.41.94 - - [19/Feb/2025:00:58:40 +0100] "GET /ticket2/opencms/system/modules/com.gridnine.opencms.ticketbrokerage.site/resources/css/calendar.css HTTP/1.1" 200 6871
202.8.41.94 - - [19/Feb/2025:00:58:40 +0100] "GET /ticket2/opencms/system/modules/com.gridnine.opencms.ticketbrokerage.site/resources/css/ticketbrokerage.css HTTP/1.1" 200 39339
202.8.41.94 - - [19/Feb/2025:00:58:40 +0100] "GET /ticket2/opencms/system/modules/com.gridnine.opencms.ticketbrokerage.site/resources/css/jquery-ui.css HTTP/1.1" 200 33221
202.8.41.94 - - [19/Feb/2025:00:58:40 +0100] "GET /ticket2/opencms/system/modules/com.gridnine.opencms.ticketbrokerage.site/resources/css/standard.css HTTP/1.1" 200 73904
202.8.41.94 - - [19/Feb/2025:00:58:40 +0100] "GET /ticket2/opencms/system/modules/com.gridnine.opencms.ticketbrokerage.site/resources/css/jquery.fancybox.css HTTP/1.1" 200 4939
202.8.41.94 - - [19/Feb/2025:00:58:40 +0100] "GET /ticket2/opencms/system/modules/com.gridnine.opencms.ticketbrokerage.site/resources/js/jquery/jquery.js HTTP/1.1" 200 93868
202.8.41.94 - - [19/Feb/2025:00:58:40 +0100] "GET /ticket2/opencms/system/modules/com.gridnine.opencms.ticketbrokerage.site/resources/js/functions.js HTTP/1.1" 200 1583
202.8.41.94 - - [19/Feb/2025:00:58:40 +0100] "GET /ticket2/opencms/system/modules/com.gridnine.opencms.ticketbrokerage.site/resources/js/jquery/jquery-ui.js HTTP/1.1" 200 228088
202.8.41.94 - - [19/Feb/2025:00:58:40 +0100] "GET /ticket2/opencms/system/modules/com.gridnine.opencms.ticketbrokerage.site/resources/js/calendar.js HTTP/1.1" 200 49229
202.8.41.94 - - [19/Feb/2025:00:58:40 +0100] "GET /ticket2/opencms/system/modules/com.gridnine.opencms.ticketbrokerage.site/resources/js/calendar-en.js HTTP/1.1" 200 3338
202.8.41.94 - - [19/Feb/2025:00:58:40 +0100] "GET /ticket2/opencms/system/modules/com.gridnine.opencms.ticketbrokerage.site/resources/js/calendar-setup.js HTTP/1.1" 200 4923
202.8.41.94 - - [19/Feb/2025:00:58:40 +0100] "GET /ticket2/opencms/system/modules/com.gridnine.opencms.ticketbrokerage.site/resources/js/jquery.fancybox.pack.js HTTP/1.1" 200 23187
202.8.41.94 - - [19/Feb/2025:00:58:40 +0100] "GET /ticket2/opencms/system/modules/com.gridnine.opencms.ticketbrokerage.site/resources/js/stickyfill.min.js HTTP/1.1" 200 5672
202.8.41.94 - - [19/Feb/2025:00:58:40 +0100] "GET /ticket2/opencms/system/modules/com.gridnine.opencms.ticketbrokerage.site/resources/js/standard.js HTTP/1.1" 200 3983
202.8.41.94 - - [19/Feb/2025:00:58:41 +0100] "GET /ticket2/opencms/system/modules/com.gridnine.opencms.ticketbrokerage.site/resources/js/jquery.placeholder.min.js HTTP/1.1" 200 1737
202.8.41.94 - - [19/Feb/2025:00:58:41 +0100] "GET /ticket2/opencms/system/modules/com.gridnine.opencms.ticketbrokerage.site/resources/js/common-ajax.js HTTP/1.1" 200 20175
54.38.85.36 - - [19/Feb/2025:00:58:42 +0100] "GET /ticket2/opencms/en/buy/?page=1&edid=8B8FE200-1EB3-4842-98C1-9402EB17DE7C&sortorder=asc&column=price HTTP/1.1" 200 109790
54.38.85.36 - - [19/Feb/2025:00:58:46 +0100] "GET /ticket2/opencms/en/buy/?page=1&edid=8B8FE200-1EB3-4842-98C1-9402EB17DE7C&sortorder=asc&column=row HTTP/1.1" 200 109859
40.77.167.70 - - [19/Feb/2025:00:58:47 +0100] "GET /ticket2/opencms/mt/buy?page=1&edid=750C6040-29F7-425D-A24F-51B977F415A3 HTTP/1.1" 200 136455
54.38.85.36 - - [19/Feb/2025:00:58:50 +0100] "GET /ticket2/opencms/en/buy/?page=1&edid=8B8FE200-1EB3-4842-98C1-9402EB17DE7C&sortorder=asc&column=section HTTP/1.1" 200 109910
54.36.148.112 - - [19/Feb/2025:00:58:50 +0100] "GET /ticket2/opencms/de/buy/?page=1&edid=C2FB40E1-BEEF-E1A4-6ED5-33C8A69FD5CE HTTP/1.1" 200 111553
157.90.209.79 - - [19/Feb/2025:00:58:50 +0100] "GET /ticket2/opencms/hr/magazine/article?title=joao-palhinha-prelazi-u-bayern-munchen-nova-snaga-sredine-terena-stize-na-allianz-arenu HTTP/1.1" 200 96058
54.38.85.36 - - [19/Feb/2025:00:58:53 +0100] "GET /ticket2/opencms/en/buy/?page=1&edid=8C8EBE04-F632-74E3-7AE5-E0CE7434259E&sortorder=asc&column=section HTTP/1.1" 200 109790
54.38.85.36 - - [19/Feb/2025:00:58:57 +0100] "GET /ticket2/opencms/en/buy/?page=1&edid=8CF6788D-AB36-8397-1F86-FEE4FE6FC147&sortorder=asc&column=row HTTP/1.1" 200 111329
157.90.209.79 - - [19/Feb/2025:00:58:59 +0100] "GET /ticket2/opencms/hr/magazine/article?title=joel-matip-napusta-liverpool-fc HTTP/1.1" 200 94737
185.191.171.19 - - [19/Feb/2025:00:59:00 +0100] "GET /ticket2/opencms/sv/sport/fotbollsbiljetter/serie_a/udinese/ HTTP/1.1" 200 94210
54.38.85.36 - - [19/Feb/2025:00:59:00 +0100] "GET /ticket2/opencms/en/buy/?page=1&edid=8D3880DE-E9CE-DBDA-5536-59AC73E154D9&sortorder=asc&column=row HTTP/1.1" 200 110868
47.128.27.35 - - [19/Feb/2025:00:59:04 +0100] "GET /ticket2/opencms/cs/magazine/article?title=alexander-isak-prekonava-rekord HTTP/1.1" 200 92866
54.38.85.36 - - [19/Feb/2025:00:59:04 +0100] "GET /ticket2/opencms/en/buy/?page=1&edid=9256ADCD-E896-A3AC-89D8-770DAB934B7E&sortorder=asc&column=section HTTP/1.1" 200 110991
40.77.167.77 - - [19/Feb/2025:00:59:06 +0100] "GET /ticket2/opencms/bg/search.html?searchQuery=2026 HTTP/1.1" 200 97529
40.77.167.77 - - [19/Feb/2025:00:59:07 +0100] "GET /ticket2/opencms/uk/buy/?page=1&edid=3EE40B04-362D-C903-589C-1E4175AF5083 HTTP/1.1" 200 110882
54.38.85.36 - - [19/Feb/2025:00:59:07 +0100] "GET /ticket2/opencms/en/buy/?page=1&edid=93D16233-A2B3-F73E-A92E-3387C202F68F&sortorder=asc&column=section HTTP/1.1" 200 111489
40.77.167.77 - - [19/Feb/2025:00:59:09 +0100] "GET /ticket2/opencms/hu/buy/?page=1&edid=50B41314-485A-DCFC-6E02-326077D4DE43 HTTP/1.1" 200 112117
114.119.135.251 - - [19/Feb/2025:00:59:09 +0100] "GET /ticket2/opencms/es/buy/?page=1&edid=24655ACD-2857-6493-1E75-CE7F2FE875D2 HTTP/1.1" 200 111996
54.38.85.36 - - [19/Feb/2025:00:59:11 +0100] "GET /ticket2/opencms/en/buy/?page=1&edid=93D16233-A2B3-F73E-A92E-3387C202F68F&sortorder=desc&column=section HTTP/1.1" 200 111576
157.90.209.79 - - [19/Feb/2025:00:59:13 +0100] "GET /ticket2/opencms/hr/magazine/article?title=jude-bellingham HTTP/1.1" 200 92593
54.38.85.36 - - [19/Feb/2025:00:59:15 +0100] "GET /ticket2/opencms/en/buy/?page=1&edid=9424D23C-F445-9898-F3CF-99CAD58F851B&sortorder=asc&column=price HTTP/1.1" 200 110363
185.191.171.15 - - [19/Feb/2025:00:59:15 +0100] "GET /ticket2/opencms/be/sport/futbol-kvitki/serie-a/frosinone HTTP/1.1" 200 98009
66.249.79.33 - - [19/Feb/2025:00:59:16 +0100] "GET /ticket2/opencms/set_aff_cookie.jsp?partner=8F6DE15D-D831-5787-AE7E-FEFF53476F85&url=%252Fno%252Fbuy%252Findex.html%253Fpage%253D1%2526edid%253DDC4F64BB-84C6-452C-2BFD-138DC45E79DD%2526hlv%253D666de067-343c-44e2-a5fc-6d8a0a01000f%2523v2047211748 HTTP/1.1" 200 246
54.38.85.36 - - [19/Feb/2025:00:59:18 +0100] "GET /ticket2/opencms/en/buy/?page=1&edid=9424D23C-F445-9898-F3CF-99CAD58F851B&sortorder=asc&column=row HTTP/1.1" 200 110200
54.36.148.113 - - [19/Feb/2025:00:59:21 +0100] "GET /ticket2/opencms/uk/sport/kvytky-na-futbol/bundesliga/koln HTTP/1.1" 200 97165
54.38.85.36 - - [19/Feb/2025:00:59:22 +0100] "GET /ticket2/opencms/en/buy/?page=1&edid=9424D23C-F445-9898-F3CF-99CAD58F851B&sortorder=desc&column=price HTTP/1.1" 200 110300
202.8.41.141 - - [19/Feb/2025:00:59:22 +0100] "GET /ticket2/opencms/system/modules/com.gridnine.opencms.ticketbrokerage.site/resources/css/jquery-ui.css HTTP/1.1" 200 33221
202.8.41.141 - - [19/Feb/2025:00:59:22 +0100] "GET /ticket2/opencms/system/modules/com.gridnine.opencms.ticketbrokerage.site/resources/css/ticketbrokerage.css HTTP/1.1" 200 39339
202.8.41.141 - - [19/Feb/2025:00:59:22 +0100] "GET /ticket2/opencms/system/modules/com.gridnine.opencms.ticketbrokerage.site/resources/css/calendar.css HTTP/1.1" 200 6871
202.8.41.141 - - [19/Feb/2025:00:59:22 +0100] "GET /ticket2/opencms/system/modules/com.gridnine.opencms.ticketbrokerage.site/resources/css/standard.css HTTP/1.1" 200 73904
202.8.41.141 - - [19/Feb/2025:00:59:22 +0100] "GET /ticket2/opencms/system/modules/com.gridnine.opencms.ticketbrokerage.site/resources/css/jquery.fancybox.css HTTP/1.1" 200 4939
202.8.41.141 - - [19/Feb/2025:00:59:22 +0100] "GET /ticket2/opencms/system/modules/com.gridnine.opencms.ticketbrokerage.site/resources/js/jquery/jquery.js HTTP/1.1" 200 93868
202.8.41.141 - - [19/Feb/2025:00:59:22 +0100] "GET /ticket2/opencms/system/modules/com.gridnine.opencms.ticketbrokerage.site/resources/js/jquery/jquery-ui.js HTTP/1.1" 200 228088
202.8.41.141 - - [19/Feb/2025:00:59:22 +0100] "GET /ticket2/opencms/system/modules/com.gridnine.opencms.ticketbrokerage.site/resources/js/functions.js HTTP/1.1" 200 1583
202.8.41.141 - - [19/Feb/2025:00:59:22 +0100] "GET /ticket2/opencms/system/modules/com.gridnine.opencms.ticketbrokerage.site/resources/js/calendar.js HTTP/1.1" 200 49229
202.8.41.141 - - [19/Feb/2025:00:59:22 +0100] "GET /ticket2/opencms/system/modules/com.gridnine.opencms.ticketbrokerage.site/resources/js/calendar-en.js HTTP/1.1" 200 3338
202.8.41.141 - - [19/Feb/2025:00:59:22 +0100] "GET /ticket2/opencms/system/modules/com.gridnine.opencms.ticketbrokerage.site/resources/js/calendar-setup.js HTTP/1.1" 200 4923
202.8.41.141 - - [19/Feb/2025:00:59:23 +0100] "GET /ticket2/opencms/system/modules/com.gridnine.opencms.ticketbrokerage.site/resources/js/jquery.fancybox.pack.js HTTP/1.1" 200 23187
202.8.41.141 - - [19/Feb/2025:00:59:23 +0100] "GET /ticket2/opencms/system/modules/com.gridnine.opencms.ticketbrokerage.site/resources/js/stickyfill.min.js HTTP/1.1" 200 5672
202.8.41.141 - - [19/Feb/2025:00:59:23 +0100] "GET /ticket2/opencms/system/modules/com.gridnine.opencms.ticketbrokerage.site/resources/js/standard.js HTTP/1.1" 200 3983
202.8.41.141 - - [19/Feb/2025:00:59:23 +0100] "GET /ticket2/opencms/system/modules/com.gridnine.opencms.ticketbrokerage.site/resources/js/jquery.placeholder.min.js HTTP/1.1" 200 1737
202.8.41.141 - - [19/Feb/2025:00:59:23 +0100] "GET /ticket2/opencms/system/modules/com.gridnine.opencms.ticketbrokerage.site/resources/js/common-ajax.js HTTP/1.1" 200 20175
85.208.96.194 - - [19/Feb/2025:00:59:23 +0100] "GET /ticket2/opencms/robots.txt HTTP/1.1" 200 773
54.36.149.87 - - [19/Feb/2025:00:59:24 +0100] "GET /ticket2/opencms/en/venue/?venueid=EF9A381D-E146-D5CF-CC6A-B0B8DD77CAB7 HTTP/1.1" 200 85305
85.208.96.194 - - [19/Feb/2025:00:59:25 +0100] "GET /ticket2/opencms/el/magazine/article?title=o-telikos-toy-euro-2024 HTTP/1.1" 200 97327
54.38.85.36 - - [19/Feb/2025:00:59:26 +0100] "GET /ticket2/opencms/en/buy/?page=1&edid=9424D23C-F445-9898-F3CF-99CAD58F851B&sortorder=desc&column=section HTTP/1.1" 200 110384
157.90.209.79 - - [19/Feb/2025:00:59:26 +0100] "GET /ticket2/opencms/hr/magazine/article?title=kakva-je-buducnost-za-alexandra-isaka HTTP/1.1" 200 92905
54.38.85.36 - - [19/Feb/2025:00:59:29 +0100] "GET /ticket2/opencms/en/buy/?page=1&edid=94874F5B-96FC-332F-99C2-BDDA1F050666&sortorder=desc&column=price HTTP/1.1" 200 110494
54.38.85.36 - - [19/Feb/2025:00:59:33 +0100] "GET /ticket2/opencms/en/buy/?page=1&edid=94874F5B-96FC-332F-99C2-BDDA1F050666&sortorder=desc&column=row HTTP/1.1" 200 110470
54.38.85.36 - - [19/Feb/2025:00:59:37 +0100] "GET /ticket2/opencms/en/buy/?page=1&edid=94971A0F-269F-0AFA-AE86-83A94774C753&sortorder=asc&column=section HTTP/1.1" 200 111038
54.36.148.166 - - [19/Feb/2025:00:59:37 +0100] "GET /ticket2/opencms/sl/sport/nogometne-vstopnice/bundesliga/koln HTTP/1.1" 200 96071
202.8.41.82 - - [19/Feb/2025:00:59:38 +0100] "GET /ticket2/opencms/system/modules/com.gridnine.opencms.ticketbrokerage.site/resources/css/calendar.css HTTP/1.1" 200 6871
202.8.41.82 - - [19/Feb/2025:00:59:38 +0100] "GET /ticket2/opencms/system/modules/com.gridnine.opencms.ticketbrokerage.site/resources/css/jquery-ui.css HTTP/1.1" 200 33221
202.8.41.82 - - [19/Feb/2025:00:59:38 +0100] "GET /ticket2/opencms/system/modules/com.gridnine.opencms.ticketbrokerage.site/resources/css/jquery.fancybox.css HTTP/1.1" 200 4939
202.8.41.82 - - [19/Feb/2025:00:59:38 +0100] "GET /ticket2/opencms/system/modules/com.gridnine.opencms.ticketbrokerage.site/resources/css/standard.css HTTP/1.1" 200 73904
202.8.41.82 - - [19/Feb/2025:00:59:38 +0100] "GET /ticket2/opencms/system/modules/com.gridnine.opencms.ticketbrokerage.site/resources/css/ticketbrokerage.css HTTP/1.1" 200 39339
202.8.41.82 - - [19/Feb/2025:00:59:38 +0100] "GET /ticket2/opencms/system/modules/com.gridnine.opencms.ticketbrokerage.site/resources/js/jquery/jquery.js HTTP/1.1" 200 93868
202.8.41.82 - - [19/Feb/2025:00:59:38 +0100] "GET /ticket2/opencms/system/modules/com.gridnine.opencms.ticketbrokerage.site/resources/js/jquery/jquery-ui.js HTTP/1.1" 200 228088
202.8.41.82 - - [19/Feb/2025:00:59:38 +0100] "GET /ticket2/opencms/system/modules/com.gridnine.opencms.ticketbrokerage.site/resources/js/functions.js HTTP/1.1" 200 1583
