83.249.188.35 - - [19/Feb/2025:02:55:07 +0100] "GET /ticket2/opencms/system/modules/com.gridnine.opencms.ticketbrokerage.site/resources/css/ticketbrokerage.css HTTP/1.1" 200 39339
83.249.188.35 - - [19/Feb/2025:02:55:07 +0100] "GET /ticket2/opencms/system/modules/com.gridnine.opencms.ticketbrokerage.site/resources/css/calendar.css HTTP/1.1" 200 6871
83.249.188.35 - - [19/Feb/2025:02:55:07 +0100] "GET /ticket2/opencms/system/modules/com.gridnine.opencms.ticketbrokerage.site/resources/js/functions.js HTTP/1.1" 200 1583
83.249.188.35 - - [19/Feb/2025:02:55:07 +0100] "GET /ticket2/opencms/system/modules/com.gridnine.opencms.ticketbrokerage.site/resources/css/standard.css HTTP/1.1" 200 73904
83.249.188.35 - - [19/Feb/2025:02:55:07 +0100] "GET /ticket2/opencms/system/modules/com.gridnine.opencms.ticketbrokerage.site/resources/js/calendar.js HTTP/1.1" 200 49229
47.251.91.120 - - [19/Feb/2025:02:55:07 +0100] "GET /ticket2/opencms/fi/buy/?page=1&edid=CDA2B9F1-99FC-C167-0FB1-C1A9A32C9160&sortorder=asc&column=section HTTP/1.1" 200 111987
83.249.188.35 - - [19/Feb/2025:02:55:07 +0100] "GET /ticket2/opencms/system/modules/com.gridnine.opencms.ticketbrokerage.site/resources/js/calendar-en.js HTTP/1.1" 200 3338
83.249.188.35 - - [19/Feb/2025:02:55:07 +0100] "GET /ticket2/opencms/system/modules/com.gridnine.opencms.ticketbrokerage.site/resources/js/calendar-setup.js HTTP/1.1" 200 4923
83.249.188.35 - - [19/Feb/2025:02:55:07 +0100] "GET /ticket2/opencms/system/modules/com.gridnine.opencms.ticketbrokerage.site/resources/js/standard.js HTTP/1.1" 200 3983
83.249.188.35 - - [19/Feb/2025:02:55:07 +0100] "GET /ticket2/opencms/system/modules/com.gridnine.opencms.ticketbrokerage.site/resources/pics/ticket_info_button.png HTTP/1.1" 200 3820
192.99.36.126 - - [19/Feb/2025:02:55:07 +0100] "GET /ticket2/opencms/sv/buy/?page=1&edid=32BF0609-F2DA-AC01-0A1E-DC0F351CAD89&sortorder=desc&column=section HTTP/1.1" 200 111883
83.249.188.35 - - [19/Feb/2025:02:55:07 +0100] "GET /ticket2/opencms/sv/ask-form.html HTTP/1.1" 200 2950
83.249.188.35 - - [19/Feb/2025:02:55:08 +0100] "GET /ticket2/opencms/system/modules/com.gridnine.opencms.ticketbrokerage.site/resources/css/ticketbrokerage.css HTTP/1.1" 200 39339
192.99.36.126 - - [19/Feb/2025:02:55:10 +0100] "GET /ticket2/opencms/sv/buy/?page=1&edid=32EF9398-FD82-4289-611A-D935E123059B&sortorder=asc&column=section HTTP/1.1" 200 111606
194.34.232.237 - - [19/Feb/2025:02:55:10 +0100] "GET /ticket2/opencms/en/buy/?page=1&edid=94971A0F-269F-0AFA-AE86-83A94774C753&sortorder=asc&column=price HTTP/1.1" 200 111008
54.36.149.41 - - [19/Feb/2025:02:55:11 +0100] "GET /ticket2/opencms/lt/sport/futbolo-bilietai/premier-league/arsenal HTTP/1.1" 200 94236
192.99.36.126 - - [19/Feb/2025:02:55:12 +0100] "GET /ticket2/opencms/sv/buy/?page=1&edid=33DFE045-D5B7-2100-8386-0E155E26F731&sortorder=asc&column=row HTTP/1.1" 200 111994
202.8.40.136 - - [19/Feb/2025:02:55:12 +0100] "GET /ticket2/opencms/system/modules/com.gridnine.opencms.ticketbrokerage.site/resources/css/jquery-ui.css HTTP/1.1" 200 33221
202.8.40.136 - - [19/Feb/2025:02:55:12 +0100] "GET /ticket2/opencms/system/modules/com.gridnine.opencms.ticketbrokerage.site/resources/css/jquery.fancybox.css HTTP/1.1" 200 4939
202.8.40.136 - - [19/Feb/2025:02:55:12 +0100] "GET /ticket2/opencms/system/modules/com.gridnine.opencms.ticketbrokerage.site/resources/js/jquery/jquery.js HTTP/1.1" 200 93868
202.8.40.136 - - [19/Feb/2025:02:55:12 +0100] "GET /ticket2/opencms/system/modules/com.gridnine.opencms.ticketbrokerage.site/resources/css/calendar.css HTTP/1.1" 200 6871
202.8.40.136 - - [19/Feb/2025:02:55:12 +0100] "GET /ticket2/opencms/system/modules/com.gridnine.opencms.ticketbrokerage.site/resources/css/ticketbrokerage.css HTTP/1.1" 200 39339
202.8.40.136 - - [19/Feb/2025:02:55:12 +0100] "GET /ticket2/opencms/system/modules/com.gridnine.opencms.ticketbrokerage.site/resources/css/standard.css HTTP/1.1" 200 73904
202.8.40.136 - - [19/Feb/2025:02:55:13 +0100] "GET /ticket2/opencms/system/modules/com.gridnine.opencms.ticketbrokerage.site/resources/js/calendar.js HTTP/1.1" 200 49229
202.8.40.136 - - [19/Feb/2025:02:55:13 +0100] "GET /ticket2/opencms/system/modules/com.gridnine.opencms.ticketbrokerage.site/resources/js/jquery/jquery-ui.js HTTP/1.1" 200 228088
202.8.40.136 - - [19/Feb/2025:02:55:13 +0100] "GET /ticket2/opencms/system/modules/com.gridnine.opencms.ticketbrokerage.site/resources/js/functions.js HTTP/1.1" 200 1583
202.8.40.136 - - [19/Feb/2025:02:55:13 +0100] "GET /ticket2/opencms/system/modules/com.gridnine.opencms.ticketbrokerage.site/resources/js/calendar-setup.js HTTP/1.1" 200 4923
202.8.40.136 - - [19/Feb/2025:02:55:13 +0100] "GET /ticket2/opencms/system/modules/com.gridnine.opencms.ticketbrokerage.site/resources/js/calendar-en.js HTTP/1.1" 200 3338
202.8.40.136 - - [19/Feb/2025:02:55:13 +0100] "GET /ticket2/opencms/system/modules/com.gridnine.opencms.ticketbrokerage.site/resources/js/jquery.fancybox.pack.js HTTP/1.1" 200 23187
202.8.40.136 - - [19/Feb/2025:02:55:13 +0100] "GET /ticket2/opencms/system/modules/com.gridnine.opencms.ticketbrokerage.site/resources/js/stickyfill.min.js HTTP/1.1" 200 5672
202.8.40.136 - - [19/Feb/2025:02:55:13 +0100] "GET /ticket2/opencms/system/modules/com.gridnine.opencms.ticketbrokerage.site/resources/js/standard.js HTTP/1.1" 200 3983
202.8.40.136 - - [19/Feb/2025:02:55:13 +0100] "GET /ticket2/opencms/system/modules/com.gridnine.opencms.ticketbrokerage.site/resources/js/jquery.placeholder.min.js HTTP/1.1" 200 1737
202.8.40.136 - - [19/Feb/2025:02:55:13 +0100] "GET /ticket2/opencms/system/modules/com.gridnine.opencms.ticketbrokerage.site/resources/js/common-ajax.js HTTP/1.1" 200 20175
192.99.36.126 - - [19/Feb/2025:02:55:14 +0100] "GET /ticket2/opencms/sv/buy/?page=1&edid=3ABB49E1-D37A-AB42-B430-1287E5A59D8D&sortorder=desc&column=price HTTP/1.1" 200 112946
194.34.232.237 - - [19/Feb/2025:02:55:14 +0100] "GET /ticket2/opencms/en/buy/?page=1&edid=94971A0F-269F-0AFA-AE86-83A94774C753&sortorder=asc&column=row HTTP/1.1" 200 110926
157.90.209.79 - - [19/Feb/2025:02:55:15 +0100] "GET /ticket2/opencms/ka/sport/pekhburti-biletebi/bundesliga/hoffenheim HTTP/1.1" 200 102007
114.119.151.93 - - [19/Feb/2025:02:55:15 +0100] "GET /ticket2/opencms/fr/buy?page=1&edid=1A3709D7-2775-D284-06C2-585FE5EFB134 HTTP/1.1" 200 108270
40.77.167.19 - - [19/Feb/2025:02:55:15 +0100] "GET /ticket2/opencms/nl/magazine/article?title=de-duurste-transfers-van-het-januari-venster HTTP/1.1" 200 91431
192.99.36.126 - - [19/Feb/2025:02:55:16 +0100] "GET /ticket2/opencms/sv/buy/?page=1&edid=40B479D3-21EE-894D-F38D-1B68A6108A49&sortorder=desc&column=row HTTP/1.1" 200 112285
66.249.79.35 - - [19/Feb/2025:02:55:18 +0100] "GET /ticket2/opencms/sk/buy/?page=10&eventid=B45AC244-DB10-0539-6625-12AA68C37378&venueid=5B101BF6-93E5-0E68-CC24-F8AEC762D8E3 HTTP/1.1" 200 98397
192.99.36.126 - - [19/Feb/2025:02:55:18 +0100] "GET /ticket2/opencms/sv/buy/?page=1&edid=40E2FD6D-437A-4AD5-F6CD-00CC2ED2CAEE&sortorder=asc&column=price HTTP/1.1" 200 109059
194.34.232.237 - - [19/Feb/2025:02:55:18 +0100] "GET /ticket2/opencms/en/buy/?page=1&edid=94E69B18-0F80-7FE4-39B6-9D83769C26BD&sortorder=asc&column=section HTTP/1.1" 200 111548
83.249.188.35 - - [19/Feb/2025:02:55:19 +0100] "GET /ticket2/opencms/sv/buy?page=2&sodvid=666ddc7c-9f3c-49c2-9fd3-6a850a01000f HTTP/1.1" 200 120240
83.249.188.35 - - [19/Feb/2025:02:55:19 +0100] "GET /ticket2/opencms/system/modules/com.gridnine.opencms.ticketbrokerage.site/resources/css/calendar.css HTTP/1.1" 200 6871
83.249.188.35 - - [19/Feb/2025:02:55:19 +0100] "GET /ticket2/opencms/system/modules/com.gridnine.opencms.ticketbrokerage.site/resources/css/ticketbrokerage.css HTTP/1.1" 200 39339
83.249.188.35 - - [19/Feb/2025:02:55:19 +0100] "GET /ticket2/opencms/system/modules/com.gridnine.opencms.ticketbrokerage.site/resources/css/standard.css HTTP/1.1" 200 73904
83.249.188.35 - - [19/Feb/2025:02:55:19 +0100] "GET /ticket2/opencms/system/modules/com.gridnine.opencms.ticketbrokerage.site/resources/js/functions.js HTTP/1.1" 200 1583
83.249.188.35 - - [19/Feb/2025:02:55:19 +0100] "GET /ticket2/opencms/system/modules/com.gridnine.opencms.ticketbrokerage.site/resources/js/calendar.js HTTP/1.1" 200 49229
83.249.188.35 - - [19/Feb/2025:02:55:19 +0100] "GET /ticket2/opencms/system/modules/com.gridnine.opencms.ticketbrokerage.site/resources/js/calendar-en.js HTTP/1.1" 200 3338
83.249.188.35 - - [19/Feb/2025:02:55:19 +0100] "GET /ticket2/opencms/system/modules/com.gridnine.opencms.ticketbrokerage.site/resources/js/calendar-setup.js HTTP/1.1" 200 4923
83.249.188.35 - - [19/Feb/2025:02:55:19 +0100] "GET /ticket2/opencms/system/modules/com.gridnine.opencms.ticketbrokerage.site/resources/js/standard.js HTTP/1.1" 200 3983
83.249.188.35 - - [19/Feb/2025:02:55:19 +0100] "GET /ticket2/opencms/img/icons/hy.png HTTP/1.1" 200 1170
83.249.188.35 - - [19/Feb/2025:02:55:19 +0100] "GET /ticket2/opencms/img/icons/mk.png HTTP/1.1" 200 1405
192.99.36.126 - - [19/Feb/2025:02:55:20 +0100] "GET /ticket2/opencms/sv/buy/?page=1&edid=40E2FD6D-437A-4AD5-F6CD-00CC2ED2CAEE&sortorder=asc&column=row HTTP/1.1" 200 108921
54.36.148.192 - - [19/Feb/2025:02:55:22 +0100] "GET /ticket2/opencms/tr/spor/futbol-biletleri/serie-a HTTP/1.1" 200 102257
192.99.36.126 - - [19/Feb/2025:02:55:22 +0100] "GET /ticket2/opencms/sv/buy/?page=1&edid=40E2FD6D-437A-4AD5-F6CD-00CC2ED2CAEE&sortorder=asc&column=section HTTP/1.1" 200 108990
194.34.232.237 - - [19/Feb/2025:02:55:22 +0100] "GET /ticket2/opencms/en/buy/?page=1&edid=950A0A24-280E-F0D0-A995-7FF7F0048AC7 HTTP/1.1" 200 108886
202.8.42.157 - - [19/Feb/2025:02:55:23 +0100] "GET /ticket2/opencms/system/modules/com.gridnine.opencms.ticketbrokerage.site/resources/css/jquery-ui.css HTTP/1.1" 200 33221
202.8.42.157 - - [19/Feb/2025:02:55:23 +0100] "GET /ticket2/opencms/system/modules/com.gridnine.opencms.ticketbrokerage.site/resources/css/ticketbrokerage.css HTTP/1.1" 200 39339
202.8.42.157 - - [19/Feb/2025:02:55:23 +0100] "GET /ticket2/opencms/system/modules/com.gridnine.opencms.ticketbrokerage.site/resources/css/calendar.css HTTP/1.1" 200 6871
202.8.42.157 - - [19/Feb/2025:02:55:23 +0100] "GET /ticket2/opencms/system/modules/com.gridnine.opencms.ticketbrokerage.site/resources/css/jquery.fancybox.css HTTP/1.1" 200 4939
202.8.42.157 - - [19/Feb/2025:02:55:23 +0100] "GET /ticket2/opencms/system/modules/com.gridnine.opencms.ticketbrokerage.site/resources/js/jquery/jquery.js HTTP/1.1" 200 93868
202.8.42.157 - - [19/Feb/2025:02:55:23 +0100] "GET /ticket2/opencms/system/modules/com.gridnine.opencms.ticketbrokerage.site/resources/css/standard.css HTTP/1.1" 200 73904
202.8.42.157 - - [19/Feb/2025:02:55:23 +0100] "GET /ticket2/opencms/system/modules/com.gridnine.opencms.ticketbrokerage.site/resources/js/calendar.js HTTP/1.1" 200 49229
202.8.42.157 - - [19/Feb/2025:02:55:23 +0100] "GET /ticket2/opencms/system/modules/com.gridnine.opencms.ticketbrokerage.site/resources/js/jquery/jquery-ui.js HTTP/1.1" 200 228088
202.8.42.157 - - [19/Feb/2025:02:55:23 +0100] "GET /ticket2/opencms/system/modules/com.gridnine.opencms.ticketbrokerage.site/resources/js/functions.js HTTP/1.1" 200 1583
202.8.42.157 - - [19/Feb/2025:02:55:23 +0100] "GET /ticket2/opencms/system/modules/com.gridnine.opencms.ticketbrokerage.site/resources/js/calendar-en.js HTTP/1.1" 200 3338
202.8.42.157 - - [19/Feb/2025:02:55:23 +0100] "GET /ticket2/opencms/system/modules/com.gridnine.opencms.ticketbrokerage.site/resources/js/calendar-setup.js HTTP/1.1" 200 4923
202.8.42.157 - - [19/Feb/2025:02:55:23 +0100] "GET /ticket2/opencms/system/modules/com.gridnine.opencms.ticketbrokerage.site/resources/js/stickyfill.min.js HTTP/1.1" 200 5672
202.8.42.157 - - [19/Feb/2025:02:55:23 +0100] "GET /ticket2/opencms/system/modules/com.gridnine.opencms.ticketbrokerage.site/resources/js/standard.js HTTP/1.1" 200 3983
202.8.42.157 - - [19/Feb/2025:02:55:23 +0100] "GET /ticket2/opencms/system/modules/com.gridnine.opencms.ticketbrokerage.site/resources/js/jquery.fancybox.pack.js HTTP/1.1" 200 23187
202.8.42.157 - - [19/Feb/2025:02:55:23 +0100] "GET /ticket2/opencms/system/modules/com.gridnine.opencms.ticketbrokerage.site/resources/js/jquery.placeholder.min.js HTTP/1.1" 200 1737
202.8.42.157 - - [19/Feb/2025:02:55:23 +0100] "GET /ticket2/opencms/system/modules/com.gridnine.opencms.ticketbrokerage.site/resources/js/common-ajax.js HTTP/1.1" 200 20175
192.99.36.126 - - [19/Feb/2025:02:55:24 +0100] "GET /ticket2/opencms/sv/buy/?page=1&edid=411CF077-8416-B09B-2921-C517AE71239C&sortorder=asc&column=price HTTP/1.1" 200 112005
194.34.232.237 - - [19/Feb/2025:02:55:26 +0100] "GET /ticket2/opencms/en/buy/?page=1&edid=950A0A24-280E-F0D0-A995-7FF7F0048AC7&sortorder=asc&column=price HTTP/1.1" 200 109737
192.99.36.126 - - [19/Feb/2025:02:55:26 +0100] "GET /ticket2/opencms/sv/buy/?page=1&edid=411CF077-8416-B09B-2921-C517AE71239C&sortorder=asc&column=row HTTP/1.1" 200 111916
194.34.232.237 - - [19/Feb/2025:02:55:30 +0100] "GET /ticket2/opencms/en/buy/?page=1&edid=950A0A24-280E-F0D0-A995-7FF7F0048AC7&sortorder=asc&column=row HTTP/1.1" 200 109721
45.144.212.79 - - [19/Feb/2025:02:55:31 +0100] "GET /ticket2/opencms/sv/magazine/article?title=manchester-city-7-matcher-utan-vinst HTTP/1.1" 200 94614
45.144.212.79 - - [19/Feb/2025:02:55:32 +0100] "GET /ticket2/opencms/adminer.php HTTP/1.1" 404 -
66.249.79.34 - - [19/Feb/2025:02:55:32 +0100] "GET /ticket2/opencms/sk/buy?page=6&comcatid=97ECA65A-72DA-F9AF-9DBB-245D3CFED1BE&catid=D414C6A5-7A03-3389-42A8-D7B7FE32BB37 HTTP/1.1" 200 98481
45.144.212.79 - - [19/Feb/2025:02:55:32 +0100] "GET /ticket2/opencms/sv/magazine/article?title=manchester-city-7-matcher-utan-vinst&title=%27 HTTP/1.1" 200 94712
192.99.36.126 - - [19/Feb/2025:02:55:32 +0100] "GET /ticket2/opencms/sv/buy/?page=1&edid=411CF077-8416-B09B-2921-C517AE71239C&sortorder=asc&column=section HTTP/1.1" 200 112075
45.144.212.79 - - [19/Feb/2025:02:55:33 +0100] "GET /ticket2/opencms/sv/magazine/article?title=%27 HTTP/1.1" 200 88906
45.144.212.79 - - [19/Feb/2025:02:55:33 +0100] "GET /ticket2/opencms/sv/magazine/article?title=manchester-city-7-matcher-utan-vinst%27 HTTP/1.1" 200 88907
157.90.209.79 - - [19/Feb/2025:02:55:33 +0100] "GET /ticket2/opencms/ka/sport/pekhburti-biletebi/bundesliga/koln HTTP/1.1" 200 97555
85.208.96.194 - - [19/Feb/2025:02:55:33 +0100] "GET /ticket2/opencms/sk/magazine/article?title=emirates-stadium-ikonicka-arena HTTP/1.1" 200 96752
192.99.36.126 - - [19/Feb/2025:02:55:34 +0100] "GET /ticket2/opencms/sv/buy/?page=1&edid=416AF55F-514F-2160-BC27-AA256BD3A8AE&sortorder=asc&column=price HTTP/1.1" 200 110194
194.34.232.237 - - [19/Feb/2025:02:55:34 +0100] "GET /ticket2/opencms/en/buy/?page=1&edid=950A0A24-280E-F0D0-A995-7FF7F0048AC7&sortorder=asc&column=section HTTP/1.1" 200 109865
54.36.148.239 - - [19/Feb/2025:02:55:36 +0100] "GET /ticket2/opencms/sk/buy?page=1&edid=096598FE-DA35-4351-DFEE-DC9ACA0F0EF9 HTTP/1.1" 200 135590
192.99.36.126 - - [19/Feb/2025:02:55:36 +0100] "GET /ticket2/opencms/sv/buy/?page=1&edid=416AF55F-514F-2160-BC27-AA256BD3A8AE&sortorder=asc&column=row HTTP/1.1" 200 109991
83.249.188.35 - - [19/Feb/2025:02:55:37 +0100] "GET /ticket2/opencms/sv/buy/?page=1&edid=A27091AD-1422-96A9-33A7-74A8DECA25F3 HTTP/1.1" 200 134088
192.99.36.126 - - [19/Feb/2025:02:55:38 +0100] "GET /ticket2/opencms/sv/buy/?page=1&edid=416AF55F-514F-2160-BC27-AA256BD3A8AE&sortorder=asc&column=section HTTP/1.1" 200 110285
85.208.96.212 - - [19/Feb/2025:02:55:39 +0100] "GET /ticket2/opencms/robots.txt HTTP/1.1" 200 773
194.34.232.237 - - [19/Feb/2025:02:55:39 +0100] "GET /ticket2/opencms/en/buy/?page=1&edid=9511171E-0491-D0A4-7EC1-DB5165AD7ECB&sortorder=asc&column=price HTTP/1.1" 200 110543
83.249.188.35 - - [19/Feb/2025:02:55:39 +0100] "GET /ticket2/opencms/sv/sport/fotbollsbiljetter/premier_league/ HTTP/1.1" 200 98701
192.99.36.126 - - [19/Feb/2025:02:55:40 +0100] "GET /ticket2/opencms/sv/buy/?page=1&edid=416AF55F-514F-2160-BC27-AA256BD3A8AE&sortorder=desc&column=price HTTP/1.1" 200 110141
85.208.96.206 - - [19/Feb/2025:02:55:40 +0100] "GET /ticket2/opencms/de/about/contact/ HTTP/1.1" 200 89505
85.208.96.207 - - [19/Feb/2025:02:55:41 +0100] "GET /ticket2/opencms/pl/magazine/article?title=fc-liverpool-sezon-refleksja HTTP/1.1" 200 94759
192.99.36.126 - - [19/Feb/2025:02:55:42 +0100] "GET /ticket2/opencms/sv/buy/?page=1&edid=416AF55F-514F-2160-BC27-AA256BD3A8AE&sortorder=desc&column=row HTTP/1.1" 200 110147
194.34.232.237 - - [19/Feb/2025:02:55:43 +0100] "GET /ticket2/opencms/en/buy/?page=1&edid=9511171E-0491-D0A4-7EC1-DB5165AD7ECB&sortorder=asc&column=section HTTP/1.1" 200 110562
83.249.188.35 - - [19/Feb/2025:02:55:44 +0100] "GET /ticket2/opencms/sv/ HTTP/1.1" 200 107287
192.99.36.126 - - [19/Feb/2025:02:55:44 +0100] "GET /ticket2/opencms/sv/buy/?page=1&edid=41BD58EC-97A9-BC1A-D605-8084F23D76F6 HTTP/1.1" 200 111311
157.90.209.79 - - [19/Feb/2025:02:55:45 +0100] "GET /ticket2/opencms/ka/sport/pekhburti-biletebi/bundesliga/mainz HTTP/1.1" 200 101306
54.36.148.81 - - [19/Feb/2025:02:55:46 +0100] "GET /ticket2/opencms/tr/spor/futbol-biletleri/la-liga HTTP/1.1" 200 102616
192.99.36.126 - - [19/Feb/2025:02:55:46 +0100] "GET /ticket2/opencms/sv/buy/?page=1&edid=41BD58EC-97A9-BC1A-D605-8084F23D76F6&sortorder=asc&column=row HTTP/1.1" 200 112128
194.34.232.237 - - [19/Feb/2025:02:55:47 +0100] "GET /ticket2/opencms/en/buy/?page=1&edid=95536865-B766-6057-C123-70A3D5AA17E0&sortorder=desc&column=row HTTP/1.1" 200 109797
202.8.41.160 - - [19/Feb/2025:02:55:47 +0100] "GET /ticket2/opencms/system/modules/com.gridnine.opencms.ticketbrokerage.site/resources/css/ticketbrokerage.css HTTP/1.1" 200 39339
202.8.41.160 - - [19/Feb/2025:02:55:47 +0100] "GET /ticket2/opencms/system/modules/com.gridnine.opencms.ticketbrokerage.site/resources/css/calendar.css HTTP/1.1" 200 6871
202.8.41.160 - - [19/Feb/2025:02:55:47 +0100] "GET /ticket2/opencms/system/modules/com.gridnine.opencms.ticketbrokerage.site/resources/css/standard.css HTTP/1.1" 200 73904
202.8.41.160 - - [19/Feb/2025:02:55:47 +0100] "GET /ticket2/opencms/system/modules/com.gridnine.opencms.ticketbrokerage.site/resources/css/jquery-ui.css HTTP/1.1" 200 33221
202.8.41.160 - - [19/Feb/2025:02:55:47 +0100] "GET /ticket2/opencms/system/modules/com.gridnine.opencms.ticketbrokerage.site/resources/css/jquery.fancybox.css HTTP/1.1" 200 4939
202.8.41.160 - - [19/Feb/2025:02:55:47 +0100] "GET /ticket2/opencms/system/modules/com.gridnine.opencms.ticketbrokerage.site/resources/js/jquery/jquery.js HTTP/1.1" 200 93868
202.8.41.160 - - [19/Feb/2025:02:55:47 +0100] "GET /ticket2/opencms/system/modules/com.gridnine.opencms.ticketbrokerage.site/resources/js/jquery/jquery-ui.js HTTP/1.1" 200 228088
202.8.41.160 - - [19/Feb/2025:02:55:47 +0100] "GET /ticket2/opencms/system/modules/com.gridnine.opencms.ticketbrokerage.site/resources/js/functions.js HTTP/1.1" 200 1583
202.8.41.160 - - [19/Feb/2025:02:55:47 +0100] "GET /ticket2/opencms/system/modules/com.gridnine.opencms.ticketbrokerage.site/resources/js/calendar.js HTTP/1.1" 200 49229
202.8.41.160 - - [19/Feb/2025:02:55:47 +0100] "GET /ticket2/opencms/system/modules/com.gridnine.opencms.ticketbrokerage.site/resources/js/calendar-en.js HTTP/1.1" 200 3338
202.8.41.160 - - [19/Feb/2025:02:55:47 +0100] "GET /ticket2/opencms/system/modules/com.gridnine.opencms.ticketbrokerage.site/resources/js/calendar-setup.js HTTP/1.1" 200 4923
202.8.41.160 - - [19/Feb/2025:02:55:47 +0100] "GET /ticket2/opencms/system/modules/com.gridnine.opencms.ticketbrokerage.site/resources/js/jquery.fancybox.pack.js HTTP/1.1" 200 23187
202.8.41.160 - - [19/Feb/2025:02:55:47 +0100] "GET /ticket2/opencms/system/modules/com.gridnine.opencms.ticketbrokerage.site/resources/js/stickyfill.min.js HTTP/1.1" 200 5672
202.8.41.160 - - [19/Feb/2025:02:55:47 +0100] "GET /ticket2/opencms/system/modules/com.gridnine.opencms.ticketbrokerage.site/resources/js/standard.js HTTP/1.1" 200 3983
202.8.41.160 - - [19/Feb/2025:02:55:47 +0100] "GET /ticket2/opencms/system/modules/com.gridnine.opencms.ticketbrokerage.site/resources/js/jquery.placeholder.min.js HTTP/1.1" 200 1737
202.8.41.160 - - [19/Feb/2025:02:55:47 +0100] "GET /ticket2/opencms/system/modules/com.gridnine.opencms.ticketbrokerage.site/resources/js/common-ajax.js HTTP/1.1" 200 20175
66.249.79.34 - - [19/Feb/2025:02:55:48 +0100] "GET /ticket2/opencms/sl/magazine/article?title=o-nogometni-ekipi-liverpool-fc HTTP/1.1" 200 95501
192.99.36.126 - - [19/Feb/2025:02:55:48 +0100] "GET /ticket2/opencms/sv/buy/?page=1&edid=422EB97D-0E0E-B647-A5B3-675991D54797&sortorder=asc&column=price HTTP/1.1" 200 111091
192.99.36.126 - - [19/Feb/2025:02:55:50 +0100] "GET /ticket2/opencms/sv/buy/?page=1&edid=422EB97D-0E0E-B647-A5B3-675991D54797&sortorder=asc&column=section HTTP/1.1" 200 111151
194.34.232.237 - - [19/Feb/2025:02:55:51 +0100] "GET /ticket2/opencms/en/buy/?page=1&edid=95C100F7-B5CD-CD7A-8304-56237EF6DF6A&sortorder=asc&column=price HTTP/1.1" 200 109877
192.99.36.126 - - [19/Feb/2025:02:55:52 +0100] "GET /ticket2/opencms/sv/buy/?page=1&edid=42626DA9-0BC1-838B-BAE0-C165FD91963D&sortorder=asc&column=row HTTP/1.1" 200 110897
194.34.232.237 - - [19/Feb/2025:02:55:54 +0100] "GET /ticket2/opencms/en/buy/?page=1&edid=95C100F7-B5CD-CD7A-8304-56237EF6DF6A&sortorder=asc&column=row HTTP/1.1" 200 109860
192.99.36.126 - - [19/Feb/2025:02:55:54 +0100] "GET /ticket2/opencms/sv/buy/?page=1&edid=42626DA9-0BC1-838B-BAE0-C165FD91963D&sortorder=asc&column=section HTTP/1.1" 200 111172
192.99.36.126 - - [19/Feb/2025:02:55:56 +0100] "GET /ticket2/opencms/sv/buy/?page=1&edid=44052F65-FE80-F7BA-2BCE-175D77C114FC&sortorder=asc&column=price HTTP/1.1" 200 112796
192.99.36.126 - - [19/Feb/2025:02:55:58 +0100] "GET /ticket2/opencms/sv/buy/?page=1&edid=44052F65-FE80-F7BA-2BCE-175D77C114FC&sortorder=asc&column=row HTTP/1.1" 200 112763
54.36.148.70 - - [19/Feb/2025:02:55:59 +0100] "GET /ticket2/opencms/bg/buy/?page=1&edid=41CD7066-237A-B852-387D-3D5D7B688DF9 HTTP/1.1" 200 138167
194.34.232.237 - - [19/Feb/2025:02:55:59 +0100] "GET /ticket2/opencms/en/buy/?page=1&edid=95C100F7-B5CD-CD7A-8304-56237EF6DF6A&sortorder=asc&column=section HTTP/1.1" 200 109991
157.90.209.79 - - [19/Feb/2025:02:56:00 +0100] "GET /ticket2/opencms/ka/sport/pekhburti-biletebi/bundesliga/rb_leipzig HTTP/1.1" 200 96382
192.99.36.126 - - [19/Feb/2025:02:56:01 +0100] "GET /ticket2/opencms/sv/buy/?page=1&edid=44052F65-FE80-F7BA-2BCE-175D77C114FC&sortorder=desc&column=price HTTP/1.1" 200 112887
52.167.144.222 - - [19/Feb/2025:02:56:02 +0100] "GET /ticket2/opencms/es/buy/?page=1&edid=CD8DD483-1991-1E61-700A-98F06CAA8968 HTTP/1.1" 200 112510
192.99.36.126 - - [19/Feb/2025:02:56:03 +0100] "GET /ticket2/opencms/sv/buy/?page=1&edid=4555C45A-37BC-CE39-3A08-43777489AF42&sortorder=asc&column=price HTTP/1.1" 200 112927
192.99.36.126 - - [19/Feb/2025:02:56:05 +0100] "GET /ticket2/opencms/sv/buy/?page=1&edid=4555C45A-37BC-CE39-3A08-43777489AF42&sortorder=asc&column=row HTTP/1.1" 200 112740
194.34.232.237 - - [19/Feb/2025:02:56:06 +0100] "GET /ticket2/opencms/en/buy/?page=1&edid=963895FF-8589-B7C5-5491-D5A774B04B1A&sortorder=desc&column=row HTTP/1.1" 200 111238
192.99.36.126 - - [19/Feb/2025:02:56:07 +0100] "GET /ticket2/opencms/sv/buy/?page=1&edid=4555C45A-37BC-CE39-3A08-43777489AF42&sortorder=asc&column=section HTTP/1.1" 200 112943
192.99.36.126 - - [19/Feb/2025:02:56:09 +0100] "GET /ticket2/opencms/sv/buy/?page=1&edid=45834EE8-C219-D703-E9BA-9F2A8B0B5D86&sortorder=asc&column=price HTTP/1.1" 200 112237
194.34.232.237 - - [19/Feb/2025:02:56:10 +0100] "GET /ticket2/opencms/en/buy/?page=1&edid=96A44CB2-31A6-EB5B-38B0-6A219F913215&sortorder=asc&column=price HTTP/1.1" 200 111640
192.99.36.126 - - [19/Feb/2025:02:56:11 +0100] "GET /ticket2/opencms/sv/buy/?page=1&edid=45834EE8-C219-D703-E9BA-9F2A8B0B5D86&sortorder=asc&column=row HTTP/1.1" 200 112023
192.99.36.126 - - [19/Feb/2025:02:56:13 +0100] "GET /ticket2/opencms/sv/buy/?page=1&edid=45834EE8-C219-D703-E9BA-9F2A8B0B5D86&sortorder=asc&column=section HTTP/1.1" 200 112142
54.36.148.137 - - [19/Feb/2025:02:56:14 +0100] "GET /ticket2/opencms/sl/buy?page=1&edid=096598FE-DA35-4351-DFEE-DC9ACA0F0EF9 HTTP/1.1" 200 135025
157.90.209.79 - - [19/Feb/2025:02:56:14 +0100] "GET /ticket2/opencms/ka/sport/pekhburti-biletebi/bundesliga/stuttgart HTTP/1.1" 200 101126
194.34.232.237 - - [19/Feb/2025:02:56:14 +0100] "GET /ticket2/opencms/en/buy/?page=1&edid=96A44CB2-31A6-EB5B-38B0-6A219F913215&sortorder=asc&column=row HTTP/1.1" 200 111548
54.36.148.78 - - [19/Feb/2025:02:56:15 +0100] "GET /ticket2/opencms/en/venue/?venueid=DEFE0925-F5A3-8A9D-0742-7ECD104E27FF HTTP/1.1" 200 85360
192.99.36.126 - - [19/Feb/2025:02:56:15 +0100] "GET /ticket2/opencms/sv/buy/?page=1&edid=45834EE8-C219-D703-E9BA-9F2A8B0B5D86&sortorder=desc&column=row HTTP/1.1" 200 112164
192.99.36.126 - - [19/Feb/2025:02:56:17 +0100] "GET /ticket2/opencms/sv/buy/?page=1&edid=45ED9470-B964-9C2B-675D-C39EE72AC419&sortorder=desc&column=price HTTP/1.1" 200 111364
40.77.167.36 - - [19/Feb/2025:02:56:18 +0100] "GET /ticket2/opencms/bg/buy?page=1&edid=7F2B1FEA-20FE-7448-32AC-111154CA401B HTTP/1.1" 200 138965
194.34.232.237 - - [19/Feb/2025:02:56:18 +0100] "GET /ticket2/opencms/en/buy/?page=1&edid=9FD65F81-0106-54F5-02E9-9721A30A8365&sortorder=desc&column=section HTTP/1.1" 200 109925
192.99.36.126 - - [19/Feb/2025:02:56:19 +0100] "GET /ticket2/opencms/sv/buy/?page=1&edid=45ED9470-B964-9C2B-675D-C39EE72AC419&sortorder=desc&column=row HTTP/1.1" 200 111207
185.191.171.16 - - [19/Feb/2025:02:56:20 +0100] "GET /ticket2/opencms/sv/sport/fotbollsbiljetter/bundesliga/borussia-dortmund/ HTTP/1.1" 200 98097
192.99.36.126 - - [19/Feb/2025:02:56:21 +0100] "GET /ticket2/opencms/sv/buy/?page=1&edid=45ED9470-B964-9C2B-675D-C39EE72AC419&sortorder=desc&column=section HTTP/1.1" 200 111453
194.34.232.237 - - [19/Feb/2025:02:56:22 +0100] "GET /ticket2/opencms/en/buy/?page=1&edid=AF1AEE1B-4EFB-D5BB-549A-A360FE966DC5&sortorder=asc&column=row HTTP/1.1" 200 111405
54.36.148.198 - - [19/Feb/2025:02:56:23 +0100] "GET /ticket2/opencms/bg/buy/?page=1&edid=CC748805-AA77-5D07-7352-96CD97D4F5AC HTTP/1.1" 200 139878
66.249.79.35 - - [19/Feb/2025:02:56:23 +0100] "GET /ticket2/opencms/ga/buy/?page=1&edid=B459D4AC-6CA8-D8BF-73CF-7E8267472403 HTTP/1.1" 200 112766
192.99.36.126 - - [19/Feb/2025:02:56:24 +0100] "GET /ticket2/opencms/sv/buy/?page=1&edid=45F55A9B-C56E-3C99-BE60-88DE2E329DDD HTTP/1.1" 200 111792
192.99.36.126 - - [19/Feb/2025:02:56:26 +0100] "GET /ticket2/opencms/sv/buy/?page=1&edid=45F55A9B-C56E-3C99-BE60-88DE2E329DDD&sortorder=asc&column=price HTTP/1.1" 200 112711
194.34.232.237 - - [19/Feb/2025:02:56:27 +0100] "GET /ticket2/opencms/en/buy/?page=1&edid=AFF3B549-855E-6DE1-70E1-8F9E77B4DCFB&sortorder=desc&column=section HTTP/1.1" 200 110641
47.128.119.157 - - [19/Feb/2025:02:56:27 +0100] "GET /ticket2/opencms/sv/buy/?edid=380D9DCE-9F52-6635-EF3F-C6491C4BBEEF HTTP/1.1" 200 91226
192.99.36.126 - - [19/Feb/2025:02:56:28 +0100] "GET /ticket2/opencms/sv/buy/?page=1&edid=45F55A9B-C56E-3C99-BE60-88DE2E329DDD&sortorder=asc&column=row HTTP/1.1" 200 112553
192.99.36.126 - - [19/Feb/2025:02:56:30 +0100] "GET /ticket2/opencms/sv/buy/?page=1&edid=45F55A9B-C56E-3C99-BE60-88DE2E329DDD&sortorder=asc&column=section HTTP/1.1" 200 112784
157.90.209.79 - - [19/Feb/2025:02:56:30 +0100] "GET /ticket2/opencms/ka/sport/pekhburti-biletebi/bundesliga/union_berlin HTTP/1.1" 200 100527
194.34.232.237 - - [19/Feb/2025:02:56:31 +0100] "GET /ticket2/opencms/en/buy/?page=1&edid=B0BF2090-DE5A-9E6F-DE35-9DF8CEDD4A19&sortorder=asc&column=row HTTP/1.1" 200 110843
114.119.152.77 - - [19/Feb/2025:02:56:31 +0100] "GET /ticket2/opencms/en/buy/?page=1&edid=656D28DC-44D7-F9B6-001A-A9537260D01A HTTP/1.1" 200 106776
192.99.36.126 - - [19/Feb/2025:02:56:32 +0100] "GET /ticket2/opencms/sv/buy/?page=1&edid=45F55A9B-C56E-3C99-BE60-88DE2E329DDD&sortorder=desc&column=price HTTP/1.1" 200 112780
54.36.148.252 - - [19/Feb/2025:02:56:32 +0100] "GET /ticket2/opencms/uk/partnerska-programa HTTP/1.1" 200 91262
85.208.96.201 - - [19/Feb/2025:02:56:33 +0100] "GET /ticket2/opencms/en/sport/football-tickets/bundesliga/borussia_dortmund/ HTTP/1.1" 200 97473
202.8.41.5 - - [19/Feb/2025:02:56:33 +0100] "GET /ticket2/opencms/system/modules/com.gridnine.opencms.ticketbrokerage.site/resources/css/calendar.css HTTP/1.1" 200 6871
202.8.41.5 - - [19/Feb/2025:02:56:33 +0100] "GET /ticket2/opencms/system/modules/com.gridnine.opencms.ticketbrokerage.site/resources/css/jquery-ui.css HTTP/1.1" 200 33221
202.8.41.5 - - [19/Feb/2025:02:56:33 +0100] "GET /ticket2/opencms/system/modules/com.gridnine.opencms.ticketbrokerage.site/resources/css/standard.css HTTP/1.1" 200 73904
202.8.41.5 - - [19/Feb/2025:02:56:33 +0100] "GET /ticket2/opencms/system/modules/com.gridnine.opencms.ticketbrokerage.site/resources/css/ticketbrokerage.css HTTP/1.1" 200 39339
202.8.41.5 - - [19/Feb/2025:02:56:33 +0100] "GET /ticket2/opencms/system/modules/com.gridnine.opencms.ticketbrokerage.site/resources/css/jquery.fancybox.css HTTP/1.1" 200 4939
202.8.41.5 - - [19/Feb/2025:02:56:33 +0100] "GET /ticket2/opencms/system/modules/com.gridnine.opencms.ticketbrokerage.site/resources/js/jquery/jquery.js HTTP/1.1" 200 93868
202.8.41.5 - - [19/Feb/2025:02:56:33 +0100] "GET /ticket2/opencms/system/modules/com.gridnine.opencms.ticketbrokerage.site/resources/js/functions.js HTTP/1.1" 200 1583
202.8.41.5 - - [19/Feb/2025:02:56:33 +0100] "GET /ticket2/opencms/system/modules/com.gridnine.opencms.ticketbrokerage.site/resources/js/jquery/jquery-ui.js HTTP/1.1" 200 228088
202.8.41.5 - - [19/Feb/2025:02:56:33 +0100] "GET /ticket2/opencms/system/modules/com.gridnine.opencms.ticketbrokerage.site/resources/js/calendar-setup.js HTTP/1.1" 200 4923
202.8.41.5 - - [19/Feb/2025:02:56:33 +0100] "GET /ticket2/opencms/system/modules/com.gridnine.opencms.ticketbrokerage.site/resources/js/calendar-en.js HTTP/1.1" 200 3338
202.8.41.5 - - [19/Feb/2025:02:56:33 +0100] "GET /ticket2/opencms/system/modules/com.gridnine.opencms.ticketbrokerage.site/resources/js/calendar.js HTTP/1.1" 200 49229
66.249.79.34 - - [19/Feb/2025:02:56:34 +0100] "GET /ticket2/opencms/en/?comcatid=A17713B6-D984-201A-4143-ED4DB5ED5C2E&catid=21C3854B-901E-11F9-7B7D-6838CC6AFAA4 HTTP/1.1" 200 105938
202.8.41.5 - - [19/Feb/2025:02:56:34 +0100] "GET /ticket2/opencms/system/modules/com.gridnine.opencms.ticketbrokerage.site/resources/js/jquery.fancybox.pack.js HTTP/1.1" 200 23187
202.8.41.5 - - [19/Feb/2025:02:56:34 +0100] "GET /ticket2/opencms/system/modules/com.gridnine.opencms.ticketbrokerage.site/resources/js/stickyfill.min.js HTTP/1.1" 200 5672
202.8.41.5 - - [19/Feb/2025:02:56:34 +0100] "GET /ticket2/opencms/system/modules/com.gridnine.opencms.ticketbrokerage.site/resources/js/standard.js HTTP/1.1" 200 3983
202.8.41.5 - - [19/Feb/2025:02:56:34 +0100] "GET /ticket2/opencms/system/modules/com.gridnine.opencms.ticketbrokerage.site/resources/js/jquery.placeholder.min.js HTTP/1.1" 200 1737
202.8.41.5 - - [19/Feb/2025:02:56:34 +0100] "GET /ticket2/opencms/system/modules/com.gridnine.opencms.ticketbrokerage.site/resources/js/common-ajax.js HTTP/1.1" 200 20175
192.99.36.126 - - [19/Feb/2025:02:56:34 +0100] "GET /ticket2/opencms/sv/buy/?page=1&edid=45F55A9B-C56E-3C99-BE60-88DE2E329DDD&sortorder=desc&column=row HTTP/1.1" 200 112649
194.34.232.237 - - [19/Feb/2025:02:56:35 +0100] "GET /ticket2/opencms/en/buy/?page=1&edid=B2EC6319-961E-C8DC-8D46-75DC537FCF1D&sortorder=desc&column=price HTTP/1.1" 200 109853
192.99.36.126 - - [19/Feb/2025:02:56:36 +0100] "GET /ticket2/opencms/sv/buy/?page=1&edid=45F55A9B-C56E-3C99-BE60-88DE2E329DDD&sortorder=desc&column=section HTTP/1.1" 200 112775
192.99.36.126 - - [19/Feb/2025:02:56:38 +0100] "GET /ticket2/opencms/sv/buy/?page=1&edid=4651B641-1BF4-5B93-B666-F19E86CE32C8&sortorder=asc&column=row HTTP/1.1" 200 111975
194.34.232.237 - - [19/Feb/2025:02:56:39 +0100] "GET /ticket2/opencms/en/buy/?page=1&edid=B2F1A754-C080-4103-4961-BC3EBF5BB7BD&sortorder=desc&column=price HTTP/1.1" 200 109760
157.90.209.79 - - [19/Feb/2025:02:56:40 +0100] "GET /ticket2/opencms/ka/sport/pekhburti-biletebi/bundesliga/werder-bremen HTTP/1.1" 200 102065
192.99.36.126 - - [19/Feb/2025:02:56:40 +0100] "GET /ticket2/opencms/sv/buy/?page=1&edid=46B99181-7565-D704-BA22-DC7C6C8A924D&sortorder=asc&column=price HTTP/1.1" 200 108872
185.191.171.1 - - [19/Feb/2025:02:56:42 +0100] "GET /ticket2/opencms/lt/magazine/article?title=allsvenskan-svedijos-futbolo-premier-lyga HTTP/1.1" 200 93423
194.34.232.237 - - [19/Feb/2025:02:56:43 +0100] "GET /ticket2/opencms/en/buy/?page=1&edid=B2F1A754-C080-4103-4961-BC3EBF5BB7BD&sortorder=desc&column=row HTTP/1.1" 200 109822
192.99.36.126 - - [19/Feb/2025:02:56:43 +0100] "GET /ticket2/opencms/sv/buy/?page=1&edid=46B99181-7565-D704-BA22-DC7C6C8A924D&sortorder=asc&column=row HTTP/1.1" 200 108877
192.99.36.126 - - [19/Feb/2025:02:56:45 +0100] "GET /ticket2/opencms/sv/buy/?page=1&edid=46B99181-7565-D704-BA22-DC7C6C8A924D&sortorder=asc&column=section HTTP/1.1" 200 109046
54.36.149.14 - - [19/Feb/2025:02:56:46 +0100] "GET /ticket2/opencms/bg/sport/futbolni-bileti/serie-a/milan HTTP/1.1" 200 99407
202.8.40.81 - - [19/Feb/2025:02:56:47 +0100] "GET /ticket2/opencms/system/modules/com.gridnine.opencms.ticketbrokerage.site/resources/css/jquery-ui.css HTTP/1.1" 200 33221
202.8.40.81 - - [19/Feb/2025:02:56:47 +0100] "GET /ticket2/opencms/system/modules/com.gridnine.opencms.ticketbrokerage.site/resources/css/jquery.fancybox.css HTTP/1.1" 200 4939
202.8.40.81 - - [19/Feb/2025:02:56:47 +0100] "GET /ticket2/opencms/system/modules/com.gridnine.opencms.ticketbrokerage.site/resources/css/standard.css HTTP/1.1" 200 73904
202.8.40.81 - - [19/Feb/2025:02:56:47 +0100] "GET /ticket2/opencms/system/modules/com.gridnine.opencms.ticketbrokerage.site/resources/css/ticketbrokerage.css HTTP/1.1" 200 39339
202.8.40.81 - - [19/Feb/2025:02:56:47 +0100] "GET /ticket2/opencms/system/modules/com.gridnine.opencms.ticketbrokerage.site/resources/css/calendar.css HTTP/1.1" 200 6871
202.8.40.81 - - [19/Feb/2025:02:56:47 +0100] "GET /ticket2/opencms/system/modules/com.gridnine.opencms.ticketbrokerage.site/resources/js/jquery/jquery.js HTTP/1.1" 200 93868
192.99.36.126 - - [19/Feb/2025:02:56:47 +0100] "GET /ticket2/opencms/sv/buy/?page=1&edid=46B99181-7565-D704-BA22-DC7C6C8A924D&sortorder=desc&column=price HTTP/1.1" 200 108998
202.8.40.81 - - [19/Feb/2025:02:56:47 +0100] "GET /ticket2/opencms/system/modules/com.gridnine.opencms.ticketbrokerage.site/resources/js/functions.js HTTP/1.1" 200 1583
194.34.232.237 - - [19/Feb/2025:02:56:47 +0100] "GET /ticket2/opencms/en/buy/?page=1&edid=B5BD29D4-6413-579D-39C3-CB5E0438F88A&sortorder=asc&column=price HTTP/1.1" 200 110986
202.8.40.81 - - [19/Feb/2025:02:56:47 +0100] "GET /ticket2/opencms/system/modules/com.gridnine.opencms.ticketbrokerage.site/resources/js/jquery/jquery-ui.js HTTP/1.1" 200 228088
202.8.40.81 - - [19/Feb/2025:02:56:47 +0100] "GET /ticket2/opencms/system/modules/com.gridnine.opencms.ticketbrokerage.site/resources/js/calendar.js HTTP/1.1" 200 49229
202.8.40.81 - - [19/Feb/2025:02:56:47 +0100] "GET /ticket2/opencms/system/modules/com.gridnine.opencms.ticketbrokerage.site/resources/js/calendar-setup.js HTTP/1.1" 200 4923
202.8.40.81 - - [19/Feb/2025:02:56:47 +0100] "GET /ticket2/opencms/system/modules/com.gridnine.opencms.ticketbrokerage.site/resources/js/calendar-en.js HTTP/1.1" 200 3338
202.8.40.81 - - [19/Feb/2025:02:56:47 +0100] "GET /ticket2/opencms/system/modules/com.gridnine.opencms.ticketbrokerage.site/resources/js/jquery.fancybox.pack.js HTTP/1.1" 200 23187
202.8.40.81 - - [19/Feb/2025:02:56:47 +0100] "GET /ticket2/opencms/system/modules/com.gridnine.opencms.ticketbrokerage.site/resources/js/stickyfill.min.js HTTP/1.1" 200 5672
202.8.40.81 - - [19/Feb/2025:02:56:47 +0100] "GET /ticket2/opencms/system/modules/com.gridnine.opencms.ticketbrokerage.site/resources/js/standard.js HTTP/1.1" 200 3983
202.8.40.81 - - [19/Feb/2025:02:56:47 +0100] "GET /ticket2/opencms/system/modules/com.gridnine.opencms.ticketbrokerage.site/resources/js/jquery.placeholder.min.js HTTP/1.1" 200 1737
202.8.40.81 - - [19/Feb/2025:02:56:47 +0100] "GET /ticket2/opencms/system/modules/com.gridnine.opencms.ticketbrokerage.site/resources/js/common-ajax.js HTTP/1.1" 200 20175
192.99.36.126 - - [19/Feb/2025:02:56:49 +0100] "GET /ticket2/opencms/sv/buy/?page=1&edid=46B99181-7565-D704-BA22-DC7C6C8A924D&sortorder=desc&column=row HTTP/1.1" 200 108898
194.34.232.237 - - [19/Feb/2025:02:56:51 +0100] "GET /ticket2/opencms/en/buy/?page=1&edid=B6D0A9AB-69A7-9419-F7A9-AFE901370F8E&sortorder=asc&column=row HTTP/1.1" 200 110271
192.99.36.126 - - [19/Feb/2025:02:56:51 +0100] "GET /ticket2/opencms/sv/buy/?page=1&edid=46B99181-7565-D704-BA22-DC7C6C8A924D&sortorder=desc&column=section HTTP/1.1" 200 109025
157.90.209.79 - - [19/Feb/2025:02:56:51 +0100] "GET /ticket2/opencms/ka/sport/pekhburti-biletebi/bundesliga/wolfsburg HTTP/1.1" 200 98061
114.119.157.43 - - [19/Feb/2025:02:56:52 +0100] "GET /ticket2/opencms/fr/buy?page=1&edid=069EC406-6DFD-08ED-B6CC-A7E203415919 HTTP/1.1" 200 135243
192.99.36.126 - - [19/Feb/2025:02:56:53 +0100] "GET /ticket2/opencms/sv/buy/?page=1&edid=4707B237-2172-6DED-7054-CEC9CFBB0C66&sortorder=asc&column=price HTTP/1.1" 200 111591
85.208.96.200 - - [19/Feb/2025:02:56:54 +0100] "GET /ticket2/opencms/tr/magazine/article?title=petas-kylian-mbappe HTTP/1.1" 200 92945
194.34.232.237 - - [19/Feb/2025:02:56:54 +0100] "GET /ticket2/opencms/en/buy/?page=1&edid=B6D0A9AB-69A7-9419-F7A9-AFE901370F8E&sortorder=asc&column=section HTTP/1.1" 200 110383
192.99.36.126 - - [19/Feb/2025:02:56:55 +0100] "GET /ticket2/opencms/sv/buy/?page=1&edid=4707B237-2172-6DED-7054-CEC9CFBB0C66&sortorder=asc&column=row HTTP/1.1" 200 111534
192.99.36.126 - - [19/Feb/2025:02:56:57 +0100] "GET /ticket2/opencms/sv/buy/?page=1&edid=4707B237-2172-6DED-7054-CEC9CFBB0C66&sortorder=asc&column=section HTTP/1.1" 200 111621
194.34.232.237 - - [19/Feb/2025:02:56:58 +0100] "GET /ticket2/opencms/en/buy/?page=1&edid=B6D0A9AB-69A7-9419-F7A9-AFE901370F8E&sortorder=desc&column=row HTTP/1.1" 200 110341
192.99.36.126 - - [19/Feb/2025:02:56:59 +0100] "GET /ticket2/opencms/sv/buy/?page=1&edid=4707B237-2172-6DED-7054-CEC9CFBB0C66&sortorder=desc&column=price HTTP/1.1" 200 111557
173.252.69.112 - - [19/Feb/2025:02:57:01 +0100] "GET /ticket2/opencms/mt/buy?page=1&edid=E31D9C99-2DE8-8C0A-8D0F-7CBF8922AD94 HTTP/1.1" 200 112177
192.99.36.126 - - [19/Feb/2025:02:57:01 +0100] "GET /ticket2/opencms/sv/buy/?page=1&edid=47132D85-6386-619E-8F0A-163E57D20153&sortorder=asc&column=price HTTP/1.1" 200 110263
192.99.36.126 - - [19/Feb/2025:02:57:03 +0100] "GET /ticket2/opencms/sv/buy/?page=1&edid=47132D85-6386-619E-8F0A-163E57D20153&sortorder=asc&column=row HTTP/1.1" 200 110169
54.36.148.111 - - [19/Feb/2025:02:57:04 +0100] "GET /ticket2/opencms/ka/buy/?page=1&edid=EFCA122E-EFD5-12F8-6F83-6930A0BC1F37 HTTP/1.1" 200 130037
194.34.232.237 - - [19/Feb/2025:02:57:04 +0100] "GET /ticket2/opencms/en/buy/?page=1&edid=B7E62D99-CD83-9F99-D681-4F7E60B5B4FE&sortorder=asc&column=section HTTP/1.1" 200 111521
157.90.209.79 - - [19/Feb/2025:02:57:04 +0100] "GET /ticket2/opencms/ka/sport/pekhburti-biletebi/english-championship/ HTTP/1.1" 200 107213
192.99.36.126 - - [19/Feb/2025:02:57:05 +0100] "GET /ticket2/opencms/sv/buy/?page=1&edid=47132D85-6386-619E-8F0A-163E57D20153&sortorder=asc&column=section HTTP/1.1" 200 110264
192.99.36.126 - - [19/Feb/2025:02:57:07 +0100] "GET /ticket2/opencms/sv/buy/?page=1&edid=47132D85-6386-619E-8F0A-163E57D20153&sortorder=desc&column=price HTTP/1.1" 200 110172
66.249.76.43 - - [19/Feb/2025:02:57:08 +0100] "GET /ticket2/opencms/mo/magazine/article?title=lionel-messi HTTP/1.1" 200 96581
52.167.144.222 - - [19/Feb/2025:02:57:08 +0100] "GET /ticket2/opencms/sq/sport/bileta-per-futboll/la-liga/barcelona HTTP/1.1" 200 96756
185.191.171.5 - - [19/Feb/2025:02:57:09 +0100] "GET /ticket2/opencms/bs/magazine/article?title=lionel-messijeva-posljednja-sezona HTTP/1.1" 200 93868
192.99.36.126 - - [19/Feb/2025:02:57:10 +0100] "GET /ticket2/opencms/sv/buy/?page=1&edid=47132D85-6386-619E-8F0A-163E57D20153&sortorder=desc&column=row HTTP/1.1" 200 110130
47.128.124.149 - - [19/Feb/2025:02:57:10 +0100] "GET /ticket2/opencms/ro/buy?page=1&edid=A250B4B1-8EE0-FF45-8CB6-582F5F739AF9 HTTP/1.1" 200 112648
47.128.124.149 - - [19/Feb/2025:02:57:11 +0100] "GET /ticket2/opencms/ro/ask-form.html HTTP/1.1" 200 3156
192.99.36.126 - - [19/Feb/2025:02:57:12 +0100] "GET /ticket2/opencms/sv/buy/?page=1&edid=47132D85-6386-619E-8F0A-163E57D20153&sortorder=desc&column=section HTTP/1.1" 200 110290
47.128.124.149 - - [19/Feb/2025:02:57:12 +0100] "GET /ticket2/opencms/venue/emirates_stadium.png HTTP/1.1" 200 53537
54.36.148.132 - - [19/Feb/2025:02:57:13 +0100] "GET /ticket2/opencms/lv/buy?page=1&edid=2684212B-FA50-DC4B-3CFA-1303E9638140 HTTP/1.1" 200 130453
192.99.36.126 - - [19/Feb/2025:02:57:14 +0100] "GET /ticket2/opencms/sv/buy/?page=1&edid=4762DED1-D0F0-E02F-7740-40C01DC51B7B HTTP/1.1" 200 111728
194.34.232.237 - - [19/Feb/2025:02:57:14 +0100] "GET /ticket2/opencms/en/buy/?page=1&edid=B7E62D99-CD83-9F99-D681-4F7E60B5B4FE&sortorder=desc&column=row HTTP/1.1" 200 111413
192.99.36.126 - - [19/Feb/2025:02:57:16 +0100] "GET /ticket2/opencms/sv/buy/?page=1&edid=4762DED1-D0F0-E02F-7740-40C01DC51B7B&sortorder=desc&column=price HTTP/1.1" 200 112568
54.36.148.243 - - [19/Feb/2025:02:57:16 +0100] "GET /ticket2/opencms/bg/buy/?page=1&edid=EE1094B0-5F8D-7F5A-3592-6F4F9BDBF532 HTTP/1.1" 200 137920
194.34.232.237 - - [19/Feb/2025:02:57:18 +0100] "GET /ticket2/opencms/en/buy/?page=1&edid=B7E62D99-CD83-9F99-D681-4F7E60B5B4FE&sortorder=desc&column=section HTTP/1.1" 200 111627
192.99.36.126 - - [19/Feb/2025:02:57:18 +0100] "GET /ticket2/opencms/sv/buy/?page=1&edid=4762DED1-D0F0-E02F-7740-40C01DC51B7B&sortorder=desc&column=row HTTP/1.1" 200 112573
192.99.36.126 - - [19/Feb/2025:02:57:20 +0100] "GET /ticket2/opencms/sv/buy/?page=1&edid=4762DED1-D0F0-E02F-7740-40C01DC51B7B&sortorder=desc&column=section HTTP/1.1" 200 112739
47.128.116.60 - - [19/Feb/2025:02:57:20 +0100] "GET /ticket2/opencms/is/buy/?edid=C3C88BDA-1CC3-8611-4BC9-911B22C7161C HTTP/1.1" 200 91474
157.90.209.79 - - [19/Feb/2025:02:57:22 +0100] "GET /ticket2/opencms/ka/sport/pekhburti-biletebi/english-championship/birmingham-city HTTP/1.1" 404 -
192.99.36.126 - - [19/Feb/2025:02:57:23 +0100] "GET /ticket2/opencms/sv/buy/?page=1&edid=480E7B33-B8FB-DE6E-BC2D-C94272347172&sortorder=asc&column=price HTTP/1.1" 200 109021
194.34.232.237 - - [19/Feb/2025:02:57:23 +0100] "GET /ticket2/opencms/en/buy/?page=1&edid=B80C0CCB-23D4-7FF4-42F9-EDEE166252F4 HTTP/1.1" 200 109638
69.171.230.114 - - [19/Feb/2025:02:57:25 +0100] "GET /ticket2/opencms/sr/buy/?page=1&edid=E9DB3A42-82BF-9B65-3ED4-EE5A32871388 HTTP/1.1" 200 112920
192.99.36.126 - - [19/Feb/2025:02:57:25 +0100] "GET /ticket2/opencms/sv/buy/?page=1&edid=480EA493-0E5F-7F69-07F4-58B5BF351D39&sortorder=asc&column=price HTTP/1.1" 200 111131
54.36.149.7 - - [19/Feb/2025:02:57:26 +0100] "GET /ticket2/opencms/es/buy?page=1&edid=F2D85B77-0146-9383-AAB8-AFEF60C3B51B HTTP/1.1" 200 110846
194.34.232.237 - - [19/Feb/2025:02:57:27 +0100] "GET /ticket2/opencms/en/buy/?page=1&edid=B80C0CCB-23D4-7FF4-42F9-EDEE166252F4&sortorder=desc&column=price HTTP/1.1" 200 110638
192.99.36.126 - - [19/Feb/2025:02:57:27 +0100] "GET /ticket2/opencms/sv/buy/?page=1&edid=480EA493-0E5F-7F69-07F4-58B5BF351D39&sortorder=asc&column=section HTTP/1.1" 200 111234
192.99.36.126 - - [19/Feb/2025:02:57:29 +0100] "GET /ticket2/opencms/sv/buy/?page=1&edid=8DDA9AB9-8E42-6DCF-067E-CFD465659FAC&sortorder=asc&column=price HTTP/1.1" 200 112731
194.34.232.237 - - [19/Feb/2025:02:57:31 +0100] "GET /ticket2/opencms/en/buy/?page=1&edid=B80C0CCB-23D4-7FF4-42F9-EDEE166252F4&sortorder=desc&column=row HTTP/1.1" 200 110426
192.99.36.126 - - [19/Feb/2025:02:57:31 +0100] "GET /ticket2/opencms/sv/buy/?page=1&edid=8DE70B5D-0EED-4B8F-DCC0-5FFB51FC5504 HTTP/1.1" 200 110296
52.167.144.222 - - [19/Feb/2025:02:57:31 +0100] "GET /ticket2/opencms/lv/buy/?page=1&edid=4CC7453F-C63E-6008-8856-0A2D44DEDEAD HTTP/1.1" 200 108681
192.99.36.126 - - [19/Feb/2025:02:57:33 +0100] "GET /ticket2/opencms/sv/buy/?page=1&edid=8E22F3C7-B590-C40B-938A-AA2C912F4E33&sortorder=asc&column=price HTTP/1.1" 200 112138
194.34.232.237 - - [19/Feb/2025:02:57:34 +0100] "GET /ticket2/opencms/en/buy/?page=1&edid=BB09E6B7-4C7F-CD48-149C-8D3DECED8617&sortorder=asc&column=section HTTP/1.1" 200 111645
192.99.36.126 - - [19/Feb/2025:02:57:35 +0100] "GET /ticket2/opencms/sv/buy/?page=1&edid=8FEAAF11-353E-4805-7099-4359F188344C HTTP/1.1" 200 110167
157.90.209.79 - - [19/Feb/2025:02:57:35 +0100] "GET /ticket2/opencms/ka/sport/pekhburti-biletebi/english-championship/blackburn-rovers HTTP/1.1" 404 -
54.36.148.102 - - [19/Feb/2025:02:57:35 +0100] "GET /ticket2/opencms/nl/buy?page=1&edid=57C8D150-DCBD-4911-196A-160A37952FA8 HTTP/1.1" 200 133022
54.36.148.163 - - [19/Feb/2025:02:57:36 +0100] "GET /ticket2/opencms/sk/buy?page=1&edid=1B66F7E9-6D68-7258-D0DB-383034F8302F HTTP/1.1" 200 135476
192.99.36.126 - - [19/Feb/2025:02:57:37 +0100] "GET /ticket2/opencms/sv/buy/?page=1&edid=8FEAAF11-353E-4805-7099-4359F188344C&sortorder=asc&column=price HTTP/1.1" 200 111114
43.153.69.207 - - [19/Feb/2025:02:57:38 +0100] "GET /ticket2/opencms/fi/buy/?page=1&edid=1451D7F8-73F8-CDFB-097A-1DC5AB9EA78D HTTP/1.1" 200 111572
194.34.232.237 - - [19/Feb/2025:02:57:38 +0100] "GET /ticket2/opencms/en/buy/?page=1&edid=C39F342B-47CC-48AF-2B44-DB99C6E88157&sortorder=asc&column=row HTTP/1.1" 200 111450
192.99.36.126 - - [19/Feb/2025:02:57:39 +0100] "GET /ticket2/opencms/sv/buy/?page=1&edid=8FEAAF11-353E-4805-7099-4359F188344C&sortorder=asc&column=section HTTP/1.1" 200 111171
192.99.36.126 - - [19/Feb/2025:02:57:41 +0100] "GET /ticket2/opencms/sv/buy/?page=1&edid=9F927FE3-E5F5-57D4-A60A-E33F4671CF4F&sortorder=desc&column=price HTTP/1.1" 200 112766
47.128.16.176 - - [19/Feb/2025:02:57:42 +0100] "GET /ticket2/opencms/fi/venue/?venueid=753FF712-B99D-3B71-760E-1B27349FD0F1 HTTP/1.1" 200 86869
194.34.232.237 - - [19/Feb/2025:02:57:42 +0100] "GET /ticket2/opencms/en/buy/?page=1&edid=C39F342B-47CC-48AF-2B44-DB99C6E88157&sortorder=asc&column=section HTTP/1.1" 200 111539
192.99.36.126 - - [19/Feb/2025:02:57:44 +0100] "GET /ticket2/opencms/sv/buy/?page=1&edid=AAF81B4A-182C-A2CA-B6C2-D65EF5C78DAB&sortorder=desc&column=row HTTP/1.1" 200 111234
194.34.232.237 - - [19/Feb/2025:02:57:46 +0100] "GET /ticket2/opencms/en/buy/?page=1&edid=C3A8D76C-262A-7D8E-2936-83EB49D80732&sortorder=desc&column=section HTTP/1.1" 200 110347
192.99.36.126 - - [19/Feb/2025:02:57:46 +0100] "GET /ticket2/opencms/sv/buy/?page=1&edid=AB2F1C58-6A5B-E2CD-095A-4BF1DF689D46&sortorder=asc&column=row HTTP/1.1" 200 111867
54.36.148.141 - - [19/Feb/2025:02:57:46 +0100] "GET /ticket2/opencms/lt/buy?page=1&edid=096598FE-DA35-4351-DFEE-DC9ACA0F0EF9 HTTP/1.1" 200 135404
157.90.209.79 - - [19/Feb/2025:02:57:46 +0100] "GET /ticket2/opencms/ka/sport/pekhburti-biletebi/english-championship/bristol-city HTTP/1.1" 200 98948
66.249.76.161 - - [19/Feb/2025:02:57:47 +0100] "GET /ticket2/opencms/set_aff_cookie.jsp?partner=8F6DE15D-D831-5787-AE7E-FEFF53476F85&url=%252Fno%252Fbuy%252Findex.html%253Fpage%253D1%2526edid%253DDC4F64BB-84C6-452C-2BFD-138DC45E79DD%2526hlv%253D666de06a-344c-4adc-8b33-6d8a0a01000f%2523v_313310315 HTTP/1.1" 200 246
52.167.144.222 - - [19/Feb/2025:02:57:47 +0100] "GET /ticket2/opencms/mt/buy/?comcatid=A17713B6-D984-201A-4143-ED4DB5ED5C2E HTTP/1.1" 200 260441
47.128.120.50 - - [19/Feb/2025:02:57:47 +0100] "GET /ticket2/opencms/bg/buy?edid=FD52398C-F7D7-F542-DD8C-96DBE2E8DDC3 HTTP/1.1" 200 92538
192.99.36.126 - - [19/Feb/2025:02:57:48 +0100] "GET /ticket2/opencms/sv/buy/?page=1&edid=AB2F1C58-6A5B-E2CD-095A-4BF1DF689D46&sortorder=desc&column=price HTTP/1.1" 200 112016
194.34.232.237 - - [19/Feb/2025:02:57:49 +0100] "GET /ticket2/opencms/en/buy/?page=1&edid=D4255A3F-2F8B-4985-F818-B5C578B0FF1C&sortorder=asc&column=price HTTP/1.1" 200 110758
192.99.36.126 - - [19/Feb/2025:02:57:50 +0100] "GET /ticket2/opencms/sv/buy/?page=1&edid=AB2F1C58-6A5B-E2CD-095A-4BF1DF689D46&sortorder=desc&column=section HTTP/1.1" 200 112091
185.191.171.1 - - [19/Feb/2025:02:57:50 +0100] "GET /ticket2/opencms/fi/search.html?searchQuery=Columbus%252BBlue%252BJackets HTTP/1.1" 200 98474
192.99.36.126 - - [19/Feb/2025:02:57:52 +0100] "GET /ticket2/opencms/sv/buy/?page=1&edid=AB4FF136-CDCA-C52A-868D-DC896991B593&sortorder=asc&column=price HTTP/1.1" 200 109013
194.34.232.237 - - [19/Feb/2025:02:57:53 +0100] "GET /ticket2/opencms/en/buy/?page=1&edid=D4255A3F-2F8B-4985-F818-B5C578B0FF1C&sortorder=asc&column=row HTTP/1.1" 200 110593
192.99.36.126 - - [19/Feb/2025:02:57:55 +0100] "GET /ticket2/opencms/sv/buy/?page=1&edid=AB4FF136-CDCA-C52A-868D-DC896991B593&sortorder=asc&column=row HTTP/1.1" 200 108953
185.191.171.17 - - [19/Feb/2025:02:57:55 +0100] "GET /ticket2/opencms/sv/sport/fotbollsbiljetter/premier_league/birmingham/ HTTP/1.1" 200 86904
192.99.36.126 - - [19/Feb/2025:02:57:57 +0100] "GET /ticket2/opencms/sv/buy/?page=1&edid=AB4FF136-CDCA-C52A-868D-DC896991B593&sortorder=desc&column=price HTTP/1.1" 200 108980
194.34.232.237 - - [19/Feb/2025:02:57:57 +0100] "GET /ticket2/opencms/en/buy/?page=1&edid=E3B128F0-A528-70CF-8C87-E24A1C323D9D&sortorder=asc&column=price HTTP/1.1" 200 111522
54.36.148.93 - - [19/Feb/2025:02:57:59 +0100] "GET /ticket2/opencms/ro/sport/bilete-fotbal/serie-a/milan HTTP/1.1" 200 97984
192.99.36.126 - - [19/Feb/2025:02:57:59 +0100] "GET /ticket2/opencms/sv/buy/?page=1&edid=AB4FF136-CDCA-C52A-868D-DC896991B593&sortorder=desc&column=row HTTP/1.1" 200 108924
202.8.40.20 - - [19/Feb/2025:02:58:00 +0100] "GET /ticket2/opencms/system/modules/com.gridnine.opencms.ticketbrokerage.site/resources/css/jquery-ui.css HTTP/1.1" 200 33221
202.8.40.20 - - [19/Feb/2025:02:58:00 +0100] "GET /ticket2/opencms/system/modules/com.gridnine.opencms.ticketbrokerage.site/resources/css/ticketbrokerage.css HTTP/1.1" 200 39339
202.8.40.20 - - [19/Feb/2025:02:58:00 +0100] "GET /ticket2/opencms/system/modules/com.gridnine.opencms.ticketbrokerage.site/resources/css/calendar.css HTTP/1.1" 200 6871
