157.90.209.79 - - [19/Feb/2025:00:06:09 +0100] "GET /ticket2/opencms/fi/urheilu/jalkapallo/premier_league/liverpool HTTP/1.1" 200 92786
54.36.149.84 - - [19/Feb/2025:00:06:10 +0100] "GET /ticket2/opencms/az/buy?page=1&edid=EF89CCE1-4D67-63A5-1697-6B7EBB76F5C8 HTTP/1.1" 200 115113
202.8.40.99 - - [19/Feb/2025:00:06:12 +0100] "GET /ticket2/opencms/system/modules/com.gridnine.opencms.ticketbrokerage.site/resources/css/jquery-ui.css HTTP/1.1" 200 33221
202.8.40.99 - - [19/Feb/2025:00:06:12 +0100] "GET /ticket2/opencms/system/modules/com.gridnine.opencms.ticketbrokerage.site/resources/css/calendar.css HTTP/1.1" 200 6871
202.8.40.99 - - [19/Feb/2025:00:06:12 +0100] "GET /ticket2/opencms/system/modules/com.gridnine.opencms.ticketbrokerage.site/resources/css/ticketbrokerage.css HTTP/1.1" 200 39339
202.8.40.99 - - [19/Feb/2025:00:06:12 +0100] "GET /ticket2/opencms/system/modules/com.gridnine.opencms.ticketbrokerage.site/resources/css/jquery.fancybox.css HTTP/1.1" 200 4939
202.8.40.99 - - [19/Feb/2025:00:06:12 +0100] "GET /ticket2/opencms/system/modules/com.gridnine.opencms.ticketbrokerage.site/resources/css/standard.css HTTP/1.1" 200 73904
202.8.40.99 - - [19/Feb/2025:00:06:12 +0100] "GET /ticket2/opencms/system/modules/com.gridnine.opencms.ticketbrokerage.site/resources/js/jquery/jquery.js HTTP/1.1" 200 93868
202.8.40.99 - - [19/Feb/2025:00:06:12 +0100] "GET /ticket2/opencms/system/modules/com.gridnine.opencms.ticketbrokerage.site/resources/js/functions.js HTTP/1.1" 200 1583
202.8.40.99 - - [19/Feb/2025:00:06:12 +0100] "GET /ticket2/opencms/system/modules/com.gridnine.opencms.ticketbrokerage.site/resources/js/calendar.js HTTP/1.1" 200 49229
202.8.40.99 - - [19/Feb/2025:00:06:12 +0100] "GET /ticket2/opencms/system/modules/com.gridnine.opencms.ticketbrokerage.site/resources/js/calendar-en.js HTTP/1.1" 200 3338
202.8.40.99 - - [19/Feb/2025:00:06:12 +0100] "GET /ticket2/opencms/system/modules/com.gridnine.opencms.ticketbrokerage.site/resources/js/jquery/jquery-ui.js HTTP/1.1" 200 228088
202.8.40.99 - - [19/Feb/2025:00:06:12 +0100] "GET /ticket2/opencms/system/modules/com.gridnine.opencms.ticketbrokerage.site/resources/js/calendar-setup.js HTTP/1.1" 200 4923
202.8.40.99 - - [19/Feb/2025:00:06:12 +0100] "GET /ticket2/opencms/system/modules/com.gridnine.opencms.ticketbrokerage.site/resources/js/jquery.fancybox.pack.js HTTP/1.1" 200 23187
202.8.40.99 - - [19/Feb/2025:00:06:12 +0100] "GET /ticket2/opencms/system/modules/com.gridnine.opencms.ticketbrokerage.site/resources/js/stickyfill.min.js HTTP/1.1" 200 5672
202.8.40.99 - - [19/Feb/2025:00:06:12 +0100] "GET /ticket2/opencms/system/modules/com.gridnine.opencms.ticketbrokerage.site/resources/js/standard.js HTTP/1.1" 200 3983
202.8.40.99 - - [19/Feb/2025:00:06:12 +0100] "GET /ticket2/opencms/system/modules/com.gridnine.opencms.ticketbrokerage.site/resources/js/jquery.placeholder.min.js HTTP/1.1" 200 1737
85.208.96.208 - - [19/Feb/2025:00:06:12 +0100] "GET /ticket2/opencms/hu/magazine/article?title=cristiano-ronaldo HTTP/1.1" 200 94856
202.8.40.99 - - [19/Feb/2025:00:06:12 +0100] "GET /ticket2/opencms/system/modules/com.gridnine.opencms.ticketbrokerage.site/resources/js/common-ajax.js HTTP/1.1" 200 20175
202.8.40.99 - - [19/Feb/2025:00:06:12 +0100] "GET /ticket2/opencms/az/ask-form.html HTTP/1.1" 200 3156
202.8.40.99 - - [19/Feb/2025:00:06:12 +0100] "GET /ticket2/opencms/system/modules/com.gridnine.opencms.ticketbrokerage.site/resources/css/ticketbrokerage.css HTTP/1.1" 200 39339
194.247.173.99 - - [19/Feb/2025:00:06:13 +0100] "GET /ticket2/opencms/en/buy/?page=1&edid=2B4B21AC-3A39-C63E-397C-084E798BD2FE&sortorder=desc&column=price HTTP/1.1" 200 111476
185.191.171.11 - - [19/Feb/2025:00:06:13 +0100] "GET /ticket2/opencms/lv HTTP/1.1" 200 107631
54.36.148.195 - - [19/Feb/2025:00:06:16 +0100] "GET /ticket2/opencms/sl/buy?page=1&edid=750C6040-29F7-425D-A24F-51B977F415A3 HTTP/1.1" 200 136051
66.220.149.24 - - [19/Feb/2025:00:06:17 +0100] "GET /ticket2/opencms/az/buy?page=1&edid=160DAC9A-2A77-6FDC-52B8-296352B1ABF1 HTTP/1.1" 200 137801
194.247.173.99 - - [19/Feb/2025:00:06:17 +0100] "GET /ticket2/opencms/en/buy/?page=1&edid=2B4B21AC-3A39-C63E-397C-084E798BD2FE&sortorder=desc&column=row HTTP/1.1" 200 111399
157.90.209.79 - - [19/Feb/2025:00:06:20 +0100] "GET /ticket2/opencms/fi/urheilu/jalkapallo/premier_league/manchester_city HTTP/1.1" 200 99977
194.247.173.99 - - [19/Feb/2025:00:06:21 +0100] "GET /ticket2/opencms/en/buy/?page=1&edid=2B4B21AC-3A39-C63E-397C-084E798BD2FE&sortorder=desc&column=section HTTP/1.1" 200 111575
54.36.148.44 - - [19/Feb/2025:00:06:24 +0100] "GET /ticket2/opencms/mt/buy?page=1&edid=5EDAD7EF-4482-E566-628C-36CFA67969B0 HTTP/1.1" 200 114891
202.8.40.185 - - [19/Feb/2025:00:06:25 +0100] "GET /ticket2/opencms/system/modules/com.gridnine.opencms.ticketbrokerage.site/resources/css/calendar.css HTTP/1.1" 200 6871
202.8.40.185 - - [19/Feb/2025:00:06:25 +0100] "GET /ticket2/opencms/system/modules/com.gridnine.opencms.ticketbrokerage.site/resources/css/ticketbrokerage.css HTTP/1.1" 200 39339
202.8.40.185 - - [19/Feb/2025:00:06:25 +0100] "GET /ticket2/opencms/system/modules/com.gridnine.opencms.ticketbrokerage.site/resources/css/jquery-ui.css HTTP/1.1" 200 33221
202.8.40.185 - - [19/Feb/2025:00:06:25 +0100] "GET /ticket2/opencms/system/modules/com.gridnine.opencms.ticketbrokerage.site/resources/css/jquery.fancybox.css HTTP/1.1" 200 4939
202.8.40.185 - - [19/Feb/2025:00:06:25 +0100] "GET /ticket2/opencms/system/modules/com.gridnine.opencms.ticketbrokerage.site/resources/css/standard.css HTTP/1.1" 200 73904
202.8.40.185 - - [19/Feb/2025:00:06:25 +0100] "GET /ticket2/opencms/system/modules/com.gridnine.opencms.ticketbrokerage.site/resources/js/calendar-en.js HTTP/1.1" 200 3338
202.8.40.185 - - [19/Feb/2025:00:06:25 +0100] "GET /ticket2/opencms/system/modules/com.gridnine.opencms.ticketbrokerage.site/resources/js/calendar.js HTTP/1.1" 200 49229
202.8.40.185 - - [19/Feb/2025:00:06:25 +0100] "GET /ticket2/opencms/system/modules/com.gridnine.opencms.ticketbrokerage.site/resources/js/jquery/jquery.js HTTP/1.1" 200 93868
202.8.40.185 - - [19/Feb/2025:00:06:25 +0100] "GET /ticket2/opencms/system/modules/com.gridnine.opencms.ticketbrokerage.site/resources/js/functions.js HTTP/1.1" 200 1583
202.8.40.185 - - [19/Feb/2025:00:06:25 +0100] "GET /ticket2/opencms/system/modules/com.gridnine.opencms.ticketbrokerage.site/resources/js/jquery/jquery-ui.js HTTP/1.1" 200 228088
202.8.40.185 - - [19/Feb/2025:00:06:25 +0100] "GET /ticket2/opencms/system/modules/com.gridnine.opencms.ticketbrokerage.site/resources/js/jquery.fancybox.pack.js HTTP/1.1" 200 23187
202.8.40.185 - - [19/Feb/2025:00:06:25 +0100] "GET /ticket2/opencms/system/modules/com.gridnine.opencms.ticketbrokerage.site/resources/js/calendar-setup.js HTTP/1.1" 200 4923
202.8.40.185 - - [19/Feb/2025:00:06:25 +0100] "GET /ticket2/opencms/system/modules/com.gridnine.opencms.ticketbrokerage.site/resources/js/stickyfill.min.js HTTP/1.1" 200 5672
202.8.40.185 - - [19/Feb/2025:00:06:25 +0100] "GET /ticket2/opencms/system/modules/com.gridnine.opencms.ticketbrokerage.site/resources/js/standard.js HTTP/1.1" 200 3983
202.8.40.185 - - [19/Feb/2025:00:06:25 +0100] "GET /ticket2/opencms/system/modules/com.gridnine.opencms.ticketbrokerage.site/resources/js/jquery.placeholder.min.js HTTP/1.1" 200 1737
194.247.173.99 - - [19/Feb/2025:00:06:25 +0100] "GET /ticket2/opencms/en/buy/?page=1&edid=2BB46C82-776D-790E-346D-8BB7292ADA6F&sortorder=desc&column=price HTTP/1.1" 200 110558
202.8.40.185 - - [19/Feb/2025:00:06:25 +0100] "GET /ticket2/opencms/system/modules/com.gridnine.opencms.ticketbrokerage.site/resources/js/common-ajax.js HTTP/1.1" 200 20175
202.8.40.185 - - [19/Feb/2025:00:06:25 +0100] "GET /ticket2/opencms/mt/ask-form.html HTTP/1.1" 200 3156
202.8.40.185 - - [19/Feb/2025:00:06:25 +0100] "GET /ticket2/opencms/system/modules/com.gridnine.opencms.ticketbrokerage.site/resources/css/ticketbrokerage.css HTTP/1.1" 200 39339
47.128.96.123 - - [19/Feb/2025:00:06:26 +0100] "GET /ticket2/opencms/be/buy/?edid=D5C3D1FE-2C65-44B3-D4BD-F3D23C2158C3 HTTP/1.1" 200 92411
207.46.13.168 - - [19/Feb/2025:00:06:28 +0100] "GET /ticket2/opencms/lt/login HTTP/1.1" 200 91737
194.247.173.99 - - [19/Feb/2025:00:06:29 +0100] "GET /ticket2/opencms/en/buy/?page=1&edid=2D8E9E91-F40A-9CD3-B790-C21028BAFFF7&sortorder=asc&column=price HTTP/1.1" 200 109774
114.119.153.152 - - [19/Feb/2025:00:06:32 +0100] "GET /ticket2/opencms/fr/buy?page=1&edid=8EE24D2F-4BF0-A103-6944-36103BCA6278 HTTP/1.1" 200 122140
157.90.209.79 - - [19/Feb/2025:00:06:33 +0100] "GET /ticket2/opencms/fi/urheilu/jalkapallo/premier_league/manchester_united HTTP/1.1" 200 99301
194.247.173.99 - - [19/Feb/2025:00:06:33 +0100] "GET /ticket2/opencms/en/buy/?page=1&edid=33CC4948-6558-3EC2-FACA-6AF19D354AA8 HTTP/1.1" 200 109395
54.36.148.151 - - [19/Feb/2025:00:06:35 +0100] "GET /ticket2/opencms/uk/buy?page=1&edid=EF89CCE1-4D67-63A5-1697-6B7EBB76F5C8 HTTP/1.1" 200 116888
202.8.43.133 - - [19/Feb/2025:00:06:36 +0100] "GET /ticket2/opencms/system/modules/com.gridnine.opencms.ticketbrokerage.site/resources/css/jquery-ui.css HTTP/1.1" 200 33221
202.8.43.133 - - [19/Feb/2025:00:06:36 +0100] "GET /ticket2/opencms/system/modules/com.gridnine.opencms.ticketbrokerage.site/resources/css/calendar.css HTTP/1.1" 200 6871
202.8.43.133 - - [19/Feb/2025:00:06:36 +0100] "GET /ticket2/opencms/system/modules/com.gridnine.opencms.ticketbrokerage.site/resources/css/standard.css HTTP/1.1" 200 73904
202.8.43.133 - - [19/Feb/2025:00:06:36 +0100] "GET /ticket2/opencms/system/modules/com.gridnine.opencms.ticketbrokerage.site/resources/css/ticketbrokerage.css HTTP/1.1" 200 39339
202.8.43.133 - - [19/Feb/2025:00:06:36 +0100] "GET /ticket2/opencms/system/modules/com.gridnine.opencms.ticketbrokerage.site/resources/css/jquery.fancybox.css HTTP/1.1" 200 4939
202.8.43.133 - - [19/Feb/2025:00:06:36 +0100] "GET /ticket2/opencms/system/modules/com.gridnine.opencms.ticketbrokerage.site/resources/js/jquery/jquery.js HTTP/1.1" 200 93868
202.8.43.133 - - [19/Feb/2025:00:06:36 +0100] "GET /ticket2/opencms/system/modules/com.gridnine.opencms.ticketbrokerage.site/resources/js/jquery/jquery-ui.js HTTP/1.1" 200 228088
202.8.43.133 - - [19/Feb/2025:00:06:36 +0100] "GET /ticket2/opencms/system/modules/com.gridnine.opencms.ticketbrokerage.site/resources/js/calendar.js HTTP/1.1" 200 49229
202.8.43.133 - - [19/Feb/2025:00:06:37 +0100] "GET /ticket2/opencms/system/modules/com.gridnine.opencms.ticketbrokerage.site/resources/js/functions.js HTTP/1.1" 200 1583
202.8.43.133 - - [19/Feb/2025:00:06:37 +0100] "GET /ticket2/opencms/system/modules/com.gridnine.opencms.ticketbrokerage.site/resources/js/calendar-en.js HTTP/1.1" 200 3338
202.8.43.133 - - [19/Feb/2025:00:06:37 +0100] "GET /ticket2/opencms/system/modules/com.gridnine.opencms.ticketbrokerage.site/resources/js/calendar-setup.js HTTP/1.1" 200 4923
202.8.43.133 - - [19/Feb/2025:00:06:37 +0100] "GET /ticket2/opencms/system/modules/com.gridnine.opencms.ticketbrokerage.site/resources/js/jquery.fancybox.pack.js HTTP/1.1" 200 23187
202.8.43.133 - - [19/Feb/2025:00:06:37 +0100] "GET /ticket2/opencms/system/modules/com.gridnine.opencms.ticketbrokerage.site/resources/js/stickyfill.min.js HTTP/1.1" 200 5672
202.8.43.133 - - [19/Feb/2025:00:06:37 +0100] "GET /ticket2/opencms/system/modules/com.gridnine.opencms.ticketbrokerage.site/resources/js/standard.js HTTP/1.1" 200 3983
202.8.43.133 - - [19/Feb/2025:00:06:37 +0100] "GET /ticket2/opencms/system/modules/com.gridnine.opencms.ticketbrokerage.site/resources/js/jquery.placeholder.min.js HTTP/1.1" 200 1737
202.8.43.133 - - [19/Feb/2025:00:06:37 +0100] "GET /ticket2/opencms/system/modules/com.gridnine.opencms.ticketbrokerage.site/resources/js/common-ajax.js HTTP/1.1" 200 20175
202.8.43.133 - - [19/Feb/2025:00:06:37 +0100] "GET /ticket2/opencms/uk/ask-form.html HTTP/1.1" 200 3156
202.8.43.133 - - [19/Feb/2025:00:06:37 +0100] "GET /ticket2/opencms/system/modules/com.gridnine.opencms.ticketbrokerage.site/resources/css/ticketbrokerage.css HTTP/1.1" 200 39339
194.247.173.99 - - [19/Feb/2025:00:06:38 +0100] "GET /ticket2/opencms/en/buy/?page=1&edid=3A2C20BD-B176-205A-D392-221F9F943892&sortorder=asc&column=price HTTP/1.1" 200 110389
159.138.9.172 - - [19/Feb/2025:00:06:38 +0100] "GET /ticket2/opencms/az/sport/futbol-biletleri/la-liga/athletic-bilbao HTTP/1.1" 200 100431
194.247.173.99 - - [19/Feb/2025:00:06:42 +0100] "GET /ticket2/opencms/en/buy/?page=1&edid=3FCB9CEE-895D-725D-7D14-8EF1B7703A64&sortorder=desc&column=price HTTP/1.1" 200 109849
173.252.83.7 - - [19/Feb/2025:00:06:45 +0100] "GET /ticket2/opencms/hr/buy/?page=1&edid=F2CDADC4-EF6C-C259-F9D1-EA671C511115 HTTP/1.1" 200 108766
54.36.148.228 - - [19/Feb/2025:00:06:46 +0100] "GET /ticket2/opencms/cs/buy?page=1&edid=EF89CCE1-4D67-63A5-1697-6B7EBB76F5C8 HTTP/1.1" 200 114672
194.247.173.99 - - [19/Feb/2025:00:06:46 +0100] "GET /ticket2/opencms/en/buy/?page=1&edid=3FCB9CEE-895D-725D-7D14-8EF1B7703A64&sortorder=desc&column=row HTTP/1.1" 200 109694
66.220.149.32 - - [19/Feb/2025:00:06:48 +0100] "GET /ticket2/opencms/cs/sport/fotbalove-listky/bundesliga/wolfsburg/ HTTP/1.1" 200 97166
202.8.41.158 - - [19/Feb/2025:00:06:48 +0100] "GET /ticket2/opencms/system/modules/com.gridnine.opencms.ticketbrokerage.site/resources/css/jquery-ui.css HTTP/1.1" 200 33221
202.8.41.158 - - [19/Feb/2025:00:06:48 +0100] "GET /ticket2/opencms/system/modules/com.gridnine.opencms.ticketbrokerage.site/resources/css/standard.css HTTP/1.1" 200 73904
202.8.41.158 - - [19/Feb/2025:00:06:48 +0100] "GET /ticket2/opencms/system/modules/com.gridnine.opencms.ticketbrokerage.site/resources/css/calendar.css HTTP/1.1" 200 6871
202.8.41.158 - - [19/Feb/2025:00:06:48 +0100] "GET /ticket2/opencms/system/modules/com.gridnine.opencms.ticketbrokerage.site/resources/css/ticketbrokerage.css HTTP/1.1" 200 39339
202.8.41.158 - - [19/Feb/2025:00:06:48 +0100] "GET /ticket2/opencms/system/modules/com.gridnine.opencms.ticketbrokerage.site/resources/css/jquery.fancybox.css HTTP/1.1" 200 4939
202.8.41.158 - - [19/Feb/2025:00:06:48 +0100] "GET /ticket2/opencms/system/modules/com.gridnine.opencms.ticketbrokerage.site/resources/js/jquery/jquery.js HTTP/1.1" 200 93868
202.8.41.158 - - [19/Feb/2025:00:06:48 +0100] "GET /ticket2/opencms/system/modules/com.gridnine.opencms.ticketbrokerage.site/resources/js/jquery/jquery-ui.js HTTP/1.1" 200 228088
202.8.41.158 - - [19/Feb/2025:00:06:48 +0100] "GET /ticket2/opencms/system/modules/com.gridnine.opencms.ticketbrokerage.site/resources/js/functions.js HTTP/1.1" 200 1583
202.8.41.158 - - [19/Feb/2025:00:06:48 +0100] "GET /ticket2/opencms/system/modules/com.gridnine.opencms.ticketbrokerage.site/resources/js/calendar.js HTTP/1.1" 200 49229
202.8.41.158 - - [19/Feb/2025:00:06:48 +0100] "GET /ticket2/opencms/system/modules/com.gridnine.opencms.ticketbrokerage.site/resources/js/calendar-en.js HTTP/1.1" 200 3338
202.8.41.158 - - [19/Feb/2025:00:06:48 +0100] "GET /ticket2/opencms/system/modules/com.gridnine.opencms.ticketbrokerage.site/resources/js/calendar-setup.js HTTP/1.1" 200 4923
202.8.41.158 - - [19/Feb/2025:00:06:48 +0100] "GET /ticket2/opencms/system/modules/com.gridnine.opencms.ticketbrokerage.site/resources/js/jquery.fancybox.pack.js HTTP/1.1" 200 23187
202.8.41.158 - - [19/Feb/2025:00:06:48 +0100] "GET /ticket2/opencms/system/modules/com.gridnine.opencms.ticketbrokerage.site/resources/js/stickyfill.min.js HTTP/1.1" 200 5672
202.8.41.158 - - [19/Feb/2025:00:06:48 +0100] "GET /ticket2/opencms/system/modules/com.gridnine.opencms.ticketbrokerage.site/resources/js/standard.js HTTP/1.1" 200 3983
202.8.41.158 - - [19/Feb/2025:00:06:48 +0100] "GET /ticket2/opencms/system/modules/com.gridnine.opencms.ticketbrokerage.site/resources/js/jquery.placeholder.min.js HTTP/1.1" 200 1737
202.8.41.158 - - [19/Feb/2025:00:06:48 +0100] "GET /ticket2/opencms/system/modules/com.gridnine.opencms.ticketbrokerage.site/resources/js/common-ajax.js HTTP/1.1" 200 20175
202.8.41.158 - - [19/Feb/2025:00:06:48 +0100] "GET /ticket2/opencms/cs/ask-form.html HTTP/1.1" 200 3156
202.8.41.158 - - [19/Feb/2025:00:06:48 +0100] "GET /ticket2/opencms/system/modules/com.gridnine.opencms.ticketbrokerage.site/resources/css/ticketbrokerage.css HTTP/1.1" 200 39339
157.90.209.79 - - [19/Feb/2025:00:06:49 +0100] "GET /ticket2/opencms/fi/urheilu/jalkapallo/premier_league/newcastle_united HTTP/1.1" 404 -
85.208.96.193 - - [19/Feb/2025:00:06:49 +0100] "GET /ticket2/opencms/be/magazine/article?title=om-fotbollslaget-liverpool-fc HTTP/1.1" 200 96401
194.247.173.99 - - [19/Feb/2025:00:06:51 +0100] "GET /ticket2/opencms/en/buy/?page=1&edid=41BD58EC-97A9-BC1A-D605-8084F23D76F6&sortorder=asc&column=price HTTP/1.1" 200 111066
173.252.83.113 - - [19/Feb/2025:00:06:55 +0100] "GET /ticket2/opencms/mt/buy?page=1&edid=890CCDBB-BBBF-11B0-1E79-EA111E8EF281 HTTP/1.1" 200 120617
194.247.173.99 - - [19/Feb/2025:00:06:55 +0100] "GET /ticket2/opencms/en/buy/?page=1&edid=41BD58EC-97A9-BC1A-D605-8084F23D76F6&sortorder=asc&column=row HTTP/1.1" 200 110978
54.36.148.68 - - [19/Feb/2025:00:06:57 +0100] "GET /ticket2/opencms/cs/buy?page=1&edid=5EDAD7EF-4482-E566-628C-36CFA67969B0 HTTP/1.1" 200 114756
202.8.43.217 - - [19/Feb/2025:00:06:58 +0100] "GET /ticket2/opencms/system/modules/com.gridnine.opencms.ticketbrokerage.site/resources/css/calendar.css HTTP/1.1" 200 6871
202.8.43.217 - - [19/Feb/2025:00:06:58 +0100] "GET /ticket2/opencms/system/modules/com.gridnine.opencms.ticketbrokerage.site/resources/css/standard.css HTTP/1.1" 200 73904
202.8.43.217 - - [19/Feb/2025:00:06:58 +0100] "GET /ticket2/opencms/system/modules/com.gridnine.opencms.ticketbrokerage.site/resources/js/jquery/jquery.js HTTP/1.1" 200 93868
202.8.43.217 - - [19/Feb/2025:00:06:58 +0100] "GET /ticket2/opencms/system/modules/com.gridnine.opencms.ticketbrokerage.site/resources/css/ticketbrokerage.css HTTP/1.1" 200 39339
202.8.43.217 - - [19/Feb/2025:00:06:58 +0100] "GET /ticket2/opencms/system/modules/com.gridnine.opencms.ticketbrokerage.site/resources/css/jquery.fancybox.css HTTP/1.1" 200 4939
202.8.43.217 - - [19/Feb/2025:00:06:58 +0100] "GET /ticket2/opencms/system/modules/com.gridnine.opencms.ticketbrokerage.site/resources/css/jquery-ui.css HTTP/1.1" 200 33221
202.8.43.217 - - [19/Feb/2025:00:06:58 +0100] "GET /ticket2/opencms/system/modules/com.gridnine.opencms.ticketbrokerage.site/resources/js/jquery/jquery-ui.js HTTP/1.1" 200 228088
202.8.43.217 - - [19/Feb/2025:00:06:58 +0100] "GET /ticket2/opencms/system/modules/com.gridnine.opencms.ticketbrokerage.site/resources/js/functions.js HTTP/1.1" 200 1583
202.8.43.217 - - [19/Feb/2025:00:06:58 +0100] "GET /ticket2/opencms/system/modules/com.gridnine.opencms.ticketbrokerage.site/resources/js/calendar-en.js HTTP/1.1" 200 3338
202.8.43.217 - - [19/Feb/2025:00:06:58 +0100] "GET /ticket2/opencms/system/modules/com.gridnine.opencms.ticketbrokerage.site/resources/js/calendar-setup.js HTTP/1.1" 200 4923
202.8.43.217 - - [19/Feb/2025:00:06:58 +0100] "GET /ticket2/opencms/system/modules/com.gridnine.opencms.ticketbrokerage.site/resources/js/calendar.js HTTP/1.1" 200 49229
202.8.43.217 - - [19/Feb/2025:00:06:58 +0100] "GET /ticket2/opencms/system/modules/com.gridnine.opencms.ticketbrokerage.site/resources/js/jquery.fancybox.pack.js HTTP/1.1" 200 23187
202.8.43.217 - - [19/Feb/2025:00:06:58 +0100] "GET /ticket2/opencms/system/modules/com.gridnine.opencms.ticketbrokerage.site/resources/js/stickyfill.min.js HTTP/1.1" 200 5672
202.8.43.217 - - [19/Feb/2025:00:06:58 +0100] "GET /ticket2/opencms/system/modules/com.gridnine.opencms.ticketbrokerage.site/resources/js/standard.js HTTP/1.1" 200 3983
202.8.43.217 - - [19/Feb/2025:00:06:58 +0100] "GET /ticket2/opencms/system/modules/com.gridnine.opencms.ticketbrokerage.site/resources/js/jquery.placeholder.min.js HTTP/1.1" 200 1737
202.8.43.217 - - [19/Feb/2025:00:06:59 +0100] "GET /ticket2/opencms/system/modules/com.gridnine.opencms.ticketbrokerage.site/resources/js/common-ajax.js HTTP/1.1" 200 20175
202.8.43.217 - - [19/Feb/2025:00:06:59 +0100] "GET /ticket2/opencms/cs/ask-form.html HTTP/1.1" 200 3156
202.8.43.217 - - [19/Feb/2025:00:06:59 +0100] "GET /ticket2/opencms/system/modules/com.gridnine.opencms.ticketbrokerage.site/resources/css/ticketbrokerage.css HTTP/1.1" 200 39339
157.90.209.79 - - [19/Feb/2025:00:06:59 +0100] "GET /ticket2/opencms/fi/urheilu/jalkapallo/premier_league/tottenham HTTP/1.1" 200 92101
194.247.173.99 - - [19/Feb/2025:00:06:59 +0100] "GET /ticket2/opencms/en/buy/?page=1&edid=46CB9550-4A60-EB44-0968-F0DC6C611ED2&sortorder=desc&column=price HTTP/1.1" 200 110555
66.249.76.43 - - [19/Feb/2025:00:07:00 +0100] "GET /ticket2/opencms/hu/magazine/article?title=manchester-city-7-merkozes-gyozelem-nelkul HTTP/1.1" 200 96120
66.249.79.34 - - [19/Feb/2025:00:07:00 +0100] "GET /ticket2/opencms/set_aff_cookie.jsp?partner=8F6DE15D-D831-5787-AE7E-FEFF53476F85&url=%252Fno%252Fbuy%252Findex.html%253Fpage%253D1%2526edid%253DDC4F64BB-84C6-452C-2BFD-138DC45E79DD%2526hlv%253D666de068-f338-4bb7-8737-6d8a0a01000f%2523v1751433064 HTTP/1.1" 200 246
66.249.68.39 - - [19/Feb/2025:00:07:02 +0100] "GET /ticket2/opencms/mt/buy/?page=1&edid=3E614CE3-7605-80A5-EDE5-1940F2DB48F5 HTTP/1.1" 200 112182
85.208.96.201 - - [19/Feb/2025:00:07:04 +0100] "GET /ticket2/opencms/tr/magazine/article?title=vinicius-jr HTTP/1.1" 200 92355
194.247.173.99 - - [19/Feb/2025:00:07:04 +0100] "GET /ticket2/opencms/en/buy/?page=1&edid=478DA7E3-5E72-614D-155A-B45A5AC4AA8D HTTP/1.1" 200 106865
40.77.167.32 - - [19/Feb/2025:00:07:04 +0100] "GET /ticket2/opencms/az/buy/?comcatid=A17713B6-D984-201A-4143-ED4DB5ED5C2E&npage=8 HTTP/1.1" 200 171051
66.249.76.44 - - [19/Feb/2025:00:07:04 +0100] "GET /ticket2/opencms/hu/magazine/article?title=bergvall-es-kulusevski-lenyugoz HTTP/1.1" 200 94829
85.208.96.207 - - [19/Feb/2025:00:07:05 +0100] "GET /ticket2/opencms/bg/magazine/article?title=bornmut HTTP/1.1" 200 96220
185.191.171.2 - - [19/Feb/2025:00:07:06 +0100] "GET /ticket2/opencms/sq/magazine/article?title=makthi-per-manchester-city HTTP/1.1" 200 96573
173.252.83.5 - - [19/Feb/2025:00:07:07 +0100] "GET /ticket2/opencms/sr/buy/?page=1&edid=0637523A-01E7-1EC6-C82E-6B403F8C3BC7 HTTP/1.1" 200 109027
194.247.173.99 - - [19/Feb/2025:00:07:08 +0100] "GET /ticket2/opencms/en/buy/?page=1&edid=47BA693D-ECC2-4068-5C64-C1DC5F266899 HTTP/1.1" 200 110084
54.36.148.102 - - [19/Feb/2025:00:07:10 +0100] "GET /ticket2/opencms/pl/buy?page=1&edid=5EDAD7EF-4482-E566-628C-36CFA67969B0 HTTP/1.1" 200 114541
157.90.209.79 - - [19/Feb/2025:00:07:10 +0100] "GET /ticket2/opencms/fi/urheilu/jalkapallo/premier_league/west_ham_united HTTP/1.1" 200 98109
66.249.68.37 - - [19/Feb/2025:00:07:10 +0100] "GET /ticket2/opencms/hu/magazine/article?title=elhagyhatja-viktor-gyokeres-a-sportingot-a-tervezettnel-korabban HTTP/1.1" 200 94502
202.8.41.144 - - [19/Feb/2025:00:07:11 +0100] "GET /ticket2/opencms/system/modules/com.gridnine.opencms.ticketbrokerage.site/resources/css/jquery-ui.css HTTP/1.1" 200 33221
202.8.41.144 - - [19/Feb/2025:00:07:11 +0100] "GET /ticket2/opencms/system/modules/com.gridnine.opencms.ticketbrokerage.site/resources/css/calendar.css HTTP/1.1" 200 6871
202.8.41.144 - - [19/Feb/2025:00:07:11 +0100] "GET /ticket2/opencms/system/modules/com.gridnine.opencms.ticketbrokerage.site/resources/css/ticketbrokerage.css HTTP/1.1" 200 39339
202.8.41.144 - - [19/Feb/2025:00:07:11 +0100] "GET /ticket2/opencms/system/modules/com.gridnine.opencms.ticketbrokerage.site/resources/css/standard.css HTTP/1.1" 200 73904
202.8.41.144 - - [19/Feb/2025:00:07:11 +0100] "GET /ticket2/opencms/system/modules/com.gridnine.opencms.ticketbrokerage.site/resources/css/jquery.fancybox.css HTTP/1.1" 200 4939
202.8.41.144 - - [19/Feb/2025:00:07:11 +0100] "GET /ticket2/opencms/system/modules/com.gridnine.opencms.ticketbrokerage.site/resources/js/jquery/jquery.js HTTP/1.1" 200 93868
202.8.41.144 - - [19/Feb/2025:00:07:11 +0100] "GET /ticket2/opencms/system/modules/com.gridnine.opencms.ticketbrokerage.site/resources/js/functions.js HTTP/1.1" 200 1583
202.8.41.144 - - [19/Feb/2025:00:07:11 +0100] "GET /ticket2/opencms/system/modules/com.gridnine.opencms.ticketbrokerage.site/resources/js/jquery/jquery-ui.js HTTP/1.1" 200 228088
202.8.41.144 - - [19/Feb/2025:00:07:11 +0100] "GET /ticket2/opencms/system/modules/com.gridnine.opencms.ticketbrokerage.site/resources/js/calendar-en.js HTTP/1.1" 200 3338
202.8.41.144 - - [19/Feb/2025:00:07:11 +0100] "GET /ticket2/opencms/system/modules/com.gridnine.opencms.ticketbrokerage.site/resources/js/calendar.js HTTP/1.1" 200 49229
202.8.41.144 - - [19/Feb/2025:00:07:11 +0100] "GET /ticket2/opencms/system/modules/com.gridnine.opencms.ticketbrokerage.site/resources/js/calendar-setup.js HTTP/1.1" 200 4923
202.8.41.144 - - [19/Feb/2025:00:07:11 +0100] "GET /ticket2/opencms/system/modules/com.gridnine.opencms.ticketbrokerage.site/resources/js/jquery.fancybox.pack.js HTTP/1.1" 200 23187
202.8.41.144 - - [19/Feb/2025:00:07:11 +0100] "GET /ticket2/opencms/system/modules/com.gridnine.opencms.ticketbrokerage.site/resources/js/stickyfill.min.js HTTP/1.1" 200 5672
202.8.41.144 - - [19/Feb/2025:00:07:11 +0100] "GET /ticket2/opencms/system/modules/com.gridnine.opencms.ticketbrokerage.site/resources/js/standard.js HTTP/1.1" 200 3983
202.8.41.144 - - [19/Feb/2025:00:07:11 +0100] "GET /ticket2/opencms/system/modules/com.gridnine.opencms.ticketbrokerage.site/resources/js/jquery.placeholder.min.js HTTP/1.1" 200 1737
202.8.41.144 - - [19/Feb/2025:00:07:11 +0100] "GET /ticket2/opencms/system/modules/com.gridnine.opencms.ticketbrokerage.site/resources/js/common-ajax.js HTTP/1.1" 200 20175
202.8.41.144 - - [19/Feb/2025:00:07:11 +0100] "GET /ticket2/opencms/pl/ask-form.html HTTP/1.1" 200 3156
202.8.41.144 - - [19/Feb/2025:00:07:11 +0100] "GET /ticket2/opencms/system/modules/com.gridnine.opencms.ticketbrokerage.site/resources/css/ticketbrokerage.css HTTP/1.1" 200 39339
216.244.66.238 - - [19/Feb/2025:00:07:12 +0100] "GET /ticket2/opencms/bs/buy?page=1&edid=875E6B51-C91B-C46E-A4FB-B3662BA0A6E8 HTTP/1.1" 200 111097
194.247.173.99 - - [19/Feb/2025:00:07:12 +0100] "GET /ticket2/opencms/en/buy/?page=1&edid=47BA693D-ECC2-4068-5C64-C1DC5F266899&sortorder=asc&column=price HTTP/1.1" 200 111036
194.247.173.99 - - [19/Feb/2025:00:07:16 +0100] "GET /ticket2/opencms/en/buy/?page=1&edid=47BA693D-ECC2-4068-5C64-C1DC5F266899&sortorder=asc&column=row HTTP/1.1" 200 110917
216.244.66.238 - - [19/Feb/2025:00:07:18 +0100] "GET /ticket2/opencms/es/buy?page=1&edid=1D48D9F1-14CC-80C6-EB88-E10E851CDB7B HTTP/1.1" 200 111471
194.247.173.99 - - [19/Feb/2025:00:07:21 +0100] "GET /ticket2/opencms/en/buy/?page=1&edid=47BA693D-ECC2-4068-5C64-C1DC5F266899&sortorder=asc&column=section HTTP/1.1" 200 111154
54.36.148.6 - - [19/Feb/2025:00:07:23 +0100] "GET /ticket2/opencms/is/buy?page=1&edid=EF89CCE1-4D67-63A5-1697-6B7EBB76F5C8 HTTP/1.1" 200 114529
157.90.209.79 - - [19/Feb/2025:00:07:23 +0100] "GET /ticket2/opencms/fi/urheilu/jalkapallo/premier_league/wolverhampton HTTP/1.1" 200 98825
47.128.39.246 - - [19/Feb/2025:00:07:23 +0100] "GET /ticket2/opencms/az/buy/?edid=3A899F3D-4563-653B-4B43-C09A35CA2BD9 HTTP/1.1" 200 91625
202.8.43.134 - - [19/Feb/2025:00:07:24 +0100] "GET /ticket2/opencms/system/modules/com.gridnine.opencms.ticketbrokerage.site/resources/css/jquery-ui.css HTTP/1.1" 200 33221
202.8.43.134 - - [19/Feb/2025:00:07:24 +0100] "GET /ticket2/opencms/system/modules/com.gridnine.opencms.ticketbrokerage.site/resources/css/standard.css HTTP/1.1" 200 73904
202.8.43.134 - - [19/Feb/2025:00:07:24 +0100] "GET /ticket2/opencms/system/modules/com.gridnine.opencms.ticketbrokerage.site/resources/css/ticketbrokerage.css HTTP/1.1" 200 39339
202.8.43.134 - - [19/Feb/2025:00:07:24 +0100] "GET /ticket2/opencms/system/modules/com.gridnine.opencms.ticketbrokerage.site/resources/css/jquery.fancybox.css HTTP/1.1" 200 4939
202.8.43.134 - - [19/Feb/2025:00:07:24 +0100] "GET /ticket2/opencms/system/modules/com.gridnine.opencms.ticketbrokerage.site/resources/css/calendar.css HTTP/1.1" 200 6871
202.8.43.134 - - [19/Feb/2025:00:07:24 +0100] "GET /ticket2/opencms/system/modules/com.gridnine.opencms.ticketbrokerage.site/resources/js/jquery/jquery.js HTTP/1.1" 200 93868
216.244.66.238 - - [19/Feb/2025:00:07:24 +0100] "GET /ticket2/opencms/tr/buy?page=1&edid=1D48D9F1-14CC-80C6-EB88-E10E851CDB7B HTTP/1.1" 200 111613
202.8.43.134 - - [19/Feb/2025:00:07:24 +0100] "GET /ticket2/opencms/system/modules/com.gridnine.opencms.ticketbrokerage.site/resources/js/jquery/jquery-ui.js HTTP/1.1" 200 228088
202.8.43.134 - - [19/Feb/2025:00:07:24 +0100] "GET /ticket2/opencms/system/modules/com.gridnine.opencms.ticketbrokerage.site/resources/js/functions.js HTTP/1.1" 200 1583
202.8.43.134 - - [19/Feb/2025:00:07:24 +0100] "GET /ticket2/opencms/system/modules/com.gridnine.opencms.ticketbrokerage.site/resources/js/calendar-en.js HTTP/1.1" 200 3338
202.8.43.134 - - [19/Feb/2025:00:07:24 +0100] "GET /ticket2/opencms/system/modules/com.gridnine.opencms.ticketbrokerage.site/resources/js/calendar.js HTTP/1.1" 200 49229
202.8.43.134 - - [19/Feb/2025:00:07:24 +0100] "GET /ticket2/opencms/system/modules/com.gridnine.opencms.ticketbrokerage.site/resources/js/calendar-setup.js HTTP/1.1" 200 4923
202.8.43.134 - - [19/Feb/2025:00:07:24 +0100] "GET /ticket2/opencms/system/modules/com.gridnine.opencms.ticketbrokerage.site/resources/js/jquery.fancybox.pack.js HTTP/1.1" 200 23187
202.8.43.134 - - [19/Feb/2025:00:07:24 +0100] "GET /ticket2/opencms/system/modules/com.gridnine.opencms.ticketbrokerage.site/resources/js/stickyfill.min.js HTTP/1.1" 200 5672
202.8.43.134 - - [19/Feb/2025:00:07:24 +0100] "GET /ticket2/opencms/system/modules/com.gridnine.opencms.ticketbrokerage.site/resources/js/standard.js HTTP/1.1" 200 3983
202.8.43.134 - - [19/Feb/2025:00:07:24 +0100] "GET /ticket2/opencms/system/modules/com.gridnine.opencms.ticketbrokerage.site/resources/js/jquery.placeholder.min.js HTTP/1.1" 200 1737
202.8.43.134 - - [19/Feb/2025:00:07:24 +0100] "GET /ticket2/opencms/system/modules/com.gridnine.opencms.ticketbrokerage.site/resources/js/common-ajax.js HTTP/1.1" 200 20175
202.8.43.134 - - [19/Feb/2025:00:07:24 +0100] "GET /ticket2/opencms/is/ask-form.html HTTP/1.1" 200 3156
202.8.43.134 - - [19/Feb/2025:00:07:25 +0100] "GET /ticket2/opencms/system/modules/com.gridnine.opencms.ticketbrokerage.site/resources/css/ticketbrokerage.css HTTP/1.1" 200 39339
194.247.173.99 - - [19/Feb/2025:00:07:27 +0100] "GET /ticket2/opencms/en/buy/?page=1&edid=488F292D-D222-709A-DC11-3ACAB9AA4C1F&sortorder=desc&column=price HTTP/1.1" 200 111026
173.252.107.7 - - [19/Feb/2025:00:07:28 +0100] "GET /ticket2/opencms/sv/buy?page=1&edid=41CD7066-237A-B852-387D-3D5D7B688DF9 HTTP/1.1" 200 134751
85.208.96.209 - - [19/Feb/2025:00:07:30 +0100] "GET /ticket2/opencms/nl/terms_of_service/ HTTP/1.1" 200 97726
194.247.173.99 - - [19/Feb/2025:00:07:31 +0100] "GET /ticket2/opencms/en/buy/?page=1&edid=488F292D-D222-709A-DC11-3ACAB9AA4C1F&sortorder=desc&column=section HTTP/1.1" 200 111067
54.36.148.64 - - [19/Feb/2025:00:07:32 +0100] "GET /ticket2/opencms/sr/buy?page=1&edid=5EDAD7EF-4482-E566-628C-36CFA67969B0 HTTP/1.1" 200 115158
157.90.209.79 - - [19/Feb/2025:00:07:33 +0100] "GET /ticket2/opencms/fr/about/contact HTTP/1.1" 200 89695
202.8.41.234 - - [19/Feb/2025:00:07:34 +0100] "GET /ticket2/opencms/system/modules/com.gridnine.opencms.ticketbrokerage.site/resources/css/jquery-ui.css HTTP/1.1" 200 33221
202.8.41.234 - - [19/Feb/2025:00:07:34 +0100] "GET /ticket2/opencms/system/modules/com.gridnine.opencms.ticketbrokerage.site/resources/css/calendar.css HTTP/1.1" 200 6871
202.8.41.234 - - [19/Feb/2025:00:07:34 +0100] "GET /ticket2/opencms/system/modules/com.gridnine.opencms.ticketbrokerage.site/resources/css/ticketbrokerage.css HTTP/1.1" 200 39339
202.8.41.234 - - [19/Feb/2025:00:07:34 +0100] "GET /ticket2/opencms/system/modules/com.gridnine.opencms.ticketbrokerage.site/resources/css/standard.css HTTP/1.1" 200 73904
202.8.41.234 - - [19/Feb/2025:00:07:34 +0100] "GET /ticket2/opencms/system/modules/com.gridnine.opencms.ticketbrokerage.site/resources/css/jquery.fancybox.css HTTP/1.1" 200 4939
202.8.41.234 - - [19/Feb/2025:00:07:34 +0100] "GET /ticket2/opencms/system/modules/com.gridnine.opencms.ticketbrokerage.site/resources/js/jquery/jquery.js HTTP/1.1" 200 93868
202.8.41.234 - - [19/Feb/2025:00:07:34 +0100] "GET /ticket2/opencms/system/modules/com.gridnine.opencms.ticketbrokerage.site/resources/js/jquery/jquery-ui.js HTTP/1.1" 200 228088
202.8.41.234 - - [19/Feb/2025:00:07:34 +0100] "GET /ticket2/opencms/system/modules/com.gridnine.opencms.ticketbrokerage.site/resources/js/functions.js HTTP/1.1" 200 1583
202.8.41.234 - - [19/Feb/2025:00:07:34 +0100] "GET /ticket2/opencms/system/modules/com.gridnine.opencms.ticketbrokerage.site/resources/js/calendar.js HTTP/1.1" 200 49229
202.8.41.234 - - [19/Feb/2025:00:07:34 +0100] "GET /ticket2/opencms/system/modules/com.gridnine.opencms.ticketbrokerage.site/resources/js/calendar-en.js HTTP/1.1" 200 3338
202.8.41.234 - - [19/Feb/2025:00:07:34 +0100] "GET /ticket2/opencms/system/modules/com.gridnine.opencms.ticketbrokerage.site/resources/js/jquery.fancybox.pack.js HTTP/1.1" 200 23187
202.8.41.234 - - [19/Feb/2025:00:07:34 +0100] "GET /ticket2/opencms/system/modules/com.gridnine.opencms.ticketbrokerage.site/resources/js/stickyfill.min.js HTTP/1.1" 200 5672
202.8.41.234 - - [19/Feb/2025:00:07:34 +0100] "GET /ticket2/opencms/system/modules/com.gridnine.opencms.ticketbrokerage.site/resources/js/calendar-setup.js HTTP/1.1" 200 4923
202.8.41.234 - - [19/Feb/2025:00:07:34 +0100] "GET /ticket2/opencms/system/modules/com.gridnine.opencms.ticketbrokerage.site/resources/js/standard.js HTTP/1.1" 200 3983
202.8.41.234 - - [19/Feb/2025:00:07:34 +0100] "GET /ticket2/opencms/system/modules/com.gridnine.opencms.ticketbrokerage.site/resources/js/jquery.placeholder.min.js HTTP/1.1" 200 1737
202.8.41.234 - - [19/Feb/2025:00:07:34 +0100] "GET /ticket2/opencms/system/modules/com.gridnine.opencms.ticketbrokerage.site/resources/js/common-ajax.js HTTP/1.1" 200 20175
202.8.41.234 - - [19/Feb/2025:00:07:34 +0100] "GET /ticket2/opencms/sr/ask-form.html HTTP/1.1" 200 3156
202.8.41.234 - - [19/Feb/2025:00:07:34 +0100] "GET /ticket2/opencms/system/modules/com.gridnine.opencms.ticketbrokerage.site/resources/css/ticketbrokerage.css HTTP/1.1" 200 39339
194.247.173.99 - - [19/Feb/2025:00:07:35 +0100] "GET /ticket2/opencms/en/buy/?page=1&edid=4AECB71E-9E06-6EB7-B63B-B603F3E03F24 HTTP/1.1" 200 109777
114.119.157.43 - - [19/Feb/2025:00:07:38 +0100] "GET /ticket2/opencms/ro/buy?page=1&=1F5DDBE6-23AB-F5E5-34B5-37D25394F454 HTTP/1.1" 200 -
194.247.173.99 - - [19/Feb/2025:00:07:39 +0100] "GET /ticket2/opencms/en/buy/?page=1&edid=4AECB71E-9E06-6EB7-B63B-B603F3E03F24&sortorder=desc&column=price HTTP/1.1" 200 110768
194.247.173.99 - - [19/Feb/2025:00:07:44 +0100] "GET /ticket2/opencms/en/buy/?page=1&edid=4AECB71E-9E06-6EB7-B63B-B603F3E03F24&sortorder=desc&column=section HTTP/1.1" 200 110896
157.90.209.79 - - [19/Feb/2025:00:07:44 +0100] "GET /ticket2/opencms/fr/about/press HTTP/1.1" 200 90968
185.191.171.10 - - [19/Feb/2025:00:07:45 +0100] "GET /ticket2/opencms/de/sport/fussball-tickets/serie_a/cagliari/ HTTP/1.1" 200 96588
47.128.127.195 - - [19/Feb/2025:00:07:47 +0100] "GET /ticket2/opencms/sv/buy/?edid=7536ED49-D47D-D875-3F14-B754DE19451B HTTP/1.1" 200 91128
54.36.149.33 - - [19/Feb/2025:00:07:47 +0100] "GET /ticket2/opencms/bs/buy?page=1&edid=096598FE-DA35-4351-DFEE-DC9ACA0F0EF9 HTTP/1.1" 200 134807
194.247.173.99 - - [19/Feb/2025:00:07:48 +0100] "GET /ticket2/opencms/en/buy/?page=1&edid=4BF6A542-B6C8-E36E-90B2-447AC159728B HTTP/1.1" 200 106846
216.244.66.238 - - [19/Feb/2025:00:07:49 +0100] "GET /ticket2/opencms/be/buy?page=1&edid=8D7E4EA3-ED35-1CF7-A7BE-8DD27899E495 HTTP/1.1" 200 113927
194.247.173.99 - - [19/Feb/2025:00:07:52 +0100] "GET /ticket2/opencms/en/buy/?page=1&edid=4EF4CC9A-B0ED-46BC-F297-21E10A9EA6B6 HTTP/1.1" 200 109934
54.36.148.97 - - [19/Feb/2025:00:07:55 +0100] "GET /ticket2/opencms/uk/buy?page=1&edid=5EDAD7EF-4482-E566-628C-36CFA67969B0 HTTP/1.1" 200 117013
216.244.66.238 - - [19/Feb/2025:00:07:56 +0100] "GET /ticket2/opencms/cs/buy?page=1&edid=9D53EF56-E094-1CE3-0FAB-D54DB419847E HTTP/1.1" 200 112094
194.247.173.99 - - [19/Feb/2025:00:07:56 +0100] "GET /ticket2/opencms/en/buy/?page=1&edid=514274F5-88D6-1E22-A401-687FA309C84D&sortorder=asc&column=price HTTP/1.1" 200 110949
202.8.40.90 - - [19/Feb/2025:00:07:56 +0100] "GET /ticket2/opencms/system/modules/com.gridnine.opencms.ticketbrokerage.site/resources/css/jquery-ui.css HTTP/1.1" 200 33221
202.8.40.90 - - [19/Feb/2025:00:07:56 +0100] "GET /ticket2/opencms/system/modules/com.gridnine.opencms.ticketbrokerage.site/resources/css/calendar.css HTTP/1.1" 200 6871
202.8.40.90 - - [19/Feb/2025:00:07:56 +0100] "GET /ticket2/opencms/system/modules/com.gridnine.opencms.ticketbrokerage.site/resources/css/ticketbrokerage.css HTTP/1.1" 200 39339
202.8.40.90 - - [19/Feb/2025:00:07:56 +0100] "GET /ticket2/opencms/system/modules/com.gridnine.opencms.ticketbrokerage.site/resources/css/standard.css HTTP/1.1" 200 73904
202.8.40.90 - - [19/Feb/2025:00:07:56 +0100] "GET /ticket2/opencms/system/modules/com.gridnine.opencms.ticketbrokerage.site/resources/js/jquery/jquery.js HTTP/1.1" 200 93868
202.8.40.90 - - [19/Feb/2025:00:07:56 +0100] "GET /ticket2/opencms/system/modules/com.gridnine.opencms.ticketbrokerage.site/resources/css/jquery.fancybox.css HTTP/1.1" 200 4939
202.8.40.90 - - [19/Feb/2025:00:07:56 +0100] "GET /ticket2/opencms/system/modules/com.gridnine.opencms.ticketbrokerage.site/resources/js/jquery/jquery-ui.js HTTP/1.1" 200 228088
202.8.40.90 - - [19/Feb/2025:00:07:56 +0100] "GET /ticket2/opencms/system/modules/com.gridnine.opencms.ticketbrokerage.site/resources/js/functions.js HTTP/1.1" 200 1583
202.8.40.90 - - [19/Feb/2025:00:07:56 +0100] "GET /ticket2/opencms/system/modules/com.gridnine.opencms.ticketbrokerage.site/resources/js/calendar.js HTTP/1.1" 200 49229
202.8.40.90 - - [19/Feb/2025:00:07:56 +0100] "GET /ticket2/opencms/system/modules/com.gridnine.opencms.ticketbrokerage.site/resources/js/calendar-en.js HTTP/1.1" 200 3338
202.8.40.90 - - [19/Feb/2025:00:07:56 +0100] "GET /ticket2/opencms/system/modules/com.gridnine.opencms.ticketbrokerage.site/resources/js/calendar-setup.js HTTP/1.1" 200 4923
202.8.40.90 - - [19/Feb/2025:00:07:56 +0100] "GET /ticket2/opencms/system/modules/com.gridnine.opencms.ticketbrokerage.site/resources/js/jquery.fancybox.pack.js HTTP/1.1" 200 23187
202.8.40.90 - - [19/Feb/2025:00:07:56 +0100] "GET /ticket2/opencms/system/modules/com.gridnine.opencms.ticketbrokerage.site/resources/js/stickyfill.min.js HTTP/1.1" 200 5672
202.8.40.90 - - [19/Feb/2025:00:07:56 +0100] "GET /ticket2/opencms/system/modules/com.gridnine.opencms.ticketbrokerage.site/resources/js/standard.js HTTP/1.1" 200 3983
202.8.40.90 - - [19/Feb/2025:00:07:56 +0100] "GET /ticket2/opencms/system/modules/com.gridnine.opencms.ticketbrokerage.site/resources/js/jquery.placeholder.min.js HTTP/1.1" 200 1737
202.8.40.90 - - [19/Feb/2025:00:07:56 +0100] "GET /ticket2/opencms/system/modules/com.gridnine.opencms.ticketbrokerage.site/resources/js/common-ajax.js HTTP/1.1" 200 20175
202.8.40.90 - - [19/Feb/2025:00:07:56 +0100] "GET /ticket2/opencms/uk/ask-form.html HTTP/1.1" 200 3156
202.8.40.90 - - [19/Feb/2025:00:07:57 +0100] "GET /ticket2/opencms/system/modules/com.gridnine.opencms.ticketbrokerage.site/resources/css/ticketbrokerage.css HTTP/1.1" 200 39339
157.90.209.79 - - [19/Feb/2025:00:07:57 +0100] "GET /ticket2/opencms/fr/affiliateprogram.html HTTP/1.1" 200 90776
185.191.171.16 - - [19/Feb/2025:00:08:00 +0100] "GET /ticket2/opencms/cs/sport/fotbalove-listky/bundesliga/augsburg/ HTTP/1.1" 200 100321
194.247.173.99 - - [19/Feb/2025:00:08:00 +0100] "GET /ticket2/opencms/en/buy/?page=1&edid=514274F5-88D6-1E22-A401-687FA309C84D&sortorder=asc&column=section HTTP/1.1" 200 111042
40.77.167.4 - - [19/Feb/2025:00:08:00 +0100] "GET /ticket2/opencms/hu/buy/?page=1&edid=39CE598D-FC19-9CD8-F22D-3F7964FACAB9 HTTP/1.1" 200 125071
66.249.79.34 - - [19/Feb/2025:00:08:01 +0100] "GET /ticket2/opencms/de/affiliateprogram.html HTTP/1.1" 200 90829
216.244.66.238 - - [19/Feb/2025:00:08:02 +0100] "GET /ticket2/opencms/el/buy?page=1&edid=A113FE85-7662-7C87-CCFD-A458A1DAC50B HTTP/1.1" 200 115582
54.36.149.44 - - [19/Feb/2025:00:08:02 +0100] "GET /ticket2/opencms/en/venue/?venueid=824D1E28-334B-4B1B-158D-334C2640EAD4 HTTP/1.1" 200 85301
194.247.173.99 - - [19/Feb/2025:00:08:04 +0100] "GET /ticket2/opencms/en/buy/?page=1&edid=55D86897-8C9C-C674-770A-B1D3B4953179&sortorder=asc&column=row HTTP/1.1" 200 109834
40.77.167.48 - - [19/Feb/2025:00:08:04 +0100] "GET /ticket2/opencms/cs/buy/?page=1&edid=4A2B37C9-3D90-F2FE-13EA-D5249A2BEA8E HTTP/1.1" 200 108636
54.36.148.204 - - [19/Feb/2025:00:08:06 +0100] "GET /ticket2/opencms/cs/koupit HTTP/1.1" 200 90219
202.8.43.204 - - [19/Feb/2025:00:08:08 +0100] "GET /ticket2/opencms/system/modules/com.gridnine.opencms.ticketbrokerage.site/resources/css/jquery-ui.css HTTP/1.1" 200 33221
202.8.43.204 - - [19/Feb/2025:00:08:08 +0100] "GET /ticket2/opencms/system/modules/com.gridnine.opencms.ticketbrokerage.site/resources/css/ticketbrokerage.css HTTP/1.1" 200 39339
202.8.43.204 - - [19/Feb/2025:00:08:08 +0100] "GET /ticket2/opencms/system/modules/com.gridnine.opencms.ticketbrokerage.site/resources/css/calendar.css HTTP/1.1" 200 6871
202.8.43.204 - - [19/Feb/2025:00:08:08 +0100] "GET /ticket2/opencms/system/modules/com.gridnine.opencms.ticketbrokerage.site/resources/css/standard.css HTTP/1.1" 200 73904
202.8.43.204 - - [19/Feb/2025:00:08:08 +0100] "GET /ticket2/opencms/system/modules/com.gridnine.opencms.ticketbrokerage.site/resources/css/jquery.fancybox.css HTTP/1.1" 200 4939
202.8.43.204 - - [19/Feb/2025:00:08:08 +0100] "GET /ticket2/opencms/system/modules/com.gridnine.opencms.ticketbrokerage.site/resources/js/functions.js HTTP/1.1" 200 1583
202.8.43.204 - - [19/Feb/2025:00:08:08 +0100] "GET /ticket2/opencms/system/modules/com.gridnine.opencms.ticketbrokerage.site/resources/js/jquery/jquery-ui.js HTTP/1.1" 200 228088
202.8.43.204 - - [19/Feb/2025:00:08:08 +0100] "GET /ticket2/opencms/system/modules/com.gridnine.opencms.ticketbrokerage.site/resources/js/jquery/jquery.js HTTP/1.1" 200 93868
202.8.43.204 - - [19/Feb/2025:00:08:08 +0100] "GET /ticket2/opencms/system/modules/com.gridnine.opencms.ticketbrokerage.site/resources/js/calendar.js HTTP/1.1" 200 49229
202.8.43.204 - - [19/Feb/2025:00:08:08 +0100] "GET /ticket2/opencms/system/modules/com.gridnine.opencms.ticketbrokerage.site/resources/js/calendar-en.js HTTP/1.1" 200 3338
202.8.43.204 - - [19/Feb/2025:00:08:08 +0100] "GET /ticket2/opencms/system/modules/com.gridnine.opencms.ticketbrokerage.site/resources/js/calendar-setup.js HTTP/1.1" 200 4923
202.8.43.204 - - [19/Feb/2025:00:08:08 +0100] "GET /ticket2/opencms/system/modules/com.gridnine.opencms.ticketbrokerage.site/resources/js/jquery.fancybox.pack.js HTTP/1.1" 200 23187
202.8.43.204 - - [19/Feb/2025:00:08:08 +0100] "GET /ticket2/opencms/system/modules/com.gridnine.opencms.ticketbrokerage.site/resources/js/standard.js HTTP/1.1" 200 3983
202.8.43.204 - - [19/Feb/2025:00:08:08 +0100] "GET /ticket2/opencms/system/modules/com.gridnine.opencms.ticketbrokerage.site/resources/js/stickyfill.min.js HTTP/1.1" 200 5672
194.247.173.99 - - [19/Feb/2025:00:08:08 +0100] "GET /ticket2/opencms/en/buy/?page=1&edid=55D86897-8C9C-C674-770A-B1D3B4953179&sortorder=asc&column=section HTTP/1.1" 200 109977
202.8.43.204 - - [19/Feb/2025:00:08:08 +0100] "GET /ticket2/opencms/system/modules/com.gridnine.opencms.ticketbrokerage.site/resources/js/jquery.placeholder.min.js HTTP/1.1" 200 1737
202.8.43.204 - - [19/Feb/2025:00:08:08 +0100] "GET /ticket2/opencms/system/modules/com.gridnine.opencms.ticketbrokerage.site/resources/js/common-ajax.js HTTP/1.1" 200 20175
216.244.66.238 - - [19/Feb/2025:00:08:08 +0100] "GET /ticket2/opencms/el/buy?page=1&edid=CA3F9008-DF2E-9600-6911-C8A6F29ECC9F HTTP/1.1" 200 115928
194.247.173.99 - - [19/Feb/2025:00:08:12 +0100] "GET /ticket2/opencms/en/buy/?page=1&edid=5636DEDA-BAB6-7F10-24BF-27D5CA6FE54E&sortorder=asc&column=price HTTP/1.1" 200 110429
52.159.249.105 - - [19/Feb/2025:00:08:13 +0100] "GET /ticket2/opencms/pl/sport/bilety-futbol/premier-league/arsenal HTTP/1.1" 200 100742
216.244.66.238 - - [19/Feb/2025:00:08:14 +0100] "GET /ticket2/opencms/ro/buy?page=1&edid=A113FE85-7662-7C87-CCFD-A458A1DAC50B HTTP/1.1" 200 112132
157.90.209.79 - - [19/Feb/2025:00:08:15 +0100] "GET /ticket2/opencms/fr/buy_safety HTTP/1.1" 200 90910
194.247.173.99 - - [19/Feb/2025:00:08:16 +0100] "GET /ticket2/opencms/en/buy/?page=1&edid=5636DEDA-BAB6-7F10-24BF-27D5CA6FE54E&sortorder=asc&column=row HTTP/1.1" 200 110463
54.36.148.183 - - [19/Feb/2025:00:08:19 +0100] "GET /ticket2/opencms/it/buy?page=1&edid=C5944089-4BA1-6638-58B6-EE4373B33715 HTTP/1.1" 200 90216
216.244.66.238 - - [19/Feb/2025:00:08:20 +0100] "GET /ticket2/opencms/uk/buy?page=1&edid=A72CD07D-08E4-C032-9FA6-2107B7134BD2 HTTP/1.1" 200 114273
194.247.173.99 - - [19/Feb/2025:00:08:20 +0100] "GET /ticket2/opencms/en/buy/?page=1&edid=5636DEDA-BAB6-7F10-24BF-27D5CA6FE54E&sortorder=asc&column=section HTTP/1.1" 200 110627
35.203.210.174 - - [19/Feb/2025:00:08:23 +0100] "GET /ticket2/opencms/de/ HTTP/1.1" 200 107242
194.247.173.99 - - [19/Feb/2025:00:08:24 +0100] "GET /ticket2/opencms/en/buy/?page=1&edid=5660FC95-DEFD-E31A-427A-FEF42882AD54 HTTP/1.1" 200 106778
66.249.76.44 - - [19/Feb/2025:00:08:26 +0100] "GET /ticket2/opencms/hu/magazine/article?title=michail-antonio-megserult-egy-autobalesetben HTTP/1.1" 200 94210
194.247.173.99 - - [19/Feb/2025:00:08:28 +0100] "GET /ticket2/opencms/en/buy/?page=1&edid=5D1E6341-9E15-1B70-94F1-6D5375385314&sortorder=desc&column=price HTTP/1.1" 200 111056
54.36.148.250 - - [19/Feb/2025:00:08:28 +0100] "GET /ticket2/opencms/lt/buy?page=1&edid=5EDAD7EF-4482-E566-628C-36CFA67969B0 HTTP/1.1" 200 114652
185.191.171.18 - - [19/Feb/2025:00:08:28 +0100] "GET /ticket2/opencms/hu/magazine/article?title=az-eb-csillagok-akiket-a-legtobbet-googliznak-es-akik-a-legnagyobbak-az-instagramon HTTP/1.1" 200 99866
202.8.41.200 - - [19/Feb/2025:00:08:29 +0100] "GET /ticket2/opencms/system/modules/com.gridnine.opencms.ticketbrokerage.site/resources/css/standard.css HTTP/1.1" 200 73904
202.8.41.200 - - [19/Feb/2025:00:08:29 +0100] "GET /ticket2/opencms/system/modules/com.gridnine.opencms.ticketbrokerage.site/resources/css/jquery.fancybox.css HTTP/1.1" 200 4939
202.8.41.200 - - [19/Feb/2025:00:08:29 +0100] "GET /ticket2/opencms/system/modules/com.gridnine.opencms.ticketbrokerage.site/resources/css/ticketbrokerage.css HTTP/1.1" 200 39339
202.8.41.200 - - [19/Feb/2025:00:08:29 +0100] "GET /ticket2/opencms/system/modules/com.gridnine.opencms.ticketbrokerage.site/resources/css/calendar.css HTTP/1.1" 200 6871
202.8.41.200 - - [19/Feb/2025:00:08:29 +0100] "GET /ticket2/opencms/system/modules/com.gridnine.opencms.ticketbrokerage.site/resources/css/jquery-ui.css HTTP/1.1" 200 33221
202.8.41.200 - - [19/Feb/2025:00:08:29 +0100] "GET /ticket2/opencms/system/modules/com.gridnine.opencms.ticketbrokerage.site/resources/js/jquery/jquery.js HTTP/1.1" 200 93868
202.8.41.200 - - [19/Feb/2025:00:08:29 +0100] "GET /ticket2/opencms/system/modules/com.gridnine.opencms.ticketbrokerage.site/resources/js/jquery/jquery-ui.js HTTP/1.1" 200 228088
202.8.41.200 - - [19/Feb/2025:00:08:29 +0100] "GET /ticket2/opencms/system/modules/com.gridnine.opencms.ticketbrokerage.site/resources/js/functions.js HTTP/1.1" 200 1583
202.8.41.200 - - [19/Feb/2025:00:08:29 +0100] "GET /ticket2/opencms/system/modules/com.gridnine.opencms.ticketbrokerage.site/resources/js/calendar.js HTTP/1.1" 200 49229
202.8.41.200 - - [19/Feb/2025:00:08:29 +0100] "GET /ticket2/opencms/system/modules/com.gridnine.opencms.ticketbrokerage.site/resources/js/calendar-en.js HTTP/1.1" 200 3338
202.8.41.200 - - [19/Feb/2025:00:08:29 +0100] "GET /ticket2/opencms/system/modules/com.gridnine.opencms.ticketbrokerage.site/resources/js/calendar-setup.js HTTP/1.1" 200 4923
202.8.41.200 - - [19/Feb/2025:00:08:29 +0100] "GET /ticket2/opencms/system/modules/com.gridnine.opencms.ticketbrokerage.site/resources/js/jquery.fancybox.pack.js HTTP/1.1" 200 23187
202.8.41.200 - - [19/Feb/2025:00:08:29 +0100] "GET /ticket2/opencms/system/modules/com.gridnine.opencms.ticketbrokerage.site/resources/js/stickyfill.min.js HTTP/1.1" 200 5672
202.8.41.200 - - [19/Feb/2025:00:08:29 +0100] "GET /ticket2/opencms/system/modules/com.gridnine.opencms.ticketbrokerage.site/resources/js/standard.js HTTP/1.1" 200 3983
202.8.41.200 - - [19/Feb/2025:00:08:29 +0100] "GET /ticket2/opencms/system/modules/com.gridnine.opencms.ticketbrokerage.site/resources/js/jquery.placeholder.min.js HTTP/1.1" 200 1737
202.8.41.200 - - [19/Feb/2025:00:08:29 +0100] "GET /ticket2/opencms/system/modules/com.gridnine.opencms.ticketbrokerage.site/resources/js/common-ajax.js HTTP/1.1" 200 20175
202.8.41.200 - - [19/Feb/2025:00:08:30 +0100] "GET /ticket2/opencms/lt/ask-form.html HTTP/1.1" 200 3156
202.8.41.200 - - [19/Feb/2025:00:08:30 +0100] "GET /ticket2/opencms/system/modules/com.gridnine.opencms.ticketbrokerage.site/resources/css/ticketbrokerage.css HTTP/1.1" 200 39339
194.247.173.99 - - [19/Feb/2025:00:08:32 +0100] "GET /ticket2/opencms/en/buy/?page=1&edid=5D1E6341-9E15-1B70-94F1-6D5375385314&sortorder=desc&column=row HTTP/1.1" 200 110890
194.247.173.99 - - [19/Feb/2025:00:08:36 +0100] "GET /ticket2/opencms/en/buy/?page=1&edid=5D1E6341-9E15-1B70-94F1-6D5375385314&sortorder=desc&column=section HTTP/1.1" 200 111068
157.90.209.79 - - [19/Feb/2025:00:08:36 +0100] "GET /ticket2/opencms/fr/buying_tickets HTTP/1.1" 200 92391
66.220.149.15 - - [19/Feb/2025:00:08:39 +0100] "GET /ticket2/opencms/sr/buy?page=1&edid=F17C9A03-9EE8-3021-F3ED-C1A41F2235FA HTTP/1.1" 200 126873
54.36.149.80 - - [19/Feb/2025:00:08:39 +0100] "GET /ticket2/opencms/az/buy?page=1&edid=BD719054-11F0-C21F-E1D7-4BD8F12BE51A HTTP/1.1" 200 118986
194.247.173.99 - - [19/Feb/2025:00:08:40 +0100] "GET /ticket2/opencms/en/buy/?page=1&edid=61A73CFD-14E9-BAC9-6D26-0E09D7C7A245 HTTP/1.1" 200 106828
