114.119.130.91 - - [19/Feb/2025:00:00:00 +0100] "GET /ticket2/opencms/en/venue/?venueid=37C435E9-F183-6029-6984-FE323816144B HTTP/1.1" 200 85295
194.247.173.99 - - [19/Feb/2025:00:00:01 +0100] "GET /ticket2/opencms/en/buy/?page=1&edid=EDD921C3-85E0-12A1-A432-98789C28A5CD&sortorder=desc&column=row HTTP/1.1" 200 110456
114.119.159.237 - - [19/Feb/2025:00:00:02 +0100] "GET /ticket2/opencms/en/venue/?venueid=24282DEB-2558-F658-4C50-90E4155081CA HTTP/1.1" 200 85319
157.90.209.79 - - [19/Feb/2025:00:00:02 +0100] "GET /ticket2/opencms/fi/urheilu/jalkapallo/bundesliga/werder-bremen HTTP/1.1" 404 -
194.247.173.99 - - [19/Feb/2025:00:00:03 +0100] "GET /ticket2/opencms/en/buy/?page=1&edid=EDD921C3-85E0-12A1-A432-98789C28A5CD&sortorder=desc&column=section HTTP/1.1" 200 110675
194.247.173.99 - - [19/Feb/2025:00:00:06 +0100] "GET /ticket2/opencms/en/buy/?page=1&edid=EE1094B0-5F8D-7F5A-3592-6F4F9BDBF532 HTTP/1.1" 200 133298
85.208.96.202 - - [19/Feb/2025:00:00:06 +0100] "GET /ticket2/opencms/fr/sport/billets-football/ HTTP/1.1" 200 94608
54.36.148.48 - - [19/Feb/2025:00:00:09 +0100] "GET /ticket2/opencms/pl/bezpieczne-zakupy HTTP/1.1" 200 90882
194.247.173.99 - - [19/Feb/2025:00:00:09 +0100] "GET /ticket2/opencms/en/buy/?page=10&eventid=70DCBB35-E1EE-5989-BD09-1FAC2CA44E23&venueid=D4F19FB0-0B28-632C-9086-124F525CC6BE HTTP/1.1" 200 92781
202.8.42.238 - - [19/Feb/2025:00:00:10 +0100] "GET /ticket2/opencms/system/modules/com.gridnine.opencms.ticketbrokerage.site/resources/css/ticketbrokerage.css HTTP/1.1" 200 39339
202.8.42.238 - - [19/Feb/2025:00:00:10 +0100] "GET /ticket2/opencms/system/modules/com.gridnine.opencms.ticketbrokerage.site/resources/css/standard.css HTTP/1.1" 200 73904
202.8.42.238 - - [19/Feb/2025:00:00:10 +0100] "GET /ticket2/opencms/system/modules/com.gridnine.opencms.ticketbrokerage.site/resources/css/calendar.css HTTP/1.1" 200 6871
202.8.42.238 - - [19/Feb/2025:00:00:10 +0100] "GET /ticket2/opencms/system/modules/com.gridnine.opencms.ticketbrokerage.site/resources/css/jquery.fancybox.css HTTP/1.1" 200 4939
202.8.42.238 - - [19/Feb/2025:00:00:10 +0100] "GET /ticket2/opencms/system/modules/com.gridnine.opencms.ticketbrokerage.site/resources/css/jquery-ui.css HTTP/1.1" 200 33221
202.8.42.238 - - [19/Feb/2025:00:00:10 +0100] "GET /ticket2/opencms/system/modules/com.gridnine.opencms.ticketbrokerage.site/resources/js/jquery/jquery.js HTTP/1.1" 200 93868
202.8.42.238 - - [19/Feb/2025:00:00:10 +0100] "GET /ticket2/opencms/system/modules/com.gridnine.opencms.ticketbrokerage.site/resources/js/jquery/jquery-ui.js HTTP/1.1" 200 228088
202.8.42.238 - - [19/Feb/2025:00:00:10 +0100] "GET /ticket2/opencms/system/modules/com.gridnine.opencms.ticketbrokerage.site/resources/js/functions.js HTTP/1.1" 200 1583
202.8.42.238 - - [19/Feb/2025:00:00:10 +0100] "GET /ticket2/opencms/system/modules/com.gridnine.opencms.ticketbrokerage.site/resources/js/calendar.js HTTP/1.1" 200 49229
202.8.42.238 - - [19/Feb/2025:00:00:10 +0100] "GET /ticket2/opencms/system/modules/com.gridnine.opencms.ticketbrokerage.site/resources/js/calendar-en.js HTTP/1.1" 200 3338
202.8.42.238 - - [19/Feb/2025:00:00:10 +0100] "GET /ticket2/opencms/system/modules/com.gridnine.opencms.ticketbrokerage.site/resources/js/stickyfill.min.js HTTP/1.1" 200 5672
202.8.42.238 - - [19/Feb/2025:00:00:10 +0100] "GET /ticket2/opencms/system/modules/com.gridnine.opencms.ticketbrokerage.site/resources/js/calendar-setup.js HTTP/1.1" 200 4923
202.8.42.238 - - [19/Feb/2025:00:00:10 +0100] "GET /ticket2/opencms/system/modules/com.gridnine.opencms.ticketbrokerage.site/resources/js/standard.js HTTP/1.1" 200 3983
202.8.42.238 - - [19/Feb/2025:00:00:10 +0100] "GET /ticket2/opencms/system/modules/com.gridnine.opencms.ticketbrokerage.site/resources/js/jquery.fancybox.pack.js HTTP/1.1" 200 23187
202.8.42.238 - - [19/Feb/2025:00:00:11 +0100] "GET /ticket2/opencms/system/modules/com.gridnine.opencms.ticketbrokerage.site/resources/js/jquery.placeholder.min.js HTTP/1.1" 200 1737
202.8.42.238 - - [19/Feb/2025:00:00:11 +0100] "GET /ticket2/opencms/system/modules/com.gridnine.opencms.ticketbrokerage.site/resources/js/common-ajax.js HTTP/1.1" 200 20175
194.247.173.99 - - [19/Feb/2025:00:00:12 +0100] "GET /ticket2/opencms/en/buy/?page=6&comcatid=A17713B6-D984-201A-4143-ED4DB5ED5C2E&catid=06324577-7173-BAB0-146D-E644C912F7C1 HTTP/1.1" 200 143098
157.90.209.79 - - [19/Feb/2025:00:00:13 +0100] "GET /ticket2/opencms/fi/urheilu/jalkapallo/bundesliga/wolfsburg HTTP/1.1" 200 94882
52.167.144.218 - - [19/Feb/2025:00:00:13 +0100] "GET /ticket2/opencms/bg/buy?page=1&edid=07DEB2A3-DF25-51E6-57DE-19F2D68F0F1B HTTP/1.1" 200 110988
216.244.66.238 - - [19/Feb/2025:00:00:14 +0100] "GET /ticket2/opencms/et/buy?page=1&edid=BB3F8D1C-F850-FE7D-2AC5-9536E18D91DF HTTP/1.1" 200 108527
194.247.173.99 - - [19/Feb/2025:00:00:15 +0100] "GET /ticket2/opencms/en/buy/?page=6&comcatid=A17713B6-D984-201A-4143-ED4DB5ED5C2E&catid=0A9E385E-33D9-328E-DC79-CA2C7009C829 HTTP/1.1" 200 102226
85.208.96.207 - - [19/Feb/2025:00:00:16 +0100] "GET /ticket2/opencms/fi/search.html?searchQuery=winnipeg%2Bjets&submit.x=0&submit.y=0 HTTP/1.1" 200 98515
114.119.150.86 - - [19/Feb/2025:00:00:17 +0100] "GET /ticket2/opencms/ro/buy?page=1&edid=8DC0C209-9D3E-E67A-4B0A-E8E4423948FE HTTP/1.1" 200 108919
194.247.173.99 - - [19/Feb/2025:00:00:17 +0100] "GET /ticket2/opencms/en/buy/?page=6&comcatid=A17713B6-D984-201A-4143-ED4DB5ED5C2E&catid=21C3854B-901E-11F9-7B7D-6838CC6AFAA4 HTTP/1.1" 200 135382
194.247.173.99 - - [19/Feb/2025:00:00:20 +0100] "GET /ticket2/opencms/en/buy/?page=6&comcatid=A17713B6-D984-201A-4143-ED4DB5ED5C2E&catid=24AC1CA6-1C09-0BE5-C04A-9DCCDB15D5E9 HTTP/1.1" 200 102215
84.125.104.90 - - [19/Feb/2025:00:00:21 +0100] "GET /ticket2/opencms/img/shutterstock_1559114345.jpg HTTP/1.1" 200 1583836
194.247.173.99 - - [19/Feb/2025:00:00:22 +0100] "GET /ticket2/opencms/en/buy/?page=6&comcatid=A17713B6-D984-201A-4143-ED4DB5ED5C2E&catid=2DE12DDA-A5FB-C1C6-CB20-FBF873FB032B HTTP/1.1" 200 102289
54.36.148.59 - - [19/Feb/2025:00:00:24 +0100] "GET /ticket2/opencms/sv/buy?page=1&edid=E9F0B041-BF0A-CE11-045F-89CD49D4FA7D HTTP/1.1" 200 114053
157.90.209.79 - - [19/Feb/2025:00:00:24 +0100] "GET /ticket2/opencms/fi/urheilu/jalkapallo/la-liga HTTP/1.1" 200 98604
202.8.42.255 - - [19/Feb/2025:00:00:25 +0100] "GET /ticket2/opencms/system/modules/com.gridnine.opencms.ticketbrokerage.site/resources/css/standard.css HTTP/1.1" 200 73904
202.8.42.255 - - [19/Feb/2025:00:00:25 +0100] "GET /ticket2/opencms/system/modules/com.gridnine.opencms.ticketbrokerage.site/resources/css/ticketbrokerage.css HTTP/1.1" 200 39339
202.8.42.255 - - [19/Feb/2025:00:00:25 +0100] "GET /ticket2/opencms/system/modules/com.gridnine.opencms.ticketbrokerage.site/resources/js/jquery/jquery.js HTTP/1.1" 200 93868
202.8.42.255 - - [19/Feb/2025:00:00:25 +0100] "GET /ticket2/opencms/system/modules/com.gridnine.opencms.ticketbrokerage.site/resources/js/jquery/jquery-ui.js HTTP/1.1" 200 228088
202.8.42.255 - - [19/Feb/2025:00:00:25 +0100] "GET /ticket2/opencms/system/modules/com.gridnine.opencms.ticketbrokerage.site/resources/css/calendar.css HTTP/1.1" 200 6871
202.8.42.255 - - [19/Feb/2025:00:00:25 +0100] "GET /ticket2/opencms/system/modules/com.gridnine.opencms.ticketbrokerage.site/resources/js/functions.js HTTP/1.1" 200 1583
202.8.42.255 - - [19/Feb/2025:00:00:25 +0100] "GET /ticket2/opencms/system/modules/com.gridnine.opencms.ticketbrokerage.site/resources/js/calendar.js HTTP/1.1" 200 49229
202.8.42.255 - - [19/Feb/2025:00:00:25 +0100] "GET /ticket2/opencms/system/modules/com.gridnine.opencms.ticketbrokerage.site/resources/js/calendar-en.js HTTP/1.1" 200 3338
202.8.42.255 - - [19/Feb/2025:00:00:25 +0100] "GET /ticket2/opencms/system/modules/com.gridnine.opencms.ticketbrokerage.site/resources/js/calendar-setup.js HTTP/1.1" 200 4923
202.8.42.255 - - [19/Feb/2025:00:00:25 +0100] "GET /ticket2/opencms/system/modules/com.gridnine.opencms.ticketbrokerage.site/resources/js/standard.js HTTP/1.1" 200 3983
194.247.173.99 - - [19/Feb/2025:00:00:25 +0100] "GET /ticket2/opencms/en/buy/?page=6&comcatid=A17713B6-D984-201A-4143-ED4DB5ED5C2E&catid=2FC3D548-EAF9-1354-0CD2-7D7619DA2334 HTTP/1.1" 200 102166
202.8.42.255 - - [19/Feb/2025:00:00:25 +0100] "GET /ticket2/opencms/sv/ask-form.html HTTP/1.1" 200 2950
202.8.42.255 - - [19/Feb/2025:00:00:25 +0100] "GET /ticket2/opencms/system/modules/com.gridnine.opencms.ticketbrokerage.site/resources/css/ticketbrokerage.css HTTP/1.1" 200 39339
114.119.150.86 - - [19/Feb/2025:00:00:26 +0100] "GET /ticket2/opencms/dk/buy?page=1&=33A224EE-7973-103D-CD5A-9CC17DBF0BDF HTTP/1.1" 200 -
194.247.173.99 - - [19/Feb/2025:00:00:28 +0100] "GET /ticket2/opencms/en/buy/?page=6&comcatid=A17713B6-D984-201A-4143-ED4DB5ED5C2E&catid=3A7AEA37-903D-9533-4B33-21B0001FF1D1 HTTP/1.1" 200 102176
47.128.56.247 - - [19/Feb/2025:00:00:29 +0100] "GET /ticket2/opencms/sl/buy/?edid=F470DBBF-86C7-739C-C511-DD5626B6BC19 HTTP/1.1" 200 91631
194.247.173.99 - - [19/Feb/2025:00:00:34 +0100] "GET /ticket2/opencms/en/buy/?page=1&edid=045E9839-F527-B1BF-B532-802EBDA5A6EC&sortorder=desc&column=section HTTP/1.1" 200 110457
157.90.209.79 - - [19/Feb/2025:00:00:34 +0100] "GET /ticket2/opencms/fi/urheilu/jalkapallo/la-liga/alaves HTTP/1.1" 200 99682
207.46.13.150 - - [19/Feb/2025:00:00:34 +0100] "GET /ticket2/opencms/et/buy/?page=1&edid=AC0B9D95-EFDF-620F-1AF4-978A4B3BD208 HTTP/1.1" 200 108462
173.252.87.116 - - [19/Feb/2025:00:00:37 +0100] "GET /ticket2/opencms/sr/buy?page=1&edid=7D93CEA8-790B-90BC-58EC-CA5B0CB3CBFB HTTP/1.1" 200 125136
54.36.148.54 - - [19/Feb/2025:00:00:38 +0100] "GET /ticket2/opencms/hr/buy?page=1&edid=BD719054-11F0-C21F-E1D7-4BD8F12BE51A HTTP/1.1" 200 118540
194.247.173.99 - - [19/Feb/2025:00:00:39 +0100] "GET /ticket2/opencms/en/buy/?page=1&edid=0637523A-01E7-1EC6-C82E-6B403F8C3BC7 HTTP/1.1" 200 106875
157.90.209.79 - - [19/Feb/2025:00:00:42 +0100] "GET /ticket2/opencms/fi/urheilu/jalkapallo/la-liga/athletic-bilbao HTTP/1.1" 404 -
194.247.173.99 - - [19/Feb/2025:00:00:45 +0100] "GET /ticket2/opencms/en/buy/?page=1&edid=0710F442-BF1F-3B9D-DE18-E35B12BA53D0 HTTP/1.1" 200 106793
194.247.173.99 - - [19/Feb/2025:00:00:49 +0100] "GET /ticket2/opencms/en/buy/?page=1&edid=0710F442-BF1F-3B9D-DE18-E35B12BA53D0&sortorder=asc&column=price HTTP/1.1" 200 107717
157.90.209.79 - - [19/Feb/2025:00:00:49 +0100] "GET /ticket2/opencms/fi/urheilu/jalkapallo/la-liga/atletico-madrid HTTP/1.1" 404 -
54.36.148.94 - - [19/Feb/2025:00:00:51 +0100] "GET /ticket2/opencms/fr/magazine/article?title=bergvall-et-kulusevski-impressionnent HTTP/1.1" 200 94681
194.247.173.99 - - [19/Feb/2025:00:00:53 +0100] "GET /ticket2/opencms/en/buy/?page=1&edid=0710F442-BF1F-3B9D-DE18-E35B12BA53D0&sortorder=asc&column=row HTTP/1.1" 200 107677
85.208.96.208 - - [19/Feb/2025:00:00:57 +0100] "GET /ticket2/opencms/bg/magazine/article?title=tottenham-burnley-2024-05-11 HTTP/1.1" 200 93113
194.247.173.99 - - [19/Feb/2025:00:00:58 +0100] "GET /ticket2/opencms/en/buy/?page=1&edid=0710F442-BF1F-3B9D-DE18-E35B12BA53D0&sortorder=asc&column=section HTTP/1.1" 200 107771
157.90.209.79 - - [19/Feb/2025:00:01:02 +0100] "GET /ticket2/opencms/fi/urheilu/jalkapallo/la-liga/barcelona HTTP/1.1" 200 94081
47.128.47.63 - - [19/Feb/2025:00:01:03 +0100] "GET /ticket2/opencms/be/buy/?edid=2F89DE74-66D3-F2EE-BBA0-20A3C149309A HTTP/1.1" 200 92363
194.247.173.99 - - [19/Feb/2025:00:01:04 +0100] "GET /ticket2/opencms/en/buy/?page=1&edid=0710F442-BF1F-3B9D-DE18-E35B12BA53D0&sortorder=desc&column=price HTTP/1.1" 200 107825
54.36.149.41 - - [19/Feb/2025:00:01:05 +0100] "GET /ticket2/opencms/bs/sport/fudbalske-karte/la-liga HTTP/1.1" 200 101814
216.244.66.238 - - [19/Feb/2025:00:01:05 +0100] "GET /ticket2/opencms/be/buy?page=1&edid=A036D254-48CA-326A-6976-9EF3C3BCC6BC HTTP/1.1" 200 114707
202.8.43.131 - - [19/Feb/2025:00:01:06 +0100] "GET /ticket2/opencms/system/modules/com.gridnine.opencms.ticketbrokerage.site/resources/css/jquery-ui.css HTTP/1.1" 200 33221
202.8.43.131 - - [19/Feb/2025:00:01:06 +0100] "GET /ticket2/opencms/system/modules/com.gridnine.opencms.ticketbrokerage.site/resources/css/standard.css HTTP/1.1" 200 73904
202.8.43.131 - - [19/Feb/2025:00:01:06 +0100] "GET /ticket2/opencms/system/modules/com.gridnine.opencms.ticketbrokerage.site/resources/css/jquery.fancybox.css HTTP/1.1" 200 4939
202.8.43.131 - - [19/Feb/2025:00:01:06 +0100] "GET /ticket2/opencms/system/modules/com.gridnine.opencms.ticketbrokerage.site/resources/css/ticketbrokerage.css HTTP/1.1" 200 39339
202.8.43.131 - - [19/Feb/2025:00:01:06 +0100] "GET /ticket2/opencms/system/modules/com.gridnine.opencms.ticketbrokerage.site/resources/css/calendar.css HTTP/1.1" 200 6871
202.8.43.131 - - [19/Feb/2025:00:01:06 +0100] "GET /ticket2/opencms/system/modules/com.gridnine.opencms.ticketbrokerage.site/resources/js/jquery/jquery.js HTTP/1.1" 200 93868
202.8.43.131 - - [19/Feb/2025:00:01:06 +0100] "GET /ticket2/opencms/system/modules/com.gridnine.opencms.ticketbrokerage.site/resources/js/functions.js HTTP/1.1" 200 1583
202.8.43.131 - - [19/Feb/2025:00:01:06 +0100] "GET /ticket2/opencms/system/modules/com.gridnine.opencms.ticketbrokerage.site/resources/js/jquery/jquery-ui.js HTTP/1.1" 200 228088
202.8.43.131 - - [19/Feb/2025:00:01:06 +0100] "GET /ticket2/opencms/system/modules/com.gridnine.opencms.ticketbrokerage.site/resources/js/calendar.js HTTP/1.1" 200 49229
202.8.43.131 - - [19/Feb/2025:00:01:06 +0100] "GET /ticket2/opencms/system/modules/com.gridnine.opencms.ticketbrokerage.site/resources/js/calendar-en.js HTTP/1.1" 200 3338
202.8.43.131 - - [19/Feb/2025:00:01:06 +0100] "GET /ticket2/opencms/system/modules/com.gridnine.opencms.ticketbrokerage.site/resources/js/jquery.fancybox.pack.js HTTP/1.1" 200 23187
202.8.43.131 - - [19/Feb/2025:00:01:06 +0100] "GET /ticket2/opencms/system/modules/com.gridnine.opencms.ticketbrokerage.site/resources/js/calendar-setup.js HTTP/1.1" 200 4923
202.8.43.131 - - [19/Feb/2025:00:01:07 +0100] "GET /ticket2/opencms/system/modules/com.gridnine.opencms.ticketbrokerage.site/resources/js/stickyfill.min.js HTTP/1.1" 200 5672
202.8.43.131 - - [19/Feb/2025:00:01:07 +0100] "GET /ticket2/opencms/system/modules/com.gridnine.opencms.ticketbrokerage.site/resources/js/standard.js HTTP/1.1" 200 3983
202.8.43.131 - - [19/Feb/2025:00:01:07 +0100] "GET /ticket2/opencms/system/modules/com.gridnine.opencms.ticketbrokerage.site/resources/js/jquery.placeholder.min.js HTTP/1.1" 200 1737
202.8.43.131 - - [19/Feb/2025:00:01:07 +0100] "GET /ticket2/opencms/system/modules/com.gridnine.opencms.ticketbrokerage.site/resources/js/common-ajax.js HTTP/1.1" 200 20175
194.247.173.99 - - [19/Feb/2025:00:01:08 +0100] "GET /ticket2/opencms/en/buy/?page=1&edid=0710F442-BF1F-3B9D-DE18-E35B12BA53D0&sortorder=desc&column=row HTTP/1.1" 200 107769
47.128.42.88 - - [19/Feb/2025:00:01:10 +0100] "GET /ticket2/opencms/fi/venue/?venueid=B5F8506A-F94F-2596-19B1-8EAC93A69524 HTTP/1.1" 200 86764
157.90.209.79 - - [19/Feb/2025:00:01:10 +0100] "GET /ticket2/opencms/fi/urheilu/jalkapallo/la-liga/celta-vigo HTTP/1.1" 404 -
216.244.66.238 - - [19/Feb/2025:00:01:12 +0100] "GET /ticket2/opencms/dk/buy?page=1&edid=A036D254-48CA-326A-6976-9EF3C3BCC6BC HTTP/1.1" 200 110829
194.247.173.99 - - [19/Feb/2025:00:01:13 +0100] "GET /ticket2/opencms/en/buy/?page=1&edid=0710F442-BF1F-3B9D-DE18-E35B12BA53D0&sortorder=desc&column=section HTTP/1.1" 200 107873
157.90.209.79 - - [19/Feb/2025:00:01:16 +0100] "GET /ticket2/opencms/fi/urheilu/jalkapallo/la-liga/espanyol HTTP/1.1" 200 99141
216.244.66.238 - - [19/Feb/2025:00:01:18 +0100] "GET /ticket2/opencms/it/buy?page=1&edid=A9C20BB8-C5E6-4649-C627-F47A1C7C5D3D HTTP/1.1" 200 111611
194.247.173.99 - - [19/Feb/2025:00:01:19 +0100] "GET /ticket2/opencms/en/buy/?page=1&edid=07B0ACF8-58B0-8EE8-31DF-FAD574ECBFC5 HTTP/1.1" 200 110379
54.36.148.6 - - [19/Feb/2025:00:01:20 +0100] "GET /ticket2/opencms/no/buy?page=1&edid=EF89CCE1-4D67-63A5-1697-6B7EBB76F5C8 HTTP/1.1" 200 113989
170.106.66.196 - - [19/Feb/2025:00:01:20 +0100] "GET /ticket2/opencms/fi/buy/?page=1&edid=06839E1C-8CA0-2766-B39C-B161E06D9E51 HTTP/1.1" 200 111554
185.191.171.6 - - [19/Feb/2025:00:01:21 +0100] "GET /ticket2/opencms/fi/search.html?searchQuery=arizona%2Bcoyotes&submit.x=0&submit.y=0 HTTP/1.1" 200 98506
202.8.41.57 - - [19/Feb/2025:00:01:21 +0100] "GET /ticket2/opencms/system/modules/com.gridnine.opencms.ticketbrokerage.site/resources/css/jquery-ui.css HTTP/1.1" 200 33221
202.8.41.57 - - [19/Feb/2025:00:01:21 +0100] "GET /ticket2/opencms/system/modules/com.gridnine.opencms.ticketbrokerage.site/resources/css/standard.css HTTP/1.1" 200 73904
202.8.41.57 - - [19/Feb/2025:00:01:21 +0100] "GET /ticket2/opencms/system/modules/com.gridnine.opencms.ticketbrokerage.site/resources/css/jquery.fancybox.css HTTP/1.1" 200 4939
202.8.41.57 - - [19/Feb/2025:00:01:21 +0100] "GET /ticket2/opencms/system/modules/com.gridnine.opencms.ticketbrokerage.site/resources/css/ticketbrokerage.css HTTP/1.1" 200 39339
202.8.41.57 - - [19/Feb/2025:00:01:21 +0100] "GET /ticket2/opencms/system/modules/com.gridnine.opencms.ticketbrokerage.site/resources/css/calendar.css HTTP/1.1" 200 6871
202.8.41.57 - - [19/Feb/2025:00:01:21 +0100] "GET /ticket2/opencms/system/modules/com.gridnine.opencms.ticketbrokerage.site/resources/js/jquery/jquery.js HTTP/1.1" 200 93868
202.8.41.57 - - [19/Feb/2025:00:01:21 +0100] "GET /ticket2/opencms/system/modules/com.gridnine.opencms.ticketbrokerage.site/resources/js/jquery/jquery-ui.js HTTP/1.1" 200 228088
202.8.41.57 - - [19/Feb/2025:00:01:21 +0100] "GET /ticket2/opencms/system/modules/com.gridnine.opencms.ticketbrokerage.site/resources/js/functions.js HTTP/1.1" 200 1583
202.8.41.57 - - [19/Feb/2025:00:01:21 +0100] "GET /ticket2/opencms/system/modules/com.gridnine.opencms.ticketbrokerage.site/resources/js/calendar.js HTTP/1.1" 200 49229
202.8.41.57 - - [19/Feb/2025:00:01:21 +0100] "GET /ticket2/opencms/system/modules/com.gridnine.opencms.ticketbrokerage.site/resources/js/calendar-en.js HTTP/1.1" 200 3338
202.8.41.57 - - [19/Feb/2025:00:01:21 +0100] "GET /ticket2/opencms/system/modules/com.gridnine.opencms.ticketbrokerage.site/resources/js/calendar-setup.js HTTP/1.1" 200 4923
202.8.41.57 - - [19/Feb/2025:00:01:21 +0100] "GET /ticket2/opencms/system/modules/com.gridnine.opencms.ticketbrokerage.site/resources/js/jquery.fancybox.pack.js HTTP/1.1" 200 23187
202.8.41.57 - - [19/Feb/2025:00:01:21 +0100] "GET /ticket2/opencms/system/modules/com.gridnine.opencms.ticketbrokerage.site/resources/js/stickyfill.min.js HTTP/1.1" 200 5672
202.8.41.57 - - [19/Feb/2025:00:01:21 +0100] "GET /ticket2/opencms/system/modules/com.gridnine.opencms.ticketbrokerage.site/resources/js/standard.js HTTP/1.1" 200 3983
202.8.41.57 - - [19/Feb/2025:00:01:22 +0100] "GET /ticket2/opencms/system/modules/com.gridnine.opencms.ticketbrokerage.site/resources/js/jquery.placeholder.min.js HTTP/1.1" 200 1737
202.8.41.57 - - [19/Feb/2025:00:01:22 +0100] "GET /ticket2/opencms/system/modules/com.gridnine.opencms.ticketbrokerage.site/resources/js/common-ajax.js HTTP/1.1" 200 20175
202.8.41.57 - - [19/Feb/2025:00:01:22 +0100] "GET /ticket2/opencms/no/ask-form.html HTTP/1.1" 200 2919
202.8.41.57 - - [19/Feb/2025:00:01:22 +0100] "GET /ticket2/opencms/system/modules/com.gridnine.opencms.ticketbrokerage.site/resources/css/ticketbrokerage.css HTTP/1.1" 200 39339
194.247.173.99 - - [19/Feb/2025:00:01:23 +0100] "GET /ticket2/opencms/en/buy/?page=1&edid=085B2D38-1916-B98A-79EC-D3BD25039402 HTTP/1.1" 200 110553
216.244.66.238 - - [19/Feb/2025:00:01:25 +0100] "GET /ticket2/opencms/mt/buy?page=1&edid=830EDC92-4B16-CDC6-6C3E-65134AF2D57E HTTP/1.1" 200 112112
194.247.173.99 - - [19/Feb/2025:00:01:28 +0100] "GET /ticket2/opencms/en/buy/?page=1&edid=085B2D38-1916-B98A-79EC-D3BD25039402&sortorder=desc&column=price HTTP/1.1" 200 111510
54.36.148.20 - - [19/Feb/2025:00:01:29 +0100] "GET /ticket2/opencms/no/buy/?page=1&edid=A250B4B1-8EE0-FF45-8CB6-582F5F739AF9 HTTP/1.1" 200 111756
157.90.209.79 - - [19/Feb/2025:00:01:30 +0100] "GET /ticket2/opencms/fi/urheilu/jalkapallo/la-liga/getafe HTTP/1.1" 200 99170
216.244.66.238 - - [19/Feb/2025:00:01:31 +0100] "GET /ticket2/opencms/ro/buy?page=1&edid=A5D57E5E-D60D-A559-457A-531C536472B8 HTTP/1.1" 200 111518
69.171.230.114 - - [19/Feb/2025:00:01:32 +0100] "GET /ticket2/opencms/mt/buy?page=1&edid=FF1B1F16-B60A-CB20-3635-FAA393A69F1C HTTP/1.1" 200 108859
194.247.173.99 - - [19/Feb/2025:00:01:33 +0100] "GET /ticket2/opencms/en/buy/?page=1&edid=09142E54-038D-8954-B126-D9F5B1E34144&sortorder=desc&column=section HTTP/1.1" 200 109841
54.36.149.5 - - [19/Feb/2025:00:01:36 +0100] "GET /ticket2/opencms/sk/sport/futbalove-listky/la-liga HTTP/1.1" 200 101805
216.244.66.238 - - [19/Feb/2025:00:01:37 +0100] "GET /ticket2/opencms/uk/buy?page=1&edid=A9C20BB8-C5E6-4649-C627-F47A1C7C5D3D HTTP/1.1" 200 114267
202.8.40.112 - - [19/Feb/2025:00:01:37 +0100] "GET /ticket2/opencms/system/modules/com.gridnine.opencms.ticketbrokerage.site/resources/css/ticketbrokerage.css HTTP/1.1" 200 39339
202.8.40.112 - - [19/Feb/2025:00:01:37 +0100] "GET /ticket2/opencms/system/modules/com.gridnine.opencms.ticketbrokerage.site/resources/css/calendar.css HTTP/1.1" 200 6871
202.8.40.112 - - [19/Feb/2025:00:01:37 +0100] "GET /ticket2/opencms/system/modules/com.gridnine.opencms.ticketbrokerage.site/resources/css/standard.css HTTP/1.1" 200 73904
202.8.40.112 - - [19/Feb/2025:00:01:37 +0100] "GET /ticket2/opencms/system/modules/com.gridnine.opencms.ticketbrokerage.site/resources/js/jquery/jquery.js HTTP/1.1" 200 93868
202.8.40.112 - - [19/Feb/2025:00:01:37 +0100] "GET /ticket2/opencms/system/modules/com.gridnine.opencms.ticketbrokerage.site/resources/css/jquery-ui.css HTTP/1.1" 200 33221
202.8.40.112 - - [19/Feb/2025:00:01:37 +0100] "GET /ticket2/opencms/system/modules/com.gridnine.opencms.ticketbrokerage.site/resources/css/jquery.fancybox.css HTTP/1.1" 200 4939
202.8.40.112 - - [19/Feb/2025:00:01:37 +0100] "GET /ticket2/opencms/system/modules/com.gridnine.opencms.ticketbrokerage.site/resources/js/functions.js HTTP/1.1" 200 1583
202.8.40.112 - - [19/Feb/2025:00:01:37 +0100] "GET /ticket2/opencms/system/modules/com.gridnine.opencms.ticketbrokerage.site/resources/js/jquery/jquery-ui.js HTTP/1.1" 200 228088
202.8.40.112 - - [19/Feb/2025:00:01:37 +0100] "GET /ticket2/opencms/system/modules/com.gridnine.opencms.ticketbrokerage.site/resources/js/calendar.js HTTP/1.1" 200 49229
202.8.40.112 - - [19/Feb/2025:00:01:37 +0100] "GET /ticket2/opencms/system/modules/com.gridnine.opencms.ticketbrokerage.site/resources/js/calendar-en.js HTTP/1.1" 200 3338
202.8.40.112 - - [19/Feb/2025:00:01:37 +0100] "GET /ticket2/opencms/system/modules/com.gridnine.opencms.ticketbrokerage.site/resources/js/calendar-setup.js HTTP/1.1" 200 4923
202.8.40.112 - - [19/Feb/2025:00:01:38 +0100] "GET /ticket2/opencms/system/modules/com.gridnine.opencms.ticketbrokerage.site/resources/js/jquery.fancybox.pack.js HTTP/1.1" 200 23187
202.8.40.112 - - [19/Feb/2025:00:01:38 +0100] "GET /ticket2/opencms/system/modules/com.gridnine.opencms.ticketbrokerage.site/resources/js/stickyfill.min.js HTTP/1.1" 200 5672
202.8.40.112 - - [19/Feb/2025:00:01:38 +0100] "GET /ticket2/opencms/system/modules/com.gridnine.opencms.ticketbrokerage.site/resources/js/standard.js HTTP/1.1" 200 3983
47.128.114.67 - - [19/Feb/2025:00:01:38 +0100] "GET /ticket2/opencms/sv/sport/fotbollsbiljetter/la_liga/villareal/ HTTP/1.1" 200 98686
194.247.173.99 - - [19/Feb/2025:00:01:38 +0100] "GET /ticket2/opencms/en/buy/?page=1&edid=0AF722C7-398C-BD7F-56C9-079824699138&sortorder=asc&column=row HTTP/1.1" 200 109769
202.8.40.112 - - [19/Feb/2025:00:01:38 +0100] "GET /ticket2/opencms/system/modules/com.gridnine.opencms.ticketbrokerage.site/resources/js/common-ajax.js HTTP/1.1" 200 20175
202.8.40.112 - - [19/Feb/2025:00:01:38 +0100] "GET /ticket2/opencms/system/modules/com.gridnine.opencms.ticketbrokerage.site/resources/js/jquery.placeholder.min.js HTTP/1.1" 200 1737
47.128.114.67 - - [19/Feb/2025:00:01:39 +0100] "GET /ticket2/opencms/system/modules/com.gridnine.opencms.ticketbrokerage.site/resources/pics/banners/team/la_liga/villareal.png HTTP/1.1" 200 71946
157.90.209.79 - - [19/Feb/2025:00:01:43 +0100] "GET /ticket2/opencms/fi/urheilu/jalkapallo/la-liga/girona HTTP/1.1" 200 94312
194.247.173.99 - - [19/Feb/2025:00:01:43 +0100] "GET /ticket2/opencms/en/buy/?page=1&edid=0C04FBCF-C068-AE60-747D-692719DC13DE&sortorder=asc&column=row HTTP/1.1" 200 110754
194.247.173.99 - - [19/Feb/2025:00:01:48 +0100] "GET /ticket2/opencms/en/buy/?page=1&edid=0C04FBCF-C068-AE60-747D-692719DC13DE&sortorder=asc&column=section HTTP/1.1" 200 110900
157.90.209.79 - - [19/Feb/2025:00:01:51 +0100] "GET /ticket2/opencms/fi/urheilu/jalkapallo/la-liga/las-palmas HTTP/1.1" 404 -
216.244.66.238 - - [19/Feb/2025:00:01:53 +0100] "GET /ticket2/opencms/sk/buy?page=1&edid=31FDA527-9BE5-CC0F-08BA-BAC5423FB404 HTTP/1.1" 200 108644
194.247.173.99 - - [19/Feb/2025:00:01:54 +0100] "GET /ticket2/opencms/en/buy/?page=1&edid=0C04FBCF-C068-AE60-747D-692719DC13DE&sortorder=desc&column=price HTTP/1.1" 200 110959
54.36.148.216 - - [19/Feb/2025:00:01:54 +0100] "GET /ticket2/opencms/el/programma-synergaton HTTP/1.1" 200 92795
202.8.42.252 - - [19/Feb/2025:00:01:55 +0100] "GET /ticket2/opencms/system/modules/com.gridnine.opencms.ticketbrokerage.site/resources/css/calendar.css HTTP/1.1" 200 6871
202.8.42.252 - - [19/Feb/2025:00:01:55 +0100] "GET /ticket2/opencms/system/modules/com.gridnine.opencms.ticketbrokerage.site/resources/css/jquery.fancybox.css HTTP/1.1" 200 4939
202.8.42.252 - - [19/Feb/2025:00:01:55 +0100] "GET /ticket2/opencms/system/modules/com.gridnine.opencms.ticketbrokerage.site/resources/css/jquery-ui.css HTTP/1.1" 200 33221
202.8.42.252 - - [19/Feb/2025:00:01:55 +0100] "GET /ticket2/opencms/system/modules/com.gridnine.opencms.ticketbrokerage.site/resources/js/jquery/jquery.js HTTP/1.1" 200 93868
202.8.42.252 - - [19/Feb/2025:00:01:55 +0100] "GET /ticket2/opencms/system/modules/com.gridnine.opencms.ticketbrokerage.site/resources/css/standard.css HTTP/1.1" 200 73904
202.8.42.252 - - [19/Feb/2025:00:01:55 +0100] "GET /ticket2/opencms/system/modules/com.gridnine.opencms.ticketbrokerage.site/resources/css/ticketbrokerage.css HTTP/1.1" 200 39339
202.8.42.252 - - [19/Feb/2025:00:01:55 +0100] "GET /ticket2/opencms/system/modules/com.gridnine.opencms.ticketbrokerage.site/resources/js/jquery/jquery-ui.js HTTP/1.1" 200 228088
202.8.42.252 - - [19/Feb/2025:00:01:55 +0100] "GET /ticket2/opencms/system/modules/com.gridnine.opencms.ticketbrokerage.site/resources/js/functions.js HTTP/1.1" 200 1583
202.8.42.252 - - [19/Feb/2025:00:01:55 +0100] "GET /ticket2/opencms/system/modules/com.gridnine.opencms.ticketbrokerage.site/resources/js/calendar.js HTTP/1.1" 200 49229
202.8.42.252 - - [19/Feb/2025:00:01:55 +0100] "GET /ticket2/opencms/system/modules/com.gridnine.opencms.ticketbrokerage.site/resources/js/calendar-en.js HTTP/1.1" 200 3338
202.8.42.252 - - [19/Feb/2025:00:01:55 +0100] "GET /ticket2/opencms/system/modules/com.gridnine.opencms.ticketbrokerage.site/resources/js/calendar-setup.js HTTP/1.1" 200 4923
202.8.42.252 - - [19/Feb/2025:00:01:56 +0100] "GET /ticket2/opencms/system/modules/com.gridnine.opencms.ticketbrokerage.site/resources/js/jquery.fancybox.pack.js HTTP/1.1" 200 23187
202.8.42.252 - - [19/Feb/2025:00:01:56 +0100] "GET /ticket2/opencms/system/modules/com.gridnine.opencms.ticketbrokerage.site/resources/js/stickyfill.min.js HTTP/1.1" 200 5672
202.8.42.252 - - [19/Feb/2025:00:01:56 +0100] "GET /ticket2/opencms/system/modules/com.gridnine.opencms.ticketbrokerage.site/resources/js/standard.js HTTP/1.1" 200 3983
202.8.42.252 - - [19/Feb/2025:00:01:56 +0100] "GET /ticket2/opencms/system/modules/com.gridnine.opencms.ticketbrokerage.site/resources/js/jquery.placeholder.min.js HTTP/1.1" 200 1737
202.8.42.252 - - [19/Feb/2025:00:01:56 +0100] "GET /ticket2/opencms/system/modules/com.gridnine.opencms.ticketbrokerage.site/resources/js/common-ajax.js HTTP/1.1" 200 20175
66.249.79.34 - - [19/Feb/2025:00:01:56 +0100] "GET /ticket2/opencms/cs/buy/?page=1&edid=34E20B61-76E4-1B1F-1E0B-8486E60BBF5B HTTP/1.1" 200 108546
114.119.143.233 - - [19/Feb/2025:00:01:59 +0100] "GET /ticket2/opencms/ro/buy?page=1&edid=063774E2-DE1A-6A46-E97B-D379290B879E HTTP/1.1" 200 112557
194.247.173.99 - - [19/Feb/2025:00:01:59 +0100] "GET /ticket2/opencms/en/buy/?page=1&edid=0E138D6B-EAE4-AAFF-6AB5-84BFB6980E29&sortorder=asc&column=price HTTP/1.1" 200 110821
157.90.209.79 - - [19/Feb/2025:00:02:03 +0100] "GET /ticket2/opencms/fi/urheilu/jalkapallo/la-liga/leganes HTTP/1.1" 404 -
114.119.146.220 - - [19/Feb/2025:00:02:06 +0100] "GET /ticket2/opencms/es/buy/?page=1&edid=055941D5-AAA9-3559-090F-26D27D65FBDA HTTP/1.1" 200 121505
194.247.173.99 - - [19/Feb/2025:00:02:07 +0100] "GET /ticket2/opencms/en/buy/?page=1&edid=0E138D6B-EAE4-AAFF-6AB5-84BFB6980E29&sortorder=asc&column=row HTTP/1.1" 200 110783
54.36.148.129 - - [19/Feb/2025:00:02:07 +0100] "GET /ticket2/opencms/bg/kupuvayte-bezopasno HTTP/1.1" 200 93429
202.8.40.31 - - [19/Feb/2025:00:02:08 +0100] "GET /ticket2/opencms/system/modules/com.gridnine.opencms.ticketbrokerage.site/resources/css/ticketbrokerage.css HTTP/1.1" 200 39339
202.8.40.31 - - [19/Feb/2025:00:02:08 +0100] "GET /ticket2/opencms/system/modules/com.gridnine.opencms.ticketbrokerage.site/resources/css/jquery-ui.css HTTP/1.1" 200 33221
202.8.40.31 - - [19/Feb/2025:00:02:08 +0100] "GET /ticket2/opencms/system/modules/com.gridnine.opencms.ticketbrokerage.site/resources/css/calendar.css HTTP/1.1" 200 6871
202.8.40.31 - - [19/Feb/2025:00:02:08 +0100] "GET /ticket2/opencms/system/modules/com.gridnine.opencms.ticketbrokerage.site/resources/css/jquery.fancybox.css HTTP/1.1" 200 4939
202.8.40.31 - - [19/Feb/2025:00:02:08 +0100] "GET /ticket2/opencms/system/modules/com.gridnine.opencms.ticketbrokerage.site/resources/css/standard.css HTTP/1.1" 200 73904
202.8.40.31 - - [19/Feb/2025:00:02:08 +0100] "GET /ticket2/opencms/system/modules/com.gridnine.opencms.ticketbrokerage.site/resources/js/jquery/jquery.js HTTP/1.1" 200 93868
202.8.40.31 - - [19/Feb/2025:00:02:08 +0100] "GET /ticket2/opencms/system/modules/com.gridnine.opencms.ticketbrokerage.site/resources/js/functions.js HTTP/1.1" 200 1583
202.8.40.31 - - [19/Feb/2025:00:02:08 +0100] "GET /ticket2/opencms/system/modules/com.gridnine.opencms.ticketbrokerage.site/resources/js/jquery/jquery-ui.js HTTP/1.1" 200 228088
202.8.40.31 - - [19/Feb/2025:00:02:08 +0100] "GET /ticket2/opencms/system/modules/com.gridnine.opencms.ticketbrokerage.site/resources/js/calendar.js HTTP/1.1" 200 49229
202.8.40.31 - - [19/Feb/2025:00:02:08 +0100] "GET /ticket2/opencms/system/modules/com.gridnine.opencms.ticketbrokerage.site/resources/js/calendar-en.js HTTP/1.1" 200 3338
202.8.40.31 - - [19/Feb/2025:00:02:08 +0100] "GET /ticket2/opencms/system/modules/com.gridnine.opencms.ticketbrokerage.site/resources/js/calendar-setup.js HTTP/1.1" 200 4923
202.8.40.31 - - [19/Feb/2025:00:02:09 +0100] "GET /ticket2/opencms/system/modules/com.gridnine.opencms.ticketbrokerage.site/resources/js/jquery.fancybox.pack.js HTTP/1.1" 200 23187
202.8.40.31 - - [19/Feb/2025:00:02:09 +0100] "GET /ticket2/opencms/system/modules/com.gridnine.opencms.ticketbrokerage.site/resources/js/stickyfill.min.js HTTP/1.1" 200 5672
202.8.40.31 - - [19/Feb/2025:00:02:09 +0100] "GET /ticket2/opencms/system/modules/com.gridnine.opencms.ticketbrokerage.site/resources/js/standard.js HTTP/1.1" 200 3983
202.8.40.31 - - [19/Feb/2025:00:02:09 +0100] "GET /ticket2/opencms/system/modules/com.gridnine.opencms.ticketbrokerage.site/resources/js/common-ajax.js HTTP/1.1" 200 20175
202.8.40.31 - - [19/Feb/2025:00:02:09 +0100] "GET /ticket2/opencms/system/modules/com.gridnine.opencms.ticketbrokerage.site/resources/js/jquery.placeholder.min.js HTTP/1.1" 200 1737
52.167.144.170 - - [19/Feb/2025:00:02:10 +0100] "GET /ticket2/opencms/en/magazine/article?title=about-arsenal-fc HTTP/1.1" 200 91838
85.208.96.194 - - [19/Feb/2025:00:02:10 +0100] "GET /ticket2/opencms/lv/magazine/article?title=luka-modrics-paliek-real-madrid HTTP/1.1" 200 94916
157.90.209.79 - - [19/Feb/2025:00:02:12 +0100] "GET /ticket2/opencms/fi/urheilu/jalkapallo/la-liga/osasuna HTTP/1.1" 200 97462
194.247.173.99 - - [19/Feb/2025:00:02:12 +0100] "GET /ticket2/opencms/en/buy/?page=1&edid=0E23A5A5-04A8-C86C-044E-8F7A77F0476B&sortorder=asc&column=row HTTP/1.1" 200 110908
194.247.173.99 - - [19/Feb/2025:00:02:17 +0100] "GET /ticket2/opencms/en/buy/?page=1&edid=0E23A5A5-04A8-C86C-044E-8F7A77F0476B&sortorder=desc&column=row HTTP/1.1" 200 110845
173.252.69.114 - - [19/Feb/2025:00:02:20 +0100] "GET /ticket2/opencms/az/sport/futbol-biletleri/bundesliga/bayern-munchen/ HTTP/1.1" 200 100650
194.247.173.99 - - [19/Feb/2025:00:02:22 +0100] "GET /ticket2/opencms/en/buy/?page=1&edid=0EA723F1-62C6-8600-2132-B6AB2FF92802&sortorder=asc&column=price HTTP/1.1" 200 110360
47.128.29.246 - - [19/Feb/2025:00:02:23 +0100] "GET /ticket2/opencms/be/buy/?edid=BEA9D3E5-A93E-146C-1904-24495F6A8B39 HTTP/1.1" 200 92404
157.90.209.79 - - [19/Feb/2025:00:02:24 +0100] "GET /ticket2/opencms/fi/urheilu/jalkapallo/la-liga/rayo-vallecano HTTP/1.1" 404 -
114.119.157.43 - - [19/Feb/2025:00:02:26 +0100] "GET /ticket2/opencms/en/buy/?page=1&edid=E3282FFF-15A6-6BAA-CF8A-0432224BE1C3 HTTP/1.1" 200 110065
194.247.173.99 - - [19/Feb/2025:00:02:27 +0100] "GET /ticket2/opencms/en/buy/?page=1&edid=133C755F-7180-13CC-FCBB-7D53D7F560DC&sortorder=asc&column=price HTTP/1.1" 200 111477
157.90.209.79 - - [19/Feb/2025:00:02:29 +0100] "GET /ticket2/opencms/fi/urheilu/jalkapallo/la-liga/rcd-mallorca HTTP/1.1" 404 -
54.36.148.240 - - [19/Feb/2025:00:02:30 +0100] "GET /ticket2/opencms/hr/partnerski-program HTTP/1.1" 200 89945
202.8.42.158 - - [19/Feb/2025:00:02:31 +0100] "GET /ticket2/opencms/system/modules/com.gridnine.opencms.ticketbrokerage.site/resources/css/jquery.fancybox.css HTTP/1.1" 200 4939
202.8.42.158 - - [19/Feb/2025:00:02:31 +0100] "GET /ticket2/opencms/system/modules/com.gridnine.opencms.ticketbrokerage.site/resources/css/ticketbrokerage.css HTTP/1.1" 200 39339
202.8.42.158 - - [19/Feb/2025:00:02:31 +0100] "GET /ticket2/opencms/system/modules/com.gridnine.opencms.ticketbrokerage.site/resources/css/calendar.css HTTP/1.1" 200 6871
202.8.42.158 - - [19/Feb/2025:00:02:31 +0100] "GET /ticket2/opencms/system/modules/com.gridnine.opencms.ticketbrokerage.site/resources/css/standard.css HTTP/1.1" 200 73904
202.8.42.158 - - [19/Feb/2025:00:02:31 +0100] "GET /ticket2/opencms/system/modules/com.gridnine.opencms.ticketbrokerage.site/resources/css/jquery-ui.css HTTP/1.1" 200 33221
202.8.42.158 - - [19/Feb/2025:00:02:31 +0100] "GET /ticket2/opencms/system/modules/com.gridnine.opencms.ticketbrokerage.site/resources/js/jquery/jquery.js HTTP/1.1" 200 93868
202.8.42.158 - - [19/Feb/2025:00:02:31 +0100] "GET /ticket2/opencms/system/modules/com.gridnine.opencms.ticketbrokerage.site/resources/js/jquery/jquery-ui.js HTTP/1.1" 200 228088
202.8.42.158 - - [19/Feb/2025:00:02:31 +0100] "GET /ticket2/opencms/system/modules/com.gridnine.opencms.ticketbrokerage.site/resources/js/functions.js HTTP/1.1" 200 1583
202.8.42.158 - - [19/Feb/2025:00:02:31 +0100] "GET /ticket2/opencms/system/modules/com.gridnine.opencms.ticketbrokerage.site/resources/js/calendar-en.js HTTP/1.1" 200 3338
202.8.42.158 - - [19/Feb/2025:00:02:31 +0100] "GET /ticket2/opencms/system/modules/com.gridnine.opencms.ticketbrokerage.site/resources/js/calendar.js HTTP/1.1" 200 49229
202.8.42.158 - - [19/Feb/2025:00:02:31 +0100] "GET /ticket2/opencms/system/modules/com.gridnine.opencms.ticketbrokerage.site/resources/js/calendar-setup.js HTTP/1.1" 200 4923
202.8.42.158 - - [19/Feb/2025:00:02:31 +0100] "GET /ticket2/opencms/system/modules/com.gridnine.opencms.ticketbrokerage.site/resources/js/jquery.fancybox.pack.js HTTP/1.1" 200 23187
202.8.42.158 - - [19/Feb/2025:00:02:31 +0100] "GET /ticket2/opencms/system/modules/com.gridnine.opencms.ticketbrokerage.site/resources/js/stickyfill.min.js HTTP/1.1" 200 5672
202.8.42.158 - - [19/Feb/2025:00:02:31 +0100] "GET /ticket2/opencms/system/modules/com.gridnine.opencms.ticketbrokerage.site/resources/js/standard.js HTTP/1.1" 200 3983
202.8.42.158 - - [19/Feb/2025:00:02:31 +0100] "GET /ticket2/opencms/system/modules/com.gridnine.opencms.ticketbrokerage.site/resources/js/jquery.placeholder.min.js HTTP/1.1" 200 1737
202.8.42.158 - - [19/Feb/2025:00:02:31 +0100] "GET /ticket2/opencms/system/modules/com.gridnine.opencms.ticketbrokerage.site/resources/js/common-ajax.js HTTP/1.1" 200 20175
194.247.173.99 - - [19/Feb/2025:00:02:32 +0100] "GET /ticket2/opencms/en/buy/?page=1&edid=133C755F-7180-13CC-FCBB-7D53D7F560DC&sortorder=asc&column=row HTTP/1.1" 200 111297
69.171.249.112 - - [19/Feb/2025:00:02:32 +0100] "GET /ticket2/opencms/dk/buy/?page=1&edid=B706C05D-BD6B-FE19-B612-CFC9E579BDC9 HTTP/1.1" 200 110498
194.247.173.99 - - [19/Feb/2025:00:02:36 +0100] "GET /ticket2/opencms/en/buy/?page=1&edid=133C755F-7180-13CC-FCBB-7D53D7F560DC&sortorder=asc&column=section HTTP/1.1" 200 111472
157.90.209.79 - - [19/Feb/2025:00:02:38 +0100] "GET /ticket2/opencms/fi/urheilu/jalkapallo/la-liga/real-betis HTTP/1.1" 404 -
54.36.148.203 - - [19/Feb/2025:00:02:41 +0100] "GET /ticket2/opencms/fr/magazine/article?title=les-fans-de-chelsea-reagissent-avec-frustration HTTP/1.1" 200 93282
194.247.173.99 - - [19/Feb/2025:00:02:42 +0100] "GET /ticket2/opencms/en/buy/?page=1&edid=13CEE059-8BDC-0A5A-CA01-BB02D06808BB HTTP/1.1" 200 108846
47.128.115.151 - - [19/Feb/2025:00:02:47 +0100] "GET /ticket2/opencms/bg/buy/?edid=2FB70CE5-901D-FB66-7FC4-208504D406B6 HTTP/1.1" 200 92405
194.247.173.99 - - [19/Feb/2025:00:02:47 +0100] "GET /ticket2/opencms/en/buy/?page=1&edid=13CEE059-8BDC-0A5A-CA01-BB02D06808BB&sortorder=asc&column=price HTTP/1.1" 200 109777
85.208.96.202 - - [19/Feb/2025:00:02:49 +0100] "GET /ticket2/opencms/ga/magazine/article?title=arsenal-mubiakanakan HTTP/1.1" 200 96006
207.46.13.168 - - [19/Feb/2025:00:02:50 +0100] "GET /ticket2/opencms/en/buy/?page=6&comcatid=A17713B6-D984-201A-4143-ED4DB5ED5C2E&catid=A4D9EA9A-192D-0274-BF26-9C98D8B902AB HTTP/1.1" 200 103062
85.208.96.199 - - [19/Feb/2025:00:02:51 +0100] "GET /ticket2/opencms/sv/magazine/article?title=emirates-stadium HTTP/1.1" 200 95104
157.90.209.79 - - [19/Feb/2025:00:02:51 +0100] "GET /ticket2/opencms/fi/urheilu/jalkapallo/la-liga/real-madrid HTTP/1.1" 200 94911
194.247.173.99 - - [19/Feb/2025:00:02:53 +0100] "GET /ticket2/opencms/en/buy/?page=1&edid=13CEE059-8BDC-0A5A-CA01-BB02D06808BB&sortorder=asc&column=row HTTP/1.1" 200 109721
54.36.148.180 - - [19/Feb/2025:00:02:56 +0100] "GET /ticket2/opencms/el/magazine/article?title=manchester-city-kindyneyei-me-ypobibasmo HTTP/1.1" 200 94918
54.36.148.205 - - [19/Feb/2025:00:02:57 +0100] "GET /ticket2/opencms/hr/ HTTP/1.1" 200 107786
54.36.149.41 - - [19/Feb/2025:00:02:57 +0100] "GET /ticket2/opencms/dk/buy?page=1&edid=BD719054-11F0-C21F-E1D7-4BD8F12BE51A HTTP/1.1" 200 117157
194.247.173.99 - - [19/Feb/2025:00:02:58 +0100] "GET /ticket2/opencms/en/buy/?page=1&edid=13CEE059-8BDC-0A5A-CA01-BB02D06808BB&sortorder=asc&column=section HTTP/1.1" 200 109846
69.171.249.1 - - [19/Feb/2025:00:03:00 +0100] "GET /ticket2/opencms/de/buy?page=1&edid=096598FE-DA35-4351-DFEE-DC9ACA0F0EF9 HTTP/1.1" 200 134736
69.171.249.9 - - [19/Feb/2025:00:03:02 +0100] "GET /ticket2/opencms/az/buy?page=1&edid=096598FE-DA35-4351-DFEE-DC9ACA0F0EF9 HTTP/1.1" 200 135548
40.77.167.48 - - [19/Feb/2025:00:03:02 +0100] "GET /ticket2/opencms/et/buy/?page=1&edid=A250B4B1-8EE0-FF45-8CB6-582F5F739AF9 HTTP/1.1" 200 112270
194.247.173.99 - - [19/Feb/2025:00:03:03 +0100] "GET /ticket2/opencms/en/buy/?page=1&edid=13CEE059-8BDC-0A5A-CA01-BB02D06808BB&sortorder=desc&column=price HTTP/1.1" 200 109811
157.90.209.79 - - [19/Feb/2025:00:03:04 +0100] "GET /ticket2/opencms/fi/urheilu/jalkapallo/la-liga/real-sociedad HTTP/1.1" 404 -
194.247.173.99 - - [19/Feb/2025:00:03:08 +0100] "GET /ticket2/opencms/en/buy/?page=1&edid=13CEE059-8BDC-0A5A-CA01-BB02D06808BB&sortorder=desc&column=row HTTP/1.1" 200 109783
40.77.167.48 - - [19/Feb/2025:00:03:12 +0100] "GET /ticket2/opencms/sl/buy/?page=1&edid=32B0E66E-AA41-6185-F74C-E7405E9AF1F9 HTTP/1.1" 200 108573
185.191.171.3 - - [19/Feb/2025:00:03:14 +0100] "GET /ticket2/opencms/lv/magazine/article?title=joao-palhinha-pievienojas-bayern-munchen-jauna-viduslauka-speka-ierasanas-allianz-arena HTTP/1.1" 200 96128
194.247.173.99 - - [19/Feb/2025:00:03:14 +0100] "GET /ticket2/opencms/en/buy/?page=1&edid=156562D2-0263-CCAA-DF54-9314F5D26523&sortorder=asc&column=price HTTP/1.1" 200 111481
54.36.149.55 - - [19/Feb/2025:00:03:17 +0100] "GET /ticket2/opencms/fi/urheilu/jalkapallo/premier_league/tottenham HTTP/1.1" 200 92058
66.249.76.161 - - [19/Feb/2025:00:03:17 +0100] "GET /ticket2/opencms/set_aff_cookie.jsp?partner=8F6DE15D-D831-5787-AE7E-FEFF53476F85&url=%252Fno%252Fbuy%252Findex.html%253Fpage%253D1%2526edid%253DDC4F64BB-84C6-452C-2BFD-138DC45E79DD%2526hlv%253D666de068-ab60-46e0-98df-6d8a0a01000f%2523v387963275 HTTP/1.1" 200 245
157.90.209.79 - - [19/Feb/2025:00:03:17 +0100] "GET /ticket2/opencms/fi/urheilu/jalkapallo/la-liga/real-valladolid HTTP/1.1" 404 -
202.8.43.44 - - [19/Feb/2025:00:03:18 +0100] "GET /ticket2/opencms/system/modules/com.gridnine.opencms.ticketbrokerage.site/resources/css/calendar.css HTTP/1.1" 200 6871
202.8.43.44 - - [19/Feb/2025:00:03:18 +0100] "GET /ticket2/opencms/system/modules/com.gridnine.opencms.ticketbrokerage.site/resources/css/standard.css HTTP/1.1" 200 73904
202.8.43.44 - - [19/Feb/2025:00:03:18 +0100] "GET /ticket2/opencms/system/modules/com.gridnine.opencms.ticketbrokerage.site/resources/css/jquery.fancybox.css HTTP/1.1" 200 4939
202.8.43.44 - - [19/Feb/2025:00:03:18 +0100] "GET /ticket2/opencms/system/modules/com.gridnine.opencms.ticketbrokerage.site/resources/css/ticketbrokerage.css HTTP/1.1" 200 39339
202.8.43.44 - - [19/Feb/2025:00:03:18 +0100] "GET /ticket2/opencms/system/modules/com.gridnine.opencms.ticketbrokerage.site/resources/css/jquery-ui.css HTTP/1.1" 200 33221
202.8.43.44 - - [19/Feb/2025:00:03:18 +0100] "GET /ticket2/opencms/system/modules/com.gridnine.opencms.ticketbrokerage.site/resources/js/functions.js HTTP/1.1" 200 1583
202.8.43.44 - - [19/Feb/2025:00:03:18 +0100] "GET /ticket2/opencms/system/modules/com.gridnine.opencms.ticketbrokerage.site/resources/js/jquery/jquery.js HTTP/1.1" 200 93868
202.8.43.44 - - [19/Feb/2025:00:03:18 +0100] "GET /ticket2/opencms/system/modules/com.gridnine.opencms.ticketbrokerage.site/resources/js/calendar-en.js HTTP/1.1" 200 3338
202.8.43.44 - - [19/Feb/2025:00:03:18 +0100] "GET /ticket2/opencms/system/modules/com.gridnine.opencms.ticketbrokerage.site/resources/js/calendar.js HTTP/1.1" 200 49229
202.8.43.44 - - [19/Feb/2025:00:03:18 +0100] "GET /ticket2/opencms/system/modules/com.gridnine.opencms.ticketbrokerage.site/resources/js/stickyfill.min.js HTTP/1.1" 200 5672
202.8.43.44 - - [19/Feb/2025:00:03:18 +0100] "GET /ticket2/opencms/system/modules/com.gridnine.opencms.ticketbrokerage.site/resources/js/jquery/jquery-ui.js HTTP/1.1" 200 228088
202.8.43.44 - - [19/Feb/2025:00:03:18 +0100] "GET /ticket2/opencms/system/modules/com.gridnine.opencms.ticketbrokerage.site/resources/js/calendar-setup.js HTTP/1.1" 200 4923
202.8.43.44 - - [19/Feb/2025:00:03:18 +0100] "GET /ticket2/opencms/system/modules/com.gridnine.opencms.ticketbrokerage.site/resources/js/jquery.fancybox.pack.js HTTP/1.1" 200 23187
202.8.43.44 - - [19/Feb/2025:00:03:18 +0100] "GET /ticket2/opencms/system/modules/com.gridnine.opencms.ticketbrokerage.site/resources/js/standard.js HTTP/1.1" 200 3983
202.8.43.44 - - [19/Feb/2025:00:03:18 +0100] "GET /ticket2/opencms/system/modules/com.gridnine.opencms.ticketbrokerage.site/resources/js/jquery.placeholder.min.js HTTP/1.1" 200 1737
202.8.43.44 - - [19/Feb/2025:00:03:18 +0100] "GET /ticket2/opencms/system/modules/com.gridnine.opencms.ticketbrokerage.site/resources/js/common-ajax.js HTTP/1.1" 200 20175
194.247.173.99 - - [19/Feb/2025:00:03:19 +0100] "GET /ticket2/opencms/en/buy/?page=1&edid=1BFF3C4B-0AF3-F040-1041-C55D427FE053&sortorder=desc&column=row HTTP/1.1" 200 111116
194.247.173.99 - - [19/Feb/2025:00:03:24 +0100] "GET /ticket2/opencms/en/buy/?page=1&edid=1CEB7967-C20C-A921-EEEC-CF529EC1E8C1&sortorder=asc&column=section HTTP/1.1" 200 110812
85.208.96.201 - - [19/Feb/2025:00:03:24 +0100] "GET /ticket2/opencms/fr/magazine/article?title=arsenal-et-tottenham-se-partagent-les-points-dans-un-match-epique-4-4-le-29-octobre-2008 HTTP/1.1" 200 95814
85.208.96.204 - - [19/Feb/2025:00:03:24 +0100] "GET /ticket2/opencms/be/about/press/ HTTP/1.1" 200 89882
157.90.209.79 - - [19/Feb/2025:00:03:25 +0100] "GET /ticket2/opencms/fi/urheilu/jalkapallo/la-liga/sevilla HTTP/1.1" 200 94213
194.247.173.99 - - [19/Feb/2025:00:03:29 +0100] "GET /ticket2/opencms/en/buy/?page=1&edid=1CEB7967-C20C-A921-EEEC-CF529EC1E8C1&sortorder=desc&column=price HTTP/1.1" 200 110850
185.191.171.19 - - [19/Feb/2025:00:03:32 +0100] "GET /ticket2/opencms/sv/sport/fotbollsbiljetter/english-championship/preston-north-end/ HTTP/1.1" 200 91957
54.36.148.207 - - [19/Feb/2025:00:03:32 +0100] "GET /ticket2/opencms/mo/sport/bilete-la-fotbal/la-liga HTTP/1.1" 200 102501
202.8.41.48 - - [19/Feb/2025:00:03:33 +0100] "GET /ticket2/opencms/system/modules/com.gridnine.opencms.ticketbrokerage.site/resources/css/jquery-ui.css HTTP/1.1" 200 33221
202.8.41.48 - - [19/Feb/2025:00:03:33 +0100] "GET /ticket2/opencms/system/modules/com.gridnine.opencms.ticketbrokerage.site/resources/css/calendar.css HTTP/1.1" 200 6871
202.8.41.48 - - [19/Feb/2025:00:03:33 +0100] "GET /ticket2/opencms/system/modules/com.gridnine.opencms.ticketbrokerage.site/resources/css/standard.css HTTP/1.1" 200 73904
202.8.41.48 - - [19/Feb/2025:00:03:33 +0100] "GET /ticket2/opencms/system/modules/com.gridnine.opencms.ticketbrokerage.site/resources/css/ticketbrokerage.css HTTP/1.1" 200 39339
202.8.41.48 - - [19/Feb/2025:00:03:33 +0100] "GET /ticket2/opencms/system/modules/com.gridnine.opencms.ticketbrokerage.site/resources/js/jquery/jquery.js HTTP/1.1" 200 93868
202.8.41.48 - - [19/Feb/2025:00:03:33 +0100] "GET /ticket2/opencms/system/modules/com.gridnine.opencms.ticketbrokerage.site/resources/css/jquery.fancybox.css HTTP/1.1" 200 4939
202.8.41.48 - - [19/Feb/2025:00:03:33 +0100] "GET /ticket2/opencms/system/modules/com.gridnine.opencms.ticketbrokerage.site/resources/js/functions.js HTTP/1.1" 200 1583
202.8.41.48 - - [19/Feb/2025:00:03:33 +0100] "GET /ticket2/opencms/system/modules/com.gridnine.opencms.ticketbrokerage.site/resources/js/jquery/jquery-ui.js HTTP/1.1" 200 228088
202.8.41.48 - - [19/Feb/2025:00:03:33 +0100] "GET /ticket2/opencms/system/modules/com.gridnine.opencms.ticketbrokerage.site/resources/js/calendar.js HTTP/1.1" 200 49229
202.8.41.48 - - [19/Feb/2025:00:03:34 +0100] "GET /ticket2/opencms/system/modules/com.gridnine.opencms.ticketbrokerage.site/resources/js/calendar-en.js HTTP/1.1" 200 3338
202.8.41.48 - - [19/Feb/2025:00:03:34 +0100] "GET /ticket2/opencms/system/modules/com.gridnine.opencms.ticketbrokerage.site/resources/js/jquery.fancybox.pack.js HTTP/1.1" 200 23187
202.8.41.48 - - [19/Feb/2025:00:03:34 +0100] "GET /ticket2/opencms/system/modules/com.gridnine.opencms.ticketbrokerage.site/resources/js/calendar-setup.js HTTP/1.1" 200 4923
202.8.41.48 - - [19/Feb/2025:00:03:34 +0100] "GET /ticket2/opencms/system/modules/com.gridnine.opencms.ticketbrokerage.site/resources/js/stickyfill.min.js HTTP/1.1" 200 5672
202.8.41.48 - - [19/Feb/2025:00:03:34 +0100] "GET /ticket2/opencms/system/modules/com.gridnine.opencms.ticketbrokerage.site/resources/js/standard.js HTTP/1.1" 200 3983
194.247.173.99 - - [19/Feb/2025:00:03:34 +0100] "GET /ticket2/opencms/en/buy/?page=1&edid=1CEB7967-C20C-A921-EEEC-CF529EC1E8C1&sortorder=desc&column=section HTTP/1.1" 200 110825
202.8.41.48 - - [19/Feb/2025:00:03:34 +0100] "GET /ticket2/opencms/system/modules/com.gridnine.opencms.ticketbrokerage.site/resources/js/jquery.placeholder.min.js HTTP/1.1" 200 1737
202.8.41.48 - - [19/Feb/2025:00:03:34 +0100] "GET /ticket2/opencms/system/modules/com.gridnine.opencms.ticketbrokerage.site/resources/js/common-ajax.js HTTP/1.1" 200 20175
157.90.209.79 - - [19/Feb/2025:00:03:36 +0100] "GET /ticket2/opencms/fi/urheilu/jalkapallo/la-liga/valencia HTTP/1.1" 200 93826
54.36.148.253 - - [19/Feb/2025:00:03:39 +0100] "GET /ticket2/opencms/en/venue/?venueid=482A31C1-C33C-ABEE-E572-D6A56AE33E8F HTTP/1.1" 200 85287
194.247.173.99 - - [19/Feb/2025:00:03:40 +0100] "GET /ticket2/opencms/en/buy/?page=1&edid=1D655237-217E-C5C5-21D7-85A16C37AFF4&sortorder=desc&column=price HTTP/1.1" 200 109906
47.128.22.188 - - [19/Feb/2025:00:03:45 +0100] "GET /ticket2/opencms/be/buy/?edid=12E0AD86-DC28-E34C-4681-77C2F67FD00B HTTP/1.1" 200 92438
194.247.173.99 - - [19/Feb/2025:00:03:45 +0100] "GET /ticket2/opencms/en/buy/?page=1&edid=1E25B326-4F8F-7BA0-5AB1-018D89AC8C22&sortorder=desc&column=row HTTP/1.1" 200 110486
54.36.148.166 - - [19/Feb/2025:00:03:48 +0100] "GET /ticket2/opencms/be/buy?page=1&edid=5EDAD7EF-4482-E566-628C-36CFA67969B0 HTTP/1.1" 200 116894
170.106.174.68 - - [19/Feb/2025:00:03:49 +0100] "GET /ticket2/opencms/fi/buy/?page=1&edid=8085E80D-BC8F-CDCF-7CC8-2F497FE082D3 HTTP/1.1" 200 138158
202.8.43.121 - - [19/Feb/2025:00:03:49 +0100] "GET /ticket2/opencms/system/modules/com.gridnine.opencms.ticketbrokerage.site/resources/css/jquery.fancybox.css HTTP/1.1" 200 4939
202.8.43.121 - - [19/Feb/2025:00:03:49 +0100] "GET /ticket2/opencms/system/modules/com.gridnine.opencms.ticketbrokerage.site/resources/css/calendar.css HTTP/1.1" 200 6871
202.8.43.121 - - [19/Feb/2025:00:03:49 +0100] "GET /ticket2/opencms/system/modules/com.gridnine.opencms.ticketbrokerage.site/resources/css/ticketbrokerage.css HTTP/1.1" 200 39339
202.8.43.121 - - [19/Feb/2025:00:03:49 +0100] "GET /ticket2/opencms/system/modules/com.gridnine.opencms.ticketbrokerage.site/resources/css/jquery-ui.css HTTP/1.1" 200 33221
194.247.173.99 - - [19/Feb/2025:00:03:49 +0100] "GET /ticket2/opencms/en/buy/?page=1&edid=1E25B326-4F8F-7BA0-5AB1-018D89AC8C22&sortorder=desc&column=section HTTP/1.1" 200 110598
