202.8.40.20 - - [19/Feb/2025:02:58:00 +0100] "GET /ticket2/opencms/system/modules/com.gridnine.opencms.ticketbrokerage.site/resources/css/standard.css HTTP/1.1" 200 73904
202.8.40.20 - - [19/Feb/2025:02:58:00 +0100] "GET /ticket2/opencms/system/modules/com.gridnine.opencms.ticketbrokerage.site/resources/css/jquery.fancybox.css HTTP/1.1" 200 4939
202.8.40.20 - - [19/Feb/2025:02:58:00 +0100] "GET /ticket2/opencms/system/modules/com.gridnine.opencms.ticketbrokerage.site/resources/js/jquery/jquery.js HTTP/1.1" 200 93868
202.8.40.20 - - [19/Feb/2025:02:58:00 +0100] "GET /ticket2/opencms/system/modules/com.gridnine.opencms.ticketbrokerage.site/resources/js/jquery/jquery-ui.js HTTP/1.1" 200 228088
202.8.40.20 - - [19/Feb/2025:02:58:00 +0100] "GET /ticket2/opencms/system/modules/com.gridnine.opencms.ticketbrokerage.site/resources/js/functions.js HTTP/1.1" 200 1583
202.8.40.20 - - [19/Feb/2025:02:58:00 +0100] "GET /ticket2/opencms/system/modules/com.gridnine.opencms.ticketbrokerage.site/resources/js/calendar.js HTTP/1.1" 200 49229
202.8.40.20 - - [19/Feb/2025:02:58:00 +0100] "GET /ticket2/opencms/system/modules/com.gridnine.opencms.ticketbrokerage.site/resources/js/calendar-en.js HTTP/1.1" 200 3338
202.8.40.20 - - [19/Feb/2025:02:58:00 +0100] "GET /ticket2/opencms/system/modules/com.gridnine.opencms.ticketbrokerage.site/resources/js/calendar-setup.js HTTP/1.1" 200 4923
202.8.40.20 - - [19/Feb/2025:02:58:00 +0100] "GET /ticket2/opencms/system/modules/com.gridnine.opencms.ticketbrokerage.site/resources/js/jquery.fancybox.pack.js HTTP/1.1" 200 23187
202.8.40.20 - - [19/Feb/2025:02:58:00 +0100] "GET /ticket2/opencms/system/modules/com.gridnine.opencms.ticketbrokerage.site/resources/js/stickyfill.min.js HTTP/1.1" 200 5672
202.8.40.20 - - [19/Feb/2025:02:58:00 +0100] "GET /ticket2/opencms/system/modules/com.gridnine.opencms.ticketbrokerage.site/resources/js/standard.js HTTP/1.1" 200 3983
202.8.40.20 - - [19/Feb/2025:02:58:00 +0100] "GET /ticket2/opencms/system/modules/com.gridnine.opencms.ticketbrokerage.site/resources/js/jquery.placeholder.min.js HTTP/1.1" 200 1737
202.8.40.20 - - [19/Feb/2025:02:58:00 +0100] "GET /ticket2/opencms/system/modules/com.gridnine.opencms.ticketbrokerage.site/resources/js/common-ajax.js HTTP/1.1" 200 20175
192.99.36.126 - - [19/Feb/2025:02:58:01 +0100] "GET /ticket2/opencms/sv/buy/?page=1&edid=AB846FE3-D252-0F8D-9888-1616F9907D4C&sortorder=desc&column=price HTTP/1.1" 200 108965
194.34.232.237 - - [19/Feb/2025:02:58:01 +0100] "GET /ticket2/opencms/en/buy/?page=1&edid=E3B128F0-A528-70CF-8C87-E24A1C323D9D&sortorder=asc&column=row HTTP/1.1" 200 111517
173.252.83.4 - - [19/Feb/2025:02:58:03 +0100] "GET /ticket2/opencms/en/magazine/article?title=mohamed-salah-extend-with-liverpool HTTP/1.1" 200 93510
192.99.36.126 - - [19/Feb/2025:02:58:03 +0100] "GET /ticket2/opencms/sv/buy/?page=1&edid=AB846FE3-D252-0F8D-9888-1616F9907D4C&sortorder=desc&column=section HTTP/1.1" 200 108985
185.191.171.2 - - [19/Feb/2025:02:58:04 +0100] "GET /ticket2/opencms/dk/sport/fodboldbilletter/premier_league/ipswich HTTP/1.1" 404 -
66.249.68.38 - - [19/Feb/2025:02:58:05 +0100] "GET /ticket2/opencms/sv/magazine/article?title=em-stjarnorna-som-googlas-mest-och-storst-pa-instagram HTTP/1.1" 200 113104
192.99.36.126 - - [19/Feb/2025:02:58:05 +0100] "GET /ticket2/opencms/sv/buy/?page=1&edid=ABF1FC6E-B240-9286-D056-EACAD436E562 HTTP/1.1" 200 110357
194.34.232.237 - - [19/Feb/2025:02:58:05 +0100] "GET /ticket2/opencms/en/buy/?page=1&edid=E3B128F0-A528-70CF-8C87-E24A1C323D9D&sortorder=asc&column=section HTTP/1.1" 200 111586
185.191.171.18 - - [19/Feb/2025:02:58:07 +0100] "GET /ticket2/opencms/bg/magazine/article?title=posledniyat-sezon-na-lionel-mesi HTTP/1.1" 200 97265
192.99.36.126 - - [19/Feb/2025:02:58:07 +0100] "GET /ticket2/opencms/sv/buy/?page=1&edid=ABF1FC6E-B240-9286-D056-EACAD436E562&sortorder=asc&column=price HTTP/1.1" 200 111199
157.90.209.79 - - [19/Feb/2025:02:58:07 +0100] "GET /ticket2/opencms/ka/sport/pekhburti-biletebi/english-championship/cardiff-city HTTP/1.1" 404 -
192.99.36.126 - - [19/Feb/2025:02:58:09 +0100] "GET /ticket2/opencms/sv/buy/?page=1&edid=ABF1FC6E-B240-9286-D056-EACAD436E562&sortorder=asc&column=row HTTP/1.1" 200 111195
194.34.232.237 - - [19/Feb/2025:02:58:09 +0100] "GET /ticket2/opencms/en/buy/?page=1&edid=E45E8CAC-C9E1-5B17-FCDC-FD9DFD7F01BC&sortorder=asc&column=price HTTP/1.1" 200 110343
40.77.167.36 - - [19/Feb/2025:02:58:10 +0100] "GET /ticket2/opencms/fr/buy/?page=1&edid=FDE61440-0AFB-C810-FB76-DEDF52CF6305 HTTP/1.1" 200 111707
192.99.36.126 - - [19/Feb/2025:02:58:11 +0100] "GET /ticket2/opencms/sv/buy/?page=1&edid=ABF1FC6E-B240-9286-D056-EACAD436E562&sortorder=asc&column=section HTTP/1.1" 200 111431
192.99.36.126 - - [19/Feb/2025:02:58:13 +0100] "GET /ticket2/opencms/sv/buy/?page=1&edid=ABF1FC6E-B240-9286-D056-EACAD436E562&sortorder=desc&column=price HTTP/1.1" 200 111330
194.34.232.237 - - [19/Feb/2025:02:58:13 +0100] "GET /ticket2/opencms/en/buy/?page=1&edid=F7C28787-C79E-A778-7717-A28F67DFBF72&sortorder=asc&column=price HTTP/1.1" 200 111395
54.36.148.16 - - [19/Feb/2025:02:58:14 +0100] "GET /ticket2/opencms/sl/buy?page=1&edid=1B66F7E9-6D68-7258-D0DB-383034F8302F HTTP/1.1" 200 135093
192.99.36.126 - - [19/Feb/2025:02:58:15 +0100] "GET /ticket2/opencms/sv/buy/?page=1&edid=ABF1FC6E-B240-9286-D056-EACAD436E562&sortorder=desc&column=row HTTP/1.1" 200 111297
66.249.79.35 - - [19/Feb/2025:02:58:15 +0100] "GET /ticket2/opencms/set_aff_cookie.jsp?partner=8F6DE15D-D831-5787-AE7E-FEFF53476F85&url=%252Fno%252Fbuy%252Findex.html%253Fpage%253D1%2526edid%253DDC4F64BB-84C6-452C-2BFD-138DC45E79DD%2526hlv%253D666de067-41d8-4493-bd2d-6d8a0a01000f%2523v6170062 HTTP/1.1" 200 243
66.249.68.38 - - [19/Feb/2025:02:58:17 +0100] "GET /ticket2/opencms/nl/buy/?page=1&edid=EFCA122E-EFD5-12F8-6F83-6930A0BC1F37 HTTP/1.1" 200 121520
192.99.36.126 - - [19/Feb/2025:02:58:17 +0100] "GET /ticket2/opencms/sv/buy/?page=1&edid=ABF1FC6E-B240-9286-D056-EACAD436E562&sortorder=desc&column=section HTTP/1.1" 200 111431
194.34.232.237 - - [19/Feb/2025:02:58:17 +0100] "GET /ticket2/opencms/en/buy/?page=1&edid=F7C28787-C79E-A778-7717-A28F67DFBF72&sortorder=asc&column=section HTTP/1.1" 200 111522
54.36.149.79 - - [19/Feb/2025:02:58:19 +0100] "GET /ticket2/opencms/is/faq HTTP/1.1" 200 90345
192.99.36.126 - - [19/Feb/2025:02:58:19 +0100] "GET /ticket2/opencms/sv/buy/?page=1&edid=AC9B2055-12DA-9E20-67F9-15ACACD7CC8B&sortorder=desc&column=section HTTP/1.1" 200 111648
66.249.79.33 - - [19/Feb/2025:02:58:20 +0100] "GET /ticket2/opencms/dk/buy?page=6&comcatid=A17713B6-D984-201A-4143-ED4DB5ED5C2E&catid=6E0E0CA4-3F14-9697-92B9-3687047BE453 HTTP/1.1" 200 102811
66.249.79.33 - - [19/Feb/2025:02:58:20 +0100] "GET /ticket2/opencms/el/buy/?page=1&edid=71026AAF-622C-063D-34B3-C1AF36D7ED87&hlv=61151f5d-f4e8-4103-9a26-04270a01000f HTTP/1.1" 200 117122
54.36.148.68 - - [19/Feb/2025:02:58:21 +0100] "GET /ticket2/opencms/tr/buy?page=1&edid=1B66F7E9-6D68-7258-D0DB-383034F8302F HTTP/1.1" 200 135203
192.99.36.126 - - [19/Feb/2025:02:58:21 +0100] "GET /ticket2/opencms/sv/buy/?page=1&edid=ACF80E90-C5E3-0DC5-AF38-5E09EB10521E HTTP/1.1" 200 111797
194.34.232.237 - - [19/Feb/2025:02:58:21 +0100] "GET /ticket2/opencms/en/buy/?page=1&edid=F9161CFB-C2C8-9138-261B-AE3FC003292C&sortorder=asc&column=row HTTP/1.1" 200 110420
192.99.36.126 - - [19/Feb/2025:02:58:23 +0100] "GET /ticket2/opencms/sv/buy/?page=1&edid=ACF80E90-C5E3-0DC5-AF38-5E09EB10521E&sortorder=desc&column=section HTTP/1.1" 200 112871
157.90.209.79 - - [19/Feb/2025:02:58:23 +0100] "GET /ticket2/opencms/ka/sport/pekhburti-biletebi/english-championship/coventry-city HTTP/1.1" 404 -
192.99.36.126 - - [19/Feb/2025:02:58:25 +0100] "GET /ticket2/opencms/sv/buy/?page=1&edid=ADC03EF7-1AE0-1D16-775A-CF1264429A09&sortorder=asc&column=price HTTP/1.1" 200 111544
194.34.232.237 - - [19/Feb/2025:02:58:25 +0100] "GET /ticket2/opencms/en/buy/?page=1&edid=F9161CFB-C2C8-9138-261B-AE3FC003292C&sortorder=asc&column=section HTTP/1.1" 200 110613
192.99.36.126 - - [19/Feb/2025:02:58:27 +0100] "GET /ticket2/opencms/sv/buy/?page=1&edid=ADC03EF7-1AE0-1D16-775A-CF1264429A09&sortorder=asc&column=row HTTP/1.1" 200 111503
192.99.36.126 - - [19/Feb/2025:02:58:29 +0100] "GET /ticket2/opencms/sv/buy/?page=1&edid=ADC03EF7-1AE0-1D16-775A-CF1264429A09&sortorder=asc&column=section HTTP/1.1" 200 111637
194.34.232.237 - - [19/Feb/2025:02:58:30 +0100] "GET /ticket2/opencms/en/buy/?page=1&edid=F9161CFB-C2C8-9138-261B-AE3FC003292C&sortorder=desc&column=row HTTP/1.1" 200 110420
192.99.36.126 - - [19/Feb/2025:02:58:31 +0100] "GET /ticket2/opencms/sv/buy/?page=1&edid=ADC03EF7-1AE0-1D16-775A-CF1264429A09&sortorder=desc&column=price HTTP/1.1" 200 111552
114.119.153.152 - - [19/Feb/2025:02:58:31 +0100] "GET /ticket2/opencms/uk/buy?page=1&edid=8839DE43-02D6-1964-9569-34CA7978C5BC HTTP/1.1" 200 113595
157.90.209.79 - - [19/Feb/2025:02:58:32 +0100] "GET /ticket2/opencms/ka/sport/pekhburti-biletebi/english-championship/huddersfield-town HTTP/1.1" 404 -
40.77.167.0 - - [19/Feb/2025:02:58:33 +0100] "GET /ticket2/opencms/dk/buy/?page=1&edid=1B66F7E9-6D68-7258-D0DB-383034F8302F HTTP/1.1" 200 133686
54.36.149.2 - - [19/Feb/2025:02:58:33 +0100] "GET /ticket2/opencms/hr/sport/nogometne-ulaznice/serie-a/milan HTTP/1.1" 200 97546
40.77.167.36 - - [19/Feb/2025:02:58:33 +0100] "GET /ticket2/opencms/sr/buy/?page=1&edid=B089B4B8-933D-AB70-BE65-2A133877E5AC HTTP/1.1" 200 136741
192.99.36.126 - - [19/Feb/2025:02:58:34 +0100] "GET /ticket2/opencms/sv/buy/?page=1&edid=ADC03EF7-1AE0-1D16-775A-CF1264429A09&sortorder=desc&column=row HTTP/1.1" 200 111499
202.8.43.209 - - [19/Feb/2025:02:58:34 +0100] "GET /ticket2/opencms/system/modules/com.gridnine.opencms.ticketbrokerage.site/resources/css/calendar.css HTTP/1.1" 200 6871
202.8.43.209 - - [19/Feb/2025:02:58:34 +0100] "GET /ticket2/opencms/system/modules/com.gridnine.opencms.ticketbrokerage.site/resources/css/jquery-ui.css HTTP/1.1" 200 33221
202.8.43.209 - - [19/Feb/2025:02:58:34 +0100] "GET /ticket2/opencms/system/modules/com.gridnine.opencms.ticketbrokerage.site/resources/css/standard.css HTTP/1.1" 200 73904
202.8.43.209 - - [19/Feb/2025:02:58:34 +0100] "GET /ticket2/opencms/system/modules/com.gridnine.opencms.ticketbrokerage.site/resources/css/ticketbrokerage.css HTTP/1.1" 200 39339
202.8.43.209 - - [19/Feb/2025:02:58:34 +0100] "GET /ticket2/opencms/system/modules/com.gridnine.opencms.ticketbrokerage.site/resources/css/jquery.fancybox.css HTTP/1.1" 200 4939
202.8.43.209 - - [19/Feb/2025:02:58:34 +0100] "GET /ticket2/opencms/system/modules/com.gridnine.opencms.ticketbrokerage.site/resources/js/jquery/jquery-ui.js HTTP/1.1" 200 228088
202.8.43.209 - - [19/Feb/2025:02:58:34 +0100] "GET /ticket2/opencms/system/modules/com.gridnine.opencms.ticketbrokerage.site/resources/js/calendar-en.js HTTP/1.1" 200 3338
202.8.43.209 - - [19/Feb/2025:02:58:34 +0100] "GET /ticket2/opencms/system/modules/com.gridnine.opencms.ticketbrokerage.site/resources/js/calendar.js HTTP/1.1" 200 49229
202.8.43.209 - - [19/Feb/2025:02:58:34 +0100] "GET /ticket2/opencms/system/modules/com.gridnine.opencms.ticketbrokerage.site/resources/js/functions.js HTTP/1.1" 200 1583
202.8.43.209 - - [19/Feb/2025:02:58:34 +0100] "GET /ticket2/opencms/system/modules/com.gridnine.opencms.ticketbrokerage.site/resources/js/jquery/jquery.js HTTP/1.1" 200 93868
202.8.43.209 - - [19/Feb/2025:02:58:34 +0100] "GET /ticket2/opencms/system/modules/com.gridnine.opencms.ticketbrokerage.site/resources/js/stickyfill.min.js HTTP/1.1" 200 5672
202.8.43.209 - - [19/Feb/2025:02:58:34 +0100] "GET /ticket2/opencms/system/modules/com.gridnine.opencms.ticketbrokerage.site/resources/js/calendar-setup.js HTTP/1.1" 200 4923
202.8.43.209 - - [19/Feb/2025:02:58:34 +0100] "GET /ticket2/opencms/system/modules/com.gridnine.opencms.ticketbrokerage.site/resources/js/jquery.fancybox.pack.js HTTP/1.1" 200 23187
202.8.43.209 - - [19/Feb/2025:02:58:34 +0100] "GET /ticket2/opencms/system/modules/com.gridnine.opencms.ticketbrokerage.site/resources/js/standard.js HTTP/1.1" 200 3983
202.8.43.209 - - [19/Feb/2025:02:58:34 +0100] "GET /ticket2/opencms/system/modules/com.gridnine.opencms.ticketbrokerage.site/resources/js/jquery.placeholder.min.js HTTP/1.1" 200 1737
202.8.43.209 - - [19/Feb/2025:02:58:34 +0100] "GET /ticket2/opencms/system/modules/com.gridnine.opencms.ticketbrokerage.site/resources/js/common-ajax.js HTTP/1.1" 200 20175
194.34.232.237 - - [19/Feb/2025:02:58:34 +0100] "GET /ticket2/opencms/en/buy/?page=1&edid=F9161CFB-C2C8-9138-261B-AE3FC003292C&sortorder=desc&column=section HTTP/1.1" 200 110606
192.99.36.126 - - [19/Feb/2025:02:58:36 +0100] "GET /ticket2/opencms/sv/buy/?page=1&edid=ADC03EF7-1AE0-1D16-775A-CF1264429A09&sortorder=desc&column=section HTTP/1.1" 200 111705
40.77.167.34 - - [19/Feb/2025:02:58:37 +0100] "GET /ticket2/opencms/lt/buy/?page=10&eventid=1C0FC89D-D539-28E4-3F58-11BCE29E4CA8&venueid=A0215E07-B078-8AA5-6DA4-5B2EADC61CED HTTP/1.1" 200 99185
192.99.36.126 - - [19/Feb/2025:02:58:38 +0100] "GET /ticket2/opencms/sv/buy/?page=1&edid=AE6DD164-6DAE-62E3-ADEA-0BEA5660A0E3&sortorder=desc&column=row HTTP/1.1" 200 111552
54.36.149.58 - - [19/Feb/2025:02:58:38 +0100] "GET /ticket2/opencms/nl/sport/voetbal-tickets/uefa-champions-league/ HTTP/1.1" 200 96379
194.34.232.237 - - [19/Feb/2025:02:58:39 +0100] "GET /ticket2/opencms/en/buy/?page=1&edid=FB2118DF-D9FB-5A58-C950-85B43798EFC8&sortorder=asc&column=price HTTP/1.1" 200 111096
192.99.36.126 - - [19/Feb/2025:02:58:40 +0100] "GET /ticket2/opencms/sv/buy/?page=1&edid=AE6DD164-6DAE-62E3-ADEA-0BEA5660A0E3&sortorder=desc&column=section HTTP/1.1" 200 111560
185.191.171.18 - - [19/Feb/2025:02:58:41 +0100] "GET /ticket2/opencms/pl/sport/bilety-futbol/premier-league/ipswich HTTP/1.1" 404 -
192.99.36.126 - - [19/Feb/2025:02:58:42 +0100] "GET /ticket2/opencms/sv/buy/?page=1&edid=AE716F73-508D-DEB7-E6E2-5D76473CBEAD HTTP/1.1" 200 111850
194.34.232.237 - - [19/Feb/2025:02:58:43 +0100] "GET /ticket2/opencms/en/buy/?page=1&edid=FB2118DF-D9FB-5A58-C950-85B43798EFC8&sortorder=asc&column=row HTTP/1.1" 200 111113
192.99.36.126 - - [19/Feb/2025:02:58:44 +0100] "GET /ticket2/opencms/sv/buy/?page=1&edid=AED07394-C49C-5931-D2FB-64023659E932&sortorder=asc&column=section HTTP/1.1" 200 111942
192.99.36.126 - - [19/Feb/2025:02:58:46 +0100] "GET /ticket2/opencms/sv/buy/?page=1&edid=AEE0E38F-0CA3-53E5-BE24-D612BD968C58&sortorder=asc&column=price HTTP/1.1" 200 109022
54.36.149.10 - - [19/Feb/2025:02:58:46 +0100] "GET /ticket2/opencms/lv/sport/futbola-biletes/premier-league/manchester-united HTTP/1.1" 200 100636
194.34.232.237 - - [19/Feb/2025:02:58:47 +0100] "GET /ticket2/opencms/en/buy/?page=1&edid=FB2118DF-D9FB-5A58-C950-85B43798EFC8&sortorder=asc&column=section HTTP/1.1" 200 111213
157.90.209.79 - - [19/Feb/2025:02:58:47 +0100] "GET /ticket2/opencms/ka/sport/pekhburti-biletebi/english-championship/hull-city HTTP/1.1" 404 -
202.8.42.230 - - [19/Feb/2025:02:58:48 +0100] "GET /ticket2/opencms/system/modules/com.gridnine.opencms.ticketbrokerage.site/resources/css/jquery.fancybox.css HTTP/1.1" 200 4939
202.8.42.230 - - [19/Feb/2025:02:58:48 +0100] "GET /ticket2/opencms/system/modules/com.gridnine.opencms.ticketbrokerage.site/resources/css/ticketbrokerage.css HTTP/1.1" 200 39339
202.8.42.230 - - [19/Feb/2025:02:58:48 +0100] "GET /ticket2/opencms/system/modules/com.gridnine.opencms.ticketbrokerage.site/resources/css/calendar.css HTTP/1.1" 200 6871
202.8.42.230 - - [19/Feb/2025:02:58:48 +0100] "GET /ticket2/opencms/system/modules/com.gridnine.opencms.ticketbrokerage.site/resources/css/jquery-ui.css HTTP/1.1" 200 33221
202.8.42.230 - - [19/Feb/2025:02:58:48 +0100] "GET /ticket2/opencms/system/modules/com.gridnine.opencms.ticketbrokerage.site/resources/css/standard.css HTTP/1.1" 200 73904
202.8.42.230 - - [19/Feb/2025:02:58:48 +0100] "GET /ticket2/opencms/system/modules/com.gridnine.opencms.ticketbrokerage.site/resources/js/jquery/jquery.js HTTP/1.1" 200 93868
202.8.42.230 - - [19/Feb/2025:02:58:48 +0100] "GET /ticket2/opencms/system/modules/com.gridnine.opencms.ticketbrokerage.site/resources/js/jquery/jquery-ui.js HTTP/1.1" 200 228088
202.8.42.230 - - [19/Feb/2025:02:58:48 +0100] "GET /ticket2/opencms/system/modules/com.gridnine.opencms.ticketbrokerage.site/resources/js/functions.js HTTP/1.1" 200 1583
202.8.42.230 - - [19/Feb/2025:02:58:48 +0100] "GET /ticket2/opencms/system/modules/com.gridnine.opencms.ticketbrokerage.site/resources/js/calendar.js HTTP/1.1" 200 49229
202.8.42.230 - - [19/Feb/2025:02:58:48 +0100] "GET /ticket2/opencms/system/modules/com.gridnine.opencms.ticketbrokerage.site/resources/js/calendar-en.js HTTP/1.1" 200 3338
202.8.42.230 - - [19/Feb/2025:02:58:48 +0100] "GET /ticket2/opencms/system/modules/com.gridnine.opencms.ticketbrokerage.site/resources/js/calendar-setup.js HTTP/1.1" 200 4923
202.8.42.230 - - [19/Feb/2025:02:58:48 +0100] "GET /ticket2/opencms/system/modules/com.gridnine.opencms.ticketbrokerage.site/resources/js/jquery.fancybox.pack.js HTTP/1.1" 200 23187
202.8.42.230 - - [19/Feb/2025:02:58:48 +0100] "GET /ticket2/opencms/system/modules/com.gridnine.opencms.ticketbrokerage.site/resources/js/stickyfill.min.js HTTP/1.1" 200 5672
202.8.42.230 - - [19/Feb/2025:02:58:48 +0100] "GET /ticket2/opencms/system/modules/com.gridnine.opencms.ticketbrokerage.site/resources/js/standard.js HTTP/1.1" 200 3983
185.191.171.16 - - [19/Feb/2025:02:58:48 +0100] "GET /ticket2/opencms/robots.txt HTTP/1.1" 200 773
202.8.42.230 - - [19/Feb/2025:02:58:48 +0100] "GET /ticket2/opencms/system/modules/com.gridnine.opencms.ticketbrokerage.site/resources/js/jquery.placeholder.min.js HTTP/1.1" 200 1737
202.8.42.230 - - [19/Feb/2025:02:58:48 +0100] "GET /ticket2/opencms/system/modules/com.gridnine.opencms.ticketbrokerage.site/resources/js/common-ajax.js HTTP/1.1" 200 20175
192.99.36.126 - - [19/Feb/2025:02:58:48 +0100] "GET /ticket2/opencms/sv/buy/?page=1&edid=AEE0E38F-0CA3-53E5-BE24-D612BD968C58&sortorder=asc&column=row HTTP/1.1" 200 108961
85.208.96.212 - - [19/Feb/2025:02:58:49 +0100] "GET /ticket2/opencms/ro/magazine/article?title=manchester-city-campioni-pentru-al-patrulea-an-consecutiv HTTP/1.1" 200 94583
192.99.36.126 - - [19/Feb/2025:02:58:50 +0100] "GET /ticket2/opencms/sv/buy/?page=1&edid=AEE0E38F-0CA3-53E5-BE24-D612BD968C58&sortorder=asc&column=section HTTP/1.1" 200 109088
194.34.232.237 - - [19/Feb/2025:02:58:51 +0100] "GET /ticket2/opencms/en/buy/?page=1&edid=FC0C5A3D-89D5-4CCC-0C13-E556ACA3DDE8 HTTP/1.1" 200 110535
66.249.79.33 - - [19/Feb/2025:02:58:51 +0100] "GET /ticket2/opencms/es/buy/?page=1&edid=E6BF5AD1-BE0F-B988-8995-E2E5D8BDCA2A HTTP/1.1" 200 112026
192.99.36.126 - - [19/Feb/2025:02:58:53 +0100] "GET /ticket2/opencms/sv/buy/?page=1&edid=AEF9D808-4651-1974-9332-08CAD95ED83F HTTP/1.1" 200 110124
66.249.79.33 - - [19/Feb/2025:02:58:53 +0100] "GET /ticket2/opencms/lt/buy/?page=1&edid=9F4E76C0-DBAA-9A23-5CD9-D0F07665CCAA HTTP/1.1" 200 108766
66.249.79.33 - - [19/Feb/2025:02:58:54 +0100] "GET /ticket2/opencms/tr/buy?page=1&edid=FDE2CB1B-737B-857F-7431-BD450E7D3BBB&hlv=666d6f2d-4894-4d73-b0db-0c190a01000f HTTP/1.1" 200 136769
192.99.36.126 - - [19/Feb/2025:02:58:54 +0100] "GET /ticket2/opencms/sv/buy/?page=1&edid=AEF9D808-4651-1974-9332-08CAD95ED83F&sortorder=asc&column=price HTTP/1.1" 200 111074
40.77.167.55 - - [19/Feb/2025:02:58:55 +0100] "GET /ticket2/opencms/en/buy?page=1&edid=0B7E5CA2-F588-894B-B701-64E6B9532C54 HTTP/1.1" 200 125916
194.34.232.237 - - [19/Feb/2025:02:58:55 +0100] "GET /ticket2/opencms/en/buy/?page=1&edid=FC0C5A3D-89D5-4CCC-0C13-E556ACA3DDE8&sortorder=asc&column=price HTTP/1.1" 200 111479
54.36.149.10 - - [19/Feb/2025:02:58:55 +0100] "GET /ticket2/opencms/ka/sport/pekhburti-biletebi/premier-league/manchester-united HTTP/1.1" 200 101980
192.99.36.126 - - [19/Feb/2025:02:58:56 +0100] "GET /ticket2/opencms/sv/buy/?page=1&edid=AEF9D808-4651-1974-9332-08CAD95ED83F&sortorder=asc&column=row HTTP/1.1" 200 110964
202.8.42.123 - - [19/Feb/2025:02:58:56 +0100] "GET /ticket2/opencms/system/modules/com.gridnine.opencms.ticketbrokerage.site/resources/css/jquery.fancybox.css HTTP/1.1" 200 4939
202.8.42.123 - - [19/Feb/2025:02:58:56 +0100] "GET /ticket2/opencms/system/modules/com.gridnine.opencms.ticketbrokerage.site/resources/css/standard.css HTTP/1.1" 200 73904
202.8.42.123 - - [19/Feb/2025:02:58:56 +0100] "GET /ticket2/opencms/system/modules/com.gridnine.opencms.ticketbrokerage.site/resources/css/calendar.css HTTP/1.1" 200 6871
202.8.42.123 - - [19/Feb/2025:02:58:56 +0100] "GET /ticket2/opencms/system/modules/com.gridnine.opencms.ticketbrokerage.site/resources/css/ticketbrokerage.css HTTP/1.1" 200 39339
202.8.42.123 - - [19/Feb/2025:02:58:56 +0100] "GET /ticket2/opencms/system/modules/com.gridnine.opencms.ticketbrokerage.site/resources/css/jquery-ui.css HTTP/1.1" 200 33221
202.8.42.123 - - [19/Feb/2025:02:58:56 +0100] "GET /ticket2/opencms/system/modules/com.gridnine.opencms.ticketbrokerage.site/resources/js/jquery/jquery-ui.js HTTP/1.1" 200 228088
202.8.42.123 - - [19/Feb/2025:02:58:57 +0100] "GET /ticket2/opencms/system/modules/com.gridnine.opencms.ticketbrokerage.site/resources/js/jquery/jquery.js HTTP/1.1" 200 93868
202.8.42.123 - - [19/Feb/2025:02:58:57 +0100] "GET /ticket2/opencms/system/modules/com.gridnine.opencms.ticketbrokerage.site/resources/js/functions.js HTTP/1.1" 200 1583
202.8.42.123 - - [19/Feb/2025:02:58:57 +0100] "GET /ticket2/opencms/system/modules/com.gridnine.opencms.ticketbrokerage.site/resources/js/calendar-setup.js HTTP/1.1" 200 4923
202.8.42.123 - - [19/Feb/2025:02:58:57 +0100] "GET /ticket2/opencms/system/modules/com.gridnine.opencms.ticketbrokerage.site/resources/js/calendar.js HTTP/1.1" 200 49229
202.8.42.123 - - [19/Feb/2025:02:58:57 +0100] "GET /ticket2/opencms/system/modules/com.gridnine.opencms.ticketbrokerage.site/resources/js/calendar-en.js HTTP/1.1" 200 3338
202.8.42.123 - - [19/Feb/2025:02:58:57 +0100] "GET /ticket2/opencms/system/modules/com.gridnine.opencms.ticketbrokerage.site/resources/js/jquery.fancybox.pack.js HTTP/1.1" 200 23187
202.8.42.123 - - [19/Feb/2025:02:58:57 +0100] "GET /ticket2/opencms/system/modules/com.gridnine.opencms.ticketbrokerage.site/resources/js/stickyfill.min.js HTTP/1.1" 200 5672
202.8.42.123 - - [19/Feb/2025:02:58:57 +0100] "GET /ticket2/opencms/system/modules/com.gridnine.opencms.ticketbrokerage.site/resources/js/standard.js HTTP/1.1" 200 3983
202.8.42.123 - - [19/Feb/2025:02:58:57 +0100] "GET /ticket2/opencms/system/modules/com.gridnine.opencms.ticketbrokerage.site/resources/js/jquery.placeholder.min.js HTTP/1.1" 200 1737
202.8.42.123 - - [19/Feb/2025:02:58:57 +0100] "GET /ticket2/opencms/system/modules/com.gridnine.opencms.ticketbrokerage.site/resources/js/common-ajax.js HTTP/1.1" 200 20175
192.99.36.126 - - [19/Feb/2025:02:58:58 +0100] "GET /ticket2/opencms/sv/buy/?page=1&edid=AEF9D808-4651-1974-9332-08CAD95ED83F&sortorder=asc&column=section HTTP/1.1" 200 111131
194.34.232.237 - - [19/Feb/2025:02:58:59 +0100] "GET /ticket2/opencms/en/buy/?page=1&edid=FC0C5A3D-89D5-4CCC-0C13-E556ACA3DDE8&sortorder=asc&column=row HTTP/1.1" 200 111421
192.99.36.126 - - [19/Feb/2025:02:59:01 +0100] "GET /ticket2/opencms/sv/buy/?page=1&edid=AEF9D808-4651-1974-9332-08CAD95ED83F&sortorder=desc&column=price HTTP/1.1" 200 111073
192.99.36.126 - - [19/Feb/2025:02:59:03 +0100] "GET /ticket2/opencms/sv/buy/?page=1&edid=AEF9D808-4651-1974-9332-08CAD95ED83F&sortorder=desc&column=row HTTP/1.1" 200 111027
194.34.232.237 - - [19/Feb/2025:02:59:03 +0100] "GET /ticket2/opencms/en/buy/?page=1&edid=FC0C5A3D-89D5-4CCC-0C13-E556ACA3DDE8&sortorder=asc&column=section HTTP/1.1" 200 111519
192.99.36.126 - - [19/Feb/2025:02:59:05 +0100] "GET /ticket2/opencms/sv/buy/?page=1&edid=AEF9D808-4651-1974-9332-08CAD95ED83F&sortorder=desc&column=section HTTP/1.1" 200 111144
157.90.209.79 - - [19/Feb/2025:02:59:06 +0100] "GET /ticket2/opencms/ka/sport/pekhburti-biletebi/english-championship/ipswich-town HTTP/1.1" 200 98995
54.36.148.164 - - [19/Feb/2025:02:59:06 +0100] "GET /ticket2/opencms/bg/buy/?page=1&edid=C64002B7-B7A3-A646-1770-7E79C914EDA5 HTTP/1.1" 200 138048
194.34.232.237 - - [19/Feb/2025:02:59:07 +0100] "GET /ticket2/opencms/en/buy/?page=1&edid=FC0C5A3D-89D5-4CCC-0C13-E556ACA3DDE8&sortorder=desc&column=price HTTP/1.1" 200 111468
192.99.36.126 - - [19/Feb/2025:02:59:07 +0100] "GET /ticket2/opencms/sv/buy/?page=1&edid=AF3A3A75-5315-FE9D-022C-FD3048857E51&sortorder=asc&column=price HTTP/1.1" 200 112354
47.128.35.191 - - [19/Feb/2025:02:59:08 +0100] "GET /ticket2/opencms/sl/magazine/article?title=najdrazje-okrepitve-januarskega-prestopnega-roka HTTP/1.1" 200 93379
40.77.167.28 - - [19/Feb/2025:02:59:08 +0100] "GET /ticket2/opencms/sv/buy/?page=1&edid=0DB0B92F-3B3A-E824-76FA-F690AF646C74 HTTP/1.1" 200 107966
192.99.36.126 - - [19/Feb/2025:02:59:09 +0100] "GET /ticket2/opencms/sv/buy/?page=1&edid=AF3A3A75-5315-FE9D-022C-FD3048857E51&sortorder=asc&column=row HTTP/1.1" 200 112285
194.34.232.237 - - [19/Feb/2025:02:59:11 +0100] "GET /ticket2/opencms/en/buy/?page=1&edid=FC0C5A3D-89D5-4CCC-0C13-E556ACA3DDE8&sortorder=desc&column=row HTTP/1.1" 200 111418
192.99.36.126 - - [19/Feb/2025:02:59:11 +0100] "GET /ticket2/opencms/sv/buy/?page=1&edid=BA044386-3282-24C7-A8E5-A1A931199A15&sortorder=asc&column=row HTTP/1.1" 200 111734
114.119.139.202 - - [19/Feb/2025:02:59:12 +0100] "GET /ticket2/opencms/en/venue/?venueid=FFD58926-E43E-9E2E-9DB6-3170AF0A87CC HTTP/1.1" 200 85371
192.99.36.126 - - [19/Feb/2025:02:59:13 +0100] "GET /ticket2/opencms/sv/buy/?page=1&edid=BA044386-3282-24C7-A8E5-A1A931199A15&sortorder=asc&column=section HTTP/1.1" 200 111860
66.249.79.36 - - [19/Feb/2025:02:59:15 +0100] "GET /ticket2/opencms/et/magazine/ HTTP/1.1" 200 154414
194.34.232.237 - - [19/Feb/2025:02:59:15 +0100] "GET /ticket2/opencms/en/buy/?page=1&edid=FC0C5A3D-89D5-4CCC-0C13-E556ACA3DDE8&sortorder=desc&column=section HTTP/1.1" 200 111583
192.99.36.126 - - [19/Feb/2025:02:59:15 +0100] "GET /ticket2/opencms/sv/buy/?page=1&edid=BA044386-3282-24C7-A8E5-A1A931199A15&sortorder=desc&column=price HTTP/1.1" 200 111855
192.99.36.126 - - [19/Feb/2025:02:59:17 +0100] "GET /ticket2/opencms/sv/buy/?page=1&edid=BA2F530B-E026-23B3-F541-660D0B5344FF&sortorder=asc&column=price HTTP/1.1" 200 111221
85.208.96.206 - - [19/Feb/2025:02:59:17 +0100] "GET /ticket2/opencms/sv/magazine/article?title=framtida-stjarnor HTTP/1.1" 200 92897
54.36.148.98 - - [19/Feb/2025:02:59:17 +0100] "GET /ticket2/opencms/mo/buy?page=1&edid=1B66F7E9-6D68-7258-D0DB-383034F8302F HTTP/1.1" 200 135010
69.171.230.112 - - [19/Feb/2025:02:59:19 +0100] "GET /ticket2/opencms/en/buy/?page=1&edid=7C16C78F-F9EE-B2A9-0C9E-990B916B48DD HTTP/1.1" 200 110519
194.34.232.237 - - [19/Feb/2025:02:59:19 +0100] "GET /ticket2/opencms/en/buy/?page=1&edid=FD98A46A-1DE7-4966-8837-67D03D297A3F&sortorder=asc&column=price HTTP/1.1" 200 110489
173.252.87.116 - - [19/Feb/2025:02:59:19 +0100] "GET /ticket2/opencms/mt/buy?page=1&edid=92A56E78-70A5-4E7F-4A0E-86D90A27FA9E HTTP/1.1" 200 118045
114.119.130.210 - - [19/Feb/2025:02:59:19 +0100] "GET /ticket2/opencms/en/buy/?page=6&comcatid=810BB404-4103-77F2-A6C2-12D5E6C338E2 HTTP/1.1" 200 91281
192.99.36.126 - - [19/Feb/2025:02:59:19 +0100] "GET /ticket2/opencms/sv/buy/?page=1&edid=BBEC338A-242D-58E1-7095-18B90F7D3463&sortorder=desc&column=price HTTP/1.1" 200 112616
157.90.209.79 - - [19/Feb/2025:02:59:20 +0100] "GET /ticket2/opencms/ka/sport/pekhburti-biletebi/english-championship/leeds-united HTTP/1.1" 404 -
192.99.36.126 - - [19/Feb/2025:02:59:21 +0100] "GET /ticket2/opencms/sv/buy/?page=1&edid=BBEC338A-242D-58E1-7095-18B90F7D3463&sortorder=desc&column=section HTTP/1.1" 200 112730
185.191.171.11 - - [19/Feb/2025:02:59:22 +0100] "GET /ticket2/opencms/fr/magazine/article?title=euro-de-football-2024 HTTP/1.1" 200 89571
194.34.232.237 - - [19/Feb/2025:02:59:22 +0100] "GET /ticket2/opencms/en/buy/?page=1&edid=FD98A46A-1DE7-4966-8837-67D03D297A3F&sortorder=asc&column=row HTTP/1.1" 200 110453
185.191.171.12 - - [19/Feb/2025:02:59:23 +0100] "GET /ticket2/opencms/bs/magazine/article?title=kevin-de-bruyne HTTP/1.1" 200 92881
192.99.36.126 - - [19/Feb/2025:02:59:24 +0100] "GET /ticket2/opencms/sv/buy/?page=1&edid=BDEBDFC7-284E-9E6E-D1BB-65EBB5818C8B&sortorder=desc&column=row HTTP/1.1" 200 111273
192.99.36.126 - - [19/Feb/2025:02:59:26 +0100] "GET /ticket2/opencms/sv/buy/?page=1&edid=BDEBDFC7-284E-9E6E-D1BB-65EBB5818C8B&sortorder=desc&column=section HTTP/1.1" 200 111510
194.34.232.237 - - [19/Feb/2025:02:59:26 +0100] "GET /ticket2/opencms/en/buy/?page=1&edid=FD98A46A-1DE7-4966-8837-67D03D297A3F&sortorder=asc&column=section HTTP/1.1" 200 110533
192.99.36.126 - - [19/Feb/2025:02:59:28 +0100] "GET /ticket2/opencms/sv/buy/?page=1&edid=BE677498-647D-741B-F50C-DF4074C4FF3A&sortorder=asc&column=row HTTP/1.1" 200 112278
66.249.76.160 - - [19/Feb/2025:02:59:29 +0100] "GET /ticket2/opencms/be/buy?page=1&edid=FE4DBC25-F1BC-497D-822F-4B54B98D6608 HTTP/1.1" 200 134211
192.99.36.126 - - [19/Feb/2025:02:59:30 +0100] "GET /ticket2/opencms/sv/buy/?page=1&edid=BE8FBC61-B0C2-4CAA-8A3A-B3DE60176719&sortorder=asc&column=price HTTP/1.1" 200 112437
194.34.232.237 - - [19/Feb/2025:02:59:30 +0100] "GET /ticket2/opencms/en/buy/?page=1&edid=FD98A46A-1DE7-4966-8837-67D03D297A3F&sortorder=desc&column=price HTTP/1.1" 200 110518
157.90.209.79 - - [19/Feb/2025:02:59:31 +0100] "GET /ticket2/opencms/ka/sport/pekhburti-biletebi/english-championship/leicester-city HTTP/1.1" 200 99079
54.36.149.37 - - [19/Feb/2025:02:59:31 +0100] "GET /ticket2/opencms/lv/buy?page=1&edid=1B66F7E9-6D68-7258-D0DB-383034F8302F HTTP/1.1" 200 135128
173.252.69.1 - - [19/Feb/2025:02:59:32 +0100] "GET /ticket2/opencms/lt/buy?page=1&edid=890CCDBB-BBBF-11B0-1E79-EA111E8EF281 HTTP/1.1" 200 120492
192.99.36.126 - - [19/Feb/2025:02:59:32 +0100] "GET /ticket2/opencms/sv/buy/?page=1&edid=BE8FBC61-B0C2-4CAA-8A3A-B3DE60176719&sortorder=asc&column=row HTTP/1.1" 200 112368
194.34.232.237 - - [19/Feb/2025:02:59:34 +0100] "GET /ticket2/opencms/en/buy/?page=1&edid=FD98A46A-1DE7-4966-8837-67D03D297A3F&sortorder=desc&column=row HTTP/1.1" 200 110497
192.99.36.126 - - [19/Feb/2025:02:59:34 +0100] "GET /ticket2/opencms/sv/buy/?page=1&edid=BE8FBC61-B0C2-4CAA-8A3A-B3DE60176719&sortorder=asc&column=section HTTP/1.1" 200 112380
192.99.36.126 - - [19/Feb/2025:02:59:36 +0100] "GET /ticket2/opencms/sv/buy/?page=1&edid=BF1B3DCB-8B27-4ACB-3B70-EE1B7DEAB4F3&sortorder=asc&column=price HTTP/1.1" 200 108993
194.34.232.237 - - [19/Feb/2025:02:59:37 +0100] "GET /ticket2/opencms/en/buy/?page=1&edid=FD98A46A-1DE7-4966-8837-67D03D297A3F&sortorder=desc&column=section HTTP/1.1" 200 110615
85.208.96.210 - - [19/Feb/2025:02:59:37 +0100] "GET /ticket2/opencms/az/sport/futbol-biletleri/serie-a/frosinone HTTP/1.1" 200 96364
47.128.125.81 - - [19/Feb/2025:02:59:38 +0100] "GET /ticket2/opencms/fr/buy/?edid=F9CBDA74-1975-ACB0-9F7B-F63B7B1D5539 HTTP/1.1" 200 90976
192.99.36.126 - - [19/Feb/2025:02:59:38 +0100] "GET /ticket2/opencms/sv/buy/?page=1&edid=BFF341E7-1CE6-7822-F687-FA8E7D8310D2&sortorder=desc&column=section HTTP/1.1" 200 111716
192.99.36.126 - - [19/Feb/2025:02:59:40 +0100] "GET /ticket2/opencms/sv/buy/?page=1&edid=C0041A02-725B-3012-77A5-FEBF23601EFD&sortorder=desc&column=row HTTP/1.1" 200 111424
173.252.87.14 - - [19/Feb/2025:02:59:40 +0100] "GET /ticket2/opencms/mo/sport/bilete-la-fotbal/bundesliga/werder-bremen HTTP/1.1" 200 100724
194.34.232.237 - - [19/Feb/2025:02:59:41 +0100] "GET /ticket2/opencms/en/buy/?page=10&eventid=56CBA715-B928-D58F-6A08-8D95645745F0&venueid=9EB8E447-E55D-1868-BABC-F174667BAE9B HTTP/1.1" 200 96570
54.36.148.167 - - [19/Feb/2025:02:59:41 +0100] "GET /ticket2/opencms/ka/buy/?page=1&edid=57449F59-3EAF-BBAB-4AC9-B7A456A32485 HTTP/1.1" 200 130057
192.99.36.126 - - [19/Feb/2025:02:59:42 +0100] "GET /ticket2/opencms/sv/buy/?page=1&edid=C0041A02-725B-3012-77A5-FEBF23601EFD&sortorder=desc&column=section HTTP/1.1" 200 111593
194.34.232.237 - - [19/Feb/2025:02:59:44 +0100] "GET /ticket2/opencms/en/buy/?page=10&eventid=7016CF1B-CC52-94F9-4136-362E6D3CC9D6&venueid=5656BFDD-7249-1ADA-776A-F31C05AE5BA2 HTTP/1.1" 200 97258
192.99.36.126 - - [19/Feb/2025:02:59:44 +0100] "GET /ticket2/opencms/sv/buy/?page=1&edid=C06EF65F-765A-41B3-7251-28C655DA14AD&sortorder=asc&column=row HTTP/1.1" 200 112335
192.99.36.126 - - [19/Feb/2025:02:59:47 +0100] "GET /ticket2/opencms/sv/buy/?page=1&edid=C06EF65F-765A-41B3-7251-28C655DA14AD&sortorder=asc&column=section HTTP/1.1" 200 112458
194.34.232.237 - - [19/Feb/2025:02:59:48 +0100] "GET /ticket2/opencms/en/buy/?page=10&eventid=70DCBB35-E1EE-5989-BD09-1FAC2CA44E23&venueid=D4F19FB0-0B28-632C-9086-124F525CC6BE HTTP/1.1" 200 92724
192.99.36.126 - - [19/Feb/2025:02:59:49 +0100] "GET /ticket2/opencms/sv/buy/?page=1&edid=C1F7969A-E41D-6A24-A1DB-ED62459A55A9&sortorder=asc&column=price HTTP/1.1" 200 111086
157.90.209.79 - - [19/Feb/2025:02:59:50 +0100] "GET /ticket2/opencms/ka/sport/pekhburti-biletebi/english-championship/middlesbrough HTTP/1.1" 200 102952
192.99.36.126 - - [19/Feb/2025:02:59:51 +0100] "GET /ticket2/opencms/sv/buy/?page=1&edid=C3820925-46F4-9B94-F451-8C76FF25869E&sortorder=asc&column=price HTTP/1.1" 200 108867
194.34.232.237 - - [19/Feb/2025:02:59:52 +0100] "GET /ticket2/opencms/en/buy/?page=10&eventid=71C5BAEE-C491-0712-FC18-B70E740C173A&venueid=6F35A585-C7A7-198F-956D-F8F0D81EEC09 HTTP/1.1" 200 92729
185.191.171.11 - - [19/Feb/2025:02:59:53 +0100] "GET /ticket2/opencms/dk/sport/fodboldbilletter/bundesliga/monchengladbach/ HTTP/1.1" 200 97959
66.249.76.160 - - [19/Feb/2025:02:59:54 +0100] "GET /ticket2/opencms/tr/buy/?page=1&edid=633F01D0-5A5C-9D0B-88C4-F93446CDE176 HTTP/1.1" 200 111826
192.99.36.126 - - [19/Feb/2025:02:59:55 +0100] "GET /ticket2/opencms/sv/login/?edid=96BE3B07-CE75-27D2-A725-0EC31EB711C6 HTTP/1.1" 200 91533
194.34.232.237 - - [19/Feb/2025:02:59:56 +0100] "GET /ticket2/opencms/en/buy/?page=6&comcatid=A17713B6-D984-201A-4143-ED4DB5ED5C2E&catid=06324577-7173-BAB0-146D-E644C912F7C1 HTTP/1.1" 200 143116
114.119.150.22 - - [19/Feb/2025:02:59:58 +0100] "GET /ticket2/opencms/en/venue/?venueid=7BD510BA-66ED-BD81-C7E6-93151822D0BB HTTP/1.1" 200 85286
54.36.148.85 - - [19/Feb/2025:02:59:59 +0100] "GET /ticket2/opencms/ka/buy?page=1&edid=1B66F7E9-6D68-7258-D0DB-383034F8302F HTTP/1.1" 200 142122
192.99.36.126 - - [19/Feb/2025:02:59:59 +0100] "GET /ticket2/opencms/sv/login/?edid=97FB3ADF-44F6-36F3-0FD6-7ED950F0421F HTTP/1.1" 200 91510
194.34.232.237 - - [19/Feb/2025:03:00:00 +0100] "GET /ticket2/opencms/en/buy/?page=6&comcatid=A17713B6-D984-201A-4143-ED4DB5ED5C2E&catid=0A6C99D2-F5BD-7A18-9A5F-5668827042E0&eventid=6F6C209F-41CD-D584-D276-D5324683B59C HTTP/1.1" 200 113413
192.99.36.126 - - [19/Feb/2025:03:00:03 +0100] "GET /ticket2/opencms/sv/login/?edid=9A922FCB-8506-35ED-C678-7D43144BEDC3 HTTP/1.1" 200 91397
194.34.232.237 - - [19/Feb/2025:03:00:04 +0100] "GET /ticket2/opencms/en/buy/?page=6&comcatid=A17713B6-D984-201A-4143-ED4DB5ED5C2E&catid=0A6C99D2-F5BD-7A18-9A5F-5668827042E0&eventid=95E8846F-148F-9D89-2E4D-7714EAEAF9EE HTTP/1.1" 200 112597
43.153.92.220 - - [19/Feb/2025:03:00:04 +0100] "GET /ticket2/opencms/fi/buy/?page=1&edid=0BFB9901-0E59-7C6B-499F-9B796A40229A HTTP/1.1" 200 109593
157.90.209.79 - - [19/Feb/2025:03:00:05 +0100] "GET /ticket2/opencms/ka/sport/pekhburti-biletebi/english-championship/millwall HTTP/1.1" 200 102412
192.99.36.126 - - [19/Feb/2025:03:00:07 +0100] "GET /ticket2/opencms/sv/login/?edid=9C728A72-5F1F-8AC3-C599-42C868D7DE2C HTTP/1.1" 200 91472
114.119.159.237 - - [19/Feb/2025:03:00:07 +0100] "GET /ticket2/opencms/en/venue/?venueid=E063D77E-F5E5-437C-9144-084D408D5EA1 HTTP/1.1" 200 85378
54.36.148.234 - - [19/Feb/2025:03:00:07 +0100] "GET /ticket2/opencms/mt/buy?page=1&edid=1B66F7E9-6D68-7258-D0DB-383034F8302F HTTP/1.1" 200 135461
194.34.232.237 - - [19/Feb/2025:03:00:09 +0100] "GET /ticket2/opencms/en/buy/?page=6&comcatid=A17713B6-D984-201A-4143-ED4DB5ED5C2E&catid=0A6C99D2-F5BD-7A18-9A5F-5668827042E0&eventid=9F2135C0-926A-6F2D-349D-384B068ADC1C HTTP/1.1" 200 113463
185.191.171.18 - - [19/Feb/2025:03:00:09 +0100] "GET /ticket2/opencms/en/magazine/article?title=manchester-city-vs-queens-park-rangers HTTP/1.1" 200 92973
66.249.79.35 - - [19/Feb/2025:03:00:11 +0100] "GET /ticket2/opencms/tr/buy/?page=6&comcatid=97ECA65A-72DA-F9AF-9DBB-245D3CFED1BE&catid=F7F89B9B-6697-7881-54AE-4C39276BF1B8%25252525252525253Fpartner=5DA1B85A-5A44-4C00-C2EF-3DFF7E687A1D HTTP/1.1" 200 100624
192.99.36.126 - - [19/Feb/2025:03:00:11 +0100] "GET /ticket2/opencms/sv/login/?edid=9C92749B-82EC-521C-78AF-8CCF3D3B3F3A HTTP/1.1" 200 91537
108.165.214.170 - - [19/Feb/2025:03:00:12 +0100] "GET /ticket2/opencms/en/buy/?edid=51B4567B-19F2-A242-D969-4CD8EDBD80C5&page=1 HTTP/1.1" 200 116274
194.34.232.237 - - [19/Feb/2025:03:00:12 +0100] "GET /ticket2/opencms/en/buy/?page=6&comcatid=A17713B6-D984-201A-4143-ED4DB5ED5C2E&catid=0A6C99D2-F5BD-7A18-9A5F-5668827042E0&eventid=A2BBF8F5-73FD-205D-F6D5-00395D8DDE9D HTTP/1.1" 200 112595
157.254.159.199 - - [19/Feb/2025:03:00:14 +0100] "GET /ticket2/opencms/en/buy/?edid=51B4567B-19F2-A242-D969-4CD8EDBD80C5&edid=%27&page=1 HTTP/1.1" 200 116544
54.36.148.214 - - [19/Feb/2025:03:00:14 +0100] "GET /ticket2/opencms/sk/buy?page=1&edid=25666712-CB7E-CDDD-4626-F1CD96C38316 HTTP/1.1" 200 145350
192.99.36.126 - - [19/Feb/2025:03:00:15 +0100] "GET /ticket2/opencms/sv/login/?edid=A0D151F7-FFFC-6ED6-C929-78600C8052DB HTTP/1.1" 200 91505
104.234.145.79 - - [19/Feb/2025:03:00:15 +0100] "GET /ticket2/opencms/en/buy/?edid=51B4567B-19F2-A242-D969-4CD8EDBD80C5&page=1&page=%27 HTTP/1.1" 200 116539
194.34.232.237 - - [19/Feb/2025:03:00:16 +0100] "GET /ticket2/opencms/en/buy/?page=6&comcatid=A17713B6-D984-201A-4143-ED4DB5ED5C2E&catid=0A9E385E-33D9-328E-DC79-CA2C7009C829 HTTP/1.1" 200 102196
92.255.85.59 - - [19/Feb/2025:03:00:17 +0100] "????????*?jG6?????