192.99.36.126 - - [19/Feb/2025:02:52:57 +0100] "GET /ticket2/opencms/dk/login/?edid=0318FBA9-8FFF-BC30-E67D-5568E5F27D3B HTTP/1.1" 200 90630
40.77.167.34 - - [19/Feb/2025:02:52:57 +0100] "GET /ticket2/opencms/cs/buy/?page=1&edid=94790677-3E35-552C-B834-014C4FA18E0B HTTP/1.1" 200 111782
194.34.232.237 - - [19/Feb/2025:02:52:58 +0100] "GET /ticket2/opencms/en/buy/?page=1&edid=01A262FE-CD75-96BC-EB3A-7D77798F3053&sortorder=asc&column=row HTTP/1.1" 200 111396
54.36.148.140 - - [19/Feb/2025:02:52:58 +0100] "GET /ticket2/opencms/be/buy/?page=1&edid=1046C14E-D95C-B350-CBCD-2ECE5F3DCC46 HTTP/1.1" 200 126576
192.99.36.126 - - [19/Feb/2025:02:53:01 +0100] "GET /ticket2/opencms/dk/login/?edid=09005E3B-4ACC-E7EC-3393-748C2CCB94AF HTTP/1.1" 200 90559
85.208.96.210 - - [19/Feb/2025:02:53:01 +0100] "GET /ticket2/opencms/az/magazine/article?title=crystal-palace-premier-league-in-en-yaxsi-azarkesleri HTTP/1.1" 200 94718
194.34.232.237 - - [19/Feb/2025:02:53:02 +0100] "GET /ticket2/opencms/en/buy/?page=1&edid=01A262FE-CD75-96BC-EB3A-7D77798F3053&sortorder=asc&column=section HTTP/1.1" 200 111473
157.90.209.79 - - [19/Feb/2025:02:53:04 +0100] "GET /ticket2/opencms/ka/sport/pekhburti-biletebi/bundesliga/bayer-leverkusen HTTP/1.1" 200 101586
192.99.36.126 - - [19/Feb/2025:02:53:05 +0100] "GET /ticket2/opencms/dk/login/?edid=0C5C9043-4446-42CC-4F8E-C746AC0B1F53 HTTP/1.1" 200 90657
52.167.144.140 - - [19/Feb/2025:02:53:06 +0100] "GET /ticket2/opencms/es/magazine/article?title=arsenal-se-acerca-a-liverpool HTTP/1.1" 200 93148
194.34.232.237 - - [19/Feb/2025:02:53:06 +0100] "GET /ticket2/opencms/en/buy/?page=1&edid=030C2C26-3348-47AC-040E-C76D81C8BC68&sortorder=desc&column=price HTTP/1.1" 200 109964
192.99.36.126 - - [19/Feb/2025:02:53:09 +0100] "GET /ticket2/opencms/dk/login/?edid=14401888-B36E-4BB6-0F28-21D471EFEDFE HTTP/1.1" 200 90603
47.128.18.138 - - [19/Feb/2025:02:53:09 +0100] "GET /ticket2/opencms/sv/buy?edid=3E8B9DD7-B609-0925-BD21-80B9B0C4A203 HTTP/1.1" 200 91066
194.34.232.237 - - [19/Feb/2025:02:53:10 +0100] "GET /ticket2/opencms/en/buy/?page=1&edid=030C2C26-3348-47AC-040E-C76D81C8BC68&sortorder=desc&column=row HTTP/1.1" 200 109840
85.208.96.201 - - [19/Feb/2025:02:53:11 +0100] "GET /ticket2/opencms/robots.txt HTTP/1.1" 200 773
185.191.171.18 - - [19/Feb/2025:02:53:11 +0100] "GET /ticket2/opencms/lv/magazine/article?title=em-zvaigznes-kas-mekletas-visvairak-google-un-ir-lielakas-instagrama HTTP/1.1" 200 98456
185.191.171.3 - - [19/Feb/2025:02:53:12 +0100] "GET /ticket2/opencms/fi/urheilu/jalkapallo/premier_league/fulham/ HTTP/1.1" 200 97823
192.99.36.126 - - [19/Feb/2025:02:53:13 +0100] "GET /ticket2/opencms/dk/login/?edid=238FA49B-72B2-BE0E-F204-90EDB39CCE4C HTTP/1.1" 200 90685
194.34.232.237 - - [19/Feb/2025:02:53:14 +0100] "GET /ticket2/opencms/en/buy/?page=1&edid=045E9839-F527-B1BF-B532-802EBDA5A6EC HTTP/1.1" 200 109336
54.36.148.226 - - [19/Feb/2025:02:53:16 +0100] "GET /ticket2/opencms/sv/sport/fotbollsbiljetter/bundesliga HTTP/1.1" 200 102533
192.99.36.126 - - [19/Feb/2025:02:53:17 +0100] "GET /ticket2/opencms/dk/login/?edid=29B573D8-16F6-7556-60C3-0029DCFF0A60 HTTP/1.1" 200 90614
202.8.43.109 - - [19/Feb/2025:02:53:17 +0100] "GET /ticket2/opencms/system/modules/com.gridnine.opencms.ticketbrokerage.site/resources/css/jquery-ui.css HTTP/1.1" 200 33221
202.8.43.109 - - [19/Feb/2025:02:53:17 +0100] "GET /ticket2/opencms/system/modules/com.gridnine.opencms.ticketbrokerage.site/resources/css/jquery.fancybox.css HTTP/1.1" 200 4939
202.8.43.109 - - [19/Feb/2025:02:53:17 +0100] "GET /ticket2/opencms/system/modules/com.gridnine.opencms.ticketbrokerage.site/resources/css/calendar.css HTTP/1.1" 200 6871
202.8.43.109 - - [19/Feb/2025:02:53:17 +0100] "GET /ticket2/opencms/system/modules/com.gridnine.opencms.ticketbrokerage.site/resources/css/standard.css HTTP/1.1" 200 73904
202.8.43.109 - - [19/Feb/2025:02:53:17 +0100] "GET /ticket2/opencms/system/modules/com.gridnine.opencms.ticketbrokerage.site/resources/css/ticketbrokerage.css HTTP/1.1" 200 39339
202.8.43.109 - - [19/Feb/2025:02:53:17 +0100] "GET /ticket2/opencms/system/modules/com.gridnine.opencms.ticketbrokerage.site/resources/js/jquery/jquery.js HTTP/1.1" 200 93868
202.8.43.109 - - [19/Feb/2025:02:53:17 +0100] "GET /ticket2/opencms/system/modules/com.gridnine.opencms.ticketbrokerage.site/resources/js/functions.js HTTP/1.1" 200 1583
202.8.43.109 - - [19/Feb/2025:02:53:17 +0100] "GET /ticket2/opencms/system/modules/com.gridnine.opencms.ticketbrokerage.site/resources/js/calendar.js HTTP/1.1" 200 49229
202.8.43.109 - - [19/Feb/2025:02:53:17 +0100] "GET /ticket2/opencms/system/modules/com.gridnine.opencms.ticketbrokerage.site/resources/js/jquery/jquery-ui.js HTTP/1.1" 200 228088
202.8.43.109 - - [19/Feb/2025:02:53:17 +0100] "GET /ticket2/opencms/system/modules/com.gridnine.opencms.ticketbrokerage.site/resources/js/calendar-en.js HTTP/1.1" 200 3338
202.8.43.109 - - [19/Feb/2025:02:53:17 +0100] "GET /ticket2/opencms/system/modules/com.gridnine.opencms.ticketbrokerage.site/resources/js/calendar-setup.js HTTP/1.1" 200 4923
202.8.43.109 - - [19/Feb/2025:02:53:17 +0100] "GET /ticket2/opencms/system/modules/com.gridnine.opencms.ticketbrokerage.site/resources/js/jquery.fancybox.pack.js HTTP/1.1" 200 23187
202.8.43.109 - - [19/Feb/2025:02:53:17 +0100] "GET /ticket2/opencms/system/modules/com.gridnine.opencms.ticketbrokerage.site/resources/js/stickyfill.min.js HTTP/1.1" 200 5672
202.8.43.109 - - [19/Feb/2025:02:53:17 +0100] "GET /ticket2/opencms/system/modules/com.gridnine.opencms.ticketbrokerage.site/resources/js/standard.js HTTP/1.1" 200 3983
202.8.43.109 - - [19/Feb/2025:02:53:18 +0100] "GET /ticket2/opencms/system/modules/com.gridnine.opencms.ticketbrokerage.site/resources/js/jquery.placeholder.min.js HTTP/1.1" 200 1737
202.8.43.109 - - [19/Feb/2025:02:53:18 +0100] "GET /ticket2/opencms/system/modules/com.gridnine.opencms.ticketbrokerage.site/resources/js/common-ajax.js HTTP/1.1" 200 20175
194.34.232.237 - - [19/Feb/2025:02:53:18 +0100] "GET /ticket2/opencms/en/buy/?page=1&edid=045E9839-F527-B1BF-B532-802EBDA5A6EC&sortorder=asc&column=price HTTP/1.1" 200 110234
157.90.209.79 - - [19/Feb/2025:02:53:20 +0100] "GET /ticket2/opencms/ka/sport/pekhburti-biletebi/bundesliga/bayern-munchen HTTP/1.1" 200 102135
85.208.96.200 - - [19/Feb/2025:02:53:20 +0100] "GET /ticket2/opencms/it/sport/biglietti-calcio/english-championship/leeds/ HTTP/1.1" 200 100874
192.99.36.126 - - [19/Feb/2025:02:53:21 +0100] "GET /ticket2/opencms/dk/login/?edid=2BB46C82-776D-790E-346D-8BB7292ADA6F HTTP/1.1" 200 90653
194.34.232.237 - - [19/Feb/2025:02:53:22 +0100] "GET /ticket2/opencms/en/buy/?page=1&edid=045E9839-F527-B1BF-B532-802EBDA5A6EC&sortorder=asc&column=row HTTP/1.1" 200 110273
40.77.167.34 - - [19/Feb/2025:02:53:23 +0100] "GET /ticket2/opencms/en/buy?page=1&edid=B77FE1E7-5650-33DC-BECF-5C05072625BA HTTP/1.1" 200 110032
114.119.150.86 - - [19/Feb/2025:02:53:23 +0100] "GET /ticket2/opencms/fr/buy?page=1&edid=2C81F7FB-5C92-E271-C03D-9F768923CF00 HTTP/1.1" 200 111403
192.99.36.126 - - [19/Feb/2025:02:53:25 +0100] "GET /ticket2/opencms/dk/login/?edid=2F880491-42B3-B2CF-F49A-9DDCD43581D2 HTTP/1.1" 200 90661
194.34.232.237 - - [19/Feb/2025:02:53:26 +0100] "GET /ticket2/opencms/en/buy/?page=1&edid=045E9839-F527-B1BF-B532-802EBDA5A6EC&sortorder=asc&column=section HTTP/1.1" 200 110365
66.249.79.33 - - [19/Feb/2025:02:53:27 +0100] "GET /ticket2/opencms/dk/buy?page=1&edid=147B292D-D8FA-E66E-22AD-A19FE353BC57 HTTP/1.1" 200 107146
192.99.36.126 - - [19/Feb/2025:02:53:29 +0100] "GET /ticket2/opencms/dk/login/?edid=30EE0FC7-4330-7251-77A0-0EEC2CF05AF0 HTTP/1.1" 200 90690
185.191.171.3 - - [19/Feb/2025:02:53:29 +0100] "GET /ticket2/opencms/bg/magazine/article?title=chelsea-spechelili-shest-titli-ot-premiur-lijg HTTP/1.1" 200 97188
194.34.232.237 - - [19/Feb/2025:02:53:29 +0100] "GET /ticket2/opencms/en/buy/?page=1&edid=05830326-E938-DFB4-74E5-FF7CC7B035C5&sortorder=asc&column=section HTTP/1.1" 200 110060
66.249.79.33 - - [19/Feb/2025:02:53:30 +0100] "GET /ticket2/opencms/mo/buy/?page=1&edid=F93A2292-3F60-7656-2C0B-2AB157A0BB0B HTTP/1.1" 200 134415
192.99.36.126 - - [19/Feb/2025:02:53:33 +0100] "GET /ticket2/opencms/dk/login/?edid=325B1ED6-7B15-4D0E-D8E7-20609740D0F8 HTTP/1.1" 200 90689
194.34.232.237 - - [19/Feb/2025:02:53:33 +0100] "GET /ticket2/opencms/en/buy/?page=1&edid=05830326-E938-DFB4-74E5-FF7CC7B035C5&sortorder=desc&column=price HTTP/1.1" 200 110012
85.208.96.210 - - [19/Feb/2025:02:53:35 +0100] "GET /ticket2/opencms/sv/sport/fotbollsbiljetter/premier_league/newcastle-united/ HTTP/1.1" 200 93591
157.90.209.79 - - [19/Feb/2025:02:53:36 +0100] "GET /ticket2/opencms/ka/sport/pekhburti-biletebi/bundesliga/bochum HTTP/1.1" 200 99292
192.99.36.126 - - [19/Feb/2025:02:53:37 +0100] "GET /ticket2/opencms/dk/login/?edid=339F7634-8AC0-9C3C-6C47-F4D07133A50F HTTP/1.1" 200 90602
194.34.232.237 - - [19/Feb/2025:02:53:37 +0100] "GET /ticket2/opencms/en/buy/?page=1&edid=05830326-E938-DFB4-74E5-FF7CC7B035C5&sortorder=desc&column=row HTTP/1.1" 200 110034
54.36.148.168 - - [19/Feb/2025:02:53:38 +0100] "GET /ticket2/opencms/cs/sport/fotbalove-listky/serie-a/milan HTTP/1.1" 200 98307
40.77.167.151 - - [19/Feb/2025:02:53:39 +0100] "GET /ticket2/opencms/dk/?page=6&comcatid=A17713B6-D984-201A-4143-ED4DB5ED5C2E&catid=0A6C99D2-F5BD-7A18-9A5F-5668827042E0&eventid=56CBA715-B928-D58F-6A08-8D95645745F0 HTTP/1.1" 200 106342
202.8.43.73 - - [19/Feb/2025:02:53:39 +0100] "GET /ticket2/opencms/system/modules/com.gridnine.opencms.ticketbrokerage.site/resources/css/ticketbrokerage.css HTTP/1.1" 200 39339
202.8.43.73 - - [19/Feb/2025:02:53:39 +0100] "GET /ticket2/opencms/system/modules/com.gridnine.opencms.ticketbrokerage.site/resources/css/jquery-ui.css HTTP/1.1" 200 33221
202.8.43.73 - - [19/Feb/2025:02:53:39 +0100] "GET /ticket2/opencms/system/modules/com.gridnine.opencms.ticketbrokerage.site/resources/css/calendar.css HTTP/1.1" 200 6871
202.8.43.73 - - [19/Feb/2025:02:53:39 +0100] "GET /ticket2/opencms/system/modules/com.gridnine.opencms.ticketbrokerage.site/resources/css/standard.css HTTP/1.1" 200 73904
202.8.43.73 - - [19/Feb/2025:02:53:39 +0100] "GET /ticket2/opencms/system/modules/com.gridnine.opencms.ticketbrokerage.site/resources/css/jquery.fancybox.css HTTP/1.1" 200 4939
202.8.43.73 - - [19/Feb/2025:02:53:39 +0100] "GET /ticket2/opencms/system/modules/com.gridnine.opencms.ticketbrokerage.site/resources/js/jquery/jquery.js HTTP/1.1" 200 93868
202.8.43.73 - - [19/Feb/2025:02:53:40 +0100] "GET /ticket2/opencms/system/modules/com.gridnine.opencms.ticketbrokerage.site/resources/js/calendar.js HTTP/1.1" 200 49229
202.8.43.73 - - [19/Feb/2025:02:53:40 +0100] "GET /ticket2/opencms/system/modules/com.gridnine.opencms.ticketbrokerage.site/resources/js/functions.js HTTP/1.1" 200 1583
202.8.43.73 - - [19/Feb/2025:02:53:40 +0100] "GET /ticket2/opencms/system/modules/com.gridnine.opencms.ticketbrokerage.site/resources/js/jquery/jquery-ui.js HTTP/1.1" 200 228088
202.8.43.73 - - [19/Feb/2025:02:53:40 +0100] "GET /ticket2/opencms/system/modules/com.gridnine.opencms.ticketbrokerage.site/resources/js/calendar-en.js HTTP/1.1" 200 3338
202.8.43.73 - - [19/Feb/2025:02:53:40 +0100] "GET /ticket2/opencms/system/modules/com.gridnine.opencms.ticketbrokerage.site/resources/js/calendar-setup.js HTTP/1.1" 200 4923
202.8.43.73 - - [19/Feb/2025:02:53:40 +0100] "GET /ticket2/opencms/system/modules/com.gridnine.opencms.ticketbrokerage.site/resources/js/jquery.fancybox.pack.js HTTP/1.1" 200 23187
202.8.43.73 - - [19/Feb/2025:02:53:40 +0100] "GET /ticket2/opencms/system/modules/com.gridnine.opencms.ticketbrokerage.site/resources/js/stickyfill.min.js HTTP/1.1" 200 5672
202.8.43.73 - - [19/Feb/2025:02:53:40 +0100] "GET /ticket2/opencms/system/modules/com.gridnine.opencms.ticketbrokerage.site/resources/js/standard.js HTTP/1.1" 200 3983
202.8.43.73 - - [19/Feb/2025:02:53:40 +0100] "GET /ticket2/opencms/system/modules/com.gridnine.opencms.ticketbrokerage.site/resources/js/jquery.placeholder.min.js HTTP/1.1" 200 1737
202.8.43.73 - - [19/Feb/2025:02:53:40 +0100] "GET /ticket2/opencms/system/modules/com.gridnine.opencms.ticketbrokerage.site/resources/js/common-ajax.js HTTP/1.1" 200 20175
192.99.36.126 - - [19/Feb/2025:02:53:41 +0100] "GET /ticket2/opencms/dk/login/?edid=3DD93626-388E-B658-D6F1-23C401A796FB HTTP/1.1" 200 90651
47.128.46.94 - - [19/Feb/2025:02:53:41 +0100] "GET /ticket2/opencms/no/magazine/article?title=please-provide-the-text-you-need-translated HTTP/1.1" 200 93150
194.34.232.237 - - [19/Feb/2025:02:53:42 +0100] "GET /ticket2/opencms/en/buy/?page=1&edid=0FDA018D-B8AF-3F2B-04D5-9F590D681B22&sortorder=desc&column=section HTTP/1.1" 200 109856
47.128.46.94 - - [19/Feb/2025:02:53:45 +0100] "GET /ticket2/opencms/img/null HTTP/1.1" 404 -
192.99.36.126 - - [19/Feb/2025:02:53:45 +0100] "GET /ticket2/opencms/dk/login/?edid=3F81A579-C5D8-A8AE-791F-F6F1E7AD279B HTTP/1.1" 200 90562
47.128.35.74 - - [19/Feb/2025:02:53:45 +0100] "GET /ticket2/opencms/mt/magazine/article?title=tottenham-burnley-2024-05-11 HTTP/1.1" 200 91842
66.249.79.33 - - [19/Feb/2025:02:53:45 +0100] "GET /ticket2/opencms/hu/buy?page=1&edid=F0845893-AB25-79ED-E273-8681A31846EB&hlv=666d445d-4940-4c91-9e4f-64080a01000f HTTP/1.1" 200 113845
54.36.148.92 - - [19/Feb/2025:02:53:46 +0100] "GET /ticket2/opencms/lt/ HTTP/1.1" 200 107900
194.34.232.237 - - [19/Feb/2025:02:53:46 +0100] "GET /ticket2/opencms/en/buy/?page=1&edid=15AF8D2B-EC86-F832-6A25-EDE861BB730F&sortorder=asc&column=price HTTP/1.1" 200 110911
114.119.130.210 - - [19/Feb/2025:02:53:48 +0100] "GET /ticket2/opencms/en/venue/?venueid=09E03E16-187C-4DF2-8E48-7E3967D626E7 HTTP/1.1" 200 85237
47.128.35.74 - - [19/Feb/2025:02:53:49 +0100] "GET /ticket2/opencms/img/PHOTO-2024-05-11-15-59-10.jpg HTTP/1.1" 200 344881
192.99.36.126 - - [19/Feb/2025:02:53:49 +0100] "GET /ticket2/opencms/dk/login/?edid=554473A5-DEC1-AC03-42D7-8CF0530B3AB1 HTTP/1.1" 200 90556
40.77.167.34 - - [19/Feb/2025:02:53:49 +0100] "GET /ticket2/opencms/ro/buy/?page=1&edid=5B76833E-2E71-FA6D-0004-1CC4E0B9EF88 HTTP/1.1" 200 111954
194.34.232.237 - - [19/Feb/2025:02:53:50 +0100] "GET /ticket2/opencms/en/buy/?page=1&edid=15AF8D2B-EC86-F832-6A25-EDE861BB730F&sortorder=asc&column=row HTTP/1.1" 200 110807
157.90.209.79 - - [19/Feb/2025:02:53:51 +0100] "GET /ticket2/opencms/ka/sport/pekhburti-biletebi/bundesliga/borussia-dortmund HTTP/1.1" 200 102200
192.99.36.126 - - [19/Feb/2025:02:53:53 +0100] "GET /ticket2/opencms/dk/login/?edid=5E69DD6C-86CC-B373-9DD1-0B3B94EB7512 HTTP/1.1" 200 90647
194.34.232.237 - - [19/Feb/2025:02:53:54 +0100] "GET /ticket2/opencms/en/buy/?page=1&edid=15AF8D2B-EC86-F832-6A25-EDE861BB730F&sortorder=asc&column=section HTTP/1.1" 200 110994
66.249.79.34 - - [19/Feb/2025:02:53:56 +0100] "GET /ticket2/opencms/mo/magazine/article?title=fc HTTP/1.1" 200 96669
69.171.230.113 - - [19/Feb/2025:02:53:57 +0100] "GET /ticket2/opencms/en/magazine/article?title=future-stars HTTP/1.1" 200 91003
192.99.36.126 - - [19/Feb/2025:02:53:57 +0100] "GET /ticket2/opencms/dk/login/?edid=6693B23E-64D7-5841-C273-FB0E8F77BEEF HTTP/1.1" 200 90603
194.34.232.237 - - [19/Feb/2025:02:53:59 +0100] "GET /ticket2/opencms/en/buy/?page=1&edid=1704DC47-D333-EEEA-B66A-BC4C3DDB8A1C&sortorder=asc&column=row HTTP/1.1" 200 111337
54.36.149.42 - - [19/Feb/2025:02:54:00 +0100] "GET /ticket2/opencms/pl/buy?page=1&edid=096598FE-DA35-4351-DFEE-DC9ACA0F0EF9 HTTP/1.1" 200 135227
83.249.188.35 - - [19/Feb/2025:02:54:01 +0100] "GET /ticket2/opencms/sv/ HTTP/1.1" 200 107313
83.249.188.35 - - [19/Feb/2025:02:54:01 +0100] "GET /ticket2/opencms/system/modules/com.gridnine.opencms.ticketbrokerage.site/resources/css/ticketbrokerage.css HTTP/1.1" 200 39339
83.249.188.35 - - [19/Feb/2025:02:54:01 +0100] "GET /ticket2/opencms/system/modules/com.gridnine.opencms.ticketbrokerage.site/resources/css/calendar.css HTTP/1.1" 200 6871
83.249.188.35 - - [19/Feb/2025:02:54:01 +0100] "GET /ticket2/opencms/system/modules/com.gridnine.opencms.ticketbrokerage.site/resources/css/jquery-ui.css HTTP/1.1" 200 33221
83.249.188.35 - - [19/Feb/2025:02:54:01 +0100] "GET /ticket2/opencms/system/modules/com.gridnine.opencms.ticketbrokerage.site/resources/css/jquery.fancybox.css HTTP/1.1" 200 4939
83.249.188.35 - - [19/Feb/2025:02:54:01 +0100] "GET /ticket2/opencms/system/modules/com.gridnine.opencms.ticketbrokerage.site/resources/css/standard.css HTTP/1.1" 200 73904
83.249.188.35 - - [19/Feb/2025:02:54:01 +0100] "GET /ticket2/opencms/system/modules/com.gridnine.opencms.ticketbrokerage.site/resources/js/jquery/jquery-ui.js HTTP/1.1" 200 228088
83.249.188.35 - - [19/Feb/2025:02:54:01 +0100] "GET /ticket2/opencms/system/modules/com.gridnine.opencms.ticketbrokerage.site/resources/js/jquery/jquery.js HTTP/1.1" 200 93868
83.249.188.35 - - [19/Feb/2025:02:54:01 +0100] "GET /ticket2/opencms/system/modules/com.gridnine.opencms.ticketbrokerage.site/resources/js/functions.js HTTP/1.1" 200 1583
83.249.188.35 - - [19/Feb/2025:02:54:01 +0100] "GET /ticket2/opencms/system/modules/com.gridnine.opencms.ticketbrokerage.site/resources/js/calendar.js HTTP/1.1" 200 49229
83.249.188.35 - - [19/Feb/2025:02:54:01 +0100] "GET /ticket2/opencms/system/modules/com.gridnine.opencms.ticketbrokerage.site/resources/js/calendar-en.js HTTP/1.1" 200 3338
192.99.36.126 - - [19/Feb/2025:02:54:01 +0100] "GET /ticket2/opencms/dk/login/?edid=69571FE3-BCCB-6B4D-10DE-A0CAF566AE90 HTTP/1.1" 200 90607
83.249.188.35 - - [19/Feb/2025:02:54:01 +0100] "GET /ticket2/opencms/system/modules/com.gridnine.opencms.ticketbrokerage.site/resources/js/calendar-setup.js HTTP/1.1" 200 4923
83.249.188.35 - - [19/Feb/2025:02:54:01 +0100] "GET /ticket2/opencms/system/modules/com.gridnine.opencms.ticketbrokerage.site/resources/js/jquery.fancybox.pack.js HTTP/1.1" 200 23187
83.249.188.35 - - [19/Feb/2025:02:54:01 +0100] "GET /ticket2/opencms/system/modules/com.gridnine.opencms.ticketbrokerage.site/resources/js/stickyfill.min.js HTTP/1.1" 200 5672
83.249.188.35 - - [19/Feb/2025:02:54:01 +0100] "GET /ticket2/opencms/img/icons/en.png HTTP/1.1" 200 2415
83.249.188.35 - - [19/Feb/2025:02:54:01 +0100] "GET /ticket2/opencms/img/icons/se.png HTTP/1.1" 200 1258
66.249.79.33 - - [19/Feb/2025:02:54:02 +0100] "GET /ticket2/opencms/az/buy/?page=1&edid=71026AAF-622C-063D-34B3-C1AF36D7ED87&hlv=61151f5d-f4e8-4103-9a26-04270a01000f HTTP/1.1" 200 113535
83.249.188.35 - - [19/Feb/2025:02:54:02 +0100] "GET /ticket2/opencms/system/modules/com.gridnine.opencms.ticketbrokerage.site/resources/js/standard.js HTTP/1.1" 200 3983
83.249.188.35 - - [19/Feb/2025:02:54:02 +0100] "GET /ticket2/opencms/system/modules/com.gridnine.opencms.ticketbrokerage.site/resources/js/jquery.placeholder.min.js HTTP/1.1" 200 1737
83.249.188.35 - - [19/Feb/2025:02:54:02 +0100] "GET /ticket2/opencms/system/modules/com.gridnine.opencms.ticketbrokerage.site/resources/js/common-ajax.js HTTP/1.1" 200 20175
83.249.188.35 - - [19/Feb/2025:02:54:02 +0100] "GET /ticket2/opencms/img/icons/fi.png HTTP/1.1" 200 1785
83.249.188.35 - - [19/Feb/2025:02:54:02 +0100] "GET /ticket2/opencms/img/icons/no.png HTTP/1.1" 200 1958
83.249.188.35 - - [19/Feb/2025:02:54:02 +0100] "GET /ticket2/opencms/img/icons/dk.png HTTP/1.1" 200 1706
83.249.188.35 - - [19/Feb/2025:02:54:02 +0100] "GET /ticket2/opencms/img/insta.png HTTP/1.1" 200 3967
83.249.188.35 - - [19/Feb/2025:02:54:02 +0100] "GET /ticket2/opencms/system/modules/com.gridnine.opencms.ticketbrokerage.site/resources/pics/logo-new.png HTTP/1.1" 200 13541
83.249.188.35 - - [19/Feb/2025:02:54:02 +0100] "GET /ticket2/opencms/img/fb.png HTTP/1.1" 200 1269
83.249.188.35 - - [19/Feb/2025:02:54:02 +0100] "GET /ticket2/opencms/system/modules/com.gridnine.opencms.ticketbrokerage.site/resources/pics/footer-img.jpg HTTP/1.1" 200 67642
83.249.188.35 - - [19/Feb/2025:02:54:02 +0100] "GET /ticket2/opencms/img/check.png HTTP/1.1" 200 548
83.249.188.35 - - [19/Feb/2025:02:54:02 +0100] "GET /ticket2/opencms/img/mail.png HTTP/1.1" 200 403
83.249.188.35 - - [19/Feb/2025:02:54:02 +0100] "GET /ticket2/opencms/img/banner-ll.jpeg HTTP/1.1" 200 41825
83.249.188.35 - - [19/Feb/2025:02:54:02 +0100] "GET /ticket2/opencms/img/banner-pl.jpeg HTTP/1.1" 200 41818
83.249.188.35 - - [19/Feb/2025:02:54:02 +0100] "GET /ticket2/opencms/img/arrow.png HTTP/1.1" 200 753
83.249.188.35 - - [19/Feb/2025:02:54:02 +0100] "GET /ticket2/opencms/img/chat.png HTTP/1.1" 200 416
83.249.188.35 - - [19/Feb/2025:02:54:02 +0100] "GET /ticket2/opencms/img/banner-sa.jpeg HTTP/1.1" 200 41270
83.249.188.35 - - [19/Feb/2025:02:54:02 +0100] "GET /ticket2/opencms/img/icons/fi.png HTTP/1.1" 200 1785
83.249.188.35 - - [19/Feb/2025:02:54:02 +0100] "GET /ticket2/opencms/img/icons/no.png HTTP/1.1" 200 1958
83.249.188.35 - - [19/Feb/2025:02:54:02 +0100] "GET /ticket2/opencms/img/icons/dk.png HTTP/1.1" 200 1706
83.249.188.35 - - [19/Feb/2025:02:54:02 +0100] "GET /ticket2/opencms/img/icons/globe-white.png HTTP/1.1" 200 947
83.249.188.35 - - [19/Feb/2025:02:54:02 +0100] "GET /ticket2/opencms/img/icons/nl.png HTTP/1.1" 200 1255
83.249.188.35 - - [19/Feb/2025:02:54:02 +0100] "GET /ticket2/opencms/img/icons/de.png HTTP/1.1" 200 1124
83.249.188.35 - - [19/Feb/2025:02:54:03 +0100] "GET /ticket2/opencms/img/icons/fr.png HTTP/1.1" 200 1764
83.249.188.35 - - [19/Feb/2025:02:54:03 +0100] "GET /ticket2/opencms/img/icons/es.png HTTP/1.1" 200 1005
83.249.188.35 - - [19/Feb/2025:02:54:03 +0100] "GET /ticket2/opencms/img/icons/it.png HTTP/1.1" 200 2040
83.249.188.35 - - [19/Feb/2025:02:54:03 +0100] "GET /ticket2/opencms/img/icons/pl.png HTTP/1.1" 200 1578
83.249.188.35 - - [19/Feb/2025:02:54:03 +0100] "GET /ticket2/opencms/img/icons/az.png HTTP/1.1" 200 1445
83.249.188.35 - - [19/Feb/2025:02:54:03 +0100] "GET /ticket2/opencms/img/icons/sq.png HTTP/1.1" 200 1619
83.249.188.35 - - [19/Feb/2025:02:54:03 +0100] "GET /ticket2/opencms/img/icons/bg.png HTTP/1.1" 200 788
83.249.188.35 - - [19/Feb/2025:02:54:03 +0100] "GET /ticket2/opencms/img/icons/hr.png HTTP/1.1" 200 2024
83.249.188.35 - - [19/Feb/2025:02:54:03 +0100] "GET /ticket2/opencms/img/icons/et.png HTTP/1.1" 200 754
83.249.188.35 - - [19/Feb/2025:02:54:03 +0100] "GET /ticket2/opencms/img/icons/be.png HTTP/1.1" 200 1663
83.249.188.35 - - [19/Feb/2025:02:54:03 +0100] "GET /ticket2/opencms/img/icons/cs.png HTTP/1.1" 200 1883
83.249.188.35 - - [19/Feb/2025:02:54:03 +0100] "GET /ticket2/opencms/img/icons/bs.png HTTP/1.1" 200 1014
83.249.188.35 - - [19/Feb/2025:02:54:03 +0100] "GET /ticket2/opencms/img/icons/el.png HTTP/1.1" 200 1637
83.249.188.35 - - [19/Feb/2025:02:54:03 +0100] "GET /ticket2/opencms/img/icons/ka.png HTTP/1.1" 200 860
83.249.188.35 - - [19/Feb/2025:02:54:03 +0100] "GET /ticket2/opencms/img/icons/ga.png HTTP/1.1" 200 1759
83.249.188.35 - - [19/Feb/2025:02:54:03 +0100] "GET /ticket2/opencms/img/icons/hu.png HTTP/1.1" 200 733
83.249.188.35 - - [19/Feb/2025:02:54:03 +0100] "GET /ticket2/opencms/img/icons/lv.png HTTP/1.1" 200 716
83.249.188.35 - - [19/Feb/2025:02:54:03 +0100] "GET /ticket2/opencms/img/icons/is.png HTTP/1.1" 200 1884
66.249.79.34 - - [19/Feb/2025:02:54:03 +0100] "GET /ticket2/opencms/fr/buy/?page=6&comcatid=97ECA65A-72DA-F9AF-9DBB-245D3CFED1BE&catid=F7F89B9B-6697-7881-54AE-4C39276BF1B8%2525253Fpartner=5DA1B85A-5A44-4C00-C2EF-3DFF7E687A1D HTTP/1.1" 200 99444
83.249.188.35 - - [19/Feb/2025:02:54:03 +0100] "GET /ticket2/opencms/img/icons/lt.png HTTP/1.1" 200 733
83.249.188.35 - - [19/Feb/2025:02:54:03 +0100] "GET /ticket2/opencms/img/icons/mo.png HTTP/1.1" 200 1468
83.249.188.35 - - [19/Feb/2025:02:54:03 +0100] "GET /ticket2/opencms/img/icons/ro.png HTTP/1.1" 200 1393
83.249.188.35 - - [19/Feb/2025:02:54:03 +0100] "GET /ticket2/opencms/img/icons/sr.png HTTP/1.1" 200 1602
83.249.188.35 - - [19/Feb/2025:02:54:03 +0100] "GET /ticket2/opencms/img/icons/mt.png HTTP/1.1" 200 920
83.249.188.35 - - [19/Feb/2025:02:54:03 +0100] "GET /ticket2/opencms/img/icons/sk.png HTTP/1.1" 200 1283
83.249.188.35 - - [19/Feb/2025:02:54:03 +0100] "GET /ticket2/opencms/img/icons/sl.png HTTP/1.1" 200 966
83.249.188.35 - - [19/Feb/2025:02:54:03 +0100] "GET /ticket2/opencms/img/icons/tr.png HTTP/1.1" 200 1636
83.249.188.35 - - [19/Feb/2025:02:54:03 +0100] "GET /ticket2/opencms/img/icons/uk.png HTTP/1.1" 200 1272
194.34.232.237 - - [19/Feb/2025:02:54:03 +0100] "GET /ticket2/opencms/en/buy/?page=1&edid=1704DC47-D333-EEEA-B66A-BC4C3DDB8A1C&sortorder=asc&column=section HTTP/1.1" 200 111584
83.249.188.35 - - [19/Feb/2025:02:54:04 +0100] "GET /ticket2/opencms/img/icons/ticket2.thumbnail.png HTTP/1.1" 200 21519
83.249.188.35 - - [19/Feb/2025:02:54:04 +0100] "GET /ticket2/opencms/system/modules/com.gridnine.opencms.ticketbrokerage.site/resources/js/standard.js HTTP/1.1" 200 3983
66.249.68.38 - - [19/Feb/2025:02:54:05 +0100] "GET /ticket2/opencms/sv/magazine/article?title=ballon-dor-vinnare-2024 HTTP/1.1" 200 93531
157.90.209.79 - - [19/Feb/2025:02:54:06 +0100] "GET /ticket2/opencms/ka/sport/pekhburti-biletebi/bundesliga/borussia-monchengladbach HTTP/1.1" 200 102953
192.99.36.126 - - [19/Feb/2025:02:54:06 +0100] "GET /ticket2/opencms/dk/login/?edid=C43AF7C0-26BE-B2AE-78CB-C76D3232FCED HTTP/1.1" 200 90640
54.36.148.213 - - [19/Feb/2025:02:54:07 +0100] "GET /ticket2/opencms/en/venue/?venueid=E8164C8A-8873-243D-7C2E-FF36822B4188 HTTP/1.1" 200 85427
83.249.188.35 - - [19/Feb/2025:02:54:08 +0100] "GET /ticket2/opencms/sv/sport/fotbollsbiljetter/premier_league/ HTTP/1.1" 200 98673
83.249.188.35 - - [19/Feb/2025:02:54:08 +0100] "GET /ticket2/opencms/system/modules/com.gridnine.opencms.ticketbrokerage.site/resources/css/ticketbrokerage.css HTTP/1.1" 200 39339
83.249.188.35 - - [19/Feb/2025:02:54:08 +0100] "GET /ticket2/opencms/system/modules/com.gridnine.opencms.ticketbrokerage.site/resources/css/standard.css HTTP/1.1" 200 73904
83.249.188.35 - - [19/Feb/2025:02:54:08 +0100] "GET /ticket2/opencms/system/modules/com.gridnine.opencms.ticketbrokerage.site/resources/js/calendar.js HTTP/1.1" 200 49229
83.249.188.35 - - [19/Feb/2025:02:54:08 +0100] "GET /ticket2/opencms/system/modules/com.gridnine.opencms.ticketbrokerage.site/resources/css/calendar.css HTTP/1.1" 200 6871
83.249.188.35 - - [19/Feb/2025:02:54:08 +0100] "GET /ticket2/opencms/system/modules/com.gridnine.opencms.ticketbrokerage.site/resources/js/functions.js HTTP/1.1" 200 1583
83.249.188.35 - - [19/Feb/2025:02:54:08 +0100] "GET /ticket2/opencms/system/modules/com.gridnine.opencms.ticketbrokerage.site/resources/js/calendar-en.js HTTP/1.1" 200 3338
83.249.188.35 - - [19/Feb/2025:02:54:08 +0100] "GET /ticket2/opencms/system/modules/com.gridnine.opencms.ticketbrokerage.site/resources/js/calendar-setup.js HTTP/1.1" 200 4923
83.249.188.35 - - [19/Feb/2025:02:54:08 +0100] "GET /ticket2/opencms/system/modules/com.gridnine.opencms.ticketbrokerage.site/resources/js/standard.js HTTP/1.1" 200 3983
83.249.188.35 - - [19/Feb/2025:02:54:08 +0100] "GET /ticket2/opencms/system/modules/com.gridnine.opencms.ticketbrokerage.site/resources/pics/banners/sv/premier_league_sv.png HTTP/1.1" 200 13518
194.34.232.237 - - [19/Feb/2025:02:54:09 +0100] "GET /ticket2/opencms/en/buy/?page=1&edid=1704DC47-D333-EEEA-B66A-BC4C3DDB8A1C&sortorder=desc&column=row HTTP/1.1" 200 111400
85.208.96.202 - - [19/Feb/2025:02:54:10 +0100] "GET /ticket2/opencms/it/about/contact HTTP/1.1" 200 89491
192.99.36.126 - - [19/Feb/2025:02:54:10 +0100] "GET /ticket2/opencms/dk/login/?edid=C5829853-4CA4-0095-2A28-946BA91BD80E HTTP/1.1" 200 90545
114.119.130.178 - - [19/Feb/2025:02:54:12 +0100] "GET /ticket2/opencms/es/buy/?page=1&edid=299450E2-FDAD-4E2B-0058-6290A7A2B57D HTTP/1.1" 200 111814
194.34.232.237 - - [19/Feb/2025:02:54:13 +0100] "GET /ticket2/opencms/en/buy/?page=1&edid=1704DC47-D333-EEEA-B66A-BC4C3DDB8A1C&sortorder=desc&column=section HTTP/1.1" 200 111537
192.99.36.126 - - [19/Feb/2025:02:54:14 +0100] "GET /ticket2/opencms/dk/login/?edid=CD3AD857-8EEC-6EA5-99A5-A50D6E3B925C HTTP/1.1" 200 90674
66.249.76.170 - - [19/Feb/2025:02:54:16 +0100] "GET /ticket2/opencms/es/buy/?page=1&edid=633F01D0-5A5C-9D0B-88C4-F93446CDE176 HTTP/1.1" 200 111665
66.249.76.160 - - [19/Feb/2025:02:54:18 +0100] "GET /ticket2/opencms/bg/buy?page=1&edid=1C6DE7EE-55E2-7D1A-2169-35EF13E77988&hlv=66d97477-c898-4058-b63d-581a0a01000f HTTP/1.1" 200 115871
83.249.188.35 - - [19/Feb/2025:02:54:18 +0100] "GET /ticket2/opencms/sv/sport/fotbollsbiljetter/premier_league/everton/ HTTP/1.1" 200 98544
83.249.188.35 - - [19/Feb/2025:02:54:18 +0100] "GET /ticket2/opencms/system/modules/com.gridnine.opencms.ticketbrokerage.site/resources/css/ticketbrokerage.css HTTP/1.1" 200 39339
83.249.188.35 - - [19/Feb/2025:02:54:18 +0100] "GET /ticket2/opencms/system/modules/com.gridnine.opencms.ticketbrokerage.site/resources/css/calendar.css HTTP/1.1" 200 6871
83.249.188.35 - - [19/Feb/2025:02:54:18 +0100] "GET /ticket2/opencms/system/modules/com.gridnine.opencms.ticketbrokerage.site/resources/css/standard.css HTTP/1.1" 200 73904
83.249.188.35 - - [19/Feb/2025:02:54:18 +0100] "GET /ticket2/opencms/system/modules/com.gridnine.opencms.ticketbrokerage.site/resources/js/functions.js HTTP/1.1" 200 1583
83.249.188.35 - - [19/Feb/2025:02:54:18 +0100] "GET /ticket2/opencms/system/modules/com.gridnine.opencms.ticketbrokerage.site/resources/js/calendar-en.js HTTP/1.1" 200 3338
83.249.188.35 - - [19/Feb/2025:02:54:18 +0100] "GET /ticket2/opencms/system/modules/com.gridnine.opencms.ticketbrokerage.site/resources/js/standard.js HTTP/1.1" 200 3983
83.249.188.35 - - [19/Feb/2025:02:54:18 +0100] "GET /ticket2/opencms/system/modules/com.gridnine.opencms.ticketbrokerage.site/resources/js/calendar.js HTTP/1.1" 200 49229
83.249.188.35 - - [19/Feb/2025:02:54:18 +0100] "GET /ticket2/opencms/system/modules/com.gridnine.opencms.ticketbrokerage.site/resources/js/calendar-setup.js HTTP/1.1" 200 4923
194.34.232.237 - - [19/Feb/2025:02:54:18 +0100] "GET /ticket2/opencms/en/buy/?page=1&edid=266EF3DD-CC6D-8D2B-78A3-67D5640F9FA5&sortorder=asc&column=section HTTP/1.1" 200 111517
83.249.188.35 - - [19/Feb/2025:02:54:19 +0100] "GET /ticket2/opencms/system/modules/com.gridnine.opencms.ticketbrokerage.site/resources/pics/banners/Everton.jpg HTTP/1.1" 200 22089
192.99.36.126 - - [19/Feb/2025:02:54:19 +0100] "GET /ticket2/opencms/dk/login/?edid=EB937F59-78A8-4F54-1D8E-A6CD792386CC HTTP/1.1" 200 90615
185.191.171.14 - - [19/Feb/2025:02:54:19 +0100] "GET /ticket2/opencms/lv/magazine/article?title=legenda-asa-vardu-apmaina-ar-atbalstitaju HTTP/1.1" 200 93888
157.90.209.79 - - [19/Feb/2025:02:54:19 +0100] "GET /ticket2/opencms/ka/sport/pekhburti-biletebi/bundesliga/darmstadt HTTP/1.1" 200 98038
54.36.149.97 - - [19/Feb/2025:02:54:20 +0100] "GET /ticket2/opencms/hu/sport/focijegyek/serie-a/milan HTTP/1.1" 200 98720
202.8.43.106 - - [19/Feb/2025:02:54:21 +0100] "GET /ticket2/opencms/system/modules/com.gridnine.opencms.ticketbrokerage.site/resources/css/ticketbrokerage.css HTTP/1.1" 200 39339
202.8.43.106 - - [19/Feb/2025:02:54:21 +0100] "GET /ticket2/opencms/system/modules/com.gridnine.opencms.ticketbrokerage.site/resources/css/calendar.css HTTP/1.1" 200 6871
202.8.43.106 - - [19/Feb/2025:02:54:21 +0100] "GET /ticket2/opencms/system/modules/com.gridnine.opencms.ticketbrokerage.site/resources/css/standard.css HTTP/1.1" 200 73904
202.8.43.106 - - [19/Feb/2025:02:54:21 +0100] "GET /ticket2/opencms/system/modules/com.gridnine.opencms.ticketbrokerage.site/resources/css/jquery-ui.css HTTP/1.1" 200 33221
202.8.43.106 - - [19/Feb/2025:02:54:21 +0100] "GET /ticket2/opencms/system/modules/com.gridnine.opencms.ticketbrokerage.site/resources/css/jquery.fancybox.css HTTP/1.1" 200 4939
202.8.43.106 - - [19/Feb/2025:02:54:21 +0100] "GET /ticket2/opencms/system/modules/com.gridnine.opencms.ticketbrokerage.site/resources/js/jquery/jquery.js HTTP/1.1" 200 93868
202.8.43.106 - - [19/Feb/2025:02:54:21 +0100] "GET /ticket2/opencms/system/modules/com.gridnine.opencms.ticketbrokerage.site/resources/js/functions.js HTTP/1.1" 200 1583
202.8.43.106 - - [19/Feb/2025:02:54:21 +0100] "GET /ticket2/opencms/system/modules/com.gridnine.opencms.ticketbrokerage.site/resources/js/jquery/jquery-ui.js HTTP/1.1" 200 228088
202.8.43.106 - - [19/Feb/2025:02:54:21 +0100] "GET /ticket2/opencms/system/modules/com.gridnine.opencms.ticketbrokerage.site/resources/js/calendar-setup.js HTTP/1.1" 200 4923
202.8.43.106 - - [19/Feb/2025:02:54:21 +0100] "GET /ticket2/opencms/system/modules/com.gridnine.opencms.ticketbrokerage.site/resources/js/calendar.js HTTP/1.1" 200 49229
202.8.43.106 - - [19/Feb/2025:02:54:21 +0100] "GET /ticket2/opencms/system/modules/com.gridnine.opencms.ticketbrokerage.site/resources/js/calendar-en.js HTTP/1.1" 200 3338
202.8.43.106 - - [19/Feb/2025:02:54:21 +0100] "GET /ticket2/opencms/system/modules/com.gridnine.opencms.ticketbrokerage.site/resources/js/jquery.fancybox.pack.js HTTP/1.1" 200 23187
202.8.43.106 - - [19/Feb/2025:02:54:21 +0100] "GET /ticket2/opencms/system/modules/com.gridnine.opencms.ticketbrokerage.site/resources/js/stickyfill.min.js HTTP/1.1" 200 5672
202.8.43.106 - - [19/Feb/2025:02:54:21 +0100] "GET /ticket2/opencms/system/modules/com.gridnine.opencms.ticketbrokerage.site/resources/js/standard.js HTTP/1.1" 200 3983
202.8.43.106 - - [19/Feb/2025:02:54:22 +0100] "GET /ticket2/opencms/system/modules/com.gridnine.opencms.ticketbrokerage.site/resources/js/jquery.placeholder.min.js HTTP/1.1" 200 1737
202.8.43.106 - - [19/Feb/2025:02:54:22 +0100] "GET /ticket2/opencms/system/modules/com.gridnine.opencms.ticketbrokerage.site/resources/js/common-ajax.js HTTP/1.1" 200 20175
194.34.232.237 - - [19/Feb/2025:02:54:22 +0100] "GET /ticket2/opencms/en/buy/?page=1&edid=2D8E9E91-F40A-9CD3-B790-C21028BAFFF7&sortorder=desc&column=row HTTP/1.1" 200 109813
192.99.36.126 - - [19/Feb/2025:02:54:23 +0100] "GET /ticket2/opencms/dk/login/?edid=F97EE36E-F366-44A1-2194-D9131518A2E9 HTTP/1.1" 200 90635
192.99.36.126 - - [19/Feb/2025:02:54:26 +0100] "GET /ticket2/opencms/fi/buy/?page=1&edid=76BB87DF-2D93-1559-E6EE-BF08999C089F&sortorder=desc&column=section HTTP/1.1" 200 109402
194.34.232.237 - - [19/Feb/2025:02:54:26 +0100] "GET /ticket2/opencms/en/buy/?page=1&edid=8D91D59E-3F0A-3FEA-2B47-5251F7B4BE3B&sortorder=asc&column=price HTTP/1.1" 200 110574
52.167.144.138 - - [19/Feb/2025:02:54:28 +0100] "GET /ticket2/opencms/nl/magazine/article?title=vinicius-jr HTTP/1.1" 200 89896
192.99.36.126 - - [19/Feb/2025:02:54:28 +0100] "GET /ticket2/opencms/fi/buy/?page=1&edid=79CCFD61-A014-AE43-C5ED-F574B4885086&sortorder=desc&column=section HTTP/1.1" 200 112829
40.77.167.34 - - [19/Feb/2025:02:54:28 +0100] "GET /ticket2/opencms/img/shutterstock_saka.jpg HTTP/1.1" 200 144558
66.249.79.33 - - [19/Feb/2025:02:54:29 +0100] "GET /ticket2/opencms/hu/buy/?page=1&edid=B459D4AC-6CA8-D8BF-73CF-7E8267472403 HTTP/1.1" 200 112550
192.99.36.126 - - [19/Feb/2025:02:54:30 +0100] "GET /ticket2/opencms/fi/buy/?page=1&edid=7A5430D9-8A5F-E813-847D-A5F70CDA36B3&sortorder=desc&column=section HTTP/1.1" 200 113143
194.34.232.237 - - [19/Feb/2025:02:54:30 +0100] "GET /ticket2/opencms/en/buy/?page=1&edid=8D91D59E-3F0A-3FEA-2B47-5251F7B4BE3B&sortorder=asc&column=row HTTP/1.1" 200 110457
40.77.167.34 - - [19/Feb/2025:02:54:30 +0100] "GET /ticket2/opencms/lv/sport/futbola-biletes/la-liga/real-madrid HTTP/1.1" 200 94721
192.99.36.126 - - [19/Feb/2025:02:54:32 +0100] "GET /ticket2/opencms/fi/buy/?page=1&edid=92345A32-026D-C8EF-B39E-A12A13FE7F80&sortorder=desc&column=section HTTP/1.1" 200 112547
52.167.144.222 - - [19/Feb/2025:02:54:32 +0100] "GET /ticket2/opencms/tr/?page=6&comcatid=A17713B6-D984-201A-4143-ED4DB5ED5C2E&catid=0A6C99D2-F5BD-7A18-9A5F-5668827042E0&eventid=95E8846F-148F-9D89-2E4D-7714EAEAF9EE HTTP/1.1" 200 107749
52.167.144.222 - - [19/Feb/2025:02:54:33 +0100] "GET /ticket2/opencms/mt/buy/?page=1&edid=4843A1B1-5DFE-6325-FBD6-98BB977A514A HTTP/1.1" 200 111661
192.99.36.126 - - [19/Feb/2025:02:54:34 +0100] "GET /ticket2/opencms/fi/buy/?page=1&edid=9256ADCD-E896-A3AC-89D8-770DAB934B7E&sortorder=desc&column=row HTTP/1.1" 200 112588
54.36.148.141 - - [19/Feb/2025:02:54:34 +0100] "GET /ticket2/opencms/mt/buy?page=1&edid=096598FE-DA35-4351-DFEE-DC9ACA0F0EF9 HTTP/1.1" 200 135379
194.34.232.237 - - [19/Feb/2025:02:54:34 +0100] "GET /ticket2/opencms/en/buy/?page=1&edid=8D91D59E-3F0A-3FEA-2B47-5251F7B4BE3B&sortorder=asc&column=section HTTP/1.1" 200 110530
52.167.144.222 - - [19/Feb/2025:02:54:35 +0100] "GET /ticket2/opencms/sv/fotbollsresor/premier_league/aston_villa/stoke.html HTTP/1.1" 200 92139
192.99.36.126 - - [19/Feb/2025:02:54:36 +0100] "GET /ticket2/opencms/fi/buy/?page=1&edid=926ACBBD-4A91-ED01-6A91-10DEA54266C1&sortorder=asc&column=price HTTP/1.1" 200 113271
192.99.36.126 - - [19/Feb/2025:02:54:38 +0100] "GET /ticket2/opencms/fi/buy/?page=1&edid=94C00F6B-FC53-0B34-A8F9-F3B70628243D&sortorder=asc&column=row HTTP/1.1" 200 109304
194.34.232.237 - - [19/Feb/2025:02:54:39 +0100] "GET /ticket2/opencms/en/buy/?page=1&edid=8FA89923-43E1-C2D4-CF2D-7AD58BCB6B41&sortorder=asc&column=price HTTP/1.1" 200 109895
192.99.36.126 - - [19/Feb/2025:02:54:40 +0100] "GET /ticket2/opencms/fi/buy/?page=1&edid=9617F64E-1CD5-5694-C586-13BBE4F219BD&sortorder=asc&column=price HTTP/1.1" 200 111389
83.249.188.35 - - [19/Feb/2025:02:54:42 +0100] "GET /ticket2/opencms/sv/buy/?page=1&edid=039D4473-D662-2ED5-D620-F30FCE116F43 HTTP/1.1" 200 110862
192.99.36.126 - - [19/Feb/2025:02:54:42 +0100] "GET /ticket2/opencms/fi/buy/?page=1&edid=98AE05DF-7259-780C-B8A1-9BDC5E73E210&sortorder=desc&column=row HTTP/1.1" 200 112466
83.249.188.35 - - [19/Feb/2025:02:54:42 +0100] "GET /ticket2/opencms/system/modules/com.gridnine.opencms.ticketbrokerage.site/resources/css/ticketbrokerage.css HTTP/1.1" 200 39339
83.249.188.35 - - [19/Feb/2025:02:54:42 +0100] "GET /ticket2/opencms/system/modules/com.gridnine.opencms.ticketbrokerage.site/resources/css/calendar.css HTTP/1.1" 200 6871
83.249.188.35 - - [19/Feb/2025:02:54:42 +0100] "GET /ticket2/opencms/system/modules/com.gridnine.opencms.ticketbrokerage.site/resources/css/standard.css HTTP/1.1" 200 73904
83.249.188.35 - - [19/Feb/2025:02:54:42 +0100] "GET /ticket2/opencms/system/modules/com.gridnine.opencms.ticketbrokerage.site/resources/js/functions.js HTTP/1.1" 200 1583
83.249.188.35 - - [19/Feb/2025:02:54:42 +0100] "GET /ticket2/opencms/system/modules/com.gridnine.opencms.ticketbrokerage.site/resources/js/calendar-setup.js HTTP/1.1" 200 4923
83.249.188.35 - - [19/Feb/2025:02:54:42 +0100] "GET /ticket2/opencms/system/modules/com.gridnine.opencms.ticketbrokerage.site/resources/js/calendar-en.js HTTP/1.1" 200 3338
83.249.188.35 - - [19/Feb/2025:02:54:42 +0100] "GET /ticket2/opencms/system/modules/com.gridnine.opencms.ticketbrokerage.site/resources/js/calendar.js HTTP/1.1" 200 49229
83.249.188.35 - - [19/Feb/2025:02:54:42 +0100] "GET /ticket2/opencms/system/modules/com.gridnine.opencms.ticketbrokerage.site/resources/js/standard.js HTTP/1.1" 200 3983
83.249.188.35 - - [19/Feb/2025:02:54:43 +0100] "GET /ticket2/opencms/system/modules/com.gridnine.opencms.ticketbrokerage.site/resources/pics/0.gif HTTP/1.1" 200 43
83.249.188.35 - - [19/Feb/2025:02:54:43 +0100] "GET /ticket2/opencms/venue/goodison_park.png HTTP/1.1" 200 179209
83.249.188.35 - - [19/Feb/2025:02:54:43 +0100] "GET /ticket2/opencms/system/modules/com.gridnine.opencms.ticketbrokerage.site/resources/pics/two_man.png HTTP/1.1" 200 3407
157.90.209.79 - - [19/Feb/2025:02:54:43 +0100] "GET /ticket2/opencms/ka/sport/pekhburti-biletebi/bundesliga/eintracht_frankfurt HTTP/1.1" 200 102489
83.249.188.35 - - [19/Feb/2025:02:54:43 +0100] "GET /ticket2/opencms/sv/ask-form.html HTTP/1.1" 200 2950
194.34.232.237 - - [19/Feb/2025:02:54:43 +0100] "GET /ticket2/opencms/en/buy/?page=1&edid=9256ADCD-E896-A3AC-89D8-770DAB934B7E&sortorder=asc&column=price HTTP/1.1" 200 110919
83.249.188.35 - - [19/Feb/2025:02:54:43 +0100] "GET /ticket2/opencms/system/modules/com.gridnine.opencms.ticketbrokerage.site/resources/pics/arrow.gif HTTP/1.1" 200 344
83.249.188.35 - - [19/Feb/2025:02:54:43 +0100] "GET /ticket2/opencms/system/modules/com.gridnine.opencms.ticketbrokerage.site/resources/css/ticketbrokerage.css HTTP/1.1" 200 39339
83.249.188.35 - - [19/Feb/2025:02:54:43 +0100] "GET /ticket2/opencms/system/modules/com.gridnine.opencms.ticketbrokerage.site/resources/pics/form_marker.gif HTTP/1.1" 200 43
83.249.188.35 - - [19/Feb/2025:02:54:43 +0100] "GET /ticket2/opencms/img/arrow-down.png HTTP/1.1" 200 192
192.99.36.126 - - [19/Feb/2025:02:54:44 +0100] "GET /ticket2/opencms/fi/buy/?page=1&edid=C15FF1C5-6F7A-0310-D1D5-B77CFF7DA967&sortorder=desc&column=price HTTP/1.1" 200 112587
54.36.149.35 - - [19/Feb/2025:02:54:44 +0100] "GET /ticket2/opencms/mt/sport/biljetti-tal-futbol/serie-a/milan HTTP/1.1" 200 97356
202.8.41.195 - - [19/Feb/2025:02:54:46 +0100] "GET /ticket2/opencms/system/modules/com.gridnine.opencms.ticketbrokerage.site/resources/css/jquery-ui.css HTTP/1.1" 200 33221
202.8.41.195 - - [19/Feb/2025:02:54:46 +0100] "GET /ticket2/opencms/system/modules/com.gridnine.opencms.ticketbrokerage.site/resources/css/ticketbrokerage.css HTTP/1.1" 200 39339
202.8.41.195 - - [19/Feb/2025:02:54:46 +0100] "GET /ticket2/opencms/system/modules/com.gridnine.opencms.ticketbrokerage.site/resources/css/calendar.css HTTP/1.1" 200 6871
202.8.41.195 - - [19/Feb/2025:02:54:46 +0100] "GET /ticket2/opencms/system/modules/com.gridnine.opencms.ticketbrokerage.site/resources/css/standard.css HTTP/1.1" 200 73904
202.8.41.195 - - [19/Feb/2025:02:54:46 +0100] "GET /ticket2/opencms/system/modules/com.gridnine.opencms.ticketbrokerage.site/resources/css/jquery.fancybox.css HTTP/1.1" 200 4939
202.8.41.195 - - [19/Feb/2025:02:54:46 +0100] "GET /ticket2/opencms/system/modules/com.gridnine.opencms.ticketbrokerage.site/resources/js/jquery/jquery.js HTTP/1.1" 200 93868
202.8.41.195 - - [19/Feb/2025:02:54:46 +0100] "GET /ticket2/opencms/system/modules/com.gridnine.opencms.ticketbrokerage.site/resources/js/functions.js HTTP/1.1" 200 1583
202.8.41.195 - - [19/Feb/2025:02:54:46 +0100] "GET /ticket2/opencms/system/modules/com.gridnine.opencms.ticketbrokerage.site/resources/js/jquery/jquery-ui.js HTTP/1.1" 200 228088
202.8.41.195 - - [19/Feb/2025:02:54:46 +0100] "GET /ticket2/opencms/system/modules/com.gridnine.opencms.ticketbrokerage.site/resources/js/calendar.js HTTP/1.1" 200 49229
202.8.41.195 - - [19/Feb/2025:02:54:46 +0100] "GET /ticket2/opencms/system/modules/com.gridnine.opencms.ticketbrokerage.site/resources/js/calendar-en.js HTTP/1.1" 200 3338
202.8.41.195 - - [19/Feb/2025:02:54:46 +0100] "GET /ticket2/opencms/system/modules/com.gridnine.opencms.ticketbrokerage.site/resources/js/calendar-setup.js HTTP/1.1" 200 4923
202.8.41.195 - - [19/Feb/2025:02:54:46 +0100] "GET /ticket2/opencms/system/modules/com.gridnine.opencms.ticketbrokerage.site/resources/js/jquery.fancybox.pack.js HTTP/1.1" 200 23187
202.8.41.195 - - [19/Feb/2025:02:54:46 +0100] "GET /ticket2/opencms/system/modules/com.gridnine.opencms.ticketbrokerage.site/resources/js/stickyfill.min.js HTTP/1.1" 200 5672
202.8.41.195 - - [19/Feb/2025:02:54:46 +0100] "GET /ticket2/opencms/system/modules/com.gridnine.opencms.ticketbrokerage.site/resources/js/standard.js HTTP/1.1" 200 3983
202.8.41.195 - - [19/Feb/2025:02:54:46 +0100] "GET /ticket2/opencms/system/modules/com.gridnine.opencms.ticketbrokerage.site/resources/js/jquery.placeholder.min.js HTTP/1.1" 200 1737
202.8.41.195 - - [19/Feb/2025:02:54:46 +0100] "GET /ticket2/opencms/system/modules/com.gridnine.opencms.ticketbrokerage.site/resources/js/common-ajax.js HTTP/1.1" 200 20175
192.99.36.126 - - [19/Feb/2025:02:54:46 +0100] "GET /ticket2/opencms/fi/buy/?page=1&edid=C1628C53-C7C0-2222-782B-F89BAB596522&sortorder=desc&column=price HTTP/1.1" 200 112644
194.34.232.237 - - [19/Feb/2025:02:54:47 +0100] "GET /ticket2/opencms/en/buy/?page=1&edid=927CFF13-9013-2F2C-4FCC-0B47A5F27F40&sortorder=asc&column=price HTTP/1.1" 200 110724
192.99.36.126 - - [19/Feb/2025:02:54:49 +0100] "GET /ticket2/opencms/no/buy/?page=1&edid=37CCBCCA-CDAD-6DBB-02E4-092F4F3842E9&sortorder=asc&column=section HTTP/1.1" 200 112413
194.34.232.237 - - [19/Feb/2025:02:54:51 +0100] "GET /ticket2/opencms/en/buy/?page=1&edid=927CFF13-9013-2F2C-4FCC-0B47A5F27F40&sortorder=asc&column=row HTTP/1.1" 200 110608
192.99.36.126 - - [19/Feb/2025:02:54:51 +0100] "GET /ticket2/opencms/no/buy/?page=1&edid=380A647D-D09F-827D-7B94-EB033087B198&sortorder=asc&column=price HTTP/1.1" 200 112800
157.90.209.79 - - [19/Feb/2025:02:54:52 +0100] "GET /ticket2/opencms/ka/sport/pekhburti-biletebi/bundesliga/freiburg HTTP/1.1" 200 102532
192.99.36.126 - - [19/Feb/2025:02:54:53 +0100] "GET /ticket2/opencms/no/buy/?page=1&edid=380A647D-D09F-827D-7B94-EB033087B198&sortorder=asc&column=row HTTP/1.1" 200 112772
194.34.232.237 - - [19/Feb/2025:02:54:54 +0100] "GET /ticket2/opencms/en/buy/?page=1&edid=93D16233-A2B3-F73E-A92E-3387C202F68F&sortorder=desc&column=row HTTP/1.1" 200 111364
114.119.133.220 - - [19/Feb/2025:02:54:55 +0100] "GET /ticket2/opencms/en/venue/?venueid=81019620-2AA3-B707-CDBF-B5932D491F06 HTTP/1.1" 200 85275
69.171.249.112 - - [19/Feb/2025:02:54:55 +0100] "GET /ticket2/opencms/dk/buy?page=1&edid=D96122AD-C3AA-80F5-DDA8-935E03AE952D HTTP/1.1" 200 133278
192.99.36.126 - - [19/Feb/2025:02:54:57 +0100] "GET /ticket2/opencms/no/buy/?page=1&edid=3B4E0EA3-B775-35AA-67EB-62D962B0531D&sortorder=desc&column=price HTTP/1.1" 200 112606
185.191.171.16 - - [19/Feb/2025:02:54:57 +0100] "GET /ticket2/opencms/cs/magazine/article?title=bezne-pojmy-ve-fotbale HTTP/1.1" 200 98268
194.34.232.237 - - [19/Feb/2025:02:54:58 +0100] "GET /ticket2/opencms/en/buy/?page=1&edid=94874F5B-96FC-332F-99C2-BDDA1F050666&sortorder=desc&column=section HTTP/1.1" 200 110497
54.36.148.230 - - [19/Feb/2025:02:54:59 +0100] "GET /ticket2/opencms/sk/sport/futbalove-listky/serie-a HTTP/1.1" 200 101619
192.99.36.126 - - [19/Feb/2025:02:54:59 +0100] "GET /ticket2/opencms/no/buy/?page=1&edid=3B59287C-FC8E-8AC6-A203-D44566BFF3DE&sortorder=desc&column=row HTTP/1.1" 200 111406
202.8.41.98 - - [19/Feb/2025:02:55:00 +0100] "GET /ticket2/opencms/system/modules/com.gridnine.opencms.ticketbrokerage.site/resources/css/jquery-ui.css HTTP/1.1" 200 33221
202.8.41.98 - - [19/Feb/2025:02:55:00 +0100] "GET /ticket2/opencms/system/modules/com.gridnine.opencms.ticketbrokerage.site/resources/css/calendar.css HTTP/1.1" 200 6871
202.8.41.98 - - [19/Feb/2025:02:55:00 +0100] "GET /ticket2/opencms/system/modules/com.gridnine.opencms.ticketbrokerage.site/resources/css/ticketbrokerage.css HTTP/1.1" 200 39339
202.8.41.98 - - [19/Feb/2025:02:55:00 +0100] "GET /ticket2/opencms/system/modules/com.gridnine.opencms.ticketbrokerage.site/resources/css/jquery.fancybox.css HTTP/1.1" 200 4939
202.8.41.98 - - [19/Feb/2025:02:55:00 +0100] "GET /ticket2/opencms/system/modules/com.gridnine.opencms.ticketbrokerage.site/resources/css/standard.css HTTP/1.1" 200 73904
202.8.41.98 - - [19/Feb/2025:02:55:00 +0100] "GET /ticket2/opencms/system/modules/com.gridnine.opencms.ticketbrokerage.site/resources/js/jquery/jquery.js HTTP/1.1" 200 93868
202.8.41.98 - - [19/Feb/2025:02:55:00 +0100] "GET /ticket2/opencms/system/modules/com.gridnine.opencms.ticketbrokerage.site/resources/js/jquery/jquery-ui.js HTTP/1.1" 200 228088
202.8.41.98 - - [19/Feb/2025:02:55:00 +0100] "GET /ticket2/opencms/system/modules/com.gridnine.opencms.ticketbrokerage.site/resources/js/functions.js HTTP/1.1" 200 1583
202.8.41.98 - - [19/Feb/2025:02:55:00 +0100] "GET /ticket2/opencms/system/modules/com.gridnine.opencms.ticketbrokerage.site/resources/js/calendar.js HTTP/1.1" 200 49229
202.8.41.98 - - [19/Feb/2025:02:55:00 +0100] "GET /ticket2/opencms/system/modules/com.gridnine.opencms.ticketbrokerage.site/resources/js/calendar-setup.js HTTP/1.1" 200 4923
202.8.41.98 - - [19/Feb/2025:02:55:00 +0100] "GET /ticket2/opencms/system/modules/com.gridnine.opencms.ticketbrokerage.site/resources/js/calendar-en.js HTTP/1.1" 200 3338
202.8.41.98 - - [19/Feb/2025:02:55:00 +0100] "GET /ticket2/opencms/system/modules/com.gridnine.opencms.ticketbrokerage.site/resources/js/jquery.fancybox.pack.js HTTP/1.1" 200 23187
202.8.41.98 - - [19/Feb/2025:02:55:00 +0100] "GET /ticket2/opencms/system/modules/com.gridnine.opencms.ticketbrokerage.site/resources/js/stickyfill.min.js HTTP/1.1" 200 5672
202.8.41.98 - - [19/Feb/2025:02:55:00 +0100] "GET /ticket2/opencms/system/modules/com.gridnine.opencms.ticketbrokerage.site/resources/js/standard.js HTTP/1.1" 200 3983
202.8.41.98 - - [19/Feb/2025:02:55:00 +0100] "GET /ticket2/opencms/system/modules/com.gridnine.opencms.ticketbrokerage.site/resources/js/jquery.placeholder.min.js HTTP/1.1" 200 1737
202.8.41.98 - - [19/Feb/2025:02:55:00 +0100] "GET /ticket2/opencms/system/modules/com.gridnine.opencms.ticketbrokerage.site/resources/js/common-ajax.js HTTP/1.1" 200 20175
185.191.171.4 - - [19/Feb/2025:02:55:00 +0100] "GET /ticket2/opencms/sk/magazine/article?title=zatvorit-prestupove-okno-skor HTTP/1.1" 200 93047
114.119.130.23 - - [19/Feb/2025:02:55:01 +0100] "GET /ticket2/opencms/en/venue/?venueid=E799C27E-3C6B-7355-BE99-13F16F21A4A5 HTTP/1.1" 200 85244
192.99.36.126 - - [19/Feb/2025:02:55:01 +0100] "GET /ticket2/opencms/no/buy/?page=1&edid=3D7F27A3-7CEB-322E-05F6-AF6624B81BC2&sortorder=asc&column=section HTTP/1.1" 200 112819
47.128.53.121 - - [19/Feb/2025:02:55:02 +0100] "GET /ticket2/opencms/mt/faq HTTP/1.1" 200 90935
192.99.36.126 - - [19/Feb/2025:02:55:03 +0100] "GET /ticket2/opencms/no/buy/?page=1&edid=3E844C64-2B32-A35E-237A-EDAC48338BDA&sortorder=asc&column=section HTTP/1.1" 200 111896
157.90.209.79 - - [19/Feb/2025:02:55:03 +0100] "GET /ticket2/opencms/ka/sport/pekhburti-biletebi/bundesliga/heidenheim HTTP/1.1" 200 100305
194.34.232.237 - - [19/Feb/2025:02:55:05 +0100] "GET /ticket2/opencms/en/buy/?page=1&edid=94971A0F-269F-0AFA-AE86-83A94774C753 HTTP/1.1" 200 110022
192.99.36.126 - - [19/Feb/2025:02:55:05 +0100] "GET /ticket2/opencms/no/buy/?page=1&edid=E4915448-0650-97C7-D024-84A720D83423&sortorder=asc&column=row HTTP/1.1" 200 112247
47.128.127.51 - - [19/Feb/2025:02:55:06 +0100] "GET /ticket2/opencms/dk/buy/?edid=6771892E-7E7D-3A4E-4779-DB1F0828DEE9 HTTP/1.1" 200 90250
83.249.188.35 - - [19/Feb/2025:02:55:07 +0100] "GET /ticket2/opencms/sv/buy/?page=1&edid=A27091AD-1422-96A9-33A7-74A8DECA25F3 HTTP/1.1" 200 134111
