202.8.41.82 - - [19/Feb/2025:00:59:38 +0100] "GET /ticket2/opencms/system/modules/com.gridnine.opencms.ticketbrokerage.site/resources/js/calendar.js HTTP/1.1" 200 49229
202.8.41.82 - - [19/Feb/2025:00:59:38 +0100] "GET /ticket2/opencms/system/modules/com.gridnine.opencms.ticketbrokerage.site/resources/js/calendar-en.js HTTP/1.1" 200 3338
202.8.41.82 - - [19/Feb/2025:00:59:38 +0100] "GET /ticket2/opencms/system/modules/com.gridnine.opencms.ticketbrokerage.site/resources/js/calendar-setup.js HTTP/1.1" 200 4923
202.8.41.82 - - [19/Feb/2025:00:59:38 +0100] "GET /ticket2/opencms/system/modules/com.gridnine.opencms.ticketbrokerage.site/resources/js/jquery.fancybox.pack.js HTTP/1.1" 200 23187
202.8.41.82 - - [19/Feb/2025:00:59:38 +0100] "GET /ticket2/opencms/system/modules/com.gridnine.opencms.ticketbrokerage.site/resources/js/stickyfill.min.js HTTP/1.1" 200 5672
202.8.41.82 - - [19/Feb/2025:00:59:38 +0100] "GET /ticket2/opencms/system/modules/com.gridnine.opencms.ticketbrokerage.site/resources/js/standard.js HTTP/1.1" 200 3983
202.8.41.82 - - [19/Feb/2025:00:59:38 +0100] "GET /ticket2/opencms/system/modules/com.gridnine.opencms.ticketbrokerage.site/resources/js/jquery.placeholder.min.js HTTP/1.1" 200 1737
202.8.41.82 - - [19/Feb/2025:00:59:38 +0100] "GET /ticket2/opencms/system/modules/com.gridnine.opencms.ticketbrokerage.site/resources/js/common-ajax.js HTTP/1.1" 200 20175
157.90.209.79 - - [19/Feb/2025:00:59:40 +0100] "GET /ticket2/opencms/hr/magazine/article?title=kevin-de-bruyne HTTP/1.1" 200 93055
54.38.85.36 - - [19/Feb/2025:00:59:40 +0100] "GET /ticket2/opencms/en/buy/?page=1&edid=9511171E-0491-D0A4-7EC1-DB5165AD7ECB&sortorder=asc&column=row HTTP/1.1" 200 110474
54.38.85.36 - - [19/Feb/2025:00:59:44 +0100] "GET /ticket2/opencms/en/buy/?page=1&edid=96A44CB2-31A6-EB5B-38B0-6A219F913215&sortorder=asc&column=section HTTP/1.1" 200 111691
54.38.85.36 - - [19/Feb/2025:00:59:47 +0100] "GET /ticket2/opencms/en/buy/?page=1&edid=96A44CB2-31A6-EB5B-38B0-6A219F913215&sortorder=desc&column=price HTTP/1.1" 200 111660
54.36.148.251 - - [19/Feb/2025:00:59:47 +0100] "GET /ticket2/opencms/de/sport/fussball-tickets/english-championship/plymouth-argyle/ HTTP/1.1" 200 98123
54.38.85.36 - - [19/Feb/2025:00:59:51 +0100] "GET /ticket2/opencms/en/buy/?page=1&edid=96A44CB2-31A6-EB5B-38B0-6A219F913215&sortorder=desc&column=row HTTP/1.1" 200 111528
207.46.13.168 - - [19/Feb/2025:00:59:54 +0100] "GET /ticket2/opencms/mt/buy?page=1&edid=41CD7066-237A-B852-387D-3D5D7B688DF9 HTTP/1.1" 200 135542
54.38.85.36 - - [19/Feb/2025:00:59:54 +0100] "GET /ticket2/opencms/en/buy/?page=1&edid=96A44CB2-31A6-EB5B-38B0-6A219F913215&sortorder=desc&column=section HTTP/1.1" 200 111738
185.191.171.14 - - [19/Feb/2025:00:59:55 +0100] "GET /ticket2/opencms/cs/magazine/article?title=liga-narodu-je-v-plnem-proudu HTTP/1.1" 200 95078
157.90.209.79 - - [19/Feb/2025:00:59:56 +0100] "GET /ticket2/opencms/hr/magazine/article?title=legenda-u-zestokoj-raspravi-s-navijacem HTTP/1.1" 200 94004
114.119.133.220 - - [19/Feb/2025:00:59:58 +0100] "GET /ticket2/opencms/en/venue/?venueid=04EBBB82-240A-AF8F-DA1F-896AD50040B5 HTTP/1.1" 200 85343
85.208.96.195 - - [19/Feb/2025:00:59:58 +0100] "GET /ticket2/opencms/sv/login/?url=%25252Fno%25252Fsell%25252F HTTP/1.1" 200 91487
54.38.85.36 - - [19/Feb/2025:00:59:58 +0100] "GET /ticket2/opencms/en/buy/?page=1&edid=97A9C7D9-C1DA-7D5A-3DE9-A1C2433ADD2E&sortorder=desc&column=row HTTP/1.1" 200 111427
114.119.132.9 - - [19/Feb/2025:00:59:59 +0100] "GET /ticket2/opencms/en/venue/?venueid=161A08B3-6577-E39F-77EB-E23A8297DE1F HTTP/1.1" 200 85360
216.244.66.238 - - [19/Feb/2025:01:00:01 +0100] "GET /ticket2/opencms/dk/en/buy/?page=1&edid=290CBF40-7E56-D6CB-CC78-308707AA99A3 HTTP/1.1" 404 -
54.38.85.36 - - [19/Feb/2025:01:00:02 +0100] "GET /ticket2/opencms/en/buy/?page=1&edid=9B063FAC-18A1-0083-3F00-C83D29618E99&sortorder=desc&column=row HTTP/1.1" 200 111461
54.36.148.204 - - [19/Feb/2025:01:00:02 +0100] "GET /ticket2/opencms/it/buy/?page=1&edid=F83ACB1F-A834-FC8E-AC9B-B9250F8FA653 HTTP/1.1" 200 124173
92.255.57.58 - - [19/Feb/2025:01:00:03 +0100] "GET /actuator/gateway/routes HTTP/1.1" 404 -
54.38.85.36 - - [19/Feb/2025:01:00:05 +0100] "GET /ticket2/opencms/en/buy/?page=1&edid=9B29E45F-73B2-5F58-2083-7139A55F6BCC&sortorder=desc&column=price HTTP/1.1" 200 109967
216.244.66.238 - - [19/Feb/2025:01:00:07 +0100] "GET /ticket2/opencms/dk/en/buy/?page=1&edid=69ECA637-B1BC-8843-E3B6-6D2C7F410569 HTTP/1.1" 404 -
191.84.202.79 - - [19/Feb/2025:01:00:07 +0100] "GET /ticket2/opencms/img/isak_kul_gy_small.jpg HTTP/1.1" 200 171718
157.90.209.79 - - [19/Feb/2025:01:00:09 +0100] "GET /ticket2/opencms/hr/magazine/article?title=liga-nacija-je-u-punom-jeku HTTP/1.1" 200 94295
54.38.85.36 - - [19/Feb/2025:01:00:09 +0100] "GET /ticket2/opencms/en/buy/?page=1&edid=9B29E45F-73B2-5F58-2083-7139A55F6BCC&sortorder=desc&column=row HTTP/1.1" 200 109841
54.36.148.89 - - [19/Feb/2025:01:00:11 +0100] "GET /ticket2/opencms/sl/buy?page=1&edid=C64002B7-B7A3-A646-1770-7E79C914EDA5 HTTP/1.1" 200 135153
216.244.66.238 - - [19/Feb/2025:01:00:11 +0100] "GET /ticket2/opencms/dk/en/buy/?page=1&edid=7E6C3EC9-7A3A-9E1F-E273-739B803C073C HTTP/1.1" 404 -
85.208.96.196 - - [19/Feb/2025:01:00:12 +0100] "GET /ticket2/opencms/sv/magazine/article?title=kevin-de-bruyne HTTP/1.1" 200 93013
47.128.124.48 - - [19/Feb/2025:01:00:12 +0100] "GET /ticket2/opencms/mt/buy/?edid=39289D35-63FA-63A2-5B00-1BD8BF9346B7 HTTP/1.1" 200 91606
54.38.85.36 - - [19/Feb/2025:01:00:12 +0100] "GET /ticket2/opencms/en/buy/?page=1&edid=9B400594-B20F-D479-4D4E-A3F53A22DCA4&sortorder=asc&column=price HTTP/1.1" 200 110104
54.36.149.26 - - [19/Feb/2025:01:00:15 +0100] "GET /ticket2/opencms/de/sport/fussball-tickets/english-championship/bristol-city/ HTTP/1.1" 200 98063
54.38.85.36 - - [19/Feb/2025:01:00:16 +0100] "GET /ticket2/opencms/en/buy/?page=1&edid=9B400594-B20F-D479-4D4E-A3F53A22DCA4&sortorder=asc&column=row HTTP/1.1" 200 110049
216.244.66.238 - - [19/Feb/2025:01:00:16 +0100] "GET /ticket2/opencms/dk/en/buy/?page=1&edid=886EBE00-AD4F-18AB-5952-938F90C93D16 HTTP/1.1" 404 -
40.77.167.42 - - [19/Feb/2025:01:00:17 +0100] "GET /ticket2/opencms/en/magazine/article?title=newcastle-upon-tyne HTTP/1.1" 200 90876
157.90.209.79 - - [19/Feb/2025:01:00:19 +0100] "GET /ticket2/opencms/hr/magazine/article?title=luka-modric-ostaje-u-real-madridu HTTP/1.1" 200 95102
216.244.66.238 - - [19/Feb/2025:01:00:19 +0100] "GET /ticket2/opencms/dk/en/buy/?page=1&edid=9DB057FF-6B1D-0355-7642-77AEEAFE50F5 HTTP/1.1" 404 -
54.38.85.36 - - [19/Feb/2025:01:00:20 +0100] "GET /ticket2/opencms/en/buy/?page=1&edid=9B400594-B20F-D479-4D4E-A3F53A22DCA4&sortorder=asc&column=section HTTP/1.1" 200 110055
185.191.171.4 - - [19/Feb/2025:01:00:21 +0100] "GET /ticket2/opencms/tb/opencms/en/archive/events/chelsea/2006_12_30_15_00/ HTTP/1.1" 404 -
178.150.14.250 - - [19/Feb/2025:01:00:22 +0100] "GET /ticket2/opencms/robots.txt HTTP/1.1" 200 773
216.244.66.238 - - [19/Feb/2025:01:00:22 +0100] "GET /ticket2/opencms/dk/en/buy/?page=1&edid=C68169A2-BAF4-9EC4-4384-5798AFBF1409 HTTP/1.1" 404 -
54.38.85.36 - - [19/Feb/2025:01:00:23 +0100] "GET /ticket2/opencms/en/buy/?page=1&edid=9B400594-B20F-D479-4D4E-A3F53A22DCA4&sortorder=desc&column=price HTTP/1.1" 200 110084
178.150.14.250 - - [19/Feb/2025:01:00:24 +0100] "GET /ticket2/opencms/en/buy/?page=1&edid=6713F743-CFE1-C987-288D-AC8AB79C37B8 HTTP/1.1" 200 116050
114.119.130.154 - - [19/Feb/2025:01:00:24 +0100] "GET /ticket2/opencms/ro/buy?page=1&=B49EC41D-75E6-B615-98C8-54327046FBC9 HTTP/1.1" 200 -
47.128.29.177 - - [19/Feb/2025:01:00:24 +0100] "GET /ticket2/opencms/fi/magazine/article?title=voiko-viktor-gyokeres-lahtea-sportingista-aikaisemmin-kuin-suunniteltu HTTP/1.1" 200 94150
47.128.29.177 - - [19/Feb/2025:01:00:26 +0100] "GET /ticket2/opencms/img/chat.png HTTP/1.1" 200 416
216.244.66.238 - - [19/Feb/2025:01:00:26 +0100] "GET /ticket2/opencms/dk/en/buy/?page=1&edid=D06E40AA-5917-7CC6-8395-10069BB33EB3 HTTP/1.1" 404 -
121.229.156.118 - - [19/Feb/2025:01:00:27 +0100] "GET /ticket2/opencms/ HTTP/1.1" 302 -
54.38.85.36 - - [19/Feb/2025:01:00:27 +0100] "GET /ticket2/opencms/en/buy/?page=1&edid=9B400594-B20F-D479-4D4E-A3F53A22DCA4&sortorder=desc&column=row HTTP/1.1" 200 110010
54.36.148.9 - - [19/Feb/2025:01:00:27 +0100] "GET /ticket2/opencms/mt/sport/biljetti-tal-futbol/bundesliga/wolfsburg HTTP/1.1" 200 96274
178.150.14.250 - - [19/Feb/2025:01:00:27 +0100] "GET /ticket2/opencms/en/buy/?page=1&edid=69802F7E-2013-4656-113E-ECD53B17933B HTTP/1.1" 200 119877
185.191.171.3 - - [19/Feb/2025:01:00:27 +0100] "GET /ticket2/opencms/ka/magazine/article?title=premier-league-is-spelskema-premier-league-is-matchebi-20242025 HTTP/1.1" 200 95967
216.244.66.238 - - [19/Feb/2025:01:00:28 +0100] "GET /ticket2/opencms/dk/sv/buy/?page=1&edid=A9EB69E3-F598-8818-4039-B7E9BE6FE589 HTTP/1.1" 404 -
202.8.40.47 - - [19/Feb/2025:01:00:28 +0100] "GET /ticket2/opencms/system/modules/com.gridnine.opencms.ticketbrokerage.site/resources/css/calendar.css HTTP/1.1" 200 6871
202.8.40.47 - - [19/Feb/2025:01:00:28 +0100] "GET /ticket2/opencms/system/modules/com.gridnine.opencms.ticketbrokerage.site/resources/css/ticketbrokerage.css HTTP/1.1" 200 39339
202.8.40.47 - - [19/Feb/2025:01:00:28 +0100] "GET /ticket2/opencms/system/modules/com.gridnine.opencms.ticketbrokerage.site/resources/css/jquery-ui.css HTTP/1.1" 200 33221
202.8.40.47 - - [19/Feb/2025:01:00:28 +0100] "GET /ticket2/opencms/system/modules/com.gridnine.opencms.ticketbrokerage.site/resources/css/standard.css HTTP/1.1" 200 73904
202.8.40.47 - - [19/Feb/2025:01:00:28 +0100] "GET /ticket2/opencms/system/modules/com.gridnine.opencms.ticketbrokerage.site/resources/css/jquery.fancybox.css HTTP/1.1" 200 4939
202.8.40.47 - - [19/Feb/2025:01:00:28 +0100] "GET /ticket2/opencms/system/modules/com.gridnine.opencms.ticketbrokerage.site/resources/js/jquery/jquery.js HTTP/1.1" 200 93868
202.8.40.47 - - [19/Feb/2025:01:00:29 +0100] "GET /ticket2/opencms/system/modules/com.gridnine.opencms.ticketbrokerage.site/resources/js/functions.js HTTP/1.1" 200 1583
202.8.40.47 - - [19/Feb/2025:01:00:29 +0100] "GET /ticket2/opencms/system/modules/com.gridnine.opencms.ticketbrokerage.site/resources/js/calendar.js HTTP/1.1" 200 49229
202.8.40.47 - - [19/Feb/2025:01:00:29 +0100] "GET /ticket2/opencms/system/modules/com.gridnine.opencms.ticketbrokerage.site/resources/js/jquery/jquery-ui.js HTTP/1.1" 200 228088
202.8.40.47 - - [19/Feb/2025:01:00:29 +0100] "GET /ticket2/opencms/system/modules/com.gridnine.opencms.ticketbrokerage.site/resources/js/calendar-en.js HTTP/1.1" 200 3338
202.8.40.47 - - [19/Feb/2025:01:00:29 +0100] "GET /ticket2/opencms/system/modules/com.gridnine.opencms.ticketbrokerage.site/resources/js/calendar-setup.js HTTP/1.1" 200 4923
202.8.40.47 - - [19/Feb/2025:01:00:29 +0100] "GET /ticket2/opencms/system/modules/com.gridnine.opencms.ticketbrokerage.site/resources/js/jquery.fancybox.pack.js HTTP/1.1" 200 23187
202.8.40.47 - - [19/Feb/2025:01:00:29 +0100] "GET /ticket2/opencms/system/modules/com.gridnine.opencms.ticketbrokerage.site/resources/js/stickyfill.min.js HTTP/1.1" 200 5672
202.8.40.47 - - [19/Feb/2025:01:00:29 +0100] "GET /ticket2/opencms/system/modules/com.gridnine.opencms.ticketbrokerage.site/resources/js/standard.js HTTP/1.1" 200 3983
202.8.40.47 - - [19/Feb/2025:01:00:29 +0100] "GET /ticket2/opencms/system/modules/com.gridnine.opencms.ticketbrokerage.site/resources/js/jquery.placeholder.min.js HTTP/1.1" 200 1737
202.8.40.47 - - [19/Feb/2025:01:00:29 +0100] "GET /ticket2/opencms/system/modules/com.gridnine.opencms.ticketbrokerage.site/resources/js/common-ajax.js HTTP/1.1" 200 20175
135.181.79.106 - - [19/Feb/2025:01:00:30 +0100] "GET /ticket2/opencms/robots.txt HTTP/1.1" 200 773
178.150.14.250 - - [19/Feb/2025:01:00:30 +0100] "GET /ticket2/opencms/en/buy/?page=1&edid=890CCDBB-BBBF-11B0-1E79-EA111E8EF281 HTTP/1.1" 200 118405
121.229.156.118 - - [19/Feb/2025:01:00:30 +0100] "GET /ticket2/opencms/en/ HTTP/1.1" 200 105894
216.244.66.238 - - [19/Feb/2025:01:00:30 +0100] "GET /ticket2/opencms/dk/sv/buy/?page=1&edid=D9F3D901-EF0D-5550-64E0-AAA42CF6945A HTTP/1.1" 404 -
157.90.209.79 - - [19/Feb/2025:01:00:31 +0100] "GET /ticket2/opencms/hr/magazine/article?title=manchester-united-je-odlucio-otpustiti-erika-ten-haga HTTP/1.1" 200 97246
54.38.85.36 - - [19/Feb/2025:01:00:31 +0100] "GET /ticket2/opencms/en/buy/?page=1&edid=9B400594-B20F-D479-4D4E-A3F53A22DCA4&sortorder=desc&column=section HTTP/1.1" 200 110160
216.244.66.238 - - [19/Feb/2025:01:00:32 +0100] "GET /ticket2/opencms/dk/sv/buy/?page=1&edid=F820A2EC-F927-925D-C4BE-7AC75C5AC250 HTTP/1.1" 404 -
135.181.79.106 - - [19/Feb/2025:01:00:33 +0100] "GET /ticket2/opencms/dk/login/?edid=1262C5E9-4459-6D63-F273-010CB7E37FF2 HTTP/1.1" 200 90700
54.38.85.36 - - [19/Feb/2025:01:00:34 +0100] "GET /ticket2/opencms/en/buy/?page=1&edid=9C3675DF-04AE-3EF8-3EBC-3B6793871130&sortorder=desc&column=section HTTP/1.1" 200 110029
216.244.66.238 - - [19/Feb/2025:01:00:35 +0100] "GET /ticket2/opencms/fr/buy?page=1&edid=9A922FCB-8506-35ED-C678-7D43144BEDC3 HTTP/1.1" 200 108370
135.181.79.106 - - [19/Feb/2025:01:00:37 +0100] "GET /ticket2/opencms/dk/login/?edid=1851EA6A-7866-6C52-4263-96E93DBF3701 HTTP/1.1" 200 90622
54.38.85.36 - - [19/Feb/2025:01:00:38 +0100] "GET /ticket2/opencms/en/buy/?page=1&edid=9D986399-10A2-0D59-246B-E08A259F01A0&sortorder=asc&column=price HTTP/1.1" 200 111116
52.167.144.140 - - [19/Feb/2025:01:00:40 +0100] "GET /ticket2/opencms/sv/buy/?page=1&edid=B6E408F2-B613-C975-E8E0-700BE6FFCAC2 HTTP/1.1" 200 111438
135.181.79.106 - - [19/Feb/2025:01:00:40 +0100] "GET /ticket2/opencms/dk/login/?edid=22EC4137-73E0-6CCE-0699-2175D4DB160A HTTP/1.1" 200 90674
185.191.171.9 - - [19/Feb/2025:01:00:41 +0100] "GET /ticket2/opencms/sr/buy_safety/ HTTP/1.1" 200 89922
54.36.148.175 - - [19/Feb/2025:01:00:41 +0100] "GET /ticket2/opencms/mo/cumparati-in-siguranta HTTP/1.1" 200 91133
54.38.85.36 - - [19/Feb/2025:01:00:42 +0100] "GET /ticket2/opencms/en/buy/?page=1&edid=9D986399-10A2-0D59-246B-E08A259F01A0&sortorder=asc&column=row HTTP/1.1" 200 110997
157.90.209.79 - - [19/Feb/2025:01:00:42 +0100] "GET /ticket2/opencms/hr/magazine/article?title=maximilian-ibrahimovic-potpisuje-za-drugu-momcad-ac-milana HTTP/1.1" 200 95341
202.8.40.158 - - [19/Feb/2025:01:00:43 +0100] "GET /ticket2/opencms/system/modules/com.gridnine.opencms.ticketbrokerage.site/resources/css/calendar.css HTTP/1.1" 200 6871
202.8.40.158 - - [19/Feb/2025:01:00:43 +0100] "GET /ticket2/opencms/system/modules/com.gridnine.opencms.ticketbrokerage.site/resources/css/ticketbrokerage.css HTTP/1.1" 200 39339
202.8.40.158 - - [19/Feb/2025:01:00:43 +0100] "GET /ticket2/opencms/system/modules/com.gridnine.opencms.ticketbrokerage.site/resources/css/jquery.fancybox.css HTTP/1.1" 200 4939
202.8.40.158 - - [19/Feb/2025:01:00:43 +0100] "GET /ticket2/opencms/system/modules/com.gridnine.opencms.ticketbrokerage.site/resources/css/jquery-ui.css HTTP/1.1" 200 33221
202.8.40.158 - - [19/Feb/2025:01:00:43 +0100] "GET /ticket2/opencms/system/modules/com.gridnine.opencms.ticketbrokerage.site/resources/js/jquery/jquery-ui.js HTTP/1.1" 200 228088
202.8.40.158 - - [19/Feb/2025:01:00:43 +0100] "GET /ticket2/opencms/system/modules/com.gridnine.opencms.ticketbrokerage.site/resources/css/standard.css HTTP/1.1" 200 73904
202.8.40.158 - - [19/Feb/2025:01:00:43 +0100] "GET /ticket2/opencms/system/modules/com.gridnine.opencms.ticketbrokerage.site/resources/js/functions.js HTTP/1.1" 200 1583
202.8.40.158 - - [19/Feb/2025:01:00:43 +0100] "GET /ticket2/opencms/system/modules/com.gridnine.opencms.ticketbrokerage.site/resources/js/jquery/jquery.js HTTP/1.1" 200 93868
202.8.40.158 - - [19/Feb/2025:01:00:43 +0100] "GET /ticket2/opencms/system/modules/com.gridnine.opencms.ticketbrokerage.site/resources/js/calendar-en.js HTTP/1.1" 200 3338
202.8.40.158 - - [19/Feb/2025:01:00:43 +0100] "GET /ticket2/opencms/system/modules/com.gridnine.opencms.ticketbrokerage.site/resources/js/calendar.js HTTP/1.1" 200 49229
202.8.40.158 - - [19/Feb/2025:01:00:43 +0100] "GET /ticket2/opencms/system/modules/com.gridnine.opencms.ticketbrokerage.site/resources/js/jquery.fancybox.pack.js HTTP/1.1" 200 23187
202.8.40.158 - - [19/Feb/2025:01:00:43 +0100] "GET /ticket2/opencms/system/modules/com.gridnine.opencms.ticketbrokerage.site/resources/js/calendar-setup.js HTTP/1.1" 200 4923
202.8.40.158 - - [19/Feb/2025:01:00:43 +0100] "GET /ticket2/opencms/system/modules/com.gridnine.opencms.ticketbrokerage.site/resources/js/stickyfill.min.js HTTP/1.1" 200 5672
202.8.40.158 - - [19/Feb/2025:01:00:43 +0100] "GET /ticket2/opencms/system/modules/com.gridnine.opencms.ticketbrokerage.site/resources/js/standard.js HTTP/1.1" 200 3983
202.8.40.158 - - [19/Feb/2025:01:00:43 +0100] "GET /ticket2/opencms/system/modules/com.gridnine.opencms.ticketbrokerage.site/resources/js/jquery.placeholder.min.js HTTP/1.1" 200 1737
202.8.40.158 - - [19/Feb/2025:01:00:43 +0100] "GET /ticket2/opencms/system/modules/com.gridnine.opencms.ticketbrokerage.site/resources/js/common-ajax.js HTTP/1.1" 200 20175
135.181.79.106 - - [19/Feb/2025:01:00:44 +0100] "GET /ticket2/opencms/dk/login/?edid=BDEBDFC7-284E-9E6E-D1BB-65EBB5818C8B HTTP/1.1" 200 90690
216.244.66.238 - - [19/Feb/2025:01:00:44 +0100] "GET /ticket2/opencms/dk/en/venue/?venueid=DE7F1EC9-0D2B-44FE-8EF1-944663AE79B6 HTTP/1.1" 404 -
54.38.85.36 - - [19/Feb/2025:01:00:46 +0100] "GET /ticket2/opencms/en/buy/?page=1&edid=9D986399-10A2-0D59-246B-E08A259F01A0&sortorder=asc&column=section HTTP/1.1" 200 111223
135.181.79.106 - - [19/Feb/2025:01:00:47 +0100] "GET /ticket2/opencms/en/login/?edid=0FA491B8-88BE-348E-7FA1-9586533EE9BA HTTP/1.1" 200 90130
54.38.85.36 - - [19/Feb/2025:01:00:49 +0100] "GET /ticket2/opencms/en/buy/?page=1&edid=9DA75145-87AB-8840-2DDC-302F503821EB&sortorder=asc&column=row HTTP/1.1" 200 111394
157.90.209.79 - - [19/Feb/2025:01:00:50 +0100] "GET /ticket2/opencms/hr/magazine/article?title=mohamed-salah-produljiti-s-liverpoolom HTTP/1.1" 200 95154
135.181.79.106 - - [19/Feb/2025:01:00:51 +0100] "GET /ticket2/opencms/en/login/?edid=2B069145-96C4-9DB2-7920-56A0B5CF95BF HTTP/1.1" 200 90060
185.191.171.4 - - [19/Feb/2025:01:00:52 +0100] "GET /ticket2/opencms/ga/magazine/article?title=arsenal-ne-tottenham-y-ma-mu-w-epik-4-4-asm-so-no-mu-w-29-oktooba-2008 HTTP/1.1" 200 96534
54.38.85.36 - - [19/Feb/2025:01:00:53 +0100] "GET /ticket2/opencms/en/buy/?page=1&edid=9E6DEDE4-3821-DEC6-6A25-88F1A032D52D&sortorder=asc&column=price HTTP/1.1" 200 110951
135.181.79.106 - - [19/Feb/2025:01:00:54 +0100] "GET /ticket2/opencms/en/login/?edid=3F2C8D5E-7438-2D70-0996-42F9CB6F4E20 HTTP/1.1" 200 90013
85.208.96.206 - - [19/Feb/2025:01:00:54 +0100] "GET /ticket2/opencms/it/magazine/article?title=champions-league-biglietti-su-ticket2 HTTP/1.1" 200 97642
54.38.85.36 - - [19/Feb/2025:01:00:57 +0100] "GET /ticket2/opencms/en/buy/?page=1&edid=9E6DEDE4-3821-DEC6-6A25-88F1A032D52D&sortorder=asc&column=row HTTP/1.1" 200 110888
135.181.79.106 - - [19/Feb/2025:01:00:58 +0100] "GET /ticket2/opencms/en/login/?edid=3F81A579-C5D8-A8AE-791F-F6F1E7AD279B HTTP/1.1" 200 90072
114.119.150.86 - - [19/Feb/2025:01:00:58 +0100] "GET /ticket2/opencms/en/buy/?page=1&edid=C9A4F111-8AC0-F18A-D42D-2DC4798D4AA8 HTTP/1.1" 200 106868
54.36.148.57 - - [19/Feb/2025:01:00:58 +0100] "GET /ticket2/opencms/nl/buy?page=1&edid=5EDAD7EF-4482-E566-628C-36CFA67969B0 HTTP/1.1" 200 112264
157.90.209.79 - - [19/Feb/2025:01:00:59 +0100] "GET /ticket2/opencms/hr/magazine/article?title=navijaci-chelseaja-reagiraju-s-frustracijom HTTP/1.1" 200 92725
202.8.42.43 - - [19/Feb/2025:01:00:59 +0100] "GET /ticket2/opencms/system/modules/com.gridnine.opencms.ticketbrokerage.site/resources/css/standard.css HTTP/1.1" 200 73904
202.8.42.43 - - [19/Feb/2025:01:00:59 +0100] "GET /ticket2/opencms/system/modules/com.gridnine.opencms.ticketbrokerage.site/resources/css/ticketbrokerage.css HTTP/1.1" 200 39339
202.8.42.43 - - [19/Feb/2025:01:00:59 +0100] "GET /ticket2/opencms/system/modules/com.gridnine.opencms.ticketbrokerage.site/resources/css/jquery.fancybox.css HTTP/1.1" 200 4939
202.8.42.43 - - [19/Feb/2025:01:00:59 +0100] "GET /ticket2/opencms/system/modules/com.gridnine.opencms.ticketbrokerage.site/resources/css/jquery-ui.css HTTP/1.1" 200 33221
202.8.42.43 - - [19/Feb/2025:01:00:59 +0100] "GET /ticket2/opencms/system/modules/com.gridnine.opencms.ticketbrokerage.site/resources/css/calendar.css HTTP/1.1" 200 6871
202.8.42.43 - - [19/Feb/2025:01:00:59 +0100] "GET /ticket2/opencms/system/modules/com.gridnine.opencms.ticketbrokerage.site/resources/js/jquery/jquery.js HTTP/1.1" 200 93868
202.8.42.43 - - [19/Feb/2025:01:00:59 +0100] "GET /ticket2/opencms/system/modules/com.gridnine.opencms.ticketbrokerage.site/resources/js/jquery/jquery-ui.js HTTP/1.1" 200 228088
202.8.42.43 - - [19/Feb/2025:01:00:59 +0100] "GET /ticket2/opencms/system/modules/com.gridnine.opencms.ticketbrokerage.site/resources/js/calendar-setup.js HTTP/1.1" 200 4923
202.8.42.43 - - [19/Feb/2025:01:00:59 +0100] "GET /ticket2/opencms/system/modules/com.gridnine.opencms.ticketbrokerage.site/resources/js/calendar-en.js HTTP/1.1" 200 3338
202.8.42.43 - - [19/Feb/2025:01:00:59 +0100] "GET /ticket2/opencms/system/modules/com.gridnine.opencms.ticketbrokerage.site/resources/js/calendar.js HTTP/1.1" 200 49229
202.8.42.43 - - [19/Feb/2025:01:00:59 +0100] "GET /ticket2/opencms/system/modules/com.gridnine.opencms.ticketbrokerage.site/resources/js/functions.js HTTP/1.1" 200 1583
202.8.42.43 - - [19/Feb/2025:01:01:00 +0100] "GET /ticket2/opencms/system/modules/com.gridnine.opencms.ticketbrokerage.site/resources/js/jquery.fancybox.pack.js HTTP/1.1" 200 23187
202.8.42.43 - - [19/Feb/2025:01:01:00 +0100] "GET /ticket2/opencms/system/modules/com.gridnine.opencms.ticketbrokerage.site/resources/js/stickyfill.min.js HTTP/1.1" 200 5672
202.8.42.43 - - [19/Feb/2025:01:01:00 +0100] "GET /ticket2/opencms/system/modules/com.gridnine.opencms.ticketbrokerage.site/resources/js/standard.js HTTP/1.1" 200 3983
202.8.42.43 - - [19/Feb/2025:01:01:00 +0100] "GET /ticket2/opencms/system/modules/com.gridnine.opencms.ticketbrokerage.site/resources/js/jquery.placeholder.min.js HTTP/1.1" 200 1737
202.8.42.43 - - [19/Feb/2025:01:01:00 +0100] "GET /ticket2/opencms/system/modules/com.gridnine.opencms.ticketbrokerage.site/resources/js/common-ajax.js HTTP/1.1" 200 20175
202.8.42.43 - - [19/Feb/2025:01:01:00 +0100] "GET /ticket2/opencms/nl/ask-form.html HTTP/1.1" 200 3015
202.8.42.43 - - [19/Feb/2025:01:01:00 +0100] "GET /ticket2/opencms/system/modules/com.gridnine.opencms.ticketbrokerage.site/resources/css/ticketbrokerage.css HTTP/1.1" 200 39339
66.249.79.3 - - [19/Feb/2025:01:01:01 +0100] "GET /ticket2/opencms/robots.txt HTTP/1.1" 200 773
54.38.85.36 - - [19/Feb/2025:01:01:01 +0100] "GET /ticket2/opencms/en/buy/?page=1&edid=9EBF78AB-381E-812A-238B-C7AAAAB85C60&sortorder=desc&column=row HTTP/1.1" 200 110917
135.181.79.106 - - [19/Feb/2025:01:01:01 +0100] "GET /ticket2/opencms/en/login/?edid=418F640D-FED9-8D6C-3AD1-01149267CC74 HTTP/1.1" 200 90142
66.249.79.4 - - [19/Feb/2025:01:01:03 +0100] "GET /ticket2/opencms/en/sport/football-tickets/ HTTP/1.1" 200 91973
135.181.79.106 - - [19/Feb/2025:01:01:05 +0100] "GET /ticket2/opencms/en/login/?edid=60A92E2C-5D4D-C143-3776-D1790FE7FB3F HTTP/1.1" 200 90111
54.38.85.36 - - [19/Feb/2025:01:01:06 +0100] "GET /ticket2/opencms/en/buy/?page=1&edid=9F8EF64D-DF58-8297-97D2-B8A4298AFD19&sortorder=desc&column=section HTTP/1.1" 200 110159
66.249.76.160 - - [19/Feb/2025:01:01:06 +0100] "GET /ticket2/opencms/set_aff_cookie.jsp?partner=8F6DE15D-D831-5787-AE7E-FEFF53476F85&url=%252Fno%252Fbuy%252Findex.html%253Fpage%253D1%2526edid%253DDC4F64BB-84C6-452C-2BFD-138DC45E79DD%2526hlv%253D666de067-5508-489d-b9f0-6d8a0a01000f%2523v1934214975 HTTP/1.1" 200 246
157.90.209.79 - - [19/Feb/2025:01:01:06 +0100] "GET /ticket2/opencms/hr/magazine/article?title=novi-kapetan-dejan-kulusevski HTTP/1.1" 200 91809
52.16.33.189 - - [19/Feb/2025:01:01:07 +0100] "GET /ticket2/opencms/ HTTP/1.1" 302 -
52.16.33.189 - - [19/Feb/2025:01:01:07 +0100] "GET /ticket2/opencms/en/ HTTP/1.1" 200 105821
135.181.79.106 - - [19/Feb/2025:01:01:08 +0100] "GET /ticket2/opencms/en/login/?edid=6BB5D925-7637-CF92-181F-94B35FC14C77 HTTP/1.1" 200 90021
47.128.99.222 - - [19/Feb/2025:01:01:09 +0100] "GET /ticket2/opencms/sv/buy?edid=A036D254-48CA-326A-6976-9EF3C3BCC6BC HTTP/1.1" 200 91087
95.217.195.123 - - [19/Feb/2025:01:01:10 +0100] "GET /ticket2/opencms/robots.txt HTTP/1.1" 200 773
54.38.85.36 - - [19/Feb/2025:01:01:11 +0100] "GET /ticket2/opencms/en/buy/?page=1&edid=9FD65F81-0106-54F5-02E9-9721A30A8365&sortorder=desc&column=price HTTP/1.1" 200 109945
135.181.79.106 - - [19/Feb/2025:01:01:12 +0100] "GET /ticket2/opencms/en/login/?edid=E0522035-0BAF-AE6A-5BD8-7838D11C6194 HTTP/1.1" 200 90095
54.36.148.183 - - [19/Feb/2025:01:01:13 +0100] "GET /ticket2/opencms/it/sport/biglietti-calcio/serie-a/juventus/ HTTP/1.1" 200 99824
95.217.195.123 - - [19/Feb/2025:01:01:13 +0100] "GET /ticket2/opencms/en/buy/?page=1&edid=022D0979-45A3-68F4-DF95-36F7C763627D HTTP/1.1" 200 106757
157.90.209.79 - - [19/Feb/2025:01:01:14 +0100] "GET /ticket2/opencms/hr/magazine/article?title=petas-kylian-mbappe HTTP/1.1" 200 92765
54.38.85.36 - - [19/Feb/2025:01:01:15 +0100] "GET /ticket2/opencms/en/buy/?page=1&edid=9FD65F81-0106-54F5-02E9-9721A30A8365&sortorder=desc&column=row HTTP/1.1" 200 109879
135.181.79.106 - - [19/Feb/2025:01:01:15 +0100] "GET /ticket2/opencms/fi/login/?edid=55665BB1-2F3D-DED5-E2AC-E89B6A948AE6 HTTP/1.1" 200 91865
95.217.195.123 - - [19/Feb/2025:01:01:17 +0100] "GET /ticket2/opencms/en/buy/?page=1&edid=03D907FB-D1E6-E922-E1AC-AD5339EA57CC HTTP/1.1" 200 109519
185.191.171.15 - - [19/Feb/2025:01:01:18 +0100] "GET /ticket2/opencms/es/magazine/article?title=arsenal-y-tottenham-comparten-en-un-epico-partido-4-4-el-29-de-octubre-de-2008 HTTP/1.1" 200 95585
135.181.79.106 - - [19/Feb/2025:01:01:19 +0100] "GET /ticket2/opencms/fi/login/?edid=56E27B8B-7D7B-936D-9F08-182502FAC3B1 HTTP/1.1" 200 91799
43.153.98.149 - - [19/Feb/2025:01:01:19 +0100] "GET /ticket2/opencms/fi/buy/?page=1&edid=8EF7EC9D-9BC8-1DEC-C27C-0541D5C5F471 HTTP/1.1" 200 126793
54.38.85.36 - - [19/Feb/2025:01:01:19 +0100] "GET /ticket2/opencms/en/buy/?page=1&edid=A091C331-64B9-897A-6AFC-8343A75EC5CB&sortorder=asc&column=price HTTP/1.1" 200 110899
95.217.195.123 - - [19/Feb/2025:01:01:21 +0100] "GET /ticket2/opencms/en/buy/?page=1&edid=06839E1C-8CA0-2766-B39C-B161E06D9E51 HTTP/1.1" 200 110010
135.181.79.106 - - [19/Feb/2025:01:01:22 +0100] "GET /ticket2/opencms/fi/login/?edid=598F3B0A-9912-7BA4-D7AA-A33BDA98D7B4 HTTP/1.1" 200 91859
54.38.85.36 - - [19/Feb/2025:01:01:24 +0100] "GET /ticket2/opencms/en/buy/?page=1&edid=A0E1E3C5-926E-8F6B-8EB6-E38355A23A9B&sortorder=asc&column=price HTTP/1.1" 200 110892
216.244.66.238 - - [19/Feb/2025:01:01:25 +0100] "GET /ticket2/opencms/dk/dk/sport/fodboldbilletter/serie-a/frosinone/ HTTP/1.1" 404 -
95.217.195.123 - - [19/Feb/2025:01:01:26 +0100] "GET /ticket2/opencms/en/buy/?page=1&edid=090E838C-2B8A-06B6-48C3-D7454A97EC28 HTTP/1.1" 200 109547
157.90.209.79 - - [19/Feb/2025:01:01:26 +0100] "GET /ticket2/opencms/hr/magazine/article?title=popis-nominiranih-za-zlatnu-loptu HTTP/1.1" 200 94846
135.181.79.106 - - [19/Feb/2025:01:01:26 +0100] "GET /ticket2/opencms/fi/login/?edid=5DB082CF-9F35-D360-53D3-670AC3A63FB5 HTTP/1.1" 200 91800
54.36.148.231 - - [19/Feb/2025:01:01:27 +0100] "GET /ticket2/opencms/nl/buy?page=1&edid=BD719054-11F0-C21F-E1D7-4BD8F12BE51A HTTP/1.1" 200 116233
95.217.195.123 - - [19/Feb/2025:01:01:28 +0100] "GET /ticket2/opencms/en/buy/?page=1&edid=0ABF5308-5A84-07C0-4649-8691D025AC4F HTTP/1.1" 200 110752
54.38.85.36 - - [19/Feb/2025:01:01:29 +0100] "GET /ticket2/opencms/en/buy/?page=1&edid=A0E1E3C5-926E-8F6B-8EB6-E38355A23A9B&sortorder=asc&column=row HTTP/1.1" 200 110846
135.181.79.106 - - [19/Feb/2025:01:01:29 +0100] "GET /ticket2/opencms/fi/login/?edid=633F01D0-5A5C-9D0B-88C4-F93446CDE176 HTTP/1.1" 200 91872
54.36.148.164 - - [19/Feb/2025:01:01:30 +0100] "GET /ticket2/opencms/sv/buy/?page=1&edid=1C60B6C6-EC08-CBB2-DDAD-2D7ECA90977D HTTP/1.1" 200 108026
85.208.96.198 - - [19/Feb/2025:01:01:32 +0100] "GET /ticket2/opencms/sv/sport/fotbollsbiljetter/serie_a/fiorentina/ HTTP/1.1" 200 98140
135.181.79.106 - - [19/Feb/2025:01:01:33 +0100] "GET /ticket2/opencms/fi/login/?edid=66EA5353-0EED-D56D-04FB-B3F43B6CCED9 HTTP/1.1" 200 91875
114.119.131.180 - - [19/Feb/2025:01:01:33 +0100] "GET /ticket2/opencms/en/buy/?comcatid=A17713B6-D984-201A-4143-ED4DB5ED5C2E&catid=3A7AEA37-903D-9533-4B33-21B0001FF1D1 HTTP/1.1" 200 101489
95.217.195.123 - - [19/Feb/2025:01:01:33 +0100] "GET /ticket2/opencms/en/buy/?page=1&edid=0B61E12F-3357-9D4A-8CE6-56FAB7BA659C HTTP/1.1" 200 128038
54.38.85.36 - - [19/Feb/2025:01:01:34 +0100] "GET /ticket2/opencms/en/buy/?page=1&edid=A0E1E3C5-926E-8F6B-8EB6-E38355A23A9B&sortorder=asc&column=section HTTP/1.1" 200 111011
85.208.96.196 - - [19/Feb/2025:01:01:37 +0100] "GET /ticket2/opencms/robots.txt HTTP/1.1" 200 773
135.181.79.106 - - [19/Feb/2025:01:01:37 +0100] "GET /ticket2/opencms/fi/login/?edid=6807A400-BCB2-9A77-9AD5-9B8A75FADC0B HTTP/1.1" 200 91888
157.90.209.79 - - [19/Feb/2025:01:01:38 +0100] "GET /ticket2/opencms/hr/magazine/article?title=prva-pobjeda-ipswicha-u-premier-ligi-nakon-22-godine HTTP/1.1" 200 93732
52.167.144.22 - - [19/Feb/2025:01:01:38 +0100] "GET /ticket2/opencms/en/?page=6&comcatid=A17713B6-D984-201A-4143-ED4DB5ED5C2E&catid=C48671DB-5AEB-8CE2-928E-38417FFBE085 HTTP/1.1" 200 105945
54.38.85.36 - - [19/Feb/2025:01:01:38 +0100] "GET /ticket2/opencms/en/buy/?page=1&edid=ACE41844-B5C3-4C9F-A5E8-DD10BD6170CE&sortorder=asc&column=price HTTP/1.1" 200 111736
47.128.98.220 - - [19/Feb/2025:01:01:38 +0100] "GET /ticket2/opencms/fi/venue/?venueid=AD7EE4D5-94F2-8F40-9E84-6B1A25E8F1D7 HTTP/1.1" 200 86840
185.191.171.12 - - [19/Feb/2025:01:01:39 +0100] "GET /ticket2/opencms/sq/magazine/article?title=raphael-varane-perfundon-karrieren-e-tij-31-vjec HTTP/1.1" 200 94081
47.128.98.220 - - [19/Feb/2025:01:01:40 +0100] "GET /ticket2/opencms/img/mail.png HTTP/1.1" 200 403
54.36.148.115 - - [19/Feb/2025:01:01:40 +0100] "GET /ticket2/opencms/hr/buy?page=1&edid=F2D85B77-0146-9383-AAB8-AFEF60C3B51B HTTP/1.1" 200 110751
135.181.79.106 - - [19/Feb/2025:01:01:41 +0100] "GET /ticket2/opencms/fi/login/?edid=69E94548-BA2A-A7B0-2E68-692DBBE997E5 HTTP/1.1" 200 91881
95.217.195.123 - - [19/Feb/2025:01:01:41 +0100] "GET /ticket2/opencms/en/buy/?page=1&edid=0C94170C-17F1-0823-E8AC-91EC149F33EC HTTP/1.1" 200 133242
85.208.96.206 - - [19/Feb/2025:01:01:42 +0100] "GET /ticket2/opencms/sv/magazine/article?title=william-alain-andre-gabriel-saliba HTTP/1.1" 200 94139
54.38.85.36 - - [19/Feb/2025:01:01:43 +0100] "GET /ticket2/opencms/en/buy/?page=1&edid=AD1489BC-D85F-F906-30B7-DAF56FC0FE6B&sortorder=asc&column=section HTTP/1.1" 200 110610
135.181.79.106 - - [19/Feb/2025:01:01:44 +0100] "GET /ticket2/opencms/fi/login/?edid=69ECA637-B1BC-8843-E3B6-6D2C7F410569 HTTP/1.1" 200 91760
95.217.195.123 - - [19/Feb/2025:01:01:45 +0100] "GET /ticket2/opencms/en/buy/?page=1&edid=0E015037-AEA8-A77C-F644-58B0F482ADCC HTTP/1.1" 200 134429
83.140.77.198 - - [19/Feb/2025:01:01:45 +0100] "GET /ticket2/opencms/sv/sport/fotbollsbiljetter/?gad_source=2&gclid=Cj0KCQiA_NC9BhCkARIsABSnSTa_WSg9hKS6Mc40tpzhc3UTcCUZ2qWstbnsvi0eQI0mD6dfSODkPhcaAnUpEALw_wcB HTTP/1.1" 200 96168
47.128.59.163 - - [19/Feb/2025:01:01:46 +0100] "GET /ticket2/opencms/sv/buy/?edid=24658CB7-0503-4139-A73F-444B9F961692 HTTP/1.1" 200 91085
185.191.171.16 - - [19/Feb/2025:01:01:48 +0100] "GET /ticket2/opencms/sq/login/?url=%25252Fsq%25252Fsell%25252F HTTP/1.1" 200 92015
54.38.85.36 - - [19/Feb/2025:01:01:48 +0100] "GET /ticket2/opencms/en/buy/?page=1&edid=AF1AEE1B-4EFB-D5BB-549A-A360FE966DC5&sortorder=desc&column=row HTTP/1.1" 200 111444
135.181.79.106 - - [19/Feb/2025:01:01:49 +0100] "GET /ticket2/opencms/fi/login/?edid=7B14CF76-71A6-C2E3-60CB-8C556CB920FD HTTP/1.1" 200 91867
185.191.171.6 - - [19/Feb/2025:01:01:50 +0100] "GET /ticket2/opencms/az/magazine/article?title=bukayo-ayoyinka-t-m-saka HTTP/1.1" 200 93696
95.217.195.123 - - [19/Feb/2025:01:01:51 +0100] "GET /ticket2/opencms/en/buy/?page=1&edid=1624E6A5-E8F5-99E1-0C6F-842C444FABBE HTTP/1.1" 200 109044
157.90.209.79 - - [19/Feb/2025:01:01:52 +0100] "GET /ticket2/opencms/hr/magazine/article?title=refleksija-sezone-manchester-uniteda-202324 HTTP/1.1" 200 93897
54.38.85.36 - - [19/Feb/2025:01:01:52 +0100] "GET /ticket2/opencms/en/buy/?page=1&edid=AF97ABE2-861D-FC72-98BD-465ED5205D7B HTTP/1.1" 200 110508
135.181.79.106 - - [19/Feb/2025:01:01:52 +0100] "GET /ticket2/opencms/fi/login/?edid=8588F039-0803-F98C-03A6-F1C16929D2E6 HTTP/1.1" 200 91873
54.36.148.177 - - [19/Feb/2025:01:01:55 +0100] "GET /ticket2/opencms/el/magazine/article?title=pws-prepei-h-mantsester-gioynaitent-na-diaxeiristei-thn-krish HTTP/1.1" 200 95423
135.181.79.106 - - [19/Feb/2025:01:01:56 +0100] "GET /ticket2/opencms/fi/login/?edid=877F69A3-9CA4-792C-9F41-F6BFBD6ECFDE HTTP/1.1" 200 91917
95.217.195.123 - - [19/Feb/2025:01:01:56 +0100] "GET /ticket2/opencms/en/buy/?page=1&edid=1AD4E11C-C792-1721-4D1A-2229101A30FD HTTP/1.1" 200 142918
54.38.85.36 - - [19/Feb/2025:01:01:57 +0100] "GET /ticket2/opencms/en/buy/?page=1&edid=AFF3B549-855E-6DE1-70E1-8F9E77B4DCFB&sortorder=desc&column=row HTTP/1.1" 200 110477
54.36.148.0 - - [19/Feb/2025:01:02:00 +0100] "GET /ticket2/opencms/is/sport/fotbolti/bundesliga/koln HTTP/1.1" 200 96644
135.181.79.106 - - [19/Feb/2025:01:02:00 +0100] "GET /ticket2/opencms/fi/login/?edid=8867FCC5-91CC-4F4B-65F3-12F18C7B3482 HTTP/1.1" 200 91793
157.90.209.79 - - [19/Feb/2025:01:02:01 +0100] "GET /ticket2/opencms/hr/magazine/article?title=rodrigo-bentancur-suspendiran-je-na-sedam-utakmica-zbog-rasisticke-izjave HTTP/1.1" 200 94054
202.8.41.138 - - [19/Feb/2025:01:02:01 +0100] "GET /ticket2/opencms/system/modules/com.gridnine.opencms.ticketbrokerage.site/resources/css/ticketbrokerage.css HTTP/1.1" 200 39339
202.8.41.138 - - [19/Feb/2025:01:02:01 +0100] "GET /ticket2/opencms/system/modules/com.gridnine.opencms.ticketbrokerage.site/resources/css/jquery-ui.css HTTP/1.1" 200 33221
202.8.41.138 - - [19/Feb/2025:01:02:01 +0100] "GET /ticket2/opencms/system/modules/com.gridnine.opencms.ticketbrokerage.site/resources/css/calendar.css HTTP/1.1" 200 6871
202.8.41.138 - - [19/Feb/2025:01:02:01 +0100] "GET /ticket2/opencms/system/modules/com.gridnine.opencms.ticketbrokerage.site/resources/css/standard.css HTTP/1.1" 200 73904
202.8.41.138 - - [19/Feb/2025:01:02:01 +0100] "GET /ticket2/opencms/system/modules/com.gridnine.opencms.ticketbrokerage.site/resources/css/jquery.fancybox.css HTTP/1.1" 200 4939
202.8.41.138 - - [19/Feb/2025:01:02:01 +0100] "GET /ticket2/opencms/system/modules/com.gridnine.opencms.ticketbrokerage.site/resources/js/jquery/jquery.js HTTP/1.1" 200 93868
202.8.41.138 - - [19/Feb/2025:01:02:01 +0100] "GET /ticket2/opencms/system/modules/com.gridnine.opencms.ticketbrokerage.site/resources/js/functions.js HTTP/1.1" 200 1583
202.8.41.138 - - [19/Feb/2025:01:02:01 +0100] "GET /ticket2/opencms/system/modules/com.gridnine.opencms.ticketbrokerage.site/resources/js/jquery/jquery-ui.js HTTP/1.1" 200 228088
202.8.41.138 - - [19/Feb/2025:01:02:01 +0100] "GET /ticket2/opencms/system/modules/com.gridnine.opencms.ticketbrokerage.site/resources/js/calendar.js HTTP/1.1" 200 49229
202.8.41.138 - - [19/Feb/2025:01:02:01 +0100] "GET /ticket2/opencms/system/modules/com.gridnine.opencms.ticketbrokerage.site/resources/js/calendar-en.js HTTP/1.1" 200 3338
202.8.41.138 - - [19/Feb/2025:01:02:01 +0100] "GET /ticket2/opencms/system/modules/com.gridnine.opencms.ticketbrokerage.site/resources/js/calendar-setup.js HTTP/1.1" 200 4923
202.8.41.138 - - [19/Feb/2025:01:02:01 +0100] "GET /ticket2/opencms/system/modules/com.gridnine.opencms.ticketbrokerage.site/resources/js/jquery.fancybox.pack.js HTTP/1.1" 200 23187
202.8.41.138 - - [19/Feb/2025:01:02:01 +0100] "GET /ticket2/opencms/system/modules/com.gridnine.opencms.ticketbrokerage.site/resources/js/stickyfill.min.js HTTP/1.1" 200 5672
202.8.41.138 - - [19/Feb/2025:01:02:01 +0100] "GET /ticket2/opencms/system/modules/com.gridnine.opencms.ticketbrokerage.site/resources/js/standard.js HTTP/1.1" 200 3983
202.8.41.138 - - [19/Feb/2025:01:02:02 +0100] "GET /ticket2/opencms/system/modules/com.gridnine.opencms.ticketbrokerage.site/resources/js/jquery.placeholder.min.js HTTP/1.1" 200 1737
202.8.41.138 - - [19/Feb/2025:01:02:02 +0100] "GET /ticket2/opencms/system/modules/com.gridnine.opencms.ticketbrokerage.site/resources/js/common-ajax.js HTTP/1.1" 200 20175
95.217.195.123 - - [19/Feb/2025:01:02:04 +0100] "GET /ticket2/opencms/en/buy/?page=1&edid=1B66F7E9-6D68-7258-D0DB-383034F8302F HTTP/1.1" 200 133282
135.181.79.106 - - [19/Feb/2025:01:02:04 +0100] "GET /ticket2/opencms/fi/login/?edid=891EBBB1-0D90-0DF0-7A0B-80A270992560 HTTP/1.1" 200 91842
95.217.195.123 - - [19/Feb/2025:01:02:08 +0100] "GET /ticket2/opencms/en/buy/?page=1&edid=1DDA2165-3123-2529-8958-38278C6C51D1 HTTP/1.1" 200 108955
135.181.79.106 - - [19/Feb/2025:01:02:08 +0100] "GET /ticket2/opencms/fi/login/?edid=89EB6B62-1232-67FD-DD56-04D64BB6BA22 HTTP/1.1" 200 91815
52.167.144.140 - - [19/Feb/2025:01:02:08 +0100] "GET /ticket2/opencms/ka/buy/?page=1&edid=76C5B12B-5A01-4B43-4951-01FB8B03F367 HTTP/1.1" 200 117976
114.119.150.86 - - [19/Feb/2025:01:02:10 +0100] "GET /ticket2/opencms/pl/buy?page=1&=06E063D7-AE27-0DA0-0E8E-0E82EFDCE11C&sortorder=desc&column=row HTTP/1.1" 200 -
135.181.79.106 - - [19/Feb/2025:01:02:12 +0100] "GET /ticket2/opencms/fi/login/?edid=89F15995-C09B-456C-B709-E1A4C6C917F4 HTTP/1.1" 200 91910
114.119.157.112 - - [19/Feb/2025:01:02:14 +0100] "GET /ticket2/opencms/en/venue/?venueid=D04DA2B1-F40A-DB32-0B82-87293ED21BA3 HTTP/1.1" 200 85330
54.36.148.116 - - [19/Feb/2025:01:02:14 +0100] "GET /ticket2/opencms/sr/kontaktirajte-nas HTTP/1.1" 200 89810
40.77.167.22 - - [19/Feb/2025:01:02:14 +0100] "GET /ticket2/opencms/ru/buy/?page=1&edid=1B6F6A2B-A0DA-FF91-EC4E-3DCAA442C25B HTTP/1.1" 200 8488
202.8.43.109 - - [19/Feb/2025:01:02:15 +0100] "GET /ticket2/opencms/system/modules/com.gridnine.opencms.ticketbrokerage.site/resources/css/ticketbrokerage.css HTTP/1.1" 200 39339
202.8.43.109 - - [19/Feb/2025:01:02:15 +0100] "GET /ticket2/opencms/system/modules/com.gridnine.opencms.ticketbrokerage.site/resources/css/standard.css HTTP/1.1" 200 73904
202.8.43.109 - - [19/Feb/2025:01:02:15 +0100] "GET /ticket2/opencms/system/modules/com.gridnine.opencms.ticketbrokerage.site/resources/css/calendar.css HTTP/1.1" 200 6871
202.8.43.109 - - [19/Feb/2025:01:02:15 +0100] "GET /ticket2/opencms/system/modules/com.gridnine.opencms.ticketbrokerage.site/resources/css/jquery-ui.css HTTP/1.1" 200 33221
202.8.43.109 - - [19/Feb/2025:01:02:15 +0100] "GET /ticket2/opencms/system/modules/com.gridnine.opencms.ticketbrokerage.site/resources/css/jquery.fancybox.css HTTP/1.1" 200 4939
202.8.43.109 - - [19/Feb/2025:01:02:15 +0100] "GET /ticket2/opencms/system/modules/com.gridnine.opencms.ticketbrokerage.site/resources/js/jquery/jquery.js HTTP/1.1" 200 93868
95.217.195.123 - - [19/Feb/2025:01:02:15 +0100] "GET /ticket2/opencms/en/buy/?page=1&edid=26FD5F34-C195-7172-EE2F-9EC20DBD4239 HTTP/1.1" 200 109994
157.90.209.79 - - [19/Feb/2025:01:02:15 +0100] "GET /ticket2/opencms/hr/magazine/article?title=ruben-amorim-postao-je-novi-trener-manchester-uniteda HTTP/1.1" 200 93693
202.8.43.109 - - [19/Feb/2025:01:02:15 +0100] "GET /ticket2/opencms/system/modules/com.gridnine.opencms.ticketbrokerage.site/resources/js/jquery/jquery-ui.js HTTP/1.1" 200 228088
202.8.43.109 - - [19/Feb/2025:01:02:15 +0100] "GET /ticket2/opencms/system/modules/com.gridnine.opencms.ticketbrokerage.site/resources/js/functions.js HTTP/1.1" 200 1583
202.8.43.109 - - [19/Feb/2025:01:02:15 +0100] "GET /ticket2/opencms/system/modules/com.gridnine.opencms.ticketbrokerage.site/resources/js/calendar.js HTTP/1.1" 200 49229
202.8.43.109 - - [19/Feb/2025:01:02:15 +0100] "GET /ticket2/opencms/system/modules/com.gridnine.opencms.ticketbrokerage.site/resources/js/calendar-en.js HTTP/1.1" 200 3338
202.8.43.109 - - [19/Feb/2025:01:02:15 +0100] "GET /ticket2/opencms/system/modules/com.gridnine.opencms.ticketbrokerage.site/resources/js/calendar-setup.js HTTP/1.1" 200 4923
202.8.43.109 - - [19/Feb/2025:01:02:15 +0100] "GET /ticket2/opencms/system/modules/com.gridnine.opencms.ticketbrokerage.site/resources/js/stickyfill.min.js HTTP/1.1" 200 5672
202.8.43.109 - - [19/Feb/2025:01:02:15 +0100] "GET /ticket2/opencms/system/modules/com.gridnine.opencms.ticketbrokerage.site/resources/js/jquery.fancybox.pack.js HTTP/1.1" 200 23187
202.8.43.109 - - [19/Feb/2025:01:02:15 +0100] "GET /ticket2/opencms/system/modules/com.gridnine.opencms.ticketbrokerage.site/resources/js/standard.js HTTP/1.1" 200 3983
202.8.43.109 - - [19/Feb/2025:01:02:15 +0100] "GET /ticket2/opencms/system/modules/com.gridnine.opencms.ticketbrokerage.site/resources/js/jquery.placeholder.min.js HTTP/1.1" 200 1737
202.8.43.109 - - [19/Feb/2025:01:02:15 +0100] "GET /ticket2/opencms/system/modules/com.gridnine.opencms.ticketbrokerage.site/resources/js/common-ajax.js HTTP/1.1" 200 20175
135.181.79.106 - - [19/Feb/2025:01:02:16 +0100] "GET /ticket2/opencms/fi/login/?edid=8D10ED70-17CE-64D1-6B0A-A49372BFC93B HTTP/1.1" 200 91815
40.77.167.17 - - [19/Feb/2025:01:02:17 +0100] "GET /ticket2/opencms/bg/buy?page=1&edid=1B66F7E9-6D68-7258-D0DB-383034F8302F HTTP/1.1" 200 137906
135.181.79.106 - - [19/Feb/2025:01:02:20 +0100] "GET /ticket2/opencms/fi/login/?edid=8D19E26A-355C-311F-0622-0C6578AF9C01 HTTP/1.1" 200 91843
85.208.96.206 - - [19/Feb/2025:01:02:21 +0100] "GET /ticket2/opencms/sl/standard/ HTTP/1.1" 500 -
95.217.195.123 - - [19/Feb/2025:01:02:22 +0100] "GET /ticket2/opencms/en/buy/?page=1&edid=27182C30-0424-098E-A8DB-2AA3B88A1ABD HTTP/1.1" 200 132196
47.238.13.16 - - [19/Feb/2025:01:02:24 +0100] "GET /ticket2/opencms/be/magazine/article?title=em-sandningar HTTP/1.1" 200 94619
135.181.79.106 - - [19/Feb/2025:01:02:24 +0100] "GET /ticket2/opencms/fi/login/?edid=8F1298F5-08E0-DFC5-7517-47459EE1E74A HTTP/1.1" 200 91842
157.90.209.79 - - [19/Feb/2025:01:02:25 +0100] "GET /ticket2/opencms/hr/magazine/article?title=thomas-tuchel-postaje-novi-izbornik-engleske HTTP/1.1" 200 93574
54.36.148.185 - - [19/Feb/2025:01:02:27 +0100] "GET /ticket2/opencms/bg/sport/futbolni-bileti/bundesliga/koln HTTP/1.1" 200 98070
135.181.79.106 - - [19/Feb/2025:01:02:28 +0100] "GET /ticket2/opencms/fi/login/?edid=8FC30073-D8A5-3B82-A18A-E6720A13CDC4 HTTP/1.1" 200 91840
202.8.42.210 - - [19/Feb/2025:01:02:28 +0100] "GET /ticket2/opencms/system/modules/com.gridnine.opencms.ticketbrokerage.site/resources/css/ticketbrokerage.css HTTP/1.1" 200 39339
202.8.42.210 - - [19/Feb/2025:01:02:28 +0100] "GET /ticket2/opencms/system/modules/com.gridnine.opencms.ticketbrokerage.site/resources/css/jquery-ui.css HTTP/1.1" 200 33221
202.8.42.210 - - [19/Feb/2025:01:02:28 +0100] "GET /ticket2/opencms/system/modules/com.gridnine.opencms.ticketbrokerage.site/resources/css/standard.css HTTP/1.1" 200 73904
202.8.42.210 - - [19/Feb/2025:01:02:29 +0100] "GET /ticket2/opencms/system/modules/com.gridnine.opencms.ticketbrokerage.site/resources/css/jquery.fancybox.css HTTP/1.1" 200 4939
202.8.42.210 - - [19/Feb/2025:01:02:29 +0100] "GET /ticket2/opencms/system/modules/com.gridnine.opencms.ticketbrokerage.site/resources/css/calendar.css HTTP/1.1" 200 6871
202.8.42.210 - - [19/Feb/2025:01:02:29 +0100] "GET /ticket2/opencms/system/modules/com.gridnine.opencms.ticketbrokerage.site/resources/js/jquery/jquery.js HTTP/1.1" 200 93868
202.8.42.210 - - [19/Feb/2025:01:02:29 +0100] "GET /ticket2/opencms/system/modules/com.gridnine.opencms.ticketbrokerage.site/resources/js/jquery/jquery-ui.js HTTP/1.1" 200 228088
202.8.42.210 - - [19/Feb/2025:01:02:29 +0100] "GET /ticket2/opencms/system/modules/com.gridnine.opencms.ticketbrokerage.site/resources/js/calendar-en.js HTTP/1.1" 200 3338
202.8.42.210 - - [19/Feb/2025:01:02:29 +0100] "GET /ticket2/opencms/system/modules/com.gridnine.opencms.ticketbrokerage.site/resources/js/functions.js HTTP/1.1" 200 1583
202.8.42.210 - - [19/Feb/2025:01:02:29 +0100] "GET /ticket2/opencms/system/modules/com.gridnine.opencms.ticketbrokerage.site/resources/js/calendar.js HTTP/1.1" 200 49229
202.8.42.210 - - [19/Feb/2025:01:02:29 +0100] "GET /ticket2/opencms/system/modules/com.gridnine.opencms.ticketbrokerage.site/resources/js/calendar-setup.js HTTP/1.1" 200 4923
202.8.42.210 - - [19/Feb/2025:01:02:29 +0100] "GET /ticket2/opencms/system/modules/com.gridnine.opencms.ticketbrokerage.site/resources/js/jquery.fancybox.pack.js HTTP/1.1" 200 23187
202.8.42.210 - - [19/Feb/2025:01:02:29 +0100] "GET /ticket2/opencms/system/modules/com.gridnine.opencms.ticketbrokerage.site/resources/js/stickyfill.min.js HTTP/1.1" 200 5672
202.8.42.210 - - [19/Feb/2025:01:02:29 +0100] "GET /ticket2/opencms/system/modules/com.gridnine.opencms.ticketbrokerage.site/resources/js/standard.js HTTP/1.1" 200 3983
202.8.42.210 - - [19/Feb/2025:01:02:29 +0100] "GET /ticket2/opencms/system/modules/com.gridnine.opencms.ticketbrokerage.site/resources/js/jquery.placeholder.min.js HTTP/1.1" 200 1737
202.8.42.210 - - [19/Feb/2025:01:02:29 +0100] "GET /ticket2/opencms/system/modules/com.gridnine.opencms.ticketbrokerage.site/resources/js/common-ajax.js HTTP/1.1" 200 20175
95.217.195.123 - - [19/Feb/2025:01:02:30 +0100] "GET /ticket2/opencms/en/buy/?page=1&edid=36B8587B-9BD4-1599-9368-E59F9780F9A9 HTTP/1.1" 200 143204
47.128.99.249 - - [19/Feb/2025:01:02:30 +0100] "GET /ticket2/opencms/hu/buy/?edid=86551C8A-2BF5-6EB9-E5C9-54A1AFF44009 HTTP/1.1" 200 91751
135.181.79.106 - - [19/Feb/2025:01:02:31 +0100] "GET /ticket2/opencms/fi/login/?edid=90C1A66E-428C-A76C-A159-667BE9685E00 HTTP/1.1" 200 91915
157.90.209.79 - - [19/Feb/2025:01:02:32 +0100] "GET /ticket2/opencms/hr/magazine/article?title=vinicius-jr HTTP/1.1" 200 92122
135.181.79.106 - - [19/Feb/2025:01:02:35 +0100] "GET /ticket2/opencms/fi/login/?edid=91386F59-CC65-7E48-663D-CA8734441B84 HTTP/1.1" 200 91825
135.181.79.106 - - [19/Feb/2025:01:02:39 +0100] "GET /ticket2/opencms/fi/login/?edid=91851CE1-DEEA-F6FA-15A7-E92688F40B77 HTTP/1.1" 200 91862
95.217.195.123 - - [19/Feb/2025:01:02:40 +0100] "GET /ticket2/opencms/en/buy/?page=1&edid=37DFD68F-280A-1D30-F150-17131E8FCDF4 HTTP/1.1" 200 106752
54.36.148.64 - - [19/Feb/2025:01:02:41 +0100] "GET /ticket2/opencms/az/buy/?page=1&edid=079D9B9A-D8A5-58CA-F00E-5A1AF812E471 HTTP/1.1" 200 112780
157.90.209.79 - - [19/Feb/2025:01:02:42 +0100] "GET /ticket2/opencms/hr/magazine/article?title=william-alain-andre-gabriel-saliba HTTP/1.1" 200 94024
135.181.79.106 - - [19/Feb/2025:01:02:44 +0100] "GET /ticket2/opencms/fi/login/?edid=9269E4E8-F0FC-CA07-8C2F-0DE80FBAAA7B HTTP/1.1" 200 91880
95.217.195.123 - - [19/Feb/2025:01:02:45 +0100] "GET /ticket2/opencms/en/buy/?page=1&edid=39289D35-63FA-63A2-5B00-1BD8BF9346B7 HTTP/1.1" 200 109421
185.191.171.12 - - [19/Feb/2025:01:02:46 +0100] "GET /ticket2/opencms/tr/magazine/article?title=manchester-city-dorduncu-yil-ust-uste-sampiyon HTTP/1.1" 200 94714
135.181.79.106 - - [19/Feb/2025:01:02:47 +0100] "GET /ticket2/opencms/fi/login/?edid=926ACBBD-4A91-ED01-6A91-10DEA54266C1 HTTP/1.1" 200 91835
40.77.167.70 - - [19/Feb/2025:01:02:49 +0100] "GET /ticket2/opencms/sv/buy/?page=1&edid=9250B98C-3D5F-37E6-7B39-001C84B580C7 HTTP/1.1" 200 111320
135.181.79.106 - - [19/Feb/2025:01:02:52 +0100] "GET /ticket2/opencms/fi/login/?edid=926BFD29-18E3-952E-0BD4-BEAEB20DA20D HTTP/1.1" 200 91801
95.217.195.123 - - [19/Feb/2025:01:02:53 +0100] "GET /ticket2/opencms/en/buy/?page=1&edid=4A644F79-03D4-1407-F30E-5603B128C97F HTTP/1.1" 200 110144
157.90.209.79 - - [19/Feb/2025:01:02:55 +0100] "GET /ticket2/opencms/hr/o-nama HTTP/1.1" 200 89651
185.191.171.6 - - [19/Feb/2025:01:02:56 +0100] "GET /ticket2/opencms/bs/magazine/article?title=allsvenskan-premier-liga-svedskog-fudbala HTTP/1.1" 200 93167
135.181.79.106 - - [19/Feb/2025:01:02:56 +0100] "GET /ticket2/opencms/fi/login/?edid=9273DEB2-F457-0858-0BB3-B58A6446A79C HTTP/1.1" 200 91835
54.36.148.93 - - [19/Feb/2025:01:02:57 +0100] "GET /ticket2/opencms/el/buy/?page=1&edid=F2D85B77-0146-9383-AAB8-AFEF60C3B51B HTTP/1.1" 200 114771
40.77.167.42 - - [19/Feb/2025:01:02:57 +0100] "GET /ticket2/opencms/en/buy?page=1&edid=718A7A5B-0864-7BB0-17EA-7D1DFF1DCA73 HTTP/1.1" 200 110060
95.217.195.123 - - [19/Feb/2025:01:02:59 +0100] "GET /ticket2/opencms/en/buy/?page=1&edid=4BA78F1B-E48D-30C2-5D4F-CB6F294B5082 HTTP/1.1" 200 109100
135.181.79.106 - - [19/Feb/2025:01:03:00 +0100] "GET /ticket2/opencms/fi/login/?edid=9535D3A0-5A91-E0DB-D06B-F31AB76E78BB HTTP/1.1" 200 91822
85.208.96.202 - - [19/Feb/2025:01:03:00 +0100] "GET /ticket2/opencms/sk/magazine/article?title=ako-vyzera-buducnost-pre-alexandra-isaka HTTP/1.1" 200 93248
135.181.79.106 - - [19/Feb/2025:01:03:04 +0100] "GET /ticket2/opencms/fi/login/?edid=95E6E611-0374-63DE-1FB9-733C295CC9A7 HTTP/1.1" 200 91879
66.249.76.161 - - [19/Feb/2025:01:03:04 +0100] "GET /ticket2/opencms/bg/buy?page=1&edid=FDE2CB1B-737B-857F-7431-BD450E7D3BBB&hlv=666d6f2d-4894-4d73-b0db-0c190a01000f HTTP/1.1" 200 139429
95.217.195.123 - - [19/Feb/2025:01:03:04 +0100] "GET /ticket2/opencms/en/buy/?page=1&edid=848957BE-8671-4A4D-3A5C-F9117B76047A HTTP/1.1" 200 109647
54.38.85.36 - - [19/Feb/2025:01:03:05 +0100] "GET /ticket2/opencms/en/buy/?page=1&edid=B08D5A43-3DF5-09B8-F7B3-031F806B8C69&sortorder=asc&column=price HTTP/1.1" 200 110931
157.90.209.79 - - [19/Feb/2025:01:03:05 +0100] "GET /ticket2/opencms/hr/partnerski-program HTTP/1.1" 200 90131
47.128.45.216 - - [19/Feb/2025:01:03:07 +0100] "GET /ticket2/opencms/be/buy/?catid=2CCC191C-F37F-B9CA-D41C-1204E575B328&comcatid=97ECA65A-72DA-F9AF-9DBB-245D3CFED1BE HTTP/1.1" 200 99150
54.38.85.36 - - [19/Feb/2025:01:03:09 +0100] "GET /ticket2/opencms/en/buy/?page=1&edid=B08D5A43-3DF5-09B8-F7B3-031F806B8C69&sortorder=asc&column=row HTTP/1.1" 200 110851
95.217.195.123 - - [19/Feb/2025:01:03:09 +0100] "GET /ticket2/opencms/en/buy/?page=1&edid=86B4B2B3-495F-6DCC-061F-2AA67B1599F7 HTTP/1.1" 200 108992
