47.128.50.47 - - [22/Feb/2025:13:41:51 +0100] "GET /ticket2/opencms/lv/ask-form.html HTTP/1.1" 200 3156
217.182.134.134 - - [22/Feb/2025:13:41:52 +0100] "GET /ticket2/opencms/fi/login/?edid=28497D8F-4767-7A9A-4DD0-10FEA1E4E740 HTTP/1.1" 200 91877
217.182.134.134 - - [22/Feb/2025:13:41:56 +0100] "GET /ticket2/opencms/fi/login/?edid=290CBF40-7E56-D6CB-CC78-308707AA99A3 HTTP/1.1" 200 91878
45.33.229.62 - - [22/Feb/2025:13:41:57 +0100] "GET /ticket2/opencms/it/search.html?searchQuery=Napoli+fiorentina+&submit= HTTP/1.1" 200 97036
54.36.148.46 - - [22/Feb/2025:13:41:57 +0100] "GET /ticket2/opencms/et/sport/jalgpallipiletid/serie-a/fiorentina HTTP/1.1" 200 99889
45.33.229.62 - - [22/Feb/2025:13:41:57 +0100] "GET /ticket2/opencms/system/modules/com.gridnine.opencms.ticketbrokerage.site/resources/js/standard.js HTTP/1.1" 200 3983
45.33.229.62 - - [22/Feb/2025:13:41:57 +0100] "GET /ticket2/opencms/it/buy/?page=1&edid=ACE9CA7D-7806-FEA9-5C42-376512A5CAAD HTTP/1.1" 200 90135
202.8.43.47 - - [22/Feb/2025:13:41:58 +0100] "GET /ticket2/opencms/system/modules/com.gridnine.opencms.ticketbrokerage.site/resources/css/ticketbrokerage.css HTTP/1.1" 200 39339
202.8.43.47 - - [22/Feb/2025:13:41:58 +0100] "GET /ticket2/opencms/system/modules/com.gridnine.opencms.ticketbrokerage.site/resources/css/calendar.css HTTP/1.1" 200 6871
202.8.43.47 - - [22/Feb/2025:13:41:58 +0100] "GET /ticket2/opencms/system/modules/com.gridnine.opencms.ticketbrokerage.site/resources/css/jquery-ui.css HTTP/1.1" 200 33221
202.8.43.47 - - [22/Feb/2025:13:41:58 +0100] "GET /ticket2/opencms/system/modules/com.gridnine.opencms.ticketbrokerage.site/resources/css/standard.css HTTP/1.1" 200 73904
202.8.43.47 - - [22/Feb/2025:13:41:58 +0100] "GET /ticket2/opencms/system/modules/com.gridnine.opencms.ticketbrokerage.site/resources/js/jquery/jquery-ui.js HTTP/1.1" 200 228088
202.8.43.47 - - [22/Feb/2025:13:41:58 +0100] "GET /ticket2/opencms/system/modules/com.gridnine.opencms.ticketbrokerage.site/resources/css/jquery.fancybox.css HTTP/1.1" 200 4939
202.8.43.47 - - [22/Feb/2025:13:41:58 +0100] "GET /ticket2/opencms/system/modules/com.gridnine.opencms.ticketbrokerage.site/resources/js/jquery/jquery.js HTTP/1.1" 200 93868
202.8.43.47 - - [22/Feb/2025:13:41:58 +0100] "GET /ticket2/opencms/system/modules/com.gridnine.opencms.ticketbrokerage.site/resources/js/functions.js HTTP/1.1" 200 1583
202.8.43.47 - - [22/Feb/2025:13:41:58 +0100] "GET /ticket2/opencms/system/modules/com.gridnine.opencms.ticketbrokerage.site/resources/js/calendar.js HTTP/1.1" 200 49229
202.8.43.47 - - [22/Feb/2025:13:41:58 +0100] "GET /ticket2/opencms/system/modules/com.gridnine.opencms.ticketbrokerage.site/resources/js/calendar-en.js HTTP/1.1" 200 3338
202.8.43.47 - - [22/Feb/2025:13:41:58 +0100] "GET /ticket2/opencms/system/modules/com.gridnine.opencms.ticketbrokerage.site/resources/js/calendar-setup.js HTTP/1.1" 200 4923
202.8.43.47 - - [22/Feb/2025:13:41:58 +0100] "GET /ticket2/opencms/system/modules/com.gridnine.opencms.ticketbrokerage.site/resources/js/jquery.fancybox.pack.js HTTP/1.1" 200 23187
202.8.43.47 - - [22/Feb/2025:13:41:58 +0100] "GET /ticket2/opencms/system/modules/com.gridnine.opencms.ticketbrokerage.site/resources/js/stickyfill.min.js HTTP/1.1" 200 5672
202.8.43.47 - - [22/Feb/2025:13:41:58 +0100] "GET /ticket2/opencms/system/modules/com.gridnine.opencms.ticketbrokerage.site/resources/js/standard.js HTTP/1.1" 200 3983
202.8.43.47 - - [22/Feb/2025:13:41:59 +0100] "GET /ticket2/opencms/system/modules/com.gridnine.opencms.ticketbrokerage.site/resources/js/jquery.placeholder.min.js HTTP/1.1" 200 1737
202.8.43.47 - - [22/Feb/2025:13:41:59 +0100] "GET /ticket2/opencms/system/modules/com.gridnine.opencms.ticketbrokerage.site/resources/js/common-ajax.js HTTP/1.1" 200 20175
217.182.134.134 - - [22/Feb/2025:13:41:59 +0100] "GET /ticket2/opencms/fi/login/?edid=294968E7-670E-500D-EF6F-F776CC397F5A HTTP/1.1" 200 91889
217.182.134.134 - - [22/Feb/2025:13:42:03 +0100] "GET /ticket2/opencms/fi/login/?edid=2A51ECF8-5DB5-F349-CC30-BF574AC78AE1 HTTP/1.1" 200 91809
195.191.219.133 - - [22/Feb/2025:13:42:04 +0100] "GET /ticket2/opencms/robots.txt HTTP/1.1" 200 773
54.36.148.33 - - [22/Feb/2025:13:42:06 +0100] "GET /ticket2/opencms/sq/buy/?page=1&edid=51B4378F-6A88-5221-C69B-C34E0BB6A16E HTTP/1.1" 200 118233
217.182.134.134 - - [22/Feb/2025:13:42:07 +0100] "GET /ticket2/opencms/fi/login/?edid=2B069145-96C4-9DB2-7920-56A0B5CF95BF HTTP/1.1" 200 91746
54.36.148.61 - - [22/Feb/2025:13:42:07 +0100] "GET /ticket2/opencms/no/buy/?page=1&edid=1B8F518C-70C1-6862-0544-4A1418DD424D HTTP/1.1" 200 110511
195.191.219.133 - - [22/Feb/2025:13:42:08 +0100] "GET /ticket2/opencms/sv/buy/?page=1&edid=46CB9550-4A60-EB44-0968-F0DC6C611ED2&sortorder=asc&column=section HTTP/1.1" 200 111867
185.191.171.6 - - [22/Feb/2025:13:42:09 +0100] "GET /ticket2/opencms/sk/magazine/article?title=fanusikovia-chelsea-reaguju-s-frustraciou HTTP/1.1" 200 93207
217.182.134.134 - - [22/Feb/2025:13:42:10 +0100] "GET /ticket2/opencms/fi/login/?edid=2B4B21AC-3A39-C63E-397C-084E798BD2FE HTTP/1.1" 200 91774
54.36.148.243 - - [22/Feb/2025:13:42:12 +0100] "GET /ticket2/opencms/sq/buy?page=1&edid=50B41314-485A-DCFC-6E02-326077D4DE43 HTTP/1.1" 200 112277
195.191.219.133 - - [22/Feb/2025:13:42:14 +0100] "GET /ticket2/opencms/sv/buy/?page=1&edid=4BE9945D-61CF-0C84-2CF6-8990DDEECD67&sortorder=asc&column=row HTTP/1.1" 200 112013
217.182.134.134 - - [22/Feb/2025:13:42:14 +0100] "GET /ticket2/opencms/fi/login/?edid=2BB46C82-776D-790E-346D-8BB7292ADA6F HTTP/1.1" 200 91785
217.182.134.134 - - [22/Feb/2025:13:42:18 +0100] "GET /ticket2/opencms/fi/login/?edid=2E1150D0-164B-6D57-A951-EE2A90A76DF8 HTTP/1.1" 200 91874
54.36.148.98 - - [22/Feb/2025:13:42:19 +0100] "GET /ticket2/opencms/pl/buy/?page=1&edid=B1B260FB-CC2B-FBC8-401E-5012AB84C2A6 HTTP/1.1" 200 108491
195.191.219.133 - - [22/Feb/2025:13:42:20 +0100] "GET /ticket2/opencms/sv/buy/?page=1&edid=4BE9945D-61CF-0C84-2CF6-8990DDEECD67&sortorder=desc&column=row HTTP/1.1" 200 112128
157.55.39.61 - - [22/Feb/2025:13:42:20 +0100] "GET /ticket2/opencms/be/buy/?comcatid=97ECA65A-72DA-F9AF-9DBB-245D3CFED1BE&catid=E3105E1E-3982-291E-5523-1C1DF161E9B7 HTTP/1.1" 200 99098
217.182.134.134 - - [22/Feb/2025:13:42:21 +0100] "GET /ticket2/opencms/fi/login/?edid=490280ED-96FA-5EC6-1DCC-A75EC34A3EFC HTTP/1.1" 200 91739
54.36.148.163 - - [22/Feb/2025:13:42:23 +0100] "GET /ticket2/opencms/ro/magazine/article?title=suntem-cea-mai-slaba-echipa-din-istoria-clubului HTTP/1.1" 200 93406
114.119.154.81 - - [22/Feb/2025:13:42:24 +0100] "GET /ticket2/opencms/es/buy?page=1&edid=10597F35-2AC7-31D2-FB61-15A36BB6D73B HTTP/1.1" 200 136151
217.182.134.134 - - [22/Feb/2025:13:42:25 +0100] "GET /ticket2/opencms/fi/login/?edid=5C822312-AD78-519B-498C-5A897678D6CE HTTP/1.1" 200 91858
195.191.219.133 - - [22/Feb/2025:13:42:26 +0100] "GET /ticket2/opencms/sv/buy/?page=1&edid=5C42EC8E-9887-895A-4D69-D41031BF64AE&sortorder=desc&column=price HTTP/1.1" 200 109085
193.68.89.51 - - [22/Feb/2025:13:42:27 +0100] "GET / HTTP/1.1" 404 -
185.191.171.6 - - [22/Feb/2025:13:42:28 +0100] "GET /ticket2/opencms/mt/magazine/article?title=premier-league-l-aktar-trasferimenti-interessanti-tat-tieqa-tat-trasferimenti HTTP/1.1" 200 95483
217.182.134.134 - - [22/Feb/2025:13:42:28 +0100] "GET /ticket2/opencms/fi/login/?edid=616E0307-EF5A-C0BC-E2E4-858595D5400D HTTP/1.1" 200 91876
114.119.143.233 - - [22/Feb/2025:13:42:30 +0100] "GET /ticket2/opencms/lv/buy?page=1&edid=5EBE19BA-6757-CAB7-B477-496B303A9553 HTTP/1.1" 200 110737
54.36.148.91 - - [22/Feb/2025:13:42:31 +0100] "GET /ticket2/opencms/es/buy?page=1&edid=F124BA86-A27C-2AAF-548B-4E7CAF608D73 HTTP/1.1" 200 90268
195.191.219.133 - - [22/Feb/2025:13:42:31 +0100] "GET /ticket2/opencms/sv/buy/?page=1&edid=60EFDC2E-D0E4-50A3-A8F0-F9555AFF82D2&sortorder=desc&column=section HTTP/1.1" 200 111938
217.182.134.134 - - [22/Feb/2025:13:42:32 +0100] "GET /ticket2/opencms/fi/login/?edid=7BA84921-7493-D469-9091-29990BCD69BA HTTP/1.1" 200 91883
54.36.148.158 - - [22/Feb/2025:13:42:35 +0100] "GET /ticket2/opencms/de/buy?page=1&edid=B706C05D-BD6B-FE19-B612-CFC9E579BDC9 HTTP/1.1" 200 111441
217.182.134.134 - - [22/Feb/2025:13:42:35 +0100] "GET /ticket2/opencms/fi/login/?edid=7DA6AFD0-1F4E-627C-789E-E465BB16D2D7 HTTP/1.1" 200 91733
119.13.105.0 - - [22/Feb/2025:13:42:36 +0100] "GET /ticket2/opencms/sq/buy?page=1&edid=5CC4C245-B3B0-1B51-B1DB-D9E8D9C1C476 HTTP/1.1" 200 125186
195.191.219.133 - - [22/Feb/2025:13:42:37 +0100] "GET /ticket2/opencms/sv/buy/?page=1&edid=A9166140-FA58-145B-C965-B5558AECD78F&sortorder=desc&column=section HTTP/1.1" 200 111395
66.249.66.68 - - [22/Feb/2025:13:42:37 +0100] "GET /ticket2/opencms/sk/buy?page=1&edid=CA57E371-B7B6-7A82-30F3-4C6A44E6AF53 HTTP/1.1" 200 112582
217.182.134.134 - - [22/Feb/2025:13:42:39 +0100] "GET /ticket2/opencms/fi/login/?edid=901D9A4F-321D-5CA8-6E1F-1A6F2E210960 HTTP/1.1" 200 91789
52.167.144.207 - - [22/Feb/2025:13:42:40 +0100] "GET /ticket2/opencms/lv/buy/?page=1&edid=0CBED0CE-AD48-5853-8CA7-767C378C5971 HTTP/1.1" 200 118127
66.249.92.132 - - [22/Feb/2025:13:42:41 +0100] "GET /ticket2/opencms/dk/sport/fodboldbilletter/premier-league/manchester-united/ HTTP/1.1" 200 100178
54.36.148.181 - - [22/Feb/2025:13:42:41 +0100] "GET /ticket2/opencms/pl/buy?page=1&edid=2684212B-FA50-DC4B-3CFA-1303E9638140 HTTP/1.1" 200 111196
47.128.42.53 - - [22/Feb/2025:13:42:42 +0100] "GET /ticket2/opencms/mt/magazine/article?title=bergvall-u-kulusevski-jispiraw HTTP/1.1" 200 94413
217.182.134.134 - - [22/Feb/2025:13:42:43 +0100] "GET /ticket2/opencms/fi/login/?edid=90D99CFD-1C4D-3E3E-708D-4C9851B5EDBE HTTP/1.1" 200 91870
195.191.219.133 - - [22/Feb/2025:13:42:43 +0100] "GET /ticket2/opencms/sv/buy/?page=1&edid=A976CD96-16BF-81BA-BF25-EB9127C74D96&sortorder=desc&column=row HTTP/1.1" 200 111812
54.36.148.71 - - [22/Feb/2025:13:42:45 +0100] "GET /ticket2/opencms/is/buy?page=1&edid=ED6B033E-FAAE-D3A6-3006-A43EA8437C62 HTTP/1.1" 200 116505
217.182.134.134 - - [22/Feb/2025:13:42:46 +0100] "GET /ticket2/opencms/fi/login/?edid=A50C9DBA-FE79-ABA2-A67C-ED9083C7A802 HTTP/1.1" 200 91882
195.191.219.133 - - [22/Feb/2025:13:42:47 +0100] "GET /ticket2/opencms/en/login/?edid=02E70633-B7C9-B546-F009-7238F851DD63 HTTP/1.1" 200 90143
54.36.148.215 - - [22/Feb/2025:13:42:50 +0100] "GET /ticket2/opencms/ro/magazine/article?title=kylian-mbappe-impresioneaza HTTP/1.1" 200 93119
217.182.134.134 - - [22/Feb/2025:13:42:50 +0100] "GET /ticket2/opencms/fi/login/?edid=A976CD96-16BF-81BA-BF25-EB9127C74D96 HTTP/1.1" 200 91926
195.191.219.133 - - [22/Feb/2025:13:42:51 +0100] "GET /ticket2/opencms/en/login/?edid=0D33199C-853B-C4DC-F1E2-6CF75BE0B211 HTTP/1.1" 200 90131
217.182.134.134 - - [22/Feb/2025:13:42:53 +0100] "GET /ticket2/opencms/fi/login/?edid=B0B4F143-21F3-1B35-1951-2883ED82D6C9 HTTP/1.1" 200 91863
185.191.171.14 - - [22/Feb/2025:13:42:54 +0100] "GET /ticket2/opencms/ro/magazine/article/ HTTP/1.1" 200 89125
195.191.219.133 - - [22/Feb/2025:13:42:55 +0100] "GET /ticket2/opencms/en/login/?edid=17ABEF83-A306-7DC9-F266-4B55FF85626E HTTP/1.1" 200 90104
54.36.148.208 - - [22/Feb/2025:13:42:56 +0100] "GET /ticket2/opencms/mt/buy?page=1&edid=ED6B033E-FAAE-D3A6-3006-A43EA8437C62 HTTP/1.1" 200 116810
217.182.134.134 - - [22/Feb/2025:13:42:57 +0100] "GET /ticket2/opencms/fi/login/?edid=B2EC6319-961E-C8DC-8D46-75DC537FCF1D HTTP/1.1" 200 91784
195.191.219.133 - - [22/Feb/2025:13:42:59 +0100] "GET /ticket2/opencms/en/login/?edid=1A120460-F552-9394-6AF8-4EDEC99D61C1 HTTP/1.1" 200 90068
217.182.134.134 - - [22/Feb/2025:13:43:01 +0100] "GET /ticket2/opencms/fi/login/?edid=B32E852F-2EA4-4937-1F1D-CCBCF4C81793 HTTP/1.1" 200 91784
195.191.219.133 - - [22/Feb/2025:13:43:03 +0100] "GET /ticket2/opencms/en/login/?edid=23770E06-A1F8-76AF-8450-3A3BE236B915 HTTP/1.1" 200 90068
217.182.134.134 - - [22/Feb/2025:13:43:04 +0100] "GET /ticket2/opencms/fi/login/?edid=B719043E-9C48-E7FF-4885-D1C11C25593E HTTP/1.1" 200 91831
195.191.219.133 - - [22/Feb/2025:13:43:07 +0100] "GET /ticket2/opencms/en/login/?edid=25D981B5-EF34-A032-B06C-2EE918ED8D2D HTTP/1.1" 200 90015
109.56.206.144 - - [22/Feb/2025:13:43:07 +0100] "GET /ticket2/opencms/set_aff_cookie.jsp?partner=INSERT-PARTNER-ID-HERE&url=%2Fen%2Fbuy%2Findex.html%3Fpage%3D1%26edid%3DDC4F64BB-84C6-452C-2BFD-138DC45E79DD%26hlv%3D666de06a-ddf8-469e-ac5b-6d8a0a01000f%23v1231872688 HTTP/1.1" 200 225
185.191.171.13 - - [22/Feb/2025:13:43:08 +0100] "GET /ticket2/opencms/pl/magazine/article?title=kup-bilety-na-bundeslige-na-ticket2com HTTP/1.1" 200 92795
114.119.157.112 - - [22/Feb/2025:13:43:08 +0100] "GET /ticket2/opencms/en/buy/?page=1&edid=D77C3C81-4104-68FC-D17C-0FCEE913D605 HTTP/1.1" 200 108897
217.182.134.134 - - [22/Feb/2025:13:43:08 +0100] "GET /ticket2/opencms/fi/login/?edid=C3C3C4B4-8DE9-0BBD-5349-6EF9935BCF15 HTTP/1.1" 200 91858
54.36.148.43 - - [22/Feb/2025:13:43:08 +0100] "GET /ticket2/opencms/fr/magazine/article?title=les-transferts-les-plus-chers-du-mercato-de-janvier HTTP/1.1" 200 93973
109.56.206.144 - - [22/Feb/2025:13:43:08 +0100] "GET /ticket2/opencms/en/buy/?page=1&edid=DC4F64BB-84C6-452C-2BFD-138DC45E79DD&hlv=666de06a-ddf8-469e-ac5b-6d8a0a01000f HTTP/1.1" 200 133502
109.56.206.144 - - [22/Feb/2025:13:43:08 +0100] "GET /ticket2/opencms/system/modules/com.gridnine.opencms.ticketbrokerage.site/resources/css/ticketbrokerage.css HTTP/1.1" 200 39339
109.56.206.144 - - [22/Feb/2025:13:43:08 +0100] "GET /ticket2/opencms/system/modules/com.gridnine.opencms.ticketbrokerage.site/resources/js/jquery/jquery.js HTTP/1.1" 200 93868
109.56.206.144 - - [22/Feb/2025:13:43:08 +0100] "GET /ticket2/opencms/system/modules/com.gridnine.opencms.ticketbrokerage.site/resources/js/jquery/jquery-ui.js HTTP/1.1" 200 228088
109.56.206.144 - - [22/Feb/2025:13:43:09 +0100] "GET /ticket2/opencms/system/modules/com.gridnine.opencms.ticketbrokerage.site/resources/js/functions.js HTTP/1.1" 200 1583
109.56.206.144 - - [22/Feb/2025:13:43:09 +0100] "GET /ticket2/opencms/system/modules/com.gridnine.opencms.ticketbrokerage.site/resources/css/calendar.css HTTP/1.1" 200 6871
109.56.206.144 - - [22/Feb/2025:13:43:09 +0100] "GET /ticket2/opencms/system/modules/com.gridnine.opencms.ticketbrokerage.site/resources/js/jquery.placeholder.min.js HTTP/1.1" 200 1737
109.56.206.144 - - [22/Feb/2025:13:43:09 +0100] "GET /ticket2/opencms/system/modules/com.gridnine.opencms.ticketbrokerage.site/resources/js/calendar.js HTTP/1.1" 200 49229
109.56.206.144 - - [22/Feb/2025:13:43:09 +0100] "GET /ticket2/opencms/system/modules/com.gridnine.opencms.ticketbrokerage.site/resources/js/calendar-en.js HTTP/1.1" 200 3338
109.56.206.144 - - [22/Feb/2025:13:43:09 +0100] "GET /ticket2/opencms/system/modules/com.gridnine.opencms.ticketbrokerage.site/resources/css/jquery-ui.css HTTP/1.1" 200 33221
109.56.206.144 - - [22/Feb/2025:13:43:09 +0100] "GET /ticket2/opencms/system/modules/com.gridnine.opencms.ticketbrokerage.site/resources/css/standard.css HTTP/1.1" 200 73904
109.56.206.144 - - [22/Feb/2025:13:43:09 +0100] "GET /ticket2/opencms/system/modules/com.gridnine.opencms.ticketbrokerage.site/resources/css/jquery.fancybox.css HTTP/1.1" 200 4939
109.56.206.144 - - [22/Feb/2025:13:43:09 +0100] "GET /ticket2/opencms/system/modules/com.gridnine.opencms.ticketbrokerage.site/resources/js/common-ajax.js HTTP/1.1" 200 20175
109.56.206.144 - - [22/Feb/2025:13:43:09 +0100] "GET /ticket2/opencms/system/modules/com.gridnine.opencms.ticketbrokerage.site/resources/js/calendar-setup.js HTTP/1.1" 200 4923
109.56.206.144 - - [22/Feb/2025:13:43:09 +0100] "GET /ticket2/opencms/system/modules/com.gridnine.opencms.ticketbrokerage.site/resources/js/jquery.fancybox.pack.js HTTP/1.1" 200 23187
109.56.206.144 - - [22/Feb/2025:13:43:09 +0100] "GET /ticket2/opencms/system/modules/com.gridnine.opencms.ticketbrokerage.site/resources/js/stickyfill.min.js HTTP/1.1" 200 5672
109.56.206.144 - - [22/Feb/2025:13:43:09 +0100] "GET /ticket2/opencms/system/modules/com.gridnine.opencms.ticketbrokerage.site/resources/js/standard.js HTTP/1.1" 200 3983
109.56.206.144 - - [22/Feb/2025:13:43:09 +0100] "GET /ticket2/opencms/system/modules/com.gridnine.opencms.ticketbrokerage.site/resources/pics/logo-new.png HTTP/1.1" 200 13541
109.56.206.144 - - [22/Feb/2025:13:43:09 +0100] "GET /ticket2/opencms/img/icons/globe-white.png HTTP/1.1" 200 947
109.56.206.144 - - [22/Feb/2025:13:43:09 +0100] "GET /ticket2/opencms/img/insta.png HTTP/1.1" 200 3967
109.56.206.144 - - [22/Feb/2025:13:43:09 +0100] "GET /ticket2/opencms/img/fb.png HTTP/1.1" 200 1269
109.56.206.144 - - [22/Feb/2025:13:43:09 +0100] "GET /ticket2/opencms/venue/Craven_Cottage.jpg HTTP/1.1" 200 185543
109.56.206.144 - - [22/Feb/2025:13:43:09 +0100] "GET /ticket2/opencms/system/modules/com.gridnine.opencms.ticketbrokerage.site/resources/pics/0.gif HTTP/1.1" 200 43
109.56.206.144 - - [22/Feb/2025:13:43:09 +0100] "GET /ticket2/opencms/img/icons/se.png HTTP/1.1" 200 1258
109.56.206.144 - - [22/Feb/2025:13:43:09 +0100] "GET /ticket2/opencms/system/modules/com.gridnine.opencms.ticketbrokerage.site/resources/pics/two_man.png HTTP/1.1" 200 3407
109.56.206.144 - - [22/Feb/2025:13:43:09 +0100] "GET /ticket2/opencms/img/icons/en.png HTTP/1.1" 200 2415
109.56.206.144 - - [22/Feb/2025:13:43:09 +0100] "GET /ticket2/opencms/system/modules/com.gridnine.opencms.ticketbrokerage.site/resources/pics/ticket_info_button.png HTTP/1.1" 200 3820
109.56.206.144 - - [22/Feb/2025:13:43:09 +0100] "GET /ticket2/opencms/system/modules/com.gridnine.opencms.ticketbrokerage.site/resources/pics/footer-img.jpg HTTP/1.1" 200 67642
109.56.206.144 - - [22/Feb/2025:13:43:09 +0100] "GET /ticket2/opencms/img/icons/fi.png HTTP/1.1" 200 1785
109.56.206.144 - - [22/Feb/2025:13:43:09 +0100] "GET /ticket2/opencms/img/check.png HTTP/1.1" 200 548
109.56.206.144 - - [22/Feb/2025:13:43:09 +0100] "GET /ticket2/opencms/img/icons/no.png HTTP/1.1" 200 1958
109.56.206.144 - - [22/Feb/2025:13:43:09 +0100] "GET /ticket2/opencms/img/chat.png HTTP/1.1" 200 416
109.56.206.144 - - [22/Feb/2025:13:43:09 +0100] "GET /ticket2/opencms/img/mail.png HTTP/1.1" 200 403
109.56.206.144 - - [22/Feb/2025:13:43:09 +0100] "GET /ticket2/opencms/img/icons/dk.png HTTP/1.1" 200 1706
109.56.206.144 - - [22/Feb/2025:13:43:09 +0100] "GET /ticket2/opencms/img/arrow.png HTTP/1.1" 200 753
109.56.206.144 - - [22/Feb/2025:13:43:09 +0100] "GET /ticket2/opencms/img/icons/nl.png HTTP/1.1" 200 1255
109.56.206.144 - - [22/Feb/2025:13:43:09 +0100] "GET /ticket2/opencms/en/ask-form.html HTTP/1.1" 200 3146
109.56.206.144 - - [22/Feb/2025:13:43:09 +0100] "GET /ticket2/opencms/system/modules/com.gridnine.opencms.ticketbrokerage.site/resources/pics/arrow.gif HTTP/1.1" 200 344
109.56.206.144 - - [22/Feb/2025:13:43:09 +0100] "GET /ticket2/opencms/system/modules/com.gridnine.opencms.ticketbrokerage.site/resources/css/ticketbrokerage.css HTTP/1.1" 200 39339
109.56.206.144 - - [22/Feb/2025:13:43:09 +0100] "GET /ticket2/opencms/img/icons/de.png HTTP/1.1" 200 1124
109.56.206.144 - - [22/Feb/2025:13:43:09 +0100] "GET /ticket2/opencms/img/icons/fr.png HTTP/1.1" 200 1764
109.56.206.144 - - [22/Feb/2025:13:43:09 +0100] "GET /ticket2/opencms/system/modules/com.gridnine.opencms.ticketbrokerage.site/resources/pics/form_marker.gif HTTP/1.1" 200 43
109.56.206.144 - - [22/Feb/2025:13:43:09 +0100] "GET /ticket2/opencms/system/modules/com.gridnine.opencms.ticketbrokerage.site/resources/pics/button1_left.gif HTTP/1.1" 200 232
109.56.206.144 - - [22/Feb/2025:13:43:09 +0100] "GET /ticket2/opencms/system/modules/com.gridnine.opencms.ticketbrokerage.site/resources/pics/button1_center.gif HTTP/1.1" 200 66
109.56.206.144 - - [22/Feb/2025:13:43:09 +0100] "GET /ticket2/opencms/system/modules/com.gridnine.opencms.ticketbrokerage.site/resources/pics/button1_right.gif HTTP/1.1" 200 232
109.56.206.144 - - [22/Feb/2025:13:43:09 +0100] "GET /ticket2/opencms/img/icons/es.png HTTP/1.1" 200 1005
109.56.206.144 - - [22/Feb/2025:13:43:09 +0100] "GET /ticket2/opencms/img/icons/it.png HTTP/1.1" 200 2040
109.56.206.144 - - [22/Feb/2025:13:43:09 +0100] "GET /ticket2/opencms/img/icons/pl.png HTTP/1.1" 200 1578
109.56.206.144 - - [22/Feb/2025:13:43:09 +0100] "GET /ticket2/opencms/img/icons/sq.png HTTP/1.1" 200 1619
109.56.206.144 - - [22/Feb/2025:13:43:09 +0100] "GET /ticket2/opencms/img/icons/az.png HTTP/1.1" 200 1445
109.56.206.144 - - [22/Feb/2025:13:43:09 +0100] "GET /ticket2/opencms/img/icons/be.png HTTP/1.1" 200 1663
109.56.206.144 - - [22/Feb/2025:13:43:10 +0100] "GET /ticket2/opencms/img/icons/bs.png HTTP/1.1" 200 1014
109.56.206.144 - - [22/Feb/2025:13:43:10 +0100] "GET /ticket2/opencms/img/icons/bg.png HTTP/1.1" 200 788
109.56.206.144 - - [22/Feb/2025:13:43:10 +0100] "GET /ticket2/opencms/img/icons/hr.png HTTP/1.1" 200 2024
109.56.206.144 - - [22/Feb/2025:13:43:10 +0100] "GET /ticket2/opencms/img/icons/cs.png HTTP/1.1" 200 1883
109.56.206.144 - - [22/Feb/2025:13:43:10 +0100] "GET /ticket2/opencms/img/icons/et.png HTTP/1.1" 200 754
109.56.206.144 - - [22/Feb/2025:13:43:10 +0100] "GET /ticket2/opencms/img/icons/el.png HTTP/1.1" 200 1637
109.56.206.144 - - [22/Feb/2025:13:43:10 +0100] "GET /ticket2/opencms/img/icons/ka.png HTTP/1.1" 200 860
109.56.206.144 - - [22/Feb/2025:13:43:10 +0100] "GET /ticket2/opencms/img/icons/hu.png HTTP/1.1" 200 733
109.56.206.144 - - [22/Feb/2025:13:43:10 +0100] "GET /ticket2/opencms/img/icons/ga.png HTTP/1.1" 200 1759
109.56.206.144 - - [22/Feb/2025:13:43:10 +0100] "GET /ticket2/opencms/img/icons/is.png HTTP/1.1" 200 1884
109.56.206.144 - - [22/Feb/2025:13:43:10 +0100] "GET /ticket2/opencms/img/icons/lv.png HTTP/1.1" 200 716
109.56.206.144 - - [22/Feb/2025:13:43:10 +0100] "GET /ticket2/opencms/img/icons/lt.png HTTP/1.1" 200 733
109.56.206.144 - - [22/Feb/2025:13:43:10 +0100] "GET /ticket2/opencms/img/icons/mt.png HTTP/1.1" 200 920
109.56.206.144 - - [22/Feb/2025:13:43:10 +0100] "GET /ticket2/opencms/img/icons/mo.png HTTP/1.1" 200 1468
109.56.206.144 - - [22/Feb/2025:13:43:10 +0100] "GET /ticket2/opencms/img/icons/ro.png HTTP/1.1" 200 1393
109.56.206.144 - - [22/Feb/2025:13:43:10 +0100] "GET /ticket2/opencms/img/icons/sr.png HTTP/1.1" 200 1602
109.56.206.144 - - [22/Feb/2025:13:43:10 +0100] "GET /ticket2/opencms/img/icons/sk.png HTTP/1.1" 200 1283
109.56.206.144 - - [22/Feb/2025:13:43:10 +0100] "GET /ticket2/opencms/img/icons/sl.png HTTP/1.1" 200 966
109.56.206.144 - - [22/Feb/2025:13:43:10 +0100] "GET /ticket2/opencms/img/icons/uk.png HTTP/1.1" 200 1272
109.56.206.144 - - [22/Feb/2025:13:43:10 +0100] "GET /ticket2/opencms/img/icons/tr.png HTTP/1.1" 200 1636
109.56.206.144 - - [22/Feb/2025:13:43:11 +0100] "GET /ticket2/opencms/img/arrow-down.png HTTP/1.1" 200 192
109.56.206.144 - - [22/Feb/2025:13:43:11 +0100] "GET /ticket2/opencms/system/modules/com.gridnine.opencms.ticketbrokerage.site/resources/js/standard.js HTTP/1.1" 200 3983
195.191.219.133 - - [22/Feb/2025:13:43:11 +0100] "GET /ticket2/opencms/en/login/?edid=294B34B7-D26A-7EEE-9B68-5B62B01DAC5D HTTP/1.1" 200 90078
109.56.206.144 - - [22/Feb/2025:13:43:11 +0100] "GET /ticket2/opencms/img/icons/ticket2.thumbnail.png HTTP/1.1" 200 21519
217.182.134.134 - - [22/Feb/2025:13:43:11 +0100] "GET /ticket2/opencms/fi/login/?edid=C43AF7C0-26BE-B2AE-78CB-C76D3232FCED HTTP/1.1" 200 91867
52.167.144.207 - - [22/Feb/2025:13:43:12 +0100] "GET /ticket2/opencms/dk/buy?page=1&edid=087FB859-A113-50B8-0909-1F0712CC3EED HTTP/1.1" 200 109388
54.36.149.21 - - [22/Feb/2025:13:43:12 +0100] "GET /ticket2/opencms/lt/buy?page=1&edid=00111C9B-5E02-77E7-9B39-8EFC1235AF29 HTTP/1.1" 200 118213
34.245.178.23 - - [22/Feb/2025:13:43:13 +0100] "GET /ticket2/opencms/ HTTP/1.1" 302 -
83.227.73.1 - - [22/Feb/2025:13:43:14 +0100] "GET /ticket2/opencms/sv/buy/?page=1&edid=B089B4B8-933D-AB70-BE65-2A133877E5AC HTTP/1.1" 200 135612
83.227.73.1 - - [22/Feb/2025:13:43:14 +0100] "GET /ticket2/opencms/system/modules/com.gridnine.opencms.ticketbrokerage.site/resources/css/ticketbrokerage.css HTTP/1.1" 200 39339
83.227.73.1 - - [22/Feb/2025:13:43:14 +0100] "GET /ticket2/opencms/system/modules/com.gridnine.opencms.ticketbrokerage.site/resources/js/jquery/jquery-ui.js HTTP/1.1" 200 228088
83.227.73.1 - - [22/Feb/2025:13:43:15 +0100] "GET /ticket2/opencms/system/modules/com.gridnine.opencms.ticketbrokerage.site/resources/css/calendar.css HTTP/1.1" 200 6871
83.227.73.1 - - [22/Feb/2025:13:43:15 +0100] "GET /ticket2/opencms/system/modules/com.gridnine.opencms.ticketbrokerage.site/resources/css/jquery.fancybox.css HTTP/1.1" 200 4939
83.227.73.1 - - [22/Feb/2025:13:43:15 +0100] "GET /ticket2/opencms/system/modules/com.gridnine.opencms.ticketbrokerage.site/resources/css/jquery-ui.css HTTP/1.1" 200 33221
83.227.73.1 - - [22/Feb/2025:13:43:15 +0100] "GET /ticket2/opencms/system/modules/com.gridnine.opencms.ticketbrokerage.site/resources/css/standard.css HTTP/1.1" 200 73904
83.227.73.1 - - [22/Feb/2025:13:43:15 +0100] "GET /ticket2/opencms/system/modules/com.gridnine.opencms.ticketbrokerage.site/resources/js/jquery/jquery.js HTTP/1.1" 200 93868
83.227.73.1 - - [22/Feb/2025:13:43:15 +0100] "GET /ticket2/opencms/system/modules/com.gridnine.opencms.ticketbrokerage.site/resources/js/functions.js HTTP/1.1" 200 1583
83.227.73.1 - - [22/Feb/2025:13:43:15 +0100] "GET /ticket2/opencms/system/modules/com.gridnine.opencms.ticketbrokerage.site/resources/js/calendar-en.js HTTP/1.1" 200 3338
83.227.73.1 - - [22/Feb/2025:13:43:15 +0100] "GET /ticket2/opencms/system/modules/com.gridnine.opencms.ticketbrokerage.site/resources/js/calendar.js HTTP/1.1" 200 49229
83.227.73.1 - - [22/Feb/2025:13:43:15 +0100] "GET /ticket2/opencms/system/modules/com.gridnine.opencms.ticketbrokerage.site/resources/js/calendar-setup.js HTTP/1.1" 200 4923
83.227.73.1 - - [22/Feb/2025:13:43:15 +0100] "GET /ticket2/opencms/system/modules/com.gridnine.opencms.ticketbrokerage.site/resources/js/jquery.fancybox.pack.js HTTP/1.1" 200 23187
83.227.73.1 - - [22/Feb/2025:13:43:15 +0100] "GET /ticket2/opencms/system/modules/com.gridnine.opencms.ticketbrokerage.site/resources/js/jquery.placeholder.min.js HTTP/1.1" 200 1737
83.227.73.1 - - [22/Feb/2025:13:43:15 +0100] "GET /ticket2/opencms/system/modules/com.gridnine.opencms.ticketbrokerage.site/resources/js/stickyfill.min.js HTTP/1.1" 200 5672
83.227.73.1 - - [22/Feb/2025:13:43:15 +0100] "GET /ticket2/opencms/system/modules/com.gridnine.opencms.ticketbrokerage.site/resources/js/common-ajax.js HTTP/1.1" 200 20175
83.227.73.1 - - [22/Feb/2025:13:43:15 +0100] "GET /ticket2/opencms/system/modules/com.gridnine.opencms.ticketbrokerage.site/resources/js/standard.js HTTP/1.1" 200 3983
83.227.73.1 - - [22/Feb/2025:13:43:15 +0100] "GET /ticket2/opencms/system/modules/com.gridnine.opencms.ticketbrokerage.site/resources/pics/logo-new.png HTTP/1.1" 200 13541
83.227.73.1 - - [22/Feb/2025:13:43:15 +0100] "GET /ticket2/opencms/img/insta.png HTTP/1.1" 200 3967
83.227.73.1 - - [22/Feb/2025:13:43:15 +0100] "GET /ticket2/opencms/img/fb.png HTTP/1.1" 200 1269
83.227.73.1 - - [22/Feb/2025:13:43:15 +0100] "GET /ticket2/opencms/venue/stamford_bridge.png HTTP/1.1" 200 51972
83.227.73.1 - - [22/Feb/2025:13:43:15 +0100] "GET /ticket2/opencms/system/modules/com.gridnine.opencms.ticketbrokerage.site/resources/pics/0.gif HTTP/1.1" 200 43
83.227.73.1 - - [22/Feb/2025:13:43:15 +0100] "GET /ticket2/opencms/system/modules/com.gridnine.opencms.ticketbrokerage.site/resources/pics/two_man.png HTTP/1.1" 200 3407
83.227.73.1 - - [22/Feb/2025:13:43:15 +0100] "GET /ticket2/opencms/system/modules/com.gridnine.opencms.ticketbrokerage.site/resources/pics/ticket_info_button.png HTTP/1.1" 200 3820
83.227.73.1 - - [22/Feb/2025:13:43:15 +0100] "GET /ticket2/opencms/system/modules/com.gridnine.opencms.ticketbrokerage.site/resources/pics/footer-img.jpg HTTP/1.1" 200 67642
83.227.73.1 - - [22/Feb/2025:13:43:15 +0100] "GET /ticket2/opencms/img/check.png HTTP/1.1" 200 548
83.227.73.1 - - [22/Feb/2025:13:43:15 +0100] "GET /ticket2/opencms/img/chat.png HTTP/1.1" 200 416
83.227.73.1 - - [22/Feb/2025:13:43:15 +0100] "GET /ticket2/opencms/img/mail.png HTTP/1.1" 200 403
83.227.73.1 - - [22/Feb/2025:13:43:15 +0100] "GET /ticket2/opencms/img/arrow.png HTTP/1.1" 200 753
83.227.73.1 - - [22/Feb/2025:13:43:15 +0100] "GET /ticket2/opencms/sv/ask-form.html HTTP/1.1" 200 2950
83.227.73.1 - - [22/Feb/2025:13:43:15 +0100] "GET /ticket2/opencms/system/modules/com.gridnine.opencms.ticketbrokerage.site/resources/pics/arrow.gif HTTP/1.1" 200 344
83.227.73.1 - - [22/Feb/2025:13:43:15 +0100] "GET /ticket2/opencms/system/modules/com.gridnine.opencms.ticketbrokerage.site/resources/pics/form_marker.gif HTTP/1.1" 200 43
83.227.73.1 - - [22/Feb/2025:13:43:15 +0100] "GET /ticket2/opencms/system/modules/com.gridnine.opencms.ticketbrokerage.site/resources/css/ticketbrokerage.css HTTP/1.1" 200 39339
83.227.73.1 - - [22/Feb/2025:13:43:15 +0100] "GET /ticket2/opencms/system/modules/com.gridnine.opencms.ticketbrokerage.site/resources/pics/button1_center.gif HTTP/1.1" 200 66
83.227.73.1 - - [22/Feb/2025:13:43:15 +0100] "GET /ticket2/opencms/system/modules/com.gridnine.opencms.ticketbrokerage.site/resources/pics/button1_left.gif HTTP/1.1" 200 232
83.227.73.1 - - [22/Feb/2025:13:43:15 +0100] "GET /ticket2/opencms/system/modules/com.gridnine.opencms.ticketbrokerage.site/resources/pics/button1_right.gif HTTP/1.1" 200 232
34.245.178.23 - - [22/Feb/2025:13:43:15 +0100] "GET /ticket2/opencms/en/ HTTP/1.1" 200 105400
83.227.73.1 - - [22/Feb/2025:13:43:15 +0100] "GET /ticket2/opencms/img/icons/globe-white.png HTTP/1.1" 200 947
195.191.219.133 - - [22/Feb/2025:13:43:15 +0100] "GET /ticket2/opencms/en/login/?edid=2DB0DC5C-F91F-2A0F-35EA-9FACCBBB9FD7 HTTP/1.1" 200 90110
83.227.73.1 - - [22/Feb/2025:13:43:16 +0100] "GET /ticket2/opencms/img/icons/se.png HTTP/1.1" 200 1258
83.227.73.1 - - [22/Feb/2025:13:43:16 +0100] "GET /ticket2/opencms/img/icons/en.png HTTP/1.1" 200 2415
83.227.73.1 - - [22/Feb/2025:13:43:16 +0100] "GET /ticket2/opencms/img/icons/fr.png HTTP/1.1" 200 1764
83.227.73.1 - - [22/Feb/2025:13:43:16 +0100] "GET /ticket2/opencms/img/icons/it.png HTTP/1.1" 200 2040
83.227.73.1 - - [22/Feb/2025:13:43:16 +0100] "GET /ticket2/opencms/img/icons/sq.png HTTP/1.1" 200 1619
83.227.73.1 - - [22/Feb/2025:13:43:16 +0100] "GET /ticket2/opencms/img/icons/no.png HTTP/1.1" 200 1958
83.227.73.1 - - [22/Feb/2025:13:43:16 +0100] "GET /ticket2/opencms/img/icons/be.png HTTP/1.1" 200 1663
83.227.73.1 - - [22/Feb/2025:13:43:16 +0100] "GET /ticket2/opencms/img/icons/bs.png HTTP/1.1" 200 1014
83.227.73.1 - - [22/Feb/2025:13:43:16 +0100] "GET /ticket2/opencms/img/icons/bg.png HTTP/1.1" 200 788
83.227.73.1 - - [22/Feb/2025:13:43:16 +0100] "GET /ticket2/opencms/img/icons/nl.png HTTP/1.1" 200 1255
83.227.73.1 - - [22/Feb/2025:13:43:16 +0100] "GET /ticket2/opencms/img/icons/hr.png HTTP/1.1" 200 2024
83.227.73.1 - - [22/Feb/2025:13:43:16 +0100] "GET /ticket2/opencms/img/icons/cs.png HTTP/1.1" 200 1883
83.227.73.1 - - [22/Feb/2025:13:43:16 +0100] "GET /ticket2/opencms/img/icons/et.png HTTP/1.1" 200 754
83.227.73.1 - - [22/Feb/2025:13:43:16 +0100] "GET /ticket2/opencms/img/icons/dk.png HTTP/1.1" 200 1706
83.227.73.1 - - [22/Feb/2025:13:43:16 +0100] "GET /ticket2/opencms/img/icons/el.png HTTP/1.1" 200 1637
83.227.73.1 - - [22/Feb/2025:13:43:16 +0100] "GET /ticket2/opencms/img/icons/hu.png HTTP/1.1" 200 733
83.227.73.1 - - [22/Feb/2025:13:43:16 +0100] "GET /ticket2/opencms/img/icons/ka.png HTTP/1.1" 200 860
83.227.73.1 - - [22/Feb/2025:13:43:16 +0100] "GET /ticket2/opencms/img/icons/is.png HTTP/1.1" 200 1884
83.227.73.1 - - [22/Feb/2025:13:43:16 +0100] "GET /ticket2/opencms/img/icons/ga.png HTTP/1.1" 200 1759
83.227.73.1 - - [22/Feb/2025:13:43:16 +0100] "GET /ticket2/opencms/img/icons/lv.png HTTP/1.1" 200 716
83.227.73.1 - - [22/Feb/2025:13:43:16 +0100] "GET /ticket2/opencms/img/icons/lt.png HTTP/1.1" 200 733
83.227.73.1 - - [22/Feb/2025:13:43:16 +0100] "GET /ticket2/opencms/img/icons/mt.png HTTP/1.1" 200 920
83.227.73.1 - - [22/Feb/2025:13:43:16 +0100] "GET /ticket2/opencms/img/icons/mo.png HTTP/1.1" 200 1468
83.227.73.1 - - [22/Feb/2025:13:43:16 +0100] "GET /ticket2/opencms/img/icons/ro.png HTTP/1.1" 200 1393
83.227.73.1 - - [22/Feb/2025:13:43:16 +0100] "GET /ticket2/opencms/img/icons/sr.png HTTP/1.1" 200 1602
83.227.73.1 - - [22/Feb/2025:13:43:16 +0100] "GET /ticket2/opencms/img/icons/sk.png HTTP/1.1" 200 1283
83.227.73.1 - - [22/Feb/2025:13:43:16 +0100] "GET /ticket2/opencms/img/icons/sl.png HTTP/1.1" 200 966
83.227.73.1 - - [22/Feb/2025:13:43:16 +0100] "GET /ticket2/opencms/img/icons/uk.png HTTP/1.1" 200 1272
83.227.73.1 - - [22/Feb/2025:13:43:16 +0100] "GET /ticket2/opencms/img/icons/tr.png HTTP/1.1" 200 1636
83.227.73.1 - - [22/Feb/2025:13:43:16 +0100] "GET /ticket2/opencms/img/icons/fi.png HTTP/1.1" 200 1785
83.227.73.1 - - [22/Feb/2025:13:43:16 +0100] "GET /ticket2/opencms/img/icons/es.png HTTP/1.1" 200 1005
83.227.73.1 - - [22/Feb/2025:13:43:16 +0100] "GET /ticket2/opencms/img/icons/pl.png HTTP/1.1" 200 1578
83.227.73.1 - - [22/Feb/2025:13:43:16 +0100] "GET /ticket2/opencms/img/arrow-down.png HTTP/1.1" 200 192
83.227.73.1 - - [22/Feb/2025:13:43:16 +0100] "GET /ticket2/opencms/img/icons/de.png HTTP/1.1" 200 1124
217.182.134.134 - - [22/Feb/2025:13:43:16 +0100] "GET /ticket2/opencms/fi/login/?edid=D0713995-7A61-911E-7E61-253175699AC7 HTTP/1.1" 200 91862
83.227.73.1 - - [22/Feb/2025:13:43:16 +0100] "GET /ticket2/opencms/img/icons/az.png HTTP/1.1" 200 1445
83.227.73.1 - - [22/Feb/2025:13:43:16 +0100] "GET /ticket2/opencms/system/modules/com.gridnine.opencms.ticketbrokerage.site/resources/js/standard.js HTTP/1.1" 200 3983
54.36.148.19 - - [22/Feb/2025:13:43:16 +0100] "GET /ticket2/opencms/fi/buy?page=1&edid=1ABC406A-92BD-FDCF-3BD6-80A52E60B34F HTTP/1.1" 200 144674
54.36.149.4 - - [22/Feb/2025:13:43:17 +0100] "GET /ticket2/opencms/ga/sport/ticeid-peile/serie-a/fiorentina HTTP/1.1" 200 100529
52.167.144.193 - - [22/Feb/2025:13:43:18 +0100] "GET /ticket2/opencms/en/buy?page=1&edid=23EAA0FB-D53B-B405-9176-C7B4F068B16E HTTP/1.1" 200 109930
202.8.43.29 - - [22/Feb/2025:13:43:18 +0100] "GET /ticket2/opencms/system/modules/com.gridnine.opencms.ticketbrokerage.site/resources/css/ticketbrokerage.css HTTP/1.1" 200 39339
202.8.43.29 - - [22/Feb/2025:13:43:18 +0100] "GET /ticket2/opencms/system/modules/com.gridnine.opencms.ticketbrokerage.site/resources/css/calendar.css HTTP/1.1" 200 6871
202.8.43.29 - - [22/Feb/2025:13:43:18 +0100] "GET /ticket2/opencms/system/modules/com.gridnine.opencms.ticketbrokerage.site/resources/css/jquery-ui.css HTTP/1.1" 200 33221
47.128.41.247 - - [22/Feb/2025:13:43:18 +0100] "GET /ticket2/opencms/az/buy/?edid=7C194BAF-9FF0-6E1C-8CF4-2340665F2A6E HTTP/1.1" 200 91724
202.8.43.29 - - [22/Feb/2025:13:43:18 +0100] "GET /ticket2/opencms/system/modules/com.gridnine.opencms.ticketbrokerage.site/resources/css/standard.css HTTP/1.1" 200 73904
202.8.43.29 - - [22/Feb/2025:13:43:18 +0100] "GET /ticket2/opencms/system/modules/com.gridnine.opencms.ticketbrokerage.site/resources/css/jquery.fancybox.css HTTP/1.1" 200 4939
202.8.43.29 - - [22/Feb/2025:13:43:18 +0100] "GET /ticket2/opencms/system/modules/com.gridnine.opencms.ticketbrokerage.site/resources/js/jquery/jquery.js HTTP/1.1" 200 93868
202.8.43.29 - - [22/Feb/2025:13:43:18 +0100] "GET /ticket2/opencms/system/modules/com.gridnine.opencms.ticketbrokerage.site/resources/js/jquery/jquery-ui.js HTTP/1.1" 200 228088
202.8.43.29 - - [22/Feb/2025:13:43:18 +0100] "GET /ticket2/opencms/system/modules/com.gridnine.opencms.ticketbrokerage.site/resources/js/calendar.js HTTP/1.1" 200 49229
202.8.43.29 - - [22/Feb/2025:13:43:18 +0100] "GET /ticket2/opencms/system/modules/com.gridnine.opencms.ticketbrokerage.site/resources/js/functions.js HTTP/1.1" 200 1583
202.8.43.29 - - [22/Feb/2025:13:43:18 +0100] "GET /ticket2/opencms/system/modules/com.gridnine.opencms.ticketbrokerage.site/resources/js/calendar-en.js HTTP/1.1" 200 3338
202.8.43.29 - - [22/Feb/2025:13:43:18 +0100] "GET /ticket2/opencms/system/modules/com.gridnine.opencms.ticketbrokerage.site/resources/js/calendar-setup.js HTTP/1.1" 200 4923
202.8.43.29 - - [22/Feb/2025:13:43:18 +0100] "GET /ticket2/opencms/system/modules/com.gridnine.opencms.ticketbrokerage.site/resources/js/jquery.fancybox.pack.js HTTP/1.1" 200 23187
202.8.43.29 - - [22/Feb/2025:13:43:19 +0100] "GET /ticket2/opencms/system/modules/com.gridnine.opencms.ticketbrokerage.site/resources/js/stickyfill.min.js HTTP/1.1" 200 5672
202.8.43.29 - - [22/Feb/2025:13:43:19 +0100] "GET /ticket2/opencms/system/modules/com.gridnine.opencms.ticketbrokerage.site/resources/js/standard.js HTTP/1.1" 200 3983
202.8.43.29 - - [22/Feb/2025:13:43:19 +0100] "GET /ticket2/opencms/system/modules/com.gridnine.opencms.ticketbrokerage.site/resources/js/jquery.placeholder.min.js HTTP/1.1" 200 1737
202.8.43.29 - - [22/Feb/2025:13:43:19 +0100] "GET /ticket2/opencms/system/modules/com.gridnine.opencms.ticketbrokerage.site/resources/js/common-ajax.js HTTP/1.1" 200 20175
195.191.219.133 - - [22/Feb/2025:13:43:20 +0100] "GET /ticket2/opencms/en/login/?edid=2E0F9D8B-B935-D8FF-F146-190C8D9F09B8 HTTP/1.1" 200 90036
217.182.134.134 - - [22/Feb/2025:13:43:20 +0100] "GET /ticket2/opencms/fi/login/?edid=D216C89C-1168-1804-250B-153C2E458950 HTTP/1.1" 200 91794
135.237.131.213 - - [22/Feb/2025:13:43:21 +0100] "GET /ticket2/opencms/robots.txt HTTP/1.1" 200 773
54.36.148.205 - - [22/Feb/2025:13:43:21 +0100] "GET /ticket2/opencms/bs/buy?page=1&edid=62132CB0-BE29-78AA-38D9-C99EEE6C98B0 HTTP/1.1" 200 111631
135.237.131.213 - - [22/Feb/2025:13:43:21 +0100] "GET /ticket2/opencms/sv/sport/fotbollsbiljetter/premier_league/liverpool/ HTTP/1.1" 200 101435
217.182.134.134 - - [22/Feb/2025:13:43:23 +0100] "GET /ticket2/opencms/fi/login/?edid=D4CC89D8-C6BE-2D95-9B37-B09774C7CD35 HTTP/1.1" 200 91832
195.191.219.133 - - [22/Feb/2025:13:43:24 +0100] "GET /ticket2/opencms/en/login/?edid=2F110274-C71F-5BF7-7AAC-162C2E4D1A7F HTTP/1.1" 200 90193
40.77.167.230 - - [22/Feb/2025:13:43:24 +0100] "GET /ticket2/opencms/uk/buy/?page=1&edid=0B7E5CA2-F588-894B-B701-64E6B9532C54 HTTP/1.1" 200 130079
89.8.59.221 - - [22/Feb/2025:13:43:25 +0100] "GET /ticket2/opencms/no/sport/fotballsbilletter/premier_league/?gad_source=5&gclid=EAIaIQobChMI35yYnafXiwMVhFORBR13ZBksEAAYASAEEgJyO_D_BwE HTTP/1.1" 200 98211
89.8.59.221 - - [22/Feb/2025:13:43:25 +0100] "GET /ticket2/opencms/system/modules/com.gridnine.opencms.ticketbrokerage.site/resources/css/ticketbrokerage.css HTTP/1.1" 200 39339
89.8.59.221 - - [22/Feb/2025:13:43:26 +0100] "GET /ticket2/opencms/system/modules/com.gridnine.opencms.ticketbrokerage.site/resources/css/calendar.css HTTP/1.1" 200 6871
89.8.59.221 - - [22/Feb/2025:13:43:26 +0100] "GET /ticket2/opencms/system/modules/com.gridnine.opencms.ticketbrokerage.site/resources/css/jquery-ui.css HTTP/1.1" 200 33221
89.8.59.221 - - [22/Feb/2025:13:43:26 +0100] "GET /ticket2/opencms/system/modules/com.gridnine.opencms.ticketbrokerage.site/resources/css/standard.css HTTP/1.1" 200 73904
89.8.59.221 - - [22/Feb/2025:13:43:26 +0100] "GET /ticket2/opencms/system/modules/com.gridnine.opencms.ticketbrokerage.site/resources/css/jquery.fancybox.css HTTP/1.1" 200 4939
89.8.59.221 - - [22/Feb/2025:13:43:26 +0100] "GET /ticket2/opencms/system/modules/com.gridnine.opencms.ticketbrokerage.site/resources/js/jquery/jquery.js HTTP/1.1" 200 93868
89.8.59.221 - - [22/Feb/2025:13:43:26 +0100] "GET /ticket2/opencms/system/modules/com.gridnine.opencms.ticketbrokerage.site/resources/js/jquery/jquery-ui.js HTTP/1.1" 200 228088
89.8.59.221 - - [22/Feb/2025:13:43:26 +0100] "GET /ticket2/opencms/system/modules/com.gridnine.opencms.ticketbrokerage.site/resources/js/functions.js HTTP/1.1" 200 1583
89.8.59.221 - - [22/Feb/2025:13:43:26 +0100] "GET /ticket2/opencms/system/modules/com.gridnine.opencms.ticketbrokerage.site/resources/js/calendar.js HTTP/1.1" 200 49229
89.8.59.221 - - [22/Feb/2025:13:43:26 +0100] "GET /ticket2/opencms/system/modules/com.gridnine.opencms.ticketbrokerage.site/resources/js/calendar-en.js HTTP/1.1" 200 3338
89.8.59.221 - - [22/Feb/2025:13:43:26 +0100] "GET /ticket2/opencms/system/modules/com.gridnine.opencms.ticketbrokerage.site/resources/js/calendar-setup.js HTTP/1.1" 200 4923
89.8.59.221 - - [22/Feb/2025:13:43:26 +0100] "GET /ticket2/opencms/system/modules/com.gridnine.opencms.ticketbrokerage.site/resources/js/jquery.fancybox.pack.js HTTP/1.1" 200 23187
89.8.59.221 - - [22/Feb/2025:13:43:26 +0100] "GET /ticket2/opencms/system/modules/com.gridnine.opencms.ticketbrokerage.site/resources/js/stickyfill.min.js HTTP/1.1" 200 5672
66.249.66.67 - - [22/Feb/2025:13:43:26 +0100] "GET /ticket2/opencms/en/buy/?page=6&comcatid=97ECA65A-72DA-F9AF-9DBB-245D3CFED1BE&catid=F7F89B9B-6697-7881-54AE-4C39276BF1B8%2525252525252525252525252525253Fpartner=5DA1B85A-5A44-4C00-C2EF-3DFF7E687A1D HTTP/1.1" 200 99152
89.8.59.221 - - [22/Feb/2025:13:43:26 +0100] "GET /ticket2/opencms/img/icons/se.png HTTP/1.1" 200 1258
89.8.59.221 - - [22/Feb/2025:13:43:26 +0100] "GET /ticket2/opencms/img/icons/en.png HTTP/1.1" 200 2415
89.8.59.221 - - [22/Feb/2025:13:43:26 +0100] "GET /ticket2/opencms/img/icons/fi.png HTTP/1.1" 200 1785
89.8.59.221 - - [22/Feb/2025:13:43:26 +0100] "GET /ticket2/opencms/img/icons/no.png HTTP/1.1" 200 1958
89.8.59.221 - - [22/Feb/2025:13:43:26 +0100] "GET /ticket2/opencms/img/icons/dk.png HTTP/1.1" 200 1706
89.8.59.221 - - [22/Feb/2025:13:43:27 +0100] "GET /ticket2/opencms/system/modules/com.gridnine.opencms.ticketbrokerage.site/resources/js/standard.js HTTP/1.1" 200 3983
217.182.134.134 - - [22/Feb/2025:13:43:27 +0100] "GET /ticket2/opencms/fi/login/?edid=D5B2D6C5-05F5-D4F7-03EB-C43AADCA2BD9 HTTP/1.1" 200 91803
89.8.59.221 - - [22/Feb/2025:13:43:27 +0100] "GET /ticket2/opencms/system/modules/com.gridnine.opencms.ticketbrokerage.site/resources/js/jquery.placeholder.min.js HTTP/1.1" 200 1737
89.8.59.221 - - [22/Feb/2025:13:43:27 +0100] "GET /ticket2/opencms/system/modules/com.gridnine.opencms.ticketbrokerage.site/resources/js/common-ajax.js HTTP/1.1" 200 20175
89.8.59.221 - - [22/Feb/2025:13:43:27 +0100] "GET /ticket2/opencms/system/modules/com.gridnine.opencms.ticketbrokerage.site/resources/pics/logo-new.png HTTP/1.1" 200 13541
89.8.59.221 - - [22/Feb/2025:13:43:27 +0100] "GET /ticket2/opencms/img/insta.png HTTP/1.1" 200 3967
89.8.59.221 - - [22/Feb/2025:13:43:27 +0100] "GET /ticket2/opencms/img/fb.png HTTP/1.1" 200 1269
89.8.59.221 - - [22/Feb/2025:13:43:27 +0100] "GET /ticket2/opencms/system/modules/com.gridnine.opencms.ticketbrokerage.site/resources/pics/footer-img.jpg HTTP/1.1" 200 67642
89.8.59.221 - - [22/Feb/2025:13:43:27 +0100] "GET /ticket2/opencms/system/modules/com.gridnine.opencms.ticketbrokerage.site/resources/pics/banners/sv/premier_league_sv.png HTTP/1.1" 200 13518
89.8.59.221 - - [22/Feb/2025:13:43:27 +0100] "GET /ticket2/opencms/img/check.png HTTP/1.1" 200 548
89.8.59.221 - - [22/Feb/2025:13:43:28 +0100] "GET /ticket2/opencms/img/mail.png HTTP/1.1" 200 403
89.8.59.221 - - [22/Feb/2025:13:43:28 +0100] "GET /ticket2/opencms/img/chat.png HTTP/1.1" 200 416
89.8.59.221 - - [22/Feb/2025:13:43:28 +0100] "GET /ticket2/opencms/img/arrow.png HTTP/1.1" 200 753
47.128.125.104 - - [22/Feb/2025:13:43:28 +0100] "GET /ticket2/opencms/fi/venue/?venueid=A502B85D-FA3A-D3A7-5EFE-6BCDFD24AF78 HTTP/1.1" 200 86896
195.191.219.133 - - [22/Feb/2025:13:43:28 +0100] "GET /ticket2/opencms/en/login/?edid=327C3DFA-5D4B-3C19-2350-F43C324B5A08 HTTP/1.1" 200 90078
54.36.149.60 - - [22/Feb/2025:13:43:28 +0100] "GET /ticket2/opencms/az/buy/?page=1&edid=FBDD6D75-E50D-E656-DD0D-140A87A57CDC HTTP/1.1" 200 109052
89.8.59.221 - - [22/Feb/2025:13:43:28 +0100] "GET /ticket2/opencms/img/icons/fr.png HTTP/1.1" 200 1764
89.8.59.221 - - [22/Feb/2025:13:43:28 +0100] "GET /ticket2/opencms/img/icons/globe-white.png HTTP/1.1" 200 947
89.8.59.221 - - [22/Feb/2025:13:43:28 +0100] "GET /ticket2/opencms/img/icons/nl.png HTTP/1.1" 200 1255
89.8.59.221 - - [22/Feb/2025:13:43:28 +0100] "GET /ticket2/opencms/img/icons/de.png HTTP/1.1" 200 1124
89.8.59.221 - - [22/Feb/2025:13:43:28 +0100] "GET /ticket2/opencms/img/icons/es.png HTTP/1.1" 200 1005
89.8.59.221 - - [22/Feb/2025:13:43:28 +0100] "GET /ticket2/opencms/img/icons/it.png HTTP/1.1" 200 2040
89.8.59.221 - - [22/Feb/2025:13:43:29 +0100] "GET /ticket2/opencms/img/icons/pl.png HTTP/1.1" 200 1578
89.8.59.221 - - [22/Feb/2025:13:43:29 +0100] "GET /ticket2/opencms/img/icons/az.png HTTP/1.1" 200 1445
89.8.59.221 - - [22/Feb/2025:13:43:29 +0100] "GET /ticket2/opencms/img/icons/bg.png HTTP/1.1" 200 788
89.8.59.221 - - [22/Feb/2025:13:43:29 +0100] "GET /ticket2/opencms/img/icons/bs.png HTTP/1.1" 200 1014
89.8.59.221 - - [22/Feb/2025:13:43:29 +0100] "GET /ticket2/opencms/img/icons/sq.png HTTP/1.1" 200 1619
89.8.59.221 - - [22/Feb/2025:13:43:29 +0100] "GET /ticket2/opencms/img/icons/be.png HTTP/1.1" 200 1663
89.8.59.221 - - [22/Feb/2025:13:43:29 +0100] "GET /ticket2/opencms/img/icons/hr.png HTTP/1.1" 200 2024
89.8.59.221 - - [22/Feb/2025:13:43:29 +0100] "GET /ticket2/opencms/img/icons/cs.png HTTP/1.1" 200 1883
89.8.59.221 - - [22/Feb/2025:13:43:29 +0100] "GET /ticket2/opencms/img/icons/et.png HTTP/1.1" 200 754
89.8.59.221 - - [22/Feb/2025:13:43:29 +0100] "GET /ticket2/opencms/img/icons/el.png HTTP/1.1" 200 1637
89.8.59.221 - - [22/Feb/2025:13:43:29 +0100] "GET /ticket2/opencms/img/icons/ka.png HTTP/1.1" 200 860
89.8.59.221 - - [22/Feb/2025:13:43:29 +0100] "GET /ticket2/opencms/img/icons/hu.png HTTP/1.1" 200 733
89.8.59.221 - - [22/Feb/2025:13:43:29 +0100] "GET /ticket2/opencms/img/icons/ga.png HTTP/1.1" 200 1759
89.8.59.221 - - [22/Feb/2025:13:43:29 +0100] "GET /ticket2/opencms/img/icons/is.png HTTP/1.1" 200 1884
89.8.59.221 - - [22/Feb/2025:13:43:29 +0100] "GET /ticket2/opencms/img/icons/lt.png HTTP/1.1" 200 733
89.8.59.221 - - [22/Feb/2025:13:43:29 +0100] "GET /ticket2/opencms/img/icons/mo.png HTTP/1.1" 200 1468
89.8.59.221 - - [22/Feb/2025:13:43:29 +0100] "GET /ticket2/opencms/img/icons/mt.png HTTP/1.1" 200 920
89.8.59.221 - - [22/Feb/2025:13:43:29 +0100] "GET /ticket2/opencms/img/icons/lv.png HTTP/1.1" 200 716
89.8.59.221 - - [22/Feb/2025:13:43:29 +0100] "GET /ticket2/opencms/img/icons/ro.png HTTP/1.1" 200 1393
89.8.59.221 - - [22/Feb/2025:13:43:29 +0100] "GET /ticket2/opencms/img/icons/sr.png HTTP/1.1" 200 1602
89.8.59.221 - - [22/Feb/2025:13:43:29 +0100] "GET /ticket2/opencms/img/icons/uk.png HTTP/1.1" 200 1272
89.8.59.221 - - [22/Feb/2025:13:43:29 +0100] "GET /ticket2/opencms/img/icons/sk.png HTTP/1.1" 200 1283
89.8.59.221 - - [22/Feb/2025:13:43:29 +0100] "GET /ticket2/opencms/img/icons/sl.png HTTP/1.1" 200 966
89.8.59.221 - - [22/Feb/2025:13:43:29 +0100] "GET /ticket2/opencms/img/icons/tr.png HTTP/1.1" 200 1636
89.8.59.221 - - [22/Feb/2025:13:43:29 +0100] "GET /ticket2/opencms/img/icons/ticket2.thumbnail.png HTTP/1.1" 200 21519
89.8.59.221 - - [22/Feb/2025:13:43:30 +0100] "GET /ticket2/opencms/system/modules/com.gridnine.opencms.ticketbrokerage.site/resources/js/standard.js HTTP/1.1" 200 3983
217.182.134.134 - - [22/Feb/2025:13:43:31 +0100] "GET /ticket2/opencms/fi/login/?edid=DBC2FDA7-391E-9027-A160-9B0C7C1D5DD1 HTTP/1.1" 200 91864
195.191.219.133 - - [22/Feb/2025:13:43:32 +0100] "GET /ticket2/opencms/en/login/?edid=367C01C8-55E8-5761-77A6-1E1A5784FE1B HTTP/1.1" 200 90087
54.36.148.65 - - [22/Feb/2025:13:43:33 +0100] "GET /ticket2/opencms/az/buy?page=1&edid=ED6B033E-FAAE-D3A6-3006-A43EA8437C62 HTTP/1.1" 200 116997
217.182.134.134 - - [22/Feb/2025:13:43:34 +0100] "GET /ticket2/opencms/fi/login/?edid=E03AE744-355D-69D5-3B87-2D4C867BA506 HTTP/1.1" 200 91781
195.191.219.133 - - [22/Feb/2025:13:43:36 +0100] "GET /ticket2/opencms/en/login/?edid=3724421D-8712-70E6-408D-D3669BC23C72 HTTP/1.1" 200 90060
217.182.134.134 - - [22/Feb/2025:13:43:38 +0100] "GET /ticket2/opencms/fi/login/?edid=E1965183-0A48-4447-AB23-0EA8BEA65874 HTTP/1.1" 200 91839
54.36.148.253 - - [22/Feb/2025:13:43:40 +0100] "GET /ticket2/opencms/lv/buy?page=1&edid=00111C9B-5E02-77E7-9B39-8EFC1235AF29 HTTP/1.1" 200 118109
52.167.144.207 - - [22/Feb/2025:13:43:40 +0100] "GET /ticket2/opencms/es/buy?page=1&edid=0E242BED-F9C4-7AD5-EA2B-690179F26AFE HTTP/1.1" 200 112068
195.191.219.133 - - [22/Feb/2025:13:43:40 +0100] "GET /ticket2/opencms/en/login/?edid=37380B2C-E618-0540-419D-D41F0C1EB3BB HTTP/1.1" 200 90107
217.182.134.134 - - [22/Feb/2025:13:43:41 +0100] "GET /ticket2/opencms/fi/login/?edid=E6A0D150-7FB8-206E-FF7A-726E9CDFB1A5 HTTP/1.1" 200 91746
54.36.148.226 - - [22/Feb/2025:13:43:43 +0100] "GET /ticket2/opencms/nl/buy?page=1&edid=71FF0DDB-994C-2EA5-7C18-3DECE9AE5101 HTTP/1.1" 200 109995
54.36.149.66 - - [22/Feb/2025:13:43:44 +0100] "GET /ticket2/opencms/it/magazine/article?title=luka-modric-rimane-al-real-madrid HTTP/1.1" 200 94905
195.191.219.133 - - [22/Feb/2025:13:43:44 +0100] "GET /ticket2/opencms/en/login/?edid=39CE18F1-523A-9D20-B500-C2DA07819EFF HTTP/1.1" 200 90052
217.182.134.134 - - [22/Feb/2025:13:43:45 +0100] "GET /ticket2/opencms/fi/login/?edid=E8DC3225-DF07-A0B7-224F-8F7C178BD934 HTTP/1.1" 200 91826
54.36.149.76 - - [22/Feb/2025:13:43:46 +0100] "GET /ticket2/opencms/ro/buy?page=1&edid=E66C4511-572E-0FE6-424C-55176043377C HTTP/1.1" 200 108927
195.191.219.133 - - [22/Feb/2025:13:43:48 +0100] "GET /ticket2/opencms/en/login/?edid=3C7EBEA7-7266-C804-23AD-B0064BA349FA HTTP/1.1" 200 90038
217.182.134.134 - - [22/Feb/2025:13:43:48 +0100] "GET /ticket2/opencms/fi/login/?edid=EF26FDDE-8C99-4747-2A55-F2DBC8C242A7 HTTP/1.1" 200 91789
54.36.149.101 - - [22/Feb/2025:13:43:50 +0100] "GET /ticket2/opencms/ro/sport/bilete-fotbal/bundesliga/bayern-munchen HTTP/1.1" 200 100336
185.191.171.14 - - [22/Feb/2025:13:43:51 +0100] "GET /ticket2/opencms/is/magazine/article?title=thyda-eftirfarandi-texta-a-islensku-luton HTTP/1.1" 200 93144
202.8.40.22 - - [22/Feb/2025:13:43:51 +0100] "GET /ticket2/opencms/system/modules/com.gridnine.opencms.ticketbrokerage.site/resources/css/jquery-ui.css HTTP/1.1" 200 33221
202.8.40.22 - - [22/Feb/2025:13:43:51 +0100] "GET /ticket2/opencms/system/modules/com.gridnine.opencms.ticketbrokerage.site/resources/css/ticketbrokerage.css HTTP/1.1" 200 39339
202.8.40.22 - - [22/Feb/2025:13:43:51 +0100] "GET /ticket2/opencms/system/modules/com.gridnine.opencms.ticketbrokerage.site/resources/css/calendar.css HTTP/1.1" 200 6871
