40.77.167.78 - - [22/Feb/2025:13:31:14 +0100] "GET /ticket2/opencms/pl/magazine/article?title=alexander-isak-bije-rekordy HTTP/1.1" 200 92517
40.77.167.78 - - [22/Feb/2025:13:31:15 +0100] "GET /ticket2/opencms/pl/magazine/article?title=neymar-wraca-do-domu HTTP/1.1" 200 92661
217.182.134.134 - - [22/Feb/2025:13:31:15 +0100] "GET /ticket2/opencms/en/buy/?page=1&edid=028BD9CD-FB54-2ACE-6838-AA954A93FDE4&sortorder=asc&column=row HTTP/1.1" 200 110826
40.77.167.78 - - [22/Feb/2025:13:31:16 +0100] "GET /ticket2/opencms/pl/magazine/article?title=jestesmy-najslabsza-druzyna-w-historii-klubu HTTP/1.1" 200 92924
217.182.134.134 - - [22/Feb/2025:13:31:19 +0100] "GET /ticket2/opencms/en/buy/?page=1&edid=339EBE6C-7CB3-D64A-7E36-EDEE00BC8C46&sortorder=asc&column=price HTTP/1.1" 200 110948
54.36.148.205 - - [22/Feb/2025:13:31:20 +0100] "GET /ticket2/opencms/fi/buy?page=1&edid=2623FB3F-281B-22C8-3425-BF900A46AC08 HTTP/1.1" 200 108342
157.55.39.59 - - [22/Feb/2025:13:31:21 +0100] "GET /ticket2/opencms/pl/magazine/article?title=graham-potter-ze-szwecji-do-premier-league HTTP/1.1" 200 97297
216.244.66.238 - - [22/Feb/2025:13:31:22 +0100] "GET /ticket2/opencms/is/buy?page=1&edid=9927BCC2-FA16-923C-5EB8-2829DF05AF74 HTTP/1.1" 200 112000
157.55.39.59 - - [22/Feb/2025:13:31:22 +0100] "GET /ticket2/opencms/pl/magazine/article?title=please-provide-the-text-you-need-translated-into-polish HTTP/1.1" 200 93393
217.182.175.146 - - [22/Feb/2025:13:31:22 +0100] "GET /ticket2/opencms/se/fi/buy/?page=1&edid=1B85E671-6747-EEED-C5AD-3D35965D294E HTTP/1.1" 404 -
217.182.134.134 - - [22/Feb/2025:13:31:22 +0100] "GET /ticket2/opencms/en/buy/?page=1&edid=339EBE6C-7CB3-D64A-7E36-EDEE00BC8C46&sortorder=asc&column=row HTTP/1.1" 200 110773
217.182.134.134 - - [22/Feb/2025:13:31:26 +0100] "GET /ticket2/opencms/en/buy/?page=1&edid=339EBE6C-7CB3-D64A-7E36-EDEE00BC8C46&sortorder=asc&column=section HTTP/1.1" 200 111022
216.244.66.196 - - [22/Feb/2025:13:31:26 +0100] "GET /ticket2/opencms/bs/magazine/article?title=alexander-isak-obara-rekorde HTTP/1.1" 200 92340
66.249.66.67 - - [22/Feb/2025:13:31:27 +0100] "GET /ticket2/opencms/bg/buy/?page=1&edid=718A7A5B-0864-7BB0-17EA-7D1DFF1DCA73&hlv=66d03856-1538-486c-b408-73150a01000f HTTP/1.1" 200 115748
47.128.19.52 - - [22/Feb/2025:13:31:27 +0100] "GET /ticket2/opencms/nl/buy?page=1&edid=5C3AFB2F-2529-59CA-3E55-76B2E3B91E86 HTTP/1.1" 200 109588
47.128.19.52 - - [22/Feb/2025:13:31:29 +0100] "GET /ticket2/opencms/nl/ask-form.html HTTP/1.1" 200 3015
217.182.175.146 - - [22/Feb/2025:13:31:29 +0100] "GET /ticket2/opencms/se/fi/buy/?page=1&edid=1C1D8A2C-DD52-CC8A-6EFB-9F36A0C90537 HTTP/1.1" 404 -
217.182.134.134 - - [22/Feb/2025:13:31:30 +0100] "GET /ticket2/opencms/en/buy/?page=1&edid=340E5BC0-0678-0F69-8AB7-C49A393DA512&sortorder=asc&column=row HTTP/1.1" 200 109820
101.44.66.62 - - [22/Feb/2025:13:31:31 +0100] "GET /ticket2/opencms/sq/buy?page=1&edid=31B9C446-A8DC-95DD-A849-35A34B746A74 HTTP/1.1" 200 132612
114.119.154.207 - - [22/Feb/2025:13:31:32 +0100] "GET /ticket2/opencms/es/buy/?page=1&edid=397521D5-C7AB-930B-258F-17E9104F07FF HTTP/1.1" 200 90356
54.36.148.95 - - [22/Feb/2025:13:31:33 +0100] "GET /ticket2/opencms/be/buy/?page=1&edid=7122E03D-6477-8F00-8197-FB4687732D5A HTTP/1.1" 200 114340
217.182.134.134 - - [22/Feb/2025:13:31:33 +0100] "GET /ticket2/opencms/en/buy/?page=1&edid=356B89ED-8C47-F470-B89D-02FAEFE4B7E6&sortorder=desc&column=section HTTP/1.1" 200 110362
195.191.219.131 - - [22/Feb/2025:13:31:34 +0100] "GET /ticket2/opencms/se/robots.txt HTTP/1.1" 404 -
216.244.66.196 - - [22/Feb/2025:13:31:35 +0100] "GET /ticket2/opencms/et/buy?page=1&edid=1EC9B49C-3E71-53D7-479D-7C922516D58E HTTP/1.1" 200 112266
217.182.175.146 - - [22/Feb/2025:13:31:35 +0100] "GET /ticket2/opencms/se/fi/buy/?page=1&edid=1CC13C34-74D6-88D1-EBB8-E9618A558CB4&sortorder=asc&column=price HTTP/1.1" 404 -
85.208.96.203 - - [22/Feb/2025:13:31:36 +0100] "GET /ticket2/opencms/be/about/contact/ HTTP/1.1" 200 87414
217.182.134.134 - - [22/Feb/2025:13:31:37 +0100] "GET /ticket2/opencms/en/buy/?page=1&edid=356D13C4-7F27-ADF4-5EFD-44013FC98EF2&sortorder=desc&column=price HTTP/1.1" 200 110336
54.36.148.151 - - [22/Feb/2025:13:31:40 +0100] "GET /ticket2/opencms/bg/sport/futbolni-bileti/english-championship/rotherham/ HTTP/1.1" 200 99136
217.182.134.134 - - [22/Feb/2025:13:31:40 +0100] "GET /ticket2/opencms/en/buy/?page=1&edid=42D53B45-7F4F-2704-4721-7FDBFDD48C06&sortorder=asc&column=section HTTP/1.1" 200 111054
217.182.175.146 - - [22/Feb/2025:13:31:42 +0100] "GET /ticket2/opencms/se/fi/buy/?page=1&edid=1D655237-217E-C5C5-21D7-85A16C37AFF4&sortorder=asc&column=price HTTP/1.1" 404 -
195.191.219.131 - - [22/Feb/2025:13:31:43 +0100] "GET /ticket2/opencms/sv/ HTTP/1.1" 200 106804
217.182.134.134 - - [22/Feb/2025:13:31:44 +0100] "GET /ticket2/opencms/en/buy/?page=1&edid=4452F62E-90C8-F872-950B-D888704DB265&sortorder=asc&column=row HTTP/1.1" 200 110831
54.36.149.89 - - [22/Feb/2025:13:31:45 +0100] "GET /ticket2/opencms/nl/buy?page=1&edid=32359E59-20A4-8706-5D64-A284D441A719 HTTP/1.1" 200 109542
216.244.66.196 - - [22/Feb/2025:13:31:45 +0100] "GET /ticket2/opencms/sk/buy?page=1&edid=06839E1C-8CA0-2766-B39C-B161E06D9E51 HTTP/1.1" 200 111876
217.182.134.134 - - [22/Feb/2025:13:31:47 +0100] "GET /ticket2/opencms/en/buy/?page=1&edid=4452F62E-90C8-F872-950B-D888704DB265&sortorder=asc&column=section HTTP/1.1" 200 110913
85.208.96.199 - - [22/Feb/2025:13:31:47 +0100] "GET /ticket2/opencms/robots.txt HTTP/1.1" 200 773
185.191.171.19 - - [22/Feb/2025:13:31:49 +0100] "GET /ticket2/opencms/bs/magazine/article?title=manchester-city-protiv-queens-park-rangers HTTP/1.1" 200 94437
217.182.175.146 - - [22/Feb/2025:13:31:49 +0100] "GET /ticket2/opencms/se/fi/buy/?page=1&edid=1D655237-217E-C5C5-21D7-85A16C37AFF4&sortorder=asc&column=row HTTP/1.1" 404 -
47.128.34.212 - - [22/Feb/2025:13:31:49 +0100] "GET /ticket2/opencms/sr/buy/?edid=51141EB3-B375-D16D-CA84-E949B19945AA HTTP/1.1" 200 92106
54.36.148.235 - - [22/Feb/2025:13:31:49 +0100] "GET /ticket2/opencms/hu/buy/?page=1&edid=BC5D7CD2-EB5B-8786-D71A-5AE6232D27A7 HTTP/1.1" 200 112241
216.244.66.238 - - [22/Feb/2025:13:31:50 +0100] "GET /ticket2/opencms/mt/buy?page=1&edid=5D04F461-F492-990A-38B5-F3397FE93D4C HTTP/1.1" 200 112313
217.182.134.134 - - [22/Feb/2025:13:31:51 +0100] "GET /ticket2/opencms/en/buy/?page=1&edid=492C270D-AAEA-3890-F385-951BFDA8F433 HTTP/1.1" 200 110072
54.36.148.19 - - [22/Feb/2025:13:31:53 +0100] "GET /ticket2/opencms/uk/buy/?page=1&edid=BC5D7CD2-EB5B-8786-D71A-5AE6232D27A7 HTTP/1.1" 200 114438
217.182.134.134 - - [22/Feb/2025:13:31:54 +0100] "GET /ticket2/opencms/en/buy/?page=1&edid=4AECB71E-9E06-6EB7-B63B-B603F3E03F24&sortorder=asc&column=section HTTP/1.1" 200 110786
47.128.124.134 - - [22/Feb/2025:13:31:55 +0100] "GET /ticket2/opencms/mo/magazine/article?title=aston-villa HTTP/1.1" 200 92026
217.182.175.146 - - [22/Feb/2025:13:31:56 +0100] "GET /ticket2/opencms/se/fi/buy/?page=1&edid=1D655237-217E-C5C5-21D7-85A16C37AFF4&sortorder=asc&column=section HTTP/1.1" 404 -
54.36.149.73 - - [22/Feb/2025:13:31:58 +0100] "GET /ticket2/opencms/fr/buy/?page=1&edid=8D067D33-4AB8-CD99-805B-FBEC01127522 HTTP/1.1" 200 108325
217.182.134.134 - - [22/Feb/2025:13:31:58 +0100] "GET /ticket2/opencms/en/buy/?page=1&edid=4AECE806-ED85-4753-01F5-684957AFF442&sortorder=asc&column=price HTTP/1.1" 200 110968
185.191.171.8 - - [22/Feb/2025:13:32:00 +0100] "GET /ticket2/opencms/be HTTP/1.1" 200 109078
47.76.209.138 - - [22/Feb/2025:13:32:00 +0100] "HEAD /ticket2/opencms/robots.txt HTTP/1.1" 200 -
217.182.134.134 - - [22/Feb/2025:13:32:01 +0100] "GET /ticket2/opencms/en/buy/?page=1&edid=4AECE806-ED85-4753-01F5-684957AFF442&sortorder=asc&column=row HTTP/1.1" 200 110839
47.76.209.138 - - [22/Feb/2025:13:32:02 +0100] "GET /ticket2/opencms/robots.txt HTTP/1.1" 200 773
185.191.171.6 - - [22/Feb/2025:13:32:02 +0100] "GET /ticket2/opencms/hr/magazine/article?title=manchester-city-prvaci-cetvrtu-godinu-zaredom HTTP/1.1" 200 94115
217.182.175.146 - - [22/Feb/2025:13:32:03 +0100] "GET /ticket2/opencms/se/fi/buy/?page=1&edid=1E4491F9-AF0C-74BE-85D7-1954F8C349B8&sortorder=desc&column=row HTTP/1.1" 404 -
54.36.149.54 - - [22/Feb/2025:13:32:05 +0100] "GET /ticket2/opencms/cs/buy?page=1&edid=ED6B033E-FAAE-D3A6-3006-A43EA8437C62 HTTP/1.1" 200 116618
217.182.134.134 - - [22/Feb/2025:13:32:05 +0100] "GET /ticket2/opencms/en/buy/?page=1&edid=4AECE806-ED85-4753-01F5-684957AFF442&sortorder=asc&column=section HTTP/1.1" 200 111000
114.119.153.152 - - [22/Feb/2025:13:32:06 +0100] "GET /ticket2/opencms/mk/buy?page=1&edid=3C740BD7-5418-89D5-329F-E2AA5410EB01 HTTP/1.1" 404 -
217.182.134.134 - - [22/Feb/2025:13:32:09 +0100] "GET /ticket2/opencms/en/buy/?page=1&edid=4AECE806-ED85-4753-01F5-684957AFF442&sortorder=desc&column=price HTTP/1.1" 200 111003
217.182.175.146 - - [22/Feb/2025:13:32:09 +0100] "GET /ticket2/opencms/se/fi/buy/?page=1&edid=1E4491F9-AF0C-74BE-85D7-1954F8C349B8&sortorder=desc&column=section HTTP/1.1" 404 -
52.167.144.149 - - [22/Feb/2025:13:32:10 +0100] "GET /ticket2/opencms/it/buy/?page=1&edid=A3FF7EFF-5154-08F6-7974-2175C0FBE1D6 HTTP/1.1" 200 111601
54.36.148.210 - - [22/Feb/2025:13:32:10 +0100] "GET /ticket2/opencms/cs/buy/?page=1&edid=BC5D7CD2-EB5B-8786-D71A-5AE6232D27A7 HTTP/1.1" 200 112057
185.191.171.17 - - [22/Feb/2025:13:32:10 +0100] "GET /ticket2/opencms/be/magazine/article?title=arsenal-and-tottenham-share-in-an-epic-4-4-match-on-october-29-2008 HTTP/1.1" 200 96352
217.182.134.134 - - [22/Feb/2025:13:32:12 +0100] "GET /ticket2/opencms/en/buy/?page=1&edid=4AECE806-ED85-4753-01F5-684957AFF442&sortorder=desc&column=row HTTP/1.1" 200 110937
54.36.148.11 - - [22/Feb/2025:13:32:13 +0100] "GET /ticket2/opencms/robots.txt HTTP/1.1" 200 773
54.36.149.52 - - [22/Feb/2025:13:32:14 +0100] "GET /ticket2/opencms/tr/buy?page=1&edid=2684212B-FA50-DC4B-3CFA-1303E9638140 HTTP/1.1" 200 111472
217.182.134.134 - - [22/Feb/2025:13:32:16 +0100] "GET /ticket2/opencms/en/buy/?page=1&edid=4AECE806-ED85-4753-01F5-684957AFF442&sortorder=desc&column=section HTTP/1.1" 200 111078
114.119.140.111 - - [22/Feb/2025:13:32:16 +0100] "GET /ticket2/opencms/es/buy?page=1&edid=830F2AEC-7FB6-11C1-AD11-54BD6744D648 HTTP/1.1" 200 111330
217.182.175.146 - - [22/Feb/2025:13:32:17 +0100] "GET /ticket2/opencms/se/fi/buy/?page=1&edid=1EBC220F-DC4B-8D2C-D8E4-51D66799F0B5 HTTP/1.1" 404 -
54.36.148.250 - - [22/Feb/2025:13:32:17 +0100] "GET /ticket2/opencms/bs/buy?page=1&edid=096598FE-DA35-4351-DFEE-DC9ACA0F0EF9 HTTP/1.1" 200 134884
52.167.144.157 - - [22/Feb/2025:13:32:18 +0100] "GET /ticket2/opencms/sv/magazine/article?title=newcastle HTTP/1.1" 200 90939
54.36.148.32 - - [22/Feb/2025:13:32:18 +0100] "GET /ticket2/opencms/mt/magazine/article?title=arsenal-qegdin-joqorbu-lejn-liverpool HTTP/1.1" 200 93008
216.244.66.238 - - [22/Feb/2025:13:32:19 +0100] "GET /ticket2/opencms/no/buy?page=1&edid=CC8DED61-0C66-0B3A-4D0C-E79A7C7B9D4F HTTP/1.1" 200 110941
217.182.134.134 - - [22/Feb/2025:13:32:19 +0100] "GET /ticket2/opencms/en/buy/?page=1&edid=4ED59769-62CD-4944-D65C-674ED335D7FB&sortorder=asc&column=section HTTP/1.1" 200 108995
217.182.134.134 - - [22/Feb/2025:13:32:23 +0100] "GET /ticket2/opencms/en/buy/?page=1&edid=4F1B6DF5-628F-F25D-981B-BD9489467C6D&sortorder=asc&column=row HTTP/1.1" 200 89499
217.182.175.146 - - [22/Feb/2025:13:32:24 +0100] "GET /ticket2/opencms/se/fi/buy/?page=1&edid=1EF4E706-5097-0A86-8C15-17846FC7046D&sortorder=desc&column=row HTTP/1.1" 404 -
54.36.148.48 - - [22/Feb/2025:13:32:25 +0100] "GET /ticket2/opencms/nl/buy?page=1&edid=3834B79A-5D67-764F-EEC4-EB2411D57169 HTTP/1.1" 200 106260
111.119.194.214 - - [22/Feb/2025:13:32:26 +0100] "GET /ticket2/opencms/sq/buy?page=1&edid=FF78E5AF-B575-E137-254B-7D951914395E HTTP/1.1" 200 112250
85.208.96.203 - - [22/Feb/2025:13:32:27 +0100] "GET /ticket2/opencms/sk/magazine/article?title=bezne-pojmy-vo-futbale HTTP/1.1" 200 97848
217.182.134.134 - - [22/Feb/2025:13:32:27 +0100] "GET /ticket2/opencms/en/buy/?page=1&edid=4F1B6DF5-628F-F25D-981B-BD9489467C6D&sortorder=asc&column=section HTTP/1.1" 200 89581
54.36.149.24 - - [22/Feb/2025:13:32:30 +0100] "GET /ticket2/opencms/az/sport/futbol-biletleri/champions-league/inter HTTP/1.1" 200 92805
217.182.134.134 - - [22/Feb/2025:13:32:30 +0100] "GET /ticket2/opencms/en/buy/?page=1&edid=4F5F2F24-80BD-6547-D9D6-BCF29FE11E3D&sortorder=asc&column=price HTTP/1.1" 200 110029
217.182.175.146 - - [22/Feb/2025:13:32:31 +0100] "GET /ticket2/opencms/se/fi/buy/?page=1&edid=3BBD975B-CD80-19CD-39B3-6B02A79DC4AD&sortorder=desc&column=section HTTP/1.1" 404 -
217.182.134.134 - - [22/Feb/2025:13:32:34 +0100] "GET /ticket2/opencms/en/buy/?page=1&edid=4F5F2F24-80BD-6547-D9D6-BCF29FE11E3D&sortorder=asc&column=row HTTP/1.1" 200 110079
54.36.148.222 - - [22/Feb/2025:13:32:37 +0100] "GET /ticket2/opencms/sv/buy?page=1&edid=DCF22239-47F2-2282-C13B-85FCE1D7C913 HTTP/1.1" 200 135678
217.182.134.134 - - [22/Feb/2025:13:32:38 +0100] "GET /ticket2/opencms/en/buy/?page=1&edid=4F5F2F24-80BD-6547-D9D6-BCF29FE11E3D&sortorder=asc&column=section HTTP/1.1" 200 110131
217.182.175.146 - - [22/Feb/2025:13:32:38 +0100] "GET /ticket2/opencms/se/fi/buy/?page=1&edid=3F81A579-C5D8-A8AE-791F-F6F1E7AD279B&sortorder=asc&column=price HTTP/1.1" 404 -
217.182.134.134 - - [22/Feb/2025:13:32:41 +0100] "GET /ticket2/opencms/en/buy/?page=1&edid=4F6C5186-5A04-C7DA-43D4-22E25E850382&sortorder=asc&column=row HTTP/1.1" 200 111404
54.36.148.205 - - [22/Feb/2025:13:32:43 +0100] "GET /ticket2/opencms/be/buy?page=1&edid=299450E2-FDAD-4E2B-0058-6290A7A2B57D HTTP/1.1" 200 114337
217.182.175.146 - - [22/Feb/2025:13:32:44 +0100] "GET /ticket2/opencms/se/fi/buy/?page=1&edid=3F81A579-C5D8-A8AE-791F-F6F1E7AD279B&sortorder=desc&column=price HTTP/1.1" 404 -
217.182.134.134 - - [22/Feb/2025:13:32:45 +0100] "GET /ticket2/opencms/en/buy/?page=1&edid=4F6C5186-5A04-C7DA-43D4-22E25E850382&sortorder=asc&column=section HTTP/1.1" 200 111488
216.244.66.238 - - [22/Feb/2025:13:32:45 +0100] "GET /ticket2/opencms/pl/buy?page=1&edid=9927BCC2-FA16-923C-5EB8-2829DF05AF74 HTTP/1.1" 200 112000
54.36.148.245 - - [22/Feb/2025:13:32:46 +0100] "GET /ticket2/opencms/it/buy/?page=1&edid=4CA369BE-7848-7A9B-1CC8-A6F58FD34D24 HTTP/1.1" 200 111519
217.182.134.134 - - [22/Feb/2025:13:32:49 +0100] "GET /ticket2/opencms/en/buy/?page=1&edid=A443FF53-1C00-C4E0-1D4A-9FD8734D5FCD&sortorder=desc&column=price HTTP/1.1" 200 109900
54.36.148.75 - - [22/Feb/2025:13:32:50 +0100] "GET /ticket2/opencms/nl/buy?page=1&edid=EF89CCE1-4D67-63A5-1697-6B7EBB76F5C8 HTTP/1.1" 200 112265
217.182.175.146 - - [22/Feb/2025:13:32:51 +0100] "GET /ticket2/opencms/se/fi/buy/?page=1&edid=40B479D3-21EE-894D-F38D-1B68A6108A49&sortorder=desc&column=price HTTP/1.1" 404 -
202.8.41.173 - - [22/Feb/2025:13:32:51 +0100] "GET /ticket2/opencms/system/modules/com.gridnine.opencms.ticketbrokerage.site/resources/css/jquery-ui.css HTTP/1.1" 200 33221
202.8.41.173 - - [22/Feb/2025:13:32:51 +0100] "GET /ticket2/opencms/system/modules/com.gridnine.opencms.ticketbrokerage.site/resources/css/ticketbrokerage.css HTTP/1.1" 200 39339
202.8.41.173 - - [22/Feb/2025:13:32:51 +0100] "GET /ticket2/opencms/system/modules/com.gridnine.opencms.ticketbrokerage.site/resources/css/standard.css HTTP/1.1" 200 73904
202.8.41.173 - - [22/Feb/2025:13:32:51 +0100] "GET /ticket2/opencms/system/modules/com.gridnine.opencms.ticketbrokerage.site/resources/css/calendar.css HTTP/1.1" 200 6871
202.8.41.173 - - [22/Feb/2025:13:32:51 +0100] "GET /ticket2/opencms/system/modules/com.gridnine.opencms.ticketbrokerage.site/resources/css/jquery.fancybox.css HTTP/1.1" 200 4939
202.8.41.173 - - [22/Feb/2025:13:32:51 +0100] "GET /ticket2/opencms/system/modules/com.gridnine.opencms.ticketbrokerage.site/resources/js/jquery/jquery.js HTTP/1.1" 200 93868
202.8.41.173 - - [22/Feb/2025:13:32:51 +0100] "GET /ticket2/opencms/system/modules/com.gridnine.opencms.ticketbrokerage.site/resources/js/jquery/jquery-ui.js HTTP/1.1" 200 228088
202.8.41.173 - - [22/Feb/2025:13:32:51 +0100] "GET /ticket2/opencms/system/modules/com.gridnine.opencms.ticketbrokerage.site/resources/js/functions.js HTTP/1.1" 200 1583
202.8.41.173 - - [22/Feb/2025:13:32:51 +0100] "GET /ticket2/opencms/system/modules/com.gridnine.opencms.ticketbrokerage.site/resources/js/calendar.js HTTP/1.1" 200 49229
202.8.41.173 - - [22/Feb/2025:13:32:51 +0100] "GET /ticket2/opencms/system/modules/com.gridnine.opencms.ticketbrokerage.site/resources/js/calendar-en.js HTTP/1.1" 200 3338
202.8.41.173 - - [22/Feb/2025:13:32:51 +0100] "GET /ticket2/opencms/system/modules/com.gridnine.opencms.ticketbrokerage.site/resources/js/calendar-setup.js HTTP/1.1" 200 4923
202.8.41.173 - - [22/Feb/2025:13:32:51 +0100] "GET /ticket2/opencms/system/modules/com.gridnine.opencms.ticketbrokerage.site/resources/js/jquery.fancybox.pack.js HTTP/1.1" 200 23187
202.8.41.173 - - [22/Feb/2025:13:32:51 +0100] "GET /ticket2/opencms/system/modules/com.gridnine.opencms.ticketbrokerage.site/resources/js/stickyfill.min.js HTTP/1.1" 200 5672
202.8.41.173 - - [22/Feb/2025:13:32:51 +0100] "GET /ticket2/opencms/system/modules/com.gridnine.opencms.ticketbrokerage.site/resources/js/standard.js HTTP/1.1" 200 3983
202.8.41.173 - - [22/Feb/2025:13:32:52 +0100] "GET /ticket2/opencms/system/modules/com.gridnine.opencms.ticketbrokerage.site/resources/js/jquery.placeholder.min.js HTTP/1.1" 200 1737
202.8.41.173 - - [22/Feb/2025:13:32:52 +0100] "GET /ticket2/opencms/system/modules/com.gridnine.opencms.ticketbrokerage.site/resources/js/common-ajax.js HTTP/1.1" 200 20175
202.8.41.173 - - [22/Feb/2025:13:32:52 +0100] "GET /ticket2/opencms/nl/ask-form.html HTTP/1.1" 200 3015
202.8.41.173 - - [22/Feb/2025:13:32:52 +0100] "GET /ticket2/opencms/system/modules/com.gridnine.opencms.ticketbrokerage.site/resources/css/ticketbrokerage.css HTTP/1.1" 200 39339
217.182.134.134 - - [22/Feb/2025:13:32:52 +0100] "GET /ticket2/opencms/en/buy/?page=1&edid=A443FF53-1C00-C4E0-1D4A-9FD8734D5FCD&sortorder=desc&column=section HTTP/1.1" 200 110008
54.36.148.176 - - [22/Feb/2025:13:32:55 +0100] "GET /ticket2/opencms/ka/buy/?page=1&edid=BC5D7CD2-EB5B-8786-D71A-5AE6232D27A7 HTTP/1.1" 200 118197
52.167.144.184 - - [22/Feb/2025:13:32:55 +0100] "GET /ticket2/opencms/is/buy/?page=1&edid=6E8F24AB-74B3-3F4A-83EB-4CBDFC2D46B9 HTTP/1.1" 200 112550
217.182.134.134 - - [22/Feb/2025:13:32:56 +0100] "GET /ticket2/opencms/en/buy/?page=1&edid=A6856250-01E2-4A1B-464C-68CA574A3D4C&sortorder=desc&column=price HTTP/1.1" 200 111450
217.182.134.134 - - [22/Feb/2025:13:32:59 +0100] "GET /ticket2/opencms/en/buy/?page=1&edid=A6856250-01E2-4A1B-464C-68CA574A3D4C&sortorder=desc&column=row HTTP/1.1" 200 111479
66.249.66.67 - - [22/Feb/2025:13:33:00 +0100] "GET /ticket2/opencms/et/buy?page=1&edid=5A8732CC-AF4A-0CF1-393F-1AFA3ED17001&hlv=66d6004b-6764-4a7e-8623-372e0a01000f HTTP/1.1" 200 113112
217.182.175.146 - - [22/Feb/2025:13:33:03 +0100] "GET /ticket2/opencms/se/fi/buy/?page=1&edid=4224939F-C5ED-BCC9-2F5E-1F887689BD23&sortorder=desc&column=section HTTP/1.1" 404 -
217.182.134.134 - - [22/Feb/2025:13:33:03 +0100] "GET /ticket2/opencms/en/buy/?page=1&edid=A6856250-01E2-4A1B-464C-68CA574A3D4C&sortorder=desc&column=section HTTP/1.1" 200 111609
54.36.149.14 - - [22/Feb/2025:13:33:05 +0100] "GET /ticket2/opencms/fi/buy?page=1&edid=C8C69015-BCBB-8460-663E-8B2E58614425 HTTP/1.1" 200 111469
217.182.134.134 - - [22/Feb/2025:13:33:06 +0100] "GET /ticket2/opencms/en/buy/?page=1&edid=A89451B2-BC6C-DC3D-54DB-F195056B0913&sortorder=asc&column=price HTTP/1.1" 200 110072
217.182.175.146 - - [22/Feb/2025:13:33:10 +0100] "GET /ticket2/opencms/se/fi/buy/?page=1&edid=422EB97D-0E0E-B647-A5B3-675991D54797&sortorder=desc&column=section HTTP/1.1" 404 -
217.182.134.134 - - [22/Feb/2025:13:33:10 +0100] "GET /ticket2/opencms/en/buy/?page=1&edid=A89451B2-BC6C-DC3D-54DB-F195056B0913&sortorder=asc&column=row HTTP/1.1" 200 109997
114.119.131.180 - - [22/Feb/2025:13:33:10 +0100] "GET /ticket2/opencms/en/buy/?page=10&eventid=CB858627-FD0B-7DB5-96E3-81B2EDFB367F&venueid=E649B15F-1340-1561-C110-0CA0784E39A8 HTTP/1.1" 200 92807
216.244.66.238 - - [22/Feb/2025:13:33:10 +0100] "GET /ticket2/opencms/tr/buy?page=1&edid=8B0071A4-A4EC-E1F3-D002-1B401FF711AE HTTP/1.1" 200 90535
54.36.148.72 - - [22/Feb/2025:13:33:11 +0100] "GET /ticket2/opencms/it/buy/?page=1&edid=BD719054-11F0-C21F-E1D7-4BD8F12BE51A HTTP/1.1" 200 90272
217.182.134.134 - - [22/Feb/2025:13:33:13 +0100] "GET /ticket2/opencms/en/buy/?page=1&edid=A8A6D3C9-B1E7-79C5-28A7-E71AF952B2B5&sortorder=asc&column=row HTTP/1.1" 200 111491
47.128.97.101 - - [22/Feb/2025:13:33:15 +0100] "GET /ticket2/opencms/ro/magazine/article?title=despre-arsenal-fc HTTP/1.1" 200 93919
54.36.148.81 - - [22/Feb/2025:13:33:16 +0100] "GET /ticket2/opencms/fr/magazine/article?title=kylian-mbappe-impressionne HTTP/1.1" 200 93153
217.182.175.146 - - [22/Feb/2025:13:33:16 +0100] "GET /ticket2/opencms/se/fi/buy/?page=1&edid=42CC057E-BFC3-051F-A141-2DFBCF82629E&sortorder=desc&column=price HTTP/1.1" 404 -
217.182.134.134 - - [22/Feb/2025:13:33:17 +0100] "GET /ticket2/opencms/en/buy/?page=1&edid=A8A6D3C9-B1E7-79C5-28A7-E71AF952B2B5&sortorder=asc&column=section HTTP/1.1" 200 111619
47.128.97.101 - - [22/Feb/2025:13:33:20 +0100] "GET /ticket2/opencms/img/arsenal2komp.jpg HTTP/1.1" 200 5233613
217.182.134.134 - - [22/Feb/2025:13:33:21 +0100] "GET /ticket2/opencms/en/buy/?page=1&edid=A8A6D3C9-B1E7-79C5-28A7-E71AF952B2B5&sortorder=desc&column=price HTTP/1.1" 200 111669
54.36.149.63 - - [22/Feb/2025:13:33:21 +0100] "GET /ticket2/opencms/it/buy/?page=1&edid=BD5ED709-E550-ECCC-FE1D-2E85747011DF HTTP/1.1" 200 90203
185.191.171.17 - - [22/Feb/2025:13:33:21 +0100] "GET /ticket2/opencms/no/sport/fotballsbilletter/bundesliga/borussia-dortmund/ HTTP/1.1" 200 97032
124.243.183.209 - - [22/Feb/2025:13:33:22 +0100] "GET /ticket2/opencms/sq/buy?page=1&edid=8FFE0788-2709-C502-CA4D-587F95D9A794 HTTP/1.1" 200 112927
217.182.134.134 - - [22/Feb/2025:13:33:24 +0100] "GET /ticket2/opencms/en/buy/?page=1&edid=A8A6D3C9-B1E7-79C5-28A7-E71AF952B2B5&sortorder=desc&column=section HTTP/1.1" 200 111744
217.182.175.146 - - [22/Feb/2025:13:33:24 +0100] "GET /ticket2/opencms/se/fi/buy/?page=1&edid=42D53B45-7F4F-2704-4721-7FDBFDD48C06&sortorder=desc&column=row HTTP/1.1" 404 -
54.36.149.36 - - [22/Feb/2025:13:33:25 +0100] "GET /ticket2/opencms/cs/sport/fotbalove-listky/english-championship/rotherham/ HTTP/1.1" 200 98171
217.182.134.134 - - [22/Feb/2025:13:33:28 +0100] "GET /ticket2/opencms/en/buy/?page=1&edid=AF97ABE2-861D-FC72-98BD-465ED5205D7B&sortorder=asc&column=section HTTP/1.1" 200 111407
54.36.148.61 - - [22/Feb/2025:13:33:30 +0100] "GET /ticket2/opencms/nl/buy?page=1&edid=750C6040-29F7-425D-A24F-51B977F415A3 HTTP/1.1" 200 135162
217.182.175.146 - - [22/Feb/2025:13:33:31 +0100] "GET /ticket2/opencms/se/fi/buy/?page=1&edid=43CBC4C0-E5B1-CD57-35C4-0C49D165E36B&sortorder=desc&column=price HTTP/1.1" 404 -
217.182.134.134 - - [22/Feb/2025:13:33:31 +0100] "GET /ticket2/opencms/en/buy/?page=1&edid=B08D5A43-3DF5-09B8-F7B3-031F806B8C69&sortorder=desc&column=row HTTP/1.1" 200 110918
52.167.144.184 - - [22/Feb/2025:13:33:34 +0100] "GET /ticket2/opencms/ro/buy/?comcatid=97ECA65A-72DA-F9AF-9DBB-245D3CFED1BE&catid=E3105E1E-3982-291E-5523-1C1DF161E9B7 HTTP/1.1" 200 98469
216.244.66.238 - - [22/Feb/2025:13:33:34 +0100] "GET /ticket2/opencms/uk/buy?page=1&edid=5D04F461-F492-990A-38B5-F3397FE93D4C HTTP/1.1" 200 114480
217.182.134.134 - - [22/Feb/2025:13:33:35 +0100] "GET /ticket2/opencms/en/buy/?page=1&edid=B0FB7DA6-3842-5DC3-F94C-B4162BED870B&sortorder=asc&column=price HTTP/1.1" 200 111047
54.36.148.232 - - [22/Feb/2025:13:33:35 +0100] "GET /ticket2/opencms/sk/buy?page=1&edid=ED6B033E-FAAE-D3A6-3006-A43EA8437C62 HTTP/1.1" 200 116507
217.182.175.146 - - [22/Feb/2025:13:33:38 +0100] "GET /ticket2/opencms/se/fi/buy/?page=1&edid=448E97AD-A675-26E8-5DB2-B1923040DF7D&sortorder=desc&column=row HTTP/1.1" 404 -
217.182.134.134 - - [22/Feb/2025:13:33:38 +0100] "GET /ticket2/opencms/en/buy/?page=1&edid=B0FB7DA6-3842-5DC3-F94C-B4162BED870B&sortorder=asc&column=row HTTP/1.1" 200 110880
54.36.148.191 - - [22/Feb/2025:13:33:40 +0100] "GET /ticket2/opencms/lt/sport/futbolo-bilietai/champions-league/inter HTTP/1.1" 200 92418
185.191.171.17 - - [22/Feb/2025:13:33:40 +0100] "GET /ticket2/opencms/sl/about/press HTTP/1.1" 200 88752
217.182.134.134 - - [22/Feb/2025:13:33:42 +0100] "GET /ticket2/opencms/en/buy/?page=1&edid=B0FB7DA6-3842-5DC3-F94C-B4162BED870B&sortorder=desc&column=section HTTP/1.1" 200 111050
54.36.148.36 - - [22/Feb/2025:13:33:44 +0100] "GET /ticket2/opencms/ka/sport/pekhburti-biletebi/champions-league/inter HTTP/1.1" 200 94245
217.182.175.146 - - [22/Feb/2025:13:33:44 +0100] "GET /ticket2/opencms/se/fi/buy/?page=1&edid=448E97AD-A675-26E8-5DB2-B1923040DF7D&sortorder=desc&column=section HTTP/1.1" 404 -
217.182.134.134 - - [22/Feb/2025:13:33:46 +0100] "GET /ticket2/opencms/en/buy/?page=1&edid=B12EFA8D-4EC4-DDCD-8B91-E676E87E71DF HTTP/1.1" 200 109095
66.249.66.68 - - [22/Feb/2025:13:33:48 +0100] "GET /ticket2/opencms/et/sell/?edid=BD48505E-E559-55E9-6DFD-077C302A0A13 HTTP/1.1" 302 -
217.182.134.134 - - [22/Feb/2025:13:33:49 +0100] "GET /ticket2/opencms/en/buy/?page=1&edid=B18027D6-B45A-F7C3-86D8-199E36269DA4&sortorder=asc&column=price HTTP/1.1" 200 107831
66.249.66.67 - - [22/Feb/2025:13:33:50 +0100] "GET /ticket2/opencms/et/login/?url=/et/sell/ HTTP/1.1" 200 91821
47.128.35.6 - - [22/Feb/2025:13:33:50 +0100] "GET /ticket2/opencms/sv/sport/fotbollsbiljetter/bundesliga/bochum/ HTTP/1.1" 200 97328
217.182.175.146 - - [22/Feb/2025:13:33:51 +0100] "GET /ticket2/opencms/se/fi/buy/?page=1&edid=44F4C9F9-5112-7CAE-9B3C-DC669A3F4679&sortorder=asc&column=price HTTP/1.1" 404 -
54.36.148.243 - - [22/Feb/2025:13:33:51 +0100] "GET /ticket2/opencms/uk/buy?page=1&edid=7CC55054-B229-E12C-9C70-B1612FE653BC HTTP/1.1" 200 114776
217.182.134.134 - - [22/Feb/2025:13:33:53 +0100] "GET /ticket2/opencms/en/buy/?page=1&edid=B1D3C0ED-5FAA-9B4F-A8C8-686E7CCB159F&sortorder=asc&column=section HTTP/1.1" 200 109902
54.36.148.153 - - [22/Feb/2025:13:33:56 +0100] "GET /ticket2/opencms/it/buy/?page=1&edid=F056D8D3-0A78-F8DD-AF89-486FA1EA1B58 HTTP/1.1" 200 90190
217.182.134.134 - - [22/Feb/2025:13:33:56 +0100] "GET /ticket2/opencms/en/buy/?page=1&edid=B2F1A754-C080-4103-4961-BC3EBF5BB7BD&sortorder=desc&column=row HTTP/1.1" 200 109759
216.244.66.238 - - [22/Feb/2025:13:33:57 +0100] "GET /ticket2/opencms/it/buy?page=1&edid=8A85BC4C-55E2-1DEE-BB03-89089B34386E HTTP/1.1" 200 112071
217.182.175.146 - - [22/Feb/2025:13:33:57 +0100] "GET /ticket2/opencms/se/fi/buy/?page=1&edid=44F4C9F9-5112-7CAE-9B3C-DC669A3F4679&sortorder=asc&column=row HTTP/1.1" 404 -
54.36.148.253 - - [22/Feb/2025:13:33:59 +0100] "GET /ticket2/opencms/ga/buy?page=1&edid=A2A4078E-C8E8-C113-199B-69C1FEB231B0 HTTP/1.1" 200 136086
217.182.134.134 - - [22/Feb/2025:13:34:00 +0100] "GET /ticket2/opencms/en/buy/?page=1&edid=B34FC5D8-17C2-148F-346E-D5A9AE0C7EAA HTTP/1.1" 200 109998
52.167.144.139 - - [22/Feb/2025:13:34:00 +0100] "GET /ticket2/opencms/ga/buy/?page=1&edid=EC61041E-00DA-E8B4-FB7A-79E5DD2DBE28 HTTP/1.1" 200 112064
54.36.148.77 - - [22/Feb/2025:13:34:02 +0100] "GET /ticket2/opencms/no/sport/fotballsbilletter/champions_league/real_madrid.html HTTP/1.1" 200 88696
54.36.148.24 - - [22/Feb/2025:13:34:03 +0100] "GET /ticket2/opencms/lt/buy?page=1&edid=ED6B033E-FAAE-D3A6-3006-A43EA8437C62 HTTP/1.1" 200 116735
217.182.134.134 - - [22/Feb/2025:13:34:03 +0100] "GET /ticket2/opencms/en/buy/?page=1&edid=B719043E-9C48-E7FF-4885-D1C11C25593E&sortorder=desc&column=row HTTP/1.1" 200 111335
54.36.148.250 - - [22/Feb/2025:13:34:07 +0100] "GET /ticket2/opencms/uk/buy?page=1&edid=59C05F18-21F2-267C-D1EB-43CE0819C99D HTTP/1.1" 200 113886
47.128.32.239 - - [22/Feb/2025:13:34:07 +0100] "GET /ticket2/opencms/mt/buy/?edid=9DCC0E66-25C8-5156-35A8-BF56F5E3E1AA HTTP/1.1" 200 91685
217.182.134.134 - - [22/Feb/2025:13:34:07 +0100] "GET /ticket2/opencms/en/buy/?page=1&edid=BAF33BAB-F3FE-A596-F7A7-D750C5098FEC HTTP/1.1" 200 110719
185.191.171.6 - - [22/Feb/2025:13:34:10 +0100] "GET /ticket2/opencms/en/legal_info/ HTTP/1.1" 200 86355
217.182.134.134 - - [22/Feb/2025:13:34:11 +0100] "GET /ticket2/opencms/en/buy/?page=1&edid=BB34AD6D-B775-E1B3-25A5-D38ADD0D1B38 HTTP/1.1" 200 109965
217.182.175.146 - - [22/Feb/2025:13:34:11 +0100] "GET /ticket2/opencms/se/fi/buy/?page=1&edid=45C163E6-DE3F-1027-9D58-1BEEA8CF129B&sortorder=desc&column=row HTTP/1.1" 404 -
20.161.75.219 - - [22/Feb/2025:13:34:13 +0100] "GET /ticket2/opencms/robots.txt HTTP/1.1" 200 773
20.161.75.214 - - [22/Feb/2025:13:34:13 +0100] "GET /ticket2/opencms/robots.txt HTTP/1.1" 200 773
54.36.148.43 - - [22/Feb/2025:13:34:13 +0100] "GET /ticket2/opencms/tr/buy?page=1&edid=E1CACBEB-5FB5-F359-D95F-1110648BB53A HTTP/1.1" 200 112573
52.167.144.163 - - [22/Feb/2025:13:34:14 +0100] "GET /ticket2/opencms/sv/search.html?searchQuery=2024 HTTP/1.1" 200 98446
20.161.75.219 - - [22/Feb/2025:13:34:14 +0100] "GET /ticket2/opencms/cs/sport/fotbalove-listky/champions-league/lazio HTTP/1.1" 200 93478
20.161.75.214 - - [22/Feb/2025:13:34:14 +0100] "GET /ticket2/opencms/cs/sport/fotbalove-listky/serie-a/lazio HTTP/1.1" 200 98260
217.182.134.134 - - [22/Feb/2025:13:34:15 +0100] "GET /ticket2/opencms/en/buy/?page=1&edid=BBEC338A-242D-58E1-7095-18B90F7D3463&sortorder=asc&column=section HTTP/1.1" 200 111429
114.119.153.152 - - [22/Feb/2025:13:34:16 +0100] "GET /ticket2/opencms/mk/buy?page=1&=CB97ACC5-8C2F-6123-F2BA-E3A04382FA1E HTTP/1.1" 404 -
114.119.174.99 - - [22/Feb/2025:13:34:17 +0100] "GET /ticket2/opencms/sq/buy?page=1&edid=6181FC05-8F7D-2179-3117-3471D2069609 HTTP/1.1" 200 109063
217.182.134.134 - - [22/Feb/2025:13:34:18 +0100] "GET /ticket2/opencms/en/buy/?page=1&edid=BCC7AB07-6188-52F3-EF1C-AE99BA796177&sortorder=asc&column=price HTTP/1.1" 200 110241
85.208.96.200 - - [22/Feb/2025:13:34:18 +0100] "GET /ticket2/opencms/nl/sport/ HTTP/1.1" 200 102153
216.244.66.238 - - [22/Feb/2025:13:34:19 +0100] "GET /ticket2/opencms/hr/buy?page=1&edid=8F340A1C-D664-7FDD-8257-FE31525DAB7C HTTP/1.1" 200 135918
54.36.148.35 - - [22/Feb/2025:13:34:20 +0100] "GET /ticket2/opencms/hu/buy?page=1&edid=59C05F18-21F2-267C-D1EB-43CE0819C99D HTTP/1.1" 200 111664
217.182.134.134 - - [22/Feb/2025:13:34:22 +0100] "GET /ticket2/opencms/en/buy/?page=1&edid=BCC7AB07-6188-52F3-EF1C-AE99BA796177&sortorder=asc&column=row HTTP/1.1" 200 110219
54.36.148.229 - - [22/Feb/2025:13:34:24 +0100] "GET /ticket2/opencms/ro/buy?page=1&edid=7CC55054-B229-E12C-9C70-B1612FE653BC HTTP/1.1" 200 112640
217.182.134.134 - - [22/Feb/2025:13:34:25 +0100] "GET /ticket2/opencms/en/buy/?page=1&edid=BF990419-E317-46FC-F88A-E6023A3E4305 HTTP/1.1" 200 110146
54.36.148.0 - - [22/Feb/2025:13:34:28 +0100] "GET /ticket2/opencms/cs/sport/fotbalove-listky/champions-league/inter HTTP/1.1" 200 93552
217.182.134.134 - - [22/Feb/2025:13:34:29 +0100] "GET /ticket2/opencms/en/buy/?page=1&edid=BFAB9E04-7D92-4753-D7E6-FD99B04A44CB&sortorder=asc&column=row HTTP/1.1" 200 108877
54.36.148.69 - - [22/Feb/2025:13:34:30 +0100] "GET /ticket2/opencms/it/magazine/article?title=londra-una-citta-di-calcio-di-classe-mondiale HTTP/1.1" 200 92764
217.182.134.134 - - [22/Feb/2025:13:34:33 +0100] "GET /ticket2/opencms/en/buy/?page=1&edid=BFFA4A3A-0CE3-21A1-BA67-66012375AD3E&sortorder=desc&column=row HTTP/1.1" 200 107812
217.182.134.134 - - [22/Feb/2025:13:34:36 +0100] "GET /ticket2/opencms/en/buy/?page=1&edid=C28B3B84-6A6E-6FCB-67EF-1F8424FD799A HTTP/1.1" 200 122096
47.128.116.123 - - [22/Feb/2025:13:34:37 +0100] "GET /ticket2/opencms/be/buy/?edid=F640204D-1694-0162-ABD6-AAC74A7D8DE6 HTTP/1.1" 200 92420
54.36.148.97 - - [22/Feb/2025:13:34:37 +0100] "GET /ticket2/opencms/it/buy/?page=1&edid=3396D07B-AC6D-141E-71F3-9DE65C0FEDF0 HTTP/1.1" 200 90197
66.249.66.67 - - [22/Feb/2025:13:34:37 +0100] "GET /ticket2/opencms/en/buy/?page=6&comcatid=97ECA65A-72DA-F9AF-9DBB-245D3CFED1BE&catid=F7F89B9B-6697-7881-54AE-4C39276BF1B8%252525252525252525252525252525252525253Fpartner=5DA1B85A-5A44-4C00-C2EF-3DFF7E687A1D HTTP/1.1" 200 99311
217.182.134.134 - - [22/Feb/2025:13:34:40 +0100] "GET /ticket2/opencms/en/buy/?page=1&edid=C2E0FED9-872C-CDB5-EA69-F93F12F9C91F HTTP/1.1" 200 110050
216.244.66.238 - - [22/Feb/2025:13:34:41 +0100] "GET /ticket2/opencms/el/buy?page=1&edid=6F22E599-355A-2C2D-46C4-21CB2AEDA726 HTTP/1.1" 200 92277
54.36.148.253 - - [22/Feb/2025:13:34:43 +0100] "GET /ticket2/opencms/is/sport/fotbolti/champions-league/inter HTTP/1.1" 200 93032
217.182.134.134 - - [22/Feb/2025:13:34:44 +0100] "GET /ticket2/opencms/en/buy/?page=1&edid=C3820925-46F4-9B94-F451-8C76FF25869E&sortorder=asc&column=price HTTP/1.1" 200 107738
217.182.134.134 - - [22/Feb/2025:13:34:47 +0100] "GET /ticket2/opencms/en/buy/?page=1&edid=C3820925-46F4-9B94-F451-8C76FF25869E&sortorder=asc&column=row HTTP/1.1" 200 107723
52.167.144.139 - - [22/Feb/2025:13:34:49 +0100] "GET /ticket2/opencms/en/buy/?page=1&edid=C1ADB83A-CCBD-CC2E-051C-0DBCA558D68A HTTP/1.1" 200 109744
46.222.61.36 - - [22/Feb/2025:13:34:49 +0100] "GET /ticket2/opencms/system/modules/com.gridnine.opencms.ticketbrokerage.site/resources/css/ticketbrokerage.css HTTP/1.1" 200 39339
46.222.61.36 - - [22/Feb/2025:13:34:49 +0100] "GET /ticket2/opencms/system/modules/com.gridnine.opencms.ticketbrokerage.site/resources/css/calendar.css HTTP/1.1" 200 6871
46.222.61.36 - - [22/Feb/2025:13:34:49 +0100] "GET /ticket2/opencms/system/modules/com.gridnine.opencms.ticketbrokerage.site/resources/css/jquery-ui.css HTTP/1.1" 200 33221
46.222.61.36 - - [22/Feb/2025:13:34:49 +0100] "GET /ticket2/opencms/system/modules/com.gridnine.opencms.ticketbrokerage.site/resources/css/standard.css HTTP/1.1" 200 73904
54.36.148.140 - - [22/Feb/2025:13:34:49 +0100] "GET /ticket2/opencms/bs/sport/fudbalske-karte/champions-league/inter HTTP/1.1" 200 92393
46.222.61.36 - - [22/Feb/2025:13:34:49 +0100] "GET /ticket2/opencms/system/modules/com.gridnine.opencms.ticketbrokerage.site/resources/css/jquery.fancybox.css HTTP/1.1" 200 4939
46.222.61.36 - - [22/Feb/2025:13:34:49 +0100] "GET /ticket2/opencms/system/modules/com.gridnine.opencms.ticketbrokerage.site/resources/js/jquery/jquery.js HTTP/1.1" 200 93868
46.222.61.36 - - [22/Feb/2025:13:34:49 +0100] "GET /ticket2/opencms/system/modules/com.gridnine.opencms.ticketbrokerage.site/resources/js/jquery/jquery-ui.js HTTP/1.1" 200 228088
46.222.61.36 - - [22/Feb/2025:13:34:49 +0100] "GET /ticket2/opencms/es/deporte/entradas-futbol/la-liga/real-madrid HTTP/1.1" 200 95251
46.222.61.36 - - [22/Feb/2025:13:34:50 +0100] "GET /ticket2/opencms/system/modules/com.gridnine.opencms.ticketbrokerage.site/resources/js/functions.js HTTP/1.1" 200 1583
46.222.61.36 - - [22/Feb/2025:13:34:50 +0100] "GET /ticket2/opencms/system/modules/com.gridnine.opencms.ticketbrokerage.site/resources/css/ticketbrokerage.css HTTP/1.1" 200 39339
46.222.61.36 - - [22/Feb/2025:13:34:50 +0100] "GET /ticket2/opencms/system/modules/com.gridnine.opencms.ticketbrokerage.site/resources/js/calendar.js HTTP/1.1" 200 49229
46.222.61.36 - - [22/Feb/2025:13:34:50 +0100] "GET /ticket2/opencms/system/modules/com.gridnine.opencms.ticketbrokerage.site/resources/js/calendar-en.js HTTP/1.1" 200 3338
46.222.61.36 - - [22/Feb/2025:13:34:50 +0100] "GET /ticket2/opencms/system/modules/com.gridnine.opencms.ticketbrokerage.site/resources/css/calendar.css HTTP/1.1" 200 6871
46.222.61.36 - - [22/Feb/2025:13:34:50 +0100] "GET /ticket2/opencms/system/modules/com.gridnine.opencms.ticketbrokerage.site/resources/css/standard.css HTTP/1.1" 200 73904
46.222.61.36 - - [22/Feb/2025:13:34:50 +0100] "GET /ticket2/opencms/system/modules/com.gridnine.opencms.ticketbrokerage.site/resources/js/calendar-setup.js HTTP/1.1" 200 4923
46.222.61.36 - - [22/Feb/2025:13:34:50 +0100] "GET /ticket2/opencms/system/modules/com.gridnine.opencms.ticketbrokerage.site/resources/js/jquery.fancybox.pack.js HTTP/1.1" 200 23187
46.222.61.36 - - [22/Feb/2025:13:34:50 +0100] "GET /ticket2/opencms/system/modules/com.gridnine.opencms.ticketbrokerage.site/resources/js/stickyfill.min.js HTTP/1.1" 200 5672
46.222.61.36 - - [22/Feb/2025:13:34:50 +0100] "GET /ticket2/opencms/system/modules/com.gridnine.opencms.ticketbrokerage.site/resources/js/standard.js HTTP/1.1" 200 3983
46.222.61.36 - - [22/Feb/2025:13:34:50 +0100] "GET /ticket2/opencms/system/modules/com.gridnine.opencms.ticketbrokerage.site/resources/js/jquery.placeholder.min.js HTTP/1.1" 200 1737
46.222.61.36 - - [22/Feb/2025:13:34:50 +0100] "GET /ticket2/opencms/system/modules/com.gridnine.opencms.ticketbrokerage.site/resources/js/common-ajax.js HTTP/1.1" 200 20175
46.222.61.36 - - [22/Feb/2025:13:34:50 +0100] "GET /ticket2/opencms/img/fb.png HTTP/1.1" 200 1269
46.222.61.36 - - [22/Feb/2025:13:34:50 +0100] "GET /ticket2/opencms/img/insta.png HTTP/1.1" 200 3967
46.222.61.36 - - [22/Feb/2025:13:34:50 +0100] "GET /ticket2/opencms/system/modules/com.gridnine.opencms.ticketbrokerage.site/resources/pics/logo-new.png HTTP/1.1" 200 13541
46.222.61.36 - - [22/Feb/2025:13:34:50 +0100] "GET /ticket2/opencms/system/modules/com.gridnine.opencms.ticketbrokerage.site/resources/pics/footer-img.jpg HTTP/1.1" 200 67642
46.222.61.36 - - [22/Feb/2025:13:34:50 +0100] "GET /ticket2/opencms/img/check.png HTTP/1.1" 200 548
46.222.61.36 - - [22/Feb/2025:13:34:50 +0100] "GET /ticket2/opencms/img/mail.png HTTP/1.1" 200 403
46.222.61.36 - - [22/Feb/2025:13:34:50 +0100] "GET /ticket2/opencms/img/hero-team.jpeg HTTP/1.1" 200 73065
46.222.61.36 - - [22/Feb/2025:13:34:50 +0100] "GET /ticket2/opencms/img/chat.png HTTP/1.1" 200 416
46.222.61.36 - - [22/Feb/2025:13:34:50 +0100] "GET /ticket2/opencms/img/arrow.png HTTP/1.1" 200 753
217.182.134.134 - - [22/Feb/2025:13:34:51 +0100] "GET /ticket2/opencms/en/buy/?page=1&edid=C3820925-46F4-9B94-F451-8C76FF25869E&sortorder=asc&column=section HTTP/1.1" 200 107814
46.222.61.36 - - [22/Feb/2025:13:34:51 +0100] "GET /ticket2/opencms/img/icons/globe-white.png HTTP/1.1" 200 947
46.222.61.36 - - [22/Feb/2025:13:34:51 +0100] "GET /ticket2/opencms/img/icons/fi.png HTTP/1.1" 200 1785
46.222.61.36 - - [22/Feb/2025:13:34:51 +0100] "GET /ticket2/opencms/img/icons/se.png HTTP/1.1" 200 1258
46.222.61.36 - - [22/Feb/2025:13:34:51 +0100] "GET /ticket2/opencms/img/icons/en.png HTTP/1.1" 200 2415
46.222.61.36 - - [22/Feb/2025:13:34:51 +0100] "GET /ticket2/opencms/img/icons/no.png HTTP/1.1" 200 1958
46.222.61.36 - - [22/Feb/2025:13:34:51 +0100] "GET /ticket2/opencms/img/icons/dk.png HTTP/1.1" 200 1706
46.222.61.36 - - [22/Feb/2025:13:34:51 +0100] "GET /ticket2/opencms/img/icons/nl.png HTTP/1.1" 200 1255
46.222.61.36 - - [22/Feb/2025:13:34:51 +0100] "GET /ticket2/opencms/img/icons/fr.png HTTP/1.1" 200 1764
46.222.61.36 - - [22/Feb/2025:13:34:51 +0100] "GET /ticket2/opencms/img/icons/es.png HTTP/1.1" 200 1005
46.222.61.36 - - [22/Feb/2025:13:34:51 +0100] "GET /ticket2/opencms/img/icons/de.png HTTP/1.1" 200 1124
46.222.61.36 - - [22/Feb/2025:13:34:52 +0100] "GET /ticket2/opencms/img/icons/it.png HTTP/1.1" 200 2040
46.222.61.36 - - [22/Feb/2025:13:34:52 +0100] "GET /ticket2/opencms/img/icons/pl.png HTTP/1.1" 200 1578
46.222.61.36 - - [22/Feb/2025:13:34:52 +0100] "GET /ticket2/opencms/img/icons/be.png HTTP/1.1" 200 1663
46.222.61.36 - - [22/Feb/2025:13:34:52 +0100] "GET /ticket2/opencms/img/icons/az.png HTTP/1.1" 200 1445
46.222.61.36 - - [22/Feb/2025:13:34:52 +0100] "GET /ticket2/opencms/img/icons/sq.png HTTP/1.1" 200 1619
46.222.61.36 - - [22/Feb/2025:13:34:52 +0100] "GET /ticket2/opencms/img/icons/bs.png HTTP/1.1" 200 1014
46.222.61.36 - - [22/Feb/2025:13:34:52 +0100] "GET /ticket2/opencms/img/icons/bg.png HTTP/1.1" 200 788
46.222.61.36 - - [22/Feb/2025:13:34:52 +0100] "GET /ticket2/opencms/img/icons/et.png HTTP/1.1" 200 754
46.222.61.36 - - [22/Feb/2025:13:34:52 +0100] "GET /ticket2/opencms/img/icons/hr.png HTTP/1.1" 200 2024
46.222.61.36 - - [22/Feb/2025:13:34:52 +0100] "GET /ticket2/opencms/img/icons/cs.png HTTP/1.1" 200 1883
46.222.61.36 - - [22/Feb/2025:13:34:52 +0100] "GET /ticket2/opencms/img/icons/el.png HTTP/1.1" 200 1637
46.222.61.36 - - [22/Feb/2025:13:34:52 +0100] "GET /ticket2/opencms/img/icons/ka.png HTTP/1.1" 200 860
46.222.61.36 - - [22/Feb/2025:13:34:52 +0100] "GET /ticket2/opencms/img/icons/hu.png HTTP/1.1" 200 733
46.222.61.36 - - [22/Feb/2025:13:34:52 +0100] "GET /ticket2/opencms/img/icons/is.png HTTP/1.1" 200 1884
46.222.61.36 - - [22/Feb/2025:13:34:52 +0100] "GET /ticket2/opencms/img/icons/lt.png HTTP/1.1" 200 733
46.222.61.36 - - [22/Feb/2025:13:34:52 +0100] "GET /ticket2/opencms/img/icons/ga.png HTTP/1.1" 200 1759
46.222.61.36 - - [22/Feb/2025:13:34:52 +0100] "GET /ticket2/opencms/img/icons/lv.png HTTP/1.1" 200 716
46.222.61.36 - - [22/Feb/2025:13:34:52 +0100] "GET /ticket2/opencms/img/icons/mt.png HTTP/1.1" 200 920
46.222.61.36 - - [22/Feb/2025:13:34:53 +0100] "GET /ticket2/opencms/img/icons/mo.png HTTP/1.1" 200 1468
46.222.61.36 - - [22/Feb/2025:13:34:53 +0100] "GET /ticket2/opencms/img/icons/sk.png HTTP/1.1" 200 1283
46.222.61.36 - - [22/Feb/2025:13:34:53 +0100] "GET /ticket2/opencms/img/icons/sr.png HTTP/1.1" 200 1602
46.222.61.36 - - [22/Feb/2025:13:34:53 +0100] "GET /ticket2/opencms/img/icons/uk.png HTTP/1.1" 200 1272
46.222.61.36 - - [22/Feb/2025:13:34:53 +0100] "GET /ticket2/opencms/img/icons/sl.png HTTP/1.1" 200 966
46.222.61.36 - - [22/Feb/2025:13:34:53 +0100] "GET /ticket2/opencms/img/icons/ro.png HTTP/1.1" 200 1393
46.222.61.36 - - [22/Feb/2025:13:34:53 +0100] "GET /ticket2/opencms/img/icons/tr.png HTTP/1.1" 200 1636
46.222.61.36 - - [22/Feb/2025:13:34:53 +0100] "GET /ticket2/opencms/img/icons/ticket2.thumbnail.png HTTP/1.1" 200 21519
46.222.61.36 - - [22/Feb/2025:13:34:53 +0100] "GET /ticket2/opencms/system/modules/com.gridnine.opencms.ticketbrokerage.site/resources/js/standard.js HTTP/1.1" 200 3983
54.36.148.65 - - [22/Feb/2025:13:34:54 +0100] "GET /ticket2/opencms/fr/magazine/article?title=un-transfert-vers-les-rayados-mexicains HTTP/1.1" 200 95598
217.182.134.134 - - [22/Feb/2025:13:34:55 +0100] "GET /ticket2/opencms/en/buy/?page=1&edid=C3C74C60-D658-8683-8964-2C7AF1804D73&sortorder=asc&column=price HTTP/1.1" 200 110064
217.182.134.134 - - [22/Feb/2025:13:34:58 +0100] "GET /ticket2/opencms/en/buy/?page=1&edid=C3C74C60-D658-8683-8964-2C7AF1804D73&sortorder=asc&column=row HTTP/1.1" 200 109999
54.36.149.94 - - [22/Feb/2025:13:34:59 +0100] "GET /ticket2/opencms/ro/buy/?page=1&edid=0C94170C-17F1-0823-E8AC-91EC149F33EC HTTP/1.1" 200 135597
52.167.144.139 - - [22/Feb/2025:13:34:59 +0100] "GET /ticket2/opencms/sv/buy?page=6&comcatid=A17713B6-D984-201A-4143-ED4DB5ED5C2E&catid=0A6C99D2-F5BD-7A18-9A5F-5668827042E0&eventid=66D77204-4B8D-B660-88DB-7A93BC4629FF HTTP/1.1" 200 114035
54.36.149.72 - - [22/Feb/2025:13:35:00 +0100] "GET /ticket2/opencms/be/magazine/article?title=what-does-the-future-look-like-for-alexander-isak HTTP/1.1" 200 93954
216.244.66.238 - - [22/Feb/2025:13:35:00 +0100] "GET /ticket2/opencms/en/buy?page=1&edid=8A85BC4C-55E2-1DEE-BB03-89089B34386E HTTP/1.1" 200 110592
217.182.134.134 - - [22/Feb/2025:13:35:02 +0100] "GET /ticket2/opencms/en/buy/?page=1&edid=C3C74C60-D658-8683-8964-2C7AF1804D73&sortorder=asc&column=section HTTP/1.1" 200 110193
185.191.171.19 - - [22/Feb/2025:13:35:02 +0100] "GET /ticket2/opencms/robots.txt HTTP/1.1" 200 773
54.36.148.67 - - [22/Feb/2025:13:35:03 +0100] "GET /ticket2/opencms/mo/buy?page=1&edid=F124BA86-A27C-2AAF-548B-4E7CAF608D73 HTTP/1.1" 200 108657
217.182.134.134 - - [22/Feb/2025:13:35:05 +0100] "GET /ticket2/opencms/en/buy/?page=1&edid=C40B04F3-522D-9ED3-C6F9-40FD85E2C8C7 HTTP/1.1" 200 108884
185.191.171.14 - - [22/Feb/2025:13:35:06 +0100] "GET /ticket2/opencms/dk/ HTTP/1.1" 200 105932
54.36.148.226 - - [22/Feb/2025:13:35:06 +0100] "GET /ticket2/opencms/es/magazine/article?title=alexander-isak-bate-records HTTP/1.1" 200 92737
217.182.134.134 - - [22/Feb/2025:13:35:09 +0100] "GET /ticket2/opencms/en/buy/?page=1&edid=C40B04F3-522D-9ED3-C6F9-40FD85E2C8C7&sortorder=asc&column=section HTTP/1.1" 200 109957
114.119.148.14 - - [22/Feb/2025:13:35:10 +0100] "GET /ticket2/opencms/es/buy/?comcatid=0A6B8208-FDA4-E929-9D72-5312FD481B76&catid=465306FD-802C-5175-10FF-40E426DD2769 HTTP/1.1" 200 96953
217.182.134.134 - - [22/Feb/2025:13:35:13 +0100] "GET /ticket2/opencms/en/buy/?page=1&edid=C48EAFD0-8BA3-4D86-9F12-42C6F4555C84&sortorder=asc&column=row HTTP/1.1" 200 110393
46.222.61.36 - - [22/Feb/2025:13:35:13 +0100] "GET /ticket2/opencms/es/buy/?page=1&edid=6C967880-E08B-3121-25D0-F145A5542A49 HTTP/1.1" 200 90394
46.222.61.36 - - [22/Feb/2025:13:35:13 +0100] "GET /ticket2/opencms/system/modules/com.gridnine.opencms.ticketbrokerage.site/resources/css/ticketbrokerage.css HTTP/1.1" 200 39339
46.222.61.36 - - [22/Feb/2025:13:35:13 +0100] "GET /ticket2/opencms/system/modules/com.gridnine.opencms.ticketbrokerage.site/resources/css/calendar.css HTTP/1.1" 200 6871
46.222.61.36 - - [22/Feb/2025:13:35:13 +0100] "GET /ticket2/opencms/system/modules/com.gridnine.opencms.ticketbrokerage.site/resources/css/standard.css HTTP/1.1" 200 73904
46.222.61.36 - - [22/Feb/2025:13:35:13 +0100] "GET /ticket2/opencms/system/modules/com.gridnine.opencms.ticketbrokerage.site/resources/js/functions.js HTTP/1.1" 200 1583
46.222.61.36 - - [22/Feb/2025:13:35:13 +0100] "GET /ticket2/opencms/system/modules/com.gridnine.opencms.ticketbrokerage.site/resources/js/calendar.js HTTP/1.1" 200 49229
46.222.61.36 - - [22/Feb/2025:13:35:13 +0100] "GET /ticket2/opencms/system/modules/com.gridnine.opencms.ticketbrokerage.site/resources/js/calendar-en.js HTTP/1.1" 200 3338
46.222.61.36 - - [22/Feb/2025:13:35:13 +0100] "GET /ticket2/opencms/system/modules/com.gridnine.opencms.ticketbrokerage.site/resources/js/standard.js HTTP/1.1" 200 3983
46.222.61.36 - - [22/Feb/2025:13:35:13 +0100] "GET /ticket2/opencms/system/modules/com.gridnine.opencms.ticketbrokerage.site/resources/js/calendar-setup.js HTTP/1.1" 200 4923
54.36.149.85 - - [22/Feb/2025:13:35:13 +0100] "GET /ticket2/opencms/ka/buy?page=1&edid=62132CB0-BE29-78AA-38D9-C99EEE6C98B0 HTTP/1.1" 200 118053
124.243.188.54 - - [22/Feb/2025:13:35:14 +0100] "GET /ticket2/opencms/sq/buy/?page=1&edid=DC067A0C-CE36-3D9C-899A-867F582FFC90 HTTP/1.1" 200 134952
217.182.134.134 - - [22/Feb/2025:13:35:17 +0100] "GET /ticket2/opencms/en/buy/?page=1&edid=D4B34039-2E18-B793-82DD-B729B5FBACD2&sortorder=asc&column=section HTTP/1.1" 200 111333
54.36.149.92 - - [22/Feb/2025:13:35:18 +0100] "GET /ticket2/opencms/ka/sport/pekhburti-biletebi/la-liga/valladolid HTTP/1.1" 200 98022
216.244.66.238 - - [22/Feb/2025:13:35:19 +0100] "GET /ticket2/opencms/hu/buy?page=1&edid=E78E7190-7DE0-C7CA-3D7E-09B338BF3F73 HTTP/1.1" 200 112064
217.182.134.134 - - [22/Feb/2025:13:35:20 +0100] "GET /ticket2/opencms/en/buy/?page=1&edid=D55BD468-305A-E062-3975-F5912C8D3F1B&sortorder=asc&column=row HTTP/1.1" 200 111578
202.8.42.182 - - [22/Feb/2025:13:35:21 +0100] "GET /ticket2/opencms/system/modules/com.gridnine.opencms.ticketbrokerage.site/resources/css/standard.css HTTP/1.1" 200 73904
202.8.42.182 - - [22/Feb/2025:13:35:21 +0100] "GET /ticket2/opencms/system/modules/com.gridnine.opencms.ticketbrokerage.site/resources/css/ticketbrokerage.css HTTP/1.1" 200 39339
202.8.42.182 - - [22/Feb/2025:13:35:21 +0100] "GET /ticket2/opencms/system/modules/com.gridnine.opencms.ticketbrokerage.site/resources/css/jquery-ui.css HTTP/1.1" 200 33221
202.8.42.182 - - [22/Feb/2025:13:35:21 +0100] "GET /ticket2/opencms/system/modules/com.gridnine.opencms.ticketbrokerage.site/resources/css/calendar.css HTTP/1.1" 200 6871
202.8.42.182 - - [22/Feb/2025:13:35:21 +0100] "GET /ticket2/opencms/system/modules/com.gridnine.opencms.ticketbrokerage.site/resources/css/jquery.fancybox.css HTTP/1.1" 200 4939
202.8.42.182 - - [22/Feb/2025:13:35:21 +0100] "GET /ticket2/opencms/system/modules/com.gridnine.opencms.ticketbrokerage.site/resources/js/jquery/jquery.js HTTP/1.1" 200 93868
202.8.42.182 - - [22/Feb/2025:13:35:21 +0100] "GET /ticket2/opencms/system/modules/com.gridnine.opencms.ticketbrokerage.site/resources/js/jquery/jquery-ui.js HTTP/1.1" 200 228088
202.8.42.182 - - [22/Feb/2025:13:35:21 +0100] "GET /ticket2/opencms/system/modules/com.gridnine.opencms.ticketbrokerage.site/resources/js/functions.js HTTP/1.1" 200 1583
202.8.42.182 - - [22/Feb/2025:13:35:21 +0100] "GET /ticket2/opencms/system/modules/com.gridnine.opencms.ticketbrokerage.site/resources/js/calendar.js HTTP/1.1" 200 49229
202.8.42.182 - - [22/Feb/2025:13:35:21 +0100] "GET /ticket2/opencms/system/modules/com.gridnine.opencms.ticketbrokerage.site/resources/js/calendar-en.js HTTP/1.1" 200 3338
202.8.42.182 - - [22/Feb/2025:13:35:21 +0100] "GET /ticket2/opencms/system/modules/com.gridnine.opencms.ticketbrokerage.site/resources/js/calendar-setup.js HTTP/1.1" 200 4923
202.8.42.182 - - [22/Feb/2025:13:35:21 +0100] "GET /ticket2/opencms/system/modules/com.gridnine.opencms.ticketbrokerage.site/resources/js/jquery.fancybox.pack.js HTTP/1.1" 200 23187
202.8.42.182 - - [22/Feb/2025:13:35:21 +0100] "GET /ticket2/opencms/system/modules/com.gridnine.opencms.ticketbrokerage.site/resources/js/stickyfill.min.js HTTP/1.1" 200 5672
202.8.42.182 - - [22/Feb/2025:13:35:21 +0100] "GET /ticket2/opencms/system/modules/com.gridnine.opencms.ticketbrokerage.site/resources/js/standard.js HTTP/1.1" 200 3983
202.8.42.182 - - [22/Feb/2025:13:35:21 +0100] "GET /ticket2/opencms/system/modules/com.gridnine.opencms.ticketbrokerage.site/resources/js/common-ajax.js HTTP/1.1" 200 20175
202.8.42.182 - - [22/Feb/2025:13:35:21 +0100] "GET /ticket2/opencms/system/modules/com.gridnine.opencms.ticketbrokerage.site/resources/js/jquery.placeholder.min.js HTTP/1.1" 200 1737
217.182.134.134 - - [22/Feb/2025:13:35:24 +0100] "GET /ticket2/opencms/en/buy/?page=1&edid=DE4E5E70-89B8-95B5-A2E4-7679F16733D8&sortorder=desc&column=section HTTP/1.1" 200 107813
66.249.66.68 - - [22/Feb/2025:13:35:25 +0100] "GET /ticket2/opencms/nl/buy?page=1&edid=077A4D05-90D5-AF2A-B689-A4F52E73EBA2&hlv=666c5df5-e1a0-47c8-bb69-4f0e0a01000f HTTP/1.1" 200 111326
54.36.148.206 - - [22/Feb/2025:13:35:25 +0100] "GET /ticket2/opencms/sk/magazine/article?title=manchester-city-7-zapasov-bez-vitazstva HTTP/1.1" 200 95568
