66.249.92.131 - - [22/Feb/2025:13:23:04 +0100] "GET /ticket2/opencms/system/modules/com.gridnine.opencms.ticketbrokerage.site/resources/js/calendar.js HTTP/1.1" 200 49229
54.36.148.144 - - [22/Feb/2025:13:23:05 +0100] "GET /ticket2/opencms/dk/buy?page=1&edid=E66C4511-572E-0FE6-424C-55176043377C HTTP/1.1" 200 107204
66.249.92.147 - - [22/Feb/2025:13:23:05 +0100] "GET /ticket2/opencms/system/modules/com.gridnine.opencms.ticketbrokerage.site/resources/js/jquery.placeholder.min.js HTTP/1.1" 200 1737
66.249.92.147 - - [22/Feb/2025:13:23:05 +0100] "GET /ticket2/opencms/system/modules/com.gridnine.opencms.ticketbrokerage.site/resources/js/common-ajax.js HTTP/1.1" 200 20175
66.249.92.131 - - [22/Feb/2025:13:23:06 +0100] "GET /ticket2/opencms/system/modules/com.gridnine.opencms.ticketbrokerage.site/resources/js/jquery.placeholder.min.js HTTP/1.1" 200 1737
66.249.92.131 - - [22/Feb/2025:13:23:07 +0100] "GET /ticket2/opencms/system/modules/com.gridnine.opencms.ticketbrokerage.site/resources/js/common-ajax.js HTTP/1.1" 200 20175
217.182.175.146 - - [22/Feb/2025:13:23:11 +0100] "GET /ticket2/opencms/se/fi/buy/?page=1&edid=D7584904-B36E-47A3-6A06-053882F019BE&sortorder=asc&column=row HTTP/1.1" 404 -
85.208.96.197 - - [22/Feb/2025:13:23:11 +0100] "GET /ticket2/opencms/et/magazine/article?title=luka-modric-jaab-real-madridi HTTP/1.1" 200 95392
54.36.148.36 - - [22/Feb/2025:13:23:13 +0100] "GET /ticket2/opencms/ka/magazine/article?title=lucas-bergvall-akhali-devid-bekhemi HTTP/1.1" 200 97669
217.182.175.146 - - [22/Feb/2025:13:23:16 +0100] "GET /ticket2/opencms/se/fi/buy/?page=1&edid=D7584904-B36E-47A3-6A06-053882F019BE&sortorder=desc&column=row HTTP/1.1" 404 -
43.135.142.238 - - [22/Feb/2025:13:23:18 +0100] "GET /ticket2/opencms/fi/buy/?page=1&edid=BC781D5C-058D-8CA8-2F4E-240C11D0769A HTTP/1.1" 200 117780
66.249.92.147 - - [22/Feb/2025:13:23:19 +0100] "GET /ticket2/opencms/system/modules/com.gridnine.opencms.ticketbrokerage.site/resources/js/functions.js HTTP/1.1" 200 1583
66.249.92.147 - - [22/Feb/2025:13:23:19 +0100] "GET /ticket2/opencms/system/modules/com.gridnine.opencms.ticketbrokerage.site/resources/css/jquery.fancybox.css HTTP/1.1" 200 4939
66.249.92.147 - - [22/Feb/2025:13:23:20 +0100] "GET /ticket2/opencms/system/modules/com.gridnine.opencms.ticketbrokerage.site/resources/css/jquery-ui.css HTTP/1.1" 200 33221
66.249.92.147 - - [22/Feb/2025:13:23:21 +0100] "GET /ticket2/opencms/system/modules/com.gridnine.opencms.ticketbrokerage.site/resources/js/jquery/jquery-ui.js HTTP/1.1" 200 228088
66.249.92.147 - - [22/Feb/2025:13:23:21 +0100] "GET /ticket2/opencms/system/modules/com.gridnine.opencms.ticketbrokerage.site/resources/js/calendar-setup.js HTTP/1.1" 200 4923
54.36.148.24 - - [22/Feb/2025:13:23:22 +0100] "GET /ticket2/opencms/fr/magazine/article?title=alexander-isak-bat-des-records HTTP/1.1" 200 92698
66.249.92.147 - - [22/Feb/2025:13:23:22 +0100] "GET /ticket2/opencms/system/modules/com.gridnine.opencms.ticketbrokerage.site/resources/css/ticketbrokerage.css HTTP/1.1" 200 39339
66.249.92.147 - - [22/Feb/2025:13:23:23 +0100] "GET /ticket2/opencms/system/modules/com.gridnine.opencms.ticketbrokerage.site/resources/js/calendar.js HTTP/1.1" 200 49229
217.182.175.146 - - [22/Feb/2025:13:23:24 +0100] "GET /ticket2/opencms/se/fi/buy/?page=1&edid=D776081A-33AA-296E-ED76-1FA87B3E2A16&sortorder=asc&column=row HTTP/1.1" 404 -
66.249.92.147 - - [22/Feb/2025:13:23:24 +0100] "GET /ticket2/opencms/system/modules/com.gridnine.opencms.ticketbrokerage.site/resources/js/jquery.fancybox.pack.js HTTP/1.1" 200 23187
66.249.92.147 - - [22/Feb/2025:13:23:24 +0100] "GET /ticket2/opencms/system/modules/com.gridnine.opencms.ticketbrokerage.site/resources/css/standard.css HTTP/1.1" 200 73904
66.249.92.147 - - [22/Feb/2025:13:23:25 +0100] "GET /ticket2/opencms/system/modules/com.gridnine.opencms.ticketbrokerage.site/resources/css/calendar.css HTTP/1.1" 200 6871
66.249.92.147 - - [22/Feb/2025:13:23:26 +0100] "GET /ticket2/opencms/system/modules/com.gridnine.opencms.ticketbrokerage.site/resources/js/jquery/jquery.js HTTP/1.1" 200 93868
66.249.92.147 - - [22/Feb/2025:13:23:27 +0100] "GET /ticket2/opencms/system/modules/com.gridnine.opencms.ticketbrokerage.site/resources/js/stickyfill.min.js HTTP/1.1" 200 5672
66.249.92.147 - - [22/Feb/2025:13:23:27 +0100] "GET /ticket2/opencms/system/modules/com.gridnine.opencms.ticketbrokerage.site/resources/js/standard.js HTTP/1.1" 200 3983
47.128.116.97 - - [22/Feb/2025:13:23:28 +0100] "GET /ticket2/opencms/sk/about/press/ HTTP/1.1" 200 88971
66.249.92.147 - - [22/Feb/2025:13:23:28 +0100] "GET /ticket2/opencms/system/modules/com.gridnine.opencms.ticketbrokerage.site/resources/js/calendar-en.js HTTP/1.1" 200 3338
54.36.148.36 - - [22/Feb/2025:13:23:28 +0100] "GET /ticket2/opencms/hu/buy?page=1&edid=312E2B30-1BE8-80F9-5587-64D580752ED3 HTTP/1.1" 200 118367
47.128.116.97 - - [22/Feb/2025:13:23:29 +0100] "GET /ticket2/opencms/system/modules/com.gridnine.opencms.ticketbrokerage.site/resources/css/images/event-banner.png HTTP/1.1" 404 -
66.249.92.131 - - [22/Feb/2025:13:23:29 +0100] "GET /ticket2/opencms/sv/ask-form.html HTTP/1.1" 200 2950
217.182.175.146 - - [22/Feb/2025:13:23:29 +0100] "GET /ticket2/opencms/se/fi/buy/?page=1&edid=D776081A-33AA-296E-ED76-1FA87B3E2A16&sortorder=asc&column=section HTTP/1.1" 404 -
66.249.92.131 - - [22/Feb/2025:13:23:29 +0100] "GET /ticket2/opencms/system/modules/com.gridnine.opencms.ticketbrokerage.site/resources/css/ticketbrokerage.css HTTP/1.1" 200 39339
114.119.153.152 - - [22/Feb/2025:13:23:30 +0100] "GET /ticket2/opencms/mo/buy?page=1&=7E56DA23-44A2-FB1F-17B3-AA02DF3AF2E7 HTTP/1.1" 200 -
54.36.148.208 - - [22/Feb/2025:13:23:31 +0100] "GET /ticket2/opencms/ka/sport/pekhburti-biletebi/english-championship/rotherham/ HTTP/1.1" 200 98858
66.249.66.74 - - [22/Feb/2025:13:23:31 +0100] "GET /ticket2/opencms/cs/buy?page=1&edid=7D93CEA8-790B-90BC-58EC-CA5B0CB3CBFB HTTP/1.1" 200 124813
66.249.92.147 - - [22/Feb/2025:13:23:33 +0100] "GET /ticket2/opencms/system/modules/com.gridnine.opencms.ticketbrokerage.site/resources/js/jquery.placeholder.min.js HTTP/1.1" 200 1737
66.249.92.147 - - [22/Feb/2025:13:23:33 +0100] "GET /ticket2/opencms/system/modules/com.gridnine.opencms.ticketbrokerage.site/resources/js/common-ajax.js HTTP/1.1" 200 20175
54.36.149.98 - - [22/Feb/2025:13:23:34 +0100] "GET /ticket2/opencms/hu/magazine/article?title=legenda-heves-szovaltasban-egy-szurkoloval HTTP/1.1" 200 94867
217.182.175.146 - - [22/Feb/2025:13:23:35 +0100] "GET /ticket2/opencms/se/fi/buy/?page=1&edid=D8973BFC-852F-6DBE-A92C-516362F37F3B&sortorder=desc&column=price HTTP/1.1" 404 -
66.249.66.75 - - [22/Feb/2025:13:23:35 +0100] "GET /ticket2/opencms/cs/ask-form.html HTTP/1.1" 200 3156
54.36.148.245 - - [22/Feb/2025:13:23:36 +0100] "GET /ticket2/opencms/es/buy?page=1&edid=78F53753-F856-B158-388A-6B70B4CA55C8 HTTP/1.1" 200 116668
185.191.171.15 - - [22/Feb/2025:13:23:38 +0100] "GET /ticket2/opencms/uk/magazine/article?title=ballon-dor-winner-2024 HTTP/1.1" 200 94131
217.182.175.146 - - [22/Feb/2025:13:23:40 +0100] "GET /ticket2/opencms/se/fi/buy/?page=1&edid=D89B3D3A-DD39-9270-8BDC-6E1BD9EC429A&sortorder=asc&column=section HTTP/1.1" 404 -
54.36.148.201 - - [22/Feb/2025:13:23:42 +0100] "GET /ticket2/opencms/it/ HTTP/1.1" 200 107131
54.36.148.252 - - [22/Feb/2025:13:23:42 +0100] "GET /ticket2/opencms/be/buy?page=1&edid=3834B79A-5D67-764F-EEC4-EB2411D57169 HTTP/1.1" 200 110865
85.208.96.199 - - [22/Feb/2025:13:23:45 +0100] "GET /ticket2/opencms/sl/magazine/article?title=thomas-tuchel-postane-novi-selektor-anglije HTTP/1.1" 200 93259
85.208.96.194 - - [22/Feb/2025:13:23:45 +0100] "GET /ticket2/opencms/sq/sport/bileta-per-futboll/english-championship/swansea-city HTTP/1.1" 200 98796
217.182.175.146 - - [22/Feb/2025:13:23:46 +0100] "GET /ticket2/opencms/se/fi/buy/?page=1&edid=D8EA692B-687F-02F3-F633-477D649035B5&sortorder=desc&column=section HTTP/1.1" 404 -
47.128.38.143 - - [22/Feb/2025:13:23:49 +0100] "GET /ticket2/opencms/el/magazine/article?title=oi-akriboteres-metagrafes-toy-ianoyarioy HTTP/1.1" 200 96475
54.36.148.33 - - [22/Feb/2025:13:23:49 +0100] "GET /ticket2/opencms/bg/buy?page=1&edid=3834B79A-5D67-764F-EEC4-EB2411D57169 HTTP/1.1" 200 111022
217.182.175.146 - - [22/Feb/2025:13:23:51 +0100] "GET /ticket2/opencms/se/fi/buy/?page=1&edid=D9590EEA-A3BA-EAE9-0517-4EA431179E08&sortorder=asc&column=price HTTP/1.1" 404 -
54.36.148.118 - - [22/Feb/2025:13:23:53 +0100] "GET /ticket2/opencms/lv/sport/futbola-biletes/english-championship/rotherham/ HTTP/1.1" 200 96738
54.36.149.87 - - [22/Feb/2025:13:23:57 +0100] "GET /ticket2/opencms/ro/buy/?page=1&edid=2E75356B-0466-ED51-C4D5-4A7F24AD43A4 HTTP/1.1" 200 111015
217.182.175.146 - - [22/Feb/2025:13:23:57 +0100] "GET /ticket2/opencms/se/fi/buy/?page=1&edid=D9590EEA-A3BA-EAE9-0517-4EA431179E08&sortorder=asc&column=row HTTP/1.1" 404 -
85.208.96.194 - - [22/Feb/2025:13:24:01 +0100] "GET /ticket2/opencms/et/magazine/article?title=lucas-bergvall-uus-david-beckham HTTP/1.1" 200 93214
217.182.175.146 - - [22/Feb/2025:13:24:02 +0100] "GET /ticket2/opencms/se/fi/buy/?page=1&edid=D9590EEA-A3BA-EAE9-0517-4EA431179E08&sortorder=asc&column=section HTTP/1.1" 404 -
52.167.144.139 - - [22/Feb/2025:13:24:03 +0100] "GET /ticket2/opencms/sl/about/contact HTTP/1.1" 200 86442
54.36.148.42 - - [22/Feb/2025:13:24:05 +0100] "GET /ticket2/opencms/lv/buying_tickets HTTP/1.1" 200 89104
111.119.245.8 - - [22/Feb/2025:13:24:07 +0100] "GET /ticket2/opencms/be/buy?page=1&edid=517A50ED-F64F-1CFB-FDC1-54D2A7704E06 HTTP/1.1" 200 115019
217.182.175.146 - - [22/Feb/2025:13:24:08 +0100] "GET /ticket2/opencms/se/fi/buy/?page=1&edid=D9590EEA-A3BA-EAE9-0517-4EA431179E08&sortorder=desc&column=row HTTP/1.1" 404 -
54.36.148.234 - - [22/Feb/2025:13:24:08 +0100] "GET /ticket2/opencms/pl/sport/bilety-futbol/english-championship/rotherham/ HTTP/1.1" 200 97025
54.36.149.99 - - [22/Feb/2025:13:24:12 +0100] "GET /ticket2/opencms/bs/buy?page=1&edid=3834B79A-5D67-764F-EEC4-EB2411D57169 HTTP/1.1" 200 108472
217.182.175.146 - - [22/Feb/2025:13:24:13 +0100] "GET /ticket2/opencms/se/fi/buy/?page=1&edid=DA55EA94-C407-D79D-D7C5-6A263E676A12&sortorder=asc&column=price HTTP/1.1" 404 -
40.77.167.48 - - [22/Feb/2025:13:24:16 +0100] "GET /ticket2/opencms/en/buy?page=1&edid=0C94170C-17F1-0823-E8AC-91EC149F33EC HTTP/1.1" 200 133302
54.36.148.241 - - [22/Feb/2025:13:24:17 +0100] "GET /ticket2/opencms/ro/sport/bilete-fotbal/english-championship/rotherham/ HTTP/1.1" 200 97711
66.249.76.133 - - [22/Feb/2025:13:24:18 +0100] "GET /ticket2/opencms/cs/buy?page=1&edid=0B7E5CA2-F588-894B-B701-64E6B9532C54 HTTP/1.1" 200 128038
217.182.175.146 - - [22/Feb/2025:13:24:19 +0100] "GET /ticket2/opencms/se/fi/buy/?page=1&edid=DA55EA94-C407-D79D-D7C5-6A263E676A12&sortorder=asc&column=row HTTP/1.1" 404 -
151.30.216.137 - - [22/Feb/2025:13:24:19 +0100] "GET /ticket2/opencms/set_aff_cookie.jsp?partner=53673ED6-1455-FA54-818F-B1F67121E37C&url=/it/buy/index.html%3Fpage%3D1%26edid%3D0CBED0CE-AD48-5853-8CA7-767C378C5971%26hlv%3D6690089c-0eec-48e0-952f-14010a01000f%23v_1815856735 HTTP/1.1" 200 226
151.30.216.137 - - [22/Feb/2025:13:24:20 +0100] "GET /ticket2/opencms/it/buy/?page=1&edid=0CBED0CE-AD48-5853-8CA7-767C378C5971&hlv=6690089c-0eec-48e0-952f-14010a01000f HTTP/1.1" 200 91596
151.30.216.137 - - [22/Feb/2025:13:24:20 +0100] "GET /ticket2/opencms/system/modules/com.gridnine.opencms.ticketbrokerage.site/resources/js/jquery/jquery.js HTTP/1.1" 200 93868
151.30.216.137 - - [22/Feb/2025:13:24:20 +0100] "GET /ticket2/opencms/system/modules/com.gridnine.opencms.ticketbrokerage.site/resources/js/jquery/jquery-ui.js HTTP/1.1" 200 228088
151.30.216.137 - - [22/Feb/2025:13:24:20 +0100] "GET /ticket2/opencms/system/modules/com.gridnine.opencms.ticketbrokerage.site/resources/css/calendar.css HTTP/1.1" 200 6871
151.30.216.137 - - [22/Feb/2025:13:24:20 +0100] "GET /ticket2/opencms/system/modules/com.gridnine.opencms.ticketbrokerage.site/resources/css/ticketbrokerage.css HTTP/1.1" 200 39339
151.30.216.137 - - [22/Feb/2025:13:24:20 +0100] "GET /ticket2/opencms/system/modules/com.gridnine.opencms.ticketbrokerage.site/resources/css/standard.css HTTP/1.1" 200 73904
151.30.216.137 - - [22/Feb/2025:13:24:20 +0100] "GET /ticket2/opencms/system/modules/com.gridnine.opencms.ticketbrokerage.site/resources/css/jquery-ui.css HTTP/1.1" 200 33221
151.30.216.137 - - [22/Feb/2025:13:24:20 +0100] "GET /ticket2/opencms/system/modules/com.gridnine.opencms.ticketbrokerage.site/resources/css/jquery.fancybox.css HTTP/1.1" 200 4939
151.30.216.137 - - [22/Feb/2025:13:24:20 +0100] "GET /ticket2/opencms/system/modules/com.gridnine.opencms.ticketbrokerage.site/resources/js/functions.js HTTP/1.1" 200 1583
151.30.216.137 - - [22/Feb/2025:13:24:20 +0100] "GET /ticket2/opencms/system/modules/com.gridnine.opencms.ticketbrokerage.site/resources/js/jquery.placeholder.min.js HTTP/1.1" 200 1737
151.30.216.137 - - [22/Feb/2025:13:24:20 +0100] "GET /ticket2/opencms/system/modules/com.gridnine.opencms.ticketbrokerage.site/resources/js/calendar.js HTTP/1.1" 200 49229
151.30.216.137 - - [22/Feb/2025:13:24:20 +0100] "GET /ticket2/opencms/system/modules/com.gridnine.opencms.ticketbrokerage.site/resources/js/calendar-en.js HTTP/1.1" 200 3338
151.30.216.137 - - [22/Feb/2025:13:24:20 +0100] "GET /ticket2/opencms/system/modules/com.gridnine.opencms.ticketbrokerage.site/resources/js/calendar-setup.js HTTP/1.1" 200 4923
151.30.216.137 - - [22/Feb/2025:13:24:20 +0100] "GET /ticket2/opencms/system/modules/com.gridnine.opencms.ticketbrokerage.site/resources/js/common-ajax.js HTTP/1.1" 200 20175
151.30.216.137 - - [22/Feb/2025:13:24:20 +0100] "GET /ticket2/opencms/system/modules/com.gridnine.opencms.ticketbrokerage.site/resources/js/jquery.fancybox.pack.js HTTP/1.1" 200 23187
151.30.216.137 - - [22/Feb/2025:13:24:20 +0100] "GET /ticket2/opencms/system/modules/com.gridnine.opencms.ticketbrokerage.site/resources/js/stickyfill.min.js HTTP/1.1" 200 5672
151.30.216.137 - - [22/Feb/2025:13:24:20 +0100] "GET /ticket2/opencms/system/modules/com.gridnine.opencms.ticketbrokerage.site/resources/js/standard.js HTTP/1.1" 200 3983
151.30.216.137 - - [22/Feb/2025:13:24:20 +0100] "GET /ticket2/opencms/img/icons/globe-white.png HTTP/1.1" 200 947
151.30.216.137 - - [22/Feb/2025:13:24:20 +0100] "GET /ticket2/opencms/system/modules/com.gridnine.opencms.ticketbrokerage.site/resources/pics/logo-new.png HTTP/1.1" 200 13541
151.30.216.137 - - [22/Feb/2025:13:24:20 +0100] "GET /ticket2/opencms/img/insta.png HTTP/1.1" 200 3967
151.30.216.137 - - [22/Feb/2025:13:24:20 +0100] "GET /ticket2/opencms/img/fb.png HTTP/1.1" 200 1269
151.30.216.137 - - [22/Feb/2025:13:24:20 +0100] "GET /ticket2/opencms/img/icons/se.png HTTP/1.1" 200 1258
151.30.216.137 - - [22/Feb/2025:13:24:20 +0100] "GET /ticket2/opencms/system/modules/com.gridnine.opencms.ticketbrokerage.site/resources/pics/footer-img.jpg HTTP/1.1" 200 67642
151.30.216.137 - - [22/Feb/2025:13:24:20 +0100] "GET /ticket2/opencms/img/check.png HTTP/1.1" 200 548
151.30.216.137 - - [22/Feb/2025:13:24:20 +0100] "GET /ticket2/opencms/img/arrow.png HTTP/1.1" 200 753
151.30.216.137 - - [22/Feb/2025:13:24:20 +0100] "GET /ticket2/opencms/img/chat.png HTTP/1.1" 200 416
151.30.216.137 - - [22/Feb/2025:13:24:21 +0100] "GET /ticket2/opencms/img/mail.png HTTP/1.1" 200 403
151.30.216.137 - - [22/Feb/2025:13:24:21 +0100] "GET /ticket2/opencms/img/icons/en.png HTTP/1.1" 200 2415
151.30.216.137 - - [22/Feb/2025:13:24:21 +0100] "GET /ticket2/opencms/img/icons/fi.png HTTP/1.1" 200 1785
151.30.216.137 - - [22/Feb/2025:13:24:21 +0100] "GET /ticket2/opencms/img/icons/no.png HTTP/1.1" 200 1958
151.30.216.137 - - [22/Feb/2025:13:24:21 +0100] "GET /ticket2/opencms/img/icons/dk.png HTTP/1.1" 200 1706
151.30.216.137 - - [22/Feb/2025:13:24:21 +0100] "GET /ticket2/opencms/img/icons/nl.png HTTP/1.1" 200 1255
151.30.216.137 - - [22/Feb/2025:13:24:21 +0100] "GET /ticket2/opencms/img/icons/de.png HTTP/1.1" 200 1124
151.30.216.137 - - [22/Feb/2025:13:24:21 +0100] "GET /ticket2/opencms/img/icons/fr.png HTTP/1.1" 200 1764
151.30.216.137 - - [22/Feb/2025:13:24:21 +0100] "GET /ticket2/opencms/img/icons/es.png HTTP/1.1" 200 1005
151.30.216.137 - - [22/Feb/2025:13:24:21 +0100] "GET /ticket2/opencms/img/icons/it.png HTTP/1.1" 200 2040
151.30.216.137 - - [22/Feb/2025:13:24:21 +0100] "GET /ticket2/opencms/img/icons/pl.png HTTP/1.1" 200 1578
151.30.216.137 - - [22/Feb/2025:13:24:21 +0100] "GET /ticket2/opencms/img/icons/sq.png HTTP/1.1" 200 1619
151.30.216.137 - - [22/Feb/2025:13:24:21 +0100] "GET /ticket2/opencms/img/icons/hr.png HTTP/1.1" 200 2024
151.30.216.137 - - [22/Feb/2025:13:24:21 +0100] "GET /ticket2/opencms/img/icons/cs.png HTTP/1.1" 200 1883
151.30.216.137 - - [22/Feb/2025:13:24:21 +0100] "GET /ticket2/opencms/img/icons/et.png HTTP/1.1" 200 754
151.30.216.137 - - [22/Feb/2025:13:24:21 +0100] "GET /ticket2/opencms/img/icons/el.png HTTP/1.1" 200 1637
151.30.216.137 - - [22/Feb/2025:13:24:21 +0100] "GET /ticket2/opencms/img/icons/ka.png HTTP/1.1" 200 860
151.30.216.137 - - [22/Feb/2025:13:24:21 +0100] "GET /ticket2/opencms/img/icons/hu.png HTTP/1.1" 200 733
151.30.216.137 - - [22/Feb/2025:13:24:21 +0100] "GET /ticket2/opencms/img/icons/is.png HTTP/1.1" 200 1884
151.30.216.137 - - [22/Feb/2025:13:24:21 +0100] "GET /ticket2/opencms/img/icons/ga.png HTTP/1.1" 200 1759
151.30.216.137 - - [22/Feb/2025:13:24:21 +0100] "GET /ticket2/opencms/img/icons/lv.png HTTP/1.1" 200 716
151.30.216.137 - - [22/Feb/2025:13:24:21 +0100] "GET /ticket2/opencms/img/icons/lt.png HTTP/1.1" 200 733
151.30.216.137 - - [22/Feb/2025:13:24:21 +0100] "GET /ticket2/opencms/img/icons/az.png HTTP/1.1" 200 1445
151.30.216.137 - - [22/Feb/2025:13:24:21 +0100] "GET /ticket2/opencms/img/icons/mt.png HTTP/1.1" 200 920
151.30.216.137 - - [22/Feb/2025:13:24:21 +0100] "GET /ticket2/opencms/img/icons/mo.png HTTP/1.1" 200 1468
151.30.216.137 - - [22/Feb/2025:13:24:21 +0100] "GET /ticket2/opencms/img/icons/ro.png HTTP/1.1" 200 1393
151.30.216.137 - - [22/Feb/2025:13:24:22 +0100] "GET /ticket2/opencms/img/icons/be.png HTTP/1.1" 200 1663
151.30.216.137 - - [22/Feb/2025:13:24:22 +0100] "GET /ticket2/opencms/img/icons/sr.png HTTP/1.1" 200 1602
151.30.216.137 - - [22/Feb/2025:13:24:22 +0100] "GET /ticket2/opencms/img/icons/sk.png HTTP/1.1" 200 1283
151.30.216.137 - - [22/Feb/2025:13:24:22 +0100] "GET /ticket2/opencms/img/icons/sl.png HTTP/1.1" 200 966
151.30.216.137 - - [22/Feb/2025:13:24:22 +0100] "GET /ticket2/opencms/img/icons/uk.png HTTP/1.1" 200 1272
151.30.216.137 - - [22/Feb/2025:13:24:22 +0100] "GET /ticket2/opencms/img/icons/tr.png HTTP/1.1" 200 1636
54.36.148.128 - - [22/Feb/2025:13:24:22 +0100] "GET /ticket2/opencms/en/buy?page=1&edid=7F2B1FEA-20FE-7448-32AC-111154CA401B HTTP/1.1" 200 134296
151.30.216.137 - - [22/Feb/2025:13:24:22 +0100] "GET /ticket2/opencms/img/icons/bs.png HTTP/1.1" 200 1014
151.30.216.137 - - [22/Feb/2025:13:24:22 +0100] "GET /ticket2/opencms/img/icons/bg.png HTTP/1.1" 200 788
151.30.216.137 - - [22/Feb/2025:13:24:22 +0100] "GET /ticket2/opencms/img/icons/ticket2.thumbnail.png HTTP/1.1" 200 21519
151.30.216.137 - - [22/Feb/2025:13:24:22 +0100] "GET /ticket2/opencms/system/modules/com.gridnine.opencms.ticketbrokerage.site/resources/js/standard.js HTTP/1.1" 200 3983
66.249.66.74 - - [22/Feb/2025:13:24:23 +0100] "GET /ticket2/opencms/system/modules/com.gridnine.opencms.ticketbrokerage.site/resources/js/stickyfill.min.js HTTP/1.1" 200 5672
85.208.96.199 - - [22/Feb/2025:13:24:24 +0100] "GET /ticket2/opencms/et/magazine/article?title=viktor-gyokeres-manchester-unitedisse HTTP/1.1" 200 92917
217.182.175.146 - - [22/Feb/2025:13:24:24 +0100] "GET /ticket2/opencms/se/fi/buy/?page=1&edid=DAE5B715-B12C-1546-990A-9C266B6D9CC9&sortorder=asc&column=price HTTP/1.1" 404 -
66.249.66.74 - - [22/Feb/2025:13:24:26 +0100] "GET /ticket2/opencms/cs/ask-form.html HTTP/1.1" 200 3156
54.36.148.51 - - [22/Feb/2025:13:24:27 +0100] "GET /ticket2/opencms/bs/buy/?page=1&edid=BC5D7CD2-EB5B-8786-D71A-5AE6232D27A7 HTTP/1.1" 200 111832
40.77.167.65 - - [22/Feb/2025:13:24:27 +0100] "GET /ticket2/opencms/lt/buy?page=1&edid=1B8F518C-70C1-6862-0544-4A1418DD424D HTTP/1.1" 200 111333
217.182.175.146 - - [22/Feb/2025:13:24:30 +0100] "GET /ticket2/opencms/se/fi/buy/?page=1&edid=DAE5B715-B12C-1546-990A-9C266B6D9CC9&sortorder=desc&column=price HTTP/1.1" 404 -
54.36.148.203 - - [22/Feb/2025:13:24:31 +0100] "GET /ticket2/opencms/es/buy?page=1&edid=59C05F18-21F2-267C-D1EB-43CE0819C99D HTTP/1.1" 200 111514
40.77.167.143 - - [22/Feb/2025:13:24:35 +0100] "GET /ticket2/opencms/de/buy?page=1&edid=135C00F3-51AC-7ED3-EBD8-841665CFC0A8 HTTP/1.1" 200 89842
66.249.92.133 - - [22/Feb/2025:13:24:36 +0100] "GET /ticket2/opencms/dk/buy/?page=1&edid=2000B814-5798-93BD-839A-CF4F349DB54F&hlv=66d04b09-dedc-4f5c-89b6-06fd0a01000f HTTP/1.1" 200 111839
151.30.216.137 - - [22/Feb/2025:13:24:36 +0100] "GET /ticket2/opencms/set_aff_cookie.jsp?partner=53673ED6-1455-FA54-818F-B1F67121E37C&url=/it/buy/index.html%3Fpage%3D1%26edid%3D0CBED0CE-AD48-5853-8CA7-767C378C5971%26hlv%3D6690089c-0eec-48e0-952f-14010a01000f%23v_1815856735 HTTP/1.1" 200 226
151.30.216.137 - - [22/Feb/2025:13:24:37 +0100] "GET /ticket2/opencms/it/buy/?page=1&edid=0CBED0CE-AD48-5853-8CA7-767C378C5971&hlv=6690089c-0eec-48e0-952f-14010a01000f HTTP/1.1" 200 91618
85.208.96.199 - - [22/Feb/2025:13:24:37 +0100] "GET /ticket2/opencms/sv/faq/ HTTP/1.1" 200 93217
151.30.216.137 - - [22/Feb/2025:13:24:37 +0100] "GET /ticket2/opencms/system/modules/com.gridnine.opencms.ticketbrokerage.site/resources/css/ticketbrokerage.css HTTP/1.1" 200 39339
151.30.216.137 - - [22/Feb/2025:13:24:37 +0100] "GET /ticket2/opencms/system/modules/com.gridnine.opencms.ticketbrokerage.site/resources/css/calendar.css HTTP/1.1" 200 6871
151.30.216.137 - - [22/Feb/2025:13:24:37 +0100] "GET /ticket2/opencms/system/modules/com.gridnine.opencms.ticketbrokerage.site/resources/css/standard.css HTTP/1.1" 200 73904
151.30.216.137 - - [22/Feb/2025:13:24:37 +0100] "GET /ticket2/opencms/system/modules/com.gridnine.opencms.ticketbrokerage.site/resources/js/functions.js HTTP/1.1" 200 1583
151.30.216.137 - - [22/Feb/2025:13:24:37 +0100] "GET /ticket2/opencms/system/modules/com.gridnine.opencms.ticketbrokerage.site/resources/js/calendar-en.js HTTP/1.1" 200 3338
151.30.216.137 - - [22/Feb/2025:13:24:37 +0100] "GET /ticket2/opencms/system/modules/com.gridnine.opencms.ticketbrokerage.site/resources/js/calendar.js HTTP/1.1" 200 49229
151.30.216.137 - - [22/Feb/2025:13:24:37 +0100] "GET /ticket2/opencms/system/modules/com.gridnine.opencms.ticketbrokerage.site/resources/js/calendar-setup.js HTTP/1.1" 200 4923
151.30.216.137 - - [22/Feb/2025:13:24:37 +0100] "GET /ticket2/opencms/system/modules/com.gridnine.opencms.ticketbrokerage.site/resources/js/standard.js HTTP/1.1" 200 3983
54.36.148.46 - - [22/Feb/2025:13:24:40 +0100] "GET /ticket2/opencms/az/buy?page=1&edid=CE176BC6-607A-1F10-781B-B350B44BEDAB HTTP/1.1" 200 112821
217.182.175.146 - - [22/Feb/2025:13:24:42 +0100] "GET /ticket2/opencms/se/fi/buy/?page=1&edid=081EE01A-3277-D451-A064-8BE12CA4E327&sortorder=desc&column=row HTTP/1.1" 404 -
185.191.171.6 - - [22/Feb/2025:13:24:44 +0100] "GET /ticket2/opencms/lv/magazine/article?title=graham-potter-no-zviedrijas-lidz-premjerligai HTTP/1.1" 200 96924
151.30.216.137 - - [22/Feb/2025:13:24:44 +0100] "GET /ticket2/opencms/set_aff_cookie.jsp?partner=53673ED6-1455-FA54-818F-B1F67121E37C&url=/it/buy/index.html%3Fpage%3D1%26edid%3D0CBED0CE-AD48-5853-8CA7-767C378C5971%26hlv%3D6690089c-0eec-48e0-952f-14010a01000f%23v_1815856735 HTTP/1.1" 200 226
151.30.216.137 - - [22/Feb/2025:13:24:45 +0100] "GET /ticket2/opencms/it/buy/?page=1&edid=0CBED0CE-AD48-5853-8CA7-767C378C5971&hlv=6690089c-0eec-48e0-952f-14010a01000f HTTP/1.1" 200 91520
151.30.216.137 - - [22/Feb/2025:13:24:45 +0100] "GET /ticket2/opencms/system/modules/com.gridnine.opencms.ticketbrokerage.site/resources/js/calendar.js HTTP/1.1" 200 49229
151.30.216.137 - - [22/Feb/2025:13:24:45 +0100] "GET /ticket2/opencms/system/modules/com.gridnine.opencms.ticketbrokerage.site/resources/css/ticketbrokerage.css HTTP/1.1" 200 39339
151.30.216.137 - - [22/Feb/2025:13:24:45 +0100] "GET /ticket2/opencms/system/modules/com.gridnine.opencms.ticketbrokerage.site/resources/css/calendar.css HTTP/1.1" 200 6871
151.30.216.137 - - [22/Feb/2025:13:24:45 +0100] "GET /ticket2/opencms/system/modules/com.gridnine.opencms.ticketbrokerage.site/resources/js/calendar-en.js HTTP/1.1" 200 3338
151.30.216.137 - - [22/Feb/2025:13:24:45 +0100] "GET /ticket2/opencms/system/modules/com.gridnine.opencms.ticketbrokerage.site/resources/css/standard.css HTTP/1.1" 200 73904
151.30.216.137 - - [22/Feb/2025:13:24:45 +0100] "GET /ticket2/opencms/system/modules/com.gridnine.opencms.ticketbrokerage.site/resources/js/functions.js HTTP/1.1" 200 1583
151.30.216.137 - - [22/Feb/2025:13:24:45 +0100] "GET /ticket2/opencms/system/modules/com.gridnine.opencms.ticketbrokerage.site/resources/js/calendar-setup.js HTTP/1.1" 200 4923
151.30.216.137 - - [22/Feb/2025:13:24:45 +0100] "GET /ticket2/opencms/system/modules/com.gridnine.opencms.ticketbrokerage.site/resources/js/standard.js HTTP/1.1" 200 3983
151.30.216.137 - - [22/Feb/2025:13:24:45 +0100] "GET /ticket2/opencms/system/modules/com.gridnine.opencms.ticketbrokerage.site/resources/css/calendar.css HTTP/1.1" 200 6871
151.30.216.137 - - [22/Feb/2025:13:24:45 +0100] "GET /ticket2/opencms/system/modules/com.gridnine.opencms.ticketbrokerage.site/resources/css/standard.css HTTP/1.1" 200 73904
151.30.216.137 - - [22/Feb/2025:13:24:45 +0100] "GET /ticket2/opencms/system/modules/com.gridnine.opencms.ticketbrokerage.site/resources/css/ticketbrokerage.css HTTP/1.1" 200 39339
151.30.216.137 - - [22/Feb/2025:13:24:45 +0100] "GET /ticket2/opencms/system/modules/com.gridnine.opencms.ticketbrokerage.site/resources/js/calendar-en.js HTTP/1.1" 200 3338
151.30.216.137 - - [22/Feb/2025:13:24:45 +0100] "GET /ticket2/opencms/system/modules/com.gridnine.opencms.ticketbrokerage.site/resources/js/calendar-setup.js HTTP/1.1" 200 4923
151.30.216.137 - - [22/Feb/2025:13:24:45 +0100] "GET /ticket2/opencms/system/modules/com.gridnine.opencms.ticketbrokerage.site/resources/js/calendar.js HTTP/1.1" 200 49229
151.30.216.137 - - [22/Feb/2025:13:24:45 +0100] "GET /ticket2/opencms/system/modules/com.gridnine.opencms.ticketbrokerage.site/resources/js/functions.js HTTP/1.1" 200 1583
54.36.148.111 - - [22/Feb/2025:13:24:45 +0100] "GET /ticket2/opencms/no/buy?page=1&edid=4583F62C-F880-E6C3-C3F7-F692CC3F1DC2 HTTP/1.1" 200 115871
217.182.175.146 - - [22/Feb/2025:13:24:49 +0100] "GET /ticket2/opencms/se/fi/buy/?page=1&edid=086493B2-4FAE-720B-9DC9-31BDBD7FEDFB&sortorder=asc&column=price HTTP/1.1" 404 -
40.77.167.78 - - [22/Feb/2025:13:24:49 +0100] "GET /ticket2/opencms/mo/buy?page=1&edid=68B485F7-9483-6E4F-656D-602EE2AC621D HTTP/1.1" 200 136014
40.77.167.78 - - [22/Feb/2025:13:24:51 +0100] "GET /ticket2/opencms/uk/buy?page=1&edid=EA6F0027-F4B4-AD6E-83BF-C2C4C89F04D0 HTTP/1.1" 200 114702
54.36.148.214 - - [22/Feb/2025:13:24:53 +0100] "GET /ticket2/opencms/en/buy?page=1&edid=CE176BC6-607A-1F10-781B-B350B44BEDAB HTTP/1.1" 200 110474
47.128.39.195 - - [22/Feb/2025:13:24:55 +0100] "GET /ticket2/opencms/is/buy/?edid=96E011DF-5241-3266-195A-F1BA5B4FE37C HTTP/1.1" 200 91400
66.249.92.131 - - [22/Feb/2025:13:24:58 +0100] "GET /ticket2/opencms/dk/ask-form.html HTTP/1.1" 200 2971
66.249.92.133 - - [22/Feb/2025:13:24:59 +0100] "GET /ticket2/opencms/dk/ask-form.html HTTP/1.1" 200 2971
66.249.92.133 - - [22/Feb/2025:13:24:59 +0100] "GET /ticket2/opencms/system/modules/com.gridnine.opencms.ticketbrokerage.site/resources/css/ticketbrokerage.css HTTP/1.1" 200 39339
54.36.148.43 - - [22/Feb/2025:13:24:59 +0100] "GET /ticket2/opencms/tr/buy?page=1&edid=CE176BC6-607A-1F10-781B-B350B44BEDAB HTTP/1.1" 200 112489
217.182.175.146 - - [22/Feb/2025:13:25:01 +0100] "GET /ticket2/opencms/se/fi/buy/?page=1&edid=0A0433F4-F687-A1E5-59C6-9848148A91CB HTTP/1.1" 404 -
111.119.204.78 - - [22/Feb/2025:13:25:04 +0100] "GET /ticket2/opencms/ga/sport/ticeid-peile/champions-league/ HTTP/1.1" 200 105603
54.36.148.243 - - [22/Feb/2025:13:25:05 +0100] "GET /ticket2/opencms/fr/magazine/article?title=achetez-des-billets-pour-la-bundesliga-sur-ticket2com HTTP/1.1" 200 93050
66.249.76.194 - - [22/Feb/2025:13:25:06 +0100] "GET /ticket2/opencms/it/magazine/article?title=su-larsenal-fc HTTP/1.1" 200 93519
85.208.96.211 - - [22/Feb/2025:13:25:06 +0100] "GET /ticket2/opencms/pl/sport/bilety-futbol/serie-a/inter/ HTTP/1.1" 200 97645
66.249.66.68 - - [22/Feb/2025:13:25:06 +0100] "GET /ticket2/opencms/set_aff_cookie.jsp?partner=8F6DE15D-D831-5787-AE7E-FEFF53476F85&url=%252Fno%252Fbuy%252Findex.html%253Fpage%253D1%2526edid%253DDC4F64BB-84C6-452C-2BFD-138DC45E79DD%2526hlv%253D666de068-8f38-4ebc-971c-6d8a0a01000f%2523v1749330537 HTTP/1.1" 200 246
54.36.148.155 - - [22/Feb/2025:13:25:09 +0100] "GET /ticket2/opencms/uk/sport/kvytky-na-futbol/english-championship/rotherham/ HTTP/1.1" 200 98512
47.128.40.132 - - [22/Feb/2025:13:25:10 +0100] "GET /ticket2/opencms/no/buy/?edid=F83ACB1F-A834-FC8E-AC9B-B9250F8FA653 HTTP/1.1" 200 91110
217.182.175.146 - - [22/Feb/2025:13:25:13 +0100] "GET /ticket2/opencms/se/fi/buy/?page=1&edid=0AC91052-66F1-98AF-E562-D5B9EF6D6780&sortorder=asc&column=price HTTP/1.1" 404 -
54.36.148.170 - - [22/Feb/2025:13:25:15 +0100] "GET /ticket2/opencms/it/buy/?page=1&edid=ACFE5269-826A-FF79-28D4-8876A969800F HTTP/1.1" 200 117531
54.36.148.70 - - [22/Feb/2025:13:25:19 +0100] "GET /ticket2/opencms/it/magazine/article?title=le-stelle-degli-europei-piu-cercate-su-google-e-piu-grandi-su-instagram HTTP/1.1" 200 99427
217.182.175.146 - - [22/Feb/2025:13:25:20 +0100] "GET /ticket2/opencms/se/fi/buy/?page=1&edid=0B083C51-2D6B-8CD2-8763-C3F4DB186FAB&sortorder=asc&column=price HTTP/1.1" 404 -
54.36.148.117 - - [22/Feb/2025:13:25:20 +0100] "GET /ticket2/opencms/et/sport/jalgpallipiletid/english-championship/rotherham/ HTTP/1.1" 200 97173
54.36.148.205 - - [22/Feb/2025:13:25:26 +0100] "GET /ticket2/opencms/mt/buying_tickets HTTP/1.1" 200 89328
217.182.175.146 - - [22/Feb/2025:13:25:27 +0100] "GET /ticket2/opencms/se/fi/buy/?page=1&edid=0B083C51-2D6B-8CD2-8763-C3F4DB186FAB&sortorder=asc&column=section HTTP/1.1" 404 -
54.36.149.85 - - [22/Feb/2025:13:25:32 +0100] "GET /ticket2/opencms/sk/buy?page=1&edid=0F9D6B87-FBA2-98F6-6A11-CBBA4D2A86C1 HTTP/1.1" 200 112507
114.119.146.220 - - [22/Feb/2025:13:25:32 +0100] "GET /ticket2/opencms/es/buy/?page=1&edid=2CEA0497-8D50-22F6-0E98-33BE3EC14F1E HTTP/1.1" 200 126001
85.208.96.202 - - [22/Feb/2025:13:25:33 +0100] "GET /ticket2/opencms/en/faq HTTP/1.1" 200 90575
217.182.175.146 - - [22/Feb/2025:13:25:34 +0100] "GET /ticket2/opencms/se/fi/buy/?page=1&edid=0B5745BA-B7A8-B4EB-CD0C-AFC19ED3EC86&sortorder=asc&column=price HTTP/1.1" 404 -
185.191.171.1 - - [22/Feb/2025:13:25:37 +0100] "GET /ticket2/opencms/robots.txt HTTP/1.1" 200 773
40.77.167.65 - - [22/Feb/2025:13:25:37 +0100] "GET /ticket2/opencms/hu/buy/?page=1&edid=03BA102A-E427-5E85-57CB-87649D81FA9D HTTP/1.1" 200 112650
185.191.171.14 - - [22/Feb/2025:13:25:38 +0100] "GET /ticket2/opencms/nl/sport/voetbal-tickets/premier_league/everton/ HTTP/1.1" 200 96008
54.36.148.99 - - [22/Feb/2025:13:25:38 +0100] "GET /ticket2/opencms/hu/buy/?page=1&edid=348589F6-F332-E9FC-C0E9-6C296BB448B5 HTTP/1.1" 200 108756
114.119.151.93 - - [22/Feb/2025:13:25:40 +0100] "GET /ticket2/opencms/mo/buy?page=1&=5B5D74F0-DD4A-806F-220D-FF262FB88FFE HTTP/1.1" 200 -
217.182.175.146 - - [22/Feb/2025:13:25:41 +0100] "GET /ticket2/opencms/se/fi/buy/?page=1&edid=0B5745BA-B7A8-B4EB-CD0C-AFC19ED3EC86&sortorder=desc&column=price HTTP/1.1" 404 -
54.36.148.51 - - [22/Feb/2025:13:25:43 +0100] "GET /ticket2/opencms/es/magazine/article?title=fc-liverpool-temporada-refleccion HTTP/1.1" 200 94799
45.140.17.52 - - [22/Feb/2025:13:25:46 +0100] "/*?Cookie: mstshash=Administr " 400 -
217.182.175.146 - - [22/Feb/2025:13:25:48 +0100] "GET /ticket2/opencms/se/fi/buy/?page=1&edid=0B5745BA-B7A8-B4EB-CD0C-AFC19ED3EC86&sortorder=desc&column=row HTTP/1.1" 404 -
154.54.249.216 - - [22/Feb/2025:13:25:49 +0100] "GET /ticket2/opencms/dk/venue/?venueid=D198E605-58F6-945B-9B95-FBB903185288 HTTP/1.1" 200 85727
54.36.148.102 - - [22/Feb/2025:13:25:49 +0100] "GET /ticket2/opencms/sl/sport/nogometne-vstopnice/english-championship/rotherham/ HTTP/1.1" 200 97257
47.128.47.247 - - [22/Feb/2025:13:25:50 +0100] "GET /ticket2/opencms/fi/venue/?venueid=A253241A-BC3B-6234-FFC3-3D72EBB1C7CB HTTP/1.1" 200 86892
54.36.148.120 - - [22/Feb/2025:13:25:54 +0100] "GET /ticket2/opencms/sk/magazine/article?title=o-futbalovom-time-liverpool-fc HTTP/1.1" 200 96869
216.244.66.238 - - [22/Feb/2025:13:25:57 +0100] "GET /ticket2/opencms/sr/buy?page=1&edid=9ADD6348-BDC2-17B1-D675-135C7F3F55B2 HTTP/1.1" 200 112995
190.92.238.187 - - [22/Feb/2025:13:25:57 +0100] "GET /ticket2/opencms/sq/buy?page=1&edid=03BA102A-E427-5E85-57CB-87649D81FA9D HTTP/1.1" 200 112890
173.252.87.112 - - [22/Feb/2025:13:25:59 +0100] "GET /ticket2/opencms/cs/buy/?page=1&edid=8DE1C2CA-7119-0E71-F915-F372DB5EBBBA HTTP/1.1" 200 111849
54.36.149.6 - - [22/Feb/2025:13:26:00 +0100] "GET /ticket2/opencms/tr/spor/futbol-biletleri/english-championship/rotherham/ HTTP/1.1" 200 97633
217.182.175.146 - - [22/Feb/2025:13:26:00 +0100] "GET /ticket2/opencms/se/fi/buy/?page=1&edid=0B7BC066-8937-0CF0-B2A3-D8294DF6CBFF&sortorder=asc&column=price HTTP/1.1" 404 -
54.36.149.14 - - [22/Feb/2025:13:26:05 +0100] "GET /ticket2/opencms/sq/sport/bileta-per-futboll/champions-league/celtic HTTP/1.1" 200 97521
217.182.175.146 - - [22/Feb/2025:13:26:06 +0100] "GET /ticket2/opencms/se/fi/buy/?page=1&edid=0B7BC066-8937-0CF0-B2A3-D8294DF6CBFF&sortorder=asc&column=row HTTP/1.1" 404 -
52.167.144.156 - - [22/Feb/2025:13:26:08 +0100] "GET /ticket2/opencms/fi/magazine/article?title=em-pelaajat-jotka-eroavat-joukosta HTTP/1.1" 200 93041
54.36.148.252 - - [22/Feb/2025:13:26:10 +0100] "GET /ticket2/opencms/lt/sport/futbolo-bilietai/champions-league/celtic HTTP/1.1" 200 95974
217.182.175.146 - - [22/Feb/2025:13:26:13 +0100] "GET /ticket2/opencms/se/fi/buy/?page=1&edid=0B7BC066-8937-0CF0-B2A3-D8294DF6CBFF&sortorder=asc&column=section HTTP/1.1" 404 -
54.36.148.214 - - [22/Feb/2025:13:26:17 +0100] "GET /ticket2/opencms/el/athlitismos/eisitiria-podosfairou/champions-league/celtic HTTP/1.1" 200 97973
114.119.146.220 - - [22/Feb/2025:13:26:17 +0100] "GET /ticket2/opencms/en/login/?url=/en/sell/ HTTP/1.1" 200 90199
217.182.175.146 - - [22/Feb/2025:13:26:20 +0100] "GET /ticket2/opencms/se/fi/buy/?page=1&edid=0BC258C2-9774-A591-F927-B1529ED5241B HTTP/1.1" 404 -
54.36.148.10 - - [22/Feb/2025:13:26:21 +0100] "GET /ticket2/opencms/cs/sport/fotbalove-listky/champions-league/celtic HTTP/1.1" 200 97363
216.244.66.238 - - [22/Feb/2025:13:26:25 +0100] "GET /ticket2/opencms/bs/buy?page=1&edid=E4CE59AD-0A49-0DBB-D7BA-829D59D33CD7 HTTP/1.1" 200 90326
217.182.175.146 - - [22/Feb/2025:13:26:26 +0100] "GET /ticket2/opencms/se/fi/buy/?page=1&edid=0BC258C2-9774-A591-F927-B1529ED5241B&sortorder=asc&column=price HTTP/1.1" 404 -
54.36.149.78 - - [22/Feb/2025:13:26:29 +0100] "GET /ticket2/opencms/hu/magazine/article?title=allsvenskan-a-sved-labdarugas-premier-league-je HTTP/1.1" 200 94175
47.128.114.62 - - [22/Feb/2025:13:26:31 +0100] "GET /ticket2/opencms/no/buy/?edid=5053E429-37C6-6922-FE45-2F7B4E327AEF HTTP/1.1" 200 91001
114.119.152.134 - - [22/Feb/2025:13:26:32 +0100] "GET /ticket2/opencms/es/buy/?page=1&edid=650A0D78-456F-EC5A-28FD-BB522C4AB0A0 HTTP/1.1" 200 111026
54.36.148.237 - - [22/Feb/2025:13:26:34 +0100] "GET /ticket2/opencms/is/sport/fotbolti/champions-league/celtic HTTP/1.1" 200 96853
217.182.175.146 - - [22/Feb/2025:13:26:38 +0100] "GET /ticket2/opencms/se/fi/buy/?page=1&edid=0BC258C2-9774-A591-F927-B1529ED5241B&sortorder=asc&column=section HTTP/1.1" 404 -
54.36.148.193 - - [22/Feb/2025:13:26:39 +0100] "GET /ticket2/opencms/be/sport/futbol-kvitki/champions-league/celtic HTTP/1.1" 200 97251
66.249.66.195 - - [22/Feb/2025:13:26:40 +0100] "GET /ticket2/opencms/fi/magazine/article?title=ballon-dor-voittaja-2024 HTTP/1.1" 200 93627
66.249.66.32 - - [22/Feb/2025:13:26:41 +0100] "GET /ticket2/opencms/en/magazine/article?title=discover-la-liga-live-buy-tickets-at-ticket2 HTTP/1.1" 200 92506
66.249.76.42 - - [22/Feb/2025:13:26:42 +0100] "GET /ticket2/opencms/en/sport/football-tickets/la-liga/mallorca/ HTTP/1.1" 200 96675
199.244.88.223 - - [22/Feb/2025:13:26:42 +0100] "GET /ticket2/opencms/de/ HTTP/1.1" 200 106836
54.36.149.81 - - [22/Feb/2025:13:26:43 +0100] "GET /ticket2/opencms/el/buy?page=1&edid=00111C9B-5E02-77E7-9B39-8EFC1235AF29 HTTP/1.1" 200 121949
217.182.175.146 - - [22/Feb/2025:13:26:44 +0100] "GET /ticket2/opencms/se/fi/buy/?page=1&edid=0BC258C2-9774-A591-F927-B1529ED5241B&sortorder=desc&column=row HTTP/1.1" 404 -
185.191.171.17 - - [22/Feb/2025:13:26:47 +0100] "GET /ticket2/opencms/hr/about/contact/ HTTP/1.1" 200 86445
40.77.167.65 - - [22/Feb/2025:13:26:48 +0100] "GET /ticket2/opencms/ga/buy?page=1&edid=ED44696D-A159-37E8-3E9F-619FFE15E323 HTTP/1.1" 200 112887
185.191.171.16 - - [22/Feb/2025:13:26:49 +0100] "GET /ticket2/opencms/sv/sport/fotbollsbiljetter/bundesliga/union_berlin/ HTTP/1.1" 200 92344
217.182.175.146 - - [22/Feb/2025:13:26:51 +0100] "GET /ticket2/opencms/se/fi/buy/?page=1&edid=0FCEF0E0-655C-B38A-C51A-DADF4FC08DE0&sortorder=desc&column=price HTTP/1.1" 404 -
216.244.66.238 - - [22/Feb/2025:13:26:51 +0100] "GET /ticket2/opencms/el/buy?page=1&edid=3A39BC8D-06F1-0E83-AC46-9CE7C43A9D91 HTTP/1.1" 200 115487
54.36.148.3 - - [22/Feb/2025:13:26:51 +0100] "GET /ticket2/opencms/hu/magazine/article?title=bajnokok-ligaja-jegyek-a-ticket2-n HTTP/1.1" 200 98216
189.1.243.136 - - [22/Feb/2025:13:26:53 +0100] "GET /ticket2/opencms/sq/buy?page=1&edid=9E48B87F-688E-01AE-F864-C3FCC26B3C24 HTTP/1.1" 200 111301
54.36.149.37 - - [22/Feb/2025:13:26:55 +0100] "GET /ticket2/opencms/el/buy?page=1&edid=299450E2-FDAD-4E2B-0058-6290A7A2B57D HTTP/1.1" 200 115913
51.8.102.44 - - [22/Feb/2025:13:26:56 +0100] "GET /ticket2/opencms/robots.txt HTTP/1.1" 304 -
217.182.175.146 - - [22/Feb/2025:13:26:57 +0100] "GET /ticket2/opencms/se/fi/buy/?page=1&edid=0FCEF0E0-655C-B38A-C51A-DADF4FC08DE0&sortorder=desc&column=row HTTP/1.1" 404 -
54.36.148.19 - - [22/Feb/2025:13:27:01 +0100] "GET /ticket2/opencms/hu/sport/focijegyek/champions-league/benfica HTTP/1.1" 200 97441
217.182.175.146 - - [22/Feb/2025:13:27:04 +0100] "GET /ticket2/opencms/se/fi/buy/?page=1&edid=0FCEF0E0-655C-B38A-C51A-DADF4FC08DE0&sortorder=desc&column=section HTTP/1.1" 404 -
114.119.146.36 - - [22/Feb/2025:13:27:09 +0100] "GET /ticket2/opencms/en/sell/?edid=5CA6204E-B944-1C9C-2A91-E87C8D0203BC HTTP/1.1" 302 -
114.119.140.111 - - [22/Feb/2025:13:27:09 +0100] "GET /ticket2/opencms/es/magazine/article?title=lionel-messi HTTP/1.1" 200 94063
54.36.149.90 - - [22/Feb/2025:13:27:09 +0100] "GET /ticket2/opencms/be/sport/futbol-kvitki/champions-league/benfica HTTP/1.1" 200 97493
47.128.32.234 - - [22/Feb/2025:13:27:13 +0100] "GET /ticket2/opencms/sl/buy/?edid=87DA8067-258E-93BF-F8B0-6A2011EF3D80 HTTP/1.1" 200 91598
114.119.146.36 - - [22/Feb/2025:13:27:14 +0100] "GET /ticket2/opencms/en/login/?url=/en/sell/ HTTP/1.1" 200 90098
185.191.171.4 - - [22/Feb/2025:13:27:14 +0100] "GET /ticket2/opencms/is/magazine/article?title=hvad-er-fotbolti HTTP/1.1" 200 96927
85.208.96.197 - - [22/Feb/2025:13:27:15 +0100] "GET /ticket2/opencms/sr/magazine/article?title=liga-nacija-je-u-punom-jeku HTTP/1.1" 200 94765
217.182.175.146 - - [22/Feb/2025:13:27:15 +0100] "GET /ticket2/opencms/se/fi/buy/?page=1&edid=101C9D03-41F4-068B-AD6E-B79B3A86271B&sortorder=desc&column=section HTTP/1.1" 404 -
54.36.149.38 - - [22/Feb/2025:13:27:17 +0100] "GET /ticket2/opencms/hr/sport/nogometne-ulaznice/champions-league/celtic HTTP/1.1" 200 96361
66.249.76.42 - - [22/Feb/2025:13:27:18 +0100] "GET /ticket2/opencms/system/modules/com.gridnine.opencms.ticketbrokerage.site/resources/js/standard.js HTTP/1.1" 200 3983
216.244.66.238 - - [22/Feb/2025:13:27:19 +0100] "GET /ticket2/opencms/uk/buy?page=1&edid=50D37B13-6F20-71F9-54D9-90E7B6C8DECF HTTP/1.1" 200 114074
154.54.249.216 - - [22/Feb/2025:13:27:21 +0100] "GET /ticket2/opencms/dk/venue/?venueid=C5834F34-3BBB-2A93-0E8E-D95E38C86A64 HTTP/1.1" 200 85765
217.182.175.146 - - [22/Feb/2025:13:27:22 +0100] "GET /ticket2/opencms/se/fi/buy/?page=1&edid=10460286-023B-DF27-E433-B371940C5050&sortorder=asc&column=row HTTP/1.1" 404 -
54.36.148.238 - - [22/Feb/2025:13:27:22 +0100] "GET /ticket2/opencms/fi/buy?page=1&edid=FADD67F3-76CC-D117-2ADC-BEBED308D46A HTTP/1.1" 200 111723
54.36.148.235 - - [22/Feb/2025:13:27:26 +0100] "GET /ticket2/opencms/sl/magazine/article?title=legenda-v-vroci-besedni-menjavi-s-podpornikom HTTP/1.1" 200 93861
47.128.39.51 - - [22/Feb/2025:13:27:28 +0100] "GET /ticket2/opencms/fi/venue/?venueid=044124AA-8517-9D68-740C-14F5017956EC HTTP/1.1" 200 86882
217.182.175.146 - - [22/Feb/2025:13:27:28 +0100] "GET /ticket2/opencms/se/fi/buy/?page=1&edid=10A62337-6080-4764-6B3B-E77181019E55&sortorder=asc&column=price HTTP/1.1" 404 -
54.36.148.30 - - [22/Feb/2025:13:27:29 +0100] "GET /ticket2/opencms/es/magazine/article?title=hugo-larsson-el-joven-de-20-anos-que-va-de-exito-en-exito HTTP/1.1" 200 96158
66.249.66.69 - - [22/Feb/2025:13:27:29 +0100] "GET /ticket2/opencms/no/sell/?edid=E66B1558-C5A6-CDDD-B7DD-6060381B0F38 HTTP/1.1" 302 -
66.249.66.68 - - [22/Feb/2025:13:27:32 +0100] "GET /ticket2/opencms/no/login/?url=/no/sell/ HTTP/1.1" 200 91388
54.36.148.194 - - [22/Feb/2025:13:27:35 +0100] "GET /ticket2/opencms/lv/buy?page=1&edid=F124BA86-A27C-2AAF-548B-4E7CAF608D73 HTTP/1.1" 200 108595
217.182.175.146 - - [22/Feb/2025:13:27:35 +0100] "GET /ticket2/opencms/se/fi/buy/?page=1&edid=10A62337-6080-4764-6B3B-E77181019E55&sortorder=asc&column=section HTTP/1.1" 404 -
87.49.147.247 - - [22/Feb/2025:13:27:39 +0100] "GET /ticket2/opencms/dk/sport/fodboldbilletter/champions_league/malmo_ff/ HTTP/1.1" 200 87102
87.49.147.247 - - [22/Feb/2025:13:27:39 +0100] "GET /ticket2/opencms/system/modules/com.gridnine.opencms.ticketbrokerage.site/resources/css/ticketbrokerage.css HTTP/1.1" 200 39339
87.49.147.247 - - [22/Feb/2025:13:27:40 +0100] "GET /ticket2/opencms/system/modules/com.gridnine.opencms.ticketbrokerage.site/resources/js/jquery/jquery.js HTTP/1.1" 200 93868
87.49.147.247 - - [22/Feb/2025:13:27:40 +0100] "GET /ticket2/opencms/system/modules/com.gridnine.opencms.ticketbrokerage.site/resources/js/jquery/jquery-ui.js HTTP/1.1" 200 228088
87.49.147.247 - - [22/Feb/2025:13:27:40 +0100] "GET /ticket2/opencms/system/modules/com.gridnine.opencms.ticketbrokerage.site/resources/css/calendar.css HTTP/1.1" 200 6871
87.49.147.247 - - [22/Feb/2025:13:27:40 +0100] "GET /ticket2/opencms/system/modules/com.gridnine.opencms.ticketbrokerage.site/resources/js/functions.js HTTP/1.1" 200 1583
54.36.148.43 - - [22/Feb/2025:13:27:40 +0100] "GET /ticket2/opencms/et/buy?page=1&edid=312E2B30-1BE8-80F9-5587-64D580752ED3 HTTP/1.1" 200 117877
87.49.147.247 - - [22/Feb/2025:13:27:40 +0100] "GET /ticket2/opencms/system/modules/com.gridnine.opencms.ticketbrokerage.site/resources/css/jquery-ui.css HTTP/1.1" 200 33221
87.49.147.247 - - [22/Feb/2025:13:27:40 +0100] "GET /ticket2/opencms/system/modules/com.gridnine.opencms.ticketbrokerage.site/resources/css/jquery.fancybox.css HTTP/1.1" 200 4939
87.49.147.247 - - [22/Feb/2025:13:27:40 +0100] "GET /ticket2/opencms/system/modules/com.gridnine.opencms.ticketbrokerage.site/resources/css/standard.css HTTP/1.1" 200 73904
87.49.147.247 - - [22/Feb/2025:13:27:40 +0100] "GET /ticket2/opencms/system/modules/com.gridnine.opencms.ticketbrokerage.site/resources/js/jquery.placeholder.min.js HTTP/1.1" 200 1737
87.49.147.247 - - [22/Feb/2025:13:27:40 +0100] "GET /ticket2/opencms/system/modules/com.gridnine.opencms.ticketbrokerage.site/resources/js/calendar.js HTTP/1.1" 200 49229
87.49.147.247 - - [22/Feb/2025:13:27:40 +0100] "GET /ticket2/opencms/system/modules/com.gridnine.opencms.ticketbrokerage.site/resources/js/calendar-en.js HTTP/1.1" 200 3338
87.49.147.247 - - [22/Feb/2025:13:27:40 +0100] "GET /ticket2/opencms/system/modules/com.gridnine.opencms.ticketbrokerage.site/resources/js/common-ajax.js HTTP/1.1" 200 20175
87.49.147.247 - - [22/Feb/2025:13:27:40 +0100] "GET /ticket2/opencms/system/modules/com.gridnine.opencms.ticketbrokerage.site/resources/js/calendar-setup.js HTTP/1.1" 200 4923
87.49.147.247 - - [22/Feb/2025:13:27:40 +0100] "GET /ticket2/opencms/system/modules/com.gridnine.opencms.ticketbrokerage.site/resources/js/jquery.fancybox.pack.js HTTP/1.1" 200 23187
87.49.147.247 - - [22/Feb/2025:13:27:40 +0100] "GET /ticket2/opencms/system/modules/com.gridnine.opencms.ticketbrokerage.site/resources/js/stickyfill.min.js HTTP/1.1" 200 5672
87.49.147.247 - - [22/Feb/2025:13:27:40 +0100] "GET /ticket2/opencms/system/modules/com.gridnine.opencms.ticketbrokerage.site/resources/js/standard.js HTTP/1.1" 200 3983
87.49.147.247 - - [22/Feb/2025:13:27:40 +0100] "GET /ticket2/opencms/img/icons/globe-white.png HTTP/1.1" 200 947
87.49.147.247 - - [22/Feb/2025:13:27:40 +0100] "GET /ticket2/opencms/system/modules/com.gridnine.opencms.ticketbrokerage.site/resources/pics/logo-new.png HTTP/1.1" 200 13541
87.49.147.247 - - [22/Feb/2025:13:27:40 +0100] "GET /ticket2/opencms/img/insta.png HTTP/1.1" 200 3967
87.49.147.247 - - [22/Feb/2025:13:27:40 +0100] "GET /ticket2/opencms/img/check.png HTTP/1.1" 200 548
87.49.147.247 - - [22/Feb/2025:13:27:40 +0100] "GET /ticket2/opencms/system/modules/com.gridnine.opencms.ticketbrokerage.site/resources/pics/banners/sv/football_sv.png HTTP/1.1" 200 13104
87.49.147.247 - - [22/Feb/2025:13:27:40 +0100] "GET /ticket2/opencms/system/modules/com.gridnine.opencms.ticketbrokerage.site/resources/css/images/event-banner.png HTTP/1.1" 404 -
87.49.147.247 - - [22/Feb/2025:13:27:40 +0100] "GET /ticket2/opencms/img/icons/se.png HTTP/1.1" 200 1258
87.49.147.247 - - [22/Feb/2025:13:27:40 +0100] "GET /ticket2/opencms/img/icons/en.png HTTP/1.1" 200 2415
87.49.147.247 - - [22/Feb/2025:13:27:40 +0100] "GET /ticket2/opencms/img/fb.png HTTP/1.1" 200 1269
87.49.147.247 - - [22/Feb/2025:13:27:40 +0100] "GET /ticket2/opencms/system/modules/com.gridnine.opencms.ticketbrokerage.site/resources/pics/footer-img.jpg HTTP/1.1" 200 67642
87.49.147.247 - - [22/Feb/2025:13:27:40 +0100] "GET /ticket2/opencms/img/mail.png HTTP/1.1" 200 403
87.49.147.247 - - [22/Feb/2025:13:27:40 +0100] "GET /ticket2/opencms/img/icons/no.png HTTP/1.1" 200 1958
87.49.147.247 - - [22/Feb/2025:13:27:40 +0100] "GET /ticket2/opencms/img/icons/fi.png HTTP/1.1" 200 1785
87.49.147.247 - - [22/Feb/2025:13:27:40 +0100] "GET /ticket2/opencms/img/chat.png HTTP/1.1" 200 416
87.49.147.247 - - [22/Feb/2025:13:27:41 +0100] "GET /ticket2/opencms/img/arrow.png HTTP/1.1" 200 753
87.49.147.247 - - [22/Feb/2025:13:27:41 +0100] "GET /ticket2/opencms/img/icons/nl.png HTTP/1.1" 200 1255
85.208.96.202 - - [22/Feb/2025:13:27:41 +0100] "GET /ticket2/opencms/sr/sport/fudbalske-karte/premier-league/newcastle-united HTTP/1.1" 200 94741
87.49.147.247 - - [22/Feb/2025:13:27:41 +0100] "GET /ticket2/opencms/img/icons/dk.png HTTP/1.1" 200 1706
87.49.147.247 - - [22/Feb/2025:13:27:41 +0100] "GET /ticket2/opencms/img/icons/de.png HTTP/1.1" 200 1124
87.49.147.247 - - [22/Feb/2025:13:27:41 +0100] "GET /ticket2/opencms/img/icons/fr.png HTTP/1.1" 200 1764
87.49.147.247 - - [22/Feb/2025:13:27:41 +0100] "GET /ticket2/opencms/img/icons/it.png HTTP/1.1" 200 2040
87.49.147.247 - - [22/Feb/2025:13:27:41 +0100] "GET /ticket2/opencms/img/icons/es.png HTTP/1.1" 200 1005
87.49.147.247 - - [22/Feb/2025:13:27:41 +0100] "GET /ticket2/opencms/img/icons/bg.png HTTP/1.1" 200 788
87.49.147.247 - - [22/Feb/2025:13:27:41 +0100] "GET /ticket2/opencms/img/icons/bs.png HTTP/1.1" 200 1014
87.49.147.247 - - [22/Feb/2025:13:27:41 +0100] "GET /ticket2/opencms/img/icons/cs.png HTTP/1.1" 200 1883
87.49.147.247 - - [22/Feb/2025:13:27:41 +0100] "GET /ticket2/opencms/img/icons/hr.png HTTP/1.1" 200 2024
87.49.147.247 - - [22/Feb/2025:13:27:41 +0100] "GET /ticket2/opencms/img/icons/az.png HTTP/1.1" 200 1445
87.49.147.247 - - [22/Feb/2025:13:27:41 +0100] "GET /ticket2/opencms/img/icons/et.png HTTP/1.1" 200 754
87.49.147.247 - - [22/Feb/2025:13:27:41 +0100] "GET /ticket2/opencms/img/icons/el.png HTTP/1.1" 200 1637
87.49.147.247 - - [22/Feb/2025:13:27:41 +0100] "GET /ticket2/opencms/img/icons/be.png HTTP/1.1" 200 1663
87.49.147.247 - - [22/Feb/2025:13:27:41 +0100] "GET /ticket2/opencms/img/icons/pl.png HTTP/1.1" 200 1578
87.49.147.247 - - [22/Feb/2025:13:27:41 +0100] "GET /ticket2/opencms/img/icons/ka.png HTTP/1.1" 200 860
87.49.147.247 - - [22/Feb/2025:13:27:41 +0100] "GET /ticket2/opencms/img/icons/sq.png HTTP/1.1" 200 1619
217.182.175.146 - - [22/Feb/2025:13:27:41 +0100] "GET /ticket2/opencms/se/fi/buy/?page=1&edid=10A62337-6080-4764-6B3B-E77181019E55&sortorder=desc&column=row HTTP/1.1" 404 -
87.49.147.247 - - [22/Feb/2025:13:27:41 +0100] "GET /ticket2/opencms/img/icons/hu.png HTTP/1.1" 200 733
87.49.147.247 - - [22/Feb/2025:13:27:41 +0100] "GET /ticket2/opencms/img/icons/is.png HTTP/1.1" 200 1884
87.49.147.247 - - [22/Feb/2025:13:27:41 +0100] "GET /ticket2/opencms/img/icons/ga.png HTTP/1.1" 200 1759
87.49.147.247 - - [22/Feb/2025:13:27:41 +0100] "GET /ticket2/opencms/img/icons/mt.png HTTP/1.1" 200 920
87.49.147.247 - - [22/Feb/2025:13:27:41 +0100] "GET /ticket2/opencms/img/icons/lv.png HTTP/1.1" 200 716
87.49.147.247 - - [22/Feb/2025:13:27:41 +0100] "GET /ticket2/opencms/img/icons/lt.png HTTP/1.1" 200 733
87.49.147.247 - - [22/Feb/2025:13:27:41 +0100] "GET /ticket2/opencms/img/icons/mo.png HTTP/1.1" 200 1468
87.49.147.247 - - [22/Feb/2025:13:27:41 +0100] "GET /ticket2/opencms/img/icons/ro.png HTTP/1.1" 200 1393
87.49.147.247 - - [22/Feb/2025:13:27:41 +0100] "GET /ticket2/opencms/img/icons/sr.png HTTP/1.1" 200 1602
87.49.147.247 - - [22/Feb/2025:13:27:41 +0100] "GET /ticket2/opencms/img/icons/sk.png HTTP/1.1" 200 1283
87.49.147.247 - - [22/Feb/2025:13:27:41 +0100] "GET /ticket2/opencms/img/icons/uk.png HTTP/1.1" 200 1272
87.49.147.247 - - [22/Feb/2025:13:27:41 +0100] "GET /ticket2/opencms/img/icons/sl.png HTTP/1.1" 200 966
