217.182.134.134 - - [22/Feb/2025:13:35:27 +0100] "GET /ticket2/opencms/en/buy/?page=1&edid=E4CCAEED-8E81-175A-FC4E-82AB9259F7C3&sortorder=asc&column=row HTTP/1.1" 200 111630
47.128.123.146 - - [22/Feb/2025:13:35:28 +0100] "GET /ticket2/opencms/fi/venue/?venueid=B781A402-D863-1F75-F682-75473A301298 HTTP/1.1" 200 86783
54.36.148.93 - - [22/Feb/2025:13:35:29 +0100] "GET /ticket2/opencms/no/buy?page=1&edid=F8093B0F-0671-8BAD-4914-C12550D964A6 HTTP/1.1" 200 115877
46.222.61.36 - - [22/Feb/2025:13:35:30 +0100] "GET /ticket2/opencms/system/modules/com.gridnine.opencms.ticketbrokerage.site/resources/js/standard.js HTTP/1.1" 200 3983
217.182.134.134 - - [22/Feb/2025:13:35:31 +0100] "GET /ticket2/opencms/en/buy/?page=1&edid=E4DD18A9-E2C7-8937-EAB2-A958CD187E94&sortorder=desc&column=section HTTP/1.1" 200 107843
217.182.134.134 - - [22/Feb/2025:13:35:35 +0100] "GET /ticket2/opencms/en/buy/?page=1&edid=E58AAC5D-846B-EA7D-01BD-6FBB3D78E282&sortorder=asc&column=row HTTP/1.1" 200 108791
54.36.149.78 - - [22/Feb/2025:13:35:35 +0100] "GET /ticket2/opencms/az/buy?page=1&edid=299450E2-FDAD-4E2B-0058-6290A7A2B57D HTTP/1.1" 200 112299
85.208.96.206 - - [22/Feb/2025:13:35:36 +0100] "GET /ticket2/opencms/ka/magazine/article?title=emirates-stadium-erti-ikonikuri-arena HTTP/1.1" 200 97387
52.167.144.238 - - [22/Feb/2025:13:35:36 +0100] "GET /ticket2/opencms/hr/buy/?page=1&edid=C448ACCE-4E2F-44DD-92FC-D2C00A7DD0E5 HTTP/1.1" 200 110856
52.167.144.238 - - [22/Feb/2025:13:35:37 +0100] "GET /ticket2/opencms/az/buy?page=6&comcatid=A17713B6-D984-201A-4143-ED4DB5ED5C2E&catid=24AC1CA6-1C09-0BE5-C04A-9DCCDB15D5E9 HTTP/1.1" 200 104111
216.244.66.238 - - [22/Feb/2025:13:35:37 +0100] "GET /ticket2/opencms/hy/buy?page=1&edid=AF060661-9056-165F-A29B-9E0A6ECE5167 HTTP/1.1" 404 -
217.182.134.134 - - [22/Feb/2025:13:35:38 +0100] "GET /ticket2/opencms/en/buy/?page=1&edid=EF26FDDE-8C99-4747-2A55-F2DBC8C242A7&sortorder=asc&column=section HTTP/1.1" 200 108827
54.36.148.243 - - [22/Feb/2025:13:35:41 +0100] "GET /ticket2/opencms/ga/buy?page=1&edid=ED6B033E-FAAE-D3A6-3006-A43EA8437C62 HTTP/1.1" 200 116994
217.182.134.134 - - [22/Feb/2025:13:35:42 +0100] "GET /ticket2/opencms/en/buy/?page=1&edid=EF26FDDE-8C99-4747-2A55-F2DBC8C242A7&sortorder=desc&column=section HTTP/1.1" 200 108840
85.208.96.200 - - [22/Feb/2025:13:35:45 +0100] "GET /ticket2/opencms/sk/magazine/article?title=liga-majstrov-vstupenky-na-ticket2 HTTP/1.1" 200 97844
54.36.148.219 - - [22/Feb/2025:13:35:45 +0100] "GET /ticket2/opencms/be/buy?page=1&edid=62132CB0-BE29-78AA-38D9-C99EEE6C98B0 HTTP/1.1" 200 114322
217.182.134.134 - - [22/Feb/2025:13:35:45 +0100] "GET /ticket2/opencms/en/buy/?page=1&edid=EFCA122E-EFD5-12F8-6F83-6930A0BC1F37 HTTP/1.1" 200 122070
154.54.249.216 - - [22/Feb/2025:13:35:46 +0100] "GET /ticket2/opencms/el/buy?page=6&comcatid=A17713B6-D984-201A-4143-ED4DB5ED5C2E HTTP/1.1" 200 333660
85.208.96.196 - - [22/Feb/2025:13:35:46 +0100] "GET /ticket2/opencms/de/sport/fussball-tickets/serie_a/torino/ HTTP/1.1" 200 96777
52.167.144.184 - - [22/Feb/2025:13:35:46 +0100] "GET /ticket2/opencms/ga/magazine/article?title=crystal-palace-premier-league-snea-y-fans-paa HTTP/1.1" 200 95476
85.208.96.198 - - [22/Feb/2025:13:35:47 +0100] "GET /ticket2/opencms/sl/magazine/article?title=kaj-je-nogomet HTTP/1.1" 200 94845
52.167.144.184 - - [22/Feb/2025:13:35:48 +0100] "GET /ticket2/opencms/en/buy/?page=1&edid=78314AF0-4634-069B-617B-0BA727735BF7 HTTP/1.1" 200 106871
217.182.134.134 - - [22/Feb/2025:13:35:49 +0100] "GET /ticket2/opencms/fi/buy/?page=1&edid=0226A6B7-0BBD-40A6-8BD9-9B12CF3E86ED&sortorder=desc&column=row HTTP/1.1" 200 112574
54.36.149.12 - - [22/Feb/2025:13:35:49 +0100] "GET /ticket2/opencms/sv/sport/fotbollsbiljetter/la_liga/ HTTP/1.1" 200 97384
87.49.147.103 - - [22/Feb/2025:13:35:50 +0100] "GET /ticket2/opencms/set_aff_cookie.jsp?partner=INSERT-PARTNER-ID-HERE&url=%2Fen%2Fbuy%2Findex.html%3Fpage%3D1%26edid%3DA2A4078E-C8E8-C113-199B-69C1FEB231B0%26hlv%3D666c4bc4-e39c-46c5-9ff2-3b0b0a01000f%23v_1494842888 HTTP/1.1" 200 226
173.252.83.3 - - [22/Feb/2025:13:35:51 +0100] "GET /ticket2/opencms/ga/magazine HTTP/1.1" 200 153882
87.49.147.103 - - [22/Feb/2025:13:35:51 +0100] "GET /ticket2/opencms/en/buy/?page=1&edid=A2A4078E-C8E8-C113-199B-69C1FEB231B0&hlv=666c4bc4-e39c-46c5-9ff2-3b0b0a01000f HTTP/1.1" 200 135113
87.49.147.103 - - [22/Feb/2025:13:35:51 +0100] "GET /ticket2/opencms/system/modules/com.gridnine.opencms.ticketbrokerage.site/resources/js/jquery/jquery.js HTTP/1.1" 200 93868
87.49.147.103 - - [22/Feb/2025:13:35:52 +0100] "GET /ticket2/opencms/system/modules/com.gridnine.opencms.ticketbrokerage.site/resources/js/jquery/jquery-ui.js HTTP/1.1" 200 228088
87.49.147.103 - - [22/Feb/2025:13:35:52 +0100] "GET /ticket2/opencms/system/modules/com.gridnine.opencms.ticketbrokerage.site/resources/css/ticketbrokerage.css HTTP/1.1" 200 39339
87.49.147.103 - - [22/Feb/2025:13:35:52 +0100] "GET /ticket2/opencms/system/modules/com.gridnine.opencms.ticketbrokerage.site/resources/css/jquery-ui.css HTTP/1.1" 200 33221
87.49.147.103 - - [22/Feb/2025:13:35:52 +0100] "GET /ticket2/opencms/system/modules/com.gridnine.opencms.ticketbrokerage.site/resources/css/jquery.fancybox.css HTTP/1.1" 200 4939
87.49.147.103 - - [22/Feb/2025:13:35:52 +0100] "GET /ticket2/opencms/system/modules/com.gridnine.opencms.ticketbrokerage.site/resources/css/calendar.css HTTP/1.1" 200 6871
87.49.147.103 - - [22/Feb/2025:13:35:52 +0100] "GET /ticket2/opencms/system/modules/com.gridnine.opencms.ticketbrokerage.site/resources/css/standard.css HTTP/1.1" 200 73904
87.49.147.103 - - [22/Feb/2025:13:35:52 +0100] "GET /ticket2/opencms/system/modules/com.gridnine.opencms.ticketbrokerage.site/resources/js/functions.js HTTP/1.1" 200 1583
87.49.147.103 - - [22/Feb/2025:13:35:52 +0100] "GET /ticket2/opencms/system/modules/com.gridnine.opencms.ticketbrokerage.site/resources/js/calendar-setup.js HTTP/1.1" 200 4923
87.49.147.103 - - [22/Feb/2025:13:35:52 +0100] "GET /ticket2/opencms/system/modules/com.gridnine.opencms.ticketbrokerage.site/resources/js/calendar.js HTTP/1.1" 200 49229
87.49.147.103 - - [22/Feb/2025:13:35:52 +0100] "GET /ticket2/opencms/system/modules/com.gridnine.opencms.ticketbrokerage.site/resources/js/calendar-en.js HTTP/1.1" 200 3338
87.49.147.103 - - [22/Feb/2025:13:35:52 +0100] "GET /ticket2/opencms/system/modules/com.gridnine.opencms.ticketbrokerage.site/resources/js/jquery.fancybox.pack.js HTTP/1.1" 200 23187
87.49.147.103 - - [22/Feb/2025:13:35:52 +0100] "GET /ticket2/opencms/system/modules/com.gridnine.opencms.ticketbrokerage.site/resources/js/stickyfill.min.js HTTP/1.1" 200 5672
87.49.147.103 - - [22/Feb/2025:13:35:52 +0100] "GET /ticket2/opencms/system/modules/com.gridnine.opencms.ticketbrokerage.site/resources/js/standard.js HTTP/1.1" 200 3983
87.49.147.103 - - [22/Feb/2025:13:35:52 +0100] "GET /ticket2/opencms/system/modules/com.gridnine.opencms.ticketbrokerage.site/resources/js/jquery.placeholder.min.js HTTP/1.1" 200 1737
87.49.147.103 - - [22/Feb/2025:13:35:52 +0100] "GET /ticket2/opencms/system/modules/com.gridnine.opencms.ticketbrokerage.site/resources/js/common-ajax.js HTTP/1.1" 200 20175
87.49.147.103 - - [22/Feb/2025:13:35:52 +0100] "GET /ticket2/opencms/system/modules/com.gridnine.opencms.ticketbrokerage.site/resources/pics/0.gif HTTP/1.1" 200 43
87.49.147.103 - - [22/Feb/2025:13:35:52 +0100] "GET /ticket2/opencms/venue/emirates_stadium.png HTTP/1.1" 200 53537
217.182.134.134 - - [22/Feb/2025:13:35:52 +0100] "GET /ticket2/opencms/fi/buy/?page=1&edid=024C1745-A6E3-2C43-3C92-9BC8C83C13FC&sortorder=desc&column=price HTTP/1.1" 200 111490
87.49.147.103 - - [22/Feb/2025:13:35:53 +0100] "GET /ticket2/opencms/system/modules/com.gridnine.opencms.ticketbrokerage.site/resources/pics/logo-new.png HTTP/1.1" 200 13541
87.49.147.103 - - [22/Feb/2025:13:35:53 +0100] "GET /ticket2/opencms/img/icons/globe-white.png HTTP/1.1" 200 947
87.49.147.103 - - [22/Feb/2025:13:35:53 +0100] "GET /ticket2/opencms/img/insta.png HTTP/1.1" 200 3967
87.49.147.103 - - [22/Feb/2025:13:35:53 +0100] "GET /ticket2/opencms/img/fb.png HTTP/1.1" 200 1269
87.49.147.103 - - [22/Feb/2025:13:35:53 +0100] "GET /ticket2/opencms/img/icons/se.png HTTP/1.1" 200 1258
87.49.147.103 - - [22/Feb/2025:13:35:53 +0100] "GET /ticket2/opencms/system/modules/com.gridnine.opencms.ticketbrokerage.site/resources/pics/two_man.png HTTP/1.1" 200 3407
87.49.147.103 - - [22/Feb/2025:13:35:53 +0100] "GET /ticket2/opencms/system/modules/com.gridnine.opencms.ticketbrokerage.site/resources/pics/ticket_info_button.png HTTP/1.1" 200 3820
87.49.147.103 - - [22/Feb/2025:13:35:53 +0100] "GET /ticket2/opencms/system/modules/com.gridnine.opencms.ticketbrokerage.site/resources/pics/footer-img.jpg HTTP/1.1" 200 67642
87.49.147.103 - - [22/Feb/2025:13:35:53 +0100] "GET /ticket2/opencms/img/check.png HTTP/1.1" 200 548
87.49.147.103 - - [22/Feb/2025:13:35:53 +0100] "GET /ticket2/opencms/en/ask-form.html HTTP/1.1" 200 3146
87.49.147.103 - - [22/Feb/2025:13:35:53 +0100] "GET /ticket2/opencms/img/icons/fi.png HTTP/1.1" 200 1785
87.49.147.103 - - [22/Feb/2025:13:35:53 +0100] "GET /ticket2/opencms/img/mail.png HTTP/1.1" 200 403
87.49.147.103 - - [22/Feb/2025:13:35:53 +0100] "GET /ticket2/opencms/system/modules/com.gridnine.opencms.ticketbrokerage.site/resources/css/ticketbrokerage.css HTTP/1.1" 200 39339
87.49.147.103 - - [22/Feb/2025:13:35:53 +0100] "GET /ticket2/opencms/img/icons/en.png HTTP/1.1" 200 2415
87.49.147.103 - - [22/Feb/2025:13:35:53 +0100] "GET /ticket2/opencms/img/chat.png HTTP/1.1" 200 416
87.49.147.103 - - [22/Feb/2025:13:35:53 +0100] "GET /ticket2/opencms/img/icons/no.png HTTP/1.1" 200 1958
87.49.147.103 - - [22/Feb/2025:13:35:53 +0100] "GET /ticket2/opencms/img/arrow.png HTTP/1.1" 200 753
87.49.147.103 - - [22/Feb/2025:13:35:53 +0100] "GET /ticket2/opencms/img/icons/dk.png HTTP/1.1" 200 1706
87.49.147.103 - - [22/Feb/2025:13:35:53 +0100] "GET /ticket2/opencms/system/modules/com.gridnine.opencms.ticketbrokerage.site/resources/pics/arrow.gif HTTP/1.1" 200 344
87.49.147.103 - - [22/Feb/2025:13:35:54 +0100] "GET /ticket2/opencms/system/modules/com.gridnine.opencms.ticketbrokerage.site/resources/pics/form_marker.gif HTTP/1.1" 200 43
87.49.147.103 - - [22/Feb/2025:13:35:54 +0100] "GET /ticket2/opencms/system/modules/com.gridnine.opencms.ticketbrokerage.site/resources/pics/button1_left.gif HTTP/1.1" 200 232
87.49.147.103 - - [22/Feb/2025:13:35:54 +0100] "GET /ticket2/opencms/system/modules/com.gridnine.opencms.ticketbrokerage.site/resources/pics/button1_center.gif HTTP/1.1" 200 66
87.49.147.103 - - [22/Feb/2025:13:35:54 +0100] "GET /ticket2/opencms/img/icons/nl.png HTTP/1.1" 200 1255
54.36.148.96 - - [22/Feb/2025:13:35:54 +0100] "GET /ticket2/opencms/lt/buying_tickets HTTP/1.1" 200 89214
87.49.147.103 - - [22/Feb/2025:13:35:54 +0100] "GET /ticket2/opencms/system/modules/com.gridnine.opencms.ticketbrokerage.site/resources/pics/button1_right.gif HTTP/1.1" 200 232
87.49.147.103 - - [22/Feb/2025:13:35:54 +0100] "GET /ticket2/opencms/img/icons/de.png HTTP/1.1" 200 1124
87.49.147.103 - - [22/Feb/2025:13:35:54 +0100] "GET /ticket2/opencms/img/icons/fr.png HTTP/1.1" 200 1764
87.49.147.103 - - [22/Feb/2025:13:35:54 +0100] "GET /ticket2/opencms/img/icons/es.png HTTP/1.1" 200 1005
87.49.147.103 - - [22/Feb/2025:13:35:54 +0100] "GET /ticket2/opencms/img/icons/bs.png HTTP/1.1" 200 1014
87.49.147.103 - - [22/Feb/2025:13:35:54 +0100] "GET /ticket2/opencms/img/icons/bg.png HTTP/1.1" 200 788
87.49.147.103 - - [22/Feb/2025:13:35:54 +0100] "GET /ticket2/opencms/img/icons/it.png HTTP/1.1" 200 2040
87.49.147.103 - - [22/Feb/2025:13:35:54 +0100] "GET /ticket2/opencms/img/icons/et.png HTTP/1.1" 200 754
87.49.147.103 - - [22/Feb/2025:13:35:54 +0100] "GET /ticket2/opencms/img/icons/pl.png HTTP/1.1" 200 1578
87.49.147.103 - - [22/Feb/2025:13:35:54 +0100] "GET /ticket2/opencms/img/icons/sq.png HTTP/1.1" 200 1619
87.49.147.103 - - [22/Feb/2025:13:35:54 +0100] "GET /ticket2/opencms/img/icons/ka.png HTTP/1.1" 200 860
87.49.147.103 - - [22/Feb/2025:13:35:54 +0100] "GET /ticket2/opencms/img/icons/az.png HTTP/1.1" 200 1445
87.49.147.103 - - [22/Feb/2025:13:35:54 +0100] "GET /ticket2/opencms/img/icons/hu.png HTTP/1.1" 200 733
87.49.147.103 - - [22/Feb/2025:13:35:54 +0100] "GET /ticket2/opencms/img/icons/is.png HTTP/1.1" 200 1884
87.49.147.103 - - [22/Feb/2025:13:35:54 +0100] "GET /ticket2/opencms/img/icons/ga.png HTTP/1.1" 200 1759
87.49.147.103 - - [22/Feb/2025:13:35:54 +0100] "GET /ticket2/opencms/img/icons/lv.png HTTP/1.1" 200 716
87.49.147.103 - - [22/Feb/2025:13:35:54 +0100] "GET /ticket2/opencms/img/icons/lt.png HTTP/1.1" 200 733
87.49.147.103 - - [22/Feb/2025:13:35:54 +0100] "GET /ticket2/opencms/img/icons/mo.png HTTP/1.1" 200 1468
87.49.147.103 - - [22/Feb/2025:13:35:54 +0100] "GET /ticket2/opencms/img/icons/mt.png HTTP/1.1" 200 920
87.49.147.103 - - [22/Feb/2025:13:35:54 +0100] "GET /ticket2/opencms/img/icons/ro.png HTTP/1.1" 200 1393
87.49.147.103 - - [22/Feb/2025:13:35:54 +0100] "GET /ticket2/opencms/img/icons/sr.png HTTP/1.1" 200 1602
87.49.147.103 - - [22/Feb/2025:13:35:54 +0100] "GET /ticket2/opencms/img/icons/sk.png HTTP/1.1" 200 1283
87.49.147.103 - - [22/Feb/2025:13:35:55 +0100] "GET /ticket2/opencms/img/icons/uk.png HTTP/1.1" 200 1272
87.49.147.103 - - [22/Feb/2025:13:35:55 +0100] "GET /ticket2/opencms/img/icons/sl.png HTTP/1.1" 200 966
87.49.147.103 - - [22/Feb/2025:13:35:55 +0100] "GET /ticket2/opencms/img/icons/hr.png HTTP/1.1" 200 2024
87.49.147.103 - - [22/Feb/2025:13:35:55 +0100] "GET /ticket2/opencms/img/icons/el.png HTTP/1.1" 200 1637
87.49.147.103 - - [22/Feb/2025:13:35:55 +0100] "GET /ticket2/opencms/img/icons/be.png HTTP/1.1" 200 1663
87.49.147.103 - - [22/Feb/2025:13:35:55 +0100] "GET /ticket2/opencms/img/icons/cs.png HTTP/1.1" 200 1883
87.49.147.103 - - [22/Feb/2025:13:35:55 +0100] "GET /ticket2/opencms/img/arrow-down.png HTTP/1.1" 200 192
87.49.147.103 - - [22/Feb/2025:13:35:55 +0100] "GET /ticket2/opencms/img/icons/tr.png HTTP/1.1" 200 1636
87.49.147.103 - - [22/Feb/2025:13:35:55 +0100] "GET /ticket2/opencms/system/modules/com.gridnine.opencms.ticketbrokerage.site/resources/js/standard.js HTTP/1.1" 200 3983
217.182.134.134 - - [22/Feb/2025:13:35:56 +0100] "GET /ticket2/opencms/fi/buy/?page=1&edid=024C1745-A6E3-2C43-3C92-9BC8C83C13FC&sortorder=desc&column=row HTTP/1.1" 200 111398
47.128.127.56 - - [22/Feb/2025:13:35:58 +0100] "GET /ticket2/opencms/fi/buy/?edid=1B758EC3-A0AE-5D81-985E-920903B76379 HTTP/1.1" 200 91489
54.36.149.54 - - [22/Feb/2025:13:35:58 +0100] "GET /ticket2/opencms/is/buy?page=1&edid=6C0AA1CC-8488-7981-DA23-AD8E06F80ABD HTTP/1.1" 200 111113
217.182.134.134 - - [22/Feb/2025:13:36:00 +0100] "GET /ticket2/opencms/fi/buy/?page=1&edid=02A00A05-668A-B57A-1A9F-B82023F1983A&sortorder=desc&column=price HTTP/1.1" 200 113005
52.167.144.139 - - [22/Feb/2025:13:36:00 +0100] "GET /ticket2/opencms/dk/buy/?page=1&edid=AC289A33-6057-2E6A-4FF7-76294D3A4351 HTTP/1.1" 200 106549
89.248.174.186 - - [22/Feb/2025:13:36:03 +0100] "CONNECT google.com:443 HTTP/1.1" 400 -
217.182.134.134 - - [22/Feb/2025:13:36:03 +0100] "GET /ticket2/opencms/fi/buy/?page=1&edid=0300249E-0859-EC89-FAF2-5149FFD18BE5&sortorder=desc&column=price HTTP/1.1" 200 91160
54.36.148.161 - - [22/Feb/2025:13:36:04 +0100] "GET /ticket2/opencms/es/magazine/article?title=nuevo-capitan-dejan-kulusevski HTTP/1.1" 200 92012
40.84.221.216 - - [22/Feb/2025:13:36:06 +0100] "GET /ticket2/opencms/cs/sport/fotbalove-listky/serie-a/lazio HTTP/1.1" 200 98224
114.119.135.171 - - [22/Feb/2025:13:36:07 +0100] "GET /ticket2/opencms/es/magazine/article?title=manchester-city-arriesga-el-descenso HTTP/1.1" 200 92589
217.182.134.134 - - [22/Feb/2025:13:36:07 +0100] "GET /ticket2/opencms/fi/buy/?page=1&edid=0341AF20-4F3F-63CA-C1A9-8C1AA13C52B1&sortorder=asc&column=row HTTP/1.1" 200 113095
54.36.148.167 - - [22/Feb/2025:13:36:07 +0100] "GET /ticket2/opencms/en/buy?page=1&edid=78F53753-F856-B158-388A-6B70B4CA55C8 HTTP/1.1" 200 114739
46.250.161.216 - - [22/Feb/2025:13:36:08 +0100] "GET /ticket2/opencms/sq/buy?page=1&edid=A72CD07D-08E4-C032-9FA6-2107B7134BD2 HTTP/1.1" 200 112191
87.49.147.103 - - [22/Feb/2025:13:36:08 +0100] "GET /ticket2/opencms/en/buy?page=2&sodvid=666c4bd9-2b5c-410a-bac8-3ee40a01000f HTTP/1.1" 200 124355
87.49.147.103 - - [22/Feb/2025:13:36:08 +0100] "GET /ticket2/opencms/system/modules/com.gridnine.opencms.ticketbrokerage.site/resources/js/calendar-setup.js HTTP/1.1" 200 4923
87.49.147.103 - - [22/Feb/2025:13:36:08 +0100] "GET /ticket2/opencms/system/modules/com.gridnine.opencms.ticketbrokerage.site/resources/js/functions.js HTTP/1.1" 200 1583
87.49.147.103 - - [22/Feb/2025:13:36:08 +0100] "GET /ticket2/opencms/system/modules/com.gridnine.opencms.ticketbrokerage.site/resources/css/standard.css HTTP/1.1" 200 73904
87.49.147.103 - - [22/Feb/2025:13:36:08 +0100] "GET /ticket2/opencms/system/modules/com.gridnine.opencms.ticketbrokerage.site/resources/css/ticketbrokerage.css HTTP/1.1" 200 39339
87.49.147.103 - - [22/Feb/2025:13:36:08 +0100] "GET /ticket2/opencms/system/modules/com.gridnine.opencms.ticketbrokerage.site/resources/js/calendar-en.js HTTP/1.1" 200 3338
87.49.147.103 - - [22/Feb/2025:13:36:08 +0100] "GET /ticket2/opencms/system/modules/com.gridnine.opencms.ticketbrokerage.site/resources/js/calendar.js HTTP/1.1" 200 49229
87.49.147.103 - - [22/Feb/2025:13:36:08 +0100] "GET /ticket2/opencms/system/modules/com.gridnine.opencms.ticketbrokerage.site/resources/css/calendar.css HTTP/1.1" 200 6871
87.49.147.103 - - [22/Feb/2025:13:36:08 +0100] "GET /ticket2/opencms/system/modules/com.gridnine.opencms.ticketbrokerage.site/resources/js/standard.js HTTP/1.1" 200 3983
87.49.147.103 - - [22/Feb/2025:13:36:09 +0100] "GET /ticket2/opencms/img/icons/hy.png HTTP/1.1" 200 1170
87.49.147.103 - - [22/Feb/2025:13:36:09 +0100] "GET /ticket2/opencms/img/icons/mk.png HTTP/1.1" 200 1405
114.119.157.43 - - [22/Feb/2025:13:36:10 +0100] "GET /ticket2/opencms/mk/buy?page=1&=ABE0D196-5A84-0064-2AAA-8BE846913E3B HTTP/1.1" 404 -
217.182.134.134 - - [22/Feb/2025:13:36:10 +0100] "GET /ticket2/opencms/fi/buy/?page=1&edid=0341AF20-4F3F-63CA-C1A9-8C1AA13C52B1&sortorder=asc&column=section HTTP/1.1" 200 113281
66.249.76.170 - - [22/Feb/2025:13:36:12 +0100] "GET /ticket2/opencms/sk/buy/?page=1&edid=2D2A6F4D-211F-8E0A-3D6E-1E0E85606D0F HTTP/1.1" 200 111496
217.182.134.134 - - [22/Feb/2025:13:36:14 +0100] "GET /ticket2/opencms/fi/buy/?page=1&edid=04F20BC9-AF27-8CB9-F603-C84D40086A47&sortorder=asc&column=price HTTP/1.1" 200 112372
114.119.151.50 - - [22/Feb/2025:13:36:16 +0100] "GET /ticket2/opencms/es/buy/?page=1&edid=1B66F7E9-6D68-7258-D0DB-383034F8302F HTTP/1.1" 200 111854
54.36.148.166 - - [22/Feb/2025:13:36:17 +0100] "GET /ticket2/opencms/fi/buy?page=1&edid=3396D07B-AC6D-141E-71F3-9DE65C0FEDF0 HTTP/1.1" 200 114793
217.182.134.134 - - [22/Feb/2025:13:36:18 +0100] "GET /ticket2/opencms/fi/buy/?page=1&edid=05DADE7F-00AF-E143-A0BB-169BC09ACB7E&sortorder=desc&column=section HTTP/1.1" 200 112047
202.8.43.211 - - [22/Feb/2025:13:36:18 +0100] "GET /ticket2/opencms/system/modules/com.gridnine.opencms.ticketbrokerage.site/resources/css/jquery-ui.css HTTP/1.1" 200 33221
202.8.43.211 - - [22/Feb/2025:13:36:18 +0100] "GET /ticket2/opencms/system/modules/com.gridnine.opencms.ticketbrokerage.site/resources/css/jquery.fancybox.css HTTP/1.1" 200 4939
202.8.43.211 - - [22/Feb/2025:13:36:18 +0100] "GET /ticket2/opencms/system/modules/com.gridnine.opencms.ticketbrokerage.site/resources/css/ticketbrokerage.css HTTP/1.1" 200 39339
202.8.43.211 - - [22/Feb/2025:13:36:18 +0100] "GET /ticket2/opencms/system/modules/com.gridnine.opencms.ticketbrokerage.site/resources/css/calendar.css HTTP/1.1" 200 6871
202.8.43.211 - - [22/Feb/2025:13:36:18 +0100] "GET /ticket2/opencms/system/modules/com.gridnine.opencms.ticketbrokerage.site/resources/js/jquery/jquery-ui.js HTTP/1.1" 200 228088
202.8.43.211 - - [22/Feb/2025:13:36:18 +0100] "GET /ticket2/opencms/system/modules/com.gridnine.opencms.ticketbrokerage.site/resources/css/standard.css HTTP/1.1" 200 73904
202.8.43.211 - - [22/Feb/2025:13:36:18 +0100] "GET /ticket2/opencms/system/modules/com.gridnine.opencms.ticketbrokerage.site/resources/js/functions.js HTTP/1.1" 200 1583
202.8.43.211 - - [22/Feb/2025:13:36:18 +0100] "GET /ticket2/opencms/system/modules/com.gridnine.opencms.ticketbrokerage.site/resources/js/calendar.js HTTP/1.1" 200 49229
202.8.43.211 - - [22/Feb/2025:13:36:18 +0100] "GET /ticket2/opencms/system/modules/com.gridnine.opencms.ticketbrokerage.site/resources/js/jquery/jquery.js HTTP/1.1" 200 93868
202.8.43.211 - - [22/Feb/2025:13:36:18 +0100] "GET /ticket2/opencms/system/modules/com.gridnine.opencms.ticketbrokerage.site/resources/js/calendar-en.js HTTP/1.1" 200 3338
202.8.43.211 - - [22/Feb/2025:13:36:18 +0100] "GET /ticket2/opencms/system/modules/com.gridnine.opencms.ticketbrokerage.site/resources/js/calendar-setup.js HTTP/1.1" 200 4923
202.8.43.211 - - [22/Feb/2025:13:36:18 +0100] "GET /ticket2/opencms/system/modules/com.gridnine.opencms.ticketbrokerage.site/resources/js/jquery.fancybox.pack.js HTTP/1.1" 200 23187
202.8.43.211 - - [22/Feb/2025:13:36:18 +0100] "GET /ticket2/opencms/system/modules/com.gridnine.opencms.ticketbrokerage.site/resources/js/stickyfill.min.js HTTP/1.1" 200 5672
202.8.43.211 - - [22/Feb/2025:13:36:18 +0100] "GET /ticket2/opencms/system/modules/com.gridnine.opencms.ticketbrokerage.site/resources/js/standard.js HTTP/1.1" 200 3983
202.8.43.211 - - [22/Feb/2025:13:36:18 +0100] "GET /ticket2/opencms/system/modules/com.gridnine.opencms.ticketbrokerage.site/resources/js/jquery.placeholder.min.js HTTP/1.1" 200 1737
202.8.43.211 - - [22/Feb/2025:13:36:18 +0100] "GET /ticket2/opencms/system/modules/com.gridnine.opencms.ticketbrokerage.site/resources/js/common-ajax.js HTTP/1.1" 200 20175
202.8.43.211 - - [22/Feb/2025:13:36:18 +0100] "GET /ticket2/opencms/fi/ask-form.html HTTP/1.1" 200 3012
202.8.43.211 - - [22/Feb/2025:13:36:18 +0100] "GET /ticket2/opencms/system/modules/com.gridnine.opencms.ticketbrokerage.site/resources/css/ticketbrokerage.css HTTP/1.1" 200 39339
87.49.147.103 - - [22/Feb/2025:13:36:21 +0100] "GET /ticket2/opencms/en/buy/?page=1&edid=A2A4078E-C8E8-C113-199B-69C1FEB231B0&hlv=666c4bc4-e39c-46c5-9ff2-3b0b0a01000f HTTP/1.1" 200 135010
87.49.147.103 - - [22/Feb/2025:13:36:21 +0100] "GET /ticket2/opencms/en/ask-form.html HTTP/1.1" 200 3146
217.182.134.134 - - [22/Feb/2025:13:36:21 +0100] "GET /ticket2/opencms/fi/buy/?page=1&edid=05E1AFBD-7E4F-01F4-F420-44A0239A6A60&sortorder=desc&column=row HTTP/1.1" 200 111360
54.36.148.16 - - [22/Feb/2025:13:36:23 +0100] "GET /ticket2/opencms/sv/sport/fotbollsbiljetter/serie_a/ HTTP/1.1" 200 97043
47.128.63.171 - - [22/Feb/2025:13:36:25 +0100] "GET /ticket2/opencms/el/buy/?edid=E5EF9377-5B91-6B93-FCE0-C5E2E0DD63D6 HTTP/1.1" 200 93055
217.182.134.134 - - [22/Feb/2025:13:36:25 +0100] "GET /ticket2/opencms/fi/buy/?page=1&edid=063774E2-DE1A-6A46-E97B-D379290B879E HTTP/1.1" 200 112190
78.102.139.225 - - [22/Feb/2025:13:36:25 +0100] "GET /ticket2/opencms/set_aff_cookie.jsp?partner=53673ED6-1455-FA54-818F-B1F67121E37C&url=/cs/buy/index.html%3Fpage%3D1%26edid%3DD96122AD-C3AA-80F5-DDA8-935E03AE952D%26hlv%3D666ddc59-0a6c-4e97-b9a2-6ab50a01000f%23v_208394208 HTTP/1.1" 200 225
85.208.96.210 - - [22/Feb/2025:13:36:26 +0100] "GET /ticket2/opencms/lv/magazine/article?title=nakotnes-zvaigznes HTTP/1.1" 200 92817
78.102.139.225 - - [22/Feb/2025:13:36:26 +0100] "GET /ticket2/opencms/cs/buy/?page=1&edid=D96122AD-C3AA-80F5-DDA8-935E03AE952D&hlv=666ddc59-0a6c-4e97-b9a2-6ab50a01000f HTTP/1.1" 200 136433
78.102.139.225 - - [22/Feb/2025:13:36:26 +0100] "GET /ticket2/opencms/system/modules/com.gridnine.opencms.ticketbrokerage.site/resources/css/ticketbrokerage.css HTTP/1.1" 200 39339
78.102.139.225 - - [22/Feb/2025:13:36:26 +0100] "GET /ticket2/opencms/system/modules/com.gridnine.opencms.ticketbrokerage.site/resources/css/calendar.css HTTP/1.1" 200 6871
78.102.139.225 - - [22/Feb/2025:13:36:26 +0100] "GET /ticket2/opencms/system/modules/com.gridnine.opencms.ticketbrokerage.site/resources/css/jquery-ui.css HTTP/1.1" 200 33221
78.102.139.225 - - [22/Feb/2025:13:36:26 +0100] "GET /ticket2/opencms/system/modules/com.gridnine.opencms.ticketbrokerage.site/resources/css/standard.css HTTP/1.1" 200 73904
52.167.144.238 - - [22/Feb/2025:13:36:26 +0100] "GET /ticket2/opencms/bg/search.html?searchQuery=2025 HTTP/1.1" 200 97529
78.102.139.225 - - [22/Feb/2025:13:36:27 +0100] "GET /ticket2/opencms/system/modules/com.gridnine.opencms.ticketbrokerage.site/resources/css/jquery.fancybox.css HTTP/1.1" 200 4939
78.102.139.225 - - [22/Feb/2025:13:36:27 +0100] "GET /ticket2/opencms/system/modules/com.gridnine.opencms.ticketbrokerage.site/resources/js/jquery/jquery.js HTTP/1.1" 200 93868
78.102.139.225 - - [22/Feb/2025:13:36:27 +0100] "GET /ticket2/opencms/system/modules/com.gridnine.opencms.ticketbrokerage.site/resources/js/jquery/jquery-ui.js HTTP/1.1" 200 228088
78.102.139.225 - - [22/Feb/2025:13:36:27 +0100] "GET /ticket2/opencms/system/modules/com.gridnine.opencms.ticketbrokerage.site/resources/js/functions.js HTTP/1.1" 200 1583
78.102.139.225 - - [22/Feb/2025:13:36:27 +0100] "GET /ticket2/opencms/system/modules/com.gridnine.opencms.ticketbrokerage.site/resources/js/calendar.js HTTP/1.1" 200 49229
78.102.139.225 - - [22/Feb/2025:13:36:27 +0100] "GET /ticket2/opencms/system/modules/com.gridnine.opencms.ticketbrokerage.site/resources/js/calendar-en.js HTTP/1.1" 200 3338
78.102.139.225 - - [22/Feb/2025:13:36:27 +0100] "GET /ticket2/opencms/system/modules/com.gridnine.opencms.ticketbrokerage.site/resources/js/calendar-setup.js HTTP/1.1" 200 4923
78.102.139.225 - - [22/Feb/2025:13:36:27 +0100] "GET /ticket2/opencms/system/modules/com.gridnine.opencms.ticketbrokerage.site/resources/js/jquery.fancybox.pack.js HTTP/1.1" 200 23187
78.102.139.225 - - [22/Feb/2025:13:36:27 +0100] "GET /ticket2/opencms/system/modules/com.gridnine.opencms.ticketbrokerage.site/resources/js/stickyfill.min.js HTTP/1.1" 200 5672
78.102.139.225 - - [22/Feb/2025:13:36:27 +0100] "GET /ticket2/opencms/system/modules/com.gridnine.opencms.ticketbrokerage.site/resources/js/standard.js HTTP/1.1" 200 3983
78.102.139.225 - - [22/Feb/2025:13:36:27 +0100] "GET /ticket2/opencms/system/modules/com.gridnine.opencms.ticketbrokerage.site/resources/js/jquery.placeholder.min.js HTTP/1.1" 200 1737
78.102.139.225 - - [22/Feb/2025:13:36:27 +0100] "GET /ticket2/opencms/system/modules/com.gridnine.opencms.ticketbrokerage.site/resources/js/common-ajax.js HTTP/1.1" 200 20175
78.102.139.225 - - [22/Feb/2025:13:36:27 +0100] "GET /ticket2/opencms/system/modules/com.gridnine.opencms.ticketbrokerage.site/resources/pics/logo-new.png HTTP/1.1" 200 13541
78.102.139.225 - - [22/Feb/2025:13:36:27 +0100] "GET /ticket2/opencms/venue/goodison_park.png HTTP/1.1" 200 179209
78.102.139.225 - - [22/Feb/2025:13:36:27 +0100] "GET /ticket2/opencms/system/modules/com.gridnine.opencms.ticketbrokerage.site/resources/pics/0.gif HTTP/1.1" 200 43
78.102.139.225 - - [22/Feb/2025:13:36:27 +0100] "GET /ticket2/opencms/img/insta.png HTTP/1.1" 200 3967
78.102.139.225 - - [22/Feb/2025:13:36:27 +0100] "GET /ticket2/opencms/system/modules/com.gridnine.opencms.ticketbrokerage.site/resources/pics/two_man.png HTTP/1.1" 200 3407
78.102.139.225 - - [22/Feb/2025:13:36:27 +0100] "GET /ticket2/opencms/img/fb.png HTTP/1.1" 200 1269
78.102.139.225 - - [22/Feb/2025:13:36:27 +0100] "GET /ticket2/opencms/system/modules/com.gridnine.opencms.ticketbrokerage.site/resources/pics/ticket_info_button.png HTTP/1.1" 200 3820
78.102.139.225 - - [22/Feb/2025:13:36:27 +0100] "GET /ticket2/opencms/img/check.png HTTP/1.1" 200 548
78.102.139.225 - - [22/Feb/2025:13:36:27 +0100] "GET /ticket2/opencms/system/modules/com.gridnine.opencms.ticketbrokerage.site/resources/pics/footer-img.jpg HTTP/1.1" 200 67642
78.102.139.225 - - [22/Feb/2025:13:36:27 +0100] "GET /ticket2/opencms/img/mail.png HTTP/1.1" 200 403
78.102.139.225 - - [22/Feb/2025:13:36:27 +0100] "GET /ticket2/opencms/img/chat.png HTTP/1.1" 200 416
78.102.139.225 - - [22/Feb/2025:13:36:27 +0100] "GET /ticket2/opencms/cs/ask-form.html HTTP/1.1" 200 3156
78.102.139.225 - - [22/Feb/2025:13:36:27 +0100] "GET /ticket2/opencms/img/arrow.png HTTP/1.1" 200 753
78.102.139.225 - - [22/Feb/2025:13:36:27 +0100] "GET /ticket2/opencms/system/modules/com.gridnine.opencms.ticketbrokerage.site/resources/pics/arrow.gif HTTP/1.1" 200 344
78.102.139.225 - - [22/Feb/2025:13:36:27 +0100] "GET /ticket2/opencms/system/modules/com.gridnine.opencms.ticketbrokerage.site/resources/css/ticketbrokerage.css HTTP/1.1" 200 39339
78.102.139.225 - - [22/Feb/2025:13:36:28 +0100] "GET /ticket2/opencms/img/arrow-down.png HTTP/1.1" 200 192
78.102.139.225 - - [22/Feb/2025:13:36:28 +0100] "GET /ticket2/opencms/img/icons/globe-white.png HTTP/1.1" 200 947
78.102.139.225 - - [22/Feb/2025:13:36:29 +0100] "GET /ticket2/opencms/img/icons/en.png HTTP/1.1" 200 2415
78.102.139.225 - - [22/Feb/2025:13:36:29 +0100] "GET /ticket2/opencms/img/icons/se.png HTTP/1.1" 200 1258
78.102.139.225 - - [22/Feb/2025:13:36:29 +0100] "GET /ticket2/opencms/img/icons/fi.png HTTP/1.1" 200 1785
78.102.139.225 - - [22/Feb/2025:13:36:29 +0100] "GET /ticket2/opencms/img/icons/no.png HTTP/1.1" 200 1958
78.102.139.225 - - [22/Feb/2025:13:36:29 +0100] "GET /ticket2/opencms/img/icons/nl.png HTTP/1.1" 200 1255
78.102.139.225 - - [22/Feb/2025:13:36:29 +0100] "GET /ticket2/opencms/img/icons/dk.png HTTP/1.1" 200 1706
78.102.139.225 - - [22/Feb/2025:13:36:29 +0100] "GET /ticket2/opencms/img/icons/de.png HTTP/1.1" 200 1124
78.102.139.225 - - [22/Feb/2025:13:36:29 +0100] "GET /ticket2/opencms/img/icons/fr.png HTTP/1.1" 200 1764
78.102.139.225 - - [22/Feb/2025:13:36:29 +0100] "GET /ticket2/opencms/img/icons/es.png HTTP/1.1" 200 1005
78.102.139.225 - - [22/Feb/2025:13:36:29 +0100] "GET /ticket2/opencms/img/icons/it.png HTTP/1.1" 200 2040
78.102.139.225 - - [22/Feb/2025:13:36:29 +0100] "GET /ticket2/opencms/img/icons/sq.png HTTP/1.1" 200 1619
78.102.139.225 - - [22/Feb/2025:13:36:29 +0100] "GET /ticket2/opencms/img/icons/pl.png HTTP/1.1" 200 1578
78.102.139.225 - - [22/Feb/2025:13:36:29 +0100] "GET /ticket2/opencms/img/icons/az.png HTTP/1.1" 200 1445
78.102.139.225 - - [22/Feb/2025:13:36:29 +0100] "GET /ticket2/opencms/img/icons/be.png HTTP/1.1" 200 1663
78.102.139.225 - - [22/Feb/2025:13:36:29 +0100] "GET /ticket2/opencms/img/icons/bs.png HTTP/1.1" 200 1014
78.102.139.225 - - [22/Feb/2025:13:36:29 +0100] "GET /ticket2/opencms/img/icons/bg.png HTTP/1.1" 200 788
78.102.139.225 - - [22/Feb/2025:13:36:29 +0100] "GET /ticket2/opencms/img/icons/hr.png HTTP/1.1" 200 2024
78.102.139.225 - - [22/Feb/2025:13:36:29 +0100] "GET /ticket2/opencms/img/icons/cs.png HTTP/1.1" 200 1883
78.102.139.225 - - [22/Feb/2025:13:36:29 +0100] "GET /ticket2/opencms/img/icons/et.png HTTP/1.1" 200 754
78.102.139.225 - - [22/Feb/2025:13:36:29 +0100] "GET /ticket2/opencms/img/icons/el.png HTTP/1.1" 200 1637
78.102.139.225 - - [22/Feb/2025:13:36:29 +0100] "GET /ticket2/opencms/img/icons/ka.png HTTP/1.1" 200 860
78.102.139.225 - - [22/Feb/2025:13:36:29 +0100] "GET /ticket2/opencms/img/icons/hu.png HTTP/1.1" 200 733
78.102.139.225 - - [22/Feb/2025:13:36:29 +0100] "GET /ticket2/opencms/img/icons/ga.png HTTP/1.1" 200 1759
78.102.139.225 - - [22/Feb/2025:13:36:29 +0100] "GET /ticket2/opencms/img/icons/lv.png HTTP/1.1" 200 716
78.102.139.225 - - [22/Feb/2025:13:36:29 +0100] "GET /ticket2/opencms/img/icons/is.png HTTP/1.1" 200 1884
78.102.139.225 - - [22/Feb/2025:13:36:29 +0100] "GET /ticket2/opencms/img/icons/lt.png HTTP/1.1" 200 733
78.102.139.225 - - [22/Feb/2025:13:36:29 +0100] "GET /ticket2/opencms/img/icons/mt.png HTTP/1.1" 200 920
78.102.139.225 - - [22/Feb/2025:13:36:29 +0100] "GET /ticket2/opencms/img/icons/mo.png HTTP/1.1" 200 1468
78.102.139.225 - - [22/Feb/2025:13:36:29 +0100] "GET /ticket2/opencms/img/icons/ro.png HTTP/1.1" 200 1393
78.102.139.225 - - [22/Feb/2025:13:36:29 +0100] "GET /ticket2/opencms/img/icons/sk.png HTTP/1.1" 200 1283
78.102.139.225 - - [22/Feb/2025:13:36:29 +0100] "GET /ticket2/opencms/img/icons/sr.png HTTP/1.1" 200 1602
78.102.139.225 - - [22/Feb/2025:13:36:29 +0100] "GET /ticket2/opencms/img/icons/sl.png HTTP/1.1" 200 966
78.102.139.225 - - [22/Feb/2025:13:36:29 +0100] "GET /ticket2/opencms/img/icons/uk.png HTTP/1.1" 200 1272
78.102.139.225 - - [22/Feb/2025:13:36:29 +0100] "GET /ticket2/opencms/img/icons/tr.png HTTP/1.1" 200 1636
78.102.139.225 - - [22/Feb/2025:13:36:29 +0100] "GET /ticket2/opencms/img/icons/ticket2.thumbnail.png HTTP/1.1" 200 21519
78.102.139.225 - - [22/Feb/2025:13:36:29 +0100] "GET /ticket2/opencms/system/modules/com.gridnine.opencms.ticketbrokerage.site/resources/js/standard.js HTTP/1.1" 200 3983
54.36.148.92 - - [22/Feb/2025:13:36:30 +0100] "GET /ticket2/opencms/en/venue/?venueid=AF7F2E28-677E-9782-2141-5DA64832B7AA HTTP/1.1" 200 85378
217.182.134.134 - - [22/Feb/2025:13:36:30 +0100] "GET /ticket2/opencms/fi/buy/?page=1&edid=069EC406-6DFD-08ED-B6CC-A7E203415919 HTTP/1.1" 200 135090
54.36.149.10 - - [22/Feb/2025:13:36:34 +0100] "GET /ticket2/opencms/dk/venue/?venueid=37FDBD7B-74BE-8950-65E3-B6CF46D7D303 HTTP/1.1" 200 88729
217.182.134.134 - - [22/Feb/2025:13:36:34 +0100] "GET /ticket2/opencms/fi/buy/?page=1&edid=070182EB-30EF-F34B-AE41-C4B61E82D2C9 HTTP/1.1" 200 111603
217.182.134.134 - - [22/Feb/2025:13:36:37 +0100] "GET /ticket2/opencms/fi/buy/?page=1&edid=070471A5-1E92-12B9-6E14-6731F3C1EE15&sortorder=desc&column=row HTTP/1.1" 200 112503
78.102.139.225 - - [22/Feb/2025:13:36:40 +0100] "GET /ticket2/opencms/favicon.ico HTTP/1.1" 200 15406
217.182.134.134 - - [22/Feb/2025:13:36:41 +0100] "GET /ticket2/opencms/fi/buy/?page=1&edid=07335531-3B1A-2C29-2B43-B2D35810611E&sortorder=asc&column=price HTTP/1.1" 200 109332
54.36.149.106 - - [22/Feb/2025:13:36:42 +0100] "GET /ticket2/opencms/dk/buy?page=1&edid=51B4567B-19F2-A242-D969-4CD8EDBD80C5 HTTP/1.1" 200 116591
74.125.208.103 - - [22/Feb/2025:13:36:44 +0100] "GET /ticket2/opencms/venue/goodison_park.png HTTP/1.1" 200 179209
78.102.139.225 - - [22/Feb/2025:13:36:44 +0100] "GET /ticket2/opencms/cs/buy/?page=1&edid=D96122AD-C3AA-80F5-DDA8-935E03AE952D&hlv=666ddc59-0a6c-4e97-b9a2-6ab50a01000f HTTP/1.1" 200 136514
217.182.134.134 - - [22/Feb/2025:13:36:44 +0100] "GET /ticket2/opencms/fi/buy/?page=1&edid=07EA412C-3486-2D43-F1B9-FDEC67DDE38E&sortorder=asc&column=row HTTP/1.1" 200 111615
66.249.83.67 - - [22/Feb/2025:13:36:44 +0100] "GET /ticket2/opencms/venue/goodison_park.png HTTP/1.1" 200 179209
66.102.8.132 - - [22/Feb/2025:13:36:44 +0100] "GET /ticket2/opencms/venue/goodison_park.png HTTP/1.1" 200 179209
54.36.148.181 - - [22/Feb/2025:13:36:47 +0100] "GET /ticket2/opencms/ro/buy?page=1&edid=50B41314-485A-DCFC-6E02-326077D4DE43 HTTP/1.1" 200 112095
217.182.134.134 - - [22/Feb/2025:13:36:48 +0100] "GET /ticket2/opencms/fi/buy/?page=1&edid=07F43CF2-2AE8-D1DB-0128-AE77107A7EF9&sortorder=desc&column=section HTTP/1.1" 200 111571
217.182.134.134 - - [22/Feb/2025:13:36:52 +0100] "GET /ticket2/opencms/fi/buy/?page=1&edid=0AB966ED-711A-1DD6-BBD9-5029029D10A0 HTTP/1.1" 200 112314
85.208.96.193 - - [22/Feb/2025:13:36:53 +0100] "GET /ticket2/opencms/sv/sport/fotbollsbiljetter/bundesliga/ HTTP/1.1" 200 102582
217.182.134.134 - - [22/Feb/2025:13:36:55 +0100] "GET /ticket2/opencms/fi/buy/?page=1&edid=0AE7C32B-B1C7-7742-D249-80E6AE5C0B1C&sortorder=desc&column=row HTTP/1.1" 200 111716
66.249.66.68 - - [22/Feb/2025:13:36:59 +0100] "GET /ticket2/opencms/en/sport/football-tickets/la-liga/athletic-bilbao HTTP/1.1" 404 -
217.182.134.134 - - [22/Feb/2025:13:36:59 +0100] "GET /ticket2/opencms/fi/buy/?page=1&edid=0CBE0C4B-CAFA-A010-EA66-542E1AA0C527&sortorder=asc&column=price HTTP/1.1" 200 111810
54.36.148.240 - - [22/Feb/2025:13:36:59 +0100] "GET /ticket2/opencms/ro/magazine/article?title=alexander-isak-stabileste-un-record HTTP/1.1" 200 92736
217.182.134.134 - - [22/Feb/2025:13:37:02 +0100] "GET /ticket2/opencms/fi/buy/?page=1&edid=0F9D6B87-FBA2-98F6-6A11-CBBA4D2A86C1 HTTP/1.1" 200 112206
54.36.148.112 - - [22/Feb/2025:13:37:02 +0100] "GET /ticket2/opencms/sq/buy?page=1&edid=F8093B0F-0671-8BAD-4914-C12550D964A6 HTTP/1.1" 200 116849
114.119.141.206 - - [22/Feb/2025:13:37:04 +0100] "GET /ticket2/opencms/es/buy?page=1&edid=2B44308E-1778-CFAE-7385-18758823F6EB HTTP/1.1" 200 149157
101.44.163.195 - - [22/Feb/2025:13:37:05 +0100] "GET /ticket2/opencms/is/sport/fotbolti/champions-league/ HTTP/1.1" 200 104823
217.182.134.134 - - [22/Feb/2025:13:37:06 +0100] "GET /ticket2/opencms/fi/buy/?page=1&edid=0FA74890-A85F-201C-0B2B-F2DB2DF0CC76&sortorder=desc&column=row HTTP/1.1" 200 113102
217.182.134.134 - - [22/Feb/2025:13:37:10 +0100] "GET /ticket2/opencms/fi/buy/?page=1&edid=1046C14E-D95C-B350-CBCD-2ECE5F3DCC46 HTTP/1.1" 200 123823
54.36.148.135 - - [22/Feb/2025:13:37:11 +0100] "GET /ticket2/opencms/et/buy?page=1&edid=51B4567B-19F2-A242-D969-4CD8EDBD80C5 HTTP/1.1" 200 117875
85.208.96.197 - - [22/Feb/2025:13:37:11 +0100] "GET /ticket2/opencms/lt/magazine/article?title=brentford-fc-antra-championshipe HTTP/1.1" 200 92940
217.182.134.134 - - [22/Feb/2025:13:37:13 +0100] "GET /ticket2/opencms/fi/buy/?page=1&edid=104C3244-DF16-AE6C-1D80-9200EA2CEADE&sortorder=asc&column=row HTTP/1.1" 200 112420
52.167.144.237 - - [22/Feb/2025:13:37:14 +0100] "GET /ticket2/opencms/nl/magazine/article?title=neymar-een-van-de-duurste-transfers-ter-wereld HTTP/1.1" 200 88807
54.36.149.9 - - [22/Feb/2025:13:37:16 +0100] "GET /ticket2/opencms/no/buy?page=1&edid=E66C4511-572E-0FE6-424C-55176043377C HTTP/1.1" 200 108060
217.182.134.134 - - [22/Feb/2025:13:37:17 +0100] "GET /ticket2/opencms/fi/buy/?page=1&edid=104C3244-DF16-AE6C-1D80-9200EA2CEADE&sortorder=desc&column=row HTTP/1.1" 200 112475
52.167.144.238 - - [22/Feb/2025:13:37:18 +0100] "GET /ticket2/opencms/ro/buy?page=1&edid=C79549EC-3C6C-B7C2-BDDD-2D9ED0198DCE HTTP/1.1" 200 108994
47.128.122.131 - - [22/Feb/2025:13:37:20 +0100] "GET /ticket2/opencms/no/?catid=AE3FE643-AE41-BAA6-237D-5206D1B044A1&comcatid=A17713B6-D984-201A-4143-ED4DB5ED5C2E&page=6 HTTP/1.1" 200 106796
85.208.96.200 - - [22/Feb/2025:13:37:20 +0100] "GET /ticket2/opencms/ga/magazine/article?title=manchester-city-vs-queens-park-rangers HTTP/1.1" 200 95627
217.182.134.134 - - [22/Feb/2025:13:37:21 +0100] "GET /ticket2/opencms/fi/buy/?page=1&edid=10597F35-2AC7-31D2-FB61-15A36BB6D73B HTTP/1.1" 200 135988
54.36.148.135 - - [22/Feb/2025:13:37:24 +0100] "GET /ticket2/opencms/sk/buy?page=1&edid=2684212B-FA50-DC4B-3CFA-1303E9638140 HTTP/1.1" 200 111240
217.182.134.134 - - [22/Feb/2025:13:37:25 +0100] "GET /ticket2/opencms/fi/buy/?page=1&edid=13CEE059-8BDC-0A5A-CA01-BB02D06808BB&sortorder=desc&column=price HTTP/1.1" 200 111392
52.167.144.184 - - [22/Feb/2025:13:37:25 +0100] "GET /ticket2/opencms/sv/sport/fotbollsbiljetter/premier_league/nottingham-forest/ HTTP/1.1" 200 92678
54.36.149.25 - - [22/Feb/2025:13:37:27 +0100] "GET /ticket2/opencms/el/buy?page=1&edid=F8093B0F-0671-8BAD-4914-C12550D964A6 HTTP/1.1" 200 120397
217.182.134.134 - - [22/Feb/2025:13:37:28 +0100] "GET /ticket2/opencms/fi/buy/?page=1&edid=13CEE059-8BDC-0A5A-CA01-BB02D06808BB&sortorder=desc&column=row HTTP/1.1" 200 111442
217.182.134.134 - - [22/Feb/2025:13:37:31 +0100] "GET /ticket2/opencms/fi/buy/?page=1&edid=13CEE059-8BDC-0A5A-CA01-BB02D06808BB&sortorder=desc&column=section HTTP/1.1" 200 111574
114.119.132.57 - - [22/Feb/2025:13:37:32 +0100] "GET /ticket2/opencms/en/sell/?edid=79B5950A-8F2F-84F8-FCAC-0BA8722B353B HTTP/1.1" 302 -
154.54.249.216 - - [22/Feb/2025:13:37:33 +0100] "GET /ticket2/opencms/el/buy?page=1&edid=57541A2A-A7DE-A07B-2484-0E25ED563C4B HTTP/1.1" 200 116277
54.36.148.184 - - [22/Feb/2025:13:37:34 +0100] "GET /ticket2/opencms/tr/buy?page=1&edid=F8093B0F-0671-8BAD-4914-C12550D964A6 HTTP/1.1" 200 116699
217.182.134.134 - - [22/Feb/2025:13:37:35 +0100] "GET /ticket2/opencms/fi/buy/?page=1&edid=2EC05A39-D275-20A3-C620-788098DAAD0B&sortorder=asc&column=section HTTP/1.1" 200 109427
217.182.134.134 - - [22/Feb/2025:13:37:38 +0100] "GET /ticket2/opencms/fi/buy/?page=1&edid=2EC05A39-D275-20A3-C620-788098DAAD0B&sortorder=desc&column=section HTTP/1.1" 200 109435
54.36.149.29 - - [22/Feb/2025:13:37:39 +0100] "GET /ticket2/opencms/sl/magazine/article?title=raphael-varane-zakljucuje-svojo-kariero-pri-31-letih HTTP/1.1" 200 93130
114.119.132.57 - - [22/Feb/2025:13:37:39 +0100] "GET /ticket2/opencms/en/login/?url=/en/sell/ HTTP/1.1" 200 90118
217.182.134.134 - - [22/Feb/2025:13:37:42 +0100] "GET /ticket2/opencms/fi/buy/?page=1&edid=2F091351-AF20-DF8B-A6F9-E8968C10B28F&sortorder=desc&column=section HTTP/1.1" 200 112692
217.182.134.134 - - [22/Feb/2025:13:37:46 +0100] "GET /ticket2/opencms/fi/buy/?page=1&edid=2F880491-42B3-B2CF-F49A-9DDCD43581D2&sortorder=desc&column=section HTTP/1.1" 200 112448
157.55.39.62 - - [22/Feb/2025:13:37:46 +0100] "GET /ticket2/opencms/ro/ HTTP/1.1" 200 107421
66.249.76.160 - - [22/Feb/2025:13:37:46 +0100] "GET /ticket2/opencms/bg/buy/?page=1&edid=1C6DE7EE-55E2-7D1A-2169-35EF13E77988&hlv=66d97479-a878-4944-a117-581a0a01000f HTTP/1.1" 200 115813
54.36.148.110 - - [22/Feb/2025:13:37:49 +0100] "GET /ticket2/opencms/sq/buy?page=1&edid=7CC55054-B229-E12C-9C70-B1612FE653BC HTTP/1.1" 200 112665
52.167.144.238 - - [22/Feb/2025:13:37:49 +0100] "GET /ticket2/opencms/pl/buy?page=1&edid=BC277D23-30B8-D5EE-234A-A476676DA5A3 HTTP/1.1" 200 108483
217.182.134.134 - - [22/Feb/2025:13:37:49 +0100] "GET /ticket2/opencms/fi/buy/?page=1&edid=2FC98323-B77E-D291-9131-7C1F611770DD&sortorder=desc&column=price HTTP/1.1" 200 111518
47.128.55.38 - - [22/Feb/2025:13:37:50 +0100] "GET /ticket2/opencms/sv/magazine/article?title=framtida-stjarnor HTTP/1.1" 200 93024
217.182.134.134 - - [22/Feb/2025:13:37:53 +0100] "GET /ticket2/opencms/fi/buy/?page=1&edid=2FC98323-B77E-D291-9131-7C1F611770DD&sortorder=desc&column=section HTTP/1.1" 200 111522
52.167.144.139 - - [22/Feb/2025:13:37:54 +0100] "GET /ticket2/opencms/hr/buy?page=1&edid=00BA3A64-EDC5-90ED-4A19-9BAB3786C088 HTTP/1.1" 200 110802
85.208.96.197 - - [22/Feb/2025:13:37:55 +0100] "GET /ticket2/opencms/sv/magazine/article?title=premier-league-transferfonstrets-mest-intressanta-overgangar HTTP/1.1" 200 95291
217.182.134.134 - - [22/Feb/2025:13:37:57 +0100] "GET /ticket2/opencms/fi/buy/?page=1&edid=3060EC19-040B-8618-E772-B51BFBEF35A0&sortorder=asc&column=price HTTP/1.1" 200 111791
52.167.144.230 - - [22/Feb/2025:13:37:58 +0100] "GET /ticket2/opencms/mt/magazine/article?title=abdul-fatawu-se-jitlef-il-bqija-tal-istaun HTTP/1.1" 200 94455
54.36.148.211 - - [22/Feb/2025:13:37:59 +0100] "GET /ticket2/opencms/no/buy?page=1&edid=0F1609DC-3333-3ED5-6855-0A373223136E HTTP/1.1" 200 111159
217.182.134.134 - - [22/Feb/2025:13:38:00 +0100] "GET /ticket2/opencms/fi/buy/?page=1&edid=3060EC19-040B-8618-E772-B51BFBEF35A0&sortorder=asc&column=row HTTP/1.1" 200 111640
185.191.171.4 - - [22/Feb/2025:13:38:02 +0100] "GET /ticket2/opencms/be/magazine/article?title=cole-palmer-decides-the-game-and-alexander-isak-is-back HTTP/1.1" 200 94559
217.182.134.134 - - [22/Feb/2025:13:38:04 +0100] "GET /ticket2/opencms/fi/buy/?page=1&edid=3060EC19-040B-8618-E772-B51BFBEF35A0&sortorder=asc&column=section HTTP/1.1" 200 111774
217.182.134.134 - - [22/Feb/2025:13:38:07 +0100] "GET /ticket2/opencms/fi/buy/?page=1&edid=30F7BEC1-9734-371E-4424-30AD90B3FB90&sortorder=desc&column=section HTTP/1.1" 200 112858
54.36.149.86 - - [22/Feb/2025:13:38:08 +0100] "GET /ticket2/opencms/dk/buy?page=1&edid=9DBCDD83-DFF7-0F0A-E3AC-44814FB4671B HTTP/1.1" 200 115216
114.119.157.43 - - [22/Feb/2025:13:38:08 +0100] "GET /ticket2/opencms/lv/buy?page=1&edid=C3DD4BE3-4935-9001-265A-52FCF341DCDC HTTP/1.1" 200 111184
217.182.134.134 - - [22/Feb/2025:13:38:11 +0100] "GET /ticket2/opencms/fi/buy/?page=1&edid=3265F751-9BD5-3895-9359-AB2B7E47ED23&sortorder=asc&column=section HTTP/1.1" 200 113240
54.36.148.67 - - [22/Feb/2025:13:38:12 +0100] "GET /ticket2/opencms/tr/buy?page=1&edid=4583F62C-F880-E6C3-C3F7-F692CC3F1DC2 HTTP/1.1" 200 116727
216.244.66.238 - - [22/Feb/2025:13:38:13 +0100] "GET /ticket2/opencms/ga/buy?page=1&edid=DB653943-ECFB-7118-47D3-55EBC2A526B9 HTTP/1.1" 200 112893
217.182.134.134 - - [22/Feb/2025:13:38:14 +0100] "GET /ticket2/opencms/fi/buy/?page=1&edid=595A5267-76E6-43B6-97D1-91251A31FEA6&sortorder=desc&column=section HTTP/1.1" 200 111749
54.36.149.41 - - [22/Feb/2025:13:38:18 +0100] "GET /ticket2/opencms/es/magazine/article?title=somos-el-peor-equipo-en-la-historia-del-club HTTP/1.1" 200 93267
217.182.134.134 - - [22/Feb/2025:13:38:18 +0100] "GET /ticket2/opencms/fi/buy/?page=1&edid=63B3D2EE-B950-115E-194C-CCC7BBD6F3BB&sortorder=asc&column=price HTTP/1.1" 200 91131
94.191.136.50 - - [22/Feb/2025:13:38:18 +0100] "GET /ticket2/opencms/sv/magazine/article?title=cristiano-ronaldo&wbraid=ClMKCAiA5eC9BhBcEkMAimvZzVoFZozebKCme0XV8WqyjUeKqgVW4IHVlDTWfVxFlyCMg0tln2jHz1-ZvI1wCzxhILopktjY-oiU_BZEfdB_GgKSVw HTTP/1.1" 200 93752
94.191.136.50 - - [22/Feb/2025:13:38:18 +0100] "GET /ticket2/opencms/system/modules/com.gridnine.opencms.ticketbrokerage.site/resources/css/ticketbrokerage.css HTTP/1.1" 200 39339
94.191.136.50 - - [22/Feb/2025:13:38:18 +0100] "GET /ticket2/opencms/system/modules/com.gridnine.opencms.ticketbrokerage.site/resources/js/calendar-setup.js HTTP/1.1" 200 4923
52.167.144.238 - - [22/Feb/2025:13:38:18 +0100] "GET /ticket2/opencms/lv/buy/?page=1&edid=78B4FD4B-B277-9DD6-B9F4-BF0AF12AD665 HTTP/1.1" 200 111897
94.191.136.50 - - [22/Feb/2025:13:38:19 +0100] "GET /ticket2/opencms/system/modules/com.gridnine.opencms.ticketbrokerage.site/resources/js/standard.js HTTP/1.1" 200 3983
94.191.136.50 - - [22/Feb/2025:13:38:19 +0100] "GET /ticket2/opencms/system/modules/com.gridnine.opencms.ticketbrokerage.site/resources/css/standard.css HTTP/1.1" 200 73904
94.191.136.50 - - [22/Feb/2025:13:38:19 +0100] "GET /ticket2/opencms/system/modules/com.gridnine.opencms.ticketbrokerage.site/resources/js/calendar-en.js HTTP/1.1" 200 3338
94.191.136.50 - - [22/Feb/2025:13:38:19 +0100] "GET /ticket2/opencms/system/modules/com.gridnine.opencms.ticketbrokerage.site/resources/js/calendar.js HTTP/1.1" 200 49229
94.191.136.50 - - [22/Feb/2025:13:38:19 +0100] "GET /ticket2/opencms/system/modules/com.gridnine.opencms.ticketbrokerage.site/resources/js/functions.js HTTP/1.1" 200 1583
94.191.136.50 - - [22/Feb/2025:13:38:19 +0100] "GET /ticket2/opencms/system/modules/com.gridnine.opencms.ticketbrokerage.site/resources/css/calendar.css HTTP/1.1" 200 6871
94.191.136.50 - - [22/Feb/2025:13:38:21 +0100] "GET /ticket2/opencms/system/modules/com.gridnine.opencms.ticketbrokerage.site/resources/js/standard.js HTTP/1.1" 200 3983
217.182.134.134 - - [22/Feb/2025:13:38:21 +0100] "GET /ticket2/opencms/fi/buy/?page=1&edid=63B3D2EE-B950-115E-194C-CCC7BBD6F3BB&sortorder=asc&column=row HTTP/1.1" 200 91031
217.182.134.134 - - [22/Feb/2025:13:38:25 +0100] "GET /ticket2/opencms/fi/buy/?page=1&edid=6400AA31-EA2E-ED5E-ECB8-FC40C4996DA7&sortorder=asc&column=price HTTP/1.1" 200 111454
54.36.149.83 - - [22/Feb/2025:13:38:25 +0100] "GET /ticket2/opencms/it/buy?page=1&edid=3834B79A-5D67-764F-EEC4-EB2411D57169 HTTP/1.1" 200 108427
185.191.171.5 - - [22/Feb/2025:13:38:26 +0100] "GET /ticket2/opencms/de/robots.txt HTTP/1.1" 404 -
217.182.134.134 - - [22/Feb/2025:13:38:28 +0100] "GET /ticket2/opencms/fi/buy/?page=1&edid=6400AA31-EA2E-ED5E-ECB8-FC40C4996DA7&sortorder=asc&column=row HTTP/1.1" 200 111372
216.244.66.238 - - [22/Feb/2025:13:38:29 +0100] "GET /ticket2/opencms/mk/buy?page=1&edid=266863E9-0D4A-8983-3D6E-89AEC4F0BA41 HTTP/1.1" 404 -
185.191.171.17 - - [22/Feb/2025:13:38:30 +0100] "GET /ticket2/opencms/de/fi/urheilu/jalkapallo/ligue_1/lyon/ HTTP/1.1" 404 -
54.36.148.145 - - [22/Feb/2025:13:38:31 +0100] "GET /ticket2/opencms/no/buy/?page=1&edid=23688B8D-8D21-EBA0-1897-8BC6CFFE57DE HTTP/1.1" 200 110093
54.36.148.83 - - [22/Feb/2025:13:38:31 +0100] "GET /ticket2/opencms/no/buy?page=1&edid=DEB17795-4FDC-842A-0A1E-90CABF711519 HTTP/1.1" 200 111142
217.182.134.134 - - [22/Feb/2025:13:38:32 +0100] "GET /ticket2/opencms/fi/buy/?page=1&edid=641BEECB-F7D4-30E5-61C7-A9976E3D0361&sortorder=asc&column=section HTTP/1.1" 200 111812
66.249.66.44 - - [22/Feb/2025:13:38:34 +0100] "GET /ticket2/opencms/en/magazine/article?title=tottenham-burnley-2024-05-11 HTTP/1.1" 200 90075
217.182.134.134 - - [22/Feb/2025:13:38:36 +0100] "GET /ticket2/opencms/fi/buy/?page=1&edid=6427555C-22EF-2D04-D688-E6F77E21861C&sortorder=asc&column=row HTTP/1.1" 200 109270
217.182.134.134 - - [22/Feb/2025:13:38:39 +0100] "GET /ticket2/opencms/fi/buy/?page=1&edid=6440E7CC-E56C-CD13-BB09-A84D83EDDD53&sortorder=desc&column=row HTTP/1.1" 200 112046
54.36.148.132 - - [22/Feb/2025:13:38:41 +0100] "GET /ticket2/opencms/nl/buy?page=1&edid=F124BA86-A27C-2AAF-548B-4E7CAF608D73 HTTP/1.1" 200 106259
47.128.53.29 - - [22/Feb/2025:13:38:41 +0100] "GET /ticket2/opencms/lv/?catid=88C381AD-5D76-A34D-AC15-A7129F8EF5BE&comcatid=A17713B6-D984-201A-4143-ED4DB5ED5C2E&page=6 HTTP/1.1" 200 107105
47.128.41.248 - - [22/Feb/2025:13:38:42 +0100] "GET /ticket2/opencms/lv/buy/?edid=2A37DE46-FFAE-D698-F339-A3B401DDEB66 HTTP/1.1" 200 91551
217.182.134.134 - - [22/Feb/2025:13:38:43 +0100] "GET /ticket2/opencms/fi/buy/?page=1&edid=65059A8E-0270-E807-1615-CAFF9CC3A29A&sortorder=desc&column=section HTTP/1.1" 200 111520
217.182.134.134 - - [22/Feb/2025:13:38:46 +0100] "GET /ticket2/opencms/fi/buy/?page=1&edid=68B8B09E-560A-8A10-6FF6-600A9E2434A4&sortorder=asc&column=row HTTP/1.1" 200 111337
52.167.144.238 - - [22/Feb/2025:13:38:48 +0100] "GET /ticket2/opencms/sl/buy?page=1&edid=5EDB8C59-6AB1-6033-53F3-C3947E065C16 HTTP/1.1" 200 111065
154.54.249.216 - - [22/Feb/2025:13:38:49 +0100] "GET /ticket2/opencms/el/buy?page=1&edid=48F26EF6-82A1-E8D4-CC6F-2F1AD5851418 HTTP/1.1" 200 112417
54.36.148.138 - - [22/Feb/2025:13:38:50 +0100] "GET /ticket2/opencms/en/venue/?venueid=A8858F1D-FB00-53F1-CA46-D029D84C4D0E HTTP/1.1" 200 85286
217.182.134.134 - - [22/Feb/2025:13:38:50 +0100] "GET /ticket2/opencms/fi/buy/?page=1&edid=69802F7E-2013-4656-113E-ECD53B17933B HTTP/1.1" 200 121551
114.119.152.77 - - [22/Feb/2025:13:38:51 +0100] "GET /ticket2/opencms/en/buy/?page=1&edid=16BA48F9-E787-F00A-EC7D-F97A99AECBFB HTTP/1.1" 200 119485
