217.182.134.134 - - [22/Feb/2025:13:38:54 +0100] "GET /ticket2/opencms/fi/buy/?page=1&edid=A01AF9C8-1908-8574-D6FC-52FB35E50650&sortorder=asc&column=section HTTP/1.1" 200 111809
188.239.11.145 - - [22/Feb/2025:13:38:54 +0100] "GET /ticket2/opencms/sq/buy/?page=1&edid=8E565EE5-A6F4-D9ED-994A-676DC5E87EA7 HTTP/1.1" 200 109103
217.182.134.134 - - [22/Feb/2025:13:38:57 +0100] "GET /ticket2/opencms/fi/buy/?page=1&edid=A3C9C39A-D58E-E88B-771B-8E4C4FF57183&sortorder=asc&column=row HTTP/1.1" 200 111641
54.36.148.136 - - [22/Feb/2025:13:38:57 +0100] "GET /ticket2/opencms/sl/buy?page=1&edid=ED6B033E-FAAE-D3A6-3006-A43EA8437C62 HTTP/1.1" 200 116396
217.182.134.134 - - [22/Feb/2025:13:39:01 +0100] "GET /ticket2/opencms/fi/buy/?page=1&edid=A3C9C39A-D58E-E88B-771B-8E4C4FF57183&sortorder=asc&column=section HTTP/1.1" 200 111707
185.191.171.15 - - [22/Feb/2025:13:39:04 +0100] "GET /ticket2/opencms/nl/selling_tickets/ HTTP/1.1" 200 85369
217.182.134.134 - - [22/Feb/2025:13:39:04 +0100] "GET /ticket2/opencms/fi/buy/?page=1&edid=A3C9C39A-D58E-E88B-771B-8E4C4FF57183&sortorder=desc&column=price HTTP/1.1" 200 111695
54.36.148.7 - - [22/Feb/2025:13:39:04 +0100] "GET /ticket2/opencms/it/magazine/article?title=lucas-bergvall-un-nuovo-david-beckham HTTP/1.1" 200 93401
185.191.171.6 - - [22/Feb/2025:13:39:05 +0100] "GET /ticket2/opencms/es/deporte/entradas-futbol/premier-league/ HTTP/1.1" 200 103025
54.36.148.221 - - [22/Feb/2025:13:39:05 +0100] "GET /ticket2/opencms/hr/buy?page=1&edid=ED6B033E-FAAE-D3A6-3006-A43EA8437C62 HTTP/1.1" 200 116494
217.182.134.134 - - [22/Feb/2025:13:39:08 +0100] "GET /ticket2/opencms/fi/buy/?page=1&edid=A3C9C39A-D58E-E88B-771B-8E4C4FF57183&sortorder=desc&column=section HTTP/1.1" 200 111697
54.36.149.101 - - [22/Feb/2025:13:39:09 +0100] "GET /ticket2/opencms/et/buy?page=1&edid=CE176BC6-607A-1F10-781B-B350B44BEDAB HTTP/1.1" 200 112265
217.182.134.134 - - [22/Feb/2025:13:39:12 +0100] "GET /ticket2/opencms/fi/buy/?page=1&edid=A3EE66CB-E39D-A722-D02A-1C11DB7EB508 HTTP/1.1" 200 111352
54.36.149.79 - - [22/Feb/2025:13:39:14 +0100] "GET /ticket2/opencms/sk/buy?page=1&edid=E1CACBEB-5FB5-F359-D95F-1110648BB53A HTTP/1.1" 200 112478
217.182.134.134 - - [22/Feb/2025:13:39:15 +0100] "GET /ticket2/opencms/fi/buy/?page=1&edid=AD7CC956-29A2-9E10-9B81-D673B6C0E599 HTTP/1.1" 200 111704
52.167.144.184 - - [22/Feb/2025:13:39:17 +0100] "GET /ticket2/opencms/es/buy/?page=1&edid=C517A6AA-CA48-11C1-D211-2DBFC65E6A2D&sortorder=asc&column=price HTTP/1.1" 200 91352
217.182.134.134 - - [22/Feb/2025:13:39:19 +0100] "GET /ticket2/opencms/fi/buy/?page=1&edid=B45E1AD2-1369-CFCC-BA36-8169D6C56034&sortorder=desc&column=row HTTP/1.1" 200 113055
66.249.66.32 - - [22/Feb/2025:13:39:21 +0100] "GET /ticket2/opencms/en/magazine/article?title=newcastle-upon-tyne HTTP/1.1" 200 90690
54.36.148.70 - - [22/Feb/2025:13:39:21 +0100] "GET /ticket2/opencms/sv/buy/?page=1&edid=C5E6BD6B-6997-F99C-5497-F6687FA84598 HTTP/1.1" 200 107931
52.167.144.238 - - [22/Feb/2025:13:39:21 +0100] "GET /ticket2/opencms/de/buy/?page=1&edid=7E56DA23-44A2-FB1F-17B3-AA02DF3AF2E7 HTTP/1.1" 200 111735
217.182.134.134 - - [22/Feb/2025:13:39:22 +0100] "GET /ticket2/opencms/fi/buy/?page=1&edid=B45E1AD2-1369-CFCC-BA36-8169D6C56034&sortorder=desc&column=section HTTP/1.1" 200 113105
66.249.66.19 - - [22/Feb/2025:13:39:23 +0100] "GET /ticket2/opencms/ro/buy?page=1&edid=A2A4078E-C8E8-C113-199B-69C1FEB231B0 HTTP/1.1" 200 135913
66.249.66.18 - - [22/Feb/2025:13:39:25 +0100] "GET /ticket2/opencms/lv/magazine/ HTTP/1.1" 200 152822
217.182.134.134 - - [22/Feb/2025:13:39:26 +0100] "GET /ticket2/opencms/fi/buy/?page=1&edid=B48DB9DE-88DE-8188-5DC7-3BEC81F3F53F&sortorder=asc&column=price HTTP/1.1" 200 109267
185.191.171.12 - - [22/Feb/2025:13:39:26 +0100] "GET /ticket2/opencms/be/magazine/article?title=calendario-de-partidos-de-la-premier-league-premier-league-fixtures-20242025 HTTP/1.1" 200 93692
47.128.19.46 - - [22/Feb/2025:13:39:28 +0100] "GET /ticket2/opencms/ro/faq/ HTTP/1.1" 200 90798
217.182.134.134 - - [22/Feb/2025:13:39:29 +0100] "GET /ticket2/opencms/fi/buy/?page=1&edid=BB1EC027-667A-D516-1408-190AC626767E&sortorder=asc&column=row HTTP/1.1" 200 111797
54.36.148.88 - - [22/Feb/2025:13:39:33 +0100] "GET /ticket2/opencms/sv/venue/?venueid=084C5FFD-59D7-DA1B-5EFC-5854672C42AB HTTP/1.1" 200 86889
217.182.134.134 - - [22/Feb/2025:13:39:33 +0100] "GET /ticket2/opencms/fi/buy/?page=1&edid=BB37D62D-183C-CB3A-FFE3-384DBECF973F HTTP/1.1" 200 111628
217.182.134.134 - - [22/Feb/2025:13:39:37 +0100] "GET /ticket2/opencms/fi/buy/?page=1&edid=CCC52869-7D07-37D3-E716-0EF1AC21BCE4 HTTP/1.1" 200 112094
54.36.148.251 - - [22/Feb/2025:13:39:39 +0100] "GET /ticket2/opencms/be/magazine/article?title=cole-palmer-decides-the-game-and-alexander-isak-is-back HTTP/1.1" 200 94596
217.182.134.134 - - [22/Feb/2025:13:39:40 +0100] "GET /ticket2/opencms/fi/buy/?page=1&edid=D11D82D4-28DA-1768-D317-EF521A2F97E6 HTTP/1.1" 200 112197
217.182.134.134 - - [22/Feb/2025:13:39:44 +0100] "GET /ticket2/opencms/fi/buy/?page=1&edid=E9D1CC2A-CF0A-C50D-AFC1-B3948FC2BA90&sortorder=asc&column=row HTTP/1.1" 200 111881
85.208.96.196 - - [22/Feb/2025:13:39:45 +0100] "GET /ticket2/opencms/sv/sport/fotbollsbiljetter/serie_a/palermo/ HTTP/1.1" 200 88880
54.36.148.224 - - [22/Feb/2025:13:39:47 +0100] "GET /ticket2/opencms/es/magazine/article?title=como-es-el-futuro-para-alexander-isak HTTP/1.1" 200 93019
217.182.134.134 - - [22/Feb/2025:13:39:48 +0100] "GET /ticket2/opencms/fi/buy/?page=1&edid=E9D1CC2A-CF0A-C50D-AFC1-B3948FC2BA90&sortorder=asc&column=section HTTP/1.1" 200 112020
216.244.66.238 - - [22/Feb/2025:13:39:48 +0100] "GET /ticket2/opencms/de/buy?page=1&edid=3B27AD89-9F82-3E38-96F3-9D7DBA03001A HTTP/1.1" 200 111180
94.74.102.202 - - [22/Feb/2025:13:39:50 +0100] "GET /ticket2/opencms/sq/buy/?page=1&edid=C51DC9BA-8ED0-8D5F-A005-77B2B61DA7C9 HTTP/1.1" 200 112039
217.182.134.134 - - [22/Feb/2025:13:39:51 +0100] "GET /ticket2/opencms/fi/buy/?page=1&edid=EAF5F943-A31A-E92D-61B3-6DC580C2EEDC&sortorder=desc&column=row HTTP/1.1" 200 91054
54.36.148.143 - - [22/Feb/2025:13:39:53 +0100] "GET /ticket2/opencms/it/buy?page=1&edid=F124BA86-A27C-2AAF-548B-4E7CAF608D73 HTTP/1.1" 200 108372
217.182.134.134 - - [22/Feb/2025:13:39:55 +0100] "GET /ticket2/opencms/fi/buy/?page=1&edid=EB0CA141-CCC6-93C0-7C20-669914FE332B&sortorder=desc&column=price HTTP/1.1" 200 109392
54.36.149.75 - - [22/Feb/2025:13:39:56 +0100] "GET /ticket2/opencms/sq/sport/bileta-per-futboll/la-liga/valladolid HTTP/1.1" 200 97735
202.8.40.108 - - [22/Feb/2025:13:39:57 +0100] "GET /ticket2/opencms/system/modules/com.gridnine.opencms.ticketbrokerage.site/resources/css/standard.css HTTP/1.1" 200 73904
202.8.40.108 - - [22/Feb/2025:13:39:57 +0100] "GET /ticket2/opencms/system/modules/com.gridnine.opencms.ticketbrokerage.site/resources/css/calendar.css HTTP/1.1" 200 6871
202.8.40.108 - - [22/Feb/2025:13:39:57 +0100] "GET /ticket2/opencms/system/modules/com.gridnine.opencms.ticketbrokerage.site/resources/css/jquery-ui.css HTTP/1.1" 200 33221
202.8.40.108 - - [22/Feb/2025:13:39:57 +0100] "GET /ticket2/opencms/system/modules/com.gridnine.opencms.ticketbrokerage.site/resources/js/jquery/jquery.js HTTP/1.1" 200 93868
202.8.40.108 - - [22/Feb/2025:13:39:57 +0100] "GET /ticket2/opencms/system/modules/com.gridnine.opencms.ticketbrokerage.site/resources/css/jquery.fancybox.css HTTP/1.1" 200 4939
202.8.40.108 - - [22/Feb/2025:13:39:57 +0100] "GET /ticket2/opencms/system/modules/com.gridnine.opencms.ticketbrokerage.site/resources/css/ticketbrokerage.css HTTP/1.1" 200 39339
202.8.40.108 - - [22/Feb/2025:13:39:57 +0100] "GET /ticket2/opencms/system/modules/com.gridnine.opencms.ticketbrokerage.site/resources/js/functions.js HTTP/1.1" 200 1583
202.8.40.108 - - [22/Feb/2025:13:39:57 +0100] "GET /ticket2/opencms/system/modules/com.gridnine.opencms.ticketbrokerage.site/resources/js/calendar-en.js HTTP/1.1" 200 3338
202.8.40.108 - - [22/Feb/2025:13:39:57 +0100] "GET /ticket2/opencms/system/modules/com.gridnine.opencms.ticketbrokerage.site/resources/js/calendar.js HTTP/1.1" 200 49229
202.8.40.108 - - [22/Feb/2025:13:39:57 +0100] "GET /ticket2/opencms/system/modules/com.gridnine.opencms.ticketbrokerage.site/resources/js/calendar-setup.js HTTP/1.1" 200 4923
202.8.40.108 - - [22/Feb/2025:13:39:57 +0100] "GET /ticket2/opencms/system/modules/com.gridnine.opencms.ticketbrokerage.site/resources/js/jquery/jquery-ui.js HTTP/1.1" 200 228088
202.8.40.108 - - [22/Feb/2025:13:39:57 +0100] "GET /ticket2/opencms/system/modules/com.gridnine.opencms.ticketbrokerage.site/resources/js/jquery.fancybox.pack.js HTTP/1.1" 200 23187
202.8.40.108 - - [22/Feb/2025:13:39:57 +0100] "GET /ticket2/opencms/system/modules/com.gridnine.opencms.ticketbrokerage.site/resources/js/stickyfill.min.js HTTP/1.1" 200 5672
202.8.40.108 - - [22/Feb/2025:13:39:57 +0100] "GET /ticket2/opencms/system/modules/com.gridnine.opencms.ticketbrokerage.site/resources/js/standard.js HTTP/1.1" 200 3983
202.8.40.108 - - [22/Feb/2025:13:39:57 +0100] "GET /ticket2/opencms/system/modules/com.gridnine.opencms.ticketbrokerage.site/resources/js/jquery.placeholder.min.js HTTP/1.1" 200 1737
202.8.40.108 - - [22/Feb/2025:13:39:58 +0100] "GET /ticket2/opencms/system/modules/com.gridnine.opencms.ticketbrokerage.site/resources/js/common-ajax.js HTTP/1.1" 200 20175
217.182.134.134 - - [22/Feb/2025:13:39:58 +0100] "GET /ticket2/opencms/fi/buy/?page=1&edid=EB4914C5-00D4-AD74-5CF9-2868F9C2D86F&sortorder=asc&column=section HTTP/1.1" 200 112987
47.128.57.243 - - [22/Feb/2025:13:40:01 +0100] "GET /ticket2/opencms/es/buy?edid=133B893E-0B2E-BEF9-99B1-9E25283FAB9D HTTP/1.1" 200 91455
54.36.148.191 - - [22/Feb/2025:13:40:01 +0100] "GET /ticket2/opencms/lv/buy?page=1&edid=ED6B033E-FAAE-D3A6-3006-A43EA8437C62 HTTP/1.1" 200 116552
66.249.66.79 - - [22/Feb/2025:13:40:02 +0100] "GET /ticket2/opencms/venue/Wembley_stadium.jpg HTTP/1.1" 200 134034
217.182.134.134 - - [22/Feb/2025:13:40:02 +0100] "GET /ticket2/opencms/fi/buy/?page=1&edid=EBA49F8A-33E9-0C95-472B-EF6292B7073A HTTP/1.1" 200 111591
216.244.66.238 - - [22/Feb/2025:13:40:03 +0100] "GET /ticket2/opencms/en/buy/?page=1&edid=2C2E9185-38A8-EBBD-403B-609372D69EE0 HTTP/1.1" 200 132127
217.182.134.134 - - [22/Feb/2025:13:40:05 +0100] "GET /ticket2/opencms/fi/buy/?page=1&edid=EBF1342E-BB1A-F042-231F-198A898B67BA HTTP/1.1" 200 90208
54.36.148.135 - - [22/Feb/2025:13:40:08 +0100] "GET /ticket2/opencms/sv/sport/fotbollsbiljetter/bundesliga/ HTTP/1.1" 200 102547
217.182.134.134 - - [22/Feb/2025:13:40:09 +0100] "GET /ticket2/opencms/fi/buy/?page=1&edid=EC2BC309-3510-AA04-CA0C-F3088D5C1D31 HTTP/1.1" 200 123639
114.119.140.85 - - [22/Feb/2025:13:40:12 +0100] "GET /ticket2/opencms/es/buy/?page=1&edid=EEE973BA-8DC4-78CF-0AA2-8C97FEFEA03F HTTP/1.1" 200 135138
66.249.66.67 - - [22/Feb/2025:13:40:12 +0100] "GET /ticket2/opencms/sl/buy?page=1&edid=5A8732CC-AF4A-0CF1-393F-1AFA3ED17001&hlv=66d6004b-6764-4a7e-8623-372e0a01000f HTTP/1.1" 200 113049
54.36.149.102 - - [22/Feb/2025:13:40:12 +0100] "GET /ticket2/opencms/az/buy?page=1&edid=3834B79A-5D67-764F-EEC4-EB2411D57169 HTTP/1.1" 200 109022
217.182.134.134 - - [22/Feb/2025:13:40:13 +0100] "GET /ticket2/opencms/fi/buy/?page=1&edid=ED19B7D1-B5DA-3ABE-5361-B89ADEA7979D&sortorder=asc&column=row HTTP/1.1" 200 111456
66.249.66.45 - - [22/Feb/2025:13:40:14 +0100] "GET /ticket2/opencms/it/magazine/article?title=fc-tottenham-hotspur HTTP/1.1" 200 92017
114.119.130.154 - - [22/Feb/2025:13:40:14 +0100] "GET /ticket2/opencms/lv/buy?page=1&edid=6400AA31-EA2E-ED5E-ECB8-FC40C4996DA7 HTTP/1.1" 200 110856
217.182.134.134 - - [22/Feb/2025:13:40:16 +0100] "GET /ticket2/opencms/fi/buy/?page=1&edid=ED19B7D1-B5DA-3ABE-5361-B89ADEA7979D&sortorder=asc&column=section HTTP/1.1" 200 111568
54.36.148.115 - - [22/Feb/2025:13:40:17 +0100] "GET /ticket2/opencms/az/buy?page=1&edid=2623FB3F-281B-22C8-3425-BF900A46AC08 HTTP/1.1" 200 108948
216.244.66.238 - - [22/Feb/2025:13:40:17 +0100] "GET /ticket2/opencms/en/buy/?page=1&edid=C9919F63-312E-C4DF-29D6-DA1CE80EC9A2 HTTP/1.1" 200 125109
217.182.134.134 - - [22/Feb/2025:13:40:20 +0100] "GET /ticket2/opencms/fi/buy/?page=1&edid=EDCAEF56-BB28-CA21-E73A-84906B6960A7 HTTP/1.1" 200 110959
154.54.249.216 - - [22/Feb/2025:13:40:21 +0100] "GET /ticket2/opencms/el/buy?page=1&edid=FBA63F82-513F-DB56-1EBF-6C49F4510CEA HTTP/1.1" 200 115647
217.182.134.134 - - [22/Feb/2025:13:40:23 +0100] "GET /ticket2/opencms/fi/buy/?page=1&edid=EDD921C3-85E0-12A1-A432-98789C28A5CD HTTP/1.1" 200 111210
85.208.96.203 - - [22/Feb/2025:13:40:24 +0100] "GET /ticket2/opencms/de/sport/fussball-tickets/premier_league/manchester_city/ HTTP/1.1" 200 101396
54.36.148.207 - - [22/Feb/2025:13:40:24 +0100] "GET /ticket2/opencms/el/athlitismos/eisitiria-podosfairou/english-championship/rotherham/ HTTP/1.1" 200 98864
114.119.138.214 - - [22/Feb/2025:13:40:24 +0100] "GET /ticket2/opencms/en/buy/?page=10&eventid=8B7AE4BC-5292-0AFF-E9A1-04E26981F419&venueid=64823F37-C894-99FC-7FB9-1CA1007A4F17 HTTP/1.1" 200 92804
217.182.134.134 - - [22/Feb/2025:13:40:27 +0100] "GET /ticket2/opencms/fi/buy/?page=1&edid=EDD921C3-85E0-12A1-A432-98789C28A5CD&sortorder=desc&column=price HTTP/1.1" 200 112138
54.36.148.214 - - [22/Feb/2025:13:40:28 +0100] "GET /ticket2/opencms/fr/buy?page=1&edid=FADD67F3-76CC-D117-2ADC-BEBED308D46A HTTP/1.1" 200 111622
217.182.134.134 - - [22/Feb/2025:13:40:31 +0100] "GET /ticket2/opencms/fi/buy/?page=1&edid=EDD921C3-85E0-12A1-A432-98789C28A5CD&sortorder=desc&column=row HTTP/1.1" 200 112079
40.77.167.71 - - [22/Feb/2025:13:40:31 +0100] "GET /ticket2/opencms/en/buy/?page=6&comcatid=A17713B6-D984-201A-4143-ED4DB5ED5C2E&catid=06324577-7173-BAB0-146D-E644C912F7C1&eventid=6B33187E-1E18-E0D8-91BA-321D9FDE0FBE HTTP/1.1" 200 110874
216.244.66.238 - - [22/Feb/2025:13:40:31 +0100] "GET /ticket2/opencms/et/buy?page=1&edid=3B27AD89-9F82-3E38-96F3-9D7DBA03001A HTTP/1.1" 200 111402
217.182.134.134 - - [22/Feb/2025:13:40:34 +0100] "GET /ticket2/opencms/fi/buy/?page=1&edid=EDD921C3-85E0-12A1-A432-98789C28A5CD&sortorder=desc&column=section HTTP/1.1" 200 112225
54.36.148.55 - - [22/Feb/2025:13:40:35 +0100] "GET /ticket2/opencms/uk/buy?page=1&edid=ED6B033E-FAAE-D3A6-3006-A43EA8437C62 HTTP/1.1" 200 118945
217.182.134.134 - - [22/Feb/2025:13:40:38 +0100] "GET /ticket2/opencms/fi/buy/?page=1&edid=EE417B89-64C4-7CA0-5804-69CEB33A53C3&sortorder=desc&column=price HTTP/1.1" 200 113185
185.191.171.2 - - [22/Feb/2025:13:40:38 +0100] "GET /ticket2/opencms/ga/magazine/article?title=everton HTTP/1.1" 200 92668
52.167.144.207 - - [22/Feb/2025:13:40:39 +0100] "GET /ticket2/opencms/mo/buy?page=1&edid=79716713-A068-E79D-953B-9FF4A2B80AAB HTTP/1.1" 200 111203
52.167.144.207 - - [22/Feb/2025:13:40:40 +0100] "GET /ticket2/opencms/no/magazine/article?title=mohamed-salah-forlenge-med-liverpool HTTP/1.1" 200 95010
54.36.148.216 - - [22/Feb/2025:13:40:40 +0100] "GET /ticket2/opencms/it/buy/?page=1&edid=92A56E78-70A5-4E7F-4A0E-86D90A27FA9E HTTP/1.1" 200 117608
217.182.134.134 - - [22/Feb/2025:13:40:41 +0100] "GET /ticket2/opencms/fi/buy/?page=1&edid=EF58E439-8141-CFA6-AE69-B9CE6C403284&sortorder=asc&column=price HTTP/1.1" 200 110345
54.36.148.75 - - [22/Feb/2025:13:40:44 +0100] "GET /ticket2/opencms/dk/buy?page=1&edid=FADD67F3-76CC-D117-2ADC-BEBED308D46A HTTP/1.1" 200 110454
217.182.134.134 - - [22/Feb/2025:13:40:45 +0100] "GET /ticket2/opencms/fi/buy/?page=1&edid=EF58E439-8141-CFA6-AE69-B9CE6C403284&sortorder=asc&column=row HTTP/1.1" 200 110256
217.182.134.134 - - [22/Feb/2025:13:40:49 +0100] "GET /ticket2/opencms/fi/buy/?page=1&edid=EF98F1F8-18FB-14FE-0FD5-18D0CF7A8566&sortorder=desc&column=row HTTP/1.1" 200 111649
54.36.148.243 - - [22/Feb/2025:13:40:49 +0100] "GET /ticket2/opencms/ro/buy?page=1&edid=C8C69015-BCBB-8460-663E-8B2E58614425 HTTP/1.1" 200 111872
52.167.144.207 - - [22/Feb/2025:13:40:51 +0100] "GET /ticket2/opencms/uk/buy/?page=1&edid=0390C1BB-1C34-F3DE-8CA6-221938AC41C0 HTTP/1.1" 200 113592
217.182.134.134 - - [22/Feb/2025:13:40:53 +0100] "GET /ticket2/opencms/fi/buy/?page=1&edid=EFCA122E-EFD5-12F8-6F83-6930A0BC1F37 HTTP/1.1" 200 123792
40.77.167.230 - - [22/Feb/2025:13:40:55 +0100] "GET /ticket2/opencms/et/buy/?page=1&edid=812FD49D-304A-7328-3A5E-992562A1F44A HTTP/1.1" 200 111741
40.77.167.230 - - [22/Feb/2025:13:40:55 +0100] "GET /ticket2/opencms/sr/buy/?page=1&edid=7FEF6961-5BF1-9DFB-5660-72619EFFF882 HTTP/1.1" 200 90804
217.182.134.134 - - [22/Feb/2025:13:40:56 +0100] "GET /ticket2/opencms/fi/buy/?page=1&edid=F06C0300-E27E-ED1B-C5C6-DEBEF815553B&sortorder=desc&column=section HTTP/1.1" 200 109489
54.36.148.80 - - [22/Feb/2025:13:40:56 +0100] "GET /ticket2/opencms/ro/buy?page=1&edid=F8093B0F-0671-8BAD-4914-C12550D964A6 HTTP/1.1" 200 116748
40.77.167.230 - - [22/Feb/2025:13:40:56 +0100] "GET /ticket2/opencms/bs/buy/?page=1&edid=9D048E44-717C-9C24-FF35-8EA4DE61C61E HTTP/1.1" 200 111539
85.208.96.206 - - [22/Feb/2025:13:40:57 +0100] "GET /ticket2/opencms/sv/magazine/article?title=legendaren-i-het-ordvaxling-med-supporter HTTP/1.1" 200 94206
185.191.171.16 - - [22/Feb/2025:13:40:58 +0100] "GET /ticket2/opencms/ka/magazine/article?title=joao-palhinha-baiern-miunkhenshi-akhali-shuagulis-dzala-midis-aliants-arenaze HTTP/1.1" 200 99072
217.182.134.134 - - [22/Feb/2025:13:41:00 +0100] "GET /ticket2/opencms/fi/buy/?page=1&edid=F071B03B-F4E9-C296-07EB-881227B05682&sortorder=desc&column=price HTTP/1.1" 200 109310
54.36.149.47 - - [22/Feb/2025:13:41:00 +0100] "GET /ticket2/opencms/ro/magazine/article?title=neymar-se-intoarce-acasa HTTP/1.1" 200 92973
47.128.38.78 - - [22/Feb/2025:13:41:00 +0100] "GET /ticket2/opencms/be/about/contact HTTP/1.1" 200 87298
83.227.73.1 - - [22/Feb/2025:13:41:00 +0100] "GET /ticket2/opencms/sv/sport/fotbollsbiljetter/premier_league/chelsea/?gad_source=1&gbraid=0AAAAADlS-t8rhIFHtDzYGcflWgICUK_9M&gclid=CjwKCAiAiOa9BhBqEiwABCdG845xDD0PhTdjCvqTdGLXN61SNi3RaybMi0y-Yl5F-PLI2LEoMVXyzBoCtmoQAvD_BwE HTTP/1.1" 200 100711
83.227.73.1 - - [22/Feb/2025:13:41:01 +0100] "GET /ticket2/opencms/system/modules/com.gridnine.opencms.ticketbrokerage.site/resources/css/ticketbrokerage.css HTTP/1.1" 200 39339
83.227.73.1 - - [22/Feb/2025:13:41:01 +0100] "GET /ticket2/opencms/system/modules/com.gridnine.opencms.ticketbrokerage.site/resources/js/calendar-en.js HTTP/1.1" 200 3338
83.227.73.1 - - [22/Feb/2025:13:41:01 +0100] "GET /ticket2/opencms/system/modules/com.gridnine.opencms.ticketbrokerage.site/resources/js/standard.js HTTP/1.1" 200 3983
83.227.73.1 - - [22/Feb/2025:13:41:01 +0100] "GET /ticket2/opencms/img/icons/no.png HTTP/1.1" 304 -
83.227.73.1 - - [22/Feb/2025:13:41:01 +0100] "GET /ticket2/opencms/system/modules/com.gridnine.opencms.ticketbrokerage.site/resources/js/functions.js HTTP/1.1" 200 1583
83.227.73.1 - - [22/Feb/2025:13:41:01 +0100] "GET /ticket2/opencms/system/modules/com.gridnine.opencms.ticketbrokerage.site/resources/css/calendar.css HTTP/1.1" 200 6871
83.227.73.1 - - [22/Feb/2025:13:41:01 +0100] "GET /ticket2/opencms/system/modules/com.gridnine.opencms.ticketbrokerage.site/resources/css/standard.css HTTP/1.1" 200 73904
83.227.73.1 - - [22/Feb/2025:13:41:01 +0100] "GET /ticket2/opencms/system/modules/com.gridnine.opencms.ticketbrokerage.site/resources/js/calendar.js HTTP/1.1" 200 49229
83.227.73.1 - - [22/Feb/2025:13:41:01 +0100] "GET /ticket2/opencms/img/icons/be.png HTTP/1.1" 304 -
83.227.73.1 - - [22/Feb/2025:13:41:01 +0100] "GET /ticket2/opencms/img/icons/az.png HTTP/1.1" 304 -
83.227.73.1 - - [22/Feb/2025:13:41:01 +0100] "GET /ticket2/opencms/system/modules/com.gridnine.opencms.ticketbrokerage.site/resources/js/calendar-setup.js HTTP/1.1" 200 4923
83.227.73.1 - - [22/Feb/2025:13:41:01 +0100] "GET /ticket2/opencms/img/icons/be.png HTTP/1.1" 304 -
83.227.73.1 - - [22/Feb/2025:13:41:01 +0100] "GET /ticket2/opencms/img/icons/az.png HTTP/1.1" 304 -
83.227.73.1 - - [22/Feb/2025:13:41:01 +0100] "GET /ticket2/opencms/img/icons/no.png HTTP/1.1" 304 -
52.167.144.238 - - [22/Feb/2025:13:41:01 +0100] "GET /ticket2/opencms/it/buy?page=1&edid=DEAFC2C2-F426-D691-6E5C-FCBBF4DFF1AF HTTP/1.1" 200 111532
47.128.38.78 - - [22/Feb/2025:13:41:01 +0100] "GET /ticket2/opencms/system/modules/com.gridnine.opencms.ticketbrokerage.site/resources/css/images/event-banner.png HTTP/1.1" 404 -
83.227.73.1 - - [22/Feb/2025:13:41:02 +0100] "GET /ticket2/opencms/img/icons/se.png HTTP/1.1" 304 -
83.227.73.1 - - [22/Feb/2025:13:41:02 +0100] "GET /ticket2/opencms/img/icons/ro.png HTTP/1.1" 304 -
83.227.73.1 - - [22/Feb/2025:13:41:02 +0100] "GET /ticket2/opencms/img/icons/tr.png HTTP/1.1" 304 -
83.227.73.1 - - [22/Feb/2025:13:41:04 +0100] "GET /ticket2/opencms/apple-touch-icon-precomposed.png HTTP/1.1" 404 -
83.227.73.1 - - [22/Feb/2025:13:41:04 +0100] "GET /ticket2/opencms/img/icons/es.png HTTP/1.1" 304 -
83.227.73.1 - - [22/Feb/2025:13:41:04 +0100] "GET /ticket2/opencms/img/icons/fr.png HTTP/1.1" 304 -
83.227.73.1 - - [22/Feb/2025:13:41:04 +0100] "GET /ticket2/opencms/img/icons/bg.png HTTP/1.1" 304 -
83.227.73.1 - - [22/Feb/2025:13:41:04 +0100] "GET /ticket2/opencms/img/icons/nl.png HTTP/1.1" 304 -
83.227.73.1 - - [22/Feb/2025:13:41:04 +0100] "GET /ticket2/opencms/img/icons/bs.png HTTP/1.1" 304 -
66.249.66.65 - - [22/Feb/2025:13:41:04 +0100] "GET /ticket2/opencms/es/buy/?page=1&edid=00111C9B-5E02-77E7-9B39-8EFC1235AF29 HTTP/1.1" 200 118121
83.227.73.1 - - [22/Feb/2025:13:41:05 +0100] "GET /ticket2/opencms/favicon.ico HTTP/1.1" 200 15406
83.227.73.1 - - [22/Feb/2025:13:41:05 +0100] "GET /ticket2/opencms/apple-touch-icon.png HTTP/1.1" 404 -
83.227.73.1 - - [22/Feb/2025:13:41:05 +0100] "GET /ticket2/opencms/sv/sport/fotbollsbiljetter/premier_league/chelsea/?gad_source=1&gbraid=0AAAAADlS-t8rhIFHtDzYGcflWgICUK_9M HTTP/1.1" 200 100666
217.182.134.134 - - [22/Feb/2025:13:41:05 +0100] "GET /ticket2/opencms/fi/login/?edid=B5480FEC-C7FC-18FB-0EEB-9717E2722B5A HTTP/1.1" 200 91858
83.227.73.1 - - [22/Feb/2025:13:41:05 +0100] "GET /ticket2/opencms/img/icons/ticket2.thumbnail.png HTTP/1.1" 200 21519
54.36.148.127 - - [22/Feb/2025:13:41:05 +0100] "GET /ticket2/opencms/no/buying_tickets/ HTTP/1.1" 200 90798
195.67.137.30 - - [22/Feb/2025:13:41:07 +0100] "GET /ticket2/opencms/sv/search.html?searchQuery=PSG&submit= HTTP/1.1" 200 104904
195.67.137.30 - - [22/Feb/2025:13:41:07 +0100] "GET /ticket2/opencms/system/modules/com.gridnine.opencms.ticketbrokerage.site/resources/js/functions.js HTTP/1.1" 200 1583
195.67.137.30 - - [22/Feb/2025:13:41:07 +0100] "GET /ticket2/opencms/system/modules/com.gridnine.opencms.ticketbrokerage.site/resources/js/jquery.placeholder.min.js HTTP/1.1" 200 1737
195.67.137.30 - - [22/Feb/2025:13:41:07 +0100] "GET /ticket2/opencms/system/modules/com.gridnine.opencms.ticketbrokerage.site/resources/js/calendar.js HTTP/1.1" 200 49229
195.67.137.30 - - [22/Feb/2025:13:41:07 +0100] "GET /ticket2/opencms/system/modules/com.gridnine.opencms.ticketbrokerage.site/resources/css/calendar.css HTTP/1.1" 200 6871
195.67.137.30 - - [22/Feb/2025:13:41:07 +0100] "GET /ticket2/opencms/system/modules/com.gridnine.opencms.ticketbrokerage.site/resources/css/standard.css HTTP/1.1" 200 73904
195.67.137.30 - - [22/Feb/2025:13:41:07 +0100] "GET /ticket2/opencms/system/modules/com.gridnine.opencms.ticketbrokerage.site/resources/css/jquery-ui.css HTTP/1.1" 200 33221
195.67.137.30 - - [22/Feb/2025:13:41:07 +0100] "GET /ticket2/opencms/system/modules/com.gridnine.opencms.ticketbrokerage.site/resources/js/jquery/jquery.js HTTP/1.1" 200 93868
195.67.137.30 - - [22/Feb/2025:13:41:07 +0100] "GET /ticket2/opencms/system/modules/com.gridnine.opencms.ticketbrokerage.site/resources/css/ticketbrokerage.css HTTP/1.1" 200 39339
195.67.137.30 - - [22/Feb/2025:13:41:07 +0100] "GET /ticket2/opencms/system/modules/com.gridnine.opencms.ticketbrokerage.site/resources/js/calendar-en.js HTTP/1.1" 200 3338
195.67.137.30 - - [22/Feb/2025:13:41:07 +0100] "GET /ticket2/opencms/system/modules/com.gridnine.opencms.ticketbrokerage.site/resources/js/calendar-setup.js HTTP/1.1" 200 4923
195.67.137.30 - - [22/Feb/2025:13:41:07 +0100] "GET /ticket2/opencms/system/modules/com.gridnine.opencms.ticketbrokerage.site/resources/js/common-ajax.js HTTP/1.1" 200 20175
195.67.137.30 - - [22/Feb/2025:13:41:07 +0100] "GET /ticket2/opencms/system/modules/com.gridnine.opencms.ticketbrokerage.site/resources/js/jquery.fancybox.pack.js HTTP/1.1" 200 23187
195.67.137.30 - - [22/Feb/2025:13:41:07 +0100] "GET /ticket2/opencms/system/modules/com.gridnine.opencms.ticketbrokerage.site/resources/js/stickyfill.min.js HTTP/1.1" 200 5672
195.67.137.30 - - [22/Feb/2025:13:41:07 +0100] "GET /ticket2/opencms/system/modules/com.gridnine.opencms.ticketbrokerage.site/resources/pics/logo-new.png HTTP/1.1" 200 13541
195.67.137.30 - - [22/Feb/2025:13:41:07 +0100] "GET /ticket2/opencms/img/fb.png HTTP/1.1" 200 1269
195.67.137.30 - - [22/Feb/2025:13:41:07 +0100] "GET /ticket2/opencms/img/icons/en.png HTTP/1.1" 200 2415
195.67.137.30 - - [22/Feb/2025:13:41:07 +0100] "GET /ticket2/opencms/system/modules/com.gridnine.opencms.ticketbrokerage.site/resources/pics/bank_2_handelsbanken.png HTTP/1.1" 200 4509
195.67.137.30 - - [22/Feb/2025:13:41:07 +0100] "GET /ticket2/opencms/system/modules/com.gridnine.opencms.ticketbrokerage.site/resources/pics/bank_3_swedbank.png HTTP/1.1" 200 5740
195.67.137.30 - - [22/Feb/2025:13:41:07 +0100] "GET /ticket2/opencms/system/modules/com.gridnine.opencms.ticketbrokerage.site/resources/pics/bank_4_seb.png HTTP/1.1" 200 2487
195.67.137.30 - - [22/Feb/2025:13:41:07 +0100] "GET /ticket2/opencms/img/icons/dk.png HTTP/1.1" 200 1706
195.67.137.30 - - [22/Feb/2025:13:41:07 +0100] "GET /ticket2/opencms/system/modules/com.gridnine.opencms.ticketbrokerage.site/resources/pics/bank_5_visa_mastercard.png HTTP/1.1" 200 8196
195.67.137.30 - - [22/Feb/2025:13:41:07 +0100] "GET /ticket2/opencms/img/icons/no.png HTTP/1.1" 200 1958
195.67.137.30 - - [22/Feb/2025:13:41:07 +0100] "GET /ticket2/opencms/system/modules/com.gridnine.opencms.ticketbrokerage.site/resources/pics/bank_6_american_express.png HTTP/1.1" 200 5570
195.67.137.30 - - [22/Feb/2025:13:41:07 +0100] "GET /ticket2/opencms/img/icons/globe-white.png HTTP/1.1" 200 947
195.67.137.30 - - [22/Feb/2025:13:41:07 +0100] "GET /ticket2/opencms/img/icons/fi.png HTTP/1.1" 200 1785
195.67.137.30 - - [22/Feb/2025:13:41:07 +0100] "GET /ticket2/opencms/img/icons/nl.png HTTP/1.1" 200 1255
195.67.137.30 - - [22/Feb/2025:13:41:07 +0100] "GET /ticket2/opencms/img/icons/es.png HTTP/1.1" 200 1005
195.67.137.30 - - [22/Feb/2025:13:41:07 +0100] "GET /ticket2/opencms/img/icons/de.png HTTP/1.1" 200 1124
195.67.137.30 - - [22/Feb/2025:13:41:07 +0100] "GET /ticket2/opencms/img/icons/pl.png HTTP/1.1" 200 1578
195.67.137.30 - - [22/Feb/2025:13:41:07 +0100] "GET /ticket2/opencms/img/icons/be.png HTTP/1.1" 200 1663
195.67.137.30 - - [22/Feb/2025:13:41:07 +0100] "GET /ticket2/opencms/img/icons/it.png HTTP/1.1" 200 2040
195.67.137.30 - - [22/Feb/2025:13:41:07 +0100] "GET /ticket2/opencms/img/icons/cs.png HTTP/1.1" 200 1883
195.67.137.30 - - [22/Feb/2025:13:41:07 +0100] "GET /ticket2/opencms/img/icons/et.png HTTP/1.1" 200 754
195.67.137.30 - - [22/Feb/2025:13:41:07 +0100] "GET /ticket2/opencms/img/icons/az.png HTTP/1.1" 200 1445
195.67.137.30 - - [22/Feb/2025:13:41:07 +0100] "GET /ticket2/opencms/img/icons/hu.png HTTP/1.1" 200 733
195.67.137.30 - - [22/Feb/2025:13:41:07 +0100] "GET /ticket2/opencms/img/icons/ga.png HTTP/1.1" 200 1759
195.67.137.30 - - [22/Feb/2025:13:41:07 +0100] "GET /ticket2/opencms/img/icons/bs.png HTTP/1.1" 200 1014
195.67.137.30 - - [22/Feb/2025:13:41:07 +0100] "GET /ticket2/opencms/img/icons/sk.png HTTP/1.1" 200 1283
195.67.137.30 - - [22/Feb/2025:13:41:07 +0100] "GET /ticket2/opencms/img/icons/bg.png HTTP/1.1" 200 788
195.67.137.30 - - [22/Feb/2025:13:41:07 +0100] "GET /ticket2/opencms/img/icons/sl.png HTTP/1.1" 200 966
195.67.137.30 - - [22/Feb/2025:13:41:07 +0100] "GET /ticket2/opencms/img/icons/uk.png HTTP/1.1" 200 1272
195.67.137.30 - - [22/Feb/2025:13:41:07 +0100] "GET /ticket2/opencms/img/check.png HTTP/1.1" 200 548
195.67.137.30 - - [22/Feb/2025:13:41:07 +0100] "GET /ticket2/opencms/img/mail.png HTTP/1.1" 200 403
195.67.137.30 - - [22/Feb/2025:13:41:07 +0100] "GET /ticket2/opencms/img/icons/hr.png HTTP/1.1" 200 2024
195.67.137.30 - - [22/Feb/2025:13:41:07 +0100] "GET /ticket2/opencms/img/icons/ka.png HTTP/1.1" 200 860
195.67.137.30 - - [22/Feb/2025:13:41:07 +0100] "GET /ticket2/opencms/sv/ask-form.html HTTP/1.1" 200 2950
195.67.137.30 - - [22/Feb/2025:13:41:08 +0100] "GET /ticket2/opencms/system/modules/com.gridnine.opencms.ticketbrokerage.site/resources/pics/arrow.gif HTTP/1.1" 200 344
195.67.137.30 - - [22/Feb/2025:13:41:08 +0100] "GET /ticket2/opencms/system/modules/com.gridnine.opencms.ticketbrokerage.site/resources/pics/form_marker.gif HTTP/1.1" 200 43
195.67.137.30 - - [22/Feb/2025:13:41:08 +0100] "GET /ticket2/opencms/img/icons/mt.png HTTP/1.1" 200 920
195.67.137.30 - - [22/Feb/2025:13:41:08 +0100] "GET /ticket2/opencms/img/icons/ro.png HTTP/1.1" 200 1393
195.67.137.30 - - [22/Feb/2025:13:41:08 +0100] "GET /ticket2/opencms/system/modules/com.gridnine.opencms.ticketbrokerage.site/resources/pics/button1_center.gif HTTP/1.1" 304 -
195.67.137.30 - - [22/Feb/2025:13:41:08 +0100] "GET /ticket2/opencms/system/modules/com.gridnine.opencms.ticketbrokerage.site/resources/pics/button1_left.gif HTTP/1.1" 200 232
195.67.137.30 - - [22/Feb/2025:13:41:08 +0100] "GET /ticket2/opencms/system/modules/com.gridnine.opencms.ticketbrokerage.site/resources/pics/button1_right.gif HTTP/1.1" 200 232
195.67.137.30 - - [22/Feb/2025:13:41:08 +0100] "GET /ticket2/opencms/img/icons/tr.png HTTP/1.1" 200 1636
195.67.137.30 - - [22/Feb/2025:13:41:08 +0100] "GET /ticket2/opencms/img/icons/sr.png HTTP/1.1" 200 1602
195.67.137.30 - - [22/Feb/2025:13:41:08 +0100] "GET /ticket2/opencms/img/icons/fr.png HTTP/1.1" 200 1764
195.67.137.30 - - [22/Feb/2025:13:41:08 +0100] "GET /ticket2/opencms/img/icons/ticket2.thumbnail.png HTTP/1.1" 200 21519
83.227.73.1 - - [22/Feb/2025:13:41:08 +0100] "GET /ticket2/opencms/sv/buy/?page=1&edid=B089B4B8-933D-AB70-BE65-2A133877E5AC HTTP/1.1" 200 135593
83.227.73.1 - - [22/Feb/2025:13:41:08 +0100] "GET /ticket2/opencms/system/modules/com.gridnine.opencms.ticketbrokerage.site/resources/css/calendar.css HTTP/1.1" 200 6871
83.227.73.1 - - [22/Feb/2025:13:41:08 +0100] "GET /ticket2/opencms/system/modules/com.gridnine.opencms.ticketbrokerage.site/resources/js/calendar-en.js HTTP/1.1" 200 3338
83.227.73.1 - - [22/Feb/2025:13:41:08 +0100] "GET /ticket2/opencms/system/modules/com.gridnine.opencms.ticketbrokerage.site/resources/js/functions.js HTTP/1.1" 200 1583
83.227.73.1 - - [22/Feb/2025:13:41:08 +0100] "GET /ticket2/opencms/system/modules/com.gridnine.opencms.ticketbrokerage.site/resources/js/calendar.js HTTP/1.1" 200 49229
83.227.73.1 - - [22/Feb/2025:13:41:08 +0100] "GET /ticket2/opencms/system/modules/com.gridnine.opencms.ticketbrokerage.site/resources/css/ticketbrokerage.css HTTP/1.1" 200 39339
83.227.73.1 - - [22/Feb/2025:13:41:08 +0100] "GET /ticket2/opencms/system/modules/com.gridnine.opencms.ticketbrokerage.site/resources/js/calendar-setup.js HTTP/1.1" 200 4923
83.227.73.1 - - [22/Feb/2025:13:41:08 +0100] "GET /ticket2/opencms/img/icons/az.png HTTP/1.1" 304 -
83.227.73.1 - - [22/Feb/2025:13:41:08 +0100] "GET /ticket2/opencms/system/modules/com.gridnine.opencms.ticketbrokerage.site/resources/js/standard.js HTTP/1.1" 200 3983
83.227.73.1 - - [22/Feb/2025:13:41:08 +0100] "GET /ticket2/opencms/img/icons/no.png HTTP/1.1" 304 -
83.227.73.1 - - [22/Feb/2025:13:41:08 +0100] "GET /ticket2/opencms/img/icons/be.png HTTP/1.1" 304 -
83.227.73.1 - - [22/Feb/2025:13:41:08 +0100] "GET /ticket2/opencms/system/modules/com.gridnine.opencms.ticketbrokerage.site/resources/css/standard.css HTTP/1.1" 200 73904
83.227.73.1 - - [22/Feb/2025:13:41:09 +0100] "GET /ticket2/opencms/img/icons/be.png HTTP/1.1" 304 -
83.227.73.1 - - [22/Feb/2025:13:41:09 +0100] "GET /ticket2/opencms/img/icons/no.png HTTP/1.1" 304 -
83.227.73.1 - - [22/Feb/2025:13:41:09 +0100] "GET /ticket2/opencms/img/icons/az.png HTTP/1.1" 304 -
83.227.73.1 - - [22/Feb/2025:13:41:09 +0100] "GET /ticket2/opencms/sv/ask-form.html HTTP/1.1" 200 2950
83.227.73.1 - - [22/Feb/2025:13:41:09 +0100] "GET /ticket2/opencms/system/modules/com.gridnine.opencms.ticketbrokerage.site/resources/css/ticketbrokerage.css HTTP/1.1" 200 39339
217.182.134.134 - - [22/Feb/2025:13:41:09 +0100] "GET /ticket2/opencms/fi/login/?edid=BBF51855-649C-7AAC-A9CD-362F8BD9BD25 HTTP/1.1" 200 91824
85.208.96.210 - - [22/Feb/2025:13:41:09 +0100] "GET /ticket2/opencms/sq/magazine/article?title=chelsea-fc-dhe-lufta-e-tyre-per-stabilitet HTTP/1.1" 200 95377
83.227.73.1 - - [22/Feb/2025:13:41:12 +0100] "GET /ticket2/opencms/apple-touch-icon-precomposed.png HTTP/1.1" 404 -
54.36.148.113 - - [22/Feb/2025:13:41:12 +0100] "GET /ticket2/opencms/bg/buy?page=1&edid=ED6B033E-FAAE-D3A6-3006-A43EA8437C62 HTTP/1.1" 200 119058
83.227.73.1 - - [22/Feb/2025:13:41:12 +0100] "GET /ticket2/opencms/favicon.ico HTTP/1.1" 200 15406
83.227.73.1 - - [22/Feb/2025:13:41:12 +0100] "GET /ticket2/opencms/img/icons/ticket2.thumbnail.png HTTP/1.1" 200 21519
83.227.73.1 - - [22/Feb/2025:13:41:12 +0100] "GET /ticket2/opencms/apple-touch-icon.png HTTP/1.1" 404 -
217.182.134.134 - - [22/Feb/2025:13:41:13 +0100] "GET /ticket2/opencms/fi/login/?edid=DE5B6A64-DD53-E533-1C9F-682C000226C9 HTTP/1.1" 200 91827
45.33.229.62 - - [22/Feb/2025:13:41:14 +0100] "GET /ticket2/opencms/it/buy/?page=1&edid=ACE9CA7D-7806-FEA9-5C42-376512A5CAAD HTTP/1.1" 200 90203
45.33.229.62 - - [22/Feb/2025:13:41:14 +0100] "GET /ticket2/opencms/system/modules/com.gridnine.opencms.ticketbrokerage.site/resources/css/ticketbrokerage.css HTTP/1.1" 200 39339
45.33.229.62 - - [22/Feb/2025:13:41:14 +0100] "GET /ticket2/opencms/system/modules/com.gridnine.opencms.ticketbrokerage.site/resources/css/calendar.css HTTP/1.1" 200 6871
45.33.229.62 - - [22/Feb/2025:13:41:14 +0100] "GET /ticket2/opencms/system/modules/com.gridnine.opencms.ticketbrokerage.site/resources/css/jquery-ui.css HTTP/1.1" 200 33221
45.33.229.62 - - [22/Feb/2025:13:41:14 +0100] "GET /ticket2/opencms/system/modules/com.gridnine.opencms.ticketbrokerage.site/resources/css/standard.css HTTP/1.1" 200 73904
45.33.229.62 - - [22/Feb/2025:13:41:14 +0100] "GET /ticket2/opencms/system/modules/com.gridnine.opencms.ticketbrokerage.site/resources/css/jquery.fancybox.css HTTP/1.1" 200 4939
45.33.229.62 - - [22/Feb/2025:13:41:14 +0100] "GET /ticket2/opencms/system/modules/com.gridnine.opencms.ticketbrokerage.site/resources/js/functions.js HTTP/1.1" 200 1583
45.33.229.62 - - [22/Feb/2025:13:41:14 +0100] "GET /ticket2/opencms/system/modules/com.gridnine.opencms.ticketbrokerage.site/resources/js/jquery/jquery.js HTTP/1.1" 200 93868
45.33.229.62 - - [22/Feb/2025:13:41:14 +0100] "GET /ticket2/opencms/system/modules/com.gridnine.opencms.ticketbrokerage.site/resources/js/jquery/jquery-ui.js HTTP/1.1" 200 228088
45.33.229.62 - - [22/Feb/2025:13:41:14 +0100] "GET /ticket2/opencms/system/modules/com.gridnine.opencms.ticketbrokerage.site/resources/js/calendar.js HTTP/1.1" 200 49229
45.33.229.62 - - [22/Feb/2025:13:41:14 +0100] "GET /ticket2/opencms/system/modules/com.gridnine.opencms.ticketbrokerage.site/resources/js/calendar-en.js HTTP/1.1" 200 3338
45.33.229.62 - - [22/Feb/2025:13:41:14 +0100] "GET /ticket2/opencms/system/modules/com.gridnine.opencms.ticketbrokerage.site/resources/js/calendar-setup.js HTTP/1.1" 200 4923
45.33.229.62 - - [22/Feb/2025:13:41:14 +0100] "GET /ticket2/opencms/system/modules/com.gridnine.opencms.ticketbrokerage.site/resources/js/jquery.fancybox.pack.js HTTP/1.1" 200 23187
45.33.229.62 - - [22/Feb/2025:13:41:14 +0100] "GET /ticket2/opencms/system/modules/com.gridnine.opencms.ticketbrokerage.site/resources/js/stickyfill.min.js HTTP/1.1" 200 5672
45.33.229.62 - - [22/Feb/2025:13:41:14 +0100] "GET /ticket2/opencms/system/modules/com.gridnine.opencms.ticketbrokerage.site/resources/js/jquery.placeholder.min.js HTTP/1.1" 200 1737
45.33.229.62 - - [22/Feb/2025:13:41:15 +0100] "GET /ticket2/opencms/system/modules/com.gridnine.opencms.ticketbrokerage.site/resources/js/standard.js HTTP/1.1" 200 3983
40.77.167.230 - - [22/Feb/2025:13:41:15 +0100] "GET /ticket2/opencms/ro/buy/?page=1&edid=0F1609DC-3333-3ED5-6855-0A373223136E HTTP/1.1" 200 112142
45.33.229.62 - - [22/Feb/2025:13:41:15 +0100] "GET /ticket2/opencms/system/modules/com.gridnine.opencms.ticketbrokerage.site/resources/js/common-ajax.js HTTP/1.1" 200 20175
45.33.229.62 - - [22/Feb/2025:13:41:15 +0100] "GET /ticket2/opencms/system/modules/com.gridnine.opencms.ticketbrokerage.site/resources/pics/logo-new.png HTTP/1.1" 200 13541
45.33.229.62 - - [22/Feb/2025:13:41:15 +0100] "GET /ticket2/opencms/img/insta.png HTTP/1.1" 200 3967
45.33.229.62 - - [22/Feb/2025:13:41:15 +0100] "GET /ticket2/opencms/img/fb.png HTTP/1.1" 200 1269
45.33.229.62 - - [22/Feb/2025:13:41:15 +0100] "GET /ticket2/opencms/system/modules/com.gridnine.opencms.ticketbrokerage.site/resources/pics/footer-img.jpg HTTP/1.1" 200 67642
45.33.229.62 - - [22/Feb/2025:13:41:15 +0100] "GET /ticket2/opencms/img/check.png HTTP/1.1" 200 548
45.33.229.62 - - [22/Feb/2025:13:41:15 +0100] "GET /ticket2/opencms/img/mail.png HTTP/1.1" 200 403
45.33.229.62 - - [22/Feb/2025:13:41:15 +0100] "GET /ticket2/opencms/img/arrow.png HTTP/1.1" 200 753
45.33.229.62 - - [22/Feb/2025:13:41:15 +0100] "GET /ticket2/opencms/img/chat.png HTTP/1.1" 200 416
45.33.229.62 - - [22/Feb/2025:13:41:16 +0100] "GET /ticket2/opencms/img/icons/globe-white.png HTTP/1.1" 200 947
45.33.229.62 - - [22/Feb/2025:13:41:16 +0100] "GET /ticket2/opencms/img/icons/no.png HTTP/1.1" 200 1958
45.33.229.62 - - [22/Feb/2025:13:41:16 +0100] "GET /ticket2/opencms/img/icons/en.png HTTP/1.1" 200 2415
45.33.229.62 - - [22/Feb/2025:13:41:16 +0100] "GET /ticket2/opencms/img/icons/dk.png HTTP/1.1" 200 1706
45.33.229.62 - - [22/Feb/2025:13:41:16 +0100] "GET /ticket2/opencms/img/icons/se.png HTTP/1.1" 200 1258
45.33.229.62 - - [22/Feb/2025:13:41:16 +0100] "GET /ticket2/opencms/img/icons/fi.png HTTP/1.1" 200 1785
185.191.171.11 - - [22/Feb/2025:13:41:16 +0100] "GET /ticket2/opencms/de/sport/fussball-tickets/la_liga/sevilla/ HTTP/1.1" 200 94581
217.182.134.134 - - [22/Feb/2025:13:41:16 +0100] "GET /ticket2/opencms/fi/login/?edid=EBF1342E-BB1A-F042-231F-198A898B67BA HTTP/1.1" 200 91794
45.33.229.62 - - [22/Feb/2025:13:41:16 +0100] "GET /ticket2/opencms/img/icons/de.png HTTP/1.1" 200 1124
45.33.229.62 - - [22/Feb/2025:13:41:16 +0100] "GET /ticket2/opencms/img/icons/nl.png HTTP/1.1" 200 1255
45.33.229.62 - - [22/Feb/2025:13:41:17 +0100] "GET /ticket2/opencms/img/icons/it.png HTTP/1.1" 200 2040
45.33.229.62 - - [22/Feb/2025:13:41:17 +0100] "GET /ticket2/opencms/img/icons/es.png HTTP/1.1" 200 1005
45.33.229.62 - - [22/Feb/2025:13:41:17 +0100] "GET /ticket2/opencms/img/icons/sq.png HTTP/1.1" 200 1619
45.33.229.62 - - [22/Feb/2025:13:41:17 +0100] "GET /ticket2/opencms/img/icons/pl.png HTTP/1.1" 200 1578
45.33.229.62 - - [22/Feb/2025:13:41:17 +0100] "GET /ticket2/opencms/img/icons/fr.png HTTP/1.1" 200 1764
45.33.229.62 - - [22/Feb/2025:13:41:17 +0100] "GET /ticket2/opencms/img/icons/az.png HTTP/1.1" 200 1445
45.33.229.62 - - [22/Feb/2025:13:41:17 +0100] "GET /ticket2/opencms/img/icons/bs.png HTTP/1.1" 200 1014
45.33.229.62 - - [22/Feb/2025:13:41:17 +0100] "GET /ticket2/opencms/img/icons/be.png HTTP/1.1" 200 1663
45.33.229.62 - - [22/Feb/2025:13:41:17 +0100] "GET /ticket2/opencms/img/icons/bg.png HTTP/1.1" 200 788
45.33.229.62 - - [22/Feb/2025:13:41:17 +0100] "GET /ticket2/opencms/img/icons/cs.png HTTP/1.1" 200 1883
45.33.229.62 - - [22/Feb/2025:13:41:17 +0100] "GET /ticket2/opencms/img/icons/et.png HTTP/1.1" 200 754
45.33.229.62 - - [22/Feb/2025:13:41:17 +0100] "GET /ticket2/opencms/img/icons/hr.png HTTP/1.1" 200 2024
45.33.229.62 - - [22/Feb/2025:13:41:17 +0100] "GET /ticket2/opencms/img/icons/el.png HTTP/1.1" 200 1637
45.33.229.62 - - [22/Feb/2025:13:41:17 +0100] "GET /ticket2/opencms/img/icons/ka.png HTTP/1.1" 200 860
45.33.229.62 - - [22/Feb/2025:13:41:17 +0100] "GET /ticket2/opencms/img/icons/lv.png HTTP/1.1" 200 716
45.33.229.62 - - [22/Feb/2025:13:41:17 +0100] "GET /ticket2/opencms/img/icons/is.png HTTP/1.1" 200 1884
45.33.229.62 - - [22/Feb/2025:13:41:17 +0100] "GET /ticket2/opencms/img/icons/ga.png HTTP/1.1" 200 1759
45.33.229.62 - - [22/Feb/2025:13:41:17 +0100] "GET /ticket2/opencms/img/icons/hu.png HTTP/1.1" 200 733
45.33.229.62 - - [22/Feb/2025:13:41:17 +0100] "GET /ticket2/opencms/img/icons/mo.png HTTP/1.1" 200 1468
45.33.229.62 - - [22/Feb/2025:13:41:17 +0100] "GET /ticket2/opencms/img/icons/lt.png HTTP/1.1" 200 733
45.33.229.62 - - [22/Feb/2025:13:41:17 +0100] "GET /ticket2/opencms/img/icons/sr.png HTTP/1.1" 200 1602
45.33.229.62 - - [22/Feb/2025:13:41:17 +0100] "GET /ticket2/opencms/img/icons/mt.png HTTP/1.1" 200 920
45.33.229.62 - - [22/Feb/2025:13:41:17 +0100] "GET /ticket2/opencms/img/icons/ro.png HTTP/1.1" 200 1393
45.33.229.62 - - [22/Feb/2025:13:41:17 +0100] "GET /ticket2/opencms/img/icons/sk.png HTTP/1.1" 200 1283
45.33.229.62 - - [22/Feb/2025:13:41:17 +0100] "GET /ticket2/opencms/img/icons/uk.png HTTP/1.1" 200 1272
45.33.229.62 - - [22/Feb/2025:13:41:17 +0100] "GET /ticket2/opencms/img/icons/tr.png HTTP/1.1" 200 1636
45.33.229.62 - - [22/Feb/2025:13:41:17 +0100] "GET /ticket2/opencms/img/icons/sl.png HTTP/1.1" 200 966
45.33.229.62 - - [22/Feb/2025:13:41:17 +0100] "GET /ticket2/opencms/img/icons/ticket2.thumbnail.png HTTP/1.1" 200 21519
45.33.229.62 - - [22/Feb/2025:13:41:18 +0100] "GET /ticket2/opencms/system/modules/com.gridnine.opencms.ticketbrokerage.site/resources/js/standard.js HTTP/1.1" 200 3983
54.36.148.154 - - [22/Feb/2025:13:41:18 +0100] "GET /ticket2/opencms/dk/venue/?venueid=D8748AFA-5CFF-8E2A-FC7D-F16F92ED4536 HTTP/1.1" 200 85724
217.182.134.134 - - [22/Feb/2025:13:41:20 +0100] "GET /ticket2/opencms/fi/login/?edid=FA047031-F510-E911-0280-BC3ADCB159FC HTTP/1.1" 200 91801
47.128.112.242 - - [22/Feb/2025:13:41:21 +0100] "GET /ticket2/opencms/ro/magazine/article?title=suntem-cea-mai-slaba-echipa-din-istoria-clubului HTTP/1.1" 200 93381
54.36.148.165 - - [22/Feb/2025:13:41:22 +0100] "GET /ticket2/opencms/tr/buy?page=1&edid=E5C71AA1-7B1A-D9BE-470B-940D9CED866E HTTP/1.1" 200 108793
216.244.66.196 - - [22/Feb/2025:13:41:23 +0100] "GET /ticket2/opencms/en/buy?page=1&edid=556B94F2-FD76-AB6F-089E-5820CD9C75C1 HTTP/1.1" 200 109330
217.182.134.134 - - [22/Feb/2025:13:41:24 +0100] "GET /ticket2/opencms/fi/login/?edid=FC797166-D971-D25F-0FB0-A6DA82828914 HTTP/1.1" 200 91844
114.119.152.134 - - [22/Feb/2025:13:41:24 +0100] "GET /ticket2/opencms/es/buy/?comcatid=A17713B6-D984-201A-4143-ED4DB5ED5C2E&catid=B0817F4C-4B6F-A68C-6229-209BB05F84D4 HTTP/1.1" 200 103254
185.191.171.2 - - [22/Feb/2025:13:41:25 +0100] "GET /ticket2/opencms/en/sport/football-tickets/bundesliga/stuttgart/ HTTP/1.1" 200 96100
173.252.107.19 - - [22/Feb/2025:13:41:27 +0100] "GET /ticket2/opencms/sv/buy/?page=1&edid=B089B4B8-933D-AB70-BE65-2A133877E5AC HTTP/1.1" 200 135532
114.119.130.210 - - [22/Feb/2025:13:41:27 +0100] "GET /ticket2/opencms/en/sell/?edid=A80022C8-3541-FA3A-867C-156C8341938D HTTP/1.1" 302 -
85.208.96.209 - - [22/Feb/2025:13:41:27 +0100] "GET /ticket2/opencms/mt/magazine/article?title=jurgen-klopp-jitlaq-liverpool-saga-ta-suess-fanfield HTTP/1.1" 200 96116
54.36.149.74 - - [22/Feb/2025:13:41:27 +0100] "GET /ticket2/opencms/mo/buy?page=1&edid=B706C05D-BD6B-FE19-B612-CFC9E579BDC9 HTTP/1.1" 200 111849
217.182.134.134 - - [22/Feb/2025:13:41:27 +0100] "GET /ticket2/opencms/fi/login/?edid=0245DD96-87E7-A659-0705-9F840BE12132 HTTP/1.1" 200 91889
69.171.251.10 - - [22/Feb/2025:13:41:29 +0100] "GET /ticket2/opencms/img/icons/globe-white.png HTTP/1.1" 200 947
217.182.134.134 - - [22/Feb/2025:13:41:31 +0100] "GET /ticket2/opencms/fi/login/?edid=09B68EB2-CAD3-E0AE-460C-DBBFE80836A5 HTTP/1.1" 200 91759
54.36.148.59 - - [22/Feb/2025:13:41:33 +0100] "GET /ticket2/opencms/fr/sport/billets-football/champions-league/napoli HTTP/1.1" 200 93750
114.119.130.210 - - [22/Feb/2025:13:41:33 +0100] "GET /ticket2/opencms/en/login/?url=/en/sell/ HTTP/1.1" 200 90090
217.182.134.134 - - [22/Feb/2025:13:41:34 +0100] "GET /ticket2/opencms/fi/login/?edid=0FDA018D-B8AF-3F2B-04D5-9F590D681B22 HTTP/1.1" 200 91858
54.36.148.145 - - [22/Feb/2025:13:41:38 +0100] "GET /ticket2/opencms/fr/sport/billets-football/champions-league/porto HTTP/1.1" 200 97229
217.182.134.134 - - [22/Feb/2025:13:41:38 +0100] "GET /ticket2/opencms/fi/login/?edid=124E8283-E5DC-7FAE-437D-48A8B5EF948C HTTP/1.1" 200 91866
45.33.229.62 - - [22/Feb/2025:13:41:41 +0100] "GET /ticket2/opencms/it/search.html?searchQuery=Napoli+fiorentina+&submit= HTTP/1.1" 200 97036
45.33.229.62 - - [22/Feb/2025:13:41:41 +0100] "GET /ticket2/opencms/system/modules/com.gridnine.opencms.ticketbrokerage.site/resources/css/ticketbrokerage.css HTTP/1.1" 200 39339
45.33.229.62 - - [22/Feb/2025:13:41:41 +0100] "GET /ticket2/opencms/system/modules/com.gridnine.opencms.ticketbrokerage.site/resources/css/calendar.css HTTP/1.1" 200 6871
217.182.134.134 - - [22/Feb/2025:13:41:41 +0100] "GET /ticket2/opencms/fi/login/?edid=13CEE059-8BDC-0A5A-CA01-BB02D06808BB HTTP/1.1" 200 91753
45.33.229.62 - - [22/Feb/2025:13:41:41 +0100] "GET /ticket2/opencms/system/modules/com.gridnine.opencms.ticketbrokerage.site/resources/css/standard.css HTTP/1.1" 200 73904
45.33.229.62 - - [22/Feb/2025:13:41:41 +0100] "GET /ticket2/opencms/system/modules/com.gridnine.opencms.ticketbrokerage.site/resources/js/functions.js HTTP/1.1" 200 1583
45.33.229.62 - - [22/Feb/2025:13:41:41 +0100] "GET /ticket2/opencms/system/modules/com.gridnine.opencms.ticketbrokerage.site/resources/js/calendar-en.js HTTP/1.1" 200 3338
45.33.229.62 - - [22/Feb/2025:13:41:41 +0100] "GET /ticket2/opencms/system/modules/com.gridnine.opencms.ticketbrokerage.site/resources/js/calendar.js HTTP/1.1" 200 49229
45.33.229.62 - - [22/Feb/2025:13:41:41 +0100] "GET /ticket2/opencms/system/modules/com.gridnine.opencms.ticketbrokerage.site/resources/js/standard.js HTTP/1.1" 200 3983
45.33.229.62 - - [22/Feb/2025:13:41:41 +0100] "GET /ticket2/opencms/system/modules/com.gridnine.opencms.ticketbrokerage.site/resources/js/calendar-setup.js HTTP/1.1" 200 4923
52.167.144.207 - - [22/Feb/2025:13:41:42 +0100] "GET /ticket2/opencms/uk/buy?page=1&edid=33CFCCFE-A22A-4A2C-1202-26E0FBDCB686 HTTP/1.1" 200 123515
45.33.229.62 - - [22/Feb/2025:13:41:42 +0100] "GET /ticket2/opencms/system/modules/com.gridnine.opencms.ticketbrokerage.site/resources/pics/bank_1_nordea.png HTTP/1.1" 200 4807
45.33.229.62 - - [22/Feb/2025:13:41:42 +0100] "GET /ticket2/opencms/system/modules/com.gridnine.opencms.ticketbrokerage.site/resources/pics/bank_2_handelsbanken.png HTTP/1.1" 200 4509
45.33.229.62 - - [22/Feb/2025:13:41:42 +0100] "GET /ticket2/opencms/system/modules/com.gridnine.opencms.ticketbrokerage.site/resources/pics/bank_3_swedbank.png HTTP/1.1" 200 5740
45.33.229.62 - - [22/Feb/2025:13:41:42 +0100] "GET /ticket2/opencms/system/modules/com.gridnine.opencms.ticketbrokerage.site/resources/pics/bank_4_seb.png HTTP/1.1" 200 2487
45.33.229.62 - - [22/Feb/2025:13:41:42 +0100] "GET /ticket2/opencms/system/modules/com.gridnine.opencms.ticketbrokerage.site/resources/pics/bank_6_american_express.png HTTP/1.1" 200 5570
45.33.229.62 - - [22/Feb/2025:13:41:42 +0100] "GET /ticket2/opencms/system/modules/com.gridnine.opencms.ticketbrokerage.site/resources/pics/bank_5_visa_mastercard.png HTTP/1.1" 200 8196
45.33.229.62 - - [22/Feb/2025:13:41:42 +0100] "GET /ticket2/opencms/system/modules/com.gridnine.opencms.ticketbrokerage.site/resources/css/images/ui-bg_flat_75_ffffff_40x100.png HTTP/1.1" 404 -
40.77.167.54 - - [22/Feb/2025:13:41:43 +0100] "GET /ticket2/opencms/en/buy?page=1&edid=ECB2E95C-C285-416F-0D71-4CEEF81AD0D2 HTTP/1.1" 200 106841
217.182.134.134 - - [22/Feb/2025:13:41:45 +0100] "GET /ticket2/opencms/fi/login/?edid=17229D35-3D33-BA4B-D9CE-ADD5520AE6FB HTTP/1.1" 200 91791
54.36.149.62 - - [22/Feb/2025:13:41:45 +0100] "GET /ticket2/opencms/ro/buy?page=1&edid=2623FB3F-281B-22C8-3425-BF900A46AC08 HTTP/1.1" 200 108801
217.182.134.134 - - [22/Feb/2025:13:41:49 +0100] "GET /ticket2/opencms/fi/login/?edid=17644B1D-96B7-5921-016D-CFFC93315595 HTTP/1.1" 200 91833
47.128.50.47 - - [22/Feb/2025:13:41:50 +0100] "GET /ticket2/opencms/lv/buy?page=1&edid=0F9D6B87-FBA2-98F6-6A11-CBBA4D2A86C1 HTTP/1.1" 200 112422
45.33.229.62 - - [22/Feb/2025:13:41:50 +0100] "GET /ticket2/opencms/it/search.html?searchQuery=&submit= HTTP/1.1" 200 97083
45.33.229.62 - - [22/Feb/2025:13:41:50 +0100] "GET /ticket2/opencms/system/modules/com.gridnine.opencms.ticketbrokerage.site/resources/css/calendar.css HTTP/1.1" 200 6871
45.33.229.62 - - [22/Feb/2025:13:41:50 +0100] "GET /ticket2/opencms/system/modules/com.gridnine.opencms.ticketbrokerage.site/resources/css/ticketbrokerage.css HTTP/1.1" 200 39339
45.33.229.62 - - [22/Feb/2025:13:41:51 +0100] "GET /ticket2/opencms/system/modules/com.gridnine.opencms.ticketbrokerage.site/resources/js/functions.js HTTP/1.1" 200 1583
45.33.229.62 - - [22/Feb/2025:13:41:51 +0100] "GET /ticket2/opencms/system/modules/com.gridnine.opencms.ticketbrokerage.site/resources/css/standard.css HTTP/1.1" 200 73904
45.33.229.62 - - [22/Feb/2025:13:41:51 +0100] "GET /ticket2/opencms/system/modules/com.gridnine.opencms.ticketbrokerage.site/resources/js/calendar.js HTTP/1.1" 200 49229
45.33.229.62 - - [22/Feb/2025:13:41:51 +0100] "GET /ticket2/opencms/system/modules/com.gridnine.opencms.ticketbrokerage.site/resources/js/calendar-setup.js HTTP/1.1" 200 4923
45.33.229.62 - - [22/Feb/2025:13:41:51 +0100] "GET /ticket2/opencms/system/modules/com.gridnine.opencms.ticketbrokerage.site/resources/js/standard.js HTTP/1.1" 200 3983
45.33.229.62 - - [22/Feb/2025:13:41:51 +0100] "GET /ticket2/opencms/system/modules/com.gridnine.opencms.ticketbrokerage.site/resources/js/calendar-en.js HTTP/1.1" 200 3338
54.36.149.64 - - [22/Feb/2025:13:41:51 +0100] "GET /ticket2/opencms/es/deporte/entradas-futbol/english-championship/coventry/ HTTP/1.1" 200 102921
47.128.50.47 - - [22/Feb/2025:13:41:51 +0100] "GET /ticket2/opencms/system/modules/com.gridnine.opencms.ticketbrokerage.site/resources/pics/0.gif HTTP/1.1" 200 43
