202.8.40.22 - - [22/Feb/2025:13:43:51 +0100] "GET /ticket2/opencms/system/modules/com.gridnine.opencms.ticketbrokerage.site/resources/css/standard.css HTTP/1.1" 200 73904
202.8.40.22 - - [22/Feb/2025:13:43:51 +0100] "GET /ticket2/opencms/system/modules/com.gridnine.opencms.ticketbrokerage.site/resources/css/jquery.fancybox.css HTTP/1.1" 200 4939
202.8.40.22 - - [22/Feb/2025:13:43:51 +0100] "GET /ticket2/opencms/system/modules/com.gridnine.opencms.ticketbrokerage.site/resources/js/jquery/jquery.js HTTP/1.1" 200 93868
202.8.40.22 - - [22/Feb/2025:13:43:51 +0100] "GET /ticket2/opencms/system/modules/com.gridnine.opencms.ticketbrokerage.site/resources/js/jquery/jquery-ui.js HTTP/1.1" 200 228088
202.8.40.22 - - [22/Feb/2025:13:43:51 +0100] "GET /ticket2/opencms/system/modules/com.gridnine.opencms.ticketbrokerage.site/resources/js/functions.js HTTP/1.1" 200 1583
202.8.40.22 - - [22/Feb/2025:13:43:51 +0100] "GET /ticket2/opencms/system/modules/com.gridnine.opencms.ticketbrokerage.site/resources/js/calendar.js HTTP/1.1" 200 49229
202.8.40.22 - - [22/Feb/2025:13:43:51 +0100] "GET /ticket2/opencms/system/modules/com.gridnine.opencms.ticketbrokerage.site/resources/js/calendar-en.js HTTP/1.1" 200 3338
202.8.40.22 - - [22/Feb/2025:13:43:51 +0100] "GET /ticket2/opencms/system/modules/com.gridnine.opencms.ticketbrokerage.site/resources/js/calendar-setup.js HTTP/1.1" 200 4923
202.8.40.22 - - [22/Feb/2025:13:43:51 +0100] "GET /ticket2/opencms/system/modules/com.gridnine.opencms.ticketbrokerage.site/resources/js/jquery.fancybox.pack.js HTTP/1.1" 200 23187
202.8.40.22 - - [22/Feb/2025:13:43:51 +0100] "GET /ticket2/opencms/system/modules/com.gridnine.opencms.ticketbrokerage.site/resources/js/stickyfill.min.js HTTP/1.1" 200 5672
202.8.40.22 - - [22/Feb/2025:13:43:51 +0100] "GET /ticket2/opencms/system/modules/com.gridnine.opencms.ticketbrokerage.site/resources/js/standard.js HTTP/1.1" 200 3983
202.8.40.22 - - [22/Feb/2025:13:43:52 +0100] "GET /ticket2/opencms/system/modules/com.gridnine.opencms.ticketbrokerage.site/resources/js/jquery.placeholder.min.js HTTP/1.1" 200 1737
202.8.40.22 - - [22/Feb/2025:13:43:52 +0100] "GET /ticket2/opencms/system/modules/com.gridnine.opencms.ticketbrokerage.site/resources/js/common-ajax.js HTTP/1.1" 200 20175
217.182.134.134 - - [22/Feb/2025:13:43:52 +0100] "GET /ticket2/opencms/fi/login/?edid=F2FA4242-01BE-3FE2-3A47-7E833A37D435 HTTP/1.1" 200 91818
195.191.219.133 - - [22/Feb/2025:13:43:52 +0100] "GET /ticket2/opencms/en/login/?edid=3ECD7837-CD00-1104-1AEE-ABC5F576F0F5 HTTP/1.1" 200 90069
54.36.148.61 - - [22/Feb/2025:13:43:55 +0100] "GET /ticket2/opencms/sq/buy?page=1&edid=E66C4511-572E-0FE6-424C-55176043377C HTTP/1.1" 200 109004
217.182.134.134 - - [22/Feb/2025:13:43:56 +0100] "GET /ticket2/opencms/fi/login/?edid=F792B886-2B69-5D52-AB72-C7E6F56AAE44 HTTP/1.1" 200 91853
195.191.219.133 - - [22/Feb/2025:13:43:57 +0100] "GET /ticket2/opencms/en/login/?edid=3F350DAF-2EE3-F290-0651-F5B5EADEB5AA HTTP/1.1" 200 90097
217.182.134.134 - - [22/Feb/2025:13:43:59 +0100] "GET /ticket2/opencms/fi/login/?edid=F8B18577-657B-06AA-B5AB-A0043E2A4297 HTTP/1.1" 200 91883
195.191.219.133 - - [22/Feb/2025:13:44:00 +0100] "GET /ticket2/opencms/en/login/?edid=3F995240-E187-D611-BDFC-C8A7A31B7E7D HTTP/1.1" 200 90054
54.36.148.134 - - [22/Feb/2025:13:44:01 +0100] "GET /ticket2/opencms/sk/magazine/article?title=arsenal-a-tottenham-sa-delia-v-epickom-zapase-4-4-dna-29-oktobra-2008 HTTP/1.1" 200 96225
114.119.157.43 - - [22/Feb/2025:13:44:01 +0100] "GET /ticket2/opencms/en/sell/?edid=631B7B95-4A80-92E3-56CC-8C92B2697E4D HTTP/1.1" 302 -
217.182.134.134 - - [22/Feb/2025:13:44:02 +0100] "GET /ticket2/opencms/fi/login/?edid=FA7BEBD1-40FA-A67F-C01F-8C5B55A43C92 HTTP/1.1" 200 91871
85.208.96.209 - - [22/Feb/2025:13:44:03 +0100] "GET /ticket2/opencms/cs/magazine/article?title=erling-braut-haaland HTTP/1.1" 200 93832
47.128.18.148 - - [22/Feb/2025:13:44:03 +0100] "GET /ticket2/opencms/lv/magazine/article?title=rubens-amorims-kluva-par-jauno-manchester-united-treneri HTTP/1.1" 200 93640
185.191.171.16 - - [22/Feb/2025:13:44:04 +0100] "GET /ticket2/opencms/fi/urheilu/jalkapallo/eredivisie/ HTTP/1.1" 200 88995
195.191.219.133 - - [22/Feb/2025:13:44:04 +0100] "GET /ticket2/opencms/en/login/?edid=401CD235-D1EE-5A91-A749-CF58F670CF2A HTTP/1.1" 200 89994
217.182.134.134 - - [22/Feb/2025:13:44:06 +0100] "GET /ticket2/opencms/fi/login/?edid=FD59DED4-6E14-E085-382D-C3619CCA9FA8 HTTP/1.1" 200 91751
114.119.157.43 - - [22/Feb/2025:13:44:06 +0100] "GET /ticket2/opencms/en/login/?url=/en/sell/ HTTP/1.1" 200 90053
217.182.134.134 - - [22/Feb/2025:13:44:07 +0100] "GET /ticket2/opencms/fi/sell/?edid=294968E7-670E-500D-EF6F-F776CC397F5A HTTP/1.1" 302 -
195.191.219.133 - - [22/Feb/2025:13:44:08 +0100] "GET /ticket2/opencms/en/login/?edid=41682324-2884-59AB-73B8-5538E56921F7 HTTP/1.1" 200 90092
217.182.134.134 - - [22/Feb/2025:13:44:11 +0100] "GET /ticket2/opencms/fi/login/?edid=294968E7-670E-500D-EF6F-F776CC397F5A HTTP/1.1" 200 91885
54.36.148.207 - - [22/Feb/2025:13:44:11 +0100] "GET /ticket2/opencms/pl/buy?page=1&edid=E1CACBEB-5FB5-F359-D95F-1110648BB53A HTTP/1.1" 200 112286
217.182.134.134 - - [22/Feb/2025:13:44:13 +0100] "GET /ticket2/opencms/fi/sell/?edid=2A51ECF8-5DB5-F349-CC30-BF574AC78AE1 HTTP/1.1" 302 -
195.191.219.133 - - [22/Feb/2025:13:44:13 +0100] "GET /ticket2/opencms/en/login/?edid=4310A6B3-6F5F-B489-DE7B-50B50ED9DC25 HTTP/1.1" 200 90221
135.237.131.211 - - [22/Feb/2025:13:44:13 +0100] "GET /ticket2/opencms/sv/tickets/liverpool/ HTTP/1.1" 200 92284
54.36.148.219 - - [22/Feb/2025:13:44:15 +0100] "GET /ticket2/opencms/bs/buy?page=1&edid=ED6B033E-FAAE-D3A6-3006-A43EA8437C62 HTTP/1.1" 200 116290
66.249.76.160 - - [22/Feb/2025:13:44:16 +0100] "GET /ticket2/opencms/et/buy/?page=1&edid=B459D4AC-6CA8-D8BF-73CF-7E8267472403 HTTP/1.1" 200 112201
217.182.134.134 - - [22/Feb/2025:13:44:16 +0100] "GET /ticket2/opencms/fi/login/?edid=2A51ECF8-5DB5-F349-CC30-BF574AC78AE1 HTTP/1.1" 200 91804
195.191.219.133 - - [22/Feb/2025:13:44:16 +0100] "GET /ticket2/opencms/en/login/?edid=43CAADFC-85F2-5F5B-8378-F7B47DE76F22 HTTP/1.1" 200 90202
217.182.134.134 - - [22/Feb/2025:13:44:19 +0100] "GET /ticket2/opencms/fi/sell/?edid=7DA6AFD0-1F4E-627C-789E-E465BB16D2D7 HTTP/1.1" 302 -
54.36.148.214 - - [22/Feb/2025:13:44:19 +0100] "GET /ticket2/opencms/no/sport/fotballsbilletter/la_liga/real_madrid/ HTTP/1.1" 200 92682
196.251.91.13 - - [22/Feb/2025:13:44:20 +0100] "CONNECT 45.61.137.126:7227 HTTP/1.1" 400 -
114.119.154.13 - - [22/Feb/2025:13:44:20 +0100] "GET /ticket2/opencms/en/venue/?countryid=C8ABE51D-DDC3-D19F-A0F7-AA8797A5EB51 HTTP/1.1" 200 114772
85.208.96.194 - - [22/Feb/2025:13:44:20 +0100] "GET /ticket2/opencms/robots.txt HTTP/1.1" 200 773
195.191.219.133 - - [22/Feb/2025:13:44:21 +0100] "GET /ticket2/opencms/en/login/?edid=44A82959-48D0-D2FD-0423-8C63442609AF HTTP/1.1" 200 90196
202.8.43.199 - - [22/Feb/2025:13:44:21 +0100] "GET /ticket2/opencms/system/modules/com.gridnine.opencms.ticketbrokerage.site/resources/css/ticketbrokerage.css HTTP/1.1" 200 39339
202.8.43.199 - - [22/Feb/2025:13:44:21 +0100] "GET /ticket2/opencms/system/modules/com.gridnine.opencms.ticketbrokerage.site/resources/css/calendar.css HTTP/1.1" 200 6871
202.8.43.199 - - [22/Feb/2025:13:44:21 +0100] "GET /ticket2/opencms/system/modules/com.gridnine.opencms.ticketbrokerage.site/resources/css/jquery-ui.css HTTP/1.1" 200 33221
202.8.43.199 - - [22/Feb/2025:13:44:21 +0100] "GET /ticket2/opencms/system/modules/com.gridnine.opencms.ticketbrokerage.site/resources/css/standard.css HTTP/1.1" 200 73904
202.8.43.199 - - [22/Feb/2025:13:44:21 +0100] "GET /ticket2/opencms/system/modules/com.gridnine.opencms.ticketbrokerage.site/resources/js/stickyfill.min.js HTTP/1.1" 200 5672
202.8.43.199 - - [22/Feb/2025:13:44:21 +0100] "GET /ticket2/opencms/system/modules/com.gridnine.opencms.ticketbrokerage.site/resources/css/jquery.fancybox.css HTTP/1.1" 200 4939
202.8.43.199 - - [22/Feb/2025:13:44:21 +0100] "GET /ticket2/opencms/system/modules/com.gridnine.opencms.ticketbrokerage.site/resources/js/jquery/jquery.js HTTP/1.1" 200 93868
202.8.43.199 - - [22/Feb/2025:13:44:21 +0100] "GET /ticket2/opencms/system/modules/com.gridnine.opencms.ticketbrokerage.site/resources/js/jquery/jquery-ui.js HTTP/1.1" 200 228088
202.8.43.199 - - [22/Feb/2025:13:44:21 +0100] "GET /ticket2/opencms/system/modules/com.gridnine.opencms.ticketbrokerage.site/resources/js/functions.js HTTP/1.1" 200 1583
202.8.43.199 - - [22/Feb/2025:13:44:21 +0100] "GET /ticket2/opencms/system/modules/com.gridnine.opencms.ticketbrokerage.site/resources/js/calendar.js HTTP/1.1" 200 49229
202.8.43.199 - - [22/Feb/2025:13:44:21 +0100] "GET /ticket2/opencms/system/modules/com.gridnine.opencms.ticketbrokerage.site/resources/js/calendar-en.js HTTP/1.1" 200 3338
202.8.43.199 - - [22/Feb/2025:13:44:21 +0100] "GET /ticket2/opencms/system/modules/com.gridnine.opencms.ticketbrokerage.site/resources/js/calendar-setup.js HTTP/1.1" 200 4923
202.8.43.199 - - [22/Feb/2025:13:44:21 +0100] "GET /ticket2/opencms/system/modules/com.gridnine.opencms.ticketbrokerage.site/resources/js/jquery.fancybox.pack.js HTTP/1.1" 200 23187
202.8.43.199 - - [22/Feb/2025:13:44:21 +0100] "GET /ticket2/opencms/system/modules/com.gridnine.opencms.ticketbrokerage.site/resources/js/standard.js HTTP/1.1" 200 3983
202.8.43.199 - - [22/Feb/2025:13:44:21 +0100] "GET /ticket2/opencms/system/modules/com.gridnine.opencms.ticketbrokerage.site/resources/js/jquery.placeholder.min.js HTTP/1.1" 200 1737
202.8.43.199 - - [22/Feb/2025:13:44:21 +0100] "GET /ticket2/opencms/system/modules/com.gridnine.opencms.ticketbrokerage.site/resources/js/common-ajax.js HTTP/1.1" 200 20175
85.208.96.204 - - [22/Feb/2025:13:44:22 +0100] "GET /ticket2/opencms/sv/sport/fotbollsbiljetter/serie_a/atalanta/ HTTP/1.1" 200 98067
54.36.149.75 - - [22/Feb/2025:13:44:23 +0100] "GET /ticket2/opencms/sq/buy?page=1&edid=C8C69015-BCBB-8460-663E-8B2E58614425 HTTP/1.1" 200 112067
217.182.134.134 - - [22/Feb/2025:13:44:23 +0100] "GET /ticket2/opencms/fi/login/?edid=7DA6AFD0-1F4E-627C-789E-E465BB16D2D7 HTTP/1.1" 200 91789
185.191.171.11 - - [22/Feb/2025:13:44:24 +0100] "GET /ticket2/opencms/az/magazine/article?title=liverpool-fc-haqqinda HTTP/1.1" 200 96395
195.191.219.133 - - [22/Feb/2025:13:44:25 +0100] "GET /ticket2/opencms/en/login/?edid=45DFD1AC-671A-B64A-512E-A848A857E213 HTTP/1.1" 200 90039
217.182.134.134 - - [22/Feb/2025:13:44:26 +0100] "GET /ticket2/opencms/fi/sell/?edid=90D99CFD-1C4D-3E3E-708D-4C9851B5EDBE HTTP/1.1" 302 -
195.191.219.133 - - [22/Feb/2025:13:44:29 +0100] "GET /ticket2/opencms/en/login/?edid=49FEC43E-3E83-185B-C185-BAAB3CE353B1 HTTP/1.1" 200 90068
114.119.151.93 - - [22/Feb/2025:13:44:30 +0100] "GET /ticket2/opencms/lv/buy?page=1&edid=2197E523-8740-2A01-BD5D-12E3C3F2DBFE HTTP/1.1" 200 111929
217.182.134.134 - - [22/Feb/2025:13:44:30 +0100] "GET /ticket2/opencms/fi/login/?edid=90D99CFD-1C4D-3E3E-708D-4C9851B5EDBE HTTP/1.1" 200 91722
54.36.148.250 - - [22/Feb/2025:13:44:30 +0100] "GET /ticket2/opencms/mt/buy?page=1&edid=00111C9B-5E02-77E7-9B39-8EFC1235AF29 HTTP/1.1" 200 118333
85.208.96.204 - - [22/Feb/2025:13:44:31 +0100] "GET /ticket2/opencms/ka/about/press HTTP/1.1" 200 91191
190.92.201.197 - - [22/Feb/2025:13:44:32 +0100] "GET /ticket2/opencms/sq/buy/?page=1&edid=A50C9DBA-FE79-ABA2-A67C-ED9083C7A802 HTTP/1.1" 200 90731
195.191.219.133 - - [22/Feb/2025:13:44:33 +0100] "GET /ticket2/opencms/en/login/?edid=4A66E0EE-4010-51F0-E633-A52519A11CEB HTTP/1.1" 200 90140
217.182.134.134 - - [22/Feb/2025:13:44:33 +0100] "GET /ticket2/opencms/no/buy/?page=1&edid=B855F550-9DEC-7B03-FDEF-C6C504BB20AE&sortorder=asc&column=section HTTP/1.1" 200 111482
54.36.149.97 - - [22/Feb/2025:13:44:35 +0100] "GET /ticket2/opencms/mt/magazine/article?title=dwar-arsenal-fc HTTP/1.1" 200 93735
195.191.219.133 - - [22/Feb/2025:13:44:36 +0100] "GET /ticket2/opencms/en/login/?edid=4A71CE9B-9435-0FA8-F5FD-C54FD4252A45 HTTP/1.1" 200 90152
217.182.134.134 - - [22/Feb/2025:13:44:37 +0100] "GET /ticket2/opencms/no/buy/?page=1&edid=B992B9FA-629C-418A-BD19-DE1C862ADA73&sortorder=asc&column=section HTTP/1.1" 200 112683
195.191.219.133 - - [22/Feb/2025:13:44:40 +0100] "GET /ticket2/opencms/en/login/?edid=4AC95674-006C-9688-CED2-9C633AFAA259 HTTP/1.1" 200 90030
217.182.134.134 - - [22/Feb/2025:13:44:40 +0100] "GET /ticket2/opencms/no/buy/?page=1&edid=B9946441-032E-E799-8C89-10C00CCD6DE9&sortorder=asc&column=price HTTP/1.1" 200 110967
54.36.148.2 - - [22/Feb/2025:13:44:42 +0100] "GET /ticket2/opencms/mo/buy?page=1&edid=ED6B033E-FAAE-D3A6-3006-A43EA8437C62 HTTP/1.1" 200 116617
216.244.66.238 - - [22/Feb/2025:13:44:43 +0100] "GET /ticket2/opencms/bs/buy?page=1&edid=B9856EBE-C08F-015A-E41C-F8DEF87D6643 HTTP/1.1" 200 111301
217.182.134.134 - - [22/Feb/2025:13:44:44 +0100] "GET /ticket2/opencms/no/buy/?page=1&edid=B9946441-032E-E799-8C89-10C00CCD6DE9&sortorder=asc&column=row HTTP/1.1" 200 110970
195.191.219.133 - - [22/Feb/2025:13:44:45 +0100] "GET /ticket2/opencms/en/login/?edid=4D13FF07-47B6-6A86-6D19-5D5BF5186CF6 HTTP/1.1" 200 90135
54.36.148.162 - - [22/Feb/2025:13:44:47 +0100] "GET /ticket2/opencms/bs/buy?page=1&edid=3396D07B-AC6D-141E-71F3-9DE65C0FEDF0 HTTP/1.1" 200 114874
217.182.134.134 - - [22/Feb/2025:13:44:47 +0100] "GET /ticket2/opencms/no/buy/?page=1&edid=B9946441-032E-E799-8C89-10C00CCD6DE9&sortorder=asc&column=section HTTP/1.1" 200 111031
202.8.40.154 - - [22/Feb/2025:13:44:48 +0100] "GET /ticket2/opencms/system/modules/com.gridnine.opencms.ticketbrokerage.site/resources/css/jquery.fancybox.css HTTP/1.1" 200 4939
202.8.40.154 - - [22/Feb/2025:13:44:48 +0100] "GET /ticket2/opencms/system/modules/com.gridnine.opencms.ticketbrokerage.site/resources/css/ticketbrokerage.css HTTP/1.1" 200 39339
202.8.40.154 - - [22/Feb/2025:13:44:48 +0100] "GET /ticket2/opencms/system/modules/com.gridnine.opencms.ticketbrokerage.site/resources/css/jquery-ui.css HTTP/1.1" 200 33221
202.8.40.154 - - [22/Feb/2025:13:44:48 +0100] "GET /ticket2/opencms/system/modules/com.gridnine.opencms.ticketbrokerage.site/resources/css/standard.css HTTP/1.1" 200 73904
202.8.40.154 - - [22/Feb/2025:13:44:48 +0100] "GET /ticket2/opencms/system/modules/com.gridnine.opencms.ticketbrokerage.site/resources/css/calendar.css HTTP/1.1" 200 6871
202.8.40.154 - - [22/Feb/2025:13:44:48 +0100] "GET /ticket2/opencms/system/modules/com.gridnine.opencms.ticketbrokerage.site/resources/js/jquery/jquery.js HTTP/1.1" 200 93868
202.8.40.154 - - [22/Feb/2025:13:44:48 +0100] "GET /ticket2/opencms/system/modules/com.gridnine.opencms.ticketbrokerage.site/resources/js/functions.js HTTP/1.1" 200 1583
202.8.40.154 - - [22/Feb/2025:13:44:48 +0100] "GET /ticket2/opencms/system/modules/com.gridnine.opencms.ticketbrokerage.site/resources/js/jquery/jquery-ui.js HTTP/1.1" 200 228088
202.8.40.154 - - [22/Feb/2025:13:44:48 +0100] "GET /ticket2/opencms/system/modules/com.gridnine.opencms.ticketbrokerage.site/resources/js/calendar.js HTTP/1.1" 200 49229
202.8.40.154 - - [22/Feb/2025:13:44:48 +0100] "GET /ticket2/opencms/system/modules/com.gridnine.opencms.ticketbrokerage.site/resources/js/calendar-setup.js HTTP/1.1" 200 4923
202.8.40.154 - - [22/Feb/2025:13:44:48 +0100] "GET /ticket2/opencms/system/modules/com.gridnine.opencms.ticketbrokerage.site/resources/js/calendar-en.js HTTP/1.1" 200 3338
202.8.40.154 - - [22/Feb/2025:13:44:48 +0100] "GET /ticket2/opencms/system/modules/com.gridnine.opencms.ticketbrokerage.site/resources/js/jquery.fancybox.pack.js HTTP/1.1" 200 23187
202.8.40.154 - - [22/Feb/2025:13:44:48 +0100] "GET /ticket2/opencms/system/modules/com.gridnine.opencms.ticketbrokerage.site/resources/js/standard.js HTTP/1.1" 200 3983
202.8.40.154 - - [22/Feb/2025:13:44:48 +0100] "GET /ticket2/opencms/system/modules/com.gridnine.opencms.ticketbrokerage.site/resources/js/stickyfill.min.js HTTP/1.1" 200 5672
202.8.40.154 - - [22/Feb/2025:13:44:48 +0100] "GET /ticket2/opencms/system/modules/com.gridnine.opencms.ticketbrokerage.site/resources/js/jquery.placeholder.min.js HTTP/1.1" 200 1737
202.8.40.154 - - [22/Feb/2025:13:44:48 +0100] "GET /ticket2/opencms/system/modules/com.gridnine.opencms.ticketbrokerage.site/resources/js/common-ajax.js HTTP/1.1" 200 20175
202.8.40.154 - - [22/Feb/2025:13:44:49 +0100] "GET /ticket2/opencms/bs/ask-form.html HTTP/1.1" 200 3156
195.191.219.133 - - [22/Feb/2025:13:44:49 +0100] "GET /ticket2/opencms/en/login/?edid=4D379F8B-AE2A-EBF4-6C2E-EB40FFD2EAEF HTTP/1.1" 200 90090
202.8.40.154 - - [22/Feb/2025:13:44:49 +0100] "GET /ticket2/opencms/system/modules/com.gridnine.opencms.ticketbrokerage.site/resources/css/ticketbrokerage.css HTTP/1.1" 200 39339
52.167.144.238 - - [22/Feb/2025:13:44:50 +0100] "GET /ticket2/opencms/be/buy/?page=1&edid=28C6B63C-B045-3C9E-7B07-68433D8A39F4 HTTP/1.1" 200 115019
217.182.134.134 - - [22/Feb/2025:13:44:51 +0100] "GET /ticket2/opencms/no/buy/?page=1&edid=B9946441-032E-E799-8C89-10C00CCD6DE9&sortorder=desc&column=price HTTP/1.1" 200 110986
85.208.96.205 - - [22/Feb/2025:13:44:51 +0100] "GET /ticket2/opencms/uk/sport/kvytky-na-futbol/premier-league/fulham/ HTTP/1.1" 200 100778
195.191.219.133 - - [22/Feb/2025:13:44:53 +0100] "GET /ticket2/opencms/en/login/?edid=4DAA35EF-C139-DEFB-5916-EBE779C23EE3 HTTP/1.1" 200 90159
54.36.149.75 - - [22/Feb/2025:13:44:54 +0100] "GET /ticket2/opencms/tr/buy?page=1&edid=62132CB0-BE29-78AA-38D9-C99EEE6C98B0 HTTP/1.1" 200 112130
217.182.134.134 - - [22/Feb/2025:13:44:54 +0100] "GET /ticket2/opencms/no/buy/?page=1&edid=B9946441-032E-E799-8C89-10C00CCD6DE9&sortorder=desc&column=row HTTP/1.1" 200 110874
216.244.66.238 - - [22/Feb/2025:13:44:55 +0100] "GET /ticket2/opencms/en/buy/?page=1&edid=6A920F16-DD42-2262-3AA2-B83D5743F13A HTTP/1.1" 200 138164
195.191.219.133 - - [22/Feb/2025:13:44:56 +0100] "GET /ticket2/opencms/en/login/?edid=4DE20CB8-49F6-1F74-2C25-1B892C8B14EB HTTP/1.1" 200 90061
217.182.134.134 - - [22/Feb/2025:13:44:58 +0100] "GET /ticket2/opencms/no/buy/?page=1&edid=B9946441-032E-E799-8C89-10C00CCD6DE9&sortorder=desc&column=section HTTP/1.1" 200 111030
54.36.148.192 - - [22/Feb/2025:13:44:59 +0100] "GET /ticket2/opencms/sq/buy?page=1&edid=3396D07B-AC6D-141E-71F3-9DE65C0FEDF0 HTTP/1.1" 200 115423
195.191.219.133 - - [22/Feb/2025:13:45:00 +0100] "GET /ticket2/opencms/en/login/?edid=4E0B40A9-96EC-BAEA-C023-7B7CC2BA4920 HTTP/1.1" 200 90119
202.8.41.126 - - [22/Feb/2025:13:45:00 +0100] "GET /ticket2/opencms/system/modules/com.gridnine.opencms.ticketbrokerage.site/resources/css/calendar.css HTTP/1.1" 200 6871
202.8.41.126 - - [22/Feb/2025:13:45:00 +0100] "GET /ticket2/opencms/system/modules/com.gridnine.opencms.ticketbrokerage.site/resources/css/jquery-ui.css HTTP/1.1" 200 33221
202.8.41.126 - - [22/Feb/2025:13:45:00 +0100] "GET /ticket2/opencms/system/modules/com.gridnine.opencms.ticketbrokerage.site/resources/css/standard.css HTTP/1.1" 200 73904
202.8.41.126 - - [22/Feb/2025:13:45:00 +0100] "GET /ticket2/opencms/system/modules/com.gridnine.opencms.ticketbrokerage.site/resources/css/jquery.fancybox.css HTTP/1.1" 200 4939
202.8.41.126 - - [22/Feb/2025:13:45:00 +0100] "GET /ticket2/opencms/system/modules/com.gridnine.opencms.ticketbrokerage.site/resources/js/jquery/jquery.js HTTP/1.1" 200 93868
202.8.41.126 - - [22/Feb/2025:13:45:00 +0100] "GET /ticket2/opencms/system/modules/com.gridnine.opencms.ticketbrokerage.site/resources/css/ticketbrokerage.css HTTP/1.1" 200 39339
202.8.41.126 - - [22/Feb/2025:13:45:00 +0100] "GET /ticket2/opencms/system/modules/com.gridnine.opencms.ticketbrokerage.site/resources/js/jquery/jquery-ui.js HTTP/1.1" 200 228088
202.8.41.126 - - [22/Feb/2025:13:45:00 +0100] "GET /ticket2/opencms/system/modules/com.gridnine.opencms.ticketbrokerage.site/resources/js/functions.js HTTP/1.1" 200 1583
202.8.41.126 - - [22/Feb/2025:13:45:00 +0100] "GET /ticket2/opencms/system/modules/com.gridnine.opencms.ticketbrokerage.site/resources/js/calendar.js HTTP/1.1" 200 49229
202.8.41.126 - - [22/Feb/2025:13:45:00 +0100] "GET /ticket2/opencms/system/modules/com.gridnine.opencms.ticketbrokerage.site/resources/js/calendar-en.js HTTP/1.1" 200 3338
202.8.41.126 - - [22/Feb/2025:13:45:00 +0100] "GET /ticket2/opencms/system/modules/com.gridnine.opencms.ticketbrokerage.site/resources/js/calendar-setup.js HTTP/1.1" 200 4923
202.8.41.126 - - [22/Feb/2025:13:45:00 +0100] "GET /ticket2/opencms/system/modules/com.gridnine.opencms.ticketbrokerage.site/resources/js/jquery.fancybox.pack.js HTTP/1.1" 200 23187
202.8.41.126 - - [22/Feb/2025:13:45:00 +0100] "GET /ticket2/opencms/system/modules/com.gridnine.opencms.ticketbrokerage.site/resources/js/stickyfill.min.js HTTP/1.1" 200 5672
202.8.41.126 - - [22/Feb/2025:13:45:00 +0100] "GET /ticket2/opencms/system/modules/com.gridnine.opencms.ticketbrokerage.site/resources/js/standard.js HTTP/1.1" 200 3983
202.8.41.126 - - [22/Feb/2025:13:45:00 +0100] "GET /ticket2/opencms/system/modules/com.gridnine.opencms.ticketbrokerage.site/resources/js/jquery.placeholder.min.js HTTP/1.1" 200 1737
202.8.41.126 - - [22/Feb/2025:13:45:01 +0100] "GET /ticket2/opencms/system/modules/com.gridnine.opencms.ticketbrokerage.site/resources/js/common-ajax.js HTTP/1.1" 200 20175
202.8.41.126 - - [22/Feb/2025:13:45:01 +0100] "GET /ticket2/opencms/sq/ask-form.html HTTP/1.1" 200 3156
202.8.41.126 - - [22/Feb/2025:13:45:01 +0100] "GET /ticket2/opencms/system/modules/com.gridnine.opencms.ticketbrokerage.site/resources/css/ticketbrokerage.css HTTP/1.1" 200 39339
85.208.96.207 - - [22/Feb/2025:13:45:01 +0100] "GET /ticket2/opencms/uk/magazine/article?title=chelsea-proti-tottengem-2-0 HTTP/1.1" 200 94360
217.182.134.134 - - [22/Feb/2025:13:45:01 +0100] "GET /ticket2/opencms/no/buy/?page=1&edid=BAF33BAB-F3FE-A596-F7A7-D750C5098FEC&sortorder=asc&column=price HTTP/1.1" 200 112773
114.119.148.14 - - [22/Feb/2025:13:45:03 +0100] "GET /ticket2/opencms/es/buy/?page=1&edid=DC067A0C-CE36-3D9C-899A-867F582FFC90 HTTP/1.1" 200 134138
54.36.148.236 - - [22/Feb/2025:13:45:03 +0100] "GET /ticket2/opencms/fr/magazine/article?title=please-provide-the-text-you-need-translated-to-french HTTP/1.1" 200 93745
66.249.76.193 - - [22/Feb/2025:13:45:04 +0100] "GET /ticket2/opencms/en/magazine/article?title=a-season-reflection-of-manchester-united-202324 HTTP/1.1" 200 91872
195.191.219.133 - - [22/Feb/2025:13:45:04 +0100] "GET /ticket2/opencms/en/login/?edid=4E106B5B-D146-527B-52D2-7FE76AA90207 HTTP/1.1" 200 90129
66.249.66.68 - - [22/Feb/2025:13:45:05 +0100] "GET /ticket2/opencms/bs/buy/?page=1&edid=2000B814-5798-93BD-839A-CF4F349DB54F&hlv=66d04b09-dedc-4f5c-89b6-06fd0a01000f HTTP/1.1" 200 112991
217.182.134.134 - - [22/Feb/2025:13:45:05 +0100] "GET /ticket2/opencms/no/buy/?page=1&edid=BAF33BAB-F3FE-A596-F7A7-D750C5098FEC&sortorder=asc&column=row HTTP/1.1" 200 112715
66.249.76.193 - - [22/Feb/2025:13:45:05 +0100] "GET /ticket2/opencms/it/magazine/article?title=che-cose-il-calcio HTTP/1.1" 200 95109
195.191.219.133 - - [22/Feb/2025:13:45:08 +0100] "GET /ticket2/opencms/en/login/?edid=4E82E685-2EBA-34D9-4335-D8747BAD4BE7 HTTP/1.1" 200 90126
217.182.134.134 - - [22/Feb/2025:13:45:08 +0100] "GET /ticket2/opencms/no/buy/?page=1&edid=BAF33BAB-F3FE-A596-F7A7-D750C5098FEC&sortorder=asc&column=section HTTP/1.1" 200 112809
77.16.47.69 - - [22/Feb/2025:13:45:09 +0100] "GET /ticket2/opencms/no/sport/fotballsbilletter/premier_league/chelsea/?gad_source=1&gclid=CjwKCAiAiOa9BhBqEiwABCdG86BWg1VcFu0bCWze_5aVkVCThyV_O6Qq2-ZVNh5J_kr8mp_UoW4wSxoCKmsQAvD_BwE HTTP/1.1" 200 99828
77.16.47.69 - - [22/Feb/2025:13:45:09 +0100] "GET /ticket2/opencms/system/modules/com.gridnine.opencms.ticketbrokerage.site/resources/css/ticketbrokerage.css HTTP/1.1" 200 39339
77.16.47.69 - - [22/Feb/2025:13:45:09 +0100] "GET /ticket2/opencms/system/modules/com.gridnine.opencms.ticketbrokerage.site/resources/css/calendar.css HTTP/1.1" 200 6871
77.16.47.69 - - [22/Feb/2025:13:45:09 +0100] "GET /ticket2/opencms/system/modules/com.gridnine.opencms.ticketbrokerage.site/resources/css/jquery-ui.css HTTP/1.1" 200 33221
77.16.47.69 - - [22/Feb/2025:13:45:09 +0100] "GET /ticket2/opencms/system/modules/com.gridnine.opencms.ticketbrokerage.site/resources/js/jquery/jquery.js HTTP/1.1" 200 93868
77.16.47.69 - - [22/Feb/2025:13:45:09 +0100] "GET /ticket2/opencms/system/modules/com.gridnine.opencms.ticketbrokerage.site/resources/css/standard.css HTTP/1.1" 200 73904
77.16.47.69 - - [22/Feb/2025:13:45:09 +0100] "GET /ticket2/opencms/system/modules/com.gridnine.opencms.ticketbrokerage.site/resources/css/jquery.fancybox.css HTTP/1.1" 200 4939
77.16.47.69 - - [22/Feb/2025:13:45:09 +0100] "GET /ticket2/opencms/system/modules/com.gridnine.opencms.ticketbrokerage.site/resources/js/jquery/jquery-ui.js HTTP/1.1" 200 228088
77.16.47.69 - - [22/Feb/2025:13:45:09 +0100] "GET /ticket2/opencms/system/modules/com.gridnine.opencms.ticketbrokerage.site/resources/js/functions.js HTTP/1.1" 200 1583
77.16.47.69 - - [22/Feb/2025:13:45:09 +0100] "GET /ticket2/opencms/system/modules/com.gridnine.opencms.ticketbrokerage.site/resources/js/calendar.js HTTP/1.1" 200 49229
77.16.47.69 - - [22/Feb/2025:13:45:09 +0100] "GET /ticket2/opencms/system/modules/com.gridnine.opencms.ticketbrokerage.site/resources/js/calendar-en.js HTTP/1.1" 200 3338
77.16.47.69 - - [22/Feb/2025:13:45:09 +0100] "GET /ticket2/opencms/system/modules/com.gridnine.opencms.ticketbrokerage.site/resources/js/jquery.fancybox.pack.js HTTP/1.1" 200 23187
77.16.47.69 - - [22/Feb/2025:13:45:09 +0100] "GET /ticket2/opencms/system/modules/com.gridnine.opencms.ticketbrokerage.site/resources/js/calendar-setup.js HTTP/1.1" 200 4923
77.16.47.69 - - [22/Feb/2025:13:45:09 +0100] "GET /ticket2/opencms/system/modules/com.gridnine.opencms.ticketbrokerage.site/resources/js/stickyfill.min.js HTTP/1.1" 200 5672
77.16.47.69 - - [22/Feb/2025:13:45:09 +0100] "GET /ticket2/opencms/img/icons/se.png HTTP/1.1" 200 1258
77.16.47.69 - - [22/Feb/2025:13:45:09 +0100] "GET /ticket2/opencms/img/icons/en.png HTTP/1.1" 200 2415
77.16.47.69 - - [22/Feb/2025:13:45:09 +0100] "GET /ticket2/opencms/system/modules/com.gridnine.opencms.ticketbrokerage.site/resources/js/standard.js HTTP/1.1" 200 3983
77.16.47.69 - - [22/Feb/2025:13:45:09 +0100] "GET /ticket2/opencms/system/modules/com.gridnine.opencms.ticketbrokerage.site/resources/js/jquery.placeholder.min.js HTTP/1.1" 200 1737
77.16.47.69 - - [22/Feb/2025:13:45:09 +0100] "GET /ticket2/opencms/system/modules/com.gridnine.opencms.ticketbrokerage.site/resources/pics/logo-new.png HTTP/1.1" 200 13541
77.16.47.69 - - [22/Feb/2025:13:45:09 +0100] "GET /ticket2/opencms/system/modules/com.gridnine.opencms.ticketbrokerage.site/resources/js/common-ajax.js HTTP/1.1" 200 20175
77.16.47.69 - - [22/Feb/2025:13:45:09 +0100] "GET /ticket2/opencms/img/insta.png HTTP/1.1" 200 3967
77.16.47.69 - - [22/Feb/2025:13:45:09 +0100] "GET /ticket2/opencms/img/fb.png HTTP/1.1" 200 1269
77.16.47.69 - - [22/Feb/2025:13:45:09 +0100] "GET /ticket2/opencms/system/modules/com.gridnine.opencms.ticketbrokerage.site/resources/pics/banners/Chelsea.jpg HTTP/1.1" 200 13056
77.16.47.69 - - [22/Feb/2025:13:45:09 +0100] "GET /ticket2/opencms/system/modules/com.gridnine.opencms.ticketbrokerage.site/resources/pics/footer-img.jpg HTTP/1.1" 200 67642
54.36.148.238 - - [22/Feb/2025:13:45:09 +0100] "GET /ticket2/opencms/sq/buy/?page=1&edid=72150D07-CC34-2767-CCE3-D5CBAEB5F5C9 HTTP/1.1" 200 109010
77.16.47.69 - - [22/Feb/2025:13:45:09 +0100] "GET /ticket2/opencms/img/check.png HTTP/1.1" 200 548
77.16.47.69 - - [22/Feb/2025:13:45:09 +0100] "GET /ticket2/opencms/img/mail.png HTTP/1.1" 200 403
77.16.47.69 - - [22/Feb/2025:13:45:09 +0100] "GET /ticket2/opencms/img/chat.png HTTP/1.1" 200 416
77.16.47.69 - - [22/Feb/2025:13:45:09 +0100] "GET /ticket2/opencms/img/arrow.png HTTP/1.1" 200 753
77.16.47.69 - - [22/Feb/2025:13:45:09 +0100] "GET /ticket2/opencms/img/icons/en.png HTTP/1.1" 200 2415
77.16.47.69 - - [22/Feb/2025:13:45:09 +0100] "GET /ticket2/opencms/img/icons/se.png HTTP/1.1" 200 1258
77.16.47.69 - - [22/Feb/2025:13:45:09 +0100] "GET /ticket2/opencms/img/icons/globe-white.png HTTP/1.1" 200 947
77.16.47.69 - - [22/Feb/2025:13:45:10 +0100] "GET /ticket2/opencms/img/icons/fi.png HTTP/1.1" 200 1785
77.16.47.69 - - [22/Feb/2025:13:45:10 +0100] "GET /ticket2/opencms/img/icons/no.png HTTP/1.1" 200 1958
77.16.47.69 - - [22/Feb/2025:13:45:10 +0100] "GET /ticket2/opencms/img/icons/dk.png HTTP/1.1" 200 1706
77.16.47.69 - - [22/Feb/2025:13:45:10 +0100] "GET /ticket2/opencms/img/icons/nl.png HTTP/1.1" 200 1255
77.16.47.69 - - [22/Feb/2025:13:45:10 +0100] "GET /ticket2/opencms/img/icons/de.png HTTP/1.1" 200 1124
77.16.47.69 - - [22/Feb/2025:13:45:10 +0100] "GET /ticket2/opencms/img/icons/fr.png HTTP/1.1" 200 1764
77.16.47.69 - - [22/Feb/2025:13:45:10 +0100] "GET /ticket2/opencms/img/icons/es.png HTTP/1.1" 200 1005
77.16.47.69 - - [22/Feb/2025:13:45:10 +0100] "GET /ticket2/opencms/img/icons/it.png HTTP/1.1" 200 2040
77.16.47.69 - - [22/Feb/2025:13:45:10 +0100] "GET /ticket2/opencms/img/icons/az.png HTTP/1.1" 200 1445
77.16.47.69 - - [22/Feb/2025:13:45:10 +0100] "GET /ticket2/opencms/img/icons/pl.png HTTP/1.1" 200 1578
77.16.47.69 - - [22/Feb/2025:13:45:10 +0100] "GET /ticket2/opencms/img/icons/sq.png HTTP/1.1" 200 1619
77.16.47.69 - - [22/Feb/2025:13:45:10 +0100] "GET /ticket2/opencms/img/icons/be.png HTTP/1.1" 200 1663
77.16.47.69 - - [22/Feb/2025:13:45:10 +0100] "GET /ticket2/opencms/img/icons/bg.png HTTP/1.1" 200 788
77.16.47.69 - - [22/Feb/2025:13:45:10 +0100] "GET /ticket2/opencms/img/icons/bs.png HTTP/1.1" 200 1014
77.16.47.69 - - [22/Feb/2025:13:45:10 +0100] "GET /ticket2/opencms/img/icons/hr.png HTTP/1.1" 200 2024
77.16.47.69 - - [22/Feb/2025:13:45:10 +0100] "GET /ticket2/opencms/img/icons/cs.png HTTP/1.1" 200 1883
77.16.47.69 - - [22/Feb/2025:13:45:10 +0100] "GET /ticket2/opencms/img/icons/el.png HTTP/1.1" 200 1637
77.16.47.69 - - [22/Feb/2025:13:45:10 +0100] "GET /ticket2/opencms/img/icons/et.png HTTP/1.1" 200 754
77.16.47.69 - - [22/Feb/2025:13:45:10 +0100] "GET /ticket2/opencms/img/icons/hu.png HTTP/1.1" 200 733
77.16.47.69 - - [22/Feb/2025:13:45:10 +0100] "GET /ticket2/opencms/img/icons/ka.png HTTP/1.1" 200 860
77.16.47.69 - - [22/Feb/2025:13:45:10 +0100] "GET /ticket2/opencms/img/icons/lv.png HTTP/1.1" 200 716
77.16.47.69 - - [22/Feb/2025:13:45:10 +0100] "GET /ticket2/opencms/img/icons/is.png HTTP/1.1" 200 1884
77.16.47.69 - - [22/Feb/2025:13:45:10 +0100] "GET /ticket2/opencms/img/icons/ga.png HTTP/1.1" 200 1759
77.16.47.69 - - [22/Feb/2025:13:45:10 +0100] "GET /ticket2/opencms/img/icons/lt.png HTTP/1.1" 200 733
77.16.47.69 - - [22/Feb/2025:13:45:10 +0100] "GET /ticket2/opencms/img/icons/mt.png HTTP/1.1" 200 920
77.16.47.69 - - [22/Feb/2025:13:45:10 +0100] "GET /ticket2/opencms/img/icons/mo.png HTTP/1.1" 200 1468
77.16.47.69 - - [22/Feb/2025:13:45:10 +0100] "GET /ticket2/opencms/img/icons/ro.png HTTP/1.1" 200 1393
77.16.47.69 - - [22/Feb/2025:13:45:10 +0100] "GET /ticket2/opencms/img/icons/sk.png HTTP/1.1" 200 1283
77.16.47.69 - - [22/Feb/2025:13:45:10 +0100] "GET /ticket2/opencms/img/icons/sl.png HTTP/1.1" 200 966
77.16.47.69 - - [22/Feb/2025:13:45:10 +0100] "GET /ticket2/opencms/img/icons/sr.png HTTP/1.1" 200 1602
77.16.47.69 - - [22/Feb/2025:13:45:10 +0100] "GET /ticket2/opencms/img/icons/tr.png HTTP/1.1" 200 1636
77.16.47.69 - - [22/Feb/2025:13:45:10 +0100] "GET /ticket2/opencms/img/icons/uk.png HTTP/1.1" 200 1272
77.16.47.69 - - [22/Feb/2025:13:45:10 +0100] "GET /ticket2/opencms/system/modules/com.gridnine.opencms.ticketbrokerage.site/resources/js/standard.js HTTP/1.1" 200 3983
77.16.47.69 - - [22/Feb/2025:13:45:10 +0100] "GET /ticket2/opencms/img/icons/ticket2.thumbnail.png HTTP/1.1" 200 21519
195.191.219.133 - - [22/Feb/2025:13:45:12 +0100] "GET /ticket2/opencms/en/login/?edid=50F18BFF-700E-1E6F-C17F-C358E206F903 HTTP/1.1" 200 90081
217.182.134.134 - - [22/Feb/2025:13:45:12 +0100] "GET /ticket2/opencms/no/buy/?page=1&edid=BB07E6D8-D5D0-6DCA-FA97-9B2BD02952C2&sortorder=asc&column=price HTTP/1.1" 200 111700
54.36.149.5 - - [22/Feb/2025:13:45:14 +0100] "GET /ticket2/opencms/be/buy/?page=1&edid=FBDD6D75-E50D-E656-DD0D-140A87A57CDC HTTP/1.1" 200 111162
217.182.134.134 - - [22/Feb/2025:13:45:16 +0100] "GET /ticket2/opencms/no/buy/?page=1&edid=BB07E6D8-D5D0-6DCA-FA97-9B2BD02952C2&sortorder=asc&column=row HTTP/1.1" 200 111581
195.191.219.133 - - [22/Feb/2025:13:45:16 +0100] "GET /ticket2/opencms/en/login/?edid=544F9932-EE47-A783-F07C-2D3DCD93C6A7 HTTP/1.1" 200 90140
52.167.144.238 - - [22/Feb/2025:13:45:19 +0100] "GET /ticket2/opencms/be/buy/?page=1&edid=CA471414-7964-AFA7-E448-6BC4410A71E7 HTTP/1.1" 200 110917
54.36.148.243 - - [22/Feb/2025:13:45:19 +0100] "GET /ticket2/opencms/sl/buy?page=1&edid=00111C9B-5E02-77E7-9B39-8EFC1235AF29 HTTP/1.1" 200 117932
217.182.134.134 - - [22/Feb/2025:13:45:19 +0100] "GET /ticket2/opencms/no/buy/?page=1&edid=BB07E6D8-D5D0-6DCA-FA97-9B2BD02952C2&sortorder=asc&column=section HTTP/1.1" 200 111736
195.191.219.133 - - [22/Feb/2025:13:45:20 +0100] "GET /ticket2/opencms/en/login/?edid=554473A5-DEC1-AC03-42D7-8CF0530B3AB1 HTTP/1.1" 200 90149
216.244.66.238 - - [22/Feb/2025:13:45:21 +0100] "GET /ticket2/opencms/lt/buy?page=1&edid=3F963FD5-1ED2-6ECC-F4D2-23E1A97126FB HTTP/1.1" 200 111700
217.182.134.134 - - [22/Feb/2025:13:45:23 +0100] "GET /ticket2/opencms/no/buy/?page=1&edid=C06EF65F-765A-41B3-7251-28C655DA14AD&sortorder=asc&column=section HTTP/1.1" 200 112398
185.191.171.1 - - [22/Feb/2025:13:45:23 +0100] "GET /ticket2/opencms/lt/magazine/article?title=eredivisie HTTP/1.1" 200 95001
195.191.219.133 - - [22/Feb/2025:13:45:23 +0100] "GET /ticket2/opencms/en/login/?edid=56BC3965-276E-354F-1EDA-8AF4681F5BD5 HTTP/1.1" 200 90147
47.128.42.222 - - [22/Feb/2025:13:45:25 +0100] "GET /ticket2/opencms/sv/buy/?edid=9EC5AE33-287A-CC49-3DDC-A59FEEE111B7 HTTP/1.1" 200 91238
54.36.148.75 - - [22/Feb/2025:13:45:26 +0100] "GET /ticket2/opencms/uk/buy/?page=1&edid=B1B260FB-CC2B-FBC8-401E-5012AB84C2A6 HTTP/1.1" 200 110914
217.182.134.134 - - [22/Feb/2025:13:45:26 +0100] "GET /ticket2/opencms/no/buy/?page=1&edid=C08F3873-357B-58DE-F78C-9562D03AA8A9&sortorder=asc&column=price HTTP/1.1" 200 111783
195.191.219.133 - - [22/Feb/2025:13:45:27 +0100] "GET /ticket2/opencms/en/login/?edid=57F16BDD-379D-E68F-34EA-86B693F63ED7 HTTP/1.1" 200 90176
217.182.134.134 - - [22/Feb/2025:13:45:30 +0100] "GET /ticket2/opencms/no/buy/?page=1&edid=C08F3873-357B-58DE-F78C-9562D03AA8A9&sortorder=asc&column=row HTTP/1.1" 200 111792
173.252.107.11 - - [22/Feb/2025:13:45:30 +0100] "GET /ticket2/opencms/hr/buy/?page=1&edid=F17C9A03-9EE8-3021-F3ED-C1A41F2235FA HTTP/1.1" 200 126424
195.191.219.133 - - [22/Feb/2025:13:45:31 +0100] "GET /ticket2/opencms/en/login/?edid=58849721-189F-D09B-851E-CCAD1153A6C9 HTTP/1.1" 200 90122
54.36.148.208 - - [22/Feb/2025:13:45:33 +0100] "GET /ticket2/opencms/ro/magazine/article?title=un-transfer-catre-rayados-din-mexic HTTP/1.1" 200 95255
217.182.134.134 - - [22/Feb/2025:13:45:33 +0100] "GET /ticket2/opencms/no/buy/?page=1&edid=C08F3873-357B-58DE-F78C-9562D03AA8A9&sortorder=asc&column=section HTTP/1.1" 200 111918
195.191.219.133 - - [22/Feb/2025:13:45:35 +0100] "GET /ticket2/opencms/en/login/?edid=598F3B0A-9912-7BA4-D7AA-A33BDA98D7B4 HTTP/1.1" 200 90075
47.128.38.6 - - [22/Feb/2025:13:45:36 +0100] "GET /ticket2/opencms/cs/buy/?edid=71BCEC0A-D8F2-3C62-D68C-0DCA751BB9B9 HTTP/1.1" 200 91659
217.182.134.134 - - [22/Feb/2025:13:45:37 +0100] "GET /ticket2/opencms/no/buy/?page=1&edid=C11CE0A1-BCBD-A7C4-C22E-164F1C641833&sortorder=asc&column=row HTTP/1.1" 200 112553
54.36.149.100 - - [22/Feb/2025:13:45:37 +0100] "GET /ticket2/opencms/tr/buy?page=1&edid=50B41314-485A-DCFC-6E02-326077D4DE43 HTTP/1.1" 200 112063
195.191.219.133 - - [22/Feb/2025:13:45:39 +0100] "GET /ticket2/opencms/en/login/?edid=5AE1E1C5-B07B-6D50-8513-BCAC624C78CE HTTP/1.1" 200 90138
217.182.134.134 - - [22/Feb/2025:13:45:40 +0100] "GET /ticket2/opencms/no/buy/?page=1&edid=C39F342B-47CC-48AF-2B44-DB99C6E88157&sortorder=desc&column=section HTTP/1.1" 200 112727
54.36.148.195 - - [22/Feb/2025:13:45:41 +0100] "GET /ticket2/opencms/it/buy?page=1&edid=59C05F18-21F2-267C-D1EB-43CE0819C99D HTTP/1.1" 200 111158
54.36.148.99 - - [22/Feb/2025:13:45:42 +0100] "GET /ticket2/opencms/en/magazine/article?title=la-liga-real-madrid-has-won-the-most-titles HTTP/1.1" 200 93163
195.191.219.133 - - [22/Feb/2025:13:45:42 +0100] "GET /ticket2/opencms/en/login/?edid=6013960B-6822-2E35-1FA5-E8D66CD59F68 HTTP/1.1" 200 90138
217.182.134.134 - - [22/Feb/2025:13:45:44 +0100] "GET /ticket2/opencms/no/buy/?page=1&edid=DF0E45C7-237E-03AB-4ED3-CC8D84C0E2C6&sortorder=desc&column=row HTTP/1.1" 200 112276
40.77.167.230 - - [22/Feb/2025:13:45:46 +0100] "GET /ticket2/opencms/it/buy?comcatid=A17713B6-D984-201A-4143-ED4DB5ED5C2E&catid=4B941E1B-E4E2-C53E-C693-9FA91BBA9AD5 HTTP/1.1" 200 103146
195.191.219.133 - - [22/Feb/2025:13:45:46 +0100] "GET /ticket2/opencms/en/login/?edid=62BA1B24-FE28-14A9-746C-0509EF670DD2 HTTP/1.1" 200 90170
40.77.167.230 - - [22/Feb/2025:13:45:47 +0100] "GET /ticket2/opencms/ga/buy/?page=1&edid=6D2674A5-F289-A8BC-ABCC-A13CA65D09E4 HTTP/1.1" 200 112221
217.182.134.134 - - [22/Feb/2025:13:45:47 +0100] "GET /ticket2/opencms/no/buy/?page=1&edid=DF97ECA4-1113-3B69-FF5A-21F981747AAD&sortorder=asc&column=price HTTP/1.1" 200 111459
54.36.148.54 - - [22/Feb/2025:13:45:49 +0100] "GET /ticket2/opencms/sq/buy?page=1&edid=2623FB3F-281B-22C8-3425-BF900A46AC08 HTTP/1.1" 200 108988
217.182.134.134 - - [22/Feb/2025:13:45:51 +0100] "GET /ticket2/opencms/no/buy/?page=1&edid=DF97ECA4-1113-3B69-FF5A-21F981747AAD&sortorder=asc&column=row HTTP/1.1" 200 111337
195.191.219.133 - - [22/Feb/2025:13:45:51 +0100] "GET /ticket2/opencms/en/login/?edid=63A8A6EF-214B-02FC-498E-67A296EE3821 HTTP/1.1" 200 90125
47.128.119.156 - - [22/Feb/2025:13:45:51 +0100] "GET /ticket2/opencms/tr/?comcatid=0A6B8208-FDA4-E929-9D72-5312FD481B76 HTTP/1.1" 200 107268
52.167.144.207 - - [22/Feb/2025:13:45:52 +0100] "GET /ticket2/opencms/bs/buy/?page=1&edid=F7D3655C-F2DE-642B-A93E-8B40A4F27DB2 HTTP/1.1" 200 111504
66.249.66.32 - - [22/Feb/2025:13:45:53 +0100] "GET /ticket2/opencms/it/magazine/article?title=jude-bellingham HTTP/1.1" 200 92231
217.182.134.134 - - [22/Feb/2025:13:45:55 +0100] "GET /ticket2/opencms/no/buy/?page=1&edid=DF97ECA4-1113-3B69-FF5A-21F981747AAD&sortorder=asc&column=section HTTP/1.1" 200 111502
195.191.219.133 - - [22/Feb/2025:13:45:55 +0100] "GET /ticket2/opencms/en/login/?edid=6479D966-2793-7C7E-D24A-D27EA93264A1 HTTP/1.1" 200 90118
54.36.148.119 - - [22/Feb/2025:13:45:56 +0100] "GET /ticket2/opencms/az/buy?page=1&edid=00111C9B-5E02-77E7-9B39-8EFC1235AF29 HTTP/1.1" 200 118440
217.182.134.134 - - [22/Feb/2025:13:45:58 +0100] "GET /ticket2/opencms/no/buy/?page=1&edid=E03AE744-355D-69D5-3B87-2D4C867BA506 HTTP/1.1" 200 111251
195.191.219.133 - - [22/Feb/2025:13:45:59 +0100] "GET /ticket2/opencms/en/login/?edid=64D27571-56AC-6DBD-97C1-AA8F4E5FC92F HTTP/1.1" 200 90106
216.244.66.238 - - [22/Feb/2025:13:46:00 +0100] "GET /ticket2/opencms/nl/buy/?page=1&edid=0E2185D1-6D42-D80F-0E47-29A01B6B0415 HTTP/1.1" 200 106267
217.182.134.134 - - [22/Feb/2025:13:46:02 +0100] "GET /ticket2/opencms/no/buy/?page=1&edid=E0A93109-5CBA-0BDC-5A03-F3B1B8D8FE01&sortorder=asc&column=price HTTP/1.1" 200 112070
54.36.148.213 - - [22/Feb/2025:13:46:03 +0100] "GET /ticket2/opencms/cs/buy/?page=1&edid=F1463EBE-6C18-CF49-B2AE-F79868BCA4F5 HTTP/1.1" 200 141396
195.191.219.133 - - [22/Feb/2025:13:46:04 +0100] "GET /ticket2/opencms/en/login/?edid=700C6A66-9C47-818C-453E-16ACCDD28C59 HTTP/1.1" 200 90085
217.182.134.134 - - [22/Feb/2025:13:46:05 +0100] "GET /ticket2/opencms/no/buy/?page=1&edid=F9BBE6C5-FC76-172B-1A0C-2F0C14E7CDB9&sortorder=asc&column=row HTTP/1.1" 200 111525
195.191.219.133 - - [22/Feb/2025:13:46:08 +0100] "GET /ticket2/opencms/en/login/?edid=7B9231E1-A9EF-3D5A-6C2C-12D003EC1D33 HTTP/1.1" 200 90049
54.36.148.207 - - [22/Feb/2025:13:46:08 +0100] "GET /ticket2/opencms/et/buy?page=1&edid=ED6B033E-FAAE-D3A6-3006-A43EA8437C62 HTTP/1.1" 200 116357
217.182.134.134 - - [22/Feb/2025:13:46:09 +0100] "GET /ticket2/opencms/no/buy/?page=1&edid=F9BBE6C5-FC76-172B-1A0C-2F0C14E7CDB9&sortorder=asc&column=section HTTP/1.1" 200 111725
195.191.219.133 - - [22/Feb/2025:13:46:11 +0100] "GET /ticket2/opencms/en/login/?edid=7F98ECA4-AB71-B3CC-DE39-36158EF885CC HTTP/1.1" 200 90072
217.182.134.134 - - [22/Feb/2025:13:46:12 +0100] "GET /ticket2/opencms/no/buy/?page=1&edid=FA7819FA-6F6F-D483-14F6-E550D20BA56D&sortorder=asc&column=price HTTP/1.1" 200 111055
54.36.148.144 - - [22/Feb/2025:13:46:13 +0100] "GET /ticket2/opencms/ro/buy?page=1&edid=9DBCDD83-DFF7-0F0A-E3AC-44814FB4671B HTTP/1.1" 200 116740
114.119.139.202 - - [22/Feb/2025:13:46:14 +0100] "GET /ticket2/opencms/es/buy/?comcatid=A17713B6-D984-201A-4143-ED4DB5ED5C2E&catid&npage=1 HTTP/1.1" 200 261161
195.191.219.133 - - [22/Feb/2025:13:46:15 +0100] "GET /ticket2/opencms/en/login/?edid=82E5C37F-CC9B-4569-1B88-1DB63DDA58A5 HTTP/1.1" 200 90139
217.182.134.134 - - [22/Feb/2025:13:46:16 +0100] "GET /ticket2/opencms/sv/buy/?page=1&edid=095DA5F5-D152-D609-1403-65DEE5B636FD&sortorder=asc&column=row HTTP/1.1" 200 112130
101.44.186.254 - - [22/Feb/2025:13:46:17 +0100] "GET /ticket2/opencms/sq/buy?page=1&edid=4E64A45B-C53A-FCF7-3F71-4F13C44D918C HTTP/1.1" 200 111636
54.36.148.183 - - [22/Feb/2025:13:46:18 +0100] "GET /ticket2/opencms/dk/venue/?venueid=696CF794-7D31-9FC6-0B42-8ABB3E78F390 HTTP/1.1" 200 86350
217.182.134.134 - - [22/Feb/2025:13:46:20 +0100] "GET /ticket2/opencms/sv/buy/?page=1&edid=0A4C5CB0-F0A6-54DC-2247-30948B2E1AC0 HTTP/1.1" 200 110634
195.191.219.133 - - [22/Feb/2025:13:46:20 +0100] "GET /ticket2/opencms/en/login/?edid=86100B95-E4EB-ADDD-CD31-DC0D14403CD0 HTTP/1.1" 200 90088
52.167.144.24 - - [22/Feb/2025:13:46:20 +0100] "GET /ticket2/opencms/nl/buy/?page=1&edid=951287E4-3388-8292-36EB-2A2F3CE27B48 HTTP/1.1" 200 106381
52.167.144.24 - - [22/Feb/2025:13:46:21 +0100] "GET /ticket2/opencms/dk/sell/?edid=492C270D-AAEA-3890-F385-951BFDA8F433 HTTP/1.1" 302 -
185.191.171.19 - - [22/Feb/2025:13:46:23 +0100] "GET /ticket2/opencms/robots.txt HTTP/1.1" 200 773
217.182.134.134 - - [22/Feb/2025:13:46:23 +0100] "GET /ticket2/opencms/sv/buy/?page=1&edid=0A4C5CB0-F0A6-54DC-2247-30948B2E1AC0&sortorder=asc&column=price HTTP/1.1" 200 111568
54.36.149.54 - - [22/Feb/2025:13:46:23 +0100] "GET /ticket2/opencms/sq/buy/?page=1&edid=5373B514-9338-569F-0BEB-077FE0734007 HTTP/1.1" 200 109013
195.191.219.133 - - [22/Feb/2025:13:46:24 +0100] "GET /ticket2/opencms/en/login/?edid=86BDA692-5FF5-48A8-0F25-228BCBC32E58 HTTP/1.1" 200 90183
85.208.96.201 - - [22/Feb/2025:13:46:24 +0100] "GET /ticket2/opencms/hr/magazine/article?title=liga-prvaka-karte-na-ticket2 HTTP/1.1" 200 97067
217.182.134.134 - - [22/Feb/2025:13:46:27 +0100] "GET /ticket2/opencms/sv/buy/?page=1&edid=0A4C5CB0-F0A6-54DC-2247-30948B2E1AC0&sortorder=asc&column=row HTTP/1.1" 200 111537
195.191.219.133 - - [22/Feb/2025:13:46:27 +0100] "GET /ticket2/opencms/en/login/?edid=87117E43-C5AC-00C7-B091-B85E20437E88 HTTP/1.1" 200 90165
216.244.66.245 - - [22/Feb/2025:13:46:28 +0100] "GET /ticket2/opencms/se/robots.txt HTTP/1.1" 404 -
217.182.134.134 - - [22/Feb/2025:13:46:30 +0100] "GET /ticket2/opencms/sv/buy/?page=1&edid=10515F0B-6422-A692-0748-D7547F0F118B&sortorder=asc&column=row HTTP/1.1" 200 111718
54.36.148.55 - - [22/Feb/2025:13:46:30 +0100] "GET /ticket2/opencms/no/buy?page=1&edid=50B41314-485A-DCFC-6E02-326077D4DE43 HTTP/1.1" 200 111256
195.191.219.133 - - [22/Feb/2025:13:46:31 +0100] "GET /ticket2/opencms/en/login/?edid=895113DA-04CF-0699-8D0A-2BE8BA0B10C5 HTTP/1.1" 200 90143
216.244.66.238 - - [22/Feb/2025:13:46:33 +0100] "GET /ticket2/opencms/no/buy/?page=1&edid=169646EF-328C-A061-44FB-9BE358298CEE HTTP/1.1" 200 108032
217.182.134.134 - - [22/Feb/2025:13:46:34 +0100] "GET /ticket2/opencms/sv/buy/?page=1&edid=114E8367-495D-2921-581D-A5757D17A2D8&sortorder=asc&column=row HTTP/1.1" 200 112050
54.36.148.1 - - [22/Feb/2025:13:46:34 +0100] "GET /ticket2/opencms/hu/buy?page=1&edid=ED6B033E-FAAE-D3A6-3006-A43EA8437C62 HTTP/1.1" 200 116592
195.191.219.133 - - [22/Feb/2025:13:46:35 +0100] "GET /ticket2/opencms/en/login/?edid=8C84F5E0-FA25-C5E3-D5D6-2695128F01FC HTTP/1.1" 200 90061
195.211.122.249 - - [22/Feb/2025:13:46:37 +0100] "GET /ticket2/opencms/ HTTP/1.1" 302 -
217.182.134.134 - - [22/Feb/2025:13:46:38 +0100] "GET /ticket2/opencms/sv/buy/?page=1&edid=11D46144-F349-CB22-9CEE-1A3F6393757D HTTP/1.1" 200 110625
195.211.122.249 - - [22/Feb/2025:13:46:39 +0100] "GET /ticket2/opencms/en/ HTTP/1.1" 200 105399
195.191.219.133 - - [22/Feb/2025:13:46:39 +0100] "GET /ticket2/opencms/en/login/?edid=8DE70B5D-0EED-4B8F-DCC0-5FFB51FC5504 HTTP/1.1" 200 90170
54.36.149.64 - - [22/Feb/2025:13:46:40 +0100] "GET /ticket2/opencms/bg/buy?page=1&edid=00111C9B-5E02-77E7-9B39-8EFC1235AF29 HTTP/1.1" 200 120662
66.249.66.17 - - [22/Feb/2025:13:46:40 +0100] "GET /ticket2/opencms/ro/buy?page=1&edid=750C6040-29F7-425D-A24F-51B977F415A3 HTTP/1.1" 200 137886
217.182.134.134 - - [22/Feb/2025:13:46:41 +0100] "GET /ticket2/opencms/sv/buy/?page=1&edid=11D46144-F349-CB22-9CEE-1A3F6393757D&sortorder=desc&column=price HTTP/1.1" 200 111563
185.191.171.11 - - [22/Feb/2025:13:46:43 +0100] "GET /ticket2/opencms/dk/sport/fodboldbilletter/champions_league/leipzig/ HTTP/1.1" 200 87561
195.191.219.133 - - [22/Feb/2025:13:46:43 +0100] "GET /ticket2/opencms/en/login/?edid=BF40BAC7-A9FF-D877-E4C0-6A1A339DA42F HTTP/1.1" 200 90069
54.36.148.106 - - [22/Feb/2025:13:46:44 +0100] "GET /ticket2/opencms/is/buy?page=1&edid=7CC55054-B229-E12C-9C70-B1612FE653BC HTTP/1.1" 200 112454
217.182.134.134 - - [22/Feb/2025:13:46:45 +0100] "GET /ticket2/opencms/sv/buy/?page=1&edid=1612E381-7260-0090-9248-B71DAF9DCAFF&sortorder=desc&column=section HTTP/1.1" 200 111181
47.128.23.183 - - [22/Feb/2025:13:46:46 +0100] "GET /ticket2/opencms/sv/buy/?edid=D5C3D1FE-2C65-44B3-D4BD-F3D23C2158C3 HTTP/1.1" 200 91279
195.191.219.133 - - [22/Feb/2025:13:46:47 +0100] "GET /ticket2/opencms/en/login/?edid=D3D3DD2F-45AB-08AC-9828-06CC767876E5 HTTP/1.1" 200 90089
217.182.134.134 - - [22/Feb/2025:13:46:48 +0100] "GET /ticket2/opencms/sv/buy/?page=1&edid=17173721-29ED-E7D9-9C19-AF2AC3847802&sortorder=asc&column=price HTTP/1.1" 200 109105
52.167.144.24 - - [22/Feb/2025:13:46:49 +0100] "GET /ticket2/opencms/cs/buy/?page=1&edid=A1B37D0F-A4BD-02A4-1307-231B5EF99F2B HTTP/1.1" 200 111892
54.36.148.212 - - [22/Feb/2025:13:46:50 +0100] "GET /ticket2/opencms/fr/buy?page=1&edid=ED6B033E-FAAE-D3A6-3006-A43EA8437C62 HTTP/1.1" 200 116316
195.191.219.133 - - [22/Feb/2025:13:46:51 +0100] "GET /ticket2/opencms/en/login/?edid=FF0FFBB7-01D1-CC6B-4FB6-722B87EE8E38 HTTP/1.1" 200 90086
217.182.134.134 - - [22/Feb/2025:13:46:52 +0100] "GET /ticket2/opencms/sv/buy/?page=1&edid=17173721-29ED-E7D9-9C19-AF2AC3847802&sortorder=asc&column=row HTTP/1.1" 200 108997
114.119.151.93 - - [22/Feb/2025:13:46:52 +0100] "GET /ticket2/opencms/lv/buy?page=1&edid=1C663B38-AAE8-15E5-78AB-F7247D2C67D4 HTTP/1.1" 200 134025
54.36.149.104 - - [22/Feb/2025:13:46:55 +0100] "GET /ticket2/opencms/no/buy/?page=1&edid=C5E6BD6B-6997-F99C-5497-F6687FA84598 HTTP/1.1" 200 108013
195.191.219.133 - - [22/Feb/2025:13:46:55 +0100] "GET /ticket2/opencms/en/login/?edid=FF3DA28B-4575-B41C-4A40-DA5E05530770 HTTP/1.1" 200 90132
217.182.134.134 - - [22/Feb/2025:13:46:56 +0100] "GET /ticket2/opencms/sv/buy/?page=1&edid=177D30A1-22EC-59EE-174D-0010F1CD08B4&sortorder=asc&column=price HTTP/1.1" 200 109040
66.249.66.68 - - [22/Feb/2025:13:46:56 +0100] "GET /ticket2/opencms/ HTTP/1.1" 302 -
66.249.66.68 - - [22/Feb/2025:13:46:57 +0100] "GET /ticket2/opencms/en/ HTTP/1.1" 200 105434
154.54.249.216 - - [22/Feb/2025:13:46:58 +0100] "GET /ticket2/opencms/el/buy?page=1&edid=10C3AE1B-7EC1-3568-BA3C-B22A28F31934 HTTP/1.1" 200 112256
217.182.134.134 - - [22/Feb/2025:13:46:59 +0100] "GET /ticket2/opencms/sv/buy/?page=1&edid=177D30A1-22EC-59EE-174D-0010F1CD08B4&sortorder=asc&column=row HTTP/1.1" 200 109024
54.36.149.1 - - [22/Feb/2025:13:47:01 +0100] "GET /ticket2/opencms/dk/buy?page=1&edid=00111C9B-5E02-77E7-9B39-8EFC1235AF29 HTTP/1.1" 200 116608
217.182.134.134 - - [22/Feb/2025:13:47:03 +0100] "GET /ticket2/opencms/sv/buy/?page=1&edid=177D30A1-22EC-59EE-174D-0010F1CD08B4&sortorder=asc&column=section HTTP/1.1" 200 109118
216.244.66.238 - - [22/Feb/2025:13:47:04 +0100] "GET /ticket2/opencms/se/venue/berlin_olympic_stadium.png HTTP/1.1" 404 -
52.167.144.203 - - [22/Feb/2025:13:47:06 +0100] "GET /ticket2/opencms/mo/magazine/article?title=fulham-fc HTTP/1.1" 200 92460
217.182.134.134 - - [22/Feb/2025:13:47:07 +0100] "GET /ticket2/opencms/sv/buy/?page=1&edid=1851EA6A-7866-6C52-4263-96E93DBF3701&sortorder=asc&column=section HTTP/1.1" 200 112119
54.36.148.148 - - [22/Feb/2025:13:47:08 +0100] "GET /ticket2/opencms/ka/buy?page=1&edid=00111C9B-5E02-77E7-9B39-8EFC1235AF29 HTTP/1.1" 200 124423
217.182.134.134 - - [22/Feb/2025:13:47:10 +0100] "GET /ticket2/opencms/sv/buy/?page=1&edid=1851EA6A-7866-6C52-4263-96E93DBF3701&sortorder=desc&column=price HTTP/1.1" 200 111904
114.119.136.8 - - [22/Feb/2025:13:47:11 +0100] "GET /ticket2/opencms/en/sell/?edid=3FF858CF-7356-7395-9E59-43541CB37D87 HTTP/1.1" 302 -
188.239.41.146 - - [22/Feb/2025:13:47:12 +0100] "GET /ticket2/opencms/sq/buy?page=1&edid=19EA038B-40C5-A758-4121-DC981BEF8929 HTTP/1.1" 200 109015
52.167.144.207 - - [22/Feb/2025:13:47:12 +0100] "GET /ticket2/opencms/sl/buy?page=1&edid=32E69975-519A-F857-DB3C-93270DB6803E HTTP/1.1" 200 111798
114.119.159.237 - - [22/Feb/2025:13:47:13 +0100] "GET /ticket2/opencms/es/buy/?page=1&edid=DF09DA20-E43F-35F9-26B1-56353C7187EA HTTP/1.1" 200 90288
217.182.134.134 - - [22/Feb/2025:13:47:14 +0100] "GET /ticket2/opencms/sv/buy/?page=1&edid=1851EA6A-7866-6C52-4263-96E93DBF3701&sortorder=desc&column=row HTTP/1.1" 200 111921
114.119.136.8 - - [22/Feb/2025:13:47:16 +0100] "GET /ticket2/opencms/en/login/?url=/en/sell/ HTTP/1.1" 200 90079
217.182.134.134 - - [22/Feb/2025:13:47:17 +0100] "GET /ticket2/opencms/sv/buy/?page=1&edid=266863E9-0D4A-8983-3D6E-89AEC4F0BA41 HTTP/1.1" 200 111791
54.36.149.87 - - [22/Feb/2025:13:47:19 +0100] "GET /ticket2/opencms/be/buy?page=1&edid=ED6B033E-FAAE-D3A6-3006-A43EA8437C62 HTTP/1.1" 200 118943
