20.171.207.37 - - [26/Feb/2025:01:38:01 +0100] "GET /ticket2/opencms/set_aff_cookie.jsp?partner=2E02071B-A8C3-4CBA-3097-C27D61C02ED8&url=%252Fen%252Fbuy%252Findex.html%253Fpage%253D1%2526edid%253DFC9B216F-B877-F7C1-34F3-A428EECDEFA0%2526hlv%253D6141c2c9-4140-4a95-9ab9-56cf0a01000f%2523v_1555316422 HTTP/1.1" 200 247
20.171.207.37 - - [26/Feb/2025:01:38:02 +0100] "GET /ticket2/opencms/set_aff_cookie.jsp?partner=8F6DE15D-D831-5787-AE7E-FEFF53476F85&url=%252Fdk%252Fbuy%252Findex.html%253Fpage%253D1%2526edid%253D543D9F4F-FAE8-D606-2F86-FDCC2C711D5A%2526hlv%253D61151de6-46f0-4224-b6ed-04280a01000f%2523v_1691601098 HTTP/1.1" 200 247
111.119.216.45 - - [26/Feb/2025:01:38:05 +0100] "GET /ticket2/opencms/sq/buy?page=1&edid=2CEA0497-8D50-22F6-0E98-33BE3EC14F1E HTTP/1.1" 200 126270
54.36.149.58 - - [26/Feb/2025:01:38:05 +0100] "GET /ticket2/opencms/fr/buy/?page=1&edid=0165985F-E205-E991-0EDD-8260BA28ED00 HTTP/1.1" 200 108298
66.249.64.130 - - [26/Feb/2025:01:38:06 +0100] "GET /ticket2/opencms/ro/buy/?page=1&edid=3500324C-4D6A-19B7-964B-816D2FCB76D2 HTTP/1.1" 200 111517
207.46.13.150 - - [26/Feb/2025:01:38:06 +0100] "GET /ticket2/opencms/bs/buy?page=1&edid=C64002B7-B7A3-A646-1770-7E79C914EDA5 HTTP/1.1" 200 135039
20.171.207.37 - - [26/Feb/2025:01:38:07 +0100] "GET /ticket2/opencms/set_aff_cookie.jsp?partner=692E2C6A-EC6F-1C93-AFCC-C5ACC23A93EA&url=%252Fen%252Fbuy%252Findex.html%253Fpage%253D1%2526edid%253DD94AE43C-36DF-9EFE-9CDF-702DED3992BF%2526hlv%253D60f96951-4800-4eb0-8d64-61850a01000f%2523v_977782435 HTTP/1.1" 200 246
114.119.141.178 - - [26/Feb/2025:01:38:08 +0100] "GET /ticket2/opencms/de/buy?page=1&edid=FA7D6BC6-E757-B554-9DC3-402FA5982C97 HTTP/1.1" 200 111970
66.249.64.96 - - [26/Feb/2025:01:38:09 +0100] "GET /ticket2/opencms/ga/buy?page=1&edid=68B485F7-9483-6E4F-656D-602EE2AC621D HTTP/1.1" 200 136676
85.208.96.206 - - [26/Feb/2025:01:38:11 +0100] "GET /ticket2/opencms/fr/magazine/article?title=pays-bas-vs-angleterre-en-demi-finale HTTP/1.1" 200 96983
66.249.76.170 - - [26/Feb/2025:01:38:12 +0100] "GET /ticket2/opencms/mt/?page=6&comcatid=0A6B8208-FDA4-E929-9D72-5312FD481B76&catid=8E4972FC-6E2C-77A4-BB9D-D67BD270A641 HTTP/1.1" 200 106769
20.171.207.37 - - [26/Feb/2025:01:38:13 +0100] "GET /ticket2/opencms/set_aff_cookie.jsp?partner=692E2C6A-EC6F-1C93-AFCC-C5ACC23A93EA&url=%252Fnl%252Fbuy%252Findex.html%253Fpage%253D1%2526edid%253DF3756B07-2F5C-FFFD-72BE-0A74CDBD5EA0%2526hlv%253D60f5cc52-8538-40ab-a473-20b00a01000f%2523v_578221882 HTTP/1.1" 200 246
66.249.76.170 - - [26/Feb/2025:01:38:14 +0100] "GET /ticket2/opencms/ga/?page=6&comcatid=0A6B8208-FDA4-E929-9D72-5312FD481B76&catid=53E7B32E-5CAA-6CE7-D6AA-FFC41D70EE01 HTTP/1.1" 200 107050
66.249.70.65 - - [26/Feb/2025:01:38:15 +0100] "GET /ticket2/opencms/de/buy/?page=1&edid=54DC2629-FE89-0ED9-A566-828C55EBE838 HTTP/1.1" 200 111619
20.171.207.37 - - [26/Feb/2025:01:38:17 +0100] "GET /ticket2/opencms/set_aff_cookie.jsp?partner=8F6DE15D-D831-5787-AE7E-FEFF53476F85&url=%252Fsv%252Fbuy%252Findex.html%253Fpage%253D1%2526edid%253D12D59482-7F3E-75F5-A3A6-C24ACDBAAF85%2526hlv%253D61151df7-d778-4d9a-8e5e-04270a01000f%2523v_1241362597 HTTP/1.1" 200 247
20.171.207.37 - - [26/Feb/2025:01:38:19 +0100] "GET /ticket2/opencms/set_aff_cookie.jsp?partner=2E02071B-A8C3-4CBA-3097-C27D61C02ED8&url=%252Ffi%252Fbuy%252Findex.html%253Fpage%253D1%2526edid%253D2E7C3DB6-FDBC-8B55-9268-E31142D44B61%2526hlv%253D612b52fb-3944-4c3e-afc4-3cac0a01000f%2523v_776944413 HTTP/1.1" 200 246
54.36.148.191 - - [26/Feb/2025:01:38:20 +0100] "GET /ticket2/opencms/no/konsertbilletter/ HTTP/1.1" 200 88240
20.171.207.37 - - [26/Feb/2025:01:38:25 +0100] "GET /ticket2/opencms/set_aff_cookie.jsp?partner=692E2C6A-EC6F-1C93-AFCC-C5ACC23A93EA&url=%252Ffi%252Fbuy%252Findex.html%253Fpage%253D1%2526edid%253D66EA5353-0EED-D56D-04FB-B3F43B6CCED9%2526hlv%253D6144979d-9adc-4c34-b3b2-796e0a01000f%2523v_758305019 HTTP/1.1" 200 246
66.249.64.131 - - [26/Feb/2025:01:38:28 +0100] "GET /ticket2/opencms/lt/buy/?page=1&edid=3500324C-4D6A-19B7-964B-816D2FCB76D2 HTTP/1.1" 200 111283
20.171.207.37 - - [26/Feb/2025:01:38:28 +0100] "GET /ticket2/opencms/set_aff_cookie.jsp?partner=692E2C6A-EC6F-1C93-AFCC-C5ACC23A93EA&url=%252Fnl%252Fbuy%252Findex.html%253Fpage%253D1%2526edid%253D8FA89923-43E1-C2D4-CF2D-7AD58BCB6B41%2526hlv%253D61127bd5-7414-446b-bdae-2da10a01000f%2523v_1373792632 HTTP/1.1" 200 247
20.171.207.37 - - [26/Feb/2025:01:38:30 +0100] "GET /ticket2/opencms/set_aff_cookie.jsp?partner=8F6DE15D-D831-5787-AE7E-FEFF53476F85&url=%252Fno%252Fbuy%252Findex.html%253Fpage%253D1%2526edid%253D9AD4B11B-4601-F5E9-C96F-7BECC055632D%2526hlv%253D6145d53d-d520-4bbf-b5a3-6b640a01000f%2523v_1396217138 HTTP/1.1" 200 247
20.171.207.37 - - [26/Feb/2025:01:38:32 +0100] "GET /ticket2/opencms/set_aff_cookie.jsp?partner=692E2C6A-EC6F-1C93-AFCC-C5ACC23A93EA&url=%252Fen%252Fbuy%252Findex.html%253Fpage%253D1%2526edid%253D50F18BFF-700E-1E6F-C17F-C358E206F903%2526hlv%253D61449655-5170-4ee0-a01a-78fd0a01000f%2523v_1966114585 HTTP/1.1" 200 247
20.171.207.37 - - [26/Feb/2025:01:38:37 +0100] "GET /ticket2/opencms/set_aff_cookie.jsp?partner=692E2C6A-EC6F-1C93-AFCC-C5ACC23A93EA&url=%252Fno%252Fbuy%252Findex.html%253Fpage%253D1%2526edid%253DCD6EABFF-F2F6-FE26-CC78-420DEA1CEE33%2526hlv%253D60ca1e1a-0af8-404f-ac73-41000a01000f%2523v_1644495634 HTTP/1.1" 200 247
54.36.148.238 - - [26/Feb/2025:01:38:37 +0100] "GET /ticket2/opencms/mo/buy?page=1&edid=1E8CD446-2E9F-5A21-E2F4-251CB3C89182 HTTP/1.1" 200 108600
20.171.207.37 - - [26/Feb/2025:01:38:39 +0100] "GET /ticket2/opencms/set_aff_cookie.jsp?partner=2E02071B-A8C3-4CBA-3097-C27D61C02ED8&url=%252Fsv%252Fbuy%252Findex.html%253Fpage%253D1%2526edid%253DD4B34039-2E18-B793-82DD-B729B5FBACD2%2526hlv%253D60f84bcf-54cc-4e13-a507-6ecf0a01000f%2523v_1073863568 HTTP/1.1" 200 247
66.249.64.131 - - [26/Feb/2025:01:38:40 +0100] "GET /ticket2/opencms/cs/buy?page=1&edid=45F6B2AD-17A6-3A66-C509-85761B6A5E9A&hlv=666dbb91-1864-4a65-8361-4e7e0a01000f HTTP/1.1" 200 112879
66.249.64.46 - - [26/Feb/2025:01:38:41 +0100] "GET /ticket2/opencms/ga/buy/?page=1&edid=C5541103-512C-D651-87BB-185D7BE93A66 HTTP/1.1" 200 111591
85.208.96.193 - - [26/Feb/2025:01:38:42 +0100] "GET /ticket2/opencms/sv/tickets/west-bromwich-albion/stoke.html HTTP/1.1" 200 88445
52.167.144.205 - - [26/Feb/2025:01:38:42 +0100] "GET /ticket2/opencms/sv/magazine/article?title=chelsea-fcs-och-deras-kamp-for-stabilitet HTTP/1.1" 200 93759
54.36.149.38 - - [26/Feb/2025:01:38:47 +0100] "GET /ticket2/opencms/sr/magazine/article?title=najskuplji-transferi-januarskog-prelaznog-roka HTTP/1.1" 200 93918
20.171.207.37 - - [26/Feb/2025:01:38:48 +0100] "GET /ticket2/opencms/set_aff_cookie.jsp?partner=2E02071B-A8C3-4CBA-3097-C27D61C02ED8&url=%252Fnl%252Fbuy%252Findex.html%253Fpage%253D1%2526edid%253D3F3A734D-4382-40A1-90C1-DDCABA9E878B%2526hlv%253D60f8483a-4934-4bd7-9bea-6ed00a01000f%2523v_1101836521 HTTP/1.1" 200 247
20.171.207.37 - - [26/Feb/2025:01:38:48 +0100] "GET /ticket2/opencms/set_aff_cookie.jsp?partner=2E02071B-A8C3-4CBA-3097-C27D61C02ED8&url=%252Fno%252Fbuy%252Findex.html%253Fpage%253D1%2526edid%253DCAC8203B-A7CB-D983-BA35-4898C9BB630C%2526hlv%253D61162e79-f7e4-4fe9-af73-6f020a01000f%2523v_442224684 HTTP/1.1" 200 246
54.36.149.28 - - [26/Feb/2025:01:38:50 +0100] "GET /ticket2/opencms/lv/buy?page=1&edid=069EC406-6DFD-08ED-B6CC-A7E203415919 HTTP/1.1" 200 111704
202.8.41.42 - - [26/Feb/2025:01:38:51 +0100] "GET /ticket2/opencms/system/modules/com.gridnine.opencms.ticketbrokerage.site/resources/css/jquery-ui.css HTTP/1.1" 200 33221
202.8.41.42 - - [26/Feb/2025:01:38:51 +0100] "GET /ticket2/opencms/system/modules/com.gridnine.opencms.ticketbrokerage.site/resources/css/ticketbrokerage.css HTTP/1.1" 200 39339
202.8.41.42 - - [26/Feb/2025:01:38:51 +0100] "GET /ticket2/opencms/system/modules/com.gridnine.opencms.ticketbrokerage.site/resources/css/standard.css HTTP/1.1" 200 74207
202.8.41.42 - - [26/Feb/2025:01:38:51 +0100] "GET /ticket2/opencms/system/modules/com.gridnine.opencms.ticketbrokerage.site/resources/css/calendar.css HTTP/1.1" 200 6871
202.8.41.42 - - [26/Feb/2025:01:38:51 +0100] "GET /ticket2/opencms/system/modules/com.gridnine.opencms.ticketbrokerage.site/resources/css/jquery.fancybox.css HTTP/1.1" 200 4939
202.8.41.42 - - [26/Feb/2025:01:38:51 +0100] "GET /ticket2/opencms/system/modules/com.gridnine.opencms.ticketbrokerage.site/resources/js/jquery/jquery-ui.js HTTP/1.1" 200 228088
202.8.41.42 - - [26/Feb/2025:01:38:51 +0100] "GET /ticket2/opencms/system/modules/com.gridnine.opencms.ticketbrokerage.site/resources/js/jquery/jquery.js HTTP/1.1" 200 93868
202.8.41.42 - - [26/Feb/2025:01:38:51 +0100] "GET /ticket2/opencms/system/modules/com.gridnine.opencms.ticketbrokerage.site/resources/js/functions.js HTTP/1.1" 200 1583
202.8.41.42 - - [26/Feb/2025:01:38:51 +0100] "GET /ticket2/opencms/system/modules/com.gridnine.opencms.ticketbrokerage.site/resources/js/calendar.js HTTP/1.1" 200 49229
202.8.41.42 - - [26/Feb/2025:01:38:51 +0100] "GET /ticket2/opencms/system/modules/com.gridnine.opencms.ticketbrokerage.site/resources/js/calendar-en.js HTTP/1.1" 200 3338
202.8.41.42 - - [26/Feb/2025:01:38:51 +0100] "GET /ticket2/opencms/system/modules/com.gridnine.opencms.ticketbrokerage.site/resources/js/calendar-setup.js HTTP/1.1" 200 4923
202.8.41.42 - - [26/Feb/2025:01:38:51 +0100] "GET /ticket2/opencms/system/modules/com.gridnine.opencms.ticketbrokerage.site/resources/js/jquery.fancybox.pack.js HTTP/1.1" 200 23187
202.8.41.42 - - [26/Feb/2025:01:38:51 +0100] "GET /ticket2/opencms/system/modules/com.gridnine.opencms.ticketbrokerage.site/resources/js/stickyfill.min.js HTTP/1.1" 200 5672
202.8.41.42 - - [26/Feb/2025:01:38:51 +0100] "GET /ticket2/opencms/system/modules/com.gridnine.opencms.ticketbrokerage.site/resources/js/standard.js HTTP/1.1" 200 3983
202.8.41.42 - - [26/Feb/2025:01:38:51 +0100] "GET /ticket2/opencms/system/modules/com.gridnine.opencms.ticketbrokerage.site/resources/js/jquery.placeholder.min.js HTTP/1.1" 200 1737
202.8.41.42 - - [26/Feb/2025:01:38:51 +0100] "GET /ticket2/opencms/system/modules/com.gridnine.opencms.ticketbrokerage.site/resources/js/common-ajax.js HTTP/1.1" 200 20175
202.8.41.42 - - [26/Feb/2025:01:38:51 +0100] "GET /ticket2/opencms/lv/ask-form.html HTTP/1.1" 200 3156
202.8.41.42 - - [26/Feb/2025:01:38:52 +0100] "GET /ticket2/opencms/system/modules/com.gridnine.opencms.ticketbrokerage.site/resources/css/ticketbrokerage.css HTTP/1.1" 200 39339
20.171.207.37 - - [26/Feb/2025:01:38:54 +0100] "GET /ticket2/opencms/set_aff_cookie.jsp?partner=692E2C6A-EC6F-1C93-AFCC-C5ACC23A93EA&url=%252Fno%252Fbuy%252Findex.html%253Fpage%253D1%2526edid%253D7A5ADC93-0EC8-0537-E5DD-6AC1A00B3DE9%2526hlv%253D60f812ab-e608-4346-ac03-5b710a01000f%2523v_473193024 HTTP/1.1" 200 246
47.128.37.80 - - [26/Feb/2025:01:38:56 +0100] "GET /ticket2/opencms/en/magazine/article?title=hugo-larsson-the-20-year-old-who-goes-from-strength-to-strength HTTP/1.1" 200 94022
66.220.149.42 - - [26/Feb/2025:01:38:56 +0100] "GET /ticket2/opencms/it/sport/biglietti-calcio/la-liga/mallorca/ HTTP/1.1" 200 99748
114.119.151.93 - - [26/Feb/2025:01:38:58 +0100] "GET /ticket2/opencms/tr/buy?page=1&edid=FBF97123-C4DC-224E-5916-1B6D9DC6C92D HTTP/1.1" 200 111417
20.171.207.37 - - [26/Feb/2025:01:39:02 +0100] "GET /ticket2/opencms/set_aff_cookie.jsp?partner=692E2C6A-EC6F-1C93-AFCC-C5ACC23A93EA&url=%252Fno%252Fbuy%252Findex.html%253Fpage%253D1%2526edid%253DD6A1B130-9B06-3599-EB71-2853514A277E%2526hlv%253D60c9f235-a7fc-41d7-9c54-2b880a01000f%2523v_474482070 HTTP/1.1" 200 246
20.171.207.37 - - [26/Feb/2025:01:39:02 +0100] "GET /ticket2/opencms/set_aff_cookie.jsp?partner=2E02071B-A8C3-4CBA-3097-C27D61C02ED8&url=%252Fen%252Fbuy%252Findex.html%253Fpage%253D1%2526edid%253DBA8D3DA7-D826-AB2B-1B8E-EFBE92B5BF6A%2526hlv%253D610bcc21-31b0-4979-94fe-13ad0a01000f%2523v_179426918 HTTP/1.1" 200 246
54.36.149.101 - - [26/Feb/2025:01:39:05 +0100] "GET /ticket2/opencms/nl/sport/voetbal-tickets/la_liga/las_palmas/ HTTP/1.1" 200 96239
20.171.207.37 - - [26/Feb/2025:01:39:05 +0100] "GET /ticket2/opencms/set_aff_cookie.jsp?partner=692E2C6A-EC6F-1C93-AFCC-C5ACC23A93EA&url=%252Fsv%252Fbuy%252Findex.html%253Fpage%253D1%2526edid%253DA6F0405B-6F91-7436-17DE-B2C293A2F2A2%2526hlv%253D610a517f-c624-4869-93b3-07410a01000f%2523v_529432342 HTTP/1.1" 200 246
20.171.207.37 - - [26/Feb/2025:01:39:08 +0100] "GET /ticket2/opencms/set_aff_cookie.jsp?partner=5E0CDF29-E7BE-9F6B-6869-7BF66B04006F&url=%252Ffi%252Fbuy%252Findex.html%253Fpage%253D1%2526edid%253D92D9A674-EDB4-A0FB-C5DF-A3BAFA7768AC%2526hlv%253D6144939e-e8f8-42ff-9f4a-77420a01000f%2523v_1927472634 HTTP/1.1" 200 247
20.171.207.37 - - [26/Feb/2025:01:39:11 +0100] "GET /ticket2/opencms/set_aff_cookie.jsp?partner=5E0CDF29-E7BE-9F6B-6869-7BF66B04006F&url=%252Fdk%252Fbuy%252Findex.html%253Fpage%253D1%2526edid%253D1F0062E5-B41B-134F-9FBF-4A7B26C9CCE3%2526hlv%253D611bb8dd-0c3c-4d2b-b3b8-4af30a01000f%2523v_700071174 HTTP/1.1" 200 246
85.208.96.204 - - [26/Feb/2025:01:39:12 +0100] "GET /ticket2/opencms/hu/magazine/article?title=manchester-city-nyeroje-a-premier-league-nek HTTP/1.1" 200 93106
20.171.207.37 - - [26/Feb/2025:01:39:13 +0100] "GET /ticket2/opencms/set_aff_cookie.jsp?partner=692E2C6A-EC6F-1C93-AFCC-C5ACC23A93EA&url=%252Fen%252Fbuy%252Findex.html%253Fpage%253D1%2526edid%253D9F75CAFF-859B-AF24-5E2C-871DFD0095F5%2526hlv%253D614ed5be-0b10-4681-aba2-7b680a01000f%2523v_963897043 HTTP/1.1" 200 246
190.92.206.200 - - [26/Feb/2025:01:39:13 +0100] "GET /ticket2/opencms/ga/buy?page=1&edid=D3AB0CA8-3C40-1AB9-8BEC-7D01F349EB4E HTTP/1.1" 200 111187
185.191.171.14 - - [26/Feb/2025:01:39:14 +0100] "GET /ticket2/opencms/dk/login/?url=%25252Fdk%25252Fsell%25252F HTTP/1.1" 200 90567
20.171.207.37 - - [26/Feb/2025:01:39:15 +0100] "GET /ticket2/opencms/set_aff_cookie.jsp?partner=6F250EA7-4505-FA01-D601-8847F2573405&url=%252Ffi%252Fbuy%252Findex.html%253Fpage%253D1%2526edid%253D1154DCB7-5A2A-A6AE-4672-BBF2DE0C9EC8%2526hlv%253D61126e9b-4c0c-4dfb-823d-28f30a01000f%2523v_976816594 HTTP/1.1" 200 246
185.191.171.14 - - [26/Feb/2025:01:39:15 +0100] "GET /ticket2/opencms/lt/magazine/article/ HTTP/1.1" 200 89134
85.208.96.193 - - [26/Feb/2025:01:39:18 +0100] "GET /ticket2/opencms/de/buying_tickets HTTP/1.1" 200 91966
54.36.148.31 - - [26/Feb/2025:01:39:22 +0100] "GET /ticket2/opencms/nl/sport/voetbal-tickets/la_liga/alaves/ HTTP/1.1" 200 97334
185.191.171.16 - - [26/Feb/2025:01:39:26 +0100] "GET /ticket2/opencms/fi/magazine/article?title=hugo-larsson-20-vuotias-joka-menee-voitosta-voittoon HTTP/1.1" 200 96172
185.191.171.4 - - [26/Feb/2025:01:39:27 +0100] "GET /ticket2/opencms/tr/magazine/article?title=neymar-eve-donuyor HTTP/1.1" 200 92794
20.171.207.37 - - [26/Feb/2025:01:39:27 +0100] "GET /ticket2/opencms/set_aff_cookie.jsp?partner=692E2C6A-EC6F-1C93-AFCC-C5ACC23A93EA&url=%252Fno%252Fbuy%252Findex.html%253Fpage%253D1%2526edid%253D2D8BABEA-B463-12A2-E630-9585FD2F3F33%2526hlv%253D61449821-6a70-470c-903f-79890a01000f%2523v_1424694228 HTTP/1.1" 200 247
94.16.123.107 - - [26/Feb/2025:01:39:29 +0100] "GET /ticket2/opencms/en/buy/?page=1&edid=65C03F06-B4E6-0D65-D535-E007A0321D02 HTTP/1.1" 200 110021
185.191.171.13 - - [26/Feb/2025:01:39:30 +0100] "GET /ticket2/opencms/sk/magazine/article?title=abdul-fatawu-bude-chybat-do-konca-sezony HTTP/1.1" 200 94640
20.171.207.37 - - [26/Feb/2025:01:39:31 +0100] "GET /ticket2/opencms/set_aff_cookie.jsp?partner=8F6DE15D-D831-5787-AE7E-FEFF53476F85&url=%252Ffi%252Fbuy%252Findex.html%253Fpage%253D1%2526edid%253DF9D480C8-CC9A-5C4B-D090-F29D97AF622B%2526hlv%253D60d0e101-8488-41d1-ac9b-407f0a01000f%2523v_1745210647 HTTP/1.1" 200 247
66.249.76.170 - - [26/Feb/2025:01:39:31 +0100] "GET /ticket2/opencms/ka/buy/?page=1&edid=6E1EEF1D-58EB-72BA-24BA-09C4B887C643 HTTP/1.1" 200 114401
66.249.64.33 - - [26/Feb/2025:01:39:33 +0100] "GET /ticket2/opencms/ga/buy/?page=1&edid=8CF7B327-CBF8-6902-00E4-357348B3DB32 HTTP/1.1" 200 112766
47.128.32.191 - - [26/Feb/2025:01:39:34 +0100] "GET /ticket2/opencms/sv/buy?edid=9281054C-8970-84EC-4079-0C8BCDDBCAD4 HTTP/1.1" 200 91210
54.36.148.176 - - [26/Feb/2025:01:39:34 +0100] "GET /ticket2/opencms/sv/buy?page=1&edid=71BCEC0A-D8F2-3C62-D68C-0DCA751BB9B9 HTTP/1.1" 200 108009
85.208.96.199 - - [26/Feb/2025:01:39:36 +0100] "GET /ticket2/opencms/el/magazine/article?title=oi-star-toy-eyrwpaikoy-prwta8lhmatos-poy-anazhtoyntai-perissotero-sto-google-kai-exoyn-toys-perissoteroys-akoloy8oys-sto-instagram HTTP/1.1" 200 99829
20.171.207.37 - - [26/Feb/2025:01:39:36 +0100] "GET /ticket2/opencms/set_aff_cookie.jsp?partner=8F6DE15D-D831-5787-AE7E-FEFF53476F85&url=%252Fno%252Fbuy%252Findex.html%253Fpage%253D1%2526edid%253D49FEC43E-3E83-185B-C185-BAAB3CE353B1%2526hlv%253D60f81bf8-08fc-47c2-a52d-5e890a01000f%2523v_1500334961 HTTP/1.1" 200 247
20.171.207.37 - - [26/Feb/2025:01:39:38 +0100] "GET /ticket2/opencms/set_aff_cookie.jsp?partner=692E2C6A-EC6F-1C93-AFCC-C5ACC23A93EA&url=%252Fsv%252Fbuy%252Findex.html%253Fpage%253D1%2526edid%253D0D33199C-853B-C4DC-F1E2-6CF75BE0B211%2526hlv%253D60d1b714-5768-49ba-9fcb-2f630a01000f%2523v_1860571572 HTTP/1.1" 200 247
20.171.207.37 - - [26/Feb/2025:01:39:39 +0100] "GET /ticket2/opencms/set_aff_cookie.jsp?partner=5E0CDF29-E7BE-9F6B-6869-7BF66B04006F&url=%252Fnl%252Fbuy%252Findex.html%253Fpage%253D1%2526edid%253D92D9A674-EDB4-A0FB-C5DF-A3BAFA7768AC%2526hlv%253D6144939e-17e0-44bd-a07f-77420a01000f%2523v_560825414 HTTP/1.1" 200 246
66.249.64.131 - - [26/Feb/2025:01:39:40 +0100] "GET /ticket2/opencms/cs/buy?page=1&edid=0F1609DC-3333-3ED5-6855-0A373223136E&hlv=66d60189-1940-4178-b32c-38000a01000f HTTP/1.1" 200 113307
20.171.207.37 - - [26/Feb/2025:01:39:42 +0100] "GET /ticket2/opencms/set_aff_cookie.jsp?partner=692E2C6A-EC6F-1C93-AFCC-C5ACC23A93EA&url=%252Fdk%252Fbuy%252Findex.html%253Fpage%253D1%2526edid%253D86D37D10-EC86-DA68-64A2-A231E525A63B%2526hlv%253D61154cc9-a344-4214-a957-15fa0a01000f%2523v_1619636128 HTTP/1.1" 200 247
185.191.171.4 - - [26/Feb/2025:01:39:44 +0100] "GET /ticket2/opencms/sl/magazine/article?title=kylian-mbappe-navdusuje HTTP/1.1" 200 92677
20.171.207.37 - - [26/Feb/2025:01:39:46 +0100] "GET /ticket2/opencms/set_aff_cookie.jsp?partner=692E2C6A-EC6F-1C93-AFCC-C5ACC23A93EA&url=%252Fen%252Fbuy%252Findex.html%253Fpage%253D1%2526edid%253DD5ECBB60-B9DE-C9C5-5B4C-845CEC40C77F%2526hlv%253D61154dca-0758-4bef-81d2-16150a01000f%2523v_454795300 HTTP/1.1" 200 246
20.171.207.37 - - [26/Feb/2025:01:39:48 +0100] "GET /ticket2/opencms/set_aff_cookie.jsp?partner=692E2C6A-EC6F-1C93-AFCC-C5ACC23A93EA&url=%252Fno%252Fbuy%252Findex.html%253Fpage%253D1%2526edid%253D0AF722C7-398C-BD7F-56C9-079824699138%2526hlv%253D60f81a7b-adc4-4cf9-a054-5d1e0a01000f%2523v_1209136558 HTTP/1.1" 200 247
54.36.148.242 - - [26/Feb/2025:01:39:51 +0100] "GET /ticket2/opencms/lv/buy/?page=1&edid=096598FE-DA35-4351-DFEE-DC9ACA0F0EF9 HTTP/1.1" 200 135174
20.171.207.37 - - [26/Feb/2025:01:39:52 +0100] "GET /ticket2/opencms/set_aff_cookie.jsp?partner=57601924-FB09-5BB2-867F-08B4EB522BA8&url=%252Fnl%252Fbuy%252Findex.html%253Fpage%253D1%2526edid%253D457A4AFF-A6EF-C071-9DEF-1F13C05D6B21%2526hlv%253D611514f7-47a0-41fd-8065-7a5b0a01000f%2523v_327201596 HTTP/1.1" 200 246
20.171.207.37 - - [26/Feb/2025:01:39:52 +0100] "GET /ticket2/opencms/set_aff_cookie.jsp?partner=692E2C6A-EC6F-1C93-AFCC-C5ACC23A93EA&url=%252Fsv%252Fbuy%252Findex.html%253Fpage%253D1%2526edid%253DA5392617-A8A6-5394-B72C-AA82A5C556B3%2526hlv%253D614c79a4-4ecc-4f62-8803-1a2e0a01000f%2523v_834714620 HTTP/1.1" 200 246
66.249.64.130 - - [26/Feb/2025:01:39:53 +0100] "GET /ticket2/opencms/de/buy/?page=1&edid=739E0803-1C1B-F2C0-1BBA-C74FC56F4279 HTTP/1.1" 200 110996
20.171.207.37 - - [26/Feb/2025:01:39:55 +0100] "GET /ticket2/opencms/set_aff_cookie.jsp?partner=692E2C6A-EC6F-1C93-AFCC-C5ACC23A93EA&url=%252Fsv%252Fbuy%252Findex.html%253Fpage%253D1%2526edid%253DAA8F437D-FB32-9DC7-FD41-122608E61459%2526hlv%253D610bcdaf-6da4-4e5f-83bc-146b0a01000f%2523v_1239153809 HTTP/1.1" 200 247
66.249.64.130 - - [26/Feb/2025:01:39:57 +0100] "GET /ticket2/opencms/fi/buy?page=10&eventid=C7B8839D-D05D-58E7-D08F-88E8ADCFDD77 HTTP/1.1" 200 92961
185.191.171.10 - - [26/Feb/2025:01:40:01 +0100] "GET /ticket2/opencms/it/magazine/article?title=sul-club-di-calcio-liverpool-fc HTTP/1.1" 200 94645
20.171.207.37 - - [26/Feb/2025:01:40:01 +0100] "GET /ticket2/opencms/set_aff_cookie.jsp?partner=692E2C6A-EC6F-1C93-AFCC-C5ACC23A93EA&url=%252Fen%252Fbuy%252Findex.html%253Fpage%253D1%2526edid%253DCF3BDDE8-6C6B-F85B-528C-11C48A316B2B%2526hlv%253D60ca0f5a-c944-413d-a527-36280a01000f%2523v_1070003414 HTTP/1.1" 200 247
47.128.112.246 - - [26/Feb/2025:01:40:02 +0100] "GET /ticket2/opencms/lv/buy/?edid=545500C1-BB0B-5A7A-19F5-5BE1D1D185C5 HTTP/1.1" 200 91485
66.220.149.113 - - [26/Feb/2025:01:40:02 +0100] "GET /ticket2/opencms/sl/buy/?page=1&edid=79B5950A-8F2F-84F8-FCAC-0BA8722B353B HTTP/1.1" 200 112442
80.182.213.34 - - [26/Feb/2025:01:40:02 +0100] "GET /ticket2/opencms/set_aff_cookie.jsp?partner=53673ED6-1455-FA54-818F-B1F67121E37C&url=/it/buy/index.html%3Fpage%3D1%26edid%3DBD719054-11F0-C21F-E1D7-4BD8F12BE51A%26hlv%3D668ee175-03e0-43c8-ba02-1afe0a01000f%23v1369791059 HTTP/1.1" 200 225
80.182.213.34 - - [26/Feb/2025:01:40:03 +0100] "GET /ticket2/opencms/it/buy/?page=1&edid=BD719054-11F0-C21F-E1D7-4BD8F12BE51A&hlv=668ee175-03e0-43c8-ba02-1afe0a01000f HTTP/1.1" 200 91564
152.53.108.253 - - [26/Feb/2025:01:40:03 +0100] "GET /ticket2/opencms/en/buy/?page=1&edid=57449F59-3EAF-BBAB-4AC9-B7A456A32485 HTTP/1.1" 200 121977
80.182.213.34 - - [26/Feb/2025:01:40:03 +0100] "GET /ticket2/opencms/system/modules/com.gridnine.opencms.ticketbrokerage.site/resources/js/jquery/jquery.js HTTP/1.1" 200 93868
80.182.213.34 - - [26/Feb/2025:01:40:03 +0100] "GET /ticket2/opencms/system/modules/com.gridnine.opencms.ticketbrokerage.site/resources/js/jquery/jquery-ui.js HTTP/1.1" 200 228088
80.182.213.34 - - [26/Feb/2025:01:40:03 +0100] "GET /ticket2/opencms/system/modules/com.gridnine.opencms.ticketbrokerage.site/resources/css/calendar.css HTTP/1.1" 200 6871
80.182.213.34 - - [26/Feb/2025:01:40:03 +0100] "GET /ticket2/opencms/system/modules/com.gridnine.opencms.ticketbrokerage.site/resources/css/ticketbrokerage.css HTTP/1.1" 200 39339
80.182.213.34 - - [26/Feb/2025:01:40:03 +0100] "GET /ticket2/opencms/system/modules/com.gridnine.opencms.ticketbrokerage.site/resources/css/jquery-ui.css HTTP/1.1" 200 33221
80.182.213.34 - - [26/Feb/2025:01:40:03 +0100] "GET /ticket2/opencms/system/modules/com.gridnine.opencms.ticketbrokerage.site/resources/js/functions.js HTTP/1.1" 200 1583
80.182.213.34 - - [26/Feb/2025:01:40:03 +0100] "GET /ticket2/opencms/system/modules/com.gridnine.opencms.ticketbrokerage.site/resources/js/jquery.placeholder.min.js HTTP/1.1" 200 1737
80.182.213.34 - - [26/Feb/2025:01:40:03 +0100] "GET /ticket2/opencms/system/modules/com.gridnine.opencms.ticketbrokerage.site/resources/js/calendar.js HTTP/1.1" 200 49229
80.182.213.34 - - [26/Feb/2025:01:40:03 +0100] "GET /ticket2/opencms/system/modules/com.gridnine.opencms.ticketbrokerage.site/resources/js/calendar-en.js HTTP/1.1" 200 3338
80.182.213.34 - - [26/Feb/2025:01:40:03 +0100] "GET /ticket2/opencms/system/modules/com.gridnine.opencms.ticketbrokerage.site/resources/js/calendar-setup.js HTTP/1.1" 200 4923
80.182.213.34 - - [26/Feb/2025:01:40:03 +0100] "GET /ticket2/opencms/system/modules/com.gridnine.opencms.ticketbrokerage.site/resources/js/common-ajax.js HTTP/1.1" 200 20175
80.182.213.34 - - [26/Feb/2025:01:40:03 +0100] "GET /ticket2/opencms/system/modules/com.gridnine.opencms.ticketbrokerage.site/resources/js/jquery.fancybox.pack.js HTTP/1.1" 200 23187
80.182.213.34 - - [26/Feb/2025:01:40:03 +0100] "GET /ticket2/opencms/system/modules/com.gridnine.opencms.ticketbrokerage.site/resources/js/stickyfill.min.js HTTP/1.1" 200 5672
80.182.213.34 - - [26/Feb/2025:01:40:03 +0100] "GET /ticket2/opencms/system/modules/com.gridnine.opencms.ticketbrokerage.site/resources/js/standard.js HTTP/1.1" 200 3983
80.182.213.34 - - [26/Feb/2025:01:40:03 +0100] "GET /ticket2/opencms/system/modules/com.gridnine.opencms.ticketbrokerage.site/resources/css/standard.css HTTP/1.1" 200 74207
80.182.213.34 - - [26/Feb/2025:01:40:03 +0100] "GET /ticket2/opencms/system/modules/com.gridnine.opencms.ticketbrokerage.site/resources/pics/logo-new.png HTTP/1.1" 200 13541
80.182.213.34 - - [26/Feb/2025:01:40:04 +0100] "GET /ticket2/opencms/img/insta.png HTTP/1.1" 200 3967
80.182.213.34 - - [26/Feb/2025:01:40:04 +0100] "GET /ticket2/opencms/img/fb.png HTTP/1.1" 200 1269
80.182.213.34 - - [26/Feb/2025:01:40:04 +0100] "GET /ticket2/opencms/system/modules/com.gridnine.opencms.ticketbrokerage.site/resources/pics/footer-img.jpg HTTP/1.1" 200 67642
80.182.213.34 - - [26/Feb/2025:01:40:04 +0100] "GET /ticket2/opencms/system/modules/com.gridnine.opencms.ticketbrokerage.site/resources/css/jquery.fancybox.css HTTP/1.1" 200 4939
80.182.213.34 - - [26/Feb/2025:01:40:04 +0100] "GET /ticket2/opencms/img/icons/globe-white.png HTTP/1.1" 200 947
80.182.213.34 - - [26/Feb/2025:01:40:05 +0100] "GET /ticket2/opencms/img/check.png HTTP/1.1" 200 548
80.182.213.34 - - [26/Feb/2025:01:40:05 +0100] "GET /ticket2/opencms/img/mail.png HTTP/1.1" 200 403
80.182.213.34 - - [26/Feb/2025:01:40:05 +0100] "GET /ticket2/opencms/img/chat.png HTTP/1.1" 200 416
80.182.213.34 - - [26/Feb/2025:01:40:05 +0100] "GET /ticket2/opencms/img/arrow.png HTTP/1.1" 200 753
80.182.213.34 - - [26/Feb/2025:01:40:05 +0100] "GET /ticket2/opencms/img/icons/se.png HTTP/1.1" 200 1258
80.182.213.34 - - [26/Feb/2025:01:40:05 +0100] "GET /ticket2/opencms/img/icons/fi.png HTTP/1.1" 200 1785
80.182.213.34 - - [26/Feb/2025:01:40:05 +0100] "GET /ticket2/opencms/img/icons/no.png HTTP/1.1" 200 1958
80.182.213.34 - - [26/Feb/2025:01:40:05 +0100] "GET /ticket2/opencms/img/icons/dk.png HTTP/1.1" 200 1706
80.182.213.34 - - [26/Feb/2025:01:40:05 +0100] "GET /ticket2/opencms/img/icons/it.png HTTP/1.1" 200 2040
80.182.213.34 - - [26/Feb/2025:01:40:05 +0100] "GET /ticket2/opencms/img/icons/pl.png HTTP/1.1" 200 1578
80.182.213.34 - - [26/Feb/2025:01:40:05 +0100] "GET /ticket2/opencms/img/icons/sq.png HTTP/1.1" 200 1619
80.182.213.34 - - [26/Feb/2025:01:40:05 +0100] "GET /ticket2/opencms/img/icons/es.png HTTP/1.1" 200 1005
80.182.213.34 - - [26/Feb/2025:01:40:05 +0100] "GET /ticket2/opencms/img/icons/fr.png HTTP/1.1" 200 1764
80.182.213.34 - - [26/Feb/2025:01:40:05 +0100] "GET /ticket2/opencms/img/icons/nl.png HTTP/1.1" 200 1255
80.182.213.34 - - [26/Feb/2025:01:40:05 +0100] "GET /ticket2/opencms/img/icons/az.png HTTP/1.1" 200 1445
80.182.213.34 - - [26/Feb/2025:01:40:05 +0100] "GET /ticket2/opencms/img/icons/en.png HTTP/1.1" 200 2415
80.182.213.34 - - [26/Feb/2025:01:40:06 +0100] "GET /ticket2/opencms/img/icons/be.png HTTP/1.1" 200 1663
80.182.213.34 - - [26/Feb/2025:01:40:06 +0100] "GET /ticket2/opencms/img/icons/bg.png HTTP/1.1" 200 788
80.182.213.34 - - [26/Feb/2025:01:40:06 +0100] "GET /ticket2/opencms/img/icons/bs.png HTTP/1.1" 200 1014
80.182.213.34 - - [26/Feb/2025:01:40:06 +0100] "GET /ticket2/opencms/img/icons/hr.png HTTP/1.1" 200 2024
80.182.213.34 - - [26/Feb/2025:01:40:06 +0100] "GET /ticket2/opencms/img/icons/cs.png HTTP/1.1" 200 1883
80.182.213.34 - - [26/Feb/2025:01:40:06 +0100] "GET /ticket2/opencms/img/icons/et.png HTTP/1.1" 200 754
80.182.213.34 - - [26/Feb/2025:01:40:06 +0100] "GET /ticket2/opencms/img/icons/el.png HTTP/1.1" 200 1637
80.182.213.34 - - [26/Feb/2025:01:40:06 +0100] "GET /ticket2/opencms/img/icons/ka.png HTTP/1.1" 200 860
80.182.213.34 - - [26/Feb/2025:01:40:06 +0100] "GET /ticket2/opencms/img/icons/hu.png HTTP/1.1" 200 733
80.182.213.34 - - [26/Feb/2025:01:40:06 +0100] "GET /ticket2/opencms/img/icons/is.png HTTP/1.1" 200 1884
80.182.213.34 - - [26/Feb/2025:01:40:06 +0100] "GET /ticket2/opencms/img/icons/lv.png HTTP/1.1" 200 716
80.182.213.34 - - [26/Feb/2025:01:40:06 +0100] "GET /ticket2/opencms/img/icons/ga.png HTTP/1.1" 200 1759
80.182.213.34 - - [26/Feb/2025:01:40:06 +0100] "GET /ticket2/opencms/img/icons/lt.png HTTP/1.1" 200 733
80.182.213.34 - - [26/Feb/2025:01:40:06 +0100] "GET /ticket2/opencms/img/icons/mt.png HTTP/1.1" 200 920
80.182.213.34 - - [26/Feb/2025:01:40:06 +0100] "GET /ticket2/opencms/img/icons/mo.png HTTP/1.1" 200 1468
80.182.213.34 - - [26/Feb/2025:01:40:06 +0100] "GET /ticket2/opencms/img/icons/sr.png HTTP/1.1" 200 1602
80.182.213.34 - - [26/Feb/2025:01:40:06 +0100] "GET /ticket2/opencms/img/icons/ro.png HTTP/1.1" 200 1393
80.182.213.34 - - [26/Feb/2025:01:40:06 +0100] "GET /ticket2/opencms/img/icons/sl.png HTTP/1.1" 200 966
80.182.213.34 - - [26/Feb/2025:01:40:06 +0100] "GET /ticket2/opencms/img/icons/sk.png HTTP/1.1" 200 1283
80.182.213.34 - - [26/Feb/2025:01:40:06 +0100] "GET /ticket2/opencms/img/icons/uk.png HTTP/1.1" 200 1272
80.182.213.34 - - [26/Feb/2025:01:40:06 +0100] "GET /ticket2/opencms/img/icons/tr.png HTTP/1.1" 200 1636
20.171.207.37 - - [26/Feb/2025:01:40:06 +0100] "GET /ticket2/opencms/set_aff_cookie.jsp?partner=692E2C6A-EC6F-1C93-AFCC-C5ACC23A93EA&url=%252Fen%252Fbuy%252Findex.html%253Fpage%253D1%2526edid%253D6FC750EC-74FC-8FD0-F9AA-382A290160FE%2526hlv%253D60f80ca9-8124-4a5b-b86e-587e0a01000f%2523v_1801363446 HTTP/1.1" 200 247
80.182.213.34 - - [26/Feb/2025:01:40:06 +0100] "GET /ticket2/opencms/img/icons/de.png HTTP/1.1" 200 1124
80.182.213.34 - - [26/Feb/2025:01:40:07 +0100] "GET /ticket2/opencms/img/icons/ticket2.thumbnail.png HTTP/1.1" 200 21519
80.182.213.34 - - [26/Feb/2025:01:40:07 +0100] "GET /ticket2/opencms/system/modules/com.gridnine.opencms.ticketbrokerage.site/resources/js/standard.js HTTP/1.1" 200 3983
20.171.207.37 - - [26/Feb/2025:01:40:07 +0100] "GET /ticket2/opencms/set_aff_cookie.jsp?partner=692E2C6A-EC6F-1C93-AFCC-C5ACC23A93EA&url=%252Fru%252Fbuy%252Findex.html%253Fpage%253D1%2526edid%253DCA01FDD0-CDF6-AC8A-12E5-7A918397496D%2526hlv%253D60f94e39-a5ec-487e-a061-53ff0a01000f%2523v_2011899904 HTTP/1.1" 200 247
54.36.148.33 - - [26/Feb/2025:01:40:08 +0100] "GET /ticket2/opencms/sv/sport/fotbollsbiljetter/la_liga/rayo_vallecano/ HTTP/1.1" 200 99090
114.119.157.43 - - [26/Feb/2025:01:40:08 +0100] "GET /ticket2/opencms/sv/buy?page=1&edid=0AB84F0A-26E7-F1BE-836E-8235C737C908 HTTP/1.1" 200 111192
20.171.207.37 - - [26/Feb/2025:01:40:09 +0100] "GET /ticket2/opencms/set_aff_cookie.jsp?partner=5E0CDF29-E7BE-9F6B-6869-7BF66B04006F&url=%252Fru%252Fbuy%252Findex.html%253Fpage%253D1%2526edid%253D39168B9C-E36E-857F-42A1-E431E428BADA%2526hlv%253D60f81fe8-ae5c-4327-896c-5d1e0a01000f%2523v_847815933 HTTP/1.1" 200 246
20.171.207.37 - - [26/Feb/2025:01:40:12 +0100] "GET /ticket2/opencms/set_aff_cookie.jsp?partner=692E2C6A-EC6F-1C93-AFCC-C5ACC23A93EA&url=%252Fnl%252Fbuy%252Findex.html%253Fpage%253D1%2526edid%253DF47DF802-2646-14FD-FC5A-796CF117DF06%2526hlv%253D61127b0d-3afc-4ebf-9d18-2e4e0a01000f%2523v_365100609 HTTP/1.1" 200 246
20.171.207.37 - - [26/Feb/2025:01:40:13 +0100] "GET /ticket2/opencms/set_aff_cookie.jsp?partner=8F6DE15D-D831-5787-AE7E-FEFF53476F85&url=%252Fen%252Fbuy%252Findex.html%253Fpage%253D1%2526edid%253DBFDFE449-D4A2-3EC2-5F36-4B5707D3EE53%2526hlv%253D60ca1296-3a68-4c37-b310-3b1b0a01000f%2523v_363393039 HTTP/1.1" 200 246
47.128.96.201 - - [26/Feb/2025:01:40:16 +0100] "GET /ticket2/opencms/lv/buy?edid=BAABB633-B2E8-EF46-E62A-5B4F0947927C HTTP/1.1" 200 91524
66.249.64.130 - - [26/Feb/2025:01:40:19 +0100] "GET /ticket2/opencms/tr/buy/?page=1&edid=3500324C-4D6A-19B7-964B-816D2FCB76D2 HTTP/1.1" 200 111344
114.119.151.50 - - [26/Feb/2025:01:40:20 +0100] "GET /ticket2/opencms/en/venue/?venueid=7D8DF134-6F27-D920-88FC-4F540A20C7A1 HTTP/1.1" 200 85282
166.108.205.215 - - [26/Feb/2025:01:40:20 +0100] "GET /ticket2/opencms/ga/buy?comcatid=0A6B8208-FDA4-E929-9D72-5312FD481B76&catid=412DBCF4-025D-8ABC-7A40-D7C760E055FF HTTP/1.1" 200 96914
20.171.207.37 - - [26/Feb/2025:01:40:20 +0100] "GET /ticket2/opencms/set_aff_cookie.jsp?partner=692E2C6A-EC6F-1C93-AFCC-C5ACC23A93EA&url=%252Fru%252Fbuy%252Findex.html%253Fpage%253D1%2526edid%253D268F6694-F84C-E40C-EBC1-404E5051D05D%2526hlv%253D60f94ec4-29a0-4d31-9747-544d0a01000f%2523v_1183769027 HTTP/1.1" 200 247
20.171.207.37 - - [26/Feb/2025:01:40:22 +0100] "GET /ticket2/opencms/set_aff_cookie.jsp?partner=8F6DE15D-D831-5787-AE7E-FEFF53476F85&url=%252Fen%252Fbuy%252Findex.html%253Fpage%253D1%2526edid%253D50F18BFF-700E-1E6F-C17F-C358E206F903%2526hlv%253D60ca0a77-492c-4dc1-9f6e-36280a01000f%2523v_814099034 HTTP/1.1" 200 246
54.36.149.5 - - [26/Feb/2025:01:40:22 +0100] "GET /ticket2/opencms/no/buy?page=1&edid=20146FB3-A7AB-AA61-9E1A-7C70A530633D HTTP/1.1" 200 124651
20.171.207.37 - - [26/Feb/2025:01:40:23 +0100] "GET /ticket2/opencms/set_aff_cookie.jsp?partner=692E2C6A-EC6F-1C93-AFCC-C5ACC23A93EA&url=%252Fdk%252Fbuy%252Findex.html%253Fpage%253D1%2526edid%253D37CCBCCA-CDAD-6DBB-02E4-092F4F3842E9%2526hlv%253D60f84b84-0bbc-4881-9bdf-6f870a01000f%2523v_549442932 HTTP/1.1" 200 246
66.249.64.98 - - [26/Feb/2025:01:40:24 +0100] "GET /ticket2/opencms/fi/buy/?page=10&eventid=79608D61-AAF5-D175-02C0-7A0FB72F565C&column= HTTP/1.1" 200 99145
20.171.207.37 - - [26/Feb/2025:01:40:25 +0100] "GET /ticket2/opencms/set_aff_cookie.jsp?partner=8F6DE15D-D831-5787-AE7E-FEFF53476F85&url=%252Fen%252Fbuy%252Findex.html%253Fpage%253D1%2526edid%253DBF225AEB-CFAC-EB68-F0A7-2E52AF288383%2526hlv%253D60f81c30-73dc-4e80-b91c-5dfa0a01000f%2523v_1537354222 HTTP/1.1" 200 247
80.182.213.34 - - [26/Feb/2025:01:40:25 +0100] "GET /ticket2/opencms/set_aff_cookie.jsp?partner=53673ED6-1455-FA54-818F-B1F67121E37C&url=/it/buy/index.html%3Fpage%3D1%26edid%3DBD719054-11F0-C21F-E1D7-4BD8F12BE51A%26hlv%3D668ee175-03e0-43c8-ba02-1afe0a01000f%23v1369791059 HTTP/1.1" 200 225
80.182.213.34 - - [26/Feb/2025:01:40:25 +0100] "GET /ticket2/opencms/it/buy/?page=1&edid=BD719054-11F0-C21F-E1D7-4BD8F12BE51A&hlv=668ee175-03e0-43c8-ba02-1afe0a01000f HTTP/1.1" 200 91567
80.182.213.34 - - [26/Feb/2025:01:40:26 +0100] "GET /ticket2/opencms/system/modules/com.gridnine.opencms.ticketbrokerage.site/resources/css/ticketbrokerage.css HTTP/1.1" 200 39339
80.182.213.34 - - [26/Feb/2025:01:40:26 +0100] "GET /ticket2/opencms/system/modules/com.gridnine.opencms.ticketbrokerage.site/resources/css/standard.css HTTP/1.1" 200 74207
80.182.213.34 - - [26/Feb/2025:01:40:26 +0100] "GET /ticket2/opencms/system/modules/com.gridnine.opencms.ticketbrokerage.site/resources/js/calendar-en.js HTTP/1.1" 200 3338
80.182.213.34 - - [26/Feb/2025:01:40:26 +0100] "GET /ticket2/opencms/system/modules/com.gridnine.opencms.ticketbrokerage.site/resources/css/calendar.css HTTP/1.1" 200 6871
80.182.213.34 - - [26/Feb/2025:01:40:26 +0100] "GET /ticket2/opencms/system/modules/com.gridnine.opencms.ticketbrokerage.site/resources/js/calendar.js HTTP/1.1" 200 49229
80.182.213.34 - - [26/Feb/2025:01:40:26 +0100] "GET /ticket2/opencms/system/modules/com.gridnine.opencms.ticketbrokerage.site/resources/js/calendar-setup.js HTTP/1.1" 200 4923
80.182.213.34 - - [26/Feb/2025:01:40:26 +0100] "GET /ticket2/opencms/system/modules/com.gridnine.opencms.ticketbrokerage.site/resources/js/functions.js HTTP/1.1" 200 1583
80.182.213.34 - - [26/Feb/2025:01:40:26 +0100] "GET /ticket2/opencms/system/modules/com.gridnine.opencms.ticketbrokerage.site/resources/js/standard.js HTTP/1.1" 200 3983
66.249.70.172 - - [26/Feb/2025:01:40:26 +0100] "GET /ticket2/opencms/pl/magazine/article?title=manchester-city-mistrzowie-czwarty-rok-z-rzedu HTTP/1.1" 200 94152
114.119.132.9 - - [26/Feb/2025:01:40:27 +0100] "GET /ticket2/opencms/es/buy?page=1&edid=299450E2-FDAD-4E2B-0058-6290A7A2B57D HTTP/1.1" 200 112021
85.208.96.202 - - [26/Feb/2025:01:40:36 +0100] "GET /ticket2/opencms/bs/magazine/article?title=najskuplji-transferi-januarskog-prijelaznog-roka HTTP/1.1" 200 93412
54.36.148.35 - - [26/Feb/2025:01:40:37 +0100] "GET /ticket2/opencms/mt/login/ HTTP/1.1" 200 91910
20.171.207.37 - - [26/Feb/2025:01:40:37 +0100] "GET /ticket2/opencms/set_aff_cookie.jsp?partner=692E2C6A-EC6F-1C93-AFCC-C5ACC23A93EA&url=%252Fen%252Fbuy%252Findex.html%253Fpage%253D1%2526edid%253D30CB7959-9308-5BEA-03F2-ADAC2FC91A64%2526hlv%253D60f844ca-5338-4b4e-8dc2-6ec40a01000f%2523v_748133325 HTTP/1.1" 200 246
66.249.64.130 - - [26/Feb/2025:01:40:39 +0100] "GET /ticket2/opencms/bg/magazine/article?title=allsvenskan-shvedskata-premiur-liga-vuv-futbola HTTP/1.1" 200 95533
54.36.148.3 - - [26/Feb/2025:01:40:40 +0100] "GET /ticket2/opencms/fr/ HTTP/1.1" 200 106518
202.8.41.117 - - [26/Feb/2025:01:40:41 +0100] "GET /ticket2/opencms/system/modules/com.gridnine.opencms.ticketbrokerage.site/resources/css/calendar.css HTTP/1.1" 200 6871
202.8.41.117 - - [26/Feb/2025:01:40:41 +0100] "GET /ticket2/opencms/system/modules/com.gridnine.opencms.ticketbrokerage.site/resources/css/jquery-ui.css HTTP/1.1" 200 33221
202.8.41.117 - - [26/Feb/2025:01:40:41 +0100] "GET /ticket2/opencms/system/modules/com.gridnine.opencms.ticketbrokerage.site/resources/css/ticketbrokerage.css HTTP/1.1" 200 39339
202.8.41.117 - - [26/Feb/2025:01:40:41 +0100] "GET /ticket2/opencms/system/modules/com.gridnine.opencms.ticketbrokerage.site/resources/css/standard.css HTTP/1.1" 200 74207
202.8.41.117 - - [26/Feb/2025:01:40:41 +0100] "GET /ticket2/opencms/system/modules/com.gridnine.opencms.ticketbrokerage.site/resources/css/jquery.fancybox.css HTTP/1.1" 200 4939
202.8.41.117 - - [26/Feb/2025:01:40:41 +0100] "GET /ticket2/opencms/system/modules/com.gridnine.opencms.ticketbrokerage.site/resources/js/jquery/jquery.js HTTP/1.1" 200 93868
202.8.41.117 - - [26/Feb/2025:01:40:41 +0100] "GET /ticket2/opencms/system/modules/com.gridnine.opencms.ticketbrokerage.site/resources/js/calendar.js HTTP/1.1" 200 49229
202.8.41.117 - - [26/Feb/2025:01:40:41 +0100] "GET /ticket2/opencms/system/modules/com.gridnine.opencms.ticketbrokerage.site/resources/js/functions.js HTTP/1.1" 200 1583
202.8.41.117 - - [26/Feb/2025:01:40:41 +0100] "GET /ticket2/opencms/system/modules/com.gridnine.opencms.ticketbrokerage.site/resources/js/jquery/jquery-ui.js HTTP/1.1" 200 228088
202.8.41.117 - - [26/Feb/2025:01:40:41 +0100] "GET /ticket2/opencms/system/modules/com.gridnine.opencms.ticketbrokerage.site/resources/js/calendar-setup.js HTTP/1.1" 200 4923
202.8.41.117 - - [26/Feb/2025:01:40:41 +0100] "GET /ticket2/opencms/system/modules/com.gridnine.opencms.ticketbrokerage.site/resources/js/calendar-en.js HTTP/1.1" 200 3338
202.8.41.117 - - [26/Feb/2025:01:40:41 +0100] "GET /ticket2/opencms/system/modules/com.gridnine.opencms.ticketbrokerage.site/resources/js/jquery.fancybox.pack.js HTTP/1.1" 200 23187
202.8.41.117 - - [26/Feb/2025:01:40:41 +0100] "GET /ticket2/opencms/system/modules/com.gridnine.opencms.ticketbrokerage.site/resources/js/stickyfill.min.js HTTP/1.1" 200 5672
202.8.41.117 - - [26/Feb/2025:01:40:41 +0100] "GET /ticket2/opencms/system/modules/com.gridnine.opencms.ticketbrokerage.site/resources/js/standard.js HTTP/1.1" 200 3983
202.8.41.117 - - [26/Feb/2025:01:40:41 +0100] "GET /ticket2/opencms/system/modules/com.gridnine.opencms.ticketbrokerage.site/resources/js/jquery.placeholder.min.js HTTP/1.1" 200 1737
202.8.41.117 - - [26/Feb/2025:01:40:42 +0100] "GET /ticket2/opencms/system/modules/com.gridnine.opencms.ticketbrokerage.site/resources/js/common-ajax.js HTTP/1.1" 200 20175
114.119.153.152 - - [26/Feb/2025:01:40:43 +0100] "GET /ticket2/opencms/pl/buy?page=1&edid=124E8283-E5DC-7FAE-437D-48A8B5EF948C HTTP/1.1" 200 112278
20.171.207.37 - - [26/Feb/2025:01:40:50 +0100] "GET /ticket2/opencms/set_aff_cookie.jsp?partner=2E02071B-A8C3-4CBA-3097-C27D61C02ED8&url=%252Fdk%252Fbuy%252Findex.html%253Fpage%253D1%2526edid%253D8CF6788D-AB36-8397-1F86-FEE4FE6FC147%2526hlv%253D60ca165f-d6c8-4f79-87d9-3d4d0a01000f%2523v_1870396464 HTTP/1.1" 200 247
66.249.76.41 - - [26/Feb/2025:01:40:51 +0100] "GET /ticket2/opencms/pl/magazine/article?title=nowy-kapitan-druzyny-dejan-kulusevski HTTP/1.1" 200 91741
54.36.148.26 - - [26/Feb/2025:01:40:51 +0100] "GET /ticket2/opencms/img/fb.png HTTP/1.1" 200 1269
54.36.148.202 - - [26/Feb/2025:01:40:51 +0100] "GET /ticket2/opencms/system/modules/com.gridnine.opencms.ticketbrokerage.site/resources/pics/footer-img.jpg HTTP/1.1" 200 67642
54.36.149.83 - - [26/Feb/2025:01:40:51 +0100] "GET /ticket2/opencms/img/insta.png HTTP/1.1" 200 3967
20.171.207.37 - - [26/Feb/2025:01:40:52 +0100] "GET /ticket2/opencms/set_aff_cookie.jsp?partner=5E0CDF29-E7BE-9F6B-6869-7BF66B04006F&url=%252Fru%252Fbuy%252Findex.html%253Fpage%253D1%2526edid%253D6807A400-BCB2-9A77-9AD5-9B8A75FADC0B%2526hlv%253D61154ce4-6f40-4c20-9e11-16170a01000f%2523v_528211451 HTTP/1.1" 200 246
20.171.207.37 - - [26/Feb/2025:01:40:53 +0100] "GET /ticket2/opencms/set_aff_cookie.jsp?partner=5E0CDF29-E7BE-9F6B-6869-7BF66B04006F&url=%252Fsv%252Fbuy%252Findex.html%253Fpage%253D1%2526edid%253DB34FC5D8-17C2-148F-346E-D5A9AE0C7EAA%2526hlv%253D610bcd94-eb8c-451e-a21f-162a0a01000f%2523v_1677260372 HTTP/1.1" 200 247
54.36.148.100 - - [26/Feb/2025:01:40:56 +0100] "GET /ticket2/opencms/lv/magazine HTTP/1.1" 200 152805
114.119.157.43 - - [26/Feb/2025:01:40:57 +0100] "GET /ticket2/opencms/fi/buy?page=1&edid=89907505-B290-9C62-3837-2005C27DB101 HTTP/1.1" 200 131725
202.8.42.13 - - [26/Feb/2025:01:40:57 +0100] "GET /ticket2/opencms/system/modules/com.gridnine.opencms.ticketbrokerage.site/resources/css/jquery.fancybox.css HTTP/1.1" 200 4939
202.8.42.13 - - [26/Feb/2025:01:40:57 +0100] "GET /ticket2/opencms/system/modules/com.gridnine.opencms.ticketbrokerage.site/resources/css/standard.css HTTP/1.1" 200 74207
202.8.42.13 - - [26/Feb/2025:01:40:57 +0100] "GET /ticket2/opencms/system/modules/com.gridnine.opencms.ticketbrokerage.site/resources/css/ticketbrokerage.css HTTP/1.1" 200 39339
202.8.42.13 - - [26/Feb/2025:01:40:57 +0100] "GET /ticket2/opencms/system/modules/com.gridnine.opencms.ticketbrokerage.site/resources/css/jquery-ui.css HTTP/1.1" 200 33221
202.8.42.13 - - [26/Feb/2025:01:40:57 +0100] "GET /ticket2/opencms/system/modules/com.gridnine.opencms.ticketbrokerage.site/resources/css/calendar.css HTTP/1.1" 200 6871
202.8.42.13 - - [26/Feb/2025:01:40:57 +0100] "GET /ticket2/opencms/system/modules/com.gridnine.opencms.ticketbrokerage.site/resources/js/jquery/jquery.js HTTP/1.1" 200 93868
202.8.42.13 - - [26/Feb/2025:01:40:57 +0100] "GET /ticket2/opencms/system/modules/com.gridnine.opencms.ticketbrokerage.site/resources/js/functions.js HTTP/1.1" 200 1583
202.8.42.13 - - [26/Feb/2025:01:40:57 +0100] "GET /ticket2/opencms/system/modules/com.gridnine.opencms.ticketbrokerage.site/resources/js/jquery/jquery-ui.js HTTP/1.1" 200 228088
202.8.42.13 - - [26/Feb/2025:01:40:57 +0100] "GET /ticket2/opencms/system/modules/com.gridnine.opencms.ticketbrokerage.site/resources/js/calendar-en.js HTTP/1.1" 200 3338
202.8.42.13 - - [26/Feb/2025:01:40:57 +0100] "GET /ticket2/opencms/system/modules/com.gridnine.opencms.ticketbrokerage.site/resources/js/calendar.js HTTP/1.1" 200 49229
202.8.42.13 - - [26/Feb/2025:01:40:57 +0100] "GET /ticket2/opencms/system/modules/com.gridnine.opencms.ticketbrokerage.site/resources/js/calendar-setup.js HTTP/1.1" 200 4923
202.8.42.13 - - [26/Feb/2025:01:40:57 +0100] "GET /ticket2/opencms/system/modules/com.gridnine.opencms.ticketbrokerage.site/resources/js/jquery.fancybox.pack.js HTTP/1.1" 200 23187
202.8.42.13 - - [26/Feb/2025:01:40:57 +0100] "GET /ticket2/opencms/system/modules/com.gridnine.opencms.ticketbrokerage.site/resources/js/stickyfill.min.js HTTP/1.1" 200 5672
202.8.42.13 - - [26/Feb/2025:01:40:57 +0100] "GET /ticket2/opencms/system/modules/com.gridnine.opencms.ticketbrokerage.site/resources/js/standard.js HTTP/1.1" 200 3983
202.8.42.13 - - [26/Feb/2025:01:40:57 +0100] "GET /ticket2/opencms/system/modules/com.gridnine.opencms.ticketbrokerage.site/resources/js/jquery.placeholder.min.js HTTP/1.1" 200 1737
202.8.42.13 - - [26/Feb/2025:01:40:58 +0100] "GET /ticket2/opencms/system/modules/com.gridnine.opencms.ticketbrokerage.site/resources/js/common-ajax.js HTTP/1.1" 200 20175
20.171.207.37 - - [26/Feb/2025:01:40:59 +0100] "GET /ticket2/opencms/set_aff_cookie.jsp?partner=692E2C6A-EC6F-1C93-AFCC-C5ACC23A93EA&url=%252Fru%252Fbuy%252Findex.html%253Fpage%253D1%2526edid%253D63801669-9764-13A7-B058-055F32A0BC14%2526hlv%253D60d0db0d-b310-430f-9f5c-3e680a01000f%2523v_1952626754 HTTP/1.1" 200 247
20.171.207.37 - - [26/Feb/2025:01:41:01 +0100] "GET /ticket2/opencms/set_aff_cookie.jsp?partner=692E2C6A-EC6F-1C93-AFCC-C5ACC23A93EA&url=%252Fru%252Fbuy%252Findex.html%253Fpage%253D1%2526edid%253DF166D780-1A48-2E28-815C-BAE49BC7C72D%2526hlv%253D60f81b5a-16e4-433c-a533-5e5c0a01000f%2523v_501433834 HTTP/1.1" 200 246
20.171.207.37 - - [26/Feb/2025:01:41:02 +0100] "GET /ticket2/opencms/set_aff_cookie.jsp?partner=692E2C6A-EC6F-1C93-AFCC-C5ACC23A93EA&url=%252Fdk%252Fbuy%252Findex.html%253Fpage%253D1%2526edid%253DBA8D3DA7-D826-AB2B-1B8E-EFBE92B5BF6A%2526hlv%253D610bcc21-ca88-4786-bbdc-13ad0a01000f%2523v_1630960899 HTTP/1.1" 200 247
20.171.207.37 - - [26/Feb/2025:01:41:04 +0100] "GET /ticket2/opencms/set_aff_cookie.jsp?partner=8F6DE15D-D831-5787-AE7E-FEFF53476F85&url=%252Fen%252Fbuy%252Findex.html%253Fpage%253D1%2526edid%253D8C776A0E-9619-6DFE-D301-BC749D0D0DB6%2526hlv%253D610bcfec-3bf8-4a4b-bc52-16270a01000f%2523v_592248196 HTTP/1.1" 200 246
66.249.64.33 - - [26/Feb/2025:01:41:05 +0100] "GET /ticket2/opencms/ga/buy/?page=1&edid=2F89DE74-66D3-F2EE-BBA0-20A3C149309A HTTP/1.1" 200 132356
223.109.252.252 - - [26/Feb/2025:01:41:07 +0100] "GET /ticket2/opencms/ HTTP/1.1" 302 -
20.171.207.37 - - [26/Feb/2025:01:41:08 +0100] "GET /ticket2/opencms/set_aff_cookie.jsp?partner=8F6DE15D-D831-5787-AE7E-FEFF53476F85&url=%252Fru%252Fbuy%252Findex.html%253Fpage%253D1%2526edid%253DF2FE555C-AC27-5AA8-8120-C9C64D18709B%2526hlv%253D60c9e5c0-78b8-4025-aacb-237e0a01000f%2523v_1803478451 HTTP/1.1" 200 247
223.109.252.252 - - [26/Feb/2025:01:41:10 +0100] "GET /ticket2/opencms/en/ HTTP/1.1" 200 105058
54.36.148.33 - - [26/Feb/2025:01:41:11 +0100] "GET /ticket2/opencms/nl/buy/?page=1&edid=20146FB3-A7AB-AA61-9E1A-7C70A530633D HTTP/1.1" 200 122901
20.171.207.37 - - [26/Feb/2025:01:41:11 +0100] "GET /ticket2/opencms/set_aff_cookie.jsp?partner=692E2C6A-EC6F-1C93-AFCC-C5ACC23A93EA&url=%252Fnl%252Fbuy%252Findex.html%253Fpage%253D1%2526edid%253D1B2497C9-50FD-C481-B810-5D82DC9B4FE5%2526hlv%253D6145bf2a-46d4-47c9-aca2-656d0a01000f%2523v_1111400328 HTTP/1.1" 200 247
85.208.96.203 - - [26/Feb/2025:01:41:11 +0100] "GET /ticket2/opencms/es/magazine/article?title=sobre-el-tottenham-hotspur-stadium HTTP/1.1" 200 99741
85.208.96.196 - - [26/Feb/2025:01:41:11 +0100] "GET /ticket2/opencms/pl/magazine/article?title=bergvall-i-kulusevski-robia-wrazenie HTTP/1.1" 200 94274
20.171.207.37 - - [26/Feb/2025:01:41:12 +0100] "GET /ticket2/opencms/set_aff_cookie.jsp?partner=57601924-FB09-5BB2-867F-08B4EB522BA8&url=%252Fen%252Fbuy%252Findex.html%253Fpage%253D1%2526edid%253DCF3BDDE8-6C6B-F85B-528C-11C48A316B2B%2526hlv%253D60d0e48b-e894-4fe1-82b2-40a20a01000f%2523v_552283398 HTTP/1.1" 200 246
20.171.207.37 - - [26/Feb/2025:01:41:13 +0100] "GET /ticket2/opencms/set_aff_cookie.jsp?partner=57601924-FB09-5BB2-867F-08B4EB522BA8&url=%252Fnl%252Fbuy%252Findex.html%253Fpage%253D1%2526edid%253D4D091DAA-A6FD-9335-E2FA-E89697CE58C9%2526hlv%253D60c9e59d-e2d4-4bac-925c-237e0a01000f%2523v_544411634 HTTP/1.1" 200 246
185.191.171.9 - - [26/Feb/2025:01:41:14 +0100] "GET /ticket2/opencms/lv/about/contact/ HTTP/1.1" 200 86304
54.36.148.186 - - [26/Feb/2025:01:41:14 +0100] "GET /ticket2/opencms/sr/magazine/article?title=neymar-se-vraca-kuci HTTP/1.1" 200 92982
185.191.171.9 - - [26/Feb/2025:01:41:17 +0100] "GET /ticket2/opencms/uk/magazine/article?title=william-alain-andre-gabriel-saliba HTTP/1.1" 200 94687
66.249.64.130 - - [26/Feb/2025:01:41:19 +0100] "GET /ticket2/opencms/en/sell/?edid=DE5B6A64-DD53-E533-1C9F-682C000226C9 HTTP/1.1" 302 -
20.171.207.37 - - [26/Feb/2025:01:41:20 +0100] "GET /ticket2/opencms/set_aff_cookie.jsp?partner=57601924-FB09-5BB2-867F-08B4EB522BA8&url=%252Ffi%252Fbuy%252Findex.html%253Fpage%253D1%2526edid%253DDD7009E0-BEDD-5FDF-FBEC-9803C9276491%2526hlv%253D60ca0db9-3048-4a59-b52d-38b40a01000f%2523v_1410624403 HTTP/1.1" 200 247
185.191.171.10 - - [26/Feb/2025:01:41:21 +0100] "GET /ticket2/opencms/lt/magazine/article?title=viktor-gyokeres-i-manchester-united HTTP/1.1" 200 92792
20.171.207.37 - - [26/Feb/2025:01:41:22 +0100] "GET /ticket2/opencms/set_aff_cookie.jsp?partner=8F6DE15D-D831-5787-AE7E-FEFF53476F85&url=%252Fen%252Fbuy%252Findex.html%253Fpage%253D1%2526edid%253DF62458EA-DB34-886B-037E-58EA518FDDA0%2526hlv%253D611cd21a-49ac-4f3d-bb96-5e510a01000f%2523v_272926274 HTTP/1.1" 200 246
85.208.96.203 - - [26/Feb/2025:01:41:24 +0100] "GET /ticket2/opencms/sl/magazine/article?title=legenda-v-vroci-besedni-menjavi-s-podpornikom HTTP/1.1" 200 93853
20.171.207.37 - - [26/Feb/2025:01:41:25 +0100] "GET /ticket2/opencms/set_aff_cookie.jsp?partner=8F6DE15D-D831-5787-AE7E-FEFF53476F85&url=%252Fdk%252Fbuy%252Findex.html%253Fpage%253D1%2526edid%253D97B6F388-41F1-ECE1-6945-6F81F9384D51%2526hlv%253D60f819f4-bd5c-4142-8504-5d200a01000f%2523v_1909894015 HTTP/1.1" 200 247
20.171.207.37 - - [26/Feb/2025:01:41:26 +0100] "GET /ticket2/opencms/set_aff_cookie.jsp?partner=6F250EA7-4505-FA01-D601-8847F2573405&url=%252Fsv%252Fbuy%252Findex.html%253Fpage%253D1%2526edid%253DE45E8CAC-C9E1-5B17-FCDC-FD9DFD7F01BC%2526hlv%253D60f81f77-a40c-41dd-9e7d-603c0a01000f%2523v_1146099951 HTTP/1.1" 200 247
66.249.76.170 - - [26/Feb/2025:01:41:27 +0100] "GET /ticket2/opencms/en/login/?url=/en/sell/ HTTP/1.1" 200 90054
54.36.148.96 - - [26/Feb/2025:01:41:28 +0100] "GET /ticket2/opencms/nl/sport/voetbal-tickets/premier_league/bournemouth/ HTTP/1.1" 200 96378
188.239.11.213 - - [26/Feb/2025:01:41:28 +0100] "GET /ticket2/opencms/ga/buy?page=1&edid=E191F800-BEBE-94E3-2A9A-C8072A850396 HTTP/1.1" 200 112297
114.119.154.13 - - [26/Feb/2025:01:41:30 +0100] "GET /ticket2/opencms/en/buy/?page=6&comcatid=A17713B6-D984-201A-4143-ED4DB5ED5C2E&catid=42C82D82-D02A-8562-E55C-48ADB3771882 HTTP/1.1" 200 102277
66.249.64.130 - - [26/Feb/2025:01:41:31 +0100] "GET /ticket2/opencms/et/buy/?page=1&edid=3500324C-4D6A-19B7-964B-816D2FCB76D2 HTTP/1.1" 200 111093
185.191.171.11 - - [26/Feb/2025:01:41:33 +0100] "GET /ticket2/opencms/sv/search.html HTTP/1.1" 200 97350
