213.100.214.200 - - [26/Feb/2025:00:12:27 +0100] "GET /ticket2/opencms/img/icons/en.png HTTP/1.1" 200 2415
213.100.214.200 - - [26/Feb/2025:00:12:27 +0100] "GET /ticket2/opencms/system/modules/com.gridnine.opencms.ticketbrokerage.site/resources/pics/footer-img.jpg HTTP/1.1" 200 67642
213.100.214.200 - - [26/Feb/2025:00:12:27 +0100] "GET /ticket2/opencms/img/icons/se.png HTTP/1.1" 200 1258
213.100.214.200 - - [26/Feb/2025:00:12:27 +0100] "GET /ticket2/opencms/img/check.png HTTP/1.1" 200 548
213.100.214.200 - - [26/Feb/2025:00:12:27 +0100] "GET /ticket2/opencms/img/mail.png HTTP/1.1" 200 403
213.100.214.200 - - [26/Feb/2025:00:12:27 +0100] "GET /ticket2/opencms/img/chat.png HTTP/1.1" 200 416
213.100.214.200 - - [26/Feb/2025:00:12:28 +0100] "GET /ticket2/opencms/img/arrow.png HTTP/1.1" 200 753
213.100.214.200 - - [26/Feb/2025:00:12:28 +0100] "GET /ticket2/opencms/img/icons/fi.png HTTP/1.1" 200 1785
213.100.214.200 - - [26/Feb/2025:00:12:28 +0100] "GET /ticket2/opencms/img/icons/no.png HTTP/1.1" 200 1958
213.100.214.200 - - [26/Feb/2025:00:12:28 +0100] "GET /ticket2/opencms/img/icons/dk.png HTTP/1.1" 200 1706
213.100.214.200 - - [26/Feb/2025:00:12:28 +0100] "GET /ticket2/opencms/img/icons/nl.png HTTP/1.1" 200 1255
213.100.214.200 - - [26/Feb/2025:00:12:28 +0100] "GET /ticket2/opencms/img/icons/de.png HTTP/1.1" 200 1124
213.100.214.200 - - [26/Feb/2025:00:12:28 +0100] "GET /ticket2/opencms/img/icons/fr.png HTTP/1.1" 200 1764
213.100.214.200 - - [26/Feb/2025:00:12:28 +0100] "GET /ticket2/opencms/img/icons/es.png HTTP/1.1" 200 1005
213.100.214.200 - - [26/Feb/2025:00:12:28 +0100] "GET /ticket2/opencms/img/icons/pl.png HTTP/1.1" 200 1578
213.100.214.200 - - [26/Feb/2025:00:12:28 +0100] "GET /ticket2/opencms/img/icons/it.png HTTP/1.1" 200 2040
213.100.214.200 - - [26/Feb/2025:00:12:28 +0100] "GET /ticket2/opencms/img/icons/sq.png HTTP/1.1" 200 1619
213.100.214.200 - - [26/Feb/2025:00:12:28 +0100] "GET /ticket2/opencms/img/icons/az.png HTTP/1.1" 200 1445
213.100.214.200 - - [26/Feb/2025:00:12:28 +0100] "GET /ticket2/opencms/img/icons/bs.png HTTP/1.1" 200 1014
213.100.214.200 - - [26/Feb/2025:00:12:28 +0100] "GET /ticket2/opencms/img/icons/be.png HTTP/1.1" 200 1663
213.100.214.200 - - [26/Feb/2025:00:12:28 +0100] "GET /ticket2/opencms/img/icons/bg.png HTTP/1.1" 200 788
213.100.214.200 - - [26/Feb/2025:00:12:28 +0100] "GET /ticket2/opencms/img/icons/hr.png HTTP/1.1" 200 2024
213.100.214.200 - - [26/Feb/2025:00:12:28 +0100] "GET /ticket2/opencms/img/icons/et.png HTTP/1.1" 200 754
213.100.214.200 - - [26/Feb/2025:00:12:28 +0100] "GET /ticket2/opencms/img/icons/cs.png HTTP/1.1" 200 1883
213.100.214.200 - - [26/Feb/2025:00:12:28 +0100] "GET /ticket2/opencms/img/icons/el.png HTTP/1.1" 200 1637
213.100.214.200 - - [26/Feb/2025:00:12:28 +0100] "GET /ticket2/opencms/img/icons/ka.png HTTP/1.1" 200 860
213.100.214.200 - - [26/Feb/2025:00:12:28 +0100] "GET /ticket2/opencms/img/icons/hu.png HTTP/1.1" 200 733
213.100.214.200 - - [26/Feb/2025:00:12:28 +0100] "GET /ticket2/opencms/img/icons/is.png HTTP/1.1" 200 1884
213.100.214.200 - - [26/Feb/2025:00:12:28 +0100] "GET /ticket2/opencms/img/icons/ga.png HTTP/1.1" 200 1759
213.100.214.200 - - [26/Feb/2025:00:12:28 +0100] "GET /ticket2/opencms/img/icons/lv.png HTTP/1.1" 200 716
213.100.214.200 - - [26/Feb/2025:00:12:28 +0100] "GET /ticket2/opencms/img/icons/lt.png HTTP/1.1" 200 733
213.100.214.200 - - [26/Feb/2025:00:12:28 +0100] "GET /ticket2/opencms/img/icons/mt.png HTTP/1.1" 200 920
213.100.214.200 - - [26/Feb/2025:00:12:28 +0100] "GET /ticket2/opencms/img/icons/mo.png HTTP/1.1" 200 1468
213.100.214.200 - - [26/Feb/2025:00:12:28 +0100] "GET /ticket2/opencms/img/icons/ro.png HTTP/1.1" 200 1393
213.100.214.200 - - [26/Feb/2025:00:12:28 +0100] "GET /ticket2/opencms/img/icons/sr.png HTTP/1.1" 200 1602
213.100.214.200 - - [26/Feb/2025:00:12:28 +0100] "GET /ticket2/opencms/img/icons/sk.png HTTP/1.1" 200 1283
213.100.214.200 - - [26/Feb/2025:00:12:28 +0100] "GET /ticket2/opencms/img/icons/sl.png HTTP/1.1" 200 966
213.100.214.200 - - [26/Feb/2025:00:12:28 +0100] "GET /ticket2/opencms/img/icons/uk.png HTTP/1.1" 200 1272
213.100.214.200 - - [26/Feb/2025:00:12:28 +0100] "GET /ticket2/opencms/img/icons/tr.png HTTP/1.1" 200 1636
213.100.214.200 - - [26/Feb/2025:00:12:29 +0100] "GET /ticket2/opencms/system/modules/com.gridnine.opencms.ticketbrokerage.site/resources/js/standard.js HTTP/1.1" 200 3983
213.100.214.200 - - [26/Feb/2025:00:12:29 +0100] "GET /ticket2/opencms/img/icons/ticket2.thumbnail.png HTTP/1.1" 200 21519
54.36.148.43 - - [26/Feb/2025:00:12:29 +0100] "GET /ticket2/opencms/ka/buy?page=1&edid=069EC406-6DFD-08ED-B6CC-A7E203415919 HTTP/1.1" 200 117845
202.8.41.25 - - [26/Feb/2025:00:12:30 +0100] "GET /ticket2/opencms/system/modules/com.gridnine.opencms.ticketbrokerage.site/resources/css/ticketbrokerage.css HTTP/1.1" 200 39339
202.8.41.25 - - [26/Feb/2025:00:12:30 +0100] "GET /ticket2/opencms/system/modules/com.gridnine.opencms.ticketbrokerage.site/resources/css/calendar.css HTTP/1.1" 200 6871
202.8.41.25 - - [26/Feb/2025:00:12:30 +0100] "GET /ticket2/opencms/system/modules/com.gridnine.opencms.ticketbrokerage.site/resources/css/jquery-ui.css HTTP/1.1" 200 33221
202.8.41.25 - - [26/Feb/2025:00:12:30 +0100] "GET /ticket2/opencms/system/modules/com.gridnine.opencms.ticketbrokerage.site/resources/css/jquery.fancybox.css HTTP/1.1" 200 4939
202.8.41.25 - - [26/Feb/2025:00:12:30 +0100] "GET /ticket2/opencms/system/modules/com.gridnine.opencms.ticketbrokerage.site/resources/css/standard.css HTTP/1.1" 200 74207
202.8.41.25 - - [26/Feb/2025:00:12:30 +0100] "GET /ticket2/opencms/system/modules/com.gridnine.opencms.ticketbrokerage.site/resources/js/jquery/jquery.js HTTP/1.1" 200 93868
202.8.41.25 - - [26/Feb/2025:00:12:30 +0100] "GET /ticket2/opencms/system/modules/com.gridnine.opencms.ticketbrokerage.site/resources/js/functions.js HTTP/1.1" 200 1583
202.8.41.25 - - [26/Feb/2025:00:12:30 +0100] "GET /ticket2/opencms/system/modules/com.gridnine.opencms.ticketbrokerage.site/resources/js/jquery/jquery-ui.js HTTP/1.1" 200 228088
202.8.41.25 - - [26/Feb/2025:00:12:30 +0100] "GET /ticket2/opencms/system/modules/com.gridnine.opencms.ticketbrokerage.site/resources/js/calendar.js HTTP/1.1" 200 49229
202.8.41.25 - - [26/Feb/2025:00:12:30 +0100] "GET /ticket2/opencms/system/modules/com.gridnine.opencms.ticketbrokerage.site/resources/js/calendar-en.js HTTP/1.1" 200 3338
202.8.41.25 - - [26/Feb/2025:00:12:30 +0100] "GET /ticket2/opencms/system/modules/com.gridnine.opencms.ticketbrokerage.site/resources/js/calendar-setup.js HTTP/1.1" 200 4923
202.8.41.25 - - [26/Feb/2025:00:12:30 +0100] "GET /ticket2/opencms/system/modules/com.gridnine.opencms.ticketbrokerage.site/resources/js/jquery.fancybox.pack.js HTTP/1.1" 200 23187
202.8.41.25 - - [26/Feb/2025:00:12:30 +0100] "GET /ticket2/opencms/system/modules/com.gridnine.opencms.ticketbrokerage.site/resources/js/stickyfill.min.js HTTP/1.1" 200 5672
202.8.41.25 - - [26/Feb/2025:00:12:30 +0100] "GET /ticket2/opencms/system/modules/com.gridnine.opencms.ticketbrokerage.site/resources/js/standard.js HTTP/1.1" 200 3983
202.8.41.25 - - [26/Feb/2025:00:12:30 +0100] "GET /ticket2/opencms/system/modules/com.gridnine.opencms.ticketbrokerage.site/resources/js/jquery.placeholder.min.js HTTP/1.1" 200 1737
202.8.41.25 - - [26/Feb/2025:00:12:30 +0100] "GET /ticket2/opencms/system/modules/com.gridnine.opencms.ticketbrokerage.site/resources/js/common-ajax.js HTTP/1.1" 200 20175
202.8.41.25 - - [26/Feb/2025:00:12:30 +0100] "GET /ticket2/opencms/ka/ask-form.html HTTP/1.1" 200 3156
202.8.41.25 - - [26/Feb/2025:00:12:31 +0100] "GET /ticket2/opencms/system/modules/com.gridnine.opencms.ticketbrokerage.site/resources/css/ticketbrokerage.css HTTP/1.1" 200 39339
20.171.207.37 - - [26/Feb/2025:00:12:31 +0100] "GET /ticket2/opencms/set_aff_cookie.jsp?partner=6F250EA7-4505-FA01-D601-8847F2573405&url=%252Fsv%252Fbuy%252Findex.html%253Fpage%253D1%2526edid%253D8934C2AC-6876-4053-807F-3C9624A74CB0%2526hlv%253D611bc86f-ac60-4698-8184-50480a01000f%2523v_1455287064 HTTP/1.1" 200 247
52.167.144.18 - - [26/Feb/2025:00:12:34 +0100] "GET /ticket2/opencms/hr/?page=6&comcatid=A17713B6-D984-201A-4143-ED4DB5ED5C2E&catid=3A7AEA37-903D-9533-4B33-21B0001FF1D1 HTTP/1.1" 200 106915
52.167.144.18 - - [26/Feb/2025:00:12:35 +0100] "GET /ticket2/opencms/sv/buy?page=1&edid=F6B52729-D385-1BA8-C061-8869A2499C82 HTTP/1.1" 200 108048
20.171.207.37 - - [26/Feb/2025:00:12:38 +0100] "GET /ticket2/opencms/set_aff_cookie.jsp?partner=6F250EA7-4505-FA01-D601-8847F2573405&url=%252Ffi%252Fbuy%252Findex.html%253Fpage%253D1%2526edid%253D7F453E70-42C2-9829-6707-8F3A9E689502%2526hlv%253D60f81690-d60c-454b-8887-5c9e0a01000f%2523v_1153318219 HTTP/1.1" 200 247
66.249.64.97 - - [26/Feb/2025:00:12:40 +0100] "GET /ticket2/opencms/it/buy/?page=1&edid=89EB4F09-7DFA-DE60-A799-1F1B9F2BAA97 HTTP/1.1" 200 108375
66.249.64.130 - - [26/Feb/2025:00:12:40 +0100] "GET /ticket2/opencms/set_aff_cookie.jsp?partner=2E02071B-A8C3-4CBA-3097-C27D61C02ED8&url=%252Fdk%252Fbuy%252Findex.html%253Fpage%253D1%2526edid%253D18631B4D-241F-1419-AEC9-B2739BCE7CC3%2526hlv%253D66b47e16-d234-49ec-9e94-1f380a01000f%2523v1265788404 HTTP/1.1" 200 246
54.36.148.40 - - [26/Feb/2025:00:12:41 +0100] "GET /ticket2/opencms/es/buy?page=1&edid=79716713-A068-E79D-953B-9FF4A2B80AAB HTTP/1.1" 200 110689
216.244.66.238 - - [26/Feb/2025:00:12:42 +0100] "GET /ticket2/opencms/hr/buy?page=1&edid=2BD17866-8251-0592-7FAE-2D6F7A3C66CD HTTP/1.1" 200 108764
47.128.48.58 - - [26/Feb/2025:00:12:45 +0100] "GET /ticket2/opencms/be/buy/?edid=656D28DC-44D7-F9B6-001A-A9537260D01A HTTP/1.1" 200 92446
213.100.214.200 - - [26/Feb/2025:00:12:46 +0100] "GET /ticket2/opencms/sv/buy/?page=1&edid=FB9F4ED8-C630-5135-3D9B-F4FFAB39B4C4 HTTP/1.1" 200 113751
213.100.214.200 - - [26/Feb/2025:00:12:46 +0100] "GET /ticket2/opencms/system/modules/com.gridnine.opencms.ticketbrokerage.site/resources/pics/0.gif HTTP/1.1" 200 43
213.100.214.200 - - [26/Feb/2025:00:12:46 +0100] "GET /ticket2/opencms/venue/olimpico.jpg HTTP/1.1" 200 59288
213.100.214.200 - - [26/Feb/2025:00:12:46 +0100] "GET /ticket2/opencms/system/modules/com.gridnine.opencms.ticketbrokerage.site/resources/js/calendar.js HTTP/1.1" 200 49229
213.100.214.200 - - [26/Feb/2025:00:12:46 +0100] "GET /ticket2/opencms/system/modules/com.gridnine.opencms.ticketbrokerage.site/resources/css/calendar.css HTTP/1.1" 200 6871
213.100.214.200 - - [26/Feb/2025:00:12:46 +0100] "GET /ticket2/opencms/system/modules/com.gridnine.opencms.ticketbrokerage.site/resources/js/calendar-en.js HTTP/1.1" 200 3338
213.100.214.200 - - [26/Feb/2025:00:12:46 +0100] "GET /ticket2/opencms/system/modules/com.gridnine.opencms.ticketbrokerage.site/resources/js/standard.js HTTP/1.1" 200 3983
213.100.214.200 - - [26/Feb/2025:00:12:46 +0100] "GET /ticket2/opencms/system/modules/com.gridnine.opencms.ticketbrokerage.site/resources/js/calendar-setup.js HTTP/1.1" 200 4923
213.100.214.200 - - [26/Feb/2025:00:12:46 +0100] "GET /ticket2/opencms/system/modules/com.gridnine.opencms.ticketbrokerage.site/resources/js/functions.js HTTP/1.1" 200 1583
213.100.214.200 - - [26/Feb/2025:00:12:46 +0100] "GET /ticket2/opencms/system/modules/com.gridnine.opencms.ticketbrokerage.site/resources/css/ticketbrokerage.css HTTP/1.1" 200 39339
213.100.214.200 - - [26/Feb/2025:00:12:46 +0100] "GET /ticket2/opencms/system/modules/com.gridnine.opencms.ticketbrokerage.site/resources/css/standard.css HTTP/1.1" 200 74207
213.100.214.200 - - [26/Feb/2025:00:12:46 +0100] "GET /ticket2/opencms/system/modules/com.gridnine.opencms.ticketbrokerage.site/resources/pics/two_man.png HTTP/1.1" 200 3407
213.100.214.200 - - [26/Feb/2025:00:12:46 +0100] "GET /ticket2/opencms/system/modules/com.gridnine.opencms.ticketbrokerage.site/resources/pics/ticket_info_button.png HTTP/1.1" 200 3820
213.100.214.200 - - [26/Feb/2025:00:12:46 +0100] "GET /ticket2/opencms/sv/ask-form.html HTTP/1.1" 200 2950
213.100.214.200 - - [26/Feb/2025:00:12:46 +0100] "GET /ticket2/opencms/system/modules/com.gridnine.opencms.ticketbrokerage.site/resources/pics/arrow.gif HTTP/1.1" 200 344
213.100.214.200 - - [26/Feb/2025:00:12:46 +0100] "GET /ticket2/opencms/system/modules/com.gridnine.opencms.ticketbrokerage.site/resources/pics/form_marker.gif HTTP/1.1" 200 43
213.100.214.200 - - [26/Feb/2025:00:12:46 +0100] "GET /ticket2/opencms/system/modules/com.gridnine.opencms.ticketbrokerage.site/resources/css/ticketbrokerage.css HTTP/1.1" 200 39339
213.100.214.200 - - [26/Feb/2025:00:12:46 +0100] "GET /ticket2/opencms/system/modules/com.gridnine.opencms.ticketbrokerage.site/resources/pics/button1_center.gif HTTP/1.1" 200 66
213.100.214.200 - - [26/Feb/2025:00:12:46 +0100] "GET /ticket2/opencms/system/modules/com.gridnine.opencms.ticketbrokerage.site/resources/pics/button1_right.gif HTTP/1.1" 200 232
213.100.214.200 - - [26/Feb/2025:00:12:46 +0100] "GET /ticket2/opencms/system/modules/com.gridnine.opencms.ticketbrokerage.site/resources/pics/button1_left.gif HTTP/1.1" 200 232
213.100.214.200 - - [26/Feb/2025:00:12:46 +0100] "GET /ticket2/opencms/img/arrow-down.png HTTP/1.1" 200 192
20.171.207.37 - - [26/Feb/2025:00:12:50 +0100] "GET /ticket2/opencms/set_aff_cookie.jsp?partner=6F250EA7-4505-FA01-D601-8847F2573405&url=%252Fdk%252Fbuy%252Findex.html%253Fpage%253D1%2526edid%253DBF990419-E317-46FC-F88A-E6023A3E4305%2526hlv%253D61152014-5dac-4677-9663-04270a01000f%2523v_2089537816 HTTP/1.1" 200 247
20.171.207.37 - - [26/Feb/2025:00:12:51 +0100] "GET /ticket2/opencms/set_aff_cookie.jsp?partner=6F250EA7-4505-FA01-D601-8847F2573405&url=%252Fsv%252Fbuy%252Findex.html%253Fpage%253D1%2526edid%253DD721686E-9356-C54A-6337-70B052F2F74D%2526hlv%253D61127b95-f424-475a-8839-2db60a01000f%2523v_321840566 HTTP/1.1" 200 246
54.36.148.115 - - [26/Feb/2025:00:12:52 +0100] "GET /ticket2/opencms/sl/magazine/article?title=kaksna-je-prihodnost-za-alexandra-isaka HTTP/1.1" 200 92846
20.171.207.37 - - [26/Feb/2025:00:12:53 +0100] "GET /ticket2/opencms/set_aff_cookie.jsp?partner=6F250EA7-4505-FA01-D601-8847F2573405&url=%252Fen%252Fbuy%252Findex.html%253Fpage%253D1%2526edid%253DB5418821-46EB-580F-2878-5A022EF273FD%2526hlv%253D61163179-5c24-4988-837a-70b60a01000f%2523v_684292795 HTTP/1.1" 200 246
185.191.171.15 - - [26/Feb/2025:00:12:55 +0100] "GET /ticket2/opencms/sv/magazine/article?title=jude-bellingham HTTP/1.1" 200 92533
20.171.207.37 - - [26/Feb/2025:00:12:56 +0100] "GET /ticket2/opencms/set_aff_cookie.jsp?partner=6F250EA7-4505-FA01-D601-8847F2573405&url=%252Fsv%252Fbuy%252Findex.html%253Fpage%253D1%2526edid%253D291216E9-A94A-205B-7C67-5C0727287644%2526hlv%253D61154e4c-1450-487c-a343-159f0a01000f%2523v_1931978087 HTTP/1.1" 200 247
114.119.157.43 - - [26/Feb/2025:00:12:57 +0100] "GET /ticket2/opencms/ga/buy?page=1&=1395BA3A-4256-B43E-2915-8AACFB881D86 HTTP/1.1" 200 -
66.249.76.134 - - [26/Feb/2025:00:12:59 +0100] "GET /ticket2/opencms/en/buy/?page=1&edid=8D24B546-C583-0AE0-A1BF-4A34E2FE9CC5 HTTP/1.1" 200 110068
20.171.207.37 - - [26/Feb/2025:00:13:00 +0100] "GET /ticket2/opencms/set_aff_cookie.jsp?partner=6F250EA7-4505-FA01-D601-8847F2573405&url=%252Fen%252Fbuy%252Findex.html%253Fpage%253D1%2526edid%253D9A05EF4D-4376-E584-2657-07D966D7B743%2526hlv%253D614c78d1-1650-46ae-940d-19920a01000f%2523v_1300067016 HTTP/1.1" 200 247
54.36.149.29 - - [26/Feb/2025:00:13:01 +0100] "GET /ticket2/opencms/sr/buy/?page=1&edid=F7378244-15B7-A239-317C-1FF50D66CBB3 HTTP/1.1" 200 109128
69.171.249.8 - - [26/Feb/2025:00:13:02 +0100] "GET /ticket2/opencms/ga/buy/?page=1&edid=72A75E6D-B3C3-ED2C-0014-AD12C76904B2 HTTP/1.1" 200 109078
52.167.144.186 - - [26/Feb/2025:00:13:03 +0100] "GET /ticket2/opencms/nl/sport/voetbal-tickets/bundesliga/ HTTP/1.1" 200 94799
20.171.207.37 - - [26/Feb/2025:00:13:03 +0100] "GET /ticket2/opencms/set_aff_cookie.jsp?partner=6F250EA7-4505-FA01-D601-8847F2573405&url=%252Ffi%252Fbuy%252Findex.html%253Fpage%253D1%2526edid%253D3950061E-10D0-1370-F4D5-47E1041A5F57%2526hlv%253D60c9ec04-1ac4-4094-9367-286f0a01000f%2523v_1830661781 HTTP/1.1" 200 247
40.77.167.15 - - [26/Feb/2025:00:13:06 +0100] "GET /ticket2/opencms/nl/buy?page=1&edid=D3677ADE-A950-44E7-0F3A-F9C9704880CD HTTP/1.1" 200 106269
185.191.171.13 - - [26/Feb/2025:00:13:07 +0100] "GET /ticket2/opencms/az/magazine/article?title=em-ulduzlari-ki-en-cox-google-da-axtarilir-ve-instagram-da-en-boyukdur HTTP/1.1" 200 99105
20.171.207.37 - - [26/Feb/2025:00:13:08 +0100] "GET /ticket2/opencms/set_aff_cookie.jsp?partner=6F250EA7-4505-FA01-D601-8847F2573405&url=%252Fen%252Fbuy%252Findex.html%253Fpage%253D1%2526edid%253D57E8534E-303B-4575-4D57-481E23F875B9%2526hlv%253D610bcb44-1618-4395-ba64-146b0a01000f%2523v_1251745291 HTTP/1.1" 200 247
216.244.66.238 - - [26/Feb/2025:00:13:08 +0100] "GET /ticket2/opencms/ka/buy?page=1&edid=0A9A92DD-C9BE-E94C-2EB9-3124FCA7591C HTTP/1.1" 200 114417
20.171.207.37 - - [26/Feb/2025:00:13:10 +0100] "GET /ticket2/opencms/set_aff_cookie.jsp?partner=6F250EA7-4505-FA01-D601-8847F2573405&url=%252Fen%252Fbuy%252Findex.html%253Fpage%253D1%2526edid%253D3549536B-5431-B4B9-9C70-24B661A63E68%2526hlv%253D6149f467-7f10-4a14-8ec0-25c10a01000f%2523v_1700677520 HTTP/1.1" 200 247
85.208.96.212 - - [26/Feb/2025:00:13:12 +0100] "GET /ticket2/opencms/dk/sport/fodboldbilletter/champions_league/arsenal/ HTTP/1.1" 200 88224
54.36.148.14 - - [26/Feb/2025:00:13:14 +0100] "GET /ticket2/opencms/be/buy/?page=1&edid=C2FB40E1-BEEF-E1A4-6ED5-33C8A69FD5CE HTTP/1.1" 200 114196
20.171.207.37 - - [26/Feb/2025:00:13:15 +0100] "GET /ticket2/opencms/set_aff_cookie.jsp?partner=6F250EA7-4505-FA01-D601-8847F2573405&url=%252Fru%252Fbuy%252Findex.html%253Fpage%253D1%2526edid%253DA5392617-A8A6-5394-B72C-AA82A5C556B3%2526hlv%253D614c7500-d294-4127-9229-17770a01000f%2523v_1528212529 HTTP/1.1" 200 247
52.3.104.214 - - [26/Feb/2025:00:13:15 +0100] "GET /ticket2/opencms/en/magazine/article?title=how-does-it-work-on-the-football-field HTTP/1.1" 200 88865
85.208.96.200 - - [26/Feb/2025:00:13:17 +0100] "GET /ticket2/opencms/el/magazine/article?title=o-loyka-montrits-paramenei-sth-real-madriths HTTP/1.1" 200 98283
66.249.76.132 - - [26/Feb/2025:00:13:17 +0100] "GET /ticket2/opencms/en/buy/?page=1&edid=56BEA2AB-D62C-F232-ADFB-5CF7A178E68C HTTP/1.1" 200 130126
185.191.171.8 - - [26/Feb/2025:00:13:20 +0100] "GET /ticket2/opencms/sq/magazine/article?title=koncepte-te-zakonshme-ne-futboll HTTP/1.1" 200 96889
159.138.4.85 - - [26/Feb/2025:00:13:23 +0100] "GET /ticket2/opencms/et/magazine/article?title=dramaatiline-mang-tottenhami-ja-chelsea-vahel HTTP/1.1" 200 94405
52.167.144.20 - - [26/Feb/2025:00:13:23 +0100] "GET /ticket2/opencms/fr/buy/?page=1&edid=09652453-91AD-2522-4E3F-C4E432AD91B5 HTTP/1.1" 200 110569
20.171.207.37 - - [26/Feb/2025:00:13:25 +0100] "GET /ticket2/opencms/set_aff_cookie.jsp?partner=6F250EA7-4505-FA01-D601-8847F2573405&url=%252Fen%252Fbuy%252Findex.html%253Fpage%253D1%2526edid%253D2DC06F61-5D5D-7D55-527B-266122082029%2526hlv%253D60f5c54d-02c0-4189-9804-1e9c0a01000f%2523v_686458403 HTTP/1.1" 200 246
54.36.148.36 - - [26/Feb/2025:00:13:26 +0100] "GET /ticket2/opencms/hr/buy/?page=1&edid=6DC3E8B1-EB9E-3B74-1E36-CDC7B60DF336 HTTP/1.1" 200 108653
20.171.207.37 - - [26/Feb/2025:00:13:27 +0100] "GET /ticket2/opencms/set_aff_cookie.jsp?partner=6F250EA7-4505-FA01-D601-8847F2573405&url=%252Fnl%252Fbuy%252Findex.html%253Fpage%253D1%2526edid%253D02E70633-B7C9-B546-F009-7238F851DD63%2526hlv%253D6145cc30-097c-4f21-b758-69860a01000f%2523v_782071706 HTTP/1.1" 200 246
173.252.87.15 - - [26/Feb/2025:00:13:28 +0100] "GET /ticket2/opencms/nl/sport/voetbal-tickets/la_liga/ HTTP/1.1" 200 94608
20.171.207.37 - - [26/Feb/2025:00:13:30 +0100] "GET /ticket2/opencms/set_aff_cookie.jsp?partner=6F250EA7-4505-FA01-D601-8847F2573405&url=%252Fen%252Fbuy%252Findex.html%253Fpage%253D1%2526edid%253D7F453E70-42C2-9829-6707-8F3A9E689502%2526hlv%253D60f81690-5ee8-4564-8b4e-5c9e0a01000f%2523v_1593575445 HTTP/1.1" 200 247
216.244.66.238 - - [26/Feb/2025:00:13:34 +0100] "GET /ticket2/opencms/sr/buy?page=1&edid=EFD91FA9-1EBC-B09D-15C8-01C412DECF0C HTTP/1.1" 200 113184
52.0.41.164 - - [26/Feb/2025:00:13:35 +0100] "GET /ticket2/opencms/be/magazine/article?title=lucas-bergvall-the-next-david-beckham HTTP/1.1" 200 94048
66.249.76.8 - - [26/Feb/2025:00:13:35 +0100] "GET /ticket2/opencms/az/magazine/article?title=emirates-stadionu HTTP/1.1" 200 95940
66.249.76.40 - - [26/Feb/2025:00:13:36 +0100] "GET /ticket2/opencms/pl/magazine/article?title=erling-braut-haaland HTTP/1.1" 200 93412
54.36.148.101 - - [26/Feb/2025:00:13:40 +0100] "GET /ticket2/opencms/sk/buy?page=1&edid=3B2DD9A6-8906-C64F-74F1-E2152AA05C80 HTTP/1.1" 200 118176
202.8.41.111 - - [26/Feb/2025:00:13:41 +0100] "GET /ticket2/opencms/system/modules/com.gridnine.opencms.ticketbrokerage.site/resources/css/calendar.css HTTP/1.1" 200 6871
202.8.41.111 - - [26/Feb/2025:00:13:41 +0100] "GET /ticket2/opencms/system/modules/com.gridnine.opencms.ticketbrokerage.site/resources/css/ticketbrokerage.css HTTP/1.1" 200 39339
202.8.41.111 - - [26/Feb/2025:00:13:41 +0100] "GET /ticket2/opencms/system/modules/com.gridnine.opencms.ticketbrokerage.site/resources/css/jquery-ui.css HTTP/1.1" 200 33221
202.8.41.111 - - [26/Feb/2025:00:13:41 +0100] "GET /ticket2/opencms/system/modules/com.gridnine.opencms.ticketbrokerage.site/resources/css/jquery.fancybox.css HTTP/1.1" 200 4939
202.8.41.111 - - [26/Feb/2025:00:13:41 +0100] "GET /ticket2/opencms/system/modules/com.gridnine.opencms.ticketbrokerage.site/resources/js/jquery/jquery.js HTTP/1.1" 200 93868
202.8.41.111 - - [26/Feb/2025:00:13:41 +0100] "GET /ticket2/opencms/system/modules/com.gridnine.opencms.ticketbrokerage.site/resources/css/standard.css HTTP/1.1" 200 74207
202.8.41.111 - - [26/Feb/2025:00:13:41 +0100] "GET /ticket2/opencms/system/modules/com.gridnine.opencms.ticketbrokerage.site/resources/js/jquery/jquery-ui.js HTTP/1.1" 200 228088
202.8.41.111 - - [26/Feb/2025:00:13:41 +0100] "GET /ticket2/opencms/system/modules/com.gridnine.opencms.ticketbrokerage.site/resources/js/functions.js HTTP/1.1" 200 1583
202.8.41.111 - - [26/Feb/2025:00:13:41 +0100] "GET /ticket2/opencms/system/modules/com.gridnine.opencms.ticketbrokerage.site/resources/js/calendar.js HTTP/1.1" 200 49229
202.8.41.111 - - [26/Feb/2025:00:13:41 +0100] "GET /ticket2/opencms/system/modules/com.gridnine.opencms.ticketbrokerage.site/resources/js/calendar-en.js HTTP/1.1" 200 3338
202.8.41.111 - - [26/Feb/2025:00:13:41 +0100] "GET /ticket2/opencms/system/modules/com.gridnine.opencms.ticketbrokerage.site/resources/js/calendar-setup.js HTTP/1.1" 200 4923
202.8.41.111 - - [26/Feb/2025:00:13:41 +0100] "GET /ticket2/opencms/system/modules/com.gridnine.opencms.ticketbrokerage.site/resources/js/jquery.fancybox.pack.js HTTP/1.1" 200 23187
202.8.41.111 - - [26/Feb/2025:00:13:41 +0100] "GET /ticket2/opencms/system/modules/com.gridnine.opencms.ticketbrokerage.site/resources/js/standard.js HTTP/1.1" 200 3983
202.8.41.111 - - [26/Feb/2025:00:13:41 +0100] "GET /ticket2/opencms/system/modules/com.gridnine.opencms.ticketbrokerage.site/resources/js/stickyfill.min.js HTTP/1.1" 200 5672
202.8.41.111 - - [26/Feb/2025:00:13:41 +0100] "GET /ticket2/opencms/system/modules/com.gridnine.opencms.ticketbrokerage.site/resources/js/jquery.placeholder.min.js HTTP/1.1" 200 1737
202.8.41.111 - - [26/Feb/2025:00:13:41 +0100] "GET /ticket2/opencms/system/modules/com.gridnine.opencms.ticketbrokerage.site/resources/js/common-ajax.js HTTP/1.1" 200 20175
202.8.41.111 - - [26/Feb/2025:00:13:41 +0100] "GET /ticket2/opencms/sk/ask-form.html HTTP/1.1" 200 3156
202.8.41.111 - - [26/Feb/2025:00:13:42 +0100] "GET /ticket2/opencms/system/modules/com.gridnine.opencms.ticketbrokerage.site/resources/css/ticketbrokerage.css HTTP/1.1" 200 39339
20.171.207.37 - - [26/Feb/2025:00:13:44 +0100] "GET /ticket2/opencms/set_aff_cookie.jsp?partner=6F250EA7-4505-FA01-D601-8847F2573405&url=%252Fsv%252Fbuy%252Findex.html%253Fpage%253D1%2526edid%253D57459A80-66BC-2154-84E8-27032EAB09A5%2526hlv%253D615c48fe-0628-4719-81d5-27110a01000f%2523v_1768281554 HTTP/1.1" 200 247
20.171.207.37 - - [26/Feb/2025:00:13:46 +0100] "GET /ticket2/opencms/set_aff_cookie.jsp?partner=6F250EA7-4505-FA01-D601-8847F2573405&url=%252Fsv%252Fbuy%252Findex.html%253Fpage%253D1%2526edid%253D3724421D-8712-70E6-408D-D3669BC23C72%2526hlv%253D60f69962-2664-4a21-b3b4-644f0a01000f%2523v_1647658139 HTTP/1.1" 200 247
114.119.150.86 - - [26/Feb/2025:00:13:47 +0100] "GET /ticket2/opencms/fr/buy?page=1&edid=BD3D4222-DD36-C1A0-EF58-456D0FFDAB97 HTTP/1.1" 200 111587
54.36.148.87 - - [26/Feb/2025:00:13:51 +0100] "GET /ticket2/opencms/el/buy/?page=1&edid=D9483F7A-81C2-71D7-77DF-D2197B102901 HTTP/1.1" 200 112327
52.167.144.20 - - [26/Feb/2025:00:13:53 +0100] "GET /ticket2/opencms/el/buy?page=1&edid=0F5B2278-CB2B-6519-1D28-92A45D61B015 HTTP/1.1" 200 116260
66.249.76.1 - - [26/Feb/2025:00:13:55 +0100] "GET /ticket2/opencms/fr/buy/?page=1&edid=4583F62C-F880-E6C3-C3F7-F692CC3F1DC2 HTTP/1.1" 200 116326
20.171.207.37 - - [26/Feb/2025:00:13:56 +0100] "GET /ticket2/opencms/set_aff_cookie.jsp?partner=57601924-FB09-5BB2-867F-08B4EB522BA8&url=%252Fru%252Fbuy%252Findex.html%253Fpage%253D1%2526edid%253DD3961231-7877-42EF-B532-0CF3B9007345%2526hlv%253D61126f42-6414-4d71-91d7-29770a01000f%2523v_1975846057 HTTP/1.1" 200 247
52.167.144.18 - - [26/Feb/2025:00:13:58 +0100] "GET /ticket2/opencms/uk/buy?page=1&edid=46AA4F76-91C4-2474-44EC-074AAAAB2066 HTTP/1.1" 200 114409
20.171.207.37 - - [26/Feb/2025:00:13:58 +0100] "GET /ticket2/opencms/set_aff_cookie.jsp?partner=6F250EA7-4505-FA01-D601-8847F2573405&url=%252Fdk%252Fbuy%252Findex.html%253Fpage%253D1%2526edid%253D7F453E70-42C2-9829-6707-8F3A9E689502%2526hlv%253D60f81690-3c98-4284-b881-5c9e0a01000f%2523v_601130362 HTTP/1.1" 200 246
52.167.144.18 - - [26/Feb/2025:00:13:59 +0100] "GET /ticket2/opencms/fi/buy/?page=1&edid=E86D89E6-4B76-0823-49E9-A4E0BE4014AF HTTP/1.1" 200 110558
3.221.50.71 - - [26/Feb/2025:00:13:59 +0100] "GET /ticket2/opencms/en/buying_tickets HTTP/1.1" 200 90064
85.208.96.209 - - [26/Feb/2025:00:14:00 +0100] "GET /ticket2/opencms/bg/magazine/article?title=naj-skupite-transferi-prez-yanuarskiya-transferen-prozorec HTTP/1.1" 200 95363
185.191.171.14 - - [26/Feb/2025:00:14:00 +0100] "GET /ticket2/opencms/de/magazine/article?title=thomas-tuchel-wird-der-neue-nationaltrainer-von-england HTTP/1.1" 200 93493
66.220.149.4 - - [26/Feb/2025:00:14:00 +0100] "GET /ticket2/opencms/is/buy?page=1&edid=84A5FE5E-FE66-D83A-8A7D-B9483A93F0F3 HTTP/1.1" 200 111575
20.171.207.37 - - [26/Feb/2025:00:14:03 +0100] "GET /ticket2/opencms/set_aff_cookie.jsp?partner=6F250EA7-4505-FA01-D601-8847F2573405&url=%252Fsv%252Fbuy%252Findex.html%253Fpage%253D1%2526edid%253D32C84788-8258-761B-31DE-9CBA78728125%2526hlv%253D610bcd75-e190-44f8-95d7-15670a01000f%2523v_596988519 HTTP/1.1" 200 246
185.191.171.18 - - [26/Feb/2025:00:14:04 +0100] "GET /ticket2/opencms/et/magazine/article?title=sulgeda-uleminekuakna-varem HTTP/1.1" 200 92532
20.171.207.37 - - [26/Feb/2025:00:14:04 +0100] "GET /ticket2/opencms/set_aff_cookie.jsp?partner=6F250EA7-4505-FA01-D601-8847F2573405&url=%252Fru%252Fbuy%252Findex.html%253Fpage%253D1%2526edid%253DAF875C00-5192-6C16-B609-B33576461338%2526hlv%253D611bd385-6994-4483-a5f5-57760a01000f%2523v_1434826117 HTTP/1.1" 200 247
52.167.144.166 - - [26/Feb/2025:00:14:04 +0100] "GET /ticket2/opencms/pl/magazine/article?title=joel-matip-odchodzi-z-liverpool-fc HTTP/1.1" 200 95059
20.171.207.37 - - [26/Feb/2025:00:14:06 +0100] "GET /ticket2/opencms/set_aff_cookie.jsp?partner=6F250EA7-4505-FA01-D601-8847F2573405&url=%252Ffi%252Fbuy%252Findex.html%253Fpage%253D1%2526edid%253D2011FF90-8A57-6A2F-9B46-947EE7103FE5%2526hlv%253D615c4849-1430-4272-a414-27130a01000f%2523v_1276362972 HTTP/1.1" 200 247
54.36.148.180 - - [26/Feb/2025:00:14:06 +0100] "GET /ticket2/opencms/it/buy?page=1&edid=71F3FE54-10D0-F1E8-DD77-D63D4BE2C9CF HTTP/1.1" 200 136689
40.77.167.0 - - [26/Feb/2025:00:14:06 +0100] "GET /ticket2/opencms/en/buy?page=1&edid=57C8D150-DCBD-4911-196A-160A37952FA8 HTTP/1.1" 200 133360
69.176.86.78 - - [26/Feb/2025:00:14:07 +0100] "GET /ticket2/opencms/ga/magazine/article?title=please-provide-the-text-you-need-translated-to-ga HTTP/1.1" 200 93851
202.8.43.180 - - [26/Feb/2025:00:14:07 +0100] "GET /ticket2/opencms/system/modules/com.gridnine.opencms.ticketbrokerage.site/resources/css/jquery-ui.css HTTP/1.1" 200 33221
202.8.43.180 - - [26/Feb/2025:00:14:07 +0100] "GET /ticket2/opencms/system/modules/com.gridnine.opencms.ticketbrokerage.site/resources/css/ticketbrokerage.css HTTP/1.1" 200 39339
202.8.43.180 - - [26/Feb/2025:00:14:07 +0100] "GET /ticket2/opencms/system/modules/com.gridnine.opencms.ticketbrokerage.site/resources/css/calendar.css HTTP/1.1" 200 6871
202.8.43.180 - - [26/Feb/2025:00:14:07 +0100] "GET /ticket2/opencms/system/modules/com.gridnine.opencms.ticketbrokerage.site/resources/css/standard.css HTTP/1.1" 200 74207
202.8.43.180 - - [26/Feb/2025:00:14:07 +0100] "GET /ticket2/opencms/system/modules/com.gridnine.opencms.ticketbrokerage.site/resources/css/jquery.fancybox.css HTTP/1.1" 200 4939
202.8.43.180 - - [26/Feb/2025:00:14:07 +0100] "GET /ticket2/opencms/system/modules/com.gridnine.opencms.ticketbrokerage.site/resources/js/jquery/jquery.js HTTP/1.1" 200 93868
202.8.43.180 - - [26/Feb/2025:00:14:08 +0100] "GET /ticket2/opencms/system/modules/com.gridnine.opencms.ticketbrokerage.site/resources/js/functions.js HTTP/1.1" 200 1583
202.8.43.180 - - [26/Feb/2025:00:14:08 +0100] "GET /ticket2/opencms/system/modules/com.gridnine.opencms.ticketbrokerage.site/resources/js/calendar.js HTTP/1.1" 200 49229
202.8.43.180 - - [26/Feb/2025:00:14:08 +0100] "GET /ticket2/opencms/system/modules/com.gridnine.opencms.ticketbrokerage.site/resources/js/jquery/jquery-ui.js HTTP/1.1" 200 228088
202.8.43.180 - - [26/Feb/2025:00:14:08 +0100] "GET /ticket2/opencms/system/modules/com.gridnine.opencms.ticketbrokerage.site/resources/js/calendar-en.js HTTP/1.1" 200 3338
202.8.43.180 - - [26/Feb/2025:00:14:08 +0100] "GET /ticket2/opencms/system/modules/com.gridnine.opencms.ticketbrokerage.site/resources/js/calendar-setup.js HTTP/1.1" 200 4923
202.8.43.180 - - [26/Feb/2025:00:14:08 +0100] "GET /ticket2/opencms/system/modules/com.gridnine.opencms.ticketbrokerage.site/resources/js/jquery.fancybox.pack.js HTTP/1.1" 200 23187
202.8.43.180 - - [26/Feb/2025:00:14:08 +0100] "GET /ticket2/opencms/system/modules/com.gridnine.opencms.ticketbrokerage.site/resources/js/stickyfill.min.js HTTP/1.1" 200 5672
202.8.43.180 - - [26/Feb/2025:00:14:08 +0100] "GET /ticket2/opencms/system/modules/com.gridnine.opencms.ticketbrokerage.site/resources/js/standard.js HTTP/1.1" 200 3983
202.8.43.180 - - [26/Feb/2025:00:14:08 +0100] "GET /ticket2/opencms/system/modules/com.gridnine.opencms.ticketbrokerage.site/resources/js/jquery.placeholder.min.js HTTP/1.1" 200 1737
202.8.43.180 - - [26/Feb/2025:00:14:08 +0100] "GET /ticket2/opencms/system/modules/com.gridnine.opencms.ticketbrokerage.site/resources/js/common-ajax.js HTTP/1.1" 200 20175
202.8.43.180 - - [26/Feb/2025:00:14:08 +0100] "GET /ticket2/opencms/it/ask-form.html HTTP/1.1" 200 3156
202.8.43.180 - - [26/Feb/2025:00:14:08 +0100] "GET /ticket2/opencms/system/modules/com.gridnine.opencms.ticketbrokerage.site/resources/css/ticketbrokerage.css HTTP/1.1" 200 39339
40.77.167.0 - - [26/Feb/2025:00:14:08 +0100] "GET /ticket2/opencms/ka/magazine/article?title=bornmuti HTTP/1.1" 200 96384
20.171.207.37 - - [26/Feb/2025:00:14:09 +0100] "GET /ticket2/opencms/set_aff_cookie.jsp?partner=6F250EA7-4505-FA01-D601-8847F2573405&url=%252Fen%252Fbuy%252Findex.html%253Fpage%253D1%2526edid%253D3F6B6B17-F159-59CA-9275-25779C692B45%2526hlv%253D60c9f02a-3730-4389-a025-299e0a01000f%2523v_1952291503 HTTP/1.1" 200 247
40.77.167.0 - - [26/Feb/2025:00:14:09 +0100] "GET /ticket2/opencms/lt/magazine/article?title=iprasti-terminai-futbole HTTP/1.1" 200 95001
173.252.83.6 - - [26/Feb/2025:00:14:13 +0100] "GET /ticket2/opencms/en/buy/?page=1&edid=27BD86C3-7872-0F2C-F4EA-C29B4E4DC0EF HTTP/1.1" 200 109875
66.249.76.8 - - [26/Feb/2025:00:14:13 +0100] "GET /ticket2/opencms/sl/magazine/article?title=kaksna-je-prihodnost-za-alexandra-isaka HTTP/1.1" 200 92756
66.249.64.32 - - [26/Feb/2025:00:14:14 +0100] "GET /ticket2/opencms/en/buy/?page=1&edid=9AD6E1E6-FB1D-3EDD-D6AB-CD76FAA24E1B HTTP/1.1" 200 110082
20.171.207.37 - - [26/Feb/2025:00:14:16 +0100] "GET /ticket2/opencms/set_aff_cookie.jsp?partner=6F250EA7-4505-FA01-D601-8847F2573405&url=%252Fsv%252Fbuy%252Findex.html%253Fpage%253D1%2526edid%253D87A2E0C8-FB06-9F72-D01C-6586D722A374%2526hlv%253D61363784-2c80-47a8-8660-70c50a01000f%2523v_313173846 HTTP/1.1" 200 246
121.237.36.27 - - [26/Feb/2025:00:14:17 +0100] "GET /ticket2/opencms/ HTTP/1.1" 302 -
121.237.36.27 - - [26/Feb/2025:00:14:17 +0100] "GET /ticket2/opencms/ HTTP/1.1" 302 -
121.237.36.27 - - [26/Feb/2025:00:14:18 +0100] "GET /ticket2/opencms/ HTTP/1.1" 302 -
121.237.36.27 - - [26/Feb/2025:00:14:18 +0100] "GET /ticket2/opencms/ HTTP/1.1" 302 -
40.77.167.15 - - [26/Feb/2025:00:14:18 +0100] "GET /ticket2/opencms/tr/buy/?page=1&edid=2E8924E6-28D0-1DDA-A1D1-EAAA09293C64 HTTP/1.1" 200 90511
54.36.148.69 - - [26/Feb/2025:00:14:19 +0100] "GET /ticket2/opencms/no/buy/?page=1&edid=ABE0D196-5A84-0064-2AAA-8BE846913E3B HTTP/1.1" 200 134525
216.244.66.238 - - [26/Feb/2025:00:14:20 +0100] "GET /ticket2/opencms/ka/buy?page=1&edid=47BA2EA5-F206-8457-9ADF-8F0301D784AE HTTP/1.1" 200 116800
52.167.144.18 - - [26/Feb/2025:00:14:22 +0100] "GET /ticket2/opencms/nl/buy/?page=1&edid=B7C4FEC3-B198-C835-B1CF-1DD3D304980D HTTP/1.1" 200 106355
85.208.96.193 - - [26/Feb/2025:00:14:24 +0100] "GET /ticket2/opencms/lt/magazine/article?title=arsenal-fc-refleksija HTTP/1.1" 200 93740
20.171.207.37 - - [26/Feb/2025:00:14:27 +0100] "GET /ticket2/opencms/set_aff_cookie.jsp?partner=6F250EA7-4505-FA01-D601-8847F2573405&url=%252Fnl%252Fbuy%252Findex.html%253Fpage%253D1%2526edid%253DB5418821-46EB-580F-2878-5A022EF273FD%2526hlv%253D61163179-c6f8-472c-9997-70b60a01000f%2523v_562817274 HTTP/1.1" 200 246
54.36.149.101 - - [26/Feb/2025:00:14:27 +0100] "GET /ticket2/opencms/sk/buy/?page=1&edid=DB78564C-15B8-80D7-4417-3A2B0F9689F8 HTTP/1.1" 200 111928
85.208.96.193 - - [26/Feb/2025:00:14:27 +0100] "GET /ticket2/opencms/be/magazine/article?title=la-liga-real-madrid-ha-ganado-mas-titulos HTTP/1.1" 200 95599
166.108.227.4 - - [26/Feb/2025:00:14:30 +0100] "GET /ticket2/opencms/es/deporte/entradas-futbol/la-liga/leganes/ HTTP/1.1" 200 101202
66.249.64.33 - - [26/Feb/2025:00:14:31 +0100] "GET /ticket2/opencms/en/buy/?page=1&edid=78E4B91C-1F75-6F0B-081E-2F48F65F6C41 HTTP/1.1" 200 109129
185.191.171.9 - - [26/Feb/2025:00:14:32 +0100] "GET /ticket2/opencms/mt/magazine/article?title=l-ewwel-reba-ta-ipswich-fil-premier-league-f22-sena HTTP/1.1" 200 93865
47.128.46.255 - - [26/Feb/2025:00:14:33 +0100] "GET /ticket2/opencms/fi/venue/?venueid=D9365E4D-49BE-CD44-E4C9-734764289212 HTTP/1.1" 200 86872
54.36.148.57 - - [26/Feb/2025:00:14:35 +0100] "GET /ticket2/opencms/uk/magazine/article?title=liverpool-tottenham HTTP/1.1" 200 93190
20.171.207.37 - - [26/Feb/2025:00:14:36 +0100] "GET /ticket2/opencms/set_aff_cookie.jsp?partner=6F250EA7-4505-FA01-D601-8847F2573405&url=%252Fno%252Fbuy%252Findex.html%253Fpage%253D1%2526edid%253D3F6B6B17-F159-59CA-9275-25779C692B45%2526hlv%253D60c9ec87-1448-4d88-b033-28790a01000f%2523v_537074728 HTTP/1.1" 200 246
47.238.13.5 - - [26/Feb/2025:00:14:38 +0100] "GET /ticket2/opencms/en/buy?page=1&edid=0BD2537E-8D85-BBF5-463D-38EAF0609D0E HTTP/1.1" 200 106943
54.36.149.104 - - [26/Feb/2025:00:14:39 +0100] "GET /ticket2/opencms/es/buy/?page=1&edid=353A8607-D64B-76FC-86CE-3A4804789969 HTTP/1.1" 200 108582
216.244.66.238 - - [26/Feb/2025:00:14:42 +0100] "GET /ticket2/opencms/mo/buy?page=1&edid=78082CE8-FF07-6DCD-F684-97CDB9F54EAF HTTP/1.1" 200 108851
66.249.70.65 - - [26/Feb/2025:00:14:44 +0100] "GET /ticket2/opencms/system/modules/com.gridnine.opencms.ticketbrokerage.site/resources/css/jquery.fancybox.css HTTP/1.1" 200 4939
66.249.64.46 - - [26/Feb/2025:00:14:52 +0100] "GET /ticket2/opencms/en/buy/?page=1&edid=A5DC3557-7021-B208-917D-35A78F466827 HTTP/1.1" 200 110071
85.208.96.201 - - [26/Feb/2025:00:14:53 +0100] "GET /ticket2/opencms/mo/magazine/article?title=manchester-city-risca-retrocessao HTTP/1.1" 200 92221
54.36.148.89 - - [26/Feb/2025:00:14:53 +0100] "GET /ticket2/opencms/be/buy/?page=1&edid=5DA3AEB7-05B3-5C75-7735-219D0A706090 HTTP/1.1" 200 114575
114.119.136.30 - - [26/Feb/2025:00:14:54 +0100] "GET /ticket2/opencms/fi/buy?page=1&=0E8E970B-A1A6-22B5-B185-EB135DAF9E73 HTTP/1.1" 200 -
20.171.207.37 - - [26/Feb/2025:00:14:54 +0100] "GET /ticket2/opencms/set_aff_cookie.jsp?partner=6F250EA7-4505-FA01-D601-8847F2573405&url=%252Fdk%252Fbuy%252Findex.html%253Fpage%253D1%2526edid%253D87A2E0C8-FB06-9F72-D01C-6586D722A374%2526hlv%253D6145b55b-7030-4444-9997-62420a01000f%2523v_1052857334 HTTP/1.1" 200 247
185.191.171.1 - - [26/Feb/2025:00:14:55 +0100] "GET /ticket2/opencms/az/magazine/article?title=liverpool-tottenham HTTP/1.1" 200 92900
20.171.207.37 - - [26/Feb/2025:00:14:55 +0100] "GET /ticket2/opencms/set_aff_cookie.jsp?partner=6F250EA7-4505-FA01-D601-8847F2573405&url=%252Fno%252Fbuy%252Findex.html%253Fpage%253D1%2526edid%253D9A05EF4D-4376-E584-2657-07D966D7B743%2526hlv%253D614c74c2-f244-4946-b731-17600a01000f%2523v_454384794 HTTP/1.1" 200 246
20.171.207.37 - - [26/Feb/2025:00:14:57 +0100] "GET /ticket2/opencms/set_aff_cookie.jsp?partner=6F250EA7-4505-FA01-D601-8847F2573405&url=%252Fno%252Fbuy%252Findex.html%253Fpage%253D1%2526edid%253D26946324-80EA-5BC2-A081-74A9001A9422%2526hlv%253D60f6996b-52f4-4908-8577-644f0a01000f%2523v_1209769869 HTTP/1.1" 200 247
20.171.207.37 - - [26/Feb/2025:00:14:58 +0100] "GET /ticket2/opencms/set_aff_cookie.jsp?partner=6F250EA7-4505-FA01-D601-8847F2573405&url=%252Fno%252Fbuy%252Findex.html%253Fpage%253D1%2526edid%253DC150F8B4-EF11-302C-3E37-D5F5D113309B%2526hlv%253D61151847-8714-4165-9394-7f060a01000f%2523v_1034030197 HTTP/1.1" 200 247
20.171.207.37 - - [26/Feb/2025:00:15:00 +0100] "GET /ticket2/opencms/set_aff_cookie.jsp?partner=6F250EA7-4505-FA01-D601-8847F2573405&url=%252Ffi%252Fbuy%252Findex.html%253Fpage%253D1%2526edid%253D32C84788-8258-761B-31DE-9CBA78728125%2526hlv%253D610bcd75-c0a0-4406-b270-15670a01000f%2523v_438302374 HTTP/1.1" 200 246
114.119.129.189 - - [26/Feb/2025:00:15:01 +0100] "GET /ticket2/opencms/en/venue/?venueid=9C7E5E60-E5C4-2B9C-9F16-945F0107847B HTTP/1.1" 200 85435
47.128.61.184 - - [26/Feb/2025:00:15:03 +0100] "GET /ticket2/opencms/sl/buy/?edid=C7757F5F-B4AF-8F1E-2F32-08E4F67807FA HTTP/1.1" 200 91609
216.244.66.238 - - [26/Feb/2025:00:15:05 +0100] "GET /ticket2/opencms/bg/buy?page=1&edid=7FD7B983-A676-9DB5-DDC8-EBA42E6C40FA HTTP/1.1" 200 113255
54.36.149.52 - - [26/Feb/2025:00:15:05 +0100] "GET /ticket2/opencms/fi/buy/?page=1&edid=B7C31852-4938-05B8-A23C-0248E7A3D5BA HTTP/1.1" 200 112155
20.171.207.37 - - [26/Feb/2025:00:15:07 +0100] "GET /ticket2/opencms/set_aff_cookie.jsp?partner=6F250EA7-4505-FA01-D601-8847F2573405&url=%252Fdk%252Fbuy%252Findex.html%253Fpage%253D1%2526edid%253DD721686E-9356-C54A-6337-70B052F2F74D%2526hlv%253D61127b95-f424-475a-8839-2db60a01000f%2523v_321840566 HTTP/1.1" 200 246
114.119.132.9 - - [26/Feb/2025:00:15:08 +0100] "GET /ticket2/opencms/mt/ HTTP/1.1" 200 106769
20.171.207.37 - - [26/Feb/2025:00:15:09 +0100] "GET /ticket2/opencms/set_aff_cookie.jsp?partner=6F250EA7-4505-FA01-D601-8847F2573405&url=%252Fno%252Fbuy%252Findex.html%253Fpage%253D1%2526edid%253D40274787-4880-2FAF-9245-ACEA41C493B4%2526hlv%253D610bce56-9340-4966-b332-16280a01000f%2523v_953416062 HTTP/1.1" 200 246
20.171.207.37 - - [26/Feb/2025:00:15:11 +0100] "GET /ticket2/opencms/set_aff_cookie.jsp?partner=6F250EA7-4505-FA01-D601-8847F2573405&url=%252Fru%252Fbuy%252Findex.html%253Fpage%253D1%2526edid%253D9A05EF4D-4376-E584-2657-07D966D7B743%2526hlv%253D614c74c2-4648-4407-865a-17600a01000f%2523v_1971094859 HTTP/1.1" 200 247
66.249.76.132 - - [26/Feb/2025:00:15:12 +0100] "GET /ticket2/opencms/en/buy/?page=1&edid=2000B814-5798-93BD-839A-CF4F349DB54F HTTP/1.1" 200 109986
20.171.207.37 - - [26/Feb/2025:00:15:13 +0100] "GET /ticket2/opencms/set_aff_cookie.jsp?partner=6F250EA7-4505-FA01-D601-8847F2573405&url=%252Fsv%252Fbuy%252Findex.html%253Fpage%253D1%2526edid%253DED116640-06D9-8E71-B531-3190AD7688F8%2526hlv%253D611bcb06-49f8-4650-9026-529e0a01000f%2523v_1481363347 HTTP/1.1" 200 247
85.208.96.196 - - [26/Feb/2025:00:15:15 +0100] "GET /ticket2/opencms/ga/magazine/ HTTP/1.1" 200 154017
52.167.144.166 - - [26/Feb/2025:00:15:16 +0100] "GET /ticket2/opencms/dk/magazine/article?title=analyse-sa-meget-er-premier-leagues-billetpriser-steget-liverpool-og-arsenal-er-dyrest HTTP/1.1" 200 99611
54.36.149.87 - - [26/Feb/2025:00:15:16 +0100] "GET /ticket2/opencms/sv/sport/fotbollsbiljetter/bundesliga/mainz/ HTTP/1.1" 200 96630
52.167.144.59 - - [26/Feb/2025:00:15:19 +0100] "GET /ticket2/opencms/robots.txt HTTP/1.1" 200 773
52.167.144.59 - - [26/Feb/2025:00:15:20 +0100] "GET /ticket2/opencms/robots.txt HTTP/1.1" 200 773
40.77.167.154 - - [26/Feb/2025:00:15:23 +0100] "GET /ticket2/opencms/az/buy?page=1&edid=E0A8CE5D-A2DA-F5EB-6814-85F787FE51D7 HTTP/1.1" 200 112172
52.167.144.20 - - [26/Feb/2025:00:15:24 +0100] "GET /ticket2/opencms/fi/buy/?page=1&edid=28603009-1BBB-6024-D289-76A34CC16DB3 HTTP/1.1" 200 111653
216.244.66.238 - - [26/Feb/2025:00:15:25 +0100] "GET /ticket2/opencms/de/buy?page=1&edid=AD367739-9B97-22E1-AB45-C515C55EA5C1 HTTP/1.1" 200 111555
185.191.171.17 - - [26/Feb/2025:00:15:27 +0100] "GET /ticket2/opencms/lt/magazine/article/ HTTP/1.1" 200 89137
54.36.148.210 - - [26/Feb/2025:00:15:32 +0100] "GET /ticket2/opencms/az/buy/?page=1&edid=FDBFACD9-E01A-CBEB-FBF2-160E9CEDBACD HTTP/1.1" 200 108923
66.249.64.32 - - [26/Feb/2025:00:15:33 +0100] "GET /ticket2/opencms/en/buy/?page=1&edid=BD5ED709-E550-ECCC-FE1D-2E85747011DF HTTP/1.1" 200 116760
52.167.144.18 - - [26/Feb/2025:00:15:34 +0100] "GET /ticket2/opencms/ga/buy/?page=1&edid=6DC3A802-C601-7FFD-B08B-38EEF45F02CA HTTP/1.1" 200 112319
47.128.114.28 - - [26/Feb/2025:00:15:34 +0100] "GET /ticket2/opencms/sv/buy?edid=D64B5630-A9DF-0854-05CF-2FC43E0CD4B2 HTTP/1.1" 200 91117
52.167.144.18 - - [26/Feb/2025:00:15:35 +0100] "GET /ticket2/opencms/ka/buy?page=1&edid=56B38CDE-C52C-9D5C-A997-D65F4CB742AB HTTP/1.1" 200 118573
114.119.157.43 - - [26/Feb/2025:00:15:36 +0100] "GET /ticket2/opencms/et/buy?page=1&=8CFA0713-CB89-B170-6E16-78BF86BECE5B HTTP/1.1" 200 -
114.119.136.30 - - [26/Feb/2025:00:15:37 +0100] "GET /ticket2/opencms/sr/buy?page=1&edid=24A843F5-AE99-1BDD-5A34-93381BE14187 HTTP/1.1" 200 115156
124.243.179.184 - - [26/Feb/2025:00:15:39 +0100] "GET /ticket2/opencms/ga/magazine/article?title=joao-palhinha-go-bayern-munchen-en-ny-mittfalts-kraft-anlander-till-allianz-arena HTTP/1.1" 200 97367
194.38.23.16 - - [26/Feb/2025:00:15:40 +0100] "GET /ticket2/opencms/wp-content/themes/u-design/scripts/admin/uploadify/uploadify.css HTTP/1.1" 404 -
185.191.171.18 - - [26/Feb/2025:00:15:41 +0100] "GET /ticket2/opencms/bs/magazine/article?title=maximilian-ibrahimovic-potpisuje-za-drugi-tim-ac-milana HTTP/1.1" 200 95085
54.36.148.100 - - [26/Feb/2025:00:15:42 +0100] "GET /ticket2/opencms/et/buy/?page=1&edid=40635446-3A1B-F16A-9B72-5E5BD25B028F HTTP/1.1" 200 108421
216.244.66.238 - - [26/Feb/2025:00:15:45 +0100] "GET /ticket2/opencms/uk/buy?page=1&edid=F7A3CA0E-9752-41FA-BB70-B50F14771FC0 HTTP/1.1" 200 114200
121.237.36.27 - - [26/Feb/2025:00:15:50 +0100] "GET /ticket2/opencms/ HTTP/1.1" 302 -
121.237.36.27 - - [26/Feb/2025:00:15:50 +0100] "GET /ticket2/opencms/ HTTP/1.1" 302 -
85.208.96.200 - - [26/Feb/2025:00:15:51 +0100] "GET /ticket2/opencms/de/magazine/article?title=declan-rice HTTP/1.1" 200 93432
54.36.149.57 - - [26/Feb/2025:00:15:54 +0100] "GET /ticket2/opencms/sv/sport/fotbollsbiljetter/serie_a/fiorentina/ HTTP/1.1" 200 98263
52.167.144.20 - - [26/Feb/2025:00:15:54 +0100] "GET /ticket2/opencms/sr/buy?page=6&comcatid=0A6B8208-FDA4-E929-9D72-5312FD481B76&catid=53E7B32E-5CAA-6CE7-D6AA-FFC41D70EE01 HTTP/1.1" 200 104380
66.249.64.97 - - [26/Feb/2025:00:15:59 +0100] "GET /ticket2/opencms/ga/buy/?page=1&edid=076411AC-E16D-03B5-E9C0-15F71C5D24A8 HTTP/1.1" 200 109073
185.191.171.6 - - [26/Feb/2025:00:15:59 +0100] "GET /ticket2/opencms/be/magazine/article?title=graham-potter-from-sweden-to-the-premier-league HTTP/1.1" 200 97609
66.249.64.46 - - [26/Feb/2025:00:15:59 +0100] "GET /ticket2/opencms/fr/buy/?page=1&edid=AC8F7448-8C97-BB58-DCF6-B6425E43C512 HTTP/1.1" 200 108305
173.252.107.3 - - [26/Feb/2025:00:15:59 +0100] "GET /ticket2/opencms/dk/sport/fodboldbilletter/serie-a/inter/ HTTP/1.1" 200 95726
94.234.79.58 - - [26/Feb/2025:00:16:01 +0100] "GET /ticket2/opencms/sv/sport/fotbollsbiljetter/premier_league/chelsea/?gad_source=1&gbraid=0AAAAADlS-t_Gi3t27n6u99xtqTHSK0CbT&gclid=EAIaIQobChMI7oyrl_rfiwMVyhyiAx1INSNxEAAYAyAAEgIcH_D_BwE HTTP/1.1" 200 100154
94.234.79.58 - - [26/Feb/2025:00:16:01 +0100] "GET /ticket2/opencms/system/modules/com.gridnine.opencms.ticketbrokerage.site/resources/js/jquery/jquery.js HTTP/1.1" 200 93868
94.234.79.58 - - [26/Feb/2025:00:16:01 +0100] "GET /ticket2/opencms/system/modules/com.gridnine.opencms.ticketbrokerage.site/resources/js/jquery/jquery-ui.js HTTP/1.1" 200 228088
94.234.79.58 - - [26/Feb/2025:00:16:01 +0100] "GET /ticket2/opencms/system/modules/com.gridnine.opencms.ticketbrokerage.site/resources/css/calendar.css HTTP/1.1" 200 6871
94.234.79.58 - - [26/Feb/2025:00:16:01 +0100] "GET /ticket2/opencms/system/modules/com.gridnine.opencms.ticketbrokerage.site/resources/css/ticketbrokerage.css HTTP/1.1" 200 39339
94.234.79.58 - - [26/Feb/2025:00:16:01 +0100] "GET /ticket2/opencms/system/modules/com.gridnine.opencms.ticketbrokerage.site/resources/css/jquery-ui.css HTTP/1.1" 200 33221
94.234.79.58 - - [26/Feb/2025:00:16:01 +0100] "GET /ticket2/opencms/system/modules/com.gridnine.opencms.ticketbrokerage.site/resources/css/jquery.fancybox.css HTTP/1.1" 200 4939
94.234.79.58 - - [26/Feb/2025:00:16:01 +0100] "GET /ticket2/opencms/system/modules/com.gridnine.opencms.ticketbrokerage.site/resources/css/standard.css HTTP/1.1" 200 74207
94.234.79.58 - - [26/Feb/2025:00:16:01 +0100] "GET /ticket2/opencms/system/modules/com.gridnine.opencms.ticketbrokerage.site/resources/js/functions.js HTTP/1.1" 200 1583
94.234.79.58 - - [26/Feb/2025:00:16:01 +0100] "GET /ticket2/opencms/system/modules/com.gridnine.opencms.ticketbrokerage.site/resources/js/calendar.js HTTP/1.1" 200 49229
94.234.79.58 - - [26/Feb/2025:00:16:01 +0100] "GET /ticket2/opencms/system/modules/com.gridnine.opencms.ticketbrokerage.site/resources/js/calendar-setup.js HTTP/1.1" 200 4923
94.234.79.58 - - [26/Feb/2025:00:16:01 +0100] "GET /ticket2/opencms/system/modules/com.gridnine.opencms.ticketbrokerage.site/resources/js/jquery.fancybox.pack.js HTTP/1.1" 200 23187
94.234.79.58 - - [26/Feb/2025:00:16:01 +0100] "GET /ticket2/opencms/system/modules/com.gridnine.opencms.ticketbrokerage.site/resources/js/calendar-en.js HTTP/1.1" 200 3338
94.234.79.58 - - [26/Feb/2025:00:16:01 +0100] "GET /ticket2/opencms/system/modules/com.gridnine.opencms.ticketbrokerage.site/resources/js/stickyfill.min.js HTTP/1.1" 200 5672
94.234.79.58 - - [26/Feb/2025:00:16:01 +0100] "GET /ticket2/opencms/system/modules/com.gridnine.opencms.ticketbrokerage.site/resources/js/standard.js HTTP/1.1" 200 3983
94.234.79.58 - - [26/Feb/2025:00:16:01 +0100] "GET /ticket2/opencms/system/modules/com.gridnine.opencms.ticketbrokerage.site/resources/js/jquery.placeholder.min.js HTTP/1.1" 200 1737
94.234.79.58 - - [26/Feb/2025:00:16:01 +0100] "GET /ticket2/opencms/system/modules/com.gridnine.opencms.ticketbrokerage.site/resources/js/common-ajax.js HTTP/1.1" 200 20175
94.234.79.58 - - [26/Feb/2025:00:16:01 +0100] "GET /ticket2/opencms/system/modules/com.gridnine.opencms.ticketbrokerage.site/resources/pics/logo-new.png HTTP/1.1" 200 13541
94.234.79.58 - - [26/Feb/2025:00:16:01 +0100] "GET /ticket2/opencms/img/insta.png HTTP/1.1" 200 3967
94.234.79.58 - - [26/Feb/2025:00:16:01 +0100] "GET /ticket2/opencms/img/fb.png HTTP/1.1" 200 1269
94.234.79.58 - - [26/Feb/2025:00:16:01 +0100] "GET /ticket2/opencms/system/modules/com.gridnine.opencms.ticketbrokerage.site/resources/pics/banners/Chelsea.jpg HTTP/1.1" 200 13056
94.234.79.58 - - [26/Feb/2025:00:16:01 +0100] "GET /ticket2/opencms/system/modules/com.gridnine.opencms.ticketbrokerage.site/resources/pics/footer-img.jpg HTTP/1.1" 200 67642
94.234.79.58 - - [26/Feb/2025:00:16:01 +0100] "GET /ticket2/opencms/img/check.png HTTP/1.1" 200 548
94.234.79.58 - - [26/Feb/2025:00:16:01 +0100] "GET /ticket2/opencms/img/mail.png HTTP/1.1" 200 403
94.234.79.58 - - [26/Feb/2025:00:16:01 +0100] "GET /ticket2/opencms/img/chat.png HTTP/1.1" 200 416
94.234.79.58 - - [26/Feb/2025:00:16:01 +0100] "GET /ticket2/opencms/img/arrow.png HTTP/1.1" 200 753
94.234.79.58 - - [26/Feb/2025:00:16:02 +0100] "GET /ticket2/opencms/img/icons/globe-white.png HTTP/1.1" 200 947
94.234.79.58 - - [26/Feb/2025:00:16:02 +0100] "GET /ticket2/opencms/img/icons/se.png HTTP/1.1" 200 1258
94.234.79.58 - - [26/Feb/2025:00:16:02 +0100] "GET /ticket2/opencms/img/icons/fi.png HTTP/1.1" 200 1785
94.234.79.58 - - [26/Feb/2025:00:16:02 +0100] "GET /ticket2/opencms/img/icons/no.png HTTP/1.1" 200 1958
94.234.79.58 - - [26/Feb/2025:00:16:02 +0100] "GET /ticket2/opencms/img/icons/dk.png HTTP/1.1" 200 1706
94.234.79.58 - - [26/Feb/2025:00:16:02 +0100] "GET /ticket2/opencms/img/icons/en.png HTTP/1.1" 200 2415
94.234.79.58 - - [26/Feb/2025:00:16:02 +0100] "GET /ticket2/opencms/img/icons/nl.png HTTP/1.1" 200 1255
94.234.79.58 - - [26/Feb/2025:00:16:02 +0100] "GET /ticket2/opencms/img/icons/de.png HTTP/1.1" 200 1124
94.234.79.58 - - [26/Feb/2025:00:16:02 +0100] "GET /ticket2/opencms/img/icons/fr.png HTTP/1.1" 200 1764
94.234.79.58 - - [26/Feb/2025:00:16:02 +0100] "GET /ticket2/opencms/img/icons/es.png HTTP/1.1" 200 1005
94.234.79.58 - - [26/Feb/2025:00:16:02 +0100] "GET /ticket2/opencms/img/icons/it.png HTTP/1.1" 200 2040
94.234.79.58 - - [26/Feb/2025:00:16:03 +0100] "GET /ticket2/opencms/img/icons/pl.png HTTP/1.1" 200 1578
94.234.79.58 - - [26/Feb/2025:00:16:03 +0100] "GET /ticket2/opencms/img/icons/sq.png HTTP/1.1" 200 1619
