66.249.70.67 - - [26/Feb/2025:01:56:30 +0100] "GET /ticket2/opencms/sk/magazine/article/ HTTP/1.1" 200 89229
114.119.141.178 - - [26/Feb/2025:01:56:30 +0100] "GET /ticket2/opencms/es/buy?page=1&edid=D9B6DEA1-0C13-FA80-469E-162654611A15 HTTP/1.1" 200 117975
62.84.180.29 - - [26/Feb/2025:01:56:31 +0100] "GET /ticket2/opencms/fi/buy/?page=1&edid=87458B4C-5727-54F1-FD94-C447B142765E&sortorder=desc&column=row HTTP/1.1" 200 111624
85.208.96.193 - - [26/Feb/2025:01:56:32 +0100] "GET /ticket2/opencms/fr/sport/billets-football/serie_a/monza HTTP/1.1" 200 93176
66.249.64.130 - - [26/Feb/2025:01:56:32 +0100] "GET /ticket2/opencms/is/buy/?page=1&edid=9955BBA7-6063-22E0-6250-8AB9CB5C1852 HTTP/1.1" 200 108590
20.171.207.37 - - [26/Feb/2025:01:56:32 +0100] "GET /ticket2/opencms/set_aff_cookie.jsp?partner=692E2C6A-EC6F-1C93-AFCC-C5ACC23A93EA&url=%252Fsv%252Fbuy%252Findex.html%253Fpage%253D1%2526edid%253D6CF59A44-C817-F554-FFD2-03AD6BC48C9A%2526hlv%253D611bb91e-2fec-40c8-a88b-4b1b0a01000f%2523v_427996740 HTTP/1.1" 200 246
62.84.180.29 - - [26/Feb/2025:01:56:33 +0100] "GET /ticket2/opencms/fi/buy/?page=1&edid=877F69A3-9CA4-792C-9F41-F6BFBD6ECFDE&sortorder=asc&column=price HTTP/1.1" 200 111949
62.84.180.29 - - [26/Feb/2025:01:56:35 +0100] "GET /ticket2/opencms/fi/buy/?page=1&edid=877F69A3-9CA4-792C-9F41-F6BFBD6ECFDE&sortorder=asc&column=row HTTP/1.1" 200 111711
62.84.180.29 - - [26/Feb/2025:01:56:37 +0100] "GET /ticket2/opencms/fi/buy/?page=1&edid=87E80F4E-52AF-C9C5-B2CC-F679C938B071&sortorder=asc&column=price HTTP/1.1" 200 111571
20.171.207.37 - - [26/Feb/2025:01:56:37 +0100] "GET /ticket2/opencms/set_aff_cookie.jsp?partner=8F6DE15D-D831-5787-AE7E-FEFF53476F85&url=%252Fno%252Fbuy%252Findex.html%253Fpage%253D1%2526edid%253DFC9B216F-B877-F7C1-34F3-A428EECDEFA0%2526hlv%253D6141b696-7d18-477a-b8a5-50250a01000f%2523v_165456514 HTTP/1.1" 200 246
66.249.64.130 - - [26/Feb/2025:01:56:38 +0100] "GET /ticket2/opencms/be/buy/?page=1&edid=DD14CC82-883B-BD06-4306-EBD494AA1804 HTTP/1.1" 200 138534
20.171.207.37 - - [26/Feb/2025:01:56:38 +0100] "GET /ticket2/opencms/set_aff_cookie.jsp?partner=8F6DE15D-D831-5787-AE7E-FEFF53476F85&url=%252Ffi%252Fbuy%252Findex.html%253Fpage%253D1%2526edid%253D199EDE4E-5A92-8B6F-9481-A1A89D98DFB8%2526hlv%253D60f8165c-16dc-4bd5-9770-5bd40a01000f%2523v_621858040 HTTP/1.1" 200 246
62.84.180.29 - - [26/Feb/2025:01:56:38 +0100] "GET /ticket2/opencms/fi/buy/?page=1&edid=88AE85E3-914C-45FF-C0A8-644BDD25A487&sortorder=desc&column=price HTTP/1.1" 200 113160
20.171.207.37 - - [26/Feb/2025:01:56:39 +0100] "GET /ticket2/opencms/set_aff_cookie.jsp?partner=2E02071B-A8C3-4CBA-3097-C27D61C02ED8&url=%252Fno%252Fbuy%252Findex.html%253Fpage%253D1%2526edid%253DAEA7539C-CDCF-5E07-37D0-A655181FBABC%2526hlv%253D60f84da0-b638-4ccd-a85c-6ecf0a01000f%2523v_446607177 HTTP/1.1" 200 246
69.176.87.132 - - [26/Feb/2025:01:56:40 +0100] "GET /ticket2/opencms/de/sport/fussball-tickets/serie_a/fiorentina HTTP/1.1" 200 100582
62.84.180.29 - - [26/Feb/2025:01:56:40 +0100] "GET /ticket2/opencms/fi/buy/?page=1&edid=88AE85E3-914C-45FF-C0A8-644BDD25A487&sortorder=desc&column=section HTTP/1.1" 200 113235
62.84.180.29 - - [26/Feb/2025:01:56:42 +0100] "GET /ticket2/opencms/fi/buy/?page=1&edid=891B9583-5926-B6F5-DFBC-2EA68E228996&sortorder=asc&column=section HTTP/1.1" 200 111593
54.36.148.35 - - [26/Feb/2025:01:56:43 +0100] "GET /ticket2/opencms/dk/buy?page=1&edid=E9F0B041-BF0A-CE11-045F-89CD49D4FA7D HTTP/1.1" 200 113237
52.167.144.149 - - [26/Feb/2025:01:56:44 +0100] "GET /ticket2/opencms/en/magazine/article?title=about-arsenal-fc HTTP/1.1" 200 91859
66.249.64.130 - - [26/Feb/2025:01:56:44 +0100] "GET /ticket2/opencms/es/buy/?page=1&edid=739E0803-1C1B-F2C0-1BBA-C74FC56F4279 HTTP/1.1" 200 90431
202.8.41.195 - - [26/Feb/2025:01:56:44 +0100] "GET /ticket2/opencms/system/modules/com.gridnine.opencms.ticketbrokerage.site/resources/css/calendar.css HTTP/1.1" 200 6871
202.8.41.195 - - [26/Feb/2025:01:56:44 +0100] "GET /ticket2/opencms/system/modules/com.gridnine.opencms.ticketbrokerage.site/resources/css/jquery.fancybox.css HTTP/1.1" 200 4939
202.8.41.195 - - [26/Feb/2025:01:56:44 +0100] "GET /ticket2/opencms/system/modules/com.gridnine.opencms.ticketbrokerage.site/resources/css/jquery-ui.css HTTP/1.1" 200 33221
202.8.41.195 - - [26/Feb/2025:01:56:44 +0100] "GET /ticket2/opencms/system/modules/com.gridnine.opencms.ticketbrokerage.site/resources/css/ticketbrokerage.css HTTP/1.1" 200 39339
202.8.41.195 - - [26/Feb/2025:01:56:44 +0100] "GET /ticket2/opencms/system/modules/com.gridnine.opencms.ticketbrokerage.site/resources/css/standard.css HTTP/1.1" 200 74207
202.8.41.195 - - [26/Feb/2025:01:56:44 +0100] "GET /ticket2/opencms/system/modules/com.gridnine.opencms.ticketbrokerage.site/resources/js/jquery/jquery.js HTTP/1.1" 200 93868
62.84.180.29 - - [26/Feb/2025:01:56:44 +0100] "GET /ticket2/opencms/fi/buy/?page=1&edid=89D89E9E-8D04-F641-B1B5-F18BACE2A9FB&sortorder=desc&column=price HTTP/1.1" 200 109401
202.8.41.195 - - [26/Feb/2025:01:56:44 +0100] "GET /ticket2/opencms/system/modules/com.gridnine.opencms.ticketbrokerage.site/resources/js/jquery/jquery-ui.js HTTP/1.1" 200 228088
202.8.41.195 - - [26/Feb/2025:01:56:44 +0100] "GET /ticket2/opencms/system/modules/com.gridnine.opencms.ticketbrokerage.site/resources/js/functions.js HTTP/1.1" 200 1583
202.8.41.195 - - [26/Feb/2025:01:56:44 +0100] "GET /ticket2/opencms/system/modules/com.gridnine.opencms.ticketbrokerage.site/resources/js/calendar.js HTTP/1.1" 200 49229
202.8.41.195 - - [26/Feb/2025:01:56:44 +0100] "GET /ticket2/opencms/system/modules/com.gridnine.opencms.ticketbrokerage.site/resources/js/calendar-en.js HTTP/1.1" 200 3338
202.8.41.195 - - [26/Feb/2025:01:56:44 +0100] "GET /ticket2/opencms/system/modules/com.gridnine.opencms.ticketbrokerage.site/resources/js/calendar-setup.js HTTP/1.1" 200 4923
202.8.41.195 - - [26/Feb/2025:01:56:44 +0100] "GET /ticket2/opencms/system/modules/com.gridnine.opencms.ticketbrokerage.site/resources/js/jquery.fancybox.pack.js HTTP/1.1" 200 23187
202.8.41.195 - - [26/Feb/2025:01:56:44 +0100] "GET /ticket2/opencms/system/modules/com.gridnine.opencms.ticketbrokerage.site/resources/js/stickyfill.min.js HTTP/1.1" 200 5672
202.8.41.195 - - [26/Feb/2025:01:56:44 +0100] "GET /ticket2/opencms/system/modules/com.gridnine.opencms.ticketbrokerage.site/resources/js/standard.js HTTP/1.1" 200 3983
202.8.41.195 - - [26/Feb/2025:01:56:45 +0100] "GET /ticket2/opencms/system/modules/com.gridnine.opencms.ticketbrokerage.site/resources/js/jquery.placeholder.min.js HTTP/1.1" 200 1737
202.8.41.195 - - [26/Feb/2025:01:56:45 +0100] "GET /ticket2/opencms/system/modules/com.gridnine.opencms.ticketbrokerage.site/resources/js/common-ajax.js HTTP/1.1" 200 20175
202.8.41.195 - - [26/Feb/2025:01:56:45 +0100] "GET /ticket2/opencms/dk/ask-form.html HTTP/1.1" 200 2971
202.8.41.195 - - [26/Feb/2025:01:56:45 +0100] "GET /ticket2/opencms/system/modules/com.gridnine.opencms.ticketbrokerage.site/resources/css/ticketbrokerage.css HTTP/1.1" 200 39339
185.191.171.5 - - [26/Feb/2025:01:56:45 +0100] "GET /ticket2/opencms/cs/magazine/article?title=nejdrazsi-prestupy-lednoveho-prestupoveho-obdobi HTTP/1.1" 200 93693
54.36.148.36 - - [26/Feb/2025:01:56:45 +0100] "GET /ticket2/opencms/de/magazine/ HTTP/1.1" 200 162781
62.84.180.29 - - [26/Feb/2025:01:56:46 +0100] "GET /ticket2/opencms/fi/buy/?page=1&edid=8A4A718B-F47F-7F60-721A-7893320E945C&sortorder=asc&column=price HTTP/1.1" 200 111949
172.178.140.158 - - [26/Feb/2025:01:56:47 +0100] "GET /ticket2/opencms/mo/buy/?edid=719E6B6D-707F-E825-E3AA-0E552980E1EB&page=1 HTTP/1.1" 200 123898
20.171.207.37 - - [26/Feb/2025:01:56:48 +0100] "GET /ticket2/opencms/set_aff_cookie.jsp?partner=5E0CDF29-E7BE-9F6B-6869-7BF66B04006F&url=%252Fen%252Fbuy%252Findex.html%253Fpage%253D1%2526edid%253D4736DF7C-C1C2-2C08-48FA-1D2EB109FC30%2526hlv%253D611cd26c-666c-44fa-8691-5e520a01000f%2523v_284073291 HTTP/1.1" 200 246
62.84.180.29 - - [26/Feb/2025:01:56:48 +0100] "GET /ticket2/opencms/fi/buy/?page=1&edid=8D125337-1EBE-A81A-53BF-30167193D5A6&sortorder=desc&column=row HTTP/1.1" 200 111838
46.38.243.247 - - [26/Feb/2025:01:56:48 +0100] "GET /ticket2/opencms/es/deporte/entradas-futbol/la-liga/las_palmas HTTP/1.1" 200 100442
20.171.207.37 - - [26/Feb/2025:01:56:49 +0100] "GET /ticket2/opencms/set_aff_cookie.jsp?partner=8F6DE15D-D831-5787-AE7E-FEFF53476F85&url=%252Fno%252Fbuy%252Findex.html%253Fpage%253D1%2526edid%253D4D091DAA-A6FD-9335-E2FA-E89697CE58C9%2526hlv%253D61475a7d-1910-410a-b7aa-0bb40a01000f%2523v_694440459 HTTP/1.1" 200 246
62.84.180.29 - - [26/Feb/2025:01:56:50 +0100] "GET /ticket2/opencms/fi/buy/?page=1&edid=8D399335-C84B-CDD2-683F-085DB5766ED1&sortorder=desc&column=row HTTP/1.1" 200 112516
66.249.64.130 - - [26/Feb/2025:01:56:51 +0100] "GET /ticket2/opencms/ro/buy?page=1&edid=C8E47E46-ADCD-586A-7BE4-CF1C96256B2D&hlv=666d4477-9484-42d9-910e-603b0a01000f HTTP/1.1" 200 113984
62.84.180.29 - - [26/Feb/2025:01:56:52 +0100] "GET /ticket2/opencms/fi/buy/?page=1&edid=8DA352BB-DB51-9EC0-B0E1-B948448A62C6&sortorder=desc&column=row HTTP/1.1" 200 111569
62.84.180.29 - - [26/Feb/2025:01:56:54 +0100] "GET /ticket2/opencms/fi/buy/?page=1&edid=8E22F3C7-B590-C40B-938A-AA2C912F4E33&sortorder=desc&column=price HTTP/1.1" 200 112628
62.84.180.29 - - [26/Feb/2025:01:56:56 +0100] "GET /ticket2/opencms/fi/buy/?page=1&edid=8E22F3C7-B590-C40B-938A-AA2C912F4E33&sortorder=desc&column=section HTTP/1.1" 200 112518
62.84.180.29 - - [26/Feb/2025:01:56:58 +0100] "GET /ticket2/opencms/fi/buy/?page=1&edid=8E8AA435-8B88-4593-E669-E7B4CCE302D0&sortorder=desc&column=section HTTP/1.1" 200 109408
62.84.180.29 - - [26/Feb/2025:01:57:00 +0100] "GET /ticket2/opencms/fi/buy/?page=1&edid=8EFE8A71-5F67-3802-3BCC-41DE3A06C76D&sortorder=desc&column=price HTTP/1.1" 200 112651
114.119.147.32 - - [26/Feb/2025:01:57:02 +0100] "GET /ticket2/opencms/en/sell/?edid=9576732A-F5D5-F141-9D9C-CCA5D74DCCC4 HTTP/1.1" 302 -
62.84.180.29 - - [26/Feb/2025:01:57:02 +0100] "GET /ticket2/opencms/fi/buy/?page=1&edid=8EFE8A71-5F67-3802-3BCC-41DE3A06C76D&sortorder=desc&column=section HTTP/1.1" 200 112774
20.171.207.37 - - [26/Feb/2025:01:57:02 +0100] "GET /ticket2/opencms/set_aff_cookie.jsp?partner=692E2C6A-EC6F-1C93-AFCC-C5ACC23A93EA&url=%252Fsv%252Fbuy%252Findex.html%253Fpage%253D1%2526edid%253D1F0062E5-B41B-134F-9FBF-4A7B26C9CCE3%2526hlv%253D611bb8dd-d100-4209-946b-4af30a01000f%2523v_1157142153 HTTP/1.1" 200 247
54.36.148.177 - - [26/Feb/2025:01:57:03 +0100] "GET /ticket2/opencms/is/buy?page=1&edid=E9F0B041-BF0A-CE11-045F-89CD49D4FA7D HTTP/1.1" 200 114532
62.84.180.29 - - [26/Feb/2025:01:57:04 +0100] "GET /ticket2/opencms/fi/buy/?page=1&edid=8F20E4A2-9446-8C15-E6D6-191BA8C6686F&sortorder=desc&column=price HTTP/1.1" 200 112559
202.8.42.188 - - [26/Feb/2025:01:57:04 +0100] "GET /ticket2/opencms/system/modules/com.gridnine.opencms.ticketbrokerage.site/resources/css/ticketbrokerage.css HTTP/1.1" 200 39339
202.8.42.188 - - [26/Feb/2025:01:57:04 +0100] "GET /ticket2/opencms/system/modules/com.gridnine.opencms.ticketbrokerage.site/resources/css/jquery-ui.css HTTP/1.1" 200 33221
202.8.42.188 - - [26/Feb/2025:01:57:04 +0100] "GET /ticket2/opencms/system/modules/com.gridnine.opencms.ticketbrokerage.site/resources/css/calendar.css HTTP/1.1" 200 6871
202.8.42.188 - - [26/Feb/2025:01:57:04 +0100] "GET /ticket2/opencms/system/modules/com.gridnine.opencms.ticketbrokerage.site/resources/css/standard.css HTTP/1.1" 200 74207
202.8.42.188 - - [26/Feb/2025:01:57:04 +0100] "GET /ticket2/opencms/system/modules/com.gridnine.opencms.ticketbrokerage.site/resources/css/jquery.fancybox.css HTTP/1.1" 200 4939
202.8.42.188 - - [26/Feb/2025:01:57:04 +0100] "GET /ticket2/opencms/system/modules/com.gridnine.opencms.ticketbrokerage.site/resources/js/jquery/jquery.js HTTP/1.1" 200 93868
202.8.42.188 - - [26/Feb/2025:01:57:04 +0100] "GET /ticket2/opencms/system/modules/com.gridnine.opencms.ticketbrokerage.site/resources/js/functions.js HTTP/1.1" 200 1583
202.8.42.188 - - [26/Feb/2025:01:57:04 +0100] "GET /ticket2/opencms/system/modules/com.gridnine.opencms.ticketbrokerage.site/resources/js/jquery/jquery-ui.js HTTP/1.1" 200 228088
202.8.42.188 - - [26/Feb/2025:01:57:04 +0100] "GET /ticket2/opencms/system/modules/com.gridnine.opencms.ticketbrokerage.site/resources/js/calendar.js HTTP/1.1" 200 49229
202.8.42.188 - - [26/Feb/2025:01:57:04 +0100] "GET /ticket2/opencms/system/modules/com.gridnine.opencms.ticketbrokerage.site/resources/js/calendar-en.js HTTP/1.1" 200 3338
202.8.42.188 - - [26/Feb/2025:01:57:04 +0100] "GET /ticket2/opencms/system/modules/com.gridnine.opencms.ticketbrokerage.site/resources/js/calendar-setup.js HTTP/1.1" 200 4923
202.8.42.188 - - [26/Feb/2025:01:57:04 +0100] "GET /ticket2/opencms/system/modules/com.gridnine.opencms.ticketbrokerage.site/resources/js/jquery.fancybox.pack.js HTTP/1.1" 200 23187
202.8.42.188 - - [26/Feb/2025:01:57:04 +0100] "GET /ticket2/opencms/system/modules/com.gridnine.opencms.ticketbrokerage.site/resources/js/stickyfill.min.js HTTP/1.1" 200 5672
202.8.42.188 - - [26/Feb/2025:01:57:04 +0100] "GET /ticket2/opencms/system/modules/com.gridnine.opencms.ticketbrokerage.site/resources/js/standard.js HTTP/1.1" 200 3983
202.8.42.188 - - [26/Feb/2025:01:57:04 +0100] "GET /ticket2/opencms/system/modules/com.gridnine.opencms.ticketbrokerage.site/resources/js/jquery.placeholder.min.js HTTP/1.1" 200 1737
202.8.42.188 - - [26/Feb/2025:01:57:04 +0100] "GET /ticket2/opencms/system/modules/com.gridnine.opencms.ticketbrokerage.site/resources/js/common-ajax.js HTTP/1.1" 200 20175
202.8.42.188 - - [26/Feb/2025:01:57:04 +0100] "GET /ticket2/opencms/is/ask-form.html HTTP/1.1" 200 3156
202.8.42.188 - - [26/Feb/2025:01:57:05 +0100] "GET /ticket2/opencms/system/modules/com.gridnine.opencms.ticketbrokerage.site/resources/css/ticketbrokerage.css HTTP/1.1" 200 39339
85.208.96.209 - - [26/Feb/2025:01:57:05 +0100] "GET /ticket2/opencms/sk/magazine/article?title=sme-najhorsi-tim-v-historii-klubu HTTP/1.1" 200 93287
62.84.180.29 - - [26/Feb/2025:01:57:06 +0100] "GET /ticket2/opencms/fi/buy/?page=1&edid=8F2EA82F-1C6C-9036-0988-DD6F416ABA0F&sortorder=desc&column=price HTTP/1.1" 200 112785
66.249.64.130 - - [26/Feb/2025:01:57:06 +0100] "GET /ticket2/opencms/et/buy/?page=1&edid=97703BD6-0843-2D57-5EFB-B242F3174659 HTTP/1.1" 200 110740
62.84.180.29 - - [26/Feb/2025:01:57:08 +0100] "GET /ticket2/opencms/fi/buy/?page=1&edid=9F5746BD-7046-2B11-63BD-322149DF3926 HTTP/1.1" 200 109646
114.119.147.32 - - [26/Feb/2025:01:57:09 +0100] "GET /ticket2/opencms/en/login/?url=/en/sell/ HTTP/1.1" 200 90096
62.84.180.29 - - [26/Feb/2025:01:57:10 +0100] "GET /ticket2/opencms/fi/buy/?page=1&edid=A01AF9C8-1908-8574-D6FC-52FB35E50650&sortorder=asc&column=price HTTP/1.1" 200 111704
20.171.207.37 - - [26/Feb/2025:01:57:11 +0100] "GET /ticket2/opencms/set_aff_cookie.jsp?partner=23A6AD98-906E-5BDD-600E-EC4EC8A45F97&url=%252Fen%252Fbuy%252Findex.html%253Fpage%253D1%2526edid%253D4736DF7C-C1C2-2C08-48FA-1D2EB109FC30%2526hlv%253D611cd26c-60d8-4631-8c82-5e520a01000f%2523v_485717974 HTTP/1.1" 200 246
62.84.180.29 - - [26/Feb/2025:01:57:12 +0100] "GET /ticket2/opencms/fi/buy/?page=1&edid=A01AF9C8-1908-8574-D6FC-52FB35E50650&sortorder=asc&column=row HTTP/1.1" 200 111519
192.99.36.181 - - [26/Feb/2025:01:57:12 +0100] "GET /ticket2/opencms/robots.txt HTTP/1.1" 200 773
114.119.143.233 - - [26/Feb/2025:01:57:13 +0100] "GET /ticket2/opencms/fr/buy?page=1&edid=2EFD2627-895E-361A-639F-C8A896660F7C HTTP/1.1" 200 112091
20.171.207.37 - - [26/Feb/2025:01:57:14 +0100] "GET /ticket2/opencms/set_aff_cookie.jsp?partner=692E2C6A-EC6F-1C93-AFCC-C5ACC23A93EA&url=%252Fno%252Fbuy%252Findex.html%253Fpage%253D1%2526edid%253DC58C4D82-5A12-E919-06D9-9707EA405EF9%2526hlv%253D615c463c-3f08-4d6d-985a-258c0a01000f%2523v_2066545143 HTTP/1.1" 200 247
192.99.36.181 - - [26/Feb/2025:01:57:14 +0100] "GET /ticket2/opencms/es/magazine/Liverpool%20FC%20tar%20emot%20Tottenham%20p%C3%A5%20Anfieled%202024-05-05 HTTP/1.1" 404 -
62.84.180.29 - - [26/Feb/2025:01:57:14 +0100] "GET /ticket2/opencms/fi/buy/?page=1&edid=A020F676-2C0B-0D31-6DCA-C1C1F2BD9ACC&sortorder=desc&column=row HTTP/1.1" 200 113073
85.208.96.208 - - [26/Feb/2025:01:57:16 +0100] "GET /ticket2/opencms/tr/magazine/article?title=tottenham-burnley-2024-05-11 HTTP/1.1" 200 91765
62.84.180.29 - - [26/Feb/2025:01:57:16 +0100] "GET /ticket2/opencms/fi/buy/?page=1&edid=A082D9A0-E4D1-0360-423C-F14EC7DAC615&sortorder=desc&column=price HTTP/1.1" 200 109409
192.99.36.181 - - [26/Feb/2025:01:57:16 +0100] "GET /ticket2/opencms/fr/magazine/?%20Error%20reading%20resource%20from%20path HTTP/1.1" 200 163795
27.106.121.132 - - [26/Feb/2025:01:57:17 +0100] "GET /ticket2/opencms/de/magazine/ HTTP/1.1" 200 162936
20.171.207.37 - - [26/Feb/2025:01:57:17 +0100] "GET /ticket2/opencms/set_aff_cookie.jsp?partner=57601924-FB09-5BB2-867F-08B4EB522BA8&url=%252Ffi%252Fbuy%252Findex.html%253Fpage%253D1%2526edid%253DBF769C73-E641-C78E-1EAA-79FE7F8D3894%2526hlv%253D60f81b90-f41c-4dc8-ae6f-5d1e0a01000f%2523v_1481751952 HTTP/1.1" 200 247
62.84.180.29 - - [26/Feb/2025:01:57:18 +0100] "GET /ticket2/opencms/fi/buy/?page=1&edid=A0A75B5B-3D51-D743-BA1B-F39519FFC67E&sortorder=desc&column=price HTTP/1.1" 200 112710
54.36.149.102 - - [26/Feb/2025:01:57:18 +0100] "GET /ticket2/opencms/mt/sport/biljetti-tal-futbol/la-liga/girona HTTP/1.1" 200 95841
192.99.36.181 - - [26/Feb/2025:01:57:18 +0100] "GET /ticket2/opencms/fr/magazine/article/?%20Error%20reading%20resource%20from%20path HTTP/1.1" 200 89081
202.8.43.71 - - [26/Feb/2025:01:57:19 +0100] "GET /ticket2/opencms/system/modules/com.gridnine.opencms.ticketbrokerage.site/resources/css/calendar.css HTTP/1.1" 200 6871
202.8.43.71 - - [26/Feb/2025:01:57:19 +0100] "GET /ticket2/opencms/system/modules/com.gridnine.opencms.ticketbrokerage.site/resources/css/standard.css HTTP/1.1" 200 74207
202.8.43.71 - - [26/Feb/2025:01:57:19 +0100] "GET /ticket2/opencms/system/modules/com.gridnine.opencms.ticketbrokerage.site/resources/css/jquery.fancybox.css HTTP/1.1" 200 4939
202.8.43.71 - - [26/Feb/2025:01:57:19 +0100] "GET /ticket2/opencms/system/modules/com.gridnine.opencms.ticketbrokerage.site/resources/css/jquery-ui.css HTTP/1.1" 200 33221
202.8.43.71 - - [26/Feb/2025:01:57:19 +0100] "GET /ticket2/opencms/system/modules/com.gridnine.opencms.ticketbrokerage.site/resources/css/ticketbrokerage.css HTTP/1.1" 200 39339
202.8.43.71 - - [26/Feb/2025:01:57:19 +0100] "GET /ticket2/opencms/system/modules/com.gridnine.opencms.ticketbrokerage.site/resources/js/stickyfill.min.js HTTP/1.1" 200 5672
202.8.43.71 - - [26/Feb/2025:01:57:19 +0100] "GET /ticket2/opencms/system/modules/com.gridnine.opencms.ticketbrokerage.site/resources/js/calendar-en.js HTTP/1.1" 200 3338
202.8.43.71 - - [26/Feb/2025:01:57:19 +0100] "GET /ticket2/opencms/system/modules/com.gridnine.opencms.ticketbrokerage.site/resources/js/calendar.js HTTP/1.1" 200 49229
202.8.43.71 - - [26/Feb/2025:01:57:19 +0100] "GET /ticket2/opencms/system/modules/com.gridnine.opencms.ticketbrokerage.site/resources/js/calendar-setup.js HTTP/1.1" 200 4923
202.8.43.71 - - [26/Feb/2025:01:57:19 +0100] "GET /ticket2/opencms/system/modules/com.gridnine.opencms.ticketbrokerage.site/resources/js/jquery/jquery-ui.js HTTP/1.1" 200 228088
202.8.43.71 - - [26/Feb/2025:01:57:19 +0100] "GET /ticket2/opencms/system/modules/com.gridnine.opencms.ticketbrokerage.site/resources/js/functions.js HTTP/1.1" 200 1583
202.8.43.71 - - [26/Feb/2025:01:57:19 +0100] "GET /ticket2/opencms/system/modules/com.gridnine.opencms.ticketbrokerage.site/resources/js/jquery/jquery.js HTTP/1.1" 200 93868
202.8.43.71 - - [26/Feb/2025:01:57:19 +0100] "GET /ticket2/opencms/system/modules/com.gridnine.opencms.ticketbrokerage.site/resources/js/jquery.fancybox.pack.js HTTP/1.1" 200 23187
202.8.43.71 - - [26/Feb/2025:01:57:19 +0100] "GET /ticket2/opencms/system/modules/com.gridnine.opencms.ticketbrokerage.site/resources/js/standard.js HTTP/1.1" 200 3983
202.8.43.71 - - [26/Feb/2025:01:57:19 +0100] "GET /ticket2/opencms/system/modules/com.gridnine.opencms.ticketbrokerage.site/resources/js/jquery.placeholder.min.js HTTP/1.1" 200 1737
202.8.43.71 - - [26/Feb/2025:01:57:20 +0100] "GET /ticket2/opencms/system/modules/com.gridnine.opencms.ticketbrokerage.site/resources/js/common-ajax.js HTTP/1.1" 200 20175
62.84.180.29 - - [26/Feb/2025:01:57:20 +0100] "GET /ticket2/opencms/fi/buy/?page=1&edid=A0A75B5B-3D51-D743-BA1B-F39519FFC67E&sortorder=desc&column=section HTTP/1.1" 200 112876
20.171.207.37 - - [26/Feb/2025:01:57:21 +0100] "GET /ticket2/opencms/set_aff_cookie.jsp?partner=57601924-FB09-5BB2-867F-08B4EB522BA8&url=%252Fdk%252Fbuy%252Findex.html%253Fpage%253D1%2526edid%253D5AFDDBF9-845C-BB5D-55AC-602C3BF913C8%2526hlv%253D610bcf37-f3bc-4aa4-b4e5-15e00a01000f%2523v_660041989 HTTP/1.1" 200 246
114.119.146.220 - - [26/Feb/2025:01:57:21 +0100] "GET /ticket2/opencms/en/venue/?venueid=9D0A83A1-29EE-F26F-266A-4F56FD3E0CB0 HTTP/1.1" 200 85334
66.249.64.98 - - [26/Feb/2025:01:57:22 +0100] "GET /ticket2/opencms/sl/buy/?page=1&edid=348C0D4F-C07E-3755-DFEC-416D881A5AC9 HTTP/1.1" 200 112357
20.171.207.37 - - [26/Feb/2025:01:57:22 +0100] "GET /ticket2/opencms/set_aff_cookie.jsp?partner=692E2C6A-EC6F-1C93-AFCC-C5ACC23A93EA&url=%252Fsv%252Fbuy%252Findex.html%253Fpage%253D1%2526edid%253DFF3DA28B-4575-B41C-4A40-DA5E05530770%2526hlv%253D60f957e9-6fdc-4eb0-858f-59400a01000f%2523v_1533255344 HTTP/1.1" 200 247
62.84.180.29 - - [26/Feb/2025:01:57:22 +0100] "GET /ticket2/opencms/fi/buy/?page=1&edid=A113B61A-B5C1-60FF-81C6-AFD814B7CD4E HTTP/1.1" 200 108409
62.84.180.29 - - [26/Feb/2025:01:57:24 +0100] "GET /ticket2/opencms/fi/buy/?page=1&edid=A11B886E-58FD-585E-C844-3A5188D11667&sortorder=asc&column=row HTTP/1.1" 200 90991
20.171.207.37 - - [26/Feb/2025:01:57:25 +0100] "GET /ticket2/opencms/set_aff_cookie.jsp?partner=5E0CDF29-E7BE-9F6B-6869-7BF66B04006F&url=%252Fnl%252Fbuy%252Findex.html%253Fpage%253D1%2526edid%253D50F18BFF-700E-1E6F-C17F-C358E206F903%2526hlv%253D60ca0cbd-b4d0-48e4-8527-36280a01000f%2523v_857423375 HTTP/1.1" 200 246
62.84.180.29 - - [26/Feb/2025:01:57:26 +0100] "GET /ticket2/opencms/fi/buy/?page=1&edid=A11B886E-58FD-585E-C844-3A5188D11667&sortorder=asc&column=section HTTP/1.1" 200 91162
20.171.207.37 - - [26/Feb/2025:01:57:26 +0100] "GET /ticket2/opencms/set_aff_cookie.jsp?partner=8F6DE15D-D831-5787-AE7E-FEFF53476F85&url=%252Fsv%252Fbuy%252Findex.html%253Fpage%253D1%2526edid%253DE0E0A92E-E970-D7B2-B5EB-9799FE58777D%2526hlv%253D60f8214d-fe14-4b5e-85f7-60bc0a01000f%2523v_1563915796 HTTP/1.1" 200 247
62.84.180.29 - - [26/Feb/2025:01:57:28 +0100] "GET /ticket2/opencms/fi/buy/?page=1&edid=A195A8FE-B2EE-BA5B-F976-198FF4DA9CB4&sortorder=asc&column=price HTTP/1.1" 200 111463
66.249.76.160 - - [26/Feb/2025:01:57:29 +0100] "GET /ticket2/opencms/cs/buy/?page=1&edid=BF16D728-2B7F-6C27-C6E2-3A0A56645978 HTTP/1.1" 200 110909
62.84.180.29 - - [26/Feb/2025:01:57:30 +0100] "GET /ticket2/opencms/fi/buy/?page=1&edid=A24D0DA7-71BD-F9A1-6BB3-71061AAB8BC1 HTTP/1.1" 200 111709
62.84.180.29 - - [26/Feb/2025:01:57:32 +0100] "GET /ticket2/opencms/fi/buy/?page=1&edid=A60952DA-299F-820E-67E8-C4650D264DE5&sortorder=asc&column=row HTTP/1.1" 200 111414
54.36.148.72 - - [26/Feb/2025:01:57:32 +0100] "GET /ticket2/opencms/sl/buy?page=1&edid=E9F0B041-BF0A-CE11-045F-89CD49D4FA7D HTTP/1.1" 200 114533
202.8.41.248 - - [26/Feb/2025:01:57:34 +0100] "GET /ticket2/opencms/system/modules/com.gridnine.opencms.ticketbrokerage.site/resources/css/jquery-ui.css HTTP/1.1" 200 33221
202.8.41.248 - - [26/Feb/2025:01:57:34 +0100] "GET /ticket2/opencms/system/modules/com.gridnine.opencms.ticketbrokerage.site/resources/css/calendar.css HTTP/1.1" 200 6871
202.8.41.248 - - [26/Feb/2025:01:57:34 +0100] "GET /ticket2/opencms/system/modules/com.gridnine.opencms.ticketbrokerage.site/resources/css/ticketbrokerage.css HTTP/1.1" 200 39339
202.8.41.248 - - [26/Feb/2025:01:57:34 +0100] "GET /ticket2/opencms/system/modules/com.gridnine.opencms.ticketbrokerage.site/resources/css/jquery.fancybox.css HTTP/1.1" 200 4939
202.8.41.248 - - [26/Feb/2025:01:57:34 +0100] "GET /ticket2/opencms/system/modules/com.gridnine.opencms.ticketbrokerage.site/resources/css/standard.css HTTP/1.1" 200 74207
202.8.41.248 - - [26/Feb/2025:01:57:34 +0100] "GET /ticket2/opencms/system/modules/com.gridnine.opencms.ticketbrokerage.site/resources/js/stickyfill.min.js HTTP/1.1" 200 5672
202.8.41.248 - - [26/Feb/2025:01:57:34 +0100] "GET /ticket2/opencms/system/modules/com.gridnine.opencms.ticketbrokerage.site/resources/js/calendar-en.js HTTP/1.1" 200 3338
202.8.41.248 - - [26/Feb/2025:01:57:34 +0100] "GET /ticket2/opencms/system/modules/com.gridnine.opencms.ticketbrokerage.site/resources/js/jquery/jquery.js HTTP/1.1" 200 93868
202.8.41.248 - - [26/Feb/2025:01:57:34 +0100] "GET /ticket2/opencms/system/modules/com.gridnine.opencms.ticketbrokerage.site/resources/js/functions.js HTTP/1.1" 200 1583
202.8.41.248 - - [26/Feb/2025:01:57:34 +0100] "GET /ticket2/opencms/system/modules/com.gridnine.opencms.ticketbrokerage.site/resources/js/jquery/jquery-ui.js HTTP/1.1" 200 228088
202.8.41.248 - - [26/Feb/2025:01:57:34 +0100] "GET /ticket2/opencms/system/modules/com.gridnine.opencms.ticketbrokerage.site/resources/js/calendar.js HTTP/1.1" 200 49229
202.8.41.248 - - [26/Feb/2025:01:57:34 +0100] "GET /ticket2/opencms/system/modules/com.gridnine.opencms.ticketbrokerage.site/resources/js/calendar-setup.js HTTP/1.1" 200 4923
62.84.180.29 - - [26/Feb/2025:01:57:34 +0100] "GET /ticket2/opencms/fi/buy/?page=1&edid=A60952DA-299F-820E-67E8-C4650D264DE5&sortorder=asc&column=section HTTP/1.1" 200 111492
202.8.41.248 - - [26/Feb/2025:01:57:34 +0100] "GET /ticket2/opencms/system/modules/com.gridnine.opencms.ticketbrokerage.site/resources/js/jquery.fancybox.pack.js HTTP/1.1" 200 23187
202.8.41.248 - - [26/Feb/2025:01:57:34 +0100] "GET /ticket2/opencms/system/modules/com.gridnine.opencms.ticketbrokerage.site/resources/js/standard.js HTTP/1.1" 200 3983
202.8.41.248 - - [26/Feb/2025:01:57:34 +0100] "GET /ticket2/opencms/system/modules/com.gridnine.opencms.ticketbrokerage.site/resources/js/jquery.placeholder.min.js HTTP/1.1" 200 1737
202.8.41.248 - - [26/Feb/2025:01:57:34 +0100] "GET /ticket2/opencms/system/modules/com.gridnine.opencms.ticketbrokerage.site/resources/js/common-ajax.js HTTP/1.1" 200 20175
202.8.41.248 - - [26/Feb/2025:01:57:34 +0100] "GET /ticket2/opencms/sl/ask-form.html HTTP/1.1" 200 3156
202.8.41.248 - - [26/Feb/2025:01:57:34 +0100] "GET /ticket2/opencms/system/modules/com.gridnine.opencms.ticketbrokerage.site/resources/css/ticketbrokerage.css HTTP/1.1" 200 39339
62.84.180.29 - - [26/Feb/2025:01:57:36 +0100] "GET /ticket2/opencms/fi/buy/?page=1&edid=A66DD741-1307-2752-B483-B25D748C7344&sortorder=asc&column=price HTTP/1.1" 200 113012
62.84.180.29 - - [26/Feb/2025:01:57:37 +0100] "GET /ticket2/opencms/fi/buy/?page=1&edid=A66DD741-1307-2752-B483-B25D748C7344&sortorder=asc&column=row HTTP/1.1" 200 112999
66.249.64.130 - - [26/Feb/2025:01:57:38 +0100] "GET /ticket2/opencms/hy/buy?page=1&edid=2504116F-9B00-F8B9-A7E6-66686A6BE7BB HTTP/1.1" 404 -
20.171.207.37 - - [26/Feb/2025:01:57:38 +0100] "GET /ticket2/opencms/set_aff_cookie.jsp?partner=8F6DE15D-D831-5787-AE7E-FEFF53476F85&url=%252Fru%252Fbuy%252Findex.html%253Fpage%253D1%2526edid%253DCA01FDD0-CDF6-AC8A-12E5-7A918397496D%2526hlv%253D60f94e39-b4a8-4af8-9d21-53ff0a01000f%2523v_1905026954 HTTP/1.1" 200 247
62.84.180.29 - - [26/Feb/2025:01:57:39 +0100] "GET /ticket2/opencms/fi/buy/?page=1&edid=A66DD741-1307-2752-B483-B25D748C7344&sortorder=asc&column=section HTTP/1.1" 200 113037
62.84.180.29 - - [26/Feb/2025:01:57:41 +0100] "GET /ticket2/opencms/fi/buy/?page=1&edid=A66DD741-1307-2752-B483-B25D748C7344&sortorder=desc&column=row HTTP/1.1" 200 112935
62.84.180.29 - - [26/Feb/2025:01:57:43 +0100] "GET /ticket2/opencms/fi/buy/?page=1&edid=A66DD741-1307-2752-B483-B25D748C7344&sortorder=desc&column=section HTTP/1.1" 200 113145
54.36.148.125 - - [26/Feb/2025:01:57:44 +0100] "GET /ticket2/opencms/el/buy?page=1&edid=E9F0B041-BF0A-CE11-045F-89CD49D4FA7D HTTP/1.1" 200 118371
20.171.207.37 - - [26/Feb/2025:01:57:44 +0100] "GET /ticket2/opencms/set_aff_cookie.jsp?partner=2E02071B-A8C3-4CBA-3097-C27D61C02ED8&url=%252Fno%252Fbuy%252Findex.html%253Fpage%253D1%2526edid%253D681ED521-EBC9-E1AB-D0B9-DB2B7375D564%2526hlv%253D60f81639-df44-4374-83fe-5b6e0a01000f%2523v_620801381 HTTP/1.1" 200 246
62.84.180.29 - - [26/Feb/2025:01:57:45 +0100] "GET /ticket2/opencms/fi/buy/?page=1&edid=A75BF47D-61CA-1D9C-AE7B-88EFFA7FFEA4&sortorder=asc&column=row HTTP/1.1" 200 109191
202.8.42.245 - - [26/Feb/2025:01:57:45 +0100] "GET /ticket2/opencms/system/modules/com.gridnine.opencms.ticketbrokerage.site/resources/css/calendar.css HTTP/1.1" 200 6871
202.8.42.245 - - [26/Feb/2025:01:57:45 +0100] "GET /ticket2/opencms/system/modules/com.gridnine.opencms.ticketbrokerage.site/resources/css/ticketbrokerage.css HTTP/1.1" 200 39339
202.8.42.245 - - [26/Feb/2025:01:57:45 +0100] "GET /ticket2/opencms/system/modules/com.gridnine.opencms.ticketbrokerage.site/resources/css/jquery-ui.css HTTP/1.1" 200 33221
202.8.42.245 - - [26/Feb/2025:01:57:45 +0100] "GET /ticket2/opencms/system/modules/com.gridnine.opencms.ticketbrokerage.site/resources/css/standard.css HTTP/1.1" 200 74207
202.8.42.245 - - [26/Feb/2025:01:57:45 +0100] "GET /ticket2/opencms/system/modules/com.gridnine.opencms.ticketbrokerage.site/resources/css/jquery.fancybox.css HTTP/1.1" 200 4939
202.8.42.245 - - [26/Feb/2025:01:57:45 +0100] "GET /ticket2/opencms/system/modules/com.gridnine.opencms.ticketbrokerage.site/resources/js/jquery/jquery.js HTTP/1.1" 200 93868
202.8.42.245 - - [26/Feb/2025:01:57:45 +0100] "GET /ticket2/opencms/system/modules/com.gridnine.opencms.ticketbrokerage.site/resources/js/jquery/jquery-ui.js HTTP/1.1" 200 228088
202.8.42.245 - - [26/Feb/2025:01:57:45 +0100] "GET /ticket2/opencms/system/modules/com.gridnine.opencms.ticketbrokerage.site/resources/js/functions.js HTTP/1.1" 200 1583
202.8.42.245 - - [26/Feb/2025:01:57:45 +0100] "GET /ticket2/opencms/system/modules/com.gridnine.opencms.ticketbrokerage.site/resources/js/calendar.js HTTP/1.1" 200 49229
202.8.42.245 - - [26/Feb/2025:01:57:45 +0100] "GET /ticket2/opencms/system/modules/com.gridnine.opencms.ticketbrokerage.site/resources/js/calendar-en.js HTTP/1.1" 200 3338
202.8.42.245 - - [26/Feb/2025:01:57:45 +0100] "GET /ticket2/opencms/system/modules/com.gridnine.opencms.ticketbrokerage.site/resources/js/calendar-setup.js HTTP/1.1" 200 4923
202.8.42.245 - - [26/Feb/2025:01:57:46 +0100] "GET /ticket2/opencms/system/modules/com.gridnine.opencms.ticketbrokerage.site/resources/js/jquery.fancybox.pack.js HTTP/1.1" 200 23187
202.8.42.245 - - [26/Feb/2025:01:57:46 +0100] "GET /ticket2/opencms/system/modules/com.gridnine.opencms.ticketbrokerage.site/resources/js/stickyfill.min.js HTTP/1.1" 200 5672
202.8.42.245 - - [26/Feb/2025:01:57:46 +0100] "GET /ticket2/opencms/system/modules/com.gridnine.opencms.ticketbrokerage.site/resources/js/standard.js HTTP/1.1" 200 3983
202.8.42.245 - - [26/Feb/2025:01:57:46 +0100] "GET /ticket2/opencms/system/modules/com.gridnine.opencms.ticketbrokerage.site/resources/js/jquery.placeholder.min.js HTTP/1.1" 200 1737
185.191.171.13 - - [26/Feb/2025:01:57:46 +0100] "GET /ticket2/opencms/sk/magazine/article?title=arsenal-fc-reflexia HTTP/1.1" 200 94094
202.8.42.245 - - [26/Feb/2025:01:57:46 +0100] "GET /ticket2/opencms/system/modules/com.gridnine.opencms.ticketbrokerage.site/resources/js/common-ajax.js HTTP/1.1" 200 20175
202.8.42.245 - - [26/Feb/2025:01:57:46 +0100] "GET /ticket2/opencms/el/ask-form.html HTTP/1.1" 200 3156
202.8.42.245 - - [26/Feb/2025:01:57:46 +0100] "GET /ticket2/opencms/system/modules/com.gridnine.opencms.ticketbrokerage.site/resources/css/ticketbrokerage.css HTTP/1.1" 200 39339
62.84.180.29 - - [26/Feb/2025:01:57:47 +0100] "GET /ticket2/opencms/fi/buy/?page=1&edid=A84070DC-133C-F761-940C-18DE5C0F16D7&sortorder=asc&column=price HTTP/1.1" 200 113131
66.249.64.97 - - [26/Feb/2025:01:57:48 +0100] "GET /ticket2/opencms/is/magazine/article?title=mohamed-salah-ad-framlengja-med-liverpool HTTP/1.1" 200 96317
47.128.21.84 - - [26/Feb/2025:01:57:49 +0100] "GET /ticket2/opencms/ga/buy?edid=32221081-B4D2-47EE-3316-CF1A694236FC HTTP/1.1" 200 91750
62.84.180.29 - - [26/Feb/2025:01:57:49 +0100] "GET /ticket2/opencms/fi/buy/?page=1&edid=A84070DC-133C-F761-940C-18DE5C0F16D7&sortorder=asc&column=section HTTP/1.1" 200 113248
66.249.76.170 - - [26/Feb/2025:01:57:50 +0100] "GET /ticket2/opencms/lt/buy/?page=1&edid=9955BBA7-6063-22E0-6250-8AB9CB5C1852 HTTP/1.1" 200 108781
62.84.180.29 - - [26/Feb/2025:01:57:51 +0100] "GET /ticket2/opencms/fi/buy/?page=1&edid=A8554C01-374E-C004-8D0C-2483EF2B4305&sortorder=asc&column=price HTTP/1.1" 200 111541
20.171.207.37 - - [26/Feb/2025:01:57:52 +0100] "GET /ticket2/opencms/set_aff_cookie.jsp?partner=2E02071B-A8C3-4CBA-3097-C27D61C02ED8&url=%252Fdk%252Fbuy%252Findex.html%253Fpage%253D1%2526edid%253D37CCBCCA-CDAD-6DBB-02E4-092F4F3842E9%2526hlv%253D60f84b84-70d4-44e0-b70a-6f870a01000f%2523v_313590231 HTTP/1.1" 200 246
62.84.180.29 - - [26/Feb/2025:01:57:53 +0100] "GET /ticket2/opencms/fi/buy/?page=1&edid=A8554C01-374E-C004-8D0C-2483EF2B4305&sortorder=asc&column=row HTTP/1.1" 200 111600
20.171.207.37 - - [26/Feb/2025:01:57:54 +0100] "GET /ticket2/opencms/set_aff_cookie.jsp?partner=57601924-FB09-5BB2-867F-08B4EB522BA8&url=%252Fdk%252Fbuy%252Findex.html%253Fpage%253D1%2526edid%253DBF225AEB-CFAC-EB68-F0A7-2E52AF288383%2526hlv%253D60f81c30-6804-45da-a614-5dfa0a01000f%2523v_1176858611 HTTP/1.1" 200 247
54.36.148.107 - - [26/Feb/2025:01:57:55 +0100] "GET /ticket2/opencms/lv/buy?page=1&edid=3B2DD9A6-8906-C64F-74F1-E2152AA05C80 HTTP/1.1" 200 118127
62.84.180.29 - - [26/Feb/2025:01:57:55 +0100] "GET /ticket2/opencms/fi/buy/?page=1&edid=A8554C01-374E-C004-8D0C-2483EF2B4305&sortorder=asc&column=section HTTP/1.1" 200 111714
202.8.41.105 - - [26/Feb/2025:01:57:56 +0100] "GET /ticket2/opencms/system/modules/com.gridnine.opencms.ticketbrokerage.site/resources/css/calendar.css HTTP/1.1" 200 6871
202.8.41.105 - - [26/Feb/2025:01:57:56 +0100] "GET /ticket2/opencms/system/modules/com.gridnine.opencms.ticketbrokerage.site/resources/css/jquery-ui.css HTTP/1.1" 200 33221
202.8.41.105 - - [26/Feb/2025:01:57:56 +0100] "GET /ticket2/opencms/system/modules/com.gridnine.opencms.ticketbrokerage.site/resources/css/ticketbrokerage.css HTTP/1.1" 200 39339
202.8.41.105 - - [26/Feb/2025:01:57:56 +0100] "GET /ticket2/opencms/system/modules/com.gridnine.opencms.ticketbrokerage.site/resources/css/standard.css HTTP/1.1" 200 74207
202.8.41.105 - - [26/Feb/2025:01:57:56 +0100] "GET /ticket2/opencms/system/modules/com.gridnine.opencms.ticketbrokerage.site/resources/css/jquery.fancybox.css HTTP/1.1" 200 4939
202.8.41.105 - - [26/Feb/2025:01:57:56 +0100] "GET /ticket2/opencms/system/modules/com.gridnine.opencms.ticketbrokerage.site/resources/js/jquery/jquery.js HTTP/1.1" 200 93868
202.8.41.105 - - [26/Feb/2025:01:57:56 +0100] "GET /ticket2/opencms/system/modules/com.gridnine.opencms.ticketbrokerage.site/resources/js/functions.js HTTP/1.1" 200 1583
202.8.41.105 - - [26/Feb/2025:01:57:56 +0100] "GET /ticket2/opencms/system/modules/com.gridnine.opencms.ticketbrokerage.site/resources/js/jquery/jquery-ui.js HTTP/1.1" 200 228088
202.8.41.105 - - [26/Feb/2025:01:57:56 +0100] "GET /ticket2/opencms/system/modules/com.gridnine.opencms.ticketbrokerage.site/resources/js/calendar.js HTTP/1.1" 200 49229
202.8.41.105 - - [26/Feb/2025:01:57:56 +0100] "GET /ticket2/opencms/system/modules/com.gridnine.opencms.ticketbrokerage.site/resources/js/calendar-en.js HTTP/1.1" 200 3338
202.8.41.105 - - [26/Feb/2025:01:57:56 +0100] "GET /ticket2/opencms/system/modules/com.gridnine.opencms.ticketbrokerage.site/resources/js/calendar-setup.js HTTP/1.1" 200 4923
202.8.41.105 - - [26/Feb/2025:01:57:56 +0100] "GET /ticket2/opencms/system/modules/com.gridnine.opencms.ticketbrokerage.site/resources/js/jquery.fancybox.pack.js HTTP/1.1" 200 23187
202.8.41.105 - - [26/Feb/2025:01:57:56 +0100] "GET /ticket2/opencms/system/modules/com.gridnine.opencms.ticketbrokerage.site/resources/js/stickyfill.min.js HTTP/1.1" 200 5672
202.8.41.105 - - [26/Feb/2025:01:57:56 +0100] "GET /ticket2/opencms/system/modules/com.gridnine.opencms.ticketbrokerage.site/resources/js/standard.js HTTP/1.1" 200 3983
202.8.41.105 - - [26/Feb/2025:01:57:56 +0100] "GET /ticket2/opencms/system/modules/com.gridnine.opencms.ticketbrokerage.site/resources/js/jquery.placeholder.min.js HTTP/1.1" 200 1737
202.8.41.105 - - [26/Feb/2025:01:57:56 +0100] "GET /ticket2/opencms/system/modules/com.gridnine.opencms.ticketbrokerage.site/resources/js/common-ajax.js HTTP/1.1" 200 20175
202.8.41.105 - - [26/Feb/2025:01:57:56 +0100] "GET /ticket2/opencms/lv/ask-form.html HTTP/1.1" 200 3156
202.8.41.105 - - [26/Feb/2025:01:57:56 +0100] "GET /ticket2/opencms/system/modules/com.gridnine.opencms.ticketbrokerage.site/resources/css/ticketbrokerage.css HTTP/1.1" 200 39339
62.84.180.29 - - [26/Feb/2025:01:57:57 +0100] "GET /ticket2/opencms/fi/buy/?page=1&edid=A9DB1DE6-01D7-BC62-CF57-554A2AD423E4&sortorder=asc&column=price HTTP/1.1" 200 109231
62.84.180.29 - - [26/Feb/2025:01:57:59 +0100] "GET /ticket2/opencms/fi/buy/?page=1&edid=A9DB1DE6-01D7-BC62-CF57-554A2AD423E4&sortorder=asc&column=row HTTP/1.1" 200 109253
62.84.180.29 - - [26/Feb/2025:01:58:01 +0100] "GET /ticket2/opencms/fi/buy/?page=1&edid=A9DB1DE6-01D7-BC62-CF57-554A2AD423E4&sortorder=desc&column=price HTTP/1.1" 200 109444
20.171.207.37 - - [26/Feb/2025:01:58:02 +0100] "GET /ticket2/opencms/set_aff_cookie.jsp?partner=57601924-FB09-5BB2-867F-08B4EB522BA8&url=%252Fsv%252Fbuy%252Findex.html%253Fpage%253D1%2526edid%253D2D8BABEA-B463-12A2-E630-9585FD2F3F33%2526hlv%253D60ca0a01-3534-4a9d-8250-361b0a01000f%2523v_997484282 HTTP/1.1" 200 246
114.119.151.93 - - [26/Feb/2025:01:58:02 +0100] "GET /ticket2/opencms/et/buy?page=1&edid=99C881B3-58D4-2925-2AAB-B1AD7769675F HTTP/1.1" 200 108422
62.84.180.29 - - [26/Feb/2025:01:58:03 +0100] "GET /ticket2/opencms/fi/buy/?page=1&edid=AA12CDE5-3092-9A32-2B0B-96B83608047C&sortorder=asc&column=row HTTP/1.1" 200 113008
54.36.148.35 - - [26/Feb/2025:01:58:04 +0100] "GET /ticket2/opencms/en/buy?page=1&edid=FDBFACD9-E01A-CBEB-FBF2-160E9CEDBACD HTTP/1.1" 200 106743
62.84.180.29 - - [26/Feb/2025:01:58:05 +0100] "GET /ticket2/opencms/fi/buy/?page=1&edid=AA5AE919-4BFF-B48F-3D5F-56D1DBCA6D67&sortorder=asc&column=section HTTP/1.1" 200 113122
20.171.207.37 - - [26/Feb/2025:01:58:06 +0100] "GET /ticket2/opencms/set_aff_cookie.jsp?partner=5E0CDF29-E7BE-9F6B-6869-7BF66B04006F&url=%252Fnl%252Fbuy%252Findex.html%253Fpage%253D1%2526edid%253DBF769C73-E641-C78E-1EAA-79FE7F8D3894%2526hlv%253D60f81b90-fc30-4360-a65d-5d1e0a01000f%2523v_1120258854 HTTP/1.1" 200 247
62.84.180.29 - - [26/Feb/2025:01:58:07 +0100] "GET /ticket2/opencms/fi/buy/?page=1&edid=AA846239-9C01-F79F-429F-223A194A604D&sortorder=asc&column=row HTTP/1.1" 200 111878
62.84.180.29 - - [26/Feb/2025:01:58:09 +0100] "GET /ticket2/opencms/fi/buy/?page=1&edid=AA846239-9C01-F79F-429F-223A194A604D&sortorder=asc&column=section HTTP/1.1" 200 111888
185.191.171.1 - - [26/Feb/2025:01:58:10 +0100] "GET /ticket2/opencms/lt/magazine/article?title=neymar-grizta-namo HTTP/1.1" 200 92583
62.84.180.29 - - [26/Feb/2025:01:58:11 +0100] "GET /ticket2/opencms/fi/buy/?page=1&edid=AAF81B4A-182C-A2CA-B6C2-D65EF5C78DAB&sortorder=asc&column=row HTTP/1.1" 200 111552
62.84.180.29 - - [26/Feb/2025:01:58:13 +0100] "GET /ticket2/opencms/fi/buy/?page=1&edid=AAF81B4A-182C-A2CA-B6C2-D65EF5C78DAB&sortorder=asc&column=section HTTP/1.1" 200 111768
66.249.70.66 - - [26/Feb/2025:01:58:14 +0100] "GET /ticket2/opencms/es/buy/?page=1&edid=B7B5EA21-D0E1-5D4C-90B1-C2CC29A8B7DF HTTP/1.1" 200 118208
62.84.180.29 - - [26/Feb/2025:01:58:15 +0100] "GET /ticket2/opencms/fi/buy/?page=1&edid=AC8819A7-EE9F-4A10-55A9-EC0D01F8843F&sortorder=asc&column=row HTTP/1.1" 200 111439
20.171.207.37 - - [26/Feb/2025:01:58:15 +0100] "GET /ticket2/opencms/set_aff_cookie.jsp?partner=692E2C6A-EC6F-1C93-AFCC-C5ACC23A93EA&url=%252Fno%252Fbuy%252Findex.html%253Fpage%253D1%2526edid%253D94E69B18-0F80-7FE4-39B6-9D83769C26BD%2526hlv%253D60c9ea96-cfdc-4595-a9c0-280a0a01000f%2523v_1252038466 HTTP/1.1" 200 247
20.171.207.37 - - [26/Feb/2025:01:58:16 +0100] "GET /ticket2/opencms/set_aff_cookie.jsp?partner=692E2C6A-EC6F-1C93-AFCC-C5ACC23A93EA&url=%252Fsv%252Fbuy%252Findex.html%253Fpage%253D1%2526edid%253D22EC4137-73E0-6CCE-0699-2175D4DB160A%2526hlv%253D60f814eb-b1e0-4712-b224-5b830a01000f%2523v_200561516 HTTP/1.1" 200 246
62.84.180.29 - - [26/Feb/2025:01:58:17 +0100] "GET /ticket2/opencms/fi/buy/?page=1&edid=AC8819A7-EE9F-4A10-55A9-EC0D01F8843F&sortorder=asc&column=section HTTP/1.1" 200 111474
20.171.207.37 - - [26/Feb/2025:01:58:18 +0100] "GET /ticket2/opencms/set_aff_cookie.jsp?partner=692E2C6A-EC6F-1C93-AFCC-C5ACC23A93EA&url=%252Fno%252Fbuy%252Findex.html%253Fpage%253D1%2526edid%253D4D091DAA-A6FD-9335-E2FA-E89697CE58C9%2526hlv%253D60d0e212-ac98-4d41-8253-40f70a01000f%2523v_1648873155 HTTP/1.1" 200 247
62.84.180.29 - - [26/Feb/2025:01:58:19 +0100] "GET /ticket2/opencms/fi/buy/?page=1&edid=AD5DB98E-0383-82ED-D9EA-4EF4C6517FB7&sortorder=desc&column=price HTTP/1.1" 200 109417
20.171.207.37 - - [26/Feb/2025:01:58:20 +0100] "GET /ticket2/opencms/set_aff_cookie.jsp?partner=2E02071B-A8C3-4CBA-3097-C27D61C02ED8&url=%252Ffi%252Fbuy%252Findex.html%253Fpage%253D1%2526edid%253D8A1D7FDE-61D9-CA78-3F14-088E085C1428%2526hlv%253D610bcc6e-383c-4d8c-a00d-155c0a01000f%2523v_219708775 HTTP/1.1" 200 246
62.84.180.29 - - [26/Feb/2025:01:58:21 +0100] "GET /ticket2/opencms/fi/buy/?page=1&edid=AD78D3D8-F7F4-B16B-F669-28BF69A2214D&sortorder=asc&column=price HTTP/1.1" 200 112727
20.171.207.37 - - [26/Feb/2025:01:58:21 +0100] "GET /ticket2/opencms/set_aff_cookie.jsp?partner=8F6DE15D-D831-5787-AE7E-FEFF53476F85&url=%252Ffi%252Fbuy%252Findex.html%253Fpage%253D1%2526edid%253D9F75CAFF-859B-AF24-5E2C-871DFD0095F5%2526hlv%253D60ca0e96-6c08-4bd3-aa92-36340a01000f%2523v_1394776219 HTTP/1.1" 200 247
62.84.180.29 - - [26/Feb/2025:01:58:23 +0100] "GET /ticket2/opencms/fi/buy/?page=1&edid=B007039E-4545-37ED-654E-25C2BDE7C03C&sortorder=asc&column=section HTTP/1.1" 200 109380
110.238.108.187 - - [26/Feb/2025:01:58:24 +0100] "GET /ticket2/opencms/ga/buy?page=1&edid=3AEE71D4-9186-E070-414D-987C08623A74 HTTP/1.1" 200 112317
62.84.180.29 - - [26/Feb/2025:01:58:25 +0100] "GET /ticket2/opencms/fi/buy/?page=1&edid=B0B4F143-21F3-1B35-1951-2883ED82D6C9&sortorder=asc&column=section HTTP/1.1" 200 113126
47.128.46.152 - - [26/Feb/2025:01:58:26 +0100] "GET /ticket2/opencms/hu/?comcatid=0A6B8208-FDA4-E929-9D72-5312FD481B76 HTTP/1.1" 200 106931
62.84.180.29 - - [26/Feb/2025:01:58:27 +0100] "GET /ticket2/opencms/fi/buy/?page=1&edid=B2D1173D-3B96-271E-E1E3-D50B6038EBDA&sortorder=desc&column=row HTTP/1.1" 200 112983
54.36.148.2 - - [26/Feb/2025:01:58:27 +0100] "GET /ticket2/opencms/sl/buy?page=1&edid=71BCEC0A-D8F2-3C62-D68C-0DCA751BB9B9 HTTP/1.1" 200 108454
62.84.180.29 - - [26/Feb/2025:01:58:28 +0100] "GET /ticket2/opencms/fi/buy/?page=1&edid=B4EC0635-7D95-B22D-B192-3848478AFE4A HTTP/1.1" 200 110724
20.171.207.37 - - [26/Feb/2025:01:58:29 +0100] "GET /ticket2/opencms/set_aff_cookie.jsp?partner=692E2C6A-EC6F-1C93-AFCC-C5ACC23A93EA&url=%252Fsv%252Fbuy%252Findex.html%253Fpage%253D1%2526edid%253DA5392617-A8A6-5394-B72C-AA82A5C556B3%2526hlv%253D60ca1bb6-363c-4a37-ab3b-3e450a01000f%2523v_968078394 HTTP/1.1" 200 246
62.84.180.29 - - [26/Feb/2025:01:58:30 +0100] "GET /ticket2/opencms/fi/buy/?page=1&edid=B5E1DBCF-60C9-6B74-2BC5-D9DD921875AF&sortorder=desc&column=row HTTP/1.1" 200 109318
66.249.76.160 - - [26/Feb/2025:01:58:31 +0100] "GET /ticket2/opencms/sl/buy/?page=1&edid=F9369CE2-E2E4-ED70-E0F1-69758889623D HTTP/1.1" 200 108532
20.171.207.37 - - [26/Feb/2025:01:58:32 +0100] "GET /ticket2/opencms/set_aff_cookie.jsp?partner=57601924-FB09-5BB2-867F-08B4EB522BA8&url=%252Fdk%252Fbuy%252Findex.html%253Fpage%253D1%2526edid%253D7B81DA8C-BC62-30BF-75BA-614CF7ADBC43%2526hlv%253D60ca1c84-754c-4b60-84bc-40950a01000f%2523v_550116220 HTTP/1.1" 200 246
62.84.180.29 - - [26/Feb/2025:01:58:32 +0100] "GET /ticket2/opencms/fi/buy/?page=1&edid=B6212AD0-3917-4B87-D77E-0A47DAD0A500&sortorder=asc&column=section HTTP/1.1" 200 109347
66.249.76.195 - - [26/Feb/2025:01:58:33 +0100] "GET /ticket2/opencms/sq/magazine/article?title=mohamed-salah-te-rinovoje-me-liverpool HTTP/1.1" 200 97137
62.84.180.29 - - [26/Feb/2025:01:58:34 +0100] "GET /ticket2/opencms/fi/buy/?page=1&edid=D14E786C-C869-8112-70DA-17875583047D&sortorder=desc&column=price HTTP/1.1" 200 111503
20.171.207.37 - - [26/Feb/2025:01:58:35 +0100] "GET /ticket2/opencms/set_aff_cookie.jsp?partner=692E2C6A-EC6F-1C93-AFCC-C5ACC23A93EA&url=%252Fen%252Fbuy%252Findex.html%253Fpage%253D1%2526edid%253D38AEE53A-EA89-0B18-C3E4-E60D1C3A4BDA%2526hlv%253D61140129-06a0-45e0-b6ce-17c60a01000f%2523v_326919864 HTTP/1.1" 200 246
62.84.180.29 - - [26/Feb/2025:01:58:36 +0100] "GET /ticket2/opencms/fi/buy/?page=1&edid=E76DEF92-4D7F-51BD-041F-8B637EFB6F58&sortorder=asc&column=section HTTP/1.1" 200 112011
62.84.180.29 - - [26/Feb/2025:01:58:38 +0100] "GET /ticket2/opencms/fi/buy/?page=1&edid=E7BA9B40-77AE-98B7-4D89-E5FF40FE16E7&sortorder=asc&column=price HTTP/1.1" 200 112311
95.245.72.243 - - [26/Feb/2025:01:58:39 +0100] "GET /ticket2/opencms/set_aff_cookie.jsp?partner=53673ED6-1455-FA54-818F-B1F67121E37C&url=/it/buy/index.html%3Fpage%3D1%26edid%3D00111C9B-5E02-77E7-9B39-8EFC1235AF29%26hlv%3D6690087d-8b94-4bca-9acb-138c0a01000f%23v_1762589823 HTTP/1.1" 200 226
95.245.72.243 - - [26/Feb/2025:01:58:39 +0100] "GET /ticket2/opencms/favicon.ico HTTP/1.1" 200 15406
95.245.72.243 - - [26/Feb/2025:01:58:39 +0100] "GET /ticket2/opencms/it/buy/?page=1&edid=00111C9B-5E02-77E7-9B39-8EFC1235AF29&hlv=6690087d-8b94-4bca-9acb-138c0a01000f HTTP/1.1" 200 91547
95.245.72.243 - - [26/Feb/2025:01:58:39 +0100] "GET /ticket2/opencms/system/modules/com.gridnine.opencms.ticketbrokerage.site/resources/js/jquery/jquery.js HTTP/1.1" 200 93868
95.245.72.243 - - [26/Feb/2025:01:58:39 +0100] "GET /ticket2/opencms/system/modules/com.gridnine.opencms.ticketbrokerage.site/resources/css/ticketbrokerage.css HTTP/1.1" 200 39339
95.245.72.243 - - [26/Feb/2025:01:58:39 +0100] "GET /ticket2/opencms/system/modules/com.gridnine.opencms.ticketbrokerage.site/resources/js/jquery/jquery-ui.js HTTP/1.1" 200 228088
95.245.72.243 - - [26/Feb/2025:01:58:39 +0100] "GET /ticket2/opencms/system/modules/com.gridnine.opencms.ticketbrokerage.site/resources/css/standard.css HTTP/1.1" 200 74207
95.245.72.243 - - [26/Feb/2025:01:58:39 +0100] "GET /ticket2/opencms/system/modules/com.gridnine.opencms.ticketbrokerage.site/resources/css/jquery.fancybox.css HTTP/1.1" 200 4939
95.245.72.243 - - [26/Feb/2025:01:58:39 +0100] "GET /ticket2/opencms/system/modules/com.gridnine.opencms.ticketbrokerage.site/resources/css/jquery-ui.css HTTP/1.1" 200 33221
95.245.72.243 - - [26/Feb/2025:01:58:39 +0100] "GET /ticket2/opencms/system/modules/com.gridnine.opencms.ticketbrokerage.site/resources/css/calendar.css HTTP/1.1" 200 6871
95.245.72.243 - - [26/Feb/2025:01:58:40 +0100] "GET /ticket2/opencms/system/modules/com.gridnine.opencms.ticketbrokerage.site/resources/js/functions.js HTTP/1.1" 200 1583
95.245.72.243 - - [26/Feb/2025:01:58:40 +0100] "GET /ticket2/opencms/system/modules/com.gridnine.opencms.ticketbrokerage.site/resources/js/calendar-en.js HTTP/1.1" 200 3338
95.245.72.243 - - [26/Feb/2025:01:58:40 +0100] "GET /ticket2/opencms/system/modules/com.gridnine.opencms.ticketbrokerage.site/resources/js/calendar.js HTTP/1.1" 200 49229
95.245.72.243 - - [26/Feb/2025:01:58:40 +0100] "GET /ticket2/opencms/system/modules/com.gridnine.opencms.ticketbrokerage.site/resources/js/calendar-setup.js HTTP/1.1" 200 4923
95.245.72.243 - - [26/Feb/2025:01:58:40 +0100] "GET /ticket2/opencms/system/modules/com.gridnine.opencms.ticketbrokerage.site/resources/js/jquery.fancybox.pack.js HTTP/1.1" 200 23187
95.245.72.243 - - [26/Feb/2025:01:58:40 +0100] "GET /ticket2/opencms/system/modules/com.gridnine.opencms.ticketbrokerage.site/resources/js/stickyfill.min.js HTTP/1.1" 200 5672
95.245.72.243 - - [26/Feb/2025:01:58:40 +0100] "GET /ticket2/opencms/system/modules/com.gridnine.opencms.ticketbrokerage.site/resources/js/standard.js HTTP/1.1" 200 3983
95.245.72.243 - - [26/Feb/2025:01:58:40 +0100] "GET /ticket2/opencms/system/modules/com.gridnine.opencms.ticketbrokerage.site/resources/js/common-ajax.js HTTP/1.1" 200 20175
95.245.72.243 - - [26/Feb/2025:01:58:40 +0100] "GET /ticket2/opencms/system/modules/com.gridnine.opencms.ticketbrokerage.site/resources/js/jquery.placeholder.min.js HTTP/1.1" 200 1737
62.84.180.29 - - [26/Feb/2025:01:58:40 +0100] "GET /ticket2/opencms/fi/buy/?page=1&edid=E8FE2A15-0338-AD03-E820-3464EC7EA1F7&sortorder=asc&column=price HTTP/1.1" 200 91050
95.245.72.243 - - [26/Feb/2025:01:58:40 +0100] "GET /ticket2/opencms/system/modules/com.gridnine.opencms.ticketbrokerage.site/resources/pics/logo-new.png HTTP/1.1" 200 13541
95.245.72.243 - - [26/Feb/2025:01:58:40 +0100] "GET /ticket2/opencms/img/insta.png HTTP/1.1" 200 3967
95.245.72.243 - - [26/Feb/2025:01:58:40 +0100] "GET /ticket2/opencms/img/icons/globe-white.png HTTP/1.1" 200 947
95.245.72.243 - - [26/Feb/2025:01:58:40 +0100] "GET /ticket2/opencms/img/fb.png HTTP/1.1" 200 1269
95.245.72.243 - - [26/Feb/2025:01:58:40 +0100] "GET /ticket2/opencms/system/modules/com.gridnine.opencms.ticketbrokerage.site/resources/pics/footer-img.jpg HTTP/1.1" 200 67642
95.245.72.243 - - [26/Feb/2025:01:58:40 +0100] "GET /ticket2/opencms/img/check.png HTTP/1.1" 200 548
95.245.72.243 - - [26/Feb/2025:01:58:40 +0100] "GET /ticket2/opencms/img/icons/en.png HTTP/1.1" 200 2415
95.245.72.243 - - [26/Feb/2025:01:58:40 +0100] "GET /ticket2/opencms/img/mail.png HTTP/1.1" 200 403
95.245.72.243 - - [26/Feb/2025:01:58:40 +0100] "GET /ticket2/opencms/img/chat.png HTTP/1.1" 200 416
95.245.72.243 - - [26/Feb/2025:01:58:40 +0100] "GET /ticket2/opencms/img/icons/ticket2.thumbnail.png HTTP/1.1" 200 21519
95.245.72.243 - - [26/Feb/2025:01:58:40 +0100] "GET /ticket2/opencms/img/icons/fi.png HTTP/1.1" 200 1785
95.245.72.243 - - [26/Feb/2025:01:58:40 +0100] "GET /ticket2/opencms/img/arrow.png HTTP/1.1" 200 753
