202.8.42.233 - - [26/Feb/2025:01:07:16 +0100] "GET /ticket2/opencms/system/modules/com.gridnine.opencms.ticketbrokerage.site/resources/js/jquery.fancybox.pack.js HTTP/1.1" 200 23187
202.8.42.233 - - [26/Feb/2025:01:07:16 +0100] "GET /ticket2/opencms/system/modules/com.gridnine.opencms.ticketbrokerage.site/resources/js/stickyfill.min.js HTTP/1.1" 200 5672
202.8.42.233 - - [26/Feb/2025:01:07:16 +0100] "GET /ticket2/opencms/system/modules/com.gridnine.opencms.ticketbrokerage.site/resources/js/jquery/jquery.js HTTP/1.1" 200 93868
202.8.42.233 - - [26/Feb/2025:01:07:16 +0100] "GET /ticket2/opencms/system/modules/com.gridnine.opencms.ticketbrokerage.site/resources/js/jquery/jquery-ui.js HTTP/1.1" 200 228088
202.8.42.233 - - [26/Feb/2025:01:07:16 +0100] "GET /ticket2/opencms/system/modules/com.gridnine.opencms.ticketbrokerage.site/resources/js/functions.js HTTP/1.1" 200 1583
202.8.42.233 - - [26/Feb/2025:01:07:16 +0100] "GET /ticket2/opencms/system/modules/com.gridnine.opencms.ticketbrokerage.site/resources/js/calendar.js HTTP/1.1" 200 49229
202.8.42.233 - - [26/Feb/2025:01:07:16 +0100] "GET /ticket2/opencms/system/modules/com.gridnine.opencms.ticketbrokerage.site/resources/js/calendar-en.js HTTP/1.1" 200 3338
202.8.42.233 - - [26/Feb/2025:01:07:16 +0100] "GET /ticket2/opencms/system/modules/com.gridnine.opencms.ticketbrokerage.site/resources/js/calendar-setup.js HTTP/1.1" 200 4923
202.8.42.233 - - [26/Feb/2025:01:07:16 +0100] "GET /ticket2/opencms/system/modules/com.gridnine.opencms.ticketbrokerage.site/resources/js/standard.js HTTP/1.1" 200 3983
202.8.42.233 - - [26/Feb/2025:01:07:17 +0100] "GET /ticket2/opencms/system/modules/com.gridnine.opencms.ticketbrokerage.site/resources/js/jquery.placeholder.min.js HTTP/1.1" 200 1737
202.8.42.233 - - [26/Feb/2025:01:07:17 +0100] "GET /ticket2/opencms/system/modules/com.gridnine.opencms.ticketbrokerage.site/resources/js/common-ajax.js HTTP/1.1" 200 20175
202.8.42.233 - - [26/Feb/2025:01:07:17 +0100] "GET /ticket2/opencms/mt/ask-form.html HTTP/1.1" 200 3156
202.8.42.233 - - [26/Feb/2025:01:07:17 +0100] "GET /ticket2/opencms/system/modules/com.gridnine.opencms.ticketbrokerage.site/resources/css/ticketbrokerage.css HTTP/1.1" 200 39339
89.117.22.7 - - [26/Feb/2025:01:07:17 +0100] "GET /ticket2/opencms/fi/buy/?page=1&edid=BF642258-F488-099D-EB1B-271BB8539B44&sortorder=desc&column=price HTTP/1.1" 200 91219
54.36.149.87 - - [26/Feb/2025:01:07:18 +0100] "GET /ticket2/opencms/uk/magazine/article?title=january-transfer-windows-most-expensive-signings HTTP/1.1" 200 94189
20.171.207.37 - - [26/Feb/2025:01:07:20 +0100] "GET /ticket2/opencms/set_aff_cookie.jsp?partner=8F6DE15D-D831-5787-AE7E-FEFF53476F85&url=%252Fno%252Fbuy%252Findex.html%253Fpage%253D1%2526edid%253D7B81DA8C-BC62-30BF-75BA-614CF7ADBC43%2526hlv%253D60ca1c84-a49c-4177-bd09-40950a01000f%2523v_476542917 HTTP/1.1" 200 246
185.191.171.15 - - [26/Feb/2025:01:07:20 +0100] "GET /ticket2/opencms/mt/magazine/article?title=kuntratt-did-gal-archie-gray-18-il-sena HTTP/1.1" 200 91708
89.117.22.7 - - [26/Feb/2025:01:07:20 +0100] "GET /ticket2/opencms/dk/buy/?page=1&edid=50741BB5-AC41-8EDF-DDAB-6A055F5C5052&sortorder=asc&column=section HTTP/1.1" 200 111881
114.119.134.48 - - [26/Feb/2025:01:07:21 +0100] "GET /ticket2/opencms/tr/ HTTP/1.1" 200 106816
20.171.207.37 - - [26/Feb/2025:01:07:21 +0100] "GET /ticket2/opencms/set_aff_cookie.jsp?partner=5E0CDF29-E7BE-9F6B-6869-7BF66B04006F&url=%252Fdk%252Fbuy%252Findex.html%253Fpage%253D1%2526edid%253D1B0DA330-38AA-5CD6-6C89-F2963014EF68%2526hlv%253D610bcf9a-bf90-4adc-9a85-16280a01000f%2523v_1304596937 HTTP/1.1" 200 247
89.117.22.7 - - [26/Feb/2025:01:07:23 +0100] "GET /ticket2/opencms/fi/buy/?page=1&edid=BF642258-F488-099D-EB1B-271BB8539B44&sortorder=desc&column=row HTTP/1.1" 200 91079
66.249.64.97 - - [26/Feb/2025:01:07:24 +0100] "GET /ticket2/opencms/de/buy/?page=1&edid=72DAABB5-5728-E783-69FF-77938E46CA8B HTTP/1.1" 200 117685
47.128.97.237 - - [26/Feb/2025:01:07:25 +0100] "GET /ticket2/opencms/bg/buy/?edid=10D2F1A4-37B5-63BF-BBD7-BDB95680D6AA HTTP/1.1" 200 92410
89.117.22.7 - - [26/Feb/2025:01:07:26 +0100] "GET /ticket2/opencms/dk/buy/?page=1&edid=50741BB5-AC41-8EDF-DDAB-6A055F5C5052&sortorder=desc&column=price HTTP/1.1" 200 111959
20.171.207.37 - - [26/Feb/2025:01:07:26 +0100] "GET /ticket2/opencms/set_aff_cookie.jsp?partner=5E0CDF29-E7BE-9F6B-6869-7BF66B04006F&url=%252Fru%252Fbuy%252Findex.html%253Fpage%253D1%2526edid%253DAD1489BC-D85F-F906-30B7-DAF56FC0FE6B%2526hlv%253D60f81709-7d98-43a9-89f3-5d1e0a01000f%2523v_247704893 HTTP/1.1" 200 246
54.36.149.44 - - [26/Feb/2025:01:07:26 +0100] "GET /ticket2/opencms/sv/sport/fotbollsbiljetter/uefa-champions-league/dortmund/ HTTP/1.1" 200 88022
185.191.171.10 - - [26/Feb/2025:01:07:26 +0100] "GET /ticket2/opencms/ro/magazine/article?title=un-meci-dramatic-intre-tottenham-si-chelsea HTTP/1.1" 200 94643
185.191.171.4 - - [26/Feb/2025:01:07:28 +0100] "GET /ticket2/opencms/uk/magazine/article?title=nations-league-is-in-full-swing HTTP/1.1" 200 95070
89.117.22.7 - - [26/Feb/2025:01:07:30 +0100] "GET /ticket2/opencms/fi/buy/?page=1&edid=BF642258-F488-099D-EB1B-271BB8539B44&sortorder=desc&column=section HTTP/1.1" 200 91197
40.77.167.55 - - [26/Feb/2025:01:07:31 +0100] "GET /ticket2/opencms/sv/tickets/stoke/blackburn_rovers.html HTTP/1.1" 200 88446
89.117.22.7 - - [26/Feb/2025:01:07:32 +0100] "GET /ticket2/opencms/dk/buy/?page=1&edid=50C0FE40-B971-378E-B393-EFCC781A0E84 HTTP/1.1" 200 110932
20.171.207.37 - - [26/Feb/2025:01:07:34 +0100] "GET /ticket2/opencms/set_aff_cookie.jsp?partner=692E2C6A-EC6F-1C93-AFCC-C5ACC23A93EA&url=%252Fru%252Fbuy%252Findex.html%253Fpage%253D1%2526edid%253D1704DC47-D333-EEEA-B66A-BC4C3DDB8A1C%2526hlv%253D60ca0abe-4efc-487b-92b2-36b90a01000f%2523v_361693818 HTTP/1.1" 200 246
47.128.49.191 - - [26/Feb/2025:01:07:34 +0100] "GET /ticket2/opencms/nl/sport/voetbal-tickets/la_liga/athletic-bilbao/ HTTP/1.1" 200 89378
185.191.171.7 - - [26/Feb/2025:01:07:35 +0100] "GET /ticket2/opencms/uk/magazine/article?title=brighton-and-hove-albion HTTP/1.1" 200 93542
114.119.187.77 - - [26/Feb/2025:01:07:36 +0100] "GET /ticket2/opencms/ga/buy?page=1&edid=CCEFC4C2-ED9A-19C6-C9B8-FD929DA2F74D HTTP/1.1" 200 111275
20.171.207.37 - - [26/Feb/2025:01:07:36 +0100] "GET /ticket2/opencms/set_aff_cookie.jsp?partner=2E02071B-A8C3-4CBA-3097-C27D61C02ED8&url=%252Fdk%252Fbuy%252Findex.html%253Fpage%253D1%2526edid%253D45CC6BB1-4A0B-C243-C5EE-01457B55C324%2526hlv%253D612b5882-4ecc-48cb-be2c-3ef00a01000f%2523v_2046461046 HTTP/1.1" 200 247
66.249.76.161 - - [26/Feb/2025:01:07:36 +0100] "GET /ticket2/opencms/mt/buy/?page=1&edid=4EA280CB-32B5-BCDE-09BC-8C9EC76FD8FA HTTP/1.1" 200 111084
54.36.148.213 - - [26/Feb/2025:01:07:37 +0100] "GET /ticket2/opencms/sk/buy/?page=1&edid=6713F743-CFE1-C987-288D-AC8AB79C37B8 HTTP/1.1" 200 117950
89.117.22.7 - - [26/Feb/2025:01:07:37 +0100] "GET /ticket2/opencms/fi/buy/?page=1&edid=BFAB9E04-7D92-4753-D7E6-FD99B04A44CB&sortorder=desc&column=section HTTP/1.1" 200 110600
89.117.22.7 - - [26/Feb/2025:01:07:38 +0100] "GET /ticket2/opencms/dk/buy/?page=1&edid=514BDBC8-4F19-F774-391B-6A80EC30812B&sortorder=asc&column=row HTTP/1.1" 200 111801
185.191.171.14 - - [26/Feb/2025:01:07:41 +0100] "GET /ticket2/opencms/fr/sport/billets-football/premier_league/newcastle-united/ HTTP/1.1" 200 95162
114.119.150.86 - - [26/Feb/2025:01:07:42 +0100] "GET /ticket2/opencms/et/buy?page=1&=CEF9A464-8C88-BC1F-3827-126FBE3CBAA4 HTTP/1.1" 200 -
89.117.22.7 - - [26/Feb/2025:01:07:45 +0100] "GET /ticket2/opencms/dk/buy/?page=1&edid=5178626A-34D0-B2BB-F4B7-DD1DCA937081&sortorder=desc&column=row HTTP/1.1" 200 111572
89.117.22.7 - - [26/Feb/2025:01:07:45 +0100] "GET /ticket2/opencms/fi/buy/?page=1&edid=BFF341E7-1CE6-7822-F687-FA8E7D8310D2 HTTP/1.1" 200 111049
66.249.64.130 - - [26/Feb/2025:01:07:47 +0100] "GET /ticket2/opencms/sr/buy/?page=1&edid=7EAAF1BD-7669-70C1-9FC4-E84FF865170E HTTP/1.1" 200 90732
54.36.149.94 - - [26/Feb/2025:01:07:47 +0100] "GET /ticket2/opencms/mo/buy?page=1&edid=069EC406-6DFD-08ED-B6CC-A7E203415919 HTTP/1.1" 200 111674
202.8.42.18 - - [26/Feb/2025:01:07:49 +0100] "GET /ticket2/opencms/system/modules/com.gridnine.opencms.ticketbrokerage.site/resources/css/ticketbrokerage.css HTTP/1.1" 200 39339
202.8.42.18 - - [26/Feb/2025:01:07:49 +0100] "GET /ticket2/opencms/system/modules/com.gridnine.opencms.ticketbrokerage.site/resources/css/jquery-ui.css HTTP/1.1" 200 33221
202.8.42.18 - - [26/Feb/2025:01:07:49 +0100] "GET /ticket2/opencms/system/modules/com.gridnine.opencms.ticketbrokerage.site/resources/css/calendar.css HTTP/1.1" 200 6871
202.8.42.18 - - [26/Feb/2025:01:07:49 +0100] "GET /ticket2/opencms/system/modules/com.gridnine.opencms.ticketbrokerage.site/resources/css/standard.css HTTP/1.1" 200 74207
202.8.42.18 - - [26/Feb/2025:01:07:49 +0100] "GET /ticket2/opencms/system/modules/com.gridnine.opencms.ticketbrokerage.site/resources/css/jquery.fancybox.css HTTP/1.1" 200 4939
202.8.42.18 - - [26/Feb/2025:01:07:49 +0100] "GET /ticket2/opencms/system/modules/com.gridnine.opencms.ticketbrokerage.site/resources/js/jquery/jquery.js HTTP/1.1" 200 93868
202.8.42.18 - - [26/Feb/2025:01:07:49 +0100] "GET /ticket2/opencms/system/modules/com.gridnine.opencms.ticketbrokerage.site/resources/js/jquery/jquery-ui.js HTTP/1.1" 200 228088
202.8.42.18 - - [26/Feb/2025:01:07:49 +0100] "GET /ticket2/opencms/system/modules/com.gridnine.opencms.ticketbrokerage.site/resources/js/functions.js HTTP/1.1" 200 1583
202.8.42.18 - - [26/Feb/2025:01:07:49 +0100] "GET /ticket2/opencms/system/modules/com.gridnine.opencms.ticketbrokerage.site/resources/js/calendar.js HTTP/1.1" 200 49229
202.8.42.18 - - [26/Feb/2025:01:07:49 +0100] "GET /ticket2/opencms/system/modules/com.gridnine.opencms.ticketbrokerage.site/resources/js/calendar-en.js HTTP/1.1" 200 3338
202.8.42.18 - - [26/Feb/2025:01:07:49 +0100] "GET /ticket2/opencms/system/modules/com.gridnine.opencms.ticketbrokerage.site/resources/js/calendar-setup.js HTTP/1.1" 200 4923
202.8.42.18 - - [26/Feb/2025:01:07:49 +0100] "GET /ticket2/opencms/system/modules/com.gridnine.opencms.ticketbrokerage.site/resources/js/jquery.fancybox.pack.js HTTP/1.1" 200 23187
202.8.42.18 - - [26/Feb/2025:01:07:49 +0100] "GET /ticket2/opencms/system/modules/com.gridnine.opencms.ticketbrokerage.site/resources/js/stickyfill.min.js HTTP/1.1" 200 5672
202.8.42.18 - - [26/Feb/2025:01:07:49 +0100] "GET /ticket2/opencms/system/modules/com.gridnine.opencms.ticketbrokerage.site/resources/js/standard.js HTTP/1.1" 200 3983
202.8.42.18 - - [26/Feb/2025:01:07:49 +0100] "GET /ticket2/opencms/system/modules/com.gridnine.opencms.ticketbrokerage.site/resources/js/jquery.placeholder.min.js HTTP/1.1" 200 1737
202.8.42.18 - - [26/Feb/2025:01:07:49 +0100] "GET /ticket2/opencms/system/modules/com.gridnine.opencms.ticketbrokerage.site/resources/js/common-ajax.js HTTP/1.1" 200 20175
202.8.42.18 - - [26/Feb/2025:01:07:49 +0100] "GET /ticket2/opencms/mo/ask-form.html HTTP/1.1" 200 3156
202.8.42.18 - - [26/Feb/2025:01:07:49 +0100] "GET /ticket2/opencms/system/modules/com.gridnine.opencms.ticketbrokerage.site/resources/css/ticketbrokerage.css HTTP/1.1" 200 39339
20.171.207.37 - - [26/Feb/2025:01:07:50 +0100] "GET /ticket2/opencms/set_aff_cookie.jsp?partner=57601924-FB09-5BB2-867F-08B4EB522BA8&url=%252Fdk%252Fbuy%252Findex.html%253Fpage%253D1%2526edid%253D641CA65E-6B6F-BD6B-0286-A4DF4BE623A9%2526hlv%253D61127b2d-23e8-48a0-8b8e-2e510a01000f%2523v_270462120 HTTP/1.1" 200 246
40.77.167.60 - - [26/Feb/2025:01:07:50 +0100] "GET /ticket2/opencms/fi/magazine/article?title=rodrigo-bentancur-on-asetettu-seitseman-ottelun-pelikieltoon-rasistisen-lausunnon-vuoksi HTTP/1.1" 200 94285
89.117.22.7 - - [26/Feb/2025:01:07:50 +0100] "GET /ticket2/opencms/dk/buy/?page=1&edid=5178626A-34D0-B2BB-F4B7-DD1DCA937081&sortorder=desc&column=section HTTP/1.1" 200 111666
66.249.64.97 - - [26/Feb/2025:01:07:51 +0100] "GET /ticket2/opencms/fr/buy/?page=1&edid=66C24011-32A3-EE83-DB81-98818915F278 HTTP/1.1" 200 111510
89.117.22.7 - - [26/Feb/2025:01:07:52 +0100] "GET /ticket2/opencms/fi/buy/?page=1&edid=C45D31CB-E6BD-151C-FD78-14565DAD8ACA&sortorder=desc&column=section HTTP/1.1" 200 112469
47.128.127.119 - - [26/Feb/2025:01:07:52 +0100] "GET /ticket2/opencms/hr/buy/?edid=E283AC65-3197-392C-E040-FCBDD904729E HTTP/1.1" 200 91661
85.208.96.210 - - [26/Feb/2025:01:07:53 +0100] "GET /ticket2/opencms/et/magazine/article?title=me-oleme-klubi-ajaloo-halvim-meeskond HTTP/1.1" 200 92834
185.191.171.15 - - [26/Feb/2025:01:07:57 +0100] "GET /ticket2/opencms/hr/magazine/article?title=arsenal-fc-refleksija HTTP/1.1" 200 93623
20.171.207.37 - - [26/Feb/2025:01:07:57 +0100] "GET /ticket2/opencms/set_aff_cookie.jsp?partner=8F6DE15D-D831-5787-AE7E-FEFF53476F85&url=%252Fsv%252Fbuy%252Findex.html%253Fpage%253D1%2526edid%253D1704DC47-D333-EEEA-B66A-BC4C3DDB8A1C%2526hlv%253D60ca0abe-56c4-40ea-976a-36b90a01000f%2523v_696305845 HTTP/1.1" 200 246
89.117.22.7 - - [26/Feb/2025:01:07:58 +0100] "GET /ticket2/opencms/dk/buy/?page=1&edid=517CB8F1-1013-72C0-7B50-AF0B26D8A5BE&sortorder=desc&column=price HTTP/1.1" 200 110689
89.117.22.7 - - [26/Feb/2025:01:07:58 +0100] "GET /ticket2/opencms/fi/buy/?page=1&edid=C4C2A65A-40AE-982E-2427-F232C3866A5D&sortorder=desc&column=price HTTP/1.1" 200 111722
185.191.171.7 - - [26/Feb/2025:01:07:58 +0100] "GET /ticket2/opencms/sr/magazine/article?title=o-stadionu-tottenham-hotspur HTTP/1.1" 200 97366
66.249.64.130 - - [26/Feb/2025:01:08:01 +0100] "GET /ticket2/opencms/nl/buy/?page=1&edid=4EA280CB-32B5-BCDE-09BC-8C9EC76FD8FA HTTP/1.1" 200 108387
207.46.13.54 - - [26/Feb/2025:01:08:03 +0100] "GET /ticket2/opencms/en/buy/?page=1&edid=2BD17866-8251-0592-7FAE-2D6F7A3C66CD HTTP/1.1" 200 106749
185.191.171.5 - - [26/Feb/2025:01:08:03 +0100] "GET /ticket2/opencms/fr/magazine/article?title=football HTTP/1.1" 200 94916
20.171.207.37 - - [26/Feb/2025:01:08:04 +0100] "GET /ticket2/opencms/set_aff_cookie.jsp?partner=692E2C6A-EC6F-1C93-AFCC-C5ACC23A93EA&url=%252Fsv%252Fbuy%252Findex.html%253Fpage%253D1%2526edid%253DFF3DA28B-4575-B41C-4A40-DA5E05530770%2526hlv%253D60f957e9-23ac-4fdf-a983-59400a01000f%2523v_2070559735 HTTP/1.1" 200 247
54.36.148.114 - - [26/Feb/2025:01:08:04 +0100] "GET /ticket2/opencms/az/buy?page=1&edid=AA657FC1-DA34-660D-A88E-88668BBDB2AC HTTP/1.1" 200 109052
89.117.22.7 - - [26/Feb/2025:01:08:04 +0100] "GET /ticket2/opencms/dk/buy/?page=1&edid=519733AC-AA34-BA65-0EA7-E44859D414BE&sortorder=asc&column=row HTTP/1.1" 200 108051
89.117.22.7 - - [26/Feb/2025:01:08:05 +0100] "GET /ticket2/opencms/fi/buy/?page=1&edid=C4C2A65A-40AE-982E-2427-F232C3866A5D&sortorder=desc&column=row HTTP/1.1" 200 111651
185.191.171.8 - - [26/Feb/2025:01:08:06 +0100] "GET /ticket2/opencms/sk/buying_tickets HTTP/1.1" 200 89315
20.171.207.37 - - [26/Feb/2025:01:08:10 +0100] "GET /ticket2/opencms/set_aff_cookie.jsp?partner=692E2C6A-EC6F-1C93-AFCC-C5ACC23A93EA&url=%252Fen%252Fbuy%252Findex.html%253Fpage%253D1%2526edid%253D15AF8D2B-EC86-F832-6A25-EDE861BB730F%2526hlv%253D610bcde8-7ee8-495f-a69c-146b0a01000f%2523v_1981192370 HTTP/1.1" 200 247
89.117.22.7 - - [26/Feb/2025:01:08:10 +0100] "GET /ticket2/opencms/dk/buy/?page=1&edid=51B2CB32-7951-739E-6893-05415B594B46&sortorder=asc&column=price HTTP/1.1" 200 112092
89.117.22.7 - - [26/Feb/2025:01:08:11 +0100] "GET /ticket2/opencms/fi/buy/?page=1&edid=CF8182D8-B9D0-5E9A-7104-23E69EAA2FEA HTTP/1.1" 200 110583
20.171.207.37 - - [26/Feb/2025:01:08:12 +0100] "GET /ticket2/opencms/set_aff_cookie.jsp?partner=2E02071B-A8C3-4CBA-3097-C27D61C02ED8&url=%252Fen%252Fbuy%252Findex.html%253Fpage%253D1%2526edid%253DCA3FABDD-43B5-8DDC-6DAC-2917B68B145E%2526hlv%253D60c9f21e-4d14-4ca4-94a5-299e0a01000f%2523v_1434720053 HTTP/1.1" 200 247
85.208.96.199 - - [26/Feb/2025:01:08:13 +0100] "GET /ticket2/opencms/az/magazine/article?title=michail-antonio-qeza-neticesinde-yaralanib HTTP/1.1" 200 93937
89.117.22.7 - - [26/Feb/2025:01:08:16 +0100] "GET /ticket2/opencms/dk/buy/?page=1&edid=51B2CB32-7951-739E-6893-05415B594B46&sortorder=asc&column=row HTTP/1.1" 200 111975
89.117.22.7 - - [26/Feb/2025:01:08:17 +0100] "GET /ticket2/opencms/fi/buy/?page=1&edid=CFB00141-297E-C048-020A-09E02D385501&sortorder=asc&column=row HTTP/1.1" 200 112729
66.249.64.96 - - [26/Feb/2025:01:08:17 +0100] "GET /ticket2/opencms/is/buy/?page=1&edid=57449F59-3EAF-BBAB-4AC9-B7A456A32485 HTTP/1.1" 200 123835
54.36.148.176 - - [26/Feb/2025:01:08:18 +0100] "GET /ticket2/opencms/no/sport/fotballsbilletter/premier_league/nottingham/ HTTP/1.1" 200 91663
85.208.96.199 - - [26/Feb/2025:01:08:19 +0100] "GET /ticket2/opencms/sv/magazine/article?title=kevin-de-bruyne HTTP/1.1" 200 92962
66.249.64.96 - - [26/Feb/2025:01:08:19 +0100] "GET /ticket2/opencms/fi/buy/?page=10&eventid=79608D61-AAF5-D175-02C0-7A0FB72F565C&venueid=4686023E-1A9C-D773-1EF5-78A9D0532992 HTTP/1.1" 200 100309
185.191.171.7 - - [26/Feb/2025:01:08:19 +0100] "GET /ticket2/opencms/az/magazine/article?title=lucas-bergvall-yeni-david-beckham HTTP/1.1" 200 93417
20.171.207.37 - - [26/Feb/2025:01:08:20 +0100] "GET /ticket2/opencms/set_aff_cookie.jsp?partner=8F6DE15D-D831-5787-AE7E-FEFF53476F85&url=%252Fen%252Fbuy%252Findex.html%253Fpage%253D1%2526edid%253D1F0062E5-B41B-134F-9FBF-4A7B26C9CCE3%2526hlv%253D611bb8dd-9cc8-43c3-85aa-4af30a01000f%2523v_750448041 HTTP/1.1" 200 246
89.117.22.7 - - [26/Feb/2025:01:08:22 +0100] "GET /ticket2/opencms/dk/buy/?page=1&edid=51B2CB32-7951-739E-6893-05415B594B46&sortorder=desc&column=row HTTP/1.1" 200 111992
85.208.96.199 - - [26/Feb/2025:01:08:22 +0100] "GET /ticket2/opencms/ga/magazine/article?title=graham-potter-on-tsualainn-go-dti-an-premier-league HTTP/1.1" 200 95662
89.117.22.7 - - [26/Feb/2025:01:08:23 +0100] "GET /ticket2/opencms/fi/buy/?page=1&edid=CFBDE424-B72D-37DB-05E9-2B9CDDD08A8B&sortorder=asc&column=row HTTP/1.1" 200 112517
66.249.76.170 - - [26/Feb/2025:01:08:24 +0100] "GET /ticket2/opencms/bg/buy/?page=1&edid=4EA280CB-32B5-BCDE-09BC-8C9EC76FD8FA HTTP/1.1" 200 113351
20.171.207.37 - - [26/Feb/2025:01:08:26 +0100] "GET /ticket2/opencms/set_aff_cookie.jsp?partner=692E2C6A-EC6F-1C93-AFCC-C5ACC23A93EA&url=%252Fsv%252Fbuy%252Findex.html%253Fpage%253D1%2526edid%253DFF3DA28B-4575-B41C-4A40-DA5E05530770%2526hlv%253D60f957e9-23ac-4fdf-a983-59400a01000f%2523v_2070559735 HTTP/1.1" 200 247
89.117.22.7 - - [26/Feb/2025:01:08:28 +0100] "GET /ticket2/opencms/dk/buy/?page=1&edid=51B2CB32-7951-739E-6893-05415B594B46&sortorder=desc&column=section HTTP/1.1" 200 112143
20.171.207.37 - - [26/Feb/2025:01:08:28 +0100] "GET /ticket2/opencms/set_aff_cookie.jsp?partner=23A6AD98-906E-5BDD-600E-EC4EC8A45F97&url=%252Fen%252Fbuy%252Findex.html%253Fpage%253D1%2526edid%253D75FF687A-3DBB-F476-3881-CF5D7FFEBAC0%2526hlv%253D60f81f8c-d274-4127-8271-5d1e0a01000f%2523v_1448959750 HTTP/1.1" 200 247
89.117.22.7 - - [26/Feb/2025:01:08:31 +0100] "GET /ticket2/opencms/fi/buy/?page=1&edid=CFCBACFB-A666-9D8C-9AC1-A8C6A3DD8DD9&sortorder=desc&column=section HTTP/1.1" 200 113155
85.208.96.207 - - [26/Feb/2025:01:08:32 +0100] "GET /ticket2/opencms/lv/magazine/article?title=joao-palhinha-pievienojas-bayern-munchen-jauna-viduslauka-speka-ierasanas-allianz-arena HTTP/1.1" 200 96157
20.171.207.37 - - [26/Feb/2025:01:08:33 +0100] "GET /ticket2/opencms/set_aff_cookie.jsp?partner=2E02071B-A8C3-4CBA-3097-C27D61C02ED8&url=%252Ffi%252Fbuy%252Findex.html%253Fpage%253D1%2526edid%253D7E17F6C1-856B-78BE-EE22-EF6E2CE39DF7%2526hlv%253D60f9587a-9364-435d-aec9-59c10a01000f%2523v_115304944 HTTP/1.1" 200 246
54.36.148.246 - - [26/Feb/2025:01:08:33 +0100] "GET /ticket2/opencms/fi/buy?page=1&edid=20146FB3-A7AB-AA61-9E1A-7C70A530633D HTTP/1.1" 200 125021
89.117.22.7 - - [26/Feb/2025:01:08:33 +0100] "GET /ticket2/opencms/dk/buy/?page=1&edid=523501E5-3030-71B1-ED39-97EA81BD353D&sortorder=desc&column=section HTTP/1.1" 200 111391
66.249.76.130 - - [26/Feb/2025:01:08:33 +0100] "GET /ticket2/opencms/cs/buy/?page=1&edid=9BBBC99D-9BE8-492C-BD4A-8B73CDBF11B6 HTTP/1.1" 200 108651
66.249.64.130 - - [26/Feb/2025:01:08:34 +0100] "GET /ticket2/opencms/bg/buy/?page=1&edid=FDBFACD9-E01A-CBEB-FBF2-160E9CEDBACD HTTP/1.1" 200 110951
89.117.22.7 - - [26/Feb/2025:01:08:36 +0100] "GET /ticket2/opencms/fi/buy/?page=1&edid=CFD9BEFF-0C02-6799-1A51-C299BFF6CF88&sortorder=desc&column=row HTTP/1.1" 200 112551
114.119.153.152 - - [26/Feb/2025:01:08:38 +0100] "GET /ticket2/opencms/es/buy?page=1&=A848EC15-222C-39E8-21F1-435F0F918573 HTTP/1.1" 200 -
89.117.22.7 - - [26/Feb/2025:01:08:39 +0100] "GET /ticket2/opencms/dk/buy/?page=1&edid=52633380-3947-F30A-9F5B-0BD261EAE32D&sortorder=asc&column=row HTTP/1.1" 200 111933
20.171.207.37 - - [26/Feb/2025:01:08:39 +0100] "GET /ticket2/opencms/set_aff_cookie.jsp?partner=8F6DE15D-D831-5787-AE7E-FEFF53476F85&url=%252Fno%252Fbuy%252Findex.html%253Fpage%253D1%2526edid%253D92D9A674-EDB4-A0FB-C5DF-A3BAFA7768AC%2526hlv%253D60ca1015-4430-41cd-bd86-34ce0a01000f%2523v_907599513 HTTP/1.1" 200 246
66.249.70.67 - - [26/Feb/2025:01:08:39 +0100] "GET /ticket2/opencms/no/buy/?page=1&edid=7F2B1FEA-20FE-7448-32AC-111154CA401B HTTP/1.1" 200 135476
20.171.207.37 - - [26/Feb/2025:01:08:40 +0100] "GET /ticket2/opencms/set_aff_cookie.jsp?partner=692E2C6A-EC6F-1C93-AFCC-C5ACC23A93EA&url=%252Fnl%252Fbuy%252Findex.html%253Fpage%253D1%2526edid%253D0C5C9043-4446-42CC-4F8E-C746AC0B1F53%2526hlv%253D60c9e695-f4e8-4b7c-9b20-25530a01000f%2523v_1712792072 HTTP/1.1" 200 247
89.117.22.7 - - [26/Feb/2025:01:08:42 +0100] "GET /ticket2/opencms/fi/buy/?page=1&edid=CFD9BEFF-0C02-6799-1A51-C299BFF6CF88&sortorder=desc&column=section HTTP/1.1" 200 112689
154.223.139.83 - - [26/Feb/2025:01:08:42 +0100] "GET /ticket2/opencms/ HTTP/1.1" 302 -
124.243.144.221 - - [26/Feb/2025:01:08:43 +0100] "GET /ticket2/opencms/lt/buy?page=1&edid=2684212B-FA50-DC4B-3CFA-1303E9638140 HTTP/1.1" 200 111389
40.77.167.132 - - [26/Feb/2025:01:08:44 +0100] "GET /ticket2/opencms/is/buy?page=1&edid=61903C96-F8B6-482A-0523-00721D5B62AF HTTP/1.1" 200 108565
54.36.148.43 - - [26/Feb/2025:01:08:44 +0100] "GET /ticket2/opencms/be/buy?page=1&edid=AA657FC1-DA34-660D-A88E-88668BBDB2AC HTTP/1.1" 200 110980
89.117.22.7 - - [26/Feb/2025:01:08:44 +0100] "GET /ticket2/opencms/dk/buy/?page=1&edid=5264929B-CFC6-6130-39CF-A9B1A1C1211D&sortorder=asc&column=section HTTP/1.1" 200 108250
154.223.139.83 - - [26/Feb/2025:01:08:44 +0100] "GET /ticket2/opencms/en/ HTTP/1.1" 200 104945
154.223.139.83 - - [26/Feb/2025:01:08:46 +0100] "GET /ticket2/opencms/favicon.ico HTTP/1.1" 200 15406
47.128.23.94 - - [26/Feb/2025:01:08:46 +0100] "GET /ticket2/opencms/lv/buy?edid=C64002B7-B7A3-A646-1770-7E79C914EDA5 HTTP/1.1" 200 91552
66.249.64.96 - - [26/Feb/2025:01:08:46 +0100] "GET /ticket2/opencms/no/buy/?page=1&edid=66639F01-2DC3-AE31-937D-1F5B14F403FD HTTP/1.1" 200 108006
89.104.111.59 - - [26/Feb/2025:01:08:47 +0100] "GET /ticket2/opencms/favicon.ico HTTP/1.1" 200 15406
66.249.76.2 - - [26/Feb/2025:01:08:47 +0100] "GET /ticket2/opencms/de/buy/?page=1&edid=083AE95D-096C-41BA-96E0-6A784C0A08FB HTTP/1.1" 200 111167
89.117.22.7 - - [26/Feb/2025:01:08:47 +0100] "GET /ticket2/opencms/fi/buy/?page=1&edid=CFE1ACC1-EEB0-7819-3B31-5885A0D8724F HTTP/1.1" 200 111508
66.249.64.130 - - [26/Feb/2025:01:08:48 +0100] "GET /ticket2/opencms/es/buy/?page=1&edid=4EA280CB-32B5-BCDE-09BC-8C9EC76FD8FA HTTP/1.1" 200 110792
66.249.64.130 - - [26/Feb/2025:01:08:49 +0100] "GET /ticket2/opencms/dk/sport/fodboldbilletter/premier-league HTTP/1.1" 200 97518
89.117.22.7 - - [26/Feb/2025:01:08:49 +0100] "GET /ticket2/opencms/dk/buy/?page=1&edid=52F868F1-7749-7E6C-5905-3BA969A6104A&sortorder=asc&column=row HTTP/1.1" 200 111339
66.249.76.170 - - [26/Feb/2025:01:08:50 +0100] "GET /ticket2/opencms/mt/magazine/article?title=il-futur-tat-teknoloija-fil-futbol HTTP/1.1" 200 95373
114.119.136.30 - - [26/Feb/2025:01:08:51 +0100] "GET /ticket2/opencms/en/buy/?page=1&edid=074DE6AB-3EC7-31AB-C16A-2388E714E078 HTTP/1.1" 200 109978
20.171.207.37 - - [26/Feb/2025:01:08:52 +0100] "GET /ticket2/opencms/set_aff_cookie.jsp?partner=692E2C6A-EC6F-1C93-AFCC-C5ACC23A93EA&url=%252Fnl%252Fbuy%252Findex.html%253Fpage%253D1%2526edid%253DC3C3C4B4-8DE9-0BBD-5349-6EF9935BCF15%2526hlv%253D60f9588b-2180-40d7-a0fc-59200a01000f%2523v_218823952 HTTP/1.1" 200 246
89.117.22.7 - - [26/Feb/2025:01:08:53 +0100] "GET /ticket2/opencms/fi/buy/?page=1&edid=CFE6EC3A-3188-38D8-C8A4-9712A26A5661&sortorder=asc&column=price HTTP/1.1" 200 109354
185.191.171.7 - - [26/Feb/2025:01:08:54 +0100] "GET /ticket2/opencms/bs/magazine/article?title=mi-smo-najgori-tim-u-historiji-kluba HTTP/1.1" 200 92836
89.117.22.7 - - [26/Feb/2025:01:08:55 +0100] "GET /ticket2/opencms/dk/buy/?page=1&edid=52F96119-8DE8-02DF-9B26-6EB899FEED96&sortorder=asc&column=row HTTP/1.1" 200 108086
54.36.148.178 - - [26/Feb/2025:01:08:57 +0100] "GET /ticket2/opencms/et/buy?page=1&edid=FABE4148-094C-7239-F6DD-5F6F4EB97A09 HTTP/1.1" 200 134958
202.8.41.43 - - [26/Feb/2025:01:08:58 +0100] "GET /ticket2/opencms/system/modules/com.gridnine.opencms.ticketbrokerage.site/resources/css/standard.css HTTP/1.1" 200 74207
202.8.41.43 - - [26/Feb/2025:01:08:58 +0100] "GET /ticket2/opencms/system/modules/com.gridnine.opencms.ticketbrokerage.site/resources/css/jquery-ui.css HTTP/1.1" 200 33221
202.8.41.43 - - [26/Feb/2025:01:08:58 +0100] "GET /ticket2/opencms/system/modules/com.gridnine.opencms.ticketbrokerage.site/resources/css/ticketbrokerage.css HTTP/1.1" 200 39339
202.8.41.43 - - [26/Feb/2025:01:08:58 +0100] "GET /ticket2/opencms/system/modules/com.gridnine.opencms.ticketbrokerage.site/resources/css/calendar.css HTTP/1.1" 200 6871
202.8.41.43 - - [26/Feb/2025:01:08:58 +0100] "GET /ticket2/opencms/system/modules/com.gridnine.opencms.ticketbrokerage.site/resources/css/jquery.fancybox.css HTTP/1.1" 200 4939
202.8.41.43 - - [26/Feb/2025:01:08:58 +0100] "GET /ticket2/opencms/system/modules/com.gridnine.opencms.ticketbrokerage.site/resources/js/jquery/jquery.js HTTP/1.1" 200 93868
202.8.41.43 - - [26/Feb/2025:01:08:58 +0100] "GET /ticket2/opencms/system/modules/com.gridnine.opencms.ticketbrokerage.site/resources/js/jquery/jquery-ui.js HTTP/1.1" 200 228088
202.8.41.43 - - [26/Feb/2025:01:08:58 +0100] "GET /ticket2/opencms/system/modules/com.gridnine.opencms.ticketbrokerage.site/resources/js/calendar.js HTTP/1.1" 200 49229
202.8.41.43 - - [26/Feb/2025:01:08:58 +0100] "GET /ticket2/opencms/system/modules/com.gridnine.opencms.ticketbrokerage.site/resources/js/functions.js HTTP/1.1" 200 1583
202.8.41.43 - - [26/Feb/2025:01:08:58 +0100] "GET /ticket2/opencms/system/modules/com.gridnine.opencms.ticketbrokerage.site/resources/js/calendar-en.js HTTP/1.1" 200 3338
202.8.41.43 - - [26/Feb/2025:01:08:58 +0100] "GET /ticket2/opencms/system/modules/com.gridnine.opencms.ticketbrokerage.site/resources/js/calendar-setup.js HTTP/1.1" 200 4923
202.8.41.43 - - [26/Feb/2025:01:08:58 +0100] "GET /ticket2/opencms/system/modules/com.gridnine.opencms.ticketbrokerage.site/resources/js/jquery.fancybox.pack.js HTTP/1.1" 200 23187
202.8.41.43 - - [26/Feb/2025:01:08:58 +0100] "GET /ticket2/opencms/system/modules/com.gridnine.opencms.ticketbrokerage.site/resources/js/stickyfill.min.js HTTP/1.1" 200 5672
202.8.41.43 - - [26/Feb/2025:01:08:58 +0100] "GET /ticket2/opencms/system/modules/com.gridnine.opencms.ticketbrokerage.site/resources/js/standard.js HTTP/1.1" 200 3983
202.8.41.43 - - [26/Feb/2025:01:08:58 +0100] "GET /ticket2/opencms/system/modules/com.gridnine.opencms.ticketbrokerage.site/resources/js/jquery.placeholder.min.js HTTP/1.1" 200 1737
85.208.96.194 - - [26/Feb/2025:01:08:58 +0100] "GET /ticket2/opencms/mt/magazine/article?title=nations-league-gaddejja-bl-istess-ritmu HTTP/1.1" 200 94734
202.8.41.43 - - [26/Feb/2025:01:08:58 +0100] "GET /ticket2/opencms/system/modules/com.gridnine.opencms.ticketbrokerage.site/resources/js/common-ajax.js HTTP/1.1" 200 20175
202.8.41.43 - - [26/Feb/2025:01:08:58 +0100] "GET /ticket2/opencms/et/ask-form.html HTTP/1.1" 200 3156
202.8.41.43 - - [26/Feb/2025:01:08:58 +0100] "GET /ticket2/opencms/system/modules/com.gridnine.opencms.ticketbrokerage.site/resources/css/ticketbrokerage.css HTTP/1.1" 200 39339
34.225.24.180 - - [26/Feb/2025:01:08:58 +0100] "GET /ticket2/opencms/en/magazine/Liverpool%20FC%20tar%20emot%20Tottenham%20p%C3%A5%20Anfieled%202024-05-05 HTTP/1.1" 404 -
89.117.22.7 - - [26/Feb/2025:01:09:02 +0100] "GET /ticket2/opencms/fi/buy/?page=1&edid=D08A9B60-3429-ACA1-D8CD-E29D3C6E537F HTTP/1.1" 200 112385
89.117.22.7 - - [26/Feb/2025:01:09:03 +0100] "GET /ticket2/opencms/dk/buy/?page=1&edid=716F15C9-42CE-5192-C005-50D592325C6C&sortorder=asc&column=section HTTP/1.1" 200 110091
40.77.167.132 - - [26/Feb/2025:01:09:05 +0100] "GET /ticket2/opencms/lv/buy/?page=1&edid=EACD81AE-0B8C-E534-1D39-A4F8A9E4D5C4 HTTP/1.1" 200 111806
20.171.207.37 - - [26/Feb/2025:01:09:05 +0100] "GET /ticket2/opencms/set_aff_cookie.jsp?partner=692E2C6A-EC6F-1C93-AFCC-C5ACC23A93EA&url=%252Fnl%252Fbuy%252Findex.html%253Fpage%253D1%2526edid%253D4457AAA5-B79C-4CFF-795B-48A1890E4376%2526hlv%253D60c9e682-d7b4-49bd-8167-237e0a01000f%2523v_1341567526 HTTP/1.1" 200 247
40.77.167.132 - - [26/Feb/2025:01:09:06 +0100] "GET /ticket2/opencms/mt/buy?page=10&eventid=C7B8839D-D05D-58E7-D08F-88E8ADCFDD77 HTTP/1.1" 200 93239
66.249.64.130 - - [26/Feb/2025:01:09:09 +0100] "GET /ticket2/opencms/hr/buy/?page=1&edid=4EA280CB-32B5-BCDE-09BC-8C9EC76FD8FA HTTP/1.1" 200 110786
89.117.22.7 - - [26/Feb/2025:01:09:10 +0100] "GET /ticket2/opencms/dk/buy/?page=1&edid=76BCEBC6-C91E-E768-F618-A1104A58DDCD&sortorder=desc&column=price HTTP/1.1" 200 111944
89.117.22.7 - - [26/Feb/2025:01:09:10 +0100] "GET /ticket2/opencms/fi/buy/?page=1&edid=D0A7B7AB-10F0-2E2F-18D3-3315BAA3AFFE&sortorder=desc&column=section HTTP/1.1" 200 112053
66.249.76.170 - - [26/Feb/2025:01:09:13 +0100] "GET /ticket2/opencms/bg/magazine/article?title=brajtun-and-houv-albiun HTTP/1.1" 200 94862
54.36.148.247 - - [26/Feb/2025:01:09:14 +0100] "GET /ticket2/opencms/cs/buy?page=1&edid=069EC406-6DFD-08ED-B6CC-A7E203415919 HTTP/1.1" 200 111642
202.8.40.150 - - [26/Feb/2025:01:09:15 +0100] "GET /ticket2/opencms/system/modules/com.gridnine.opencms.ticketbrokerage.site/resources/css/jquery-ui.css HTTP/1.1" 200 33221
202.8.40.150 - - [26/Feb/2025:01:09:15 +0100] "GET /ticket2/opencms/system/modules/com.gridnine.opencms.ticketbrokerage.site/resources/css/ticketbrokerage.css HTTP/1.1" 200 39339
202.8.40.150 - - [26/Feb/2025:01:09:15 +0100] "GET /ticket2/opencms/system/modules/com.gridnine.opencms.ticketbrokerage.site/resources/css/calendar.css HTTP/1.1" 200 6871
202.8.40.150 - - [26/Feb/2025:01:09:15 +0100] "GET /ticket2/opencms/system/modules/com.gridnine.opencms.ticketbrokerage.site/resources/css/jquery.fancybox.css HTTP/1.1" 200 4939
202.8.40.150 - - [26/Feb/2025:01:09:15 +0100] "GET /ticket2/opencms/system/modules/com.gridnine.opencms.ticketbrokerage.site/resources/js/jquery/jquery.js HTTP/1.1" 200 93868
202.8.40.150 - - [26/Feb/2025:01:09:15 +0100] "GET /ticket2/opencms/system/modules/com.gridnine.opencms.ticketbrokerage.site/resources/css/standard.css HTTP/1.1" 200 74207
202.8.40.150 - - [26/Feb/2025:01:09:15 +0100] "GET /ticket2/opencms/system/modules/com.gridnine.opencms.ticketbrokerage.site/resources/js/jquery/jquery-ui.js HTTP/1.1" 200 228088
202.8.40.150 - - [26/Feb/2025:01:09:15 +0100] "GET /ticket2/opencms/system/modules/com.gridnine.opencms.ticketbrokerage.site/resources/js/functions.js HTTP/1.1" 200 1583
202.8.40.150 - - [26/Feb/2025:01:09:15 +0100] "GET /ticket2/opencms/system/modules/com.gridnine.opencms.ticketbrokerage.site/resources/js/calendar.js HTTP/1.1" 200 49229
202.8.40.150 - - [26/Feb/2025:01:09:15 +0100] "GET /ticket2/opencms/system/modules/com.gridnine.opencms.ticketbrokerage.site/resources/js/calendar-en.js HTTP/1.1" 200 3338
202.8.40.150 - - [26/Feb/2025:01:09:15 +0100] "GET /ticket2/opencms/system/modules/com.gridnine.opencms.ticketbrokerage.site/resources/js/calendar-setup.js HTTP/1.1" 200 4923
202.8.40.150 - - [26/Feb/2025:01:09:15 +0100] "GET /ticket2/opencms/system/modules/com.gridnine.opencms.ticketbrokerage.site/resources/js/jquery.fancybox.pack.js HTTP/1.1" 200 23187
202.8.40.150 - - [26/Feb/2025:01:09:15 +0100] "GET /ticket2/opencms/system/modules/com.gridnine.opencms.ticketbrokerage.site/resources/js/stickyfill.min.js HTTP/1.1" 200 5672
202.8.40.150 - - [26/Feb/2025:01:09:15 +0100] "GET /ticket2/opencms/system/modules/com.gridnine.opencms.ticketbrokerage.site/resources/js/standard.js HTTP/1.1" 200 3983
202.8.40.150 - - [26/Feb/2025:01:09:15 +0100] "GET /ticket2/opencms/system/modules/com.gridnine.opencms.ticketbrokerage.site/resources/js/jquery.placeholder.min.js HTTP/1.1" 200 1737
202.8.40.150 - - [26/Feb/2025:01:09:16 +0100] "GET /ticket2/opencms/system/modules/com.gridnine.opencms.ticketbrokerage.site/resources/js/common-ajax.js HTTP/1.1" 200 20175
202.8.40.150 - - [26/Feb/2025:01:09:16 +0100] "GET /ticket2/opencms/cs/ask-form.html HTTP/1.1" 200 3156
202.8.40.150 - - [26/Feb/2025:01:09:16 +0100] "GET /ticket2/opencms/system/modules/com.gridnine.opencms.ticketbrokerage.site/resources/css/ticketbrokerage.css HTTP/1.1" 200 39339
20.171.207.37 - - [26/Feb/2025:01:09:16 +0100] "GET /ticket2/opencms/set_aff_cookie.jsp?partner=692E2C6A-EC6F-1C93-AFCC-C5ACC23A93EA&url=%252Fdk%252Fbuy%252Findex.html%253Fpage%253D1%2526edid%253D45CC6BB1-4A0B-C243-C5EE-01457B55C324%2526hlv%253D612b5882-2100-4183-bbb5-3ef00a01000f%2523v_985786574 HTTP/1.1" 200 246
89.117.22.7 - - [26/Feb/2025:01:09:16 +0100] "GET /ticket2/opencms/dk/buy/?page=1&edid=7753EA52-7985-00A7-A9DB-D81E6156C674&sortorder=desc&column=row HTTP/1.1" 200 108150
66.249.64.96 - - [26/Feb/2025:01:09:16 +0100] "GET /ticket2/opencms/fr/buy/?page=1&edid=E1890C55-BB29-2521-0846-5A33B1490A2E HTTP/1.1" 200 110651
89.117.22.7 - - [26/Feb/2025:01:09:16 +0100] "GET /ticket2/opencms/fi/buy/?page=1&edid=D0C52E1D-8DAD-F095-7BFA-BB37BED635A0&sortorder=desc&column=row HTTP/1.1" 200 111580
66.249.64.96 - - [26/Feb/2025:01:09:17 +0100] "GET /ticket2/opencms/it/buy/?page=1&edid=F640204D-1694-0162-ABD6-AAC74A7D8DE6 HTTP/1.1" 200 111672
20.171.207.37 - - [26/Feb/2025:01:09:17 +0100] "GET /ticket2/opencms/set_aff_cookie.jsp?partner=2E02071B-A8C3-4CBA-3097-C27D61C02ED8&url=%252Fnl%252Fbuy%252Findex.html%253Fpage%253D1%2526edid%253DC40B04F3-522D-9ED3-C6F9-40FD85E2C8C7%2526hlv%253D61127dd6-fefc-4170-9880-2fdb0a01000f%2523v_1426286728 HTTP/1.1" 200 247
185.191.171.8 - - [26/Feb/2025:01:09:18 +0100] "GET /ticket2/opencms/es/magazine/article?title=futbolistas-suecos-en-la-premier-league HTTP/1.1" 200 96220
20.171.207.37 - - [26/Feb/2025:01:09:19 +0100] "GET /ticket2/opencms/set_aff_cookie.jsp?partner=2E02071B-A8C3-4CBA-3097-C27D61C02ED8&url=%252Fno%252Fbuy%252Findex.html%253Fpage%253D1%2526edid%253DDD7009E0-BEDD-5FDF-FBEC-9803C9276491%2526hlv%253D6144960a-a960-444f-b7bd-78eb0a01000f%2523v_539918792 HTTP/1.1" 200 246
173.252.107.4 - - [26/Feb/2025:01:09:19 +0100] "GET /ticket2/opencms/it/buy?page=1&edid=656D28DC-44D7-F9B6-001A-A9537260D01A HTTP/1.1" 200 108354
66.249.64.130 - - [26/Feb/2025:01:09:21 +0100] "GET /ticket2/opencms/en/sell/?edid=7DA6AFD0-1F4E-627C-789E-E465BB16D2D7 HTTP/1.1" 302 -
40.77.167.55 - - [26/Feb/2025:01:09:21 +0100] "GET /ticket2/opencms/de/buy/?page=1&edid=E94EB3D4-47F8-5B4B-AFCC-5DA76D6F5A89&sortorder=asc&column=row HTTP/1.1" 200 112841
89.117.22.7 - - [26/Feb/2025:01:09:22 +0100] "GET /ticket2/opencms/dk/buy/?page=1&edid=7B14CF76-71A6-C2E3-60CB-8C556CB920FD&sortorder=desc&column=row HTTP/1.1" 200 111935
20.171.207.37 - - [26/Feb/2025:01:09:22 +0100] "GET /ticket2/opencms/set_aff_cookie.jsp?partner=692E2C6A-EC6F-1C93-AFCC-C5ACC23A93EA&url=%252Fdk%252Fbuy%252Findex.html%253Fpage%253D1%2526edid%253D15EB8492-E613-A503-0EBC-61EBB18066B8%2526hlv%253D60f81f80-e8b8-4689-9de2-5e5c0a01000f%2523v_1017869119 HTTP/1.1" 200 247
89.117.22.7 - - [26/Feb/2025:01:09:22 +0100] "GET /ticket2/opencms/fi/buy/?page=1&edid=D1EF0F6B-A1D9-3144-2C8D-BD026F6FEB3F&sortorder=desc&column=section HTTP/1.1" 200 113229
85.208.96.200 - - [26/Feb/2025:01:09:23 +0100] "GET /ticket2/opencms/az/magazine/ HTTP/1.1" 200 156007
20.171.207.37 - - [26/Feb/2025:01:09:24 +0100] "GET /ticket2/opencms/set_aff_cookie.jsp?partner=692E2C6A-EC6F-1C93-AFCC-C5ACC23A93EA&url=%252Fno%252Fbuy%252Findex.html%253Fpage%253D1%2526edid%253D74A57CFE-A85C-345D-E9F7-0AF79537083B%2526hlv%253D6145b4ab-eef4-4528-afa7-60d00a01000f%2523v_115262853 HTTP/1.1" 200 246
54.36.149.102 - - [26/Feb/2025:01:09:26 +0100] "GET /ticket2/opencms/sv/sport/fotbollsbiljetter/uefa-champions-league/inter/ HTTP/1.1" 200 87958
114.119.151.93 - - [26/Feb/2025:01:09:27 +0100] "GET /ticket2/opencms/dk/buy?page=1&=B762BDA4-1E96-1980-2A63-9064BB71B032 HTTP/1.1" 200 -
89.117.22.7 - - [26/Feb/2025:01:09:29 +0100] "GET /ticket2/opencms/dk/buy/?page=1&edid=7E9C13B6-0C50-6FEF-1D5E-4F25333EB049&sortorder=asc&column=price HTTP/1.1" 200 108166
89.117.22.7 - - [26/Feb/2025:01:09:29 +0100] "GET /ticket2/opencms/fi/buy/?page=1&edid=D7DB25C5-084E-64A8-C62D-5DECDF3D0763&sortorder=asc&column=row HTTP/1.1" 200 113165
185.191.171.9 - - [26/Feb/2025:01:09:30 +0100] "GET /ticket2/opencms/es/magazine/article?title=kylian-mbappe-impresiona HTTP/1.1" 200 93122
89.117.22.7 - - [26/Feb/2025:01:09:34 +0100] "GET /ticket2/opencms/dk/buy/?page=1&edid=7EB7BD2E-35BC-AFEE-4299-6D56D0CD8BF2 HTTP/1.1" 200 110875
173.252.83.6 - - [26/Feb/2025:01:09:35 +0100] "GET /ticket2/opencms/en/buy?page=1&edid=81ED6DDC-8A95-C021-CA9A-A72788EB9E3B HTTP/1.1" 200 110183
66.249.64.130 - - [26/Feb/2025:01:09:35 +0100] "GET /ticket2/opencms/en/login/?url=/en/sell/ HTTP/1.1" 200 90012
89.117.22.7 - - [26/Feb/2025:01:09:35 +0100] "GET /ticket2/opencms/fi/buy/?page=1&edid=D83D543C-26F5-1FF2-6B40-9A4027C56CF1&sortorder=asc&column=row HTTP/1.1" 200 112286
20.171.207.37 - - [26/Feb/2025:01:09:37 +0100] "GET /ticket2/opencms/set_aff_cookie.jsp?partner=2E02071B-A8C3-4CBA-3097-C27D61C02ED8&url=%252Fru%252Fbuy%252Findex.html%253Fpage%253D1%2526edid%253D1922F4C1-0D89-1ACA-A50D-EFC3C58AA17B%2526hlv%253D60f5c537-d544-450e-b501-1de00a01000f%2523v_1239071306 HTTP/1.1" 200 247
66.249.76.170 - - [26/Feb/2025:01:09:39 +0100] "GET /ticket2/opencms/sl/buy/?page=1&edid=4EA280CB-32B5-BCDE-09BC-8C9EC76FD8FA HTTP/1.1" 200 110782
40.77.167.30 - - [26/Feb/2025:01:09:39 +0100] "GET /ticket2/opencms/fi/buy/?page=1&edid=150C2B47-38EB-0C0E-C664-5F863E9426DB HTTP/1.1" 200 135063
89.117.22.7 - - [26/Feb/2025:01:09:40 +0100] "GET /ticket2/opencms/dk/buy/?page=1&edid=7EF7D37C-07FE-3083-E852-5E98E846AE0C&sortorder=asc&column=price HTTP/1.1" 200 108213
85.208.96.204 - - [26/Feb/2025:01:09:41 +0100] "GET /ticket2/opencms/uk/magazine/article?title=close-the-transfer-window-earlier HTTP/1.1" 200 93403
89.117.22.7 - - [26/Feb/2025:01:09:42 +0100] "GET /ticket2/opencms/fi/buy/?page=1&edid=D83D543C-26F5-1FF2-6B40-9A4027C56CF1&sortorder=asc&column=section HTTP/1.1" 200 112452
54.36.148.77 - - [26/Feb/2025:01:09:42 +0100] "GET /ticket2/opencms/sv/sport/fotbollsbiljetter/english-championship/millwall/ HTTP/1.1" 200 92100
52.167.144.237 - - [26/Feb/2025:01:09:43 +0100] "GET /ticket2/opencms/sr/buy?page=1&edid=11EFBC55-130A-2310-B776-C5D86878BDAB HTTP/1.1" 200 112153
52.167.144.163 - - [26/Feb/2025:01:09:46 +0100] "GET /ticket2/opencms/en/venue/?venueid=51B4DE67-01CA-0B71-9885-4DA0B8DB7CF4 HTTP/1.1" 200 85363
89.117.22.7 - - [26/Feb/2025:01:09:46 +0100] "GET /ticket2/opencms/dk/buy/?page=1&edid=7EF7D37C-07FE-3083-E852-5E98E846AE0C&sortorder=asc&column=row HTTP/1.1" 200 108047
185.191.171.11 - - [26/Feb/2025:01:09:48 +0100] "GET /ticket2/opencms/fr/magazine/article?title=manchester-city-contre-queens-park-rangers HTTP/1.1" 200 95272
89.117.22.7 - - [26/Feb/2025:01:09:49 +0100] "GET /ticket2/opencms/fi/buy/?page=1&edid=D83D543C-26F5-1FF2-6B40-9A4027C56CF1&sortorder=desc&column=price HTTP/1.1" 200 112347
54.36.148.87 - - [26/Feb/2025:01:09:50 +0100] "GET /ticket2/opencms/be/magazine/article?title=em-finalen-2024 HTTP/1.1" 200 95098
111.119.254.38 - - [26/Feb/2025:01:09:50 +0100] "GET /ticket2/opencms/is/samstarfsverkefni/ HTTP/1.1" 200 89622
85.208.96.204 - - [26/Feb/2025:01:09:51 +0100] "GET /ticket2/opencms/ro/magazine/article?title=tanarul-suedez-lucas-bergvall-a-semnat-cu-tottenham-hotspur HTTP/1.1" 200 96253
89.117.22.7 - - [26/Feb/2025:01:09:52 +0100] "GET /ticket2/opencms/dk/buy/?page=1&edid=7F28348B-69FB-2132-341A-600FD197AF0A HTTP/1.1" 200 109407
66.249.64.130 - - [26/Feb/2025:01:09:53 +0100] "GET /ticket2/opencms/cs/buy/?page=1&edid=4EA280CB-32B5-BCDE-09BC-8C9EC76FD8FA HTTP/1.1" 200 110731
20.171.207.37 - - [26/Feb/2025:01:09:54 +0100] "GET /ticket2/opencms/set_aff_cookie.jsp?partner=2E02071B-A8C3-4CBA-3097-C27D61C02ED8&url=%252Fno%252Fbuy%252Findex.html%253Fpage%253D1%2526edid%253D9F75CAFF-859B-AF24-5E2C-871DFD0095F5%2526hlv%253D60ca0c41-c34c-4b78-b13f-37800a01000f%2523v_235030726 HTTP/1.1" 200 246
114.119.136.30 - - [26/Feb/2025:01:09:54 +0100] "GET /ticket2/opencms/ka/buy?page=1&=AB4ED0AB-78AE-687D-2259-4B7771A21F0C HTTP/1.1" 200 -
54.36.148.100 - - [26/Feb/2025:01:09:55 +0100] "GET /ticket2/opencms/cs/buy?page=1&edid=40C0E1B7-ADB1-62A5-2AFA-BC9667D7636D HTTP/1.1" 200 108560
89.117.22.7 - - [26/Feb/2025:01:09:56 +0100] "GET /ticket2/opencms/fi/buy/?page=1&edid=D8AF9E01-ADFB-3436-2590-435C98124FC7&sortorder=asc&column=price HTTP/1.1" 200 112765
89.117.22.7 - - [26/Feb/2025:01:09:57 +0100] "GET /ticket2/opencms/dk/buy/?page=1&edid=7F3E99B9-F971-F458-62C7-3FE184FDC47B&sortorder=desc&column=price HTTP/1.1" 200 112006
20.171.207.37 - - [26/Feb/2025:01:09:58 +0100] "GET /ticket2/opencms/set_aff_cookie.jsp?partner=5E0CDF29-E7BE-9F6B-6869-7BF66B04006F&url=%252Fnl%252Fbuy%252Findex.html%253Fpage%253D1%2526edid%253DBDDA33F9-4ADC-FC2D-831B-99FEC0DB017D%2526hlv%253D61151fe7-ad9c-4483-8e8e-05f70a01000f%2523v_343952264 HTTP/1.1" 200 246
89.117.22.7 - - [26/Feb/2025:01:10:03 +0100] "GET /ticket2/opencms/fi/buy/?page=1&edid=D8EA692B-687F-02F3-F633-477D649035B5&sortorder=asc&column=row HTTP/1.1" 200 112329
89.117.22.7 - - [26/Feb/2025:01:10:03 +0100] "GET /ticket2/opencms/dk/buy/?page=1&edid=7F5F87A7-7340-08DB-1A5F-4E64E20107F6&sortorder=desc&column=price HTTP/1.1" 200 111610
54.36.148.56 - - [26/Feb/2025:01:10:06 +0100] "GET /ticket2/opencms/bg/buy?page=1&edid=AA657FC1-DA34-660D-A88E-88668BBDB2AC HTTP/1.1" 200 111065
54.36.148.137 - - [26/Feb/2025:01:10:06 +0100] "GET /ticket2/opencms/uk/magazine/article?title=kylian-mbappe-impresses HTTP/1.1" 200 93469
47.128.45.214 - - [26/Feb/2025:01:10:08 +0100] "GET /ticket2/opencms/en/magazine/article?title=joel-matip-leaves-liverpool-fc HTTP/1.1" 200 92755
114.119.147.32 - - [26/Feb/2025:01:10:08 +0100] "GET /ticket2/opencms/en/buy/?page=1&edid=E8BA54CC-B112-3D61-BE02-1B4D1E4F63D1 HTTP/1.1" 200 132203
20.171.207.37 - - [26/Feb/2025:01:10:08 +0100] "GET /ticket2/opencms/set_aff_cookie.jsp?partner=692E2C6A-EC6F-1C93-AFCC-C5ACC23A93EA&url=%252Ffi%252Fbuy%252Findex.html%253Fpage%253D1%2526edid%253DC2CD3885-D663-89B2-61C9-751DA9A6EAB2%2526hlv%253D60f6993a-9e8c-4fea-bb1f-62fb0a01000f%2523v_369440038 HTTP/1.1" 200 246
89.117.22.7 - - [26/Feb/2025:01:10:09 +0100] "GET /ticket2/opencms/dk/buy/?page=1&edid=7F5F87A7-7340-08DB-1A5F-4E64E20107F6&sortorder=desc&column=row HTTP/1.1" 200 111574
89.117.22.7 - - [26/Feb/2025:01:10:10 +0100] "GET /ticket2/opencms/fi/buy/?page=1&edid=D8EA692B-687F-02F3-F633-477D649035B5&sortorder=asc&column=section HTTP/1.1" 200 112406
47.128.18.241 - - [26/Feb/2025:01:10:10 +0100] "GET /ticket2/opencms/sr/buy/?edid=78DAC12B-37C2-8767-69E1-3ACF75009F29 HTTP/1.1" 200 91970
20.171.207.37 - - [26/Feb/2025:01:10:12 +0100] "GET /ticket2/opencms/set_aff_cookie.jsp?partner=8F6DE15D-D831-5787-AE7E-FEFF53476F85&url=%252Fdk%252Fbuy%252Findex.html%253Fpage%253D1%2526edid%253DE59A37DC-C4D5-8789-4A59-E1C7D847EADE%2526hlv%253D60c9e736-3ce0-4d8d-bd54-23650a01000f%2523v_458115539 HTTP/1.1" 200 246
89.117.22.7 - - [26/Feb/2025:01:10:14 +0100] "GET /ticket2/opencms/dk/buy/?page=1&edid=7F5F87A7-7340-08DB-1A5F-4E64E20107F6&sortorder=desc&column=section HTTP/1.1" 200 111648
89.117.22.7 - - [26/Feb/2025:01:10:16 +0100] "GET /ticket2/opencms/fi/buy/?page=1&edid=DAE1C461-9A8D-E773-9EDE-290EE65504CD HTTP/1.1" 200 110565
66.249.64.130 - - [26/Feb/2025:01:10:16 +0100] "GET /ticket2/opencms/fr/buy/?page=1&edid=71FF97B7-54FB-AABB-52B6-2424CA54B5F3 HTTP/1.1" 200 112283
114.119.136.30 - - [26/Feb/2025:01:10:16 +0100] "GET /ticket2/opencms/dk/buy?page=1&=2504116F-9B00-F8B9-A7E6-66686A6BE7BB HTTP/1.1" 200 -
54.36.148.90 - - [26/Feb/2025:01:10:17 +0100] "GET /ticket2/opencms/sv/sport/fotbollsbiljetter/uefa-champions-league/leipzig/ HTTP/1.1" 200 88446
89.117.22.7 - - [26/Feb/2025:01:10:20 +0100] "GET /ticket2/opencms/dk/buy/?page=1&edid=7F7A943E-BAB7-4157-4B3B-AB0545D4CE55&sortorder=asc&column=price HTTP/1.1" 200 111468
185.191.171.9 - - [26/Feb/2025:01:10:20 +0100] "GET /ticket2/opencms/sv/sport/fotbollsbiljetter/uefa-champions-league/juventus/ HTTP/1.1" 200 88103
114.119.154.207 - - [26/Feb/2025:01:10:22 +0100] "GET /ticket2/opencms/es/buy/?comcatid=A17713B6-D984-201A-4143-ED4DB5ED5C2E&catid=7BADFFFB-57C5-5DBC-E7EB-B45075B3D8F9 HTTP/1.1" 200 103288
89.117.22.7 - - [26/Feb/2025:01:10:22 +0100] "GET /ticket2/opencms/fi/buy/?page=1&edid=DB9BE274-E110-3B03-9434-A1026B1CB96D&sortorder=asc&column=row HTTP/1.1" 200 112025
85.208.96.211 - - [26/Feb/2025:01:10:23 +0100] "GET /ticket2/opencms/mt/magazine/article?title=graham-potter-minn-l-izvezja-sal-premier-league HTTP/1.1" 200 97037
20.171.207.37 - - [26/Feb/2025:01:10:24 +0100] "GET /ticket2/opencms/set_aff_cookie.jsp?partner=692E2C6A-EC6F-1C93-AFCC-C5ACC23A93EA&url=%252Fsv%252Fbuy%252Findex.html%253Fpage%253D1%2526edid%253D4826A287-E992-0C32-C836-2BE23EC4A7E1%2526hlv%253D60f94e84-d1bc-40d5-bb70-54e00a01000f%2523v_924117902 HTTP/1.1" 200 246
40.77.167.132 - - [26/Feb/2025:01:10:24 +0100] "GET /ticket2/opencms/it/buy/?page=1&edid=CE2D039C-F9B0-D889-98A0-A6CC7F5B1AAB HTTP/1.1" 200 111511
89.117.22.7 - - [26/Feb/2025:01:10:25 +0100] "GET /ticket2/opencms/dk/buy/?page=1&edid=7F7A943E-BAB7-4157-4B3B-AB0545D4CE55&sortorder=asc&column=section HTTP/1.1" 200 111386
89.117.22.7 - - [26/Feb/2025:01:10:28 +0100] "GET /ticket2/opencms/fi/buy/?page=1&edid=DB9BE274-E110-3B03-9434-A1026B1CB96D&sortorder=asc&column=section HTTP/1.1" 200 112104
20.171.207.37 - - [26/Feb/2025:01:10:28 +0100] "GET /ticket2/opencms/set_aff_cookie.jsp?partner=692E2C6A-EC6F-1C93-AFCC-C5ACC23A93EA&url=%252Fen%252Fbuy%252Findex.html%253Fpage%253D1%2526edid%253D590EDDB9-B981-09D2-E0FC-F6E1B491368A%2526hlv%253D60ca0d5c-4254-4b1f-a1c5-369c0a01000f%2523v_1908845421 HTTP/1.1" 200 247
85.208.96.211 - - [26/Feb/2025:01:10:30 +0100] "GET /ticket2/opencms/is/sport/fotbolti/english-championship/millwall/ HTTP/1.1" 200 101112
20.171.207.37 - - [26/Feb/2025:01:10:31 +0100] "GET /ticket2/opencms/set_aff_cookie.jsp?partner=8F6DE15D-D831-5787-AE7E-FEFF53476F85&url=%252Fru%252Fbuy%252Findex.html%253Fpage%253D1%2526edid%253DB855F537-DE06-C9FC-EE20-2B91E0343DA6%2526hlv%253D610bcc12-0454-4d1d-a240-13ad0a01000f%2523v_298257522 HTTP/1.1" 200 246
89.117.22.7 - - [26/Feb/2025:01:10:31 +0100] "GET /ticket2/opencms/dk/buy/?page=1&edid=7FC0EEA1-6F3F-9563-B3A7-BDCC9E769DFD&sortorder=asc&column=section HTTP/1.1" 200 112042
54.36.149.37 - - [26/Feb/2025:01:10:31 +0100] "GET /ticket2/opencms/no/magazine/article?title=manchester-united HTTP/1.1" 200 90982
54.36.148.111 - - [26/Feb/2025:01:10:32 +0100] "GET /ticket2/opencms/sk/buy/?page=1&edid=EE9D378D-B608-D0C3-023E-19EA1CC71BB7 HTTP/1.1" 200 108719
66.249.76.2 - - [26/Feb/2025:01:10:33 +0100] "GET /ticket2/opencms/fr/buy/?page=1&edid=74E49DAD-D5D9-E384-43C3-EB5A046F4603 HTTP/1.1" 200 108330
89.117.22.7 - - [26/Feb/2025:01:10:34 +0100] "GET /ticket2/opencms/fi/buy/?page=1&edid=DB9BE274-E110-3B03-9434-A1026B1CB96D&sortorder=desc&column=price HTTP/1.1" 200 112196
85.208.96.196 - - [26/Feb/2025:01:10:35 +0100] "GET /ticket2/opencms/is/magazine/article?title=abdul-fatawu-mun-missa-resten-av-timabilinu HTTP/1.1" 200 94403
20.171.207.37 - - [26/Feb/2025:01:10:35 +0100] "GET /ticket2/opencms/set_aff_cookie.jsp?partner=692E2C6A-EC6F-1C93-AFCC-C5ACC23A93EA&url=%252Fnl%252Fbuy%252Findex.html%253Fpage%253D1%2526edid%253D963895FF-8589-B7C5-5491-D5A774B04B1A%2526hlv%253D60f84b55-fa6c-4049-bdc6-72a90a01000f%2523v_638488039 HTTP/1.1" 200 246
66.220.149.23 - - [26/Feb/2025:01:10:39 +0100] "GET /ticket2/opencms/uk/buy?page=1&edid=C448ACCE-4E2F-44DD-92FC-D2C00A7DD0E5 HTTP/1.1" 200 113176
89.117.22.7 - - [26/Feb/2025:01:10:40 +0100] "GET /ticket2/opencms/dk/buy/?page=1&edid=7FEF013D-2963-1979-E960-CA6B866BF0D1&sortorder=desc&column=price HTTP/1.1" 200 111473
40.77.167.55 - - [26/Feb/2025:01:10:40 +0100] "GET /ticket2/opencms/pl/buy/?page=1&edid=8C8B6CAD-0E9C-D59D-F548-EF8ED0013C05 HTTP/1.1" 200 111743
69.171.249.2 - - [26/Feb/2025:01:10:41 +0100] "GET /ticket2/opencms/bs/buy?page=1&edid=B706C05D-BD6B-FE19-B612-CFC9E579BDC9 HTTP/1.1" 200 111551
173.252.83.11 - - [26/Feb/2025:01:10:42 +0100] "GET /ticket2/opencms/no/buy/?page=1&edid=B706C05D-BD6B-FE19-B612-CFC9E579BDC9 HTTP/1.1" 200 111189
114.119.140.111 - - [26/Feb/2025:01:10:42 +0100] "GET /ticket2/opencms/en/venue/?venueid=E7FBE66B-7C5F-E919-4130-134662E3910C HTTP/1.1" 200 85251
54.36.148.55 - - [26/Feb/2025:01:10:43 +0100] "GET /ticket2/opencms/ga/buy?page=1&edid=1E8CD446-2E9F-5A21-E2F4-251CB3C89182 HTTP/1.1" 200 109038
89.117.22.7 - - [26/Feb/2025:01:10:43 +0100] "GET /ticket2/opencms/fi/buy/?page=1&edid=DB9BE274-E110-3B03-9434-A1026B1CB96D&sortorder=desc&column=section HTTP/1.1" 200 112263
40.77.167.55 - - [26/Feb/2025:01:10:43 +0100] "GET /ticket2/opencms/nl/ HTTP/1.1" 200 104346
20.171.207.37 - - [26/Feb/2025:01:10:44 +0100] "GET /ticket2/opencms/set_aff_cookie.jsp?partner=57601924-FB09-5BB2-867F-08B4EB522BA8&url=%252Fsv%252Fbuy%252Findex.html%253Fpage%253D1%2526edid%253DDD7009E0-BEDD-5FDF-FBEC-9803C9276491%2526hlv%253D611babab-5104-4117-80da-45c30a01000f%2523v_290625067 HTTP/1.1" 200 246
85.208.96.211 - - [26/Feb/2025:01:10:45 +0100] "GET /ticket2/opencms/sv/buy/ HTTP/1.1" 200 89860
20.171.207.37 - - [26/Feb/2025:01:10:45 +0100] "GET /ticket2/opencms/set_aff_cookie.jsp?partner=2E02071B-A8C3-4CBA-3097-C27D61C02ED8&url=%252Fdk%252Fbuy%252Findex.html%253Fpage%253D1%2526edid%253D15AF8D2B-EC86-F832-6A25-EDE861BB730F%2526hlv%253D610bcde8-1d8c-452d-b3a7-146b0a01000f%2523v_1485881210 HTTP/1.1" 200 247
