20.171.207.37 - - [26/Feb/2025:01:53:47 +0100] "GET /ticket2/opencms/set_aff_cookie.jsp?partner=6F250EA7-4505-FA01-D601-8847F2573405&url=%252Fen%252Fbuy%252Findex.html%253Fpage%253D1%2526edid%253DDD7009E0-BEDD-5FDF-FBEC-9803C9276491%2526hlv%253D611babab-ae18-4f25-acc2-45c30a01000f%2523v_1902121088 HTTP/1.1" 200 247
185.191.171.9 - - [26/Feb/2025:01:53:47 +0100] "GET /ticket2/opencms/hr/magazine/article?title=refleksija-sezone-manchester-uniteda-202324 HTTP/1.1" 200 93864
66.249.64.130 - - [26/Feb/2025:01:53:49 +0100] "GET /ticket2/opencms/bs/buy/?page=1&edid=525B48E2-20F0-0F2B-29AC-9E8FA8195723 HTTP/1.1" 200 108432
47.128.63.255 - - [26/Feb/2025:01:53:49 +0100] "GET /ticket2/opencms/bs/faq HTTP/1.1" 200 90239
52.167.144.166 - - [26/Feb/2025:01:53:50 +0100] "GET /ticket2/opencms/fi/magazine/article?title=em-pelaajat-jotka-eroavat-joukosta HTTP/1.1" 200 93062
20.171.207.37 - - [26/Feb/2025:01:53:51 +0100] "GET /ticket2/opencms/set_aff_cookie.jsp?partner=23A6AD98-906E-5BDD-600E-EC4EC8A45F97&url=%252Fen%252Fbuy%252Findex.html%253Fpage%253D1%2526edid%253DCD9CCE5B-E45C-7CA4-806C-47052D704B01%2526hlv%253D60f82010-80bc-4ce3-b809-5e5c0a01000f%2523v_452473420 HTTP/1.1" 200 246
85.208.96.210 - - [26/Feb/2025:01:53:52 +0100] "GET /ticket2/opencms/is/magazine/article?title=januargluggans-dyrustu-kaup HTTP/1.1" 200 93590
54.36.148.185 - - [26/Feb/2025:01:53:53 +0100] "GET /ticket2/opencms/pl/buy?page=1&edid=40C0E1B7-ADB1-62A5-2AFA-BC9667D7636D HTTP/1.1" 200 108554
46.250.162.11 - - [26/Feb/2025:01:53:53 +0100] "GET /ticket2/opencms/ga/buy?comcatid=0A6B8208-FDA4-E929-9D72-5312FD481B76&catid=465306FD-802C-5175-10FF-40E426DD2769 HTTP/1.1" 200 97108
20.171.207.37 - - [26/Feb/2025:01:53:56 +0100] "GET /ticket2/opencms/set_aff_cookie.jsp?partner=692E2C6A-EC6F-1C93-AFCC-C5ACC23A93EA&url=%252Fsv%252Fbuy%252Findex.html%253Fpage%253D1%2526edid%253D1B2497C9-50FD-C481-B810-5D82DC9B4FE5%2526hlv%253D60ca1b61-1a0c-46ea-984d-3f2f0a01000f%2523v_1765481057 HTTP/1.1" 200 247
85.208.96.202 - - [26/Feb/2025:01:53:56 +0100] "GET /ticket2/opencms/be/magazine/article?title=manchester-city-contra-queens-park-rangers HTTP/1.1" 200 95382
85.208.96.194 - - [26/Feb/2025:01:53:57 +0100] "GET /ticket2/opencms/es/magazine/article?title=un-traspaso-a-los-rayados-mexicanos HTTP/1.1" 200 95395
20.171.207.37 - - [26/Feb/2025:01:53:57 +0100] "GET /ticket2/opencms/set_aff_cookie.jsp?partner=692E2C6A-EC6F-1C93-AFCC-C5ACC23A93EA&url=%252Fdk%252Fbuy%252Findex.html%253Fpage%253D1%2526edid%253D0C5C9043-4446-42CC-4F8E-C746AC0B1F53%2526hlv%253D61475949-7f30-406a-a437-0b7e0a01000f%2523v_469023085 HTTP/1.1" 200 246
20.171.207.37 - - [26/Feb/2025:01:53:59 +0100] "GET /ticket2/opencms/set_aff_cookie.jsp?partner=23A6AD98-906E-5BDD-600E-EC4EC8A45F97&url=%252Fen%252Fbuy%252Findex.html%253Fpage%253D1%2526edid%253D8F381869-E5D9-0711-5F43-47D1B58D17C6%2526hlv%253D614d6fe5-dfb0-4b6e-a99d-76c70a01000f%2523v_429773776 HTTP/1.1" 200 246
66.249.64.130 - - [26/Feb/2025:01:54:00 +0100] "GET /ticket2/opencms/sk/buy/?page=1&edid=F9369CE2-E2E4-ED70-E0F1-69758889623D HTTP/1.1" 200 108639
20.171.207.37 - - [26/Feb/2025:01:54:01 +0100] "GET /ticket2/opencms/set_aff_cookie.jsp?partner=692E2C6A-EC6F-1C93-AFCC-C5ACC23A93EA&url=%252Fdk%252Fbuy%252Findex.html%253Fpage%253D1%2526edid%253D9F75CAFF-859B-AF24-5E2C-871DFD0095F5%2526hlv%253D6144980b-5298-4c85-8cb5-79b10a01000f%2523v_1306873193 HTTP/1.1" 200 247
54.36.149.24 - - [26/Feb/2025:01:54:02 +0100] "GET /ticket2/opencms/en/magazine/article?title=a-season-reflection-of-manchester-united-202324 HTTP/1.1" 200 91976
54.36.149.44 - - [26/Feb/2025:01:54:08 +0100] "GET /ticket2/opencms/de/sport/fussball-tickets/serie_a/fiorentina HTTP/1.1" 200 100571
20.171.207.37 - - [26/Feb/2025:01:54:08 +0100] "GET /ticket2/opencms/set_aff_cookie.jsp?partner=8F6DE15D-D831-5787-AE7E-FEFF53476F85&url=%252Ffi%252Fbuy%252Findex.html%253Fpage%253D1%2526edid%253DAF10138E-A60F-F322-730E-45CBD84A9C2C%2526hlv%253D60d0db6b-5438-40d7-ba4d-3e2d0a01000f%2523v_287861032 HTTP/1.1" 200 246
20.171.207.37 - - [26/Feb/2025:01:54:09 +0100] "GET /ticket2/opencms/set_aff_cookie.jsp?partner=8F6DE15D-D831-5787-AE7E-FEFF53476F85&url=%252Fen%252Fbuy%252Findex.html%253Fpage%253D1%2526edid%253D6E64EF54-063D-0F55-A1E7-7781348B9C83%2526hlv%253D60f5cbdc-7888-430a-9bf5-1efe0a01000f%2523v_1281835271 HTTP/1.1" 200 247
202.8.40.184 - - [26/Feb/2025:01:54:09 +0100] "GET /ticket2/opencms/system/modules/com.gridnine.opencms.ticketbrokerage.site/resources/css/jquery-ui.css HTTP/1.1" 200 33221
202.8.40.184 - - [26/Feb/2025:01:54:09 +0100] "GET /ticket2/opencms/system/modules/com.gridnine.opencms.ticketbrokerage.site/resources/css/calendar.css HTTP/1.1" 200 6871
202.8.40.184 - - [26/Feb/2025:01:54:09 +0100] "GET /ticket2/opencms/system/modules/com.gridnine.opencms.ticketbrokerage.site/resources/css/standard.css HTTP/1.1" 200 74207
202.8.40.184 - - [26/Feb/2025:01:54:09 +0100] "GET /ticket2/opencms/system/modules/com.gridnine.opencms.ticketbrokerage.site/resources/css/jquery.fancybox.css HTTP/1.1" 200 4939
202.8.40.184 - - [26/Feb/2025:01:54:09 +0100] "GET /ticket2/opencms/system/modules/com.gridnine.opencms.ticketbrokerage.site/resources/css/ticketbrokerage.css HTTP/1.1" 200 39339
202.8.40.184 - - [26/Feb/2025:01:54:09 +0100] "GET /ticket2/opencms/system/modules/com.gridnine.opencms.ticketbrokerage.site/resources/js/jquery/jquery.js HTTP/1.1" 200 93868
202.8.40.184 - - [26/Feb/2025:01:54:09 +0100] "GET /ticket2/opencms/system/modules/com.gridnine.opencms.ticketbrokerage.site/resources/js/functions.js HTTP/1.1" 200 1583
202.8.40.184 - - [26/Feb/2025:01:54:09 +0100] "GET /ticket2/opencms/system/modules/com.gridnine.opencms.ticketbrokerage.site/resources/js/jquery/jquery-ui.js HTTP/1.1" 200 228088
202.8.40.184 - - [26/Feb/2025:01:54:09 +0100] "GET /ticket2/opencms/system/modules/com.gridnine.opencms.ticketbrokerage.site/resources/js/calendar.js HTTP/1.1" 200 49229
202.8.40.184 - - [26/Feb/2025:01:54:09 +0100] "GET /ticket2/opencms/system/modules/com.gridnine.opencms.ticketbrokerage.site/resources/js/calendar-en.js HTTP/1.1" 200 3338
202.8.40.184 - - [26/Feb/2025:01:54:09 +0100] "GET /ticket2/opencms/system/modules/com.gridnine.opencms.ticketbrokerage.site/resources/js/calendar-setup.js HTTP/1.1" 200 4923
202.8.40.184 - - [26/Feb/2025:01:54:09 +0100] "GET /ticket2/opencms/system/modules/com.gridnine.opencms.ticketbrokerage.site/resources/js/jquery.fancybox.pack.js HTTP/1.1" 200 23187
202.8.40.184 - - [26/Feb/2025:01:54:09 +0100] "GET /ticket2/opencms/system/modules/com.gridnine.opencms.ticketbrokerage.site/resources/js/stickyfill.min.js HTTP/1.1" 200 5672
202.8.40.184 - - [26/Feb/2025:01:54:09 +0100] "GET /ticket2/opencms/system/modules/com.gridnine.opencms.ticketbrokerage.site/resources/js/standard.js HTTP/1.1" 200 3983
202.8.40.184 - - [26/Feb/2025:01:54:09 +0100] "GET /ticket2/opencms/system/modules/com.gridnine.opencms.ticketbrokerage.site/resources/js/jquery.placeholder.min.js HTTP/1.1" 200 1737
202.8.40.184 - - [26/Feb/2025:01:54:09 +0100] "GET /ticket2/opencms/system/modules/com.gridnine.opencms.ticketbrokerage.site/resources/js/common-ajax.js HTTP/1.1" 200 20175
66.249.64.130 - - [26/Feb/2025:01:54:11 +0100] "GET /ticket2/opencms/tr/buy/?page=1&edid=97703BD6-0843-2D57-5EFB-B242F3174659 HTTP/1.1" 200 111244
66.249.64.162 - - [26/Feb/2025:01:54:13 +0100] "GET /ticket2/opencms/sv/buy/?page=1&edid=039D4473-D662-2ED5-D620-F30FCE116F43 HTTP/1.1" 200 110835
85.208.96.199 - - [26/Feb/2025:01:54:13 +0100] "GET /ticket2/opencms/bg/magazine/article?title=ruben-amorim-stana-nov-trenor-na-manchestur-yunajted HTTP/1.1" 200 95452
20.171.207.37 - - [26/Feb/2025:01:54:17 +0100] "GET /ticket2/opencms/set_aff_cookie.jsp?partner=8F6DE15D-D831-5787-AE7E-FEFF53476F85&url=%252Fen%252Fbuy%252Findex.html%253Fpage%253D1%2526edid%253DE29699DA-9795-6903-EBDA-496D57340F6C%2526hlv%253D61127ada-bbe4-42cc-ab83-2e510a01000f%2523v_245899187 HTTP/1.1" 200 246
85.208.96.194 - - [26/Feb/2025:01:54:19 +0100] "GET /ticket2/opencms/it/magazine/article?title=bournemouth HTTP/1.1" 200 93196
54.36.148.58 - - [26/Feb/2025:01:54:20 +0100] "GET /ticket2/opencms/sv/sport/fotbollsbiljetter/la_liga/girona HTTP/1.1" 200 93467
202.8.40.24 - - [26/Feb/2025:01:54:21 +0100] "GET /ticket2/opencms/system/modules/com.gridnine.opencms.ticketbrokerage.site/resources/css/calendar.css HTTP/1.1" 200 6871
202.8.40.24 - - [26/Feb/2025:01:54:21 +0100] "GET /ticket2/opencms/system/modules/com.gridnine.opencms.ticketbrokerage.site/resources/css/jquery.fancybox.css HTTP/1.1" 200 4939
202.8.40.24 - - [26/Feb/2025:01:54:21 +0100] "GET /ticket2/opencms/system/modules/com.gridnine.opencms.ticketbrokerage.site/resources/css/jquery-ui.css HTTP/1.1" 200 33221
202.8.40.24 - - [26/Feb/2025:01:54:21 +0100] "GET /ticket2/opencms/system/modules/com.gridnine.opencms.ticketbrokerage.site/resources/css/ticketbrokerage.css HTTP/1.1" 200 39339
202.8.40.24 - - [26/Feb/2025:01:54:21 +0100] "GET /ticket2/opencms/system/modules/com.gridnine.opencms.ticketbrokerage.site/resources/css/standard.css HTTP/1.1" 200 74207
202.8.40.24 - - [26/Feb/2025:01:54:21 +0100] "GET /ticket2/opencms/system/modules/com.gridnine.opencms.ticketbrokerage.site/resources/js/jquery/jquery-ui.js HTTP/1.1" 200 228088
202.8.40.24 - - [26/Feb/2025:01:54:22 +0100] "GET /ticket2/opencms/system/modules/com.gridnine.opencms.ticketbrokerage.site/resources/js/jquery/jquery.js HTTP/1.1" 200 93868
202.8.40.24 - - [26/Feb/2025:01:54:22 +0100] "GET /ticket2/opencms/system/modules/com.gridnine.opencms.ticketbrokerage.site/resources/js/functions.js HTTP/1.1" 200 1583
202.8.40.24 - - [26/Feb/2025:01:54:22 +0100] "GET /ticket2/opencms/system/modules/com.gridnine.opencms.ticketbrokerage.site/resources/js/calendar.js HTTP/1.1" 200 49229
202.8.40.24 - - [26/Feb/2025:01:54:22 +0100] "GET /ticket2/opencms/system/modules/com.gridnine.opencms.ticketbrokerage.site/resources/js/calendar-en.js HTTP/1.1" 200 3338
202.8.40.24 - - [26/Feb/2025:01:54:22 +0100] "GET /ticket2/opencms/system/modules/com.gridnine.opencms.ticketbrokerage.site/resources/js/calendar-setup.js HTTP/1.1" 200 4923
202.8.40.24 - - [26/Feb/2025:01:54:22 +0100] "GET /ticket2/opencms/system/modules/com.gridnine.opencms.ticketbrokerage.site/resources/js/jquery.fancybox.pack.js HTTP/1.1" 200 23187
202.8.40.24 - - [26/Feb/2025:01:54:22 +0100] "GET /ticket2/opencms/system/modules/com.gridnine.opencms.ticketbrokerage.site/resources/js/stickyfill.min.js HTTP/1.1" 200 5672
202.8.40.24 - - [26/Feb/2025:01:54:22 +0100] "GET /ticket2/opencms/system/modules/com.gridnine.opencms.ticketbrokerage.site/resources/js/standard.js HTTP/1.1" 200 3983
202.8.40.24 - - [26/Feb/2025:01:54:22 +0100] "GET /ticket2/opencms/system/modules/com.gridnine.opencms.ticketbrokerage.site/resources/js/jquery.placeholder.min.js HTTP/1.1" 200 1737
202.8.40.24 - - [26/Feb/2025:01:54:22 +0100] "GET /ticket2/opencms/system/modules/com.gridnine.opencms.ticketbrokerage.site/resources/js/common-ajax.js HTTP/1.1" 200 20175
20.171.207.37 - - [26/Feb/2025:01:54:22 +0100] "GET /ticket2/opencms/set_aff_cookie.jsp?partner=5E0CDF29-E7BE-9F6B-6869-7BF66B04006F&url=%252Fru%252Fbuy%252Findex.html%253Fpage%253D1%2526edid%253D1D655237-217E-C5C5-21D7-85A16C37AFF4%2526hlv%253D611cd264-faa0-403e-af90-5e520a01000f%2523v_1683989354 HTTP/1.1" 200 247
20.171.207.37 - - [26/Feb/2025:01:54:24 +0100] "GET /ticket2/opencms/set_aff_cookie.jsp?partner=8F6DE15D-D831-5787-AE7E-FEFF53476F85&url=%252Ffi%252Fbuy%252Findex.html%253Fpage%253D1%2526edid%253DBFDFE449-D4A2-3EC2-5F36-4B5707D3EE53%2526hlv%253D60ca1615-7b90-4c30-bcb0-3bec0a01000f%2523v_1262050575 HTTP/1.1" 200 247
20.171.207.37 - - [26/Feb/2025:01:54:25 +0100] "GET /ticket2/opencms/set_aff_cookie.jsp?partner=692E2C6A-EC6F-1C93-AFCC-C5ACC23A93EA&url=%252Fen%252Fbuy%252Findex.html%253Fpage%253D1%2526edid%253DFA7D6BC6-E757-B554-9DC3-402FA5982C97%2526hlv%253D6145cc61-32d4-4753-b75d-69900a01000f%2523v_488547129 HTTP/1.1" 200 246
66.249.64.131 - - [26/Feb/2025:01:54:26 +0100] "GET /ticket2/opencms/system/modules/com.gridnine.opencms.ticketbrokerage.site/resources/js/common-ajax.js HTTP/1.1" 200 20175
114.119.141.178 - - [26/Feb/2025:01:54:28 +0100] "GET /ticket2/opencms/mk/buy?page=1&edid=20146FB3-A7AB-AA61-9E1A-7C70A530633D HTTP/1.1" 404 -
20.171.207.37 - - [26/Feb/2025:01:54:29 +0100] "GET /ticket2/opencms/set_aff_cookie.jsp?partner=5E0CDF29-E7BE-9F6B-6869-7BF66B04006F&url=%252Ffi%252Fbuy%252Findex.html%253Fpage%253D1%2526edid%253D2C4B6786-0F6F-C1FA-478C-3E015D58BCA8%2526hlv%253D615c48df-c174-4e16-a81e-26db0a01000f%2523v_1614281863 HTTP/1.1" 200 247
20.171.207.37 - - [26/Feb/2025:01:54:32 +0100] "GET /ticket2/opencms/set_aff_cookie.jsp?partner=2E02071B-A8C3-4CBA-3097-C27D61C02ED8&url=%252Fdk%252Fbuy%252Findex.html%253Fpage%253D1%2526edid%253D543D9F4F-FAE8-D606-2F86-FDCC2C711D5A%2526hlv%253D61151de6-7a9c-489d-b6c5-04280a01000f%2523v_1812437494 HTTP/1.1" 200 247
54.36.149.73 - - [26/Feb/2025:01:54:34 +0100] "GET /ticket2/opencms/nl/sport/voetbal-tickets/premier_league/chelsea HTTP/1.1" 200 97228
202.8.43.144 - - [26/Feb/2025:01:54:35 +0100] "GET /ticket2/opencms/system/modules/com.gridnine.opencms.ticketbrokerage.site/resources/css/standard.css HTTP/1.1" 200 74207
202.8.43.144 - - [26/Feb/2025:01:54:35 +0100] "GET /ticket2/opencms/system/modules/com.gridnine.opencms.ticketbrokerage.site/resources/css/jquery-ui.css HTTP/1.1" 200 33221
202.8.43.144 - - [26/Feb/2025:01:54:35 +0100] "GET /ticket2/opencms/system/modules/com.gridnine.opencms.ticketbrokerage.site/resources/css/jquery.fancybox.css HTTP/1.1" 200 4939
202.8.43.144 - - [26/Feb/2025:01:54:35 +0100] "GET /ticket2/opencms/system/modules/com.gridnine.opencms.ticketbrokerage.site/resources/css/ticketbrokerage.css HTTP/1.1" 200 39339
202.8.43.144 - - [26/Feb/2025:01:54:35 +0100] "GET /ticket2/opencms/system/modules/com.gridnine.opencms.ticketbrokerage.site/resources/css/calendar.css HTTP/1.1" 200 6871
202.8.43.144 - - [26/Feb/2025:01:54:35 +0100] "GET /ticket2/opencms/system/modules/com.gridnine.opencms.ticketbrokerage.site/resources/js/jquery/jquery.js HTTP/1.1" 200 93868
202.8.43.144 - - [26/Feb/2025:01:54:35 +0100] "GET /ticket2/opencms/system/modules/com.gridnine.opencms.ticketbrokerage.site/resources/js/calendar-en.js HTTP/1.1" 200 3338
202.8.43.144 - - [26/Feb/2025:01:54:35 +0100] "GET /ticket2/opencms/system/modules/com.gridnine.opencms.ticketbrokerage.site/resources/js/jquery/jquery-ui.js HTTP/1.1" 200 228088
202.8.43.144 - - [26/Feb/2025:01:54:35 +0100] "GET /ticket2/opencms/system/modules/com.gridnine.opencms.ticketbrokerage.site/resources/js/calendar.js HTTP/1.1" 200 49229
202.8.43.144 - - [26/Feb/2025:01:54:35 +0100] "GET /ticket2/opencms/system/modules/com.gridnine.opencms.ticketbrokerage.site/resources/js/calendar-setup.js HTTP/1.1" 200 4923
202.8.43.144 - - [26/Feb/2025:01:54:35 +0100] "GET /ticket2/opencms/system/modules/com.gridnine.opencms.ticketbrokerage.site/resources/js/functions.js HTTP/1.1" 200 1583
202.8.43.144 - - [26/Feb/2025:01:54:36 +0100] "GET /ticket2/opencms/system/modules/com.gridnine.opencms.ticketbrokerage.site/resources/js/jquery.fancybox.pack.js HTTP/1.1" 200 23187
202.8.43.144 - - [26/Feb/2025:01:54:36 +0100] "GET /ticket2/opencms/system/modules/com.gridnine.opencms.ticketbrokerage.site/resources/js/stickyfill.min.js HTTP/1.1" 200 5672
202.8.43.144 - - [26/Feb/2025:01:54:36 +0100] "GET /ticket2/opencms/system/modules/com.gridnine.opencms.ticketbrokerage.site/resources/js/standard.js HTTP/1.1" 200 3983
202.8.43.144 - - [26/Feb/2025:01:54:36 +0100] "GET /ticket2/opencms/system/modules/com.gridnine.opencms.ticketbrokerage.site/resources/js/jquery.placeholder.min.js HTTP/1.1" 200 1737
202.8.43.144 - - [26/Feb/2025:01:54:36 +0100] "GET /ticket2/opencms/system/modules/com.gridnine.opencms.ticketbrokerage.site/resources/js/common-ajax.js HTTP/1.1" 200 20175
20.171.207.37 - - [26/Feb/2025:01:54:36 +0100] "GET /ticket2/opencms/set_aff_cookie.jsp?partner=692E2C6A-EC6F-1C93-AFCC-C5ACC23A93EA&url=%252Fdk%252Fbuy%252Findex.html%253Fpage%253D1%2526edid%253D497CFADB-43B9-65B9-4674-F7F3D004A91F%2526hlv%253D6145d39e-ecc4-482b-9288-6b830a01000f%2523v_1888488270 HTTP/1.1" 200 247
66.249.76.45 - - [26/Feb/2025:01:54:39 +0100] "GET /ticket2/opencms/el/magazine/article?title=manchester-city-enantion-queens-park-rangers HTTP/1.1" 200 98013
20.171.207.37 - - [26/Feb/2025:01:54:39 +0100] "GET /ticket2/opencms/set_aff_cookie.jsp?partner=8F6DE15D-D831-5787-AE7E-FEFF53476F85&url=%252Fdk%252Fbuy%252Findex.html%253Fpage%253D1%2526edid%253D6CAEF99D-9998-6F77-216C-946754C92C2B%2526hlv%253D610bce8d-4850-4af6-ae6b-16270a01000f%2523v_1688447877 HTTP/1.1" 200 247
20.171.207.37 - - [26/Feb/2025:01:54:40 +0100] "GET /ticket2/opencms/set_aff_cookie.jsp?partner=6F250EA7-4505-FA01-D601-8847F2573405&url=%252Ffi%252Fbuy%252Findex.html%253Fpage%253D1%2526edid%253DAEA7539C-CDCF-5E07-37D0-A655181FBABC%2526hlv%253D60f84da0-7810-46ab-b5b3-6ecf0a01000f%2523v_595746396 HTTP/1.1" 200 246
85.208.96.203 - - [26/Feb/2025:01:54:40 +0100] "GET /ticket2/opencms/et/magazine/article?title=vinicius-jr HTTP/1.1" 200 92120
66.249.64.131 - - [26/Feb/2025:01:54:44 +0100] "GET /ticket2/opencms/az/buy?page=1&edid=C8E47E46-ADCD-586A-7BE4-CF1C96256B2D&hlv=666d4477-9484-42d9-910e-603b0a01000f HTTP/1.1" 200 114058
52.167.144.150 - - [26/Feb/2025:01:54:45 +0100] "GET /ticket2/opencms/bg/buy?page=1&edid=07DEB2A3-DF25-51E6-57DE-19F2D68F0F1B HTTP/1.1" 200 110874
216.244.66.238 - - [26/Feb/2025:01:54:45 +0100] "GET /ticket2/opencms/nl/buy?page=1&edid=305FADD5-8EC9-8357-FF7D-D66C6FBA3F2B HTTP/1.1" 200 109503
18.208.11.93 - - [26/Feb/2025:01:54:48 +0100] "GET /ticket2/opencms/en/magazine/article?title=everton HTTP/1.1" 200 90506
85.208.96.200 - - [26/Feb/2025:01:54:51 +0100] "GET /ticket2/opencms/lt/magazine/article?title=cempionu-lyga-bilietai-ticket2 HTTP/1.1" 200 96567
54.36.148.65 - - [26/Feb/2025:01:54:52 +0100] "GET /ticket2/opencms/sv/buy?page=1&edid=069EC406-6DFD-08ED-B6CC-A7E203415919 HTTP/1.1" 200 110995
202.8.41.29 - - [26/Feb/2025:01:54:53 +0100] "GET /ticket2/opencms/system/modules/com.gridnine.opencms.ticketbrokerage.site/resources/css/calendar.css HTTP/1.1" 200 6871
202.8.41.29 - - [26/Feb/2025:01:54:53 +0100] "GET /ticket2/opencms/system/modules/com.gridnine.opencms.ticketbrokerage.site/resources/css/ticketbrokerage.css HTTP/1.1" 200 39339
202.8.41.29 - - [26/Feb/2025:01:54:53 +0100] "GET /ticket2/opencms/system/modules/com.gridnine.opencms.ticketbrokerage.site/resources/css/jquery-ui.css HTTP/1.1" 200 33221
202.8.41.29 - - [26/Feb/2025:01:54:53 +0100] "GET /ticket2/opencms/system/modules/com.gridnine.opencms.ticketbrokerage.site/resources/css/jquery.fancybox.css HTTP/1.1" 200 4939
202.8.41.29 - - [26/Feb/2025:01:54:53 +0100] "GET /ticket2/opencms/system/modules/com.gridnine.opencms.ticketbrokerage.site/resources/css/standard.css HTTP/1.1" 200 74207
202.8.41.29 - - [26/Feb/2025:01:54:53 +0100] "GET /ticket2/opencms/system/modules/com.gridnine.opencms.ticketbrokerage.site/resources/js/jquery/jquery.js HTTP/1.1" 200 93868
202.8.41.29 - - [26/Feb/2025:01:54:53 +0100] "GET /ticket2/opencms/system/modules/com.gridnine.opencms.ticketbrokerage.site/resources/js/jquery/jquery-ui.js HTTP/1.1" 200 228088
202.8.41.29 - - [26/Feb/2025:01:54:53 +0100] "GET /ticket2/opencms/system/modules/com.gridnine.opencms.ticketbrokerage.site/resources/js/functions.js HTTP/1.1" 200 1583
202.8.41.29 - - [26/Feb/2025:01:54:53 +0100] "GET /ticket2/opencms/system/modules/com.gridnine.opencms.ticketbrokerage.site/resources/js/calendar.js HTTP/1.1" 200 49229
202.8.41.29 - - [26/Feb/2025:01:54:53 +0100] "GET /ticket2/opencms/system/modules/com.gridnine.opencms.ticketbrokerage.site/resources/js/calendar-en.js HTTP/1.1" 200 3338
202.8.41.29 - - [26/Feb/2025:01:54:53 +0100] "GET /ticket2/opencms/system/modules/com.gridnine.opencms.ticketbrokerage.site/resources/js/calendar-setup.js HTTP/1.1" 200 4923
202.8.41.29 - - [26/Feb/2025:01:54:53 +0100] "GET /ticket2/opencms/system/modules/com.gridnine.opencms.ticketbrokerage.site/resources/js/jquery.fancybox.pack.js HTTP/1.1" 200 23187
202.8.41.29 - - [26/Feb/2025:01:54:53 +0100] "GET /ticket2/opencms/system/modules/com.gridnine.opencms.ticketbrokerage.site/resources/js/stickyfill.min.js HTTP/1.1" 200 5672
202.8.41.29 - - [26/Feb/2025:01:54:53 +0100] "GET /ticket2/opencms/system/modules/com.gridnine.opencms.ticketbrokerage.site/resources/js/standard.js HTTP/1.1" 200 3983
202.8.41.29 - - [26/Feb/2025:01:54:53 +0100] "GET /ticket2/opencms/system/modules/com.gridnine.opencms.ticketbrokerage.site/resources/js/jquery.placeholder.min.js HTTP/1.1" 200 1737
202.8.41.29 - - [26/Feb/2025:01:54:54 +0100] "GET /ticket2/opencms/system/modules/com.gridnine.opencms.ticketbrokerage.site/resources/js/common-ajax.js HTTP/1.1" 200 20175
202.8.41.29 - - [26/Feb/2025:01:54:54 +0100] "GET /ticket2/opencms/sv/ask-form.html HTTP/1.1" 200 2950
202.8.41.29 - - [26/Feb/2025:01:54:54 +0100] "GET /ticket2/opencms/system/modules/com.gridnine.opencms.ticketbrokerage.site/resources/css/ticketbrokerage.css HTTP/1.1" 200 39339
20.171.207.37 - - [26/Feb/2025:01:54:55 +0100] "GET /ticket2/opencms/set_aff_cookie.jsp?partner=692E2C6A-EC6F-1C93-AFCC-C5ACC23A93EA&url=%252Fnl%252Fbuy%252Findex.html%253Fpage%253D1%2526edid%253D135439EE-24C6-CFFE-A3F6-AD08F6CB1A03%2526hlv%253D614492b3-888c-4be9-93e9-77230a01000f%2523v_190212553 HTTP/1.1" 200 246
203.75.213.2 - - [26/Feb/2025:01:54:55 +0100] "HEAD /ticket2/opencms/ HTTP/1.1" 500 -
185.191.171.9 - - [26/Feb/2025:01:54:59 +0100] "GET /ticket2/opencms/pl/magazine/article?title=liga-narodow-trwa-w-najlepsze HTTP/1.1" 200 94352
185.191.171.2 - - [26/Feb/2025:01:54:59 +0100] "GET /ticket2/opencms/de/magazine/article?title=chelsea-gegen-tottenham-2-0 HTTP/1.1" 200 94812
85.208.96.205 - - [26/Feb/2025:01:55:01 +0100] "GET /ticket2/opencms/mt/magazine/article?title=xandiriet-tal-em HTTP/1.1" 200 93801
124.243.176.248 - - [26/Feb/2025:01:55:02 +0100] "GET /ticket2/opencms/ga/buy?comcatid=A17713B6-D984-201A-4143-ED4DB5ED5C2E&catid=36394212-F82E-F845-399B-42BED55969CC HTTP/1.1" 200 168632
54.36.148.215 - - [26/Feb/2025:01:55:03 +0100] "GET /ticket2/opencms/es/deporte/entradas-futbol/la-liga/girona HTTP/1.1" 200 96935
202.8.43.13 - - [26/Feb/2025:01:55:05 +0100] "GET /ticket2/opencms/system/modules/com.gridnine.opencms.ticketbrokerage.site/resources/css/standard.css HTTP/1.1" 200 74207
202.8.43.13 - - [26/Feb/2025:01:55:05 +0100] "GET /ticket2/opencms/system/modules/com.gridnine.opencms.ticketbrokerage.site/resources/css/jquery-ui.css HTTP/1.1" 200 33221
202.8.43.13 - - [26/Feb/2025:01:55:05 +0100] "GET /ticket2/opencms/system/modules/com.gridnine.opencms.ticketbrokerage.site/resources/css/calendar.css HTTP/1.1" 200 6871
202.8.43.13 - - [26/Feb/2025:01:55:05 +0100] "GET /ticket2/opencms/system/modules/com.gridnine.opencms.ticketbrokerage.site/resources/css/ticketbrokerage.css HTTP/1.1" 200 39339
202.8.43.13 - - [26/Feb/2025:01:55:05 +0100] "GET /ticket2/opencms/system/modules/com.gridnine.opencms.ticketbrokerage.site/resources/css/jquery.fancybox.css HTTP/1.1" 200 4939
202.8.43.13 - - [26/Feb/2025:01:55:05 +0100] "GET /ticket2/opencms/system/modules/com.gridnine.opencms.ticketbrokerage.site/resources/js/jquery/jquery.js HTTP/1.1" 200 93868
202.8.43.13 - - [26/Feb/2025:01:55:05 +0100] "GET /ticket2/opencms/system/modules/com.gridnine.opencms.ticketbrokerage.site/resources/js/calendar.js HTTP/1.1" 200 49229
202.8.43.13 - - [26/Feb/2025:01:55:05 +0100] "GET /ticket2/opencms/system/modules/com.gridnine.opencms.ticketbrokerage.site/resources/js/jquery/jquery-ui.js HTTP/1.1" 200 228088
202.8.43.13 - - [26/Feb/2025:01:55:05 +0100] "GET /ticket2/opencms/system/modules/com.gridnine.opencms.ticketbrokerage.site/resources/js/functions.js HTTP/1.1" 200 1583
202.8.43.13 - - [26/Feb/2025:01:55:05 +0100] "GET /ticket2/opencms/system/modules/com.gridnine.opencms.ticketbrokerage.site/resources/js/calendar-en.js HTTP/1.1" 200 3338
202.8.43.13 - - [26/Feb/2025:01:55:05 +0100] "GET /ticket2/opencms/system/modules/com.gridnine.opencms.ticketbrokerage.site/resources/js/calendar-setup.js HTTP/1.1" 200 4923
202.8.43.13 - - [26/Feb/2025:01:55:05 +0100] "GET /ticket2/opencms/system/modules/com.gridnine.opencms.ticketbrokerage.site/resources/js/stickyfill.min.js HTTP/1.1" 200 5672
202.8.43.13 - - [26/Feb/2025:01:55:05 +0100] "GET /ticket2/opencms/system/modules/com.gridnine.opencms.ticketbrokerage.site/resources/js/jquery.fancybox.pack.js HTTP/1.1" 200 23187
202.8.43.13 - - [26/Feb/2025:01:55:05 +0100] "GET /ticket2/opencms/system/modules/com.gridnine.opencms.ticketbrokerage.site/resources/js/standard.js HTTP/1.1" 200 3983
202.8.43.13 - - [26/Feb/2025:01:55:05 +0100] "GET /ticket2/opencms/system/modules/com.gridnine.opencms.ticketbrokerage.site/resources/js/jquery.placeholder.min.js HTTP/1.1" 200 1737
202.8.43.13 - - [26/Feb/2025:01:55:05 +0100] "GET /ticket2/opencms/system/modules/com.gridnine.opencms.ticketbrokerage.site/resources/js/common-ajax.js HTTP/1.1" 200 20175
20.171.207.37 - - [26/Feb/2025:01:55:06 +0100] "GET /ticket2/opencms/set_aff_cookie.jsp?partner=692E2C6A-EC6F-1C93-AFCC-C5ACC23A93EA&url=%252Fsv%252Fbuy%252Findex.html%253Fpage%253D1%2526edid%253D590EDDB9-B981-09D2-E0FC-F6E1B491368A%2526hlv%253D60ca0d5c-4254-4b1f-a1c5-369c0a01000f%2523v_1908845421 HTTP/1.1" 200 247
66.249.76.8 - - [26/Feb/2025:01:55:06 +0100] "GET /ticket2/opencms/sv/buy/?page=1&edid=67D9BDEC-57DC-5BC5-B6FB-C7074FDCD450 HTTP/1.1" 200 111122
20.171.207.37 - - [26/Feb/2025:01:55:07 +0100] "GET /ticket2/opencms/set_aff_cookie.jsp?partner=8F6DE15D-D831-5787-AE7E-FEFF53476F85&url=%252Fdk%252Fbuy%252Findex.html%253Fpage%253D1%2526edid%253DC2EAC35C-806F-010C-DE25-D13971AC8E7C%2526hlv%253D60c9e6aa-bc38-4a14-9547-25330a01000f%2523v_2085195337 HTTP/1.1" 200 247
47.128.56.79 - - [26/Feb/2025:01:55:08 +0100] "GET /ticket2/opencms/fi/venue/?venueid=043FFF0B-AAEC-B60F-6995-11630828794B HTTP/1.1" 200 86850
47.128.114.46 - - [26/Feb/2025:01:55:08 +0100] "GET /ticket2/opencms/pl/buy/?edid=F83ACB1F-A834-FC8E-AC9B-B9250F8FA653 HTTP/1.1" 200 91543
20.171.207.37 - - [26/Feb/2025:01:55:09 +0100] "GET /ticket2/opencms/set_aff_cookie.jsp?partner=2E02071B-A8C3-4CBA-3097-C27D61C02ED8&url=%252Fru%252Fbuy%252Findex.html%253Fpage%253D1%2526edid%253D590EDDB9-B981-09D2-E0FC-F6E1B491368A%2526hlv%253D614ed41e-3c1c-4c7e-add3-7ac00a01000f%2523v_184280168 HTTP/1.1" 200 246
20.171.207.37 - - [26/Feb/2025:01:55:11 +0100] "GET /ticket2/opencms/set_aff_cookie.jsp?partner=6F250EA7-4505-FA01-D601-8847F2573405&url=%252Fdk%252Fbuy%252Findex.html%253Fpage%253D1%2526edid%253D11CA2095-DE4E-F08C-CA73-D1F7DF0C2455%2526hlv%253D60c9deb0-5190-45ff-b5cb-21d20a01000f%2523v_562319440 HTTP/1.1" 200 246
85.208.96.199 - - [26/Feb/2025:01:55:12 +0100] "GET /ticket2/opencms/bs/magazine/article?title=kylian-mbappe-impresionira HTTP/1.1" 200 92576
20.171.207.37 - - [26/Feb/2025:01:55:13 +0100] "GET /ticket2/opencms/set_aff_cookie.jsp?partner=2E02071B-A8C3-4CBA-3097-C27D61C02ED8&url=%252Ffi%252Fbuy%252Findex.html%253Fpage%253D1%2526edid%253D1964B21D-BF30-22BC-8931-DEC6C4EDF1DE%2526hlv%253D611514d1-b530-4365-95c7-7a5b0a01000f%2523v_1411818612 HTTP/1.1" 200 247
66.249.64.130 - - [26/Feb/2025:01:55:15 +0100] "GET /ticket2/opencms/cs/buy?page=1&edid=FAFAF417-5A49-5A69-2A7B-18E4D12B5078&hlv=666de0f3-9278-4d57-84f8-6d8a0a01000f HTTP/1.1" 200 112770
114.119.151.50 - - [26/Feb/2025:01:55:15 +0100] "GET /ticket2/opencms/en/venue/?venueid=57D0E584-1B4F-48E5-84BA-640FB823E78C HTTP/1.1" 200 85278
20.171.207.37 - - [26/Feb/2025:01:55:17 +0100] "GET /ticket2/opencms/set_aff_cookie.jsp?partner=2E02071B-A8C3-4CBA-3097-C27D61C02ED8&url=%252Fdk%252Fbuy%252Findex.html%253Fpage%253D1%2526edid%253D32AF2F6F-F4AA-C9F3-8E82-B7B8DB065132%2526hlv%253D611bb8b9-b394-4ecb-8489-4b1b0a01000f%2523v_120274969 HTTP/1.1" 200 246
114.119.132.9 - - [26/Feb/2025:01:55:20 +0100] "GET /ticket2/opencms/es/buy/?page=1&edid=38BD011F-E307-1808-7BE3-74470A609319 HTTP/1.1" 200 108561
20.171.207.37 - - [26/Feb/2025:01:55:21 +0100] "GET /ticket2/opencms/set_aff_cookie.jsp?partner=5E0CDF29-E7BE-9F6B-6869-7BF66B04006F&url=%252Ffi%252Fbuy%252Findex.html%253Fpage%253D1%2526edid%253D3754A801-0360-9F1A-6DA4-BE3220BB9FC0%2526hlv%253D60ca1cda-8ac0-4ee9-8fcc-3f5d0a01000f%2523v_218714894 HTTP/1.1" 200 246
54.36.148.121 - - [26/Feb/2025:01:55:21 +0100] "GET /ticket2/opencms/fi/buy?page=1&edid=C28B3B84-6A6E-6FCB-67EF-1F8424FD799A HTTP/1.1" 200 123662
185.191.171.5 - - [26/Feb/2025:01:55:22 +0100] "GET /ticket2/opencms/lt/magazine/article?title=em-issiskiriantys-zaidejai HTTP/1.1" 200 92879
85.208.96.193 - - [26/Feb/2025:01:55:22 +0100] "GET /ticket2/opencms/de/magazine/article?title=schwedische-fussballspieler-in-der-premier-league HTTP/1.1" 200 96036
114.119.130.61 - - [26/Feb/2025:01:55:23 +0100] "GET /ticket2/opencms/en/buy/?page=1&edid=8D0773D0-8F58-CB0B-B324-C0FC86F85CA2 HTTP/1.1" 200 108850
20.171.207.37 - - [26/Feb/2025:01:55:23 +0100] "GET /ticket2/opencms/set_aff_cookie.jsp?partner=23A6AD98-906E-5BDD-600E-EC4EC8A45F97&url=%252Fen%252Fbuy%252Findex.html%253Fpage%253D1%2526edid%253D37CCBCCA-CDAD-6DBB-02E4-092F4F3842E9%2526hlv%253D60f84b84-a274-4525-9319-6f870a01000f%2523v_1523062783 HTTP/1.1" 200 247
20.171.207.37 - - [26/Feb/2025:01:55:25 +0100] "GET /ticket2/opencms/set_aff_cookie.jsp?partner=692E2C6A-EC6F-1C93-AFCC-C5ACC23A93EA&url=%252Fru%252Fbuy%252Findex.html%253Fpage%253D1%2526edid%253DA5392617-A8A6-5394-B72C-AA82A5C556B3%2526hlv%253D614c7500-738c-4e42-b65f-17770a01000f%2523v_525862279 HTTP/1.1" 200 246
20.171.207.37 - - [26/Feb/2025:01:55:26 +0100] "GET /ticket2/opencms/set_aff_cookie.jsp?partner=692E2C6A-EC6F-1C93-AFCC-C5ACC23A93EA&url=%252Fru%252Fbuy%252Findex.html%253Fpage%253D1%2526edid%253D1B2497C9-50FD-C481-B810-5D82DC9B4FE5%2526hlv%253D614c7491-9c4c-4696-bc9a-175e0a01000f%2523v_2097868838 HTTP/1.1" 200 247
20.171.207.37 - - [26/Feb/2025:01:55:28 +0100] "GET /ticket2/opencms/set_aff_cookie.jsp?partner=692E2C6A-EC6F-1C93-AFCC-C5ACC23A93EA&url=%252Fnl%252Fbuy%252Findex.html%253Fpage%253D1%2526edid%253DF6846B21-DFB1-3342-F8E4-3CC69EE92178%2526hlv%253D614ed4f7-334c-4943-87f4-7b270a01000f%2523v_781834195 HTTP/1.1" 200 246
66.249.64.96 - - [26/Feb/2025:01:55:30 +0100] "GET /ticket2/opencms/en/sport/football-tickets/premier_league/nottingham/ HTTP/1.1" 200 91011
66.249.70.66 - - [26/Feb/2025:01:55:32 +0100] "GET /ticket2/opencms/lt/magazine/article?title=neymar-grizta-namo HTTP/1.1" 200 92597
54.36.148.121 - - [26/Feb/2025:01:55:34 +0100] "GET /ticket2/opencms/pl/buy?page=1&edid=E9F0B041-BF0A-CE11-045F-89CD49D4FA7D HTTP/1.1" 200 114473
47.128.96.21 - - [26/Feb/2025:01:55:35 +0100] "GET /ticket2/opencms/fi/venue/?venueid=7BE96A80-409A-37FB-9444-3580682D6340 HTTP/1.1" 200 86857
202.8.43.68 - - [26/Feb/2025:01:55:35 +0100] "GET /ticket2/opencms/system/modules/com.gridnine.opencms.ticketbrokerage.site/resources/css/jquery.fancybox.css HTTP/1.1" 200 4939
202.8.43.68 - - [26/Feb/2025:01:55:35 +0100] "GET /ticket2/opencms/system/modules/com.gridnine.opencms.ticketbrokerage.site/resources/css/calendar.css HTTP/1.1" 200 6871
202.8.43.68 - - [26/Feb/2025:01:55:35 +0100] "GET /ticket2/opencms/system/modules/com.gridnine.opencms.ticketbrokerage.site/resources/css/standard.css HTTP/1.1" 200 74207
202.8.43.68 - - [26/Feb/2025:01:55:35 +0100] "GET /ticket2/opencms/system/modules/com.gridnine.opencms.ticketbrokerage.site/resources/css/jquery-ui.css HTTP/1.1" 200 33221
202.8.43.68 - - [26/Feb/2025:01:55:35 +0100] "GET /ticket2/opencms/system/modules/com.gridnine.opencms.ticketbrokerage.site/resources/css/ticketbrokerage.css HTTP/1.1" 200 39339
202.8.43.68 - - [26/Feb/2025:01:55:35 +0100] "GET /ticket2/opencms/system/modules/com.gridnine.opencms.ticketbrokerage.site/resources/js/jquery/jquery-ui.js HTTP/1.1" 200 228088
202.8.43.68 - - [26/Feb/2025:01:55:35 +0100] "GET /ticket2/opencms/system/modules/com.gridnine.opencms.ticketbrokerage.site/resources/js/jquery/jquery.js HTTP/1.1" 200 93868
202.8.43.68 - - [26/Feb/2025:01:55:35 +0100] "GET /ticket2/opencms/system/modules/com.gridnine.opencms.ticketbrokerage.site/resources/js/calendar.js HTTP/1.1" 200 49229
202.8.43.68 - - [26/Feb/2025:01:55:35 +0100] "GET /ticket2/opencms/system/modules/com.gridnine.opencms.ticketbrokerage.site/resources/js/calendar-en.js HTTP/1.1" 200 3338
202.8.43.68 - - [26/Feb/2025:01:55:35 +0100] "GET /ticket2/opencms/system/modules/com.gridnine.opencms.ticketbrokerage.site/resources/js/functions.js HTTP/1.1" 200 1583
202.8.43.68 - - [26/Feb/2025:01:55:35 +0100] "GET /ticket2/opencms/system/modules/com.gridnine.opencms.ticketbrokerage.site/resources/js/calendar-setup.js HTTP/1.1" 200 4923
202.8.43.68 - - [26/Feb/2025:01:55:36 +0100] "GET /ticket2/opencms/system/modules/com.gridnine.opencms.ticketbrokerage.site/resources/js/stickyfill.min.js HTTP/1.1" 200 5672
202.8.43.68 - - [26/Feb/2025:01:55:36 +0100] "GET /ticket2/opencms/system/modules/com.gridnine.opencms.ticketbrokerage.site/resources/js/jquery.fancybox.pack.js HTTP/1.1" 200 23187
202.8.43.68 - - [26/Feb/2025:01:55:36 +0100] "GET /ticket2/opencms/system/modules/com.gridnine.opencms.ticketbrokerage.site/resources/js/standard.js HTTP/1.1" 200 3983
202.8.43.68 - - [26/Feb/2025:01:55:36 +0100] "GET /ticket2/opencms/system/modules/com.gridnine.opencms.ticketbrokerage.site/resources/js/jquery.placeholder.min.js HTTP/1.1" 200 1737
202.8.43.68 - - [26/Feb/2025:01:55:36 +0100] "GET /ticket2/opencms/system/modules/com.gridnine.opencms.ticketbrokerage.site/resources/js/common-ajax.js HTTP/1.1" 200 20175
202.8.43.68 - - [26/Feb/2025:01:55:36 +0100] "GET /ticket2/opencms/pl/ask-form.html HTTP/1.1" 200 3156
202.8.43.68 - - [26/Feb/2025:01:55:36 +0100] "GET /ticket2/opencms/system/modules/com.gridnine.opencms.ticketbrokerage.site/resources/css/ticketbrokerage.css HTTP/1.1" 200 39339
20.171.207.37 - - [26/Feb/2025:01:55:37 +0100] "GET /ticket2/opencms/set_aff_cookie.jsp?partner=692E2C6A-EC6F-1C93-AFCC-C5ACC23A93EA&url=%252Fdk%252Fbuy%252Findex.html%253Fpage%253D1%2526edid%253D1154DCB7-5A2A-A6AE-4672-BBF2DE0C9EC8%2526hlv%253D61126e9b-64d8-42f7-a7e5-28f30a01000f%2523v_842941658 HTTP/1.1" 200 246
114.119.153.152 - - [26/Feb/2025:01:55:38 +0100] "GET /ticket2/opencms/lv/buy?page=1&=1526F5F3-AFE1-264A-DB4C-52EA64317A99 HTTP/1.1" 200 -
62.84.180.29 - - [26/Feb/2025:01:55:42 +0100] "GET /ticket2/opencms/robots.txt HTTP/1.1" 200 773
62.84.180.29 - - [26/Feb/2025:01:55:44 +0100] "GET /ticket2/opencms/fi/buy/?page=1&edid=56F7A79F-ED6D-503D-46E5-CD44AF89319D&sortorder=asc&column=row HTTP/1.1" 200 112569
62.84.180.29 - - [26/Feb/2025:01:55:46 +0100] "GET /ticket2/opencms/fi/buy/?page=1&edid=595A5267-76E6-43B6-97D1-91251A31FEA6&sortorder=asc&column=row HTTP/1.1" 200 111668
54.36.148.173 - - [26/Feb/2025:01:55:47 +0100] "GET /ticket2/opencms/az/buy?page=1&edid=E9F0B041-BF0A-CE11-045F-89CD49D4FA7D HTTP/1.1" 200 115028
62.84.180.29 - - [26/Feb/2025:01:55:48 +0100] "GET /ticket2/opencms/fi/buy/?page=1&edid=595A5267-76E6-43B6-97D1-91251A31FEA6&sortorder=asc&column=section HTTP/1.1" 200 111801
202.8.43.65 - - [26/Feb/2025:01:55:48 +0100] "GET /ticket2/opencms/system/modules/com.gridnine.opencms.ticketbrokerage.site/resources/css/ticketbrokerage.css HTTP/1.1" 200 39339
202.8.43.65 - - [26/Feb/2025:01:55:48 +0100] "GET /ticket2/opencms/system/modules/com.gridnine.opencms.ticketbrokerage.site/resources/css/jquery-ui.css HTTP/1.1" 200 33221
202.8.43.65 - - [26/Feb/2025:01:55:48 +0100] "GET /ticket2/opencms/system/modules/com.gridnine.opencms.ticketbrokerage.site/resources/css/calendar.css HTTP/1.1" 200 6871
202.8.43.65 - - [26/Feb/2025:01:55:48 +0100] "GET /ticket2/opencms/system/modules/com.gridnine.opencms.ticketbrokerage.site/resources/css/jquery.fancybox.css HTTP/1.1" 200 4939
202.8.43.65 - - [26/Feb/2025:01:55:48 +0100] "GET /ticket2/opencms/system/modules/com.gridnine.opencms.ticketbrokerage.site/resources/css/standard.css HTTP/1.1" 200 74207
202.8.43.65 - - [26/Feb/2025:01:55:48 +0100] "GET /ticket2/opencms/system/modules/com.gridnine.opencms.ticketbrokerage.site/resources/js/jquery/jquery.js HTTP/1.1" 200 93868
202.8.43.65 - - [26/Feb/2025:01:55:48 +0100] "GET /ticket2/opencms/system/modules/com.gridnine.opencms.ticketbrokerage.site/resources/js/functions.js HTTP/1.1" 200 1583
202.8.43.65 - - [26/Feb/2025:01:55:48 +0100] "GET /ticket2/opencms/system/modules/com.gridnine.opencms.ticketbrokerage.site/resources/js/jquery/jquery-ui.js HTTP/1.1" 200 228088
202.8.43.65 - - [26/Feb/2025:01:55:48 +0100] "GET /ticket2/opencms/system/modules/com.gridnine.opencms.ticketbrokerage.site/resources/js/calendar.js HTTP/1.1" 200 49229
202.8.43.65 - - [26/Feb/2025:01:55:48 +0100] "GET /ticket2/opencms/system/modules/com.gridnine.opencms.ticketbrokerage.site/resources/js/calendar-en.js HTTP/1.1" 200 3338
202.8.43.65 - - [26/Feb/2025:01:55:48 +0100] "GET /ticket2/opencms/system/modules/com.gridnine.opencms.ticketbrokerage.site/resources/js/calendar-setup.js HTTP/1.1" 200 4923
202.8.43.65 - - [26/Feb/2025:01:55:48 +0100] "GET /ticket2/opencms/system/modules/com.gridnine.opencms.ticketbrokerage.site/resources/js/jquery.fancybox.pack.js HTTP/1.1" 200 23187
202.8.43.65 - - [26/Feb/2025:01:55:48 +0100] "GET /ticket2/opencms/system/modules/com.gridnine.opencms.ticketbrokerage.site/resources/js/stickyfill.min.js HTTP/1.1" 200 5672
202.8.43.65 - - [26/Feb/2025:01:55:48 +0100] "GET /ticket2/opencms/system/modules/com.gridnine.opencms.ticketbrokerage.site/resources/js/standard.js HTTP/1.1" 200 3983
202.8.43.65 - - [26/Feb/2025:01:55:49 +0100] "GET /ticket2/opencms/system/modules/com.gridnine.opencms.ticketbrokerage.site/resources/js/jquery.placeholder.min.js HTTP/1.1" 200 1737
202.8.43.65 - - [26/Feb/2025:01:55:49 +0100] "GET /ticket2/opencms/system/modules/com.gridnine.opencms.ticketbrokerage.site/resources/js/common-ajax.js HTTP/1.1" 200 20175
202.8.43.65 - - [26/Feb/2025:01:55:49 +0100] "GET /ticket2/opencms/az/ask-form.html HTTP/1.1" 200 3156
202.8.43.65 - - [26/Feb/2025:01:55:49 +0100] "GET /ticket2/opencms/system/modules/com.gridnine.opencms.ticketbrokerage.site/resources/css/ticketbrokerage.css HTTP/1.1" 200 39339
62.84.180.29 - - [26/Feb/2025:01:55:50 +0100] "GET /ticket2/opencms/fi/buy/?page=1&edid=5D700640-E13B-1534-DC36-11A7DB2850E1&sortorder=desc&column=price HTTP/1.1" 200 112743
20.171.207.37 - - [26/Feb/2025:01:55:50 +0100] "GET /ticket2/opencms/set_aff_cookie.jsp?partner=5E0CDF29-E7BE-9F6B-6869-7BF66B04006F&url=%252Fen%252Fbuy%252Findex.html%253Fpage%253D1%2526edid%253D681ED521-EBC9-E1AB-D0B9-DB2B7375D564%2526hlv%253D60f81639-a168-4b0f-bcc8-5b6e0a01000f%2523v_1324522377 HTTP/1.1" 200 247
85.208.96.207 - - [26/Feb/2025:01:55:50 +0100] "GET /ticket2/opencms/is/magazine/article?title=hvernig-a-manchester-united-ad-takast-a-vid-kreppuna HTTP/1.1" 200 93032
20.171.207.37 - - [26/Feb/2025:01:55:51 +0100] "GET /ticket2/opencms/set_aff_cookie.jsp?partner=692E2C6A-EC6F-1C93-AFCC-C5ACC23A93EA&url=%252Ffi%252Fbuy%252Findex.html%253Fpage%253D1%2526edid%253D135439EE-24C6-CFFE-A3F6-AD08F6CB1A03%2526hlv%253D614ed4e3-c408-4a17-aaaa-7ae80a01000f%2523v_1996216759 HTTP/1.1" 200 247
62.84.180.29 - - [26/Feb/2025:01:55:52 +0100] "GET /ticket2/opencms/fi/buy/?page=1&edid=6CB5D9E4-34AD-0DB6-333B-1A3A8EB0FB6F&sortorder=desc&column=row HTTP/1.1" 200 112698
20.171.207.37 - - [26/Feb/2025:01:55:53 +0100] "GET /ticket2/opencms/set_aff_cookie.jsp?partner=57601924-FB09-5BB2-867F-08B4EB522BA8&url=%252Fdk%252Fbuy%252Findex.html%253Fpage%253D1%2526edid%253DDD7009E0-BEDD-5FDF-FBEC-9803C9276491%2526hlv%253D60ca0b67-c1a8-42f2-a3df-36340a01000f%2523v_1357474488 HTTP/1.1" 200 247
62.84.180.29 - - [26/Feb/2025:01:55:54 +0100] "GET /ticket2/opencms/fi/buy/?page=1&edid=6CB5D9E4-34AD-0DB6-333B-1A3A8EB0FB6F&sortorder=desc&column=section HTTP/1.1" 200 112905
20.171.207.37 - - [26/Feb/2025:01:55:55 +0100] "GET /ticket2/opencms/set_aff_cookie.jsp?partner=8F6DE15D-D831-5787-AE7E-FEFF53476F85&url=%252Fno%252Fbuy%252Findex.html%253Fpage%253D1%2526edid%253D21C8DB8D-DFD4-1501-BB0D-A46B665FA023%2526hlv%253D611bb8e8-7f38-4c83-b5de-4af30a01000f%2523v_914835687 HTTP/1.1" 200 246
62.84.180.29 - - [26/Feb/2025:01:55:56 +0100] "GET /ticket2/opencms/fi/buy/?page=1&edid=70E42281-FC73-018D-66E6-731A7D90AA13&sortorder=desc&column=row HTTP/1.1" 200 112772
62.84.180.29 - - [26/Feb/2025:01:55:57 +0100] "GET /ticket2/opencms/fi/buy/?page=1&edid=71E66324-0F6E-EB4F-E8BD-271F4B49C83D&sortorder=desc&column=section HTTP/1.1" 200 110907
66.249.64.130 - - [26/Feb/2025:01:55:58 +0100] "GET /ticket2/opencms/ga/buy/?page=1&edid=BF16D728-2B7F-6C27-C6E2-3A0A56645978 HTTP/1.1" 200 111113
66.249.64.96 - - [26/Feb/2025:01:55:59 +0100] "GET /ticket2/opencms/hu/magazine/article?title=fulham-fc HTTP/1.1" 200 93294
62.84.180.29 - - [26/Feb/2025:01:56:00 +0100] "GET /ticket2/opencms/fi/buy/?page=1&edid=739E0803-1C1B-F2C0-1BBA-C74FC56F4279 HTTP/1.1" 200 111026
185.191.171.16 - - [26/Feb/2025:01:56:00 +0100] "GET /ticket2/opencms/sl/partnerski-program HTTP/1.1" 200 89954
66.249.76.160 - - [26/Feb/2025:01:56:00 +0100] "GET /ticket2/opencms/no/sell/?edid=78F53753-F856-B158-388A-6B70B4CA55C8 HTTP/1.1" 302 -
85.208.96.200 - - [26/Feb/2025:01:56:01 +0100] "GET /ticket2/opencms/fr/sport/billets-football/premier_league/crystal_palace/ HTTP/1.1" 200 101214
62.84.180.29 - - [26/Feb/2025:01:56:01 +0100] "GET /ticket2/opencms/fi/buy/?page=1&edid=73AA76A9-CC6C-17F3-EDBF-4AA5949DD817&sortorder=asc&column=row HTTP/1.1" 200 113007
66.249.64.131 - - [26/Feb/2025:01:56:03 +0100] "GET /ticket2/opencms/no/login/?url=/no/sell/ HTTP/1.1" 200 91408
62.84.180.29 - - [26/Feb/2025:01:56:03 +0100] "GET /ticket2/opencms/fi/buy/?page=1&edid=77662010-5CF0-526E-5D4F-82C3FEEC0A4F HTTP/1.1" 200 90265
20.171.207.37 - - [26/Feb/2025:01:56:04 +0100] "GET /ticket2/opencms/set_aff_cookie.jsp?partner=692E2C6A-EC6F-1C93-AFCC-C5ACC23A93EA&url=%252Fru%252Fbuy%252Findex.html%253Fpage%253D1%2526edid%253D199EDE4E-5A92-8B6F-9481-A1A89D98DFB8%2526hlv%253D60f8165c-cac0-48fb-998d-5bd40a01000f%2523v_2031068595 HTTP/1.1" 200 247
114.119.150.86 - - [26/Feb/2025:01:56:04 +0100] "GET /ticket2/opencms/hu/buy?page=1&edid=FBF97123-C4DC-224E-5916-1B6D9DC6C92D HTTP/1.1" 200 111517
62.84.180.29 - - [26/Feb/2025:01:56:05 +0100] "GET /ticket2/opencms/fi/buy/?page=1&edid=77662010-5CF0-526E-5D4F-82C3FEEC0A4F&sortorder=desc&column=price HTTP/1.1" 200 91168
47.128.43.218 - - [26/Feb/2025:01:56:06 +0100] "GET /ticket2/opencms/el/buy/?edid=D3BB5206-D09C-E9EC-0247-A3E56EA24028 HTTP/1.1" 200 93139
54.36.148.180 - - [26/Feb/2025:01:56:07 +0100] "GET /ticket2/opencms/lv/buy?page=1&edid=E9F0B041-BF0A-CE11-045F-89CD49D4FA7D HTTP/1.1" 200 114708
20.171.207.37 - - [26/Feb/2025:01:56:07 +0100] "GET /ticket2/opencms/set_aff_cookie.jsp?partner=57601924-FB09-5BB2-867F-08B4EB522BA8&url=%252Fen%252Fbuy%252Findex.html%253Fpage%253D1%2526edid%253DFD6F3B4B-A5BC-5248-5E75-2F9B37E37FBE%2526hlv%253D60f953eb-ff88-4dda-8147-57e30a01000f%2523v_1319856015 HTTP/1.1" 200 247
62.84.180.29 - - [26/Feb/2025:01:56:07 +0100] "GET /ticket2/opencms/fi/buy/?page=1&edid=77662010-5CF0-526E-5D4F-82C3FEEC0A4F&sortorder=desc&column=row HTTP/1.1" 200 91131
20.171.207.37 - - [26/Feb/2025:01:56:07 +0100] "GET /ticket2/opencms/set_aff_cookie.jsp?partner=2E02071B-A8C3-4CBA-3097-C27D61C02ED8&url=%252Fru%252Fbuy%252Findex.html%253Fpage%253D1%2526edid%253D49FEC43E-3E83-185B-C185-BAAB3CE353B1%2526hlv%253D60f81bf8-5fd4-4885-b855-5e890a01000f%2523v_433197582 HTTP/1.1" 200 246
202.8.41.220 - - [26/Feb/2025:01:56:08 +0100] "GET /ticket2/opencms/system/modules/com.gridnine.opencms.ticketbrokerage.site/resources/css/calendar.css HTTP/1.1" 200 6871
202.8.41.220 - - [26/Feb/2025:01:56:08 +0100] "GET /ticket2/opencms/system/modules/com.gridnine.opencms.ticketbrokerage.site/resources/css/ticketbrokerage.css HTTP/1.1" 200 39339
202.8.41.220 - - [26/Feb/2025:01:56:08 +0100] "GET /ticket2/opencms/system/modules/com.gridnine.opencms.ticketbrokerage.site/resources/css/jquery.fancybox.css HTTP/1.1" 200 4939
202.8.41.220 - - [26/Feb/2025:01:56:08 +0100] "GET /ticket2/opencms/system/modules/com.gridnine.opencms.ticketbrokerage.site/resources/css/jquery-ui.css HTTP/1.1" 200 33221
202.8.41.220 - - [26/Feb/2025:01:56:08 +0100] "GET /ticket2/opencms/system/modules/com.gridnine.opencms.ticketbrokerage.site/resources/css/standard.css HTTP/1.1" 200 74207
202.8.41.220 - - [26/Feb/2025:01:56:08 +0100] "GET /ticket2/opencms/system/modules/com.gridnine.opencms.ticketbrokerage.site/resources/js/calendar-en.js HTTP/1.1" 200 3338
202.8.41.220 - - [26/Feb/2025:01:56:08 +0100] "GET /ticket2/opencms/system/modules/com.gridnine.opencms.ticketbrokerage.site/resources/js/jquery/jquery.js HTTP/1.1" 200 93868
202.8.41.220 - - [26/Feb/2025:01:56:08 +0100] "GET /ticket2/opencms/system/modules/com.gridnine.opencms.ticketbrokerage.site/resources/js/calendar-setup.js HTTP/1.1" 200 4923
202.8.41.220 - - [26/Feb/2025:01:56:08 +0100] "GET /ticket2/opencms/system/modules/com.gridnine.opencms.ticketbrokerage.site/resources/js/jquery.fancybox.pack.js HTTP/1.1" 200 23187
202.8.41.220 - - [26/Feb/2025:01:56:08 +0100] "GET /ticket2/opencms/system/modules/com.gridnine.opencms.ticketbrokerage.site/resources/js/stickyfill.min.js HTTP/1.1" 200 5672
202.8.41.220 - - [26/Feb/2025:01:56:08 +0100] "GET /ticket2/opencms/system/modules/com.gridnine.opencms.ticketbrokerage.site/resources/js/jquery/jquery-ui.js HTTP/1.1" 200 228088
202.8.41.220 - - [26/Feb/2025:01:56:08 +0100] "GET /ticket2/opencms/system/modules/com.gridnine.opencms.ticketbrokerage.site/resources/js/functions.js HTTP/1.1" 200 1583
202.8.41.220 - - [26/Feb/2025:01:56:08 +0100] "GET /ticket2/opencms/system/modules/com.gridnine.opencms.ticketbrokerage.site/resources/js/standard.js HTTP/1.1" 200 3983
202.8.41.220 - - [26/Feb/2025:01:56:08 +0100] "GET /ticket2/opencms/system/modules/com.gridnine.opencms.ticketbrokerage.site/resources/js/calendar.js HTTP/1.1" 200 49229
202.8.41.220 - - [26/Feb/2025:01:56:08 +0100] "GET /ticket2/opencms/system/modules/com.gridnine.opencms.ticketbrokerage.site/resources/js/jquery.placeholder.min.js HTTP/1.1" 200 1737
202.8.41.220 - - [26/Feb/2025:01:56:08 +0100] "GET /ticket2/opencms/system/modules/com.gridnine.opencms.ticketbrokerage.site/resources/js/common-ajax.js HTTP/1.1" 200 20175
202.8.41.220 - - [26/Feb/2025:01:56:08 +0100] "GET /ticket2/opencms/lv/ask-form.html HTTP/1.1" 200 3156
202.8.41.220 - - [26/Feb/2025:01:56:08 +0100] "GET /ticket2/opencms/system/modules/com.gridnine.opencms.ticketbrokerage.site/resources/css/ticketbrokerage.css HTTP/1.1" 200 39339
150.40.160.165 - - [26/Feb/2025:01:56:08 +0100] "GET /ticket2/opencms/ga/buy?comcatid=A17713B6-D984-201A-4143-ED4DB5ED5C2E&catid=A3372871-3019-08B8-80CE-74B78F441ACA HTTP/1.1" 200 104048
62.84.180.29 - - [26/Feb/2025:01:56:09 +0100] "GET /ticket2/opencms/fi/buy/?page=1&edid=77662010-5CF0-526E-5D4F-82C3FEEC0A4F&sortorder=desc&column=section HTTP/1.1" 200 91186
20.171.207.37 - - [26/Feb/2025:01:56:11 +0100] "GET /ticket2/opencms/set_aff_cookie.jsp?partner=8F6DE15D-D831-5787-AE7E-FEFF53476F85&url=%252Fru%252Fbuy%252Findex.html%253Fpage%253D1%2526edid%253DE59A37DC-C4D5-8789-4A59-E1C7D847EADE%2526hlv%253D60c9e737-324c-4b0d-a1b5-23650a01000f%2523v_1326501217 HTTP/1.1" 200 247
66.249.64.130 - - [26/Feb/2025:01:56:11 +0100] "GET /ticket2/opencms/es/buy/?page=1&edid=BF16D728-2B7F-6C27-C6E2-3A0A56645978 HTTP/1.1" 200 110749
185.191.171.3 - - [26/Feb/2025:01:56:11 +0100] "GET /ticket2/opencms/hu/magazine/article?title=liverpool-tottenham HTTP/1.1" 200 91034
62.84.180.29 - - [26/Feb/2025:01:56:11 +0100] "GET /ticket2/opencms/fi/buy/?page=1&edid=77C804D3-5389-20BB-FE82-30898E8F1185 HTTP/1.1" 200 111665
62.84.180.29 - - [26/Feb/2025:01:56:13 +0100] "GET /ticket2/opencms/fi/buy/?page=1&edid=7FC73723-3D58-60B6-5EE1-3F17A452C0CB&sortorder=desc&column=section HTTP/1.1" 200 112646
85.208.96.205 - - [26/Feb/2025:01:56:14 +0100] "GET /ticket2/opencms/ka/magazine/article?title=erti-shemtevi-matchi-sadats-shvedi-kulusevski-gagrdzelebs-mitsodebas HTTP/1.1" 200 98607
54.36.148.58 - - [26/Feb/2025:01:56:15 +0100] "GET /ticket2/opencms/sk/buy?page=1&edid=552202FE-6CC9-18FE-8F33-9429723BB7EB HTTP/1.1" 200 119596
62.84.180.29 - - [26/Feb/2025:01:56:15 +0100] "GET /ticket2/opencms/fi/buy/?page=1&edid=824820CC-CEE0-C33E-47FE-80B69B5E3BC0&sortorder=asc&column=section HTTP/1.1" 200 112648
62.84.180.29 - - [26/Feb/2025:01:56:17 +0100] "GET /ticket2/opencms/fi/buy/?page=1&edid=826E42A9-9C40-F4E5-43B6-73588814B12F&sortorder=desc&column=section HTTP/1.1" 200 112464
62.84.180.29 - - [26/Feb/2025:01:56:19 +0100] "GET /ticket2/opencms/fi/buy/?page=1&edid=848CB31F-051E-0C52-99D8-9C591CC87204&sortorder=asc&column=row HTTP/1.1" 200 109302
62.84.180.29 - - [26/Feb/2025:01:56:21 +0100] "GET /ticket2/opencms/fi/buy/?page=1&edid=85C1463C-C6EC-8FA2-656A-0E74E524F5AE&sortorder=desc&column=section HTTP/1.1" 200 110885
66.249.76.170 - - [26/Feb/2025:01:56:21 +0100] "GET /ticket2/opencms/fi/buy/?page=1&edid=BF16D728-2B7F-6C27-C6E2-3A0A56645978 HTTP/1.1" 200 110534
62.84.180.29 - - [26/Feb/2025:01:56:23 +0100] "GET /ticket2/opencms/fi/buy/?page=1&edid=85DC3B34-6EA3-546F-88A4-2D429B77C714&sortorder=desc&column=row HTTP/1.1" 200 112529
62.84.180.29 - - [26/Feb/2025:01:56:25 +0100] "GET /ticket2/opencms/fi/buy/?page=1&edid=85DC3B34-6EA3-546F-88A4-2D429B77C714&sortorder=desc&column=section HTTP/1.1" 200 112653
62.84.180.29 - - [26/Feb/2025:01:56:27 +0100] "GET /ticket2/opencms/fi/buy/?page=1&edid=8606E56E-9AC4-DAC2-29EF-4288C9F2BFC5&sortorder=asc&column=price HTTP/1.1" 200 111495
20.171.207.37 - - [26/Feb/2025:01:56:28 +0100] "GET /ticket2/opencms/set_aff_cookie.jsp?partner=57601924-FB09-5BB2-867F-08B4EB522BA8&url=%252Fno%252Fbuy%252Findex.html%253Fpage%253D1%2526edid%253D2F7CCFEA-11D9-C739-94AB-D08CAE52A423%2526hlv%253D60f9600d-781c-43fc-a085-5cc90a01000f%2523v_592884828 HTTP/1.1" 200 246
47.128.61.98 - - [26/Feb/2025:01:56:28 +0100] "GET /ticket2/opencms/bg/buy/?edid=FB9F4ED8-C630-5135-3D9B-F4FFAB39B4C4 HTTP/1.1" 200 92489
54.36.148.193 - - [26/Feb/2025:01:56:28 +0100] "GET /ticket2/opencms/az/buy?page=1&edid=E0DA4C4E-70A8-AB6F-171E-3FF387E35F29 HTTP/1.1" 200 112288
62.84.180.29 - - [26/Feb/2025:01:56:29 +0100] "GET /ticket2/opencms/fi/buy/?page=1&edid=87458B4C-5727-54F1-FD94-C447B142765E&sortorder=desc&column=price HTTP/1.1" 200 111669
