66.220.149.23 - - [26/Feb/2025:01:51:09 +0100] "GET /ticket2/opencms/sl/sport/nogometne-vstopnice/premier-league/newcastle-united HTTP/1.1" 200 93995
114.119.150.86 - - [26/Feb/2025:01:51:11 +0100] "GET /ticket2/opencms/fr/buy?page=1&edid=73426CFD-7324-3576-B098-72F44B4FEBB2 HTTP/1.1" 200 111659
85.208.96.210 - - [26/Feb/2025:01:51:12 +0100] "GET /ticket2/opencms/et/magazine/article?title=bukayo-ayoyinka-t-m-saka HTTP/1.1" 200 93536
40.77.167.65 - - [26/Feb/2025:01:51:14 +0100] "GET /ticket2/opencms/sl/buy?page=1&edid=10404C2E-90F1-82CF-4642-1D2B3FC97049 HTTP/1.1" 200 117751
54.36.148.75 - - [26/Feb/2025:01:51:18 +0100] "GET /ticket2/opencms/hr/sport/nogometne-ulaznice/serie-a/genoa HTTP/1.1" 200 99421
202.8.40.237 - - [26/Feb/2025:01:51:19 +0100] "GET /ticket2/opencms/system/modules/com.gridnine.opencms.ticketbrokerage.site/resources/css/ticketbrokerage.css HTTP/1.1" 200 39339
202.8.40.237 - - [26/Feb/2025:01:51:19 +0100] "GET /ticket2/opencms/system/modules/com.gridnine.opencms.ticketbrokerage.site/resources/css/calendar.css HTTP/1.1" 200 6871
202.8.40.237 - - [26/Feb/2025:01:51:19 +0100] "GET /ticket2/opencms/system/modules/com.gridnine.opencms.ticketbrokerage.site/resources/css/standard.css HTTP/1.1" 200 74207
202.8.40.237 - - [26/Feb/2025:01:51:19 +0100] "GET /ticket2/opencms/system/modules/com.gridnine.opencms.ticketbrokerage.site/resources/js/functions.js HTTP/1.1" 200 1583
202.8.40.237 - - [26/Feb/2025:01:51:19 +0100] "GET /ticket2/opencms/system/modules/com.gridnine.opencms.ticketbrokerage.site/resources/js/calendar.js HTTP/1.1" 200 49229
202.8.40.237 - - [26/Feb/2025:01:51:19 +0100] "GET /ticket2/opencms/system/modules/com.gridnine.opencms.ticketbrokerage.site/resources/js/calendar-en.js HTTP/1.1" 200 3338
202.8.40.237 - - [26/Feb/2025:01:51:19 +0100] "GET /ticket2/opencms/system/modules/com.gridnine.opencms.ticketbrokerage.site/resources/js/calendar-setup.js HTTP/1.1" 200 4923
202.8.40.237 - - [26/Feb/2025:01:51:19 +0100] "GET /ticket2/opencms/system/modules/com.gridnine.opencms.ticketbrokerage.site/resources/js/standard.js HTTP/1.1" 200 3983
20.171.207.37 - - [26/Feb/2025:01:51:19 +0100] "GET /ticket2/opencms/set_aff_cookie.jsp?partner=692E2C6A-EC6F-1C93-AFCC-C5ACC23A93EA&url=%252Fsv%252Fbuy%252Findex.html%253Fpage%253D1%2526edid%253D91246C97-CA83-470A-EC88-8754CCCCF460%2526hlv%253D61126e19-a904-4b9d-941a-285b0a01000f%2523v_1617665824 HTTP/1.1" 200 247
54.36.148.203 - - [26/Feb/2025:01:51:23 +0100] "GET /ticket2/opencms/de/magazine/article?title=graham-potter-von-schweden-zur-premier-league HTTP/1.1" 200 97349
66.249.64.97 - - [26/Feb/2025:01:51:25 +0100] "GET /ticket2/opencms/is/magazine/article?title=loka-flutningsgluggan-fyrr HTTP/1.1" 200 92805
216.244.66.238 - - [26/Feb/2025:01:51:25 +0100] "GET /ticket2/opencms/pl/buy?page=1&edid=9042479A-254A-F760-0970-B15A807A4F1B HTTP/1.1" 200 110545
66.249.76.2 - - [26/Feb/2025:01:51:26 +0100] "GET /ticket2/opencms/de/buy/?page=1&edid=3706597D-01C1-24D2-0A1C-59FBD9F8851C HTTP/1.1" 200 111266
20.171.207.37 - - [26/Feb/2025:01:51:29 +0100] "GET /ticket2/opencms/set_aff_cookie.jsp?partner=5E0CDF29-E7BE-9F6B-6869-7BF66B04006F&url=%252Fsv%252Fbuy%252Findex.html%253Fpage%253D1%2526edid%253D7A5ADC93-0EC8-0537-E5DD-6AC1A00B3DE9%2526hlv%253D60f812ab-e608-4346-ac03-5b710a01000f%2523v_473193024 HTTP/1.1" 200 246
85.208.96.193 - - [26/Feb/2025:01:51:29 +0100] "GET /ticket2/opencms/is/magazine/article?title=nytt-samningur-fyrir-archie-gray-18-ara HTTP/1.1" 200 91572
54.36.148.134 - - [26/Feb/2025:01:51:30 +0100] "GET /ticket2/opencms/sv/magazine/article?title=brighton-and-hove-albion HTTP/1.1" 200 92717
47.128.25.246 - - [26/Feb/2025:01:51:30 +0100] "GET /ticket2/opencms/sl/buy/?edid=71D4E1BC-3E8B-FCA3-2D7E-6A2406C27FA6 HTTP/1.1" 200 91515
20.171.207.37 - - [26/Feb/2025:01:51:31 +0100] "GET /ticket2/opencms/set_aff_cookie.jsp?partner=2E02071B-A8C3-4CBA-3097-C27D61C02ED8&url=%252Fsv%252Fbuy%252Findex.html%253Fpage%253D1%2526edid%253D66EA5353-0EED-D56D-04FB-B3F43B6CCED9%2526hlv%253D6144979d-d26c-40d7-89bc-796e0a01000f%2523v_514356785 HTTP/1.1" 200 246
66.249.64.130 - - [26/Feb/2025:01:51:31 +0100] "GET /ticket2/opencms/fr/buy/?page=1&edid=739E0803-1C1B-F2C0-1BBA-C74FC56F4279 HTTP/1.1" 200 111042
202.8.41.176 - - [26/Feb/2025:01:51:31 +0100] "GET /ticket2/opencms/system/modules/com.gridnine.opencms.ticketbrokerage.site/resources/css/jquery-ui.css HTTP/1.1" 200 33221
202.8.41.176 - - [26/Feb/2025:01:51:31 +0100] "GET /ticket2/opencms/system/modules/com.gridnine.opencms.ticketbrokerage.site/resources/css/calendar.css HTTP/1.1" 200 6871
202.8.41.176 - - [26/Feb/2025:01:51:31 +0100] "GET /ticket2/opencms/system/modules/com.gridnine.opencms.ticketbrokerage.site/resources/css/ticketbrokerage.css HTTP/1.1" 200 39339
202.8.41.176 - - [26/Feb/2025:01:51:31 +0100] "GET /ticket2/opencms/system/modules/com.gridnine.opencms.ticketbrokerage.site/resources/css/jquery.fancybox.css HTTP/1.1" 200 4939
202.8.41.176 - - [26/Feb/2025:01:51:31 +0100] "GET /ticket2/opencms/system/modules/com.gridnine.opencms.ticketbrokerage.site/resources/css/standard.css HTTP/1.1" 200 74207
202.8.41.176 - - [26/Feb/2025:01:51:31 +0100] "GET /ticket2/opencms/system/modules/com.gridnine.opencms.ticketbrokerage.site/resources/js/jquery/jquery.js HTTP/1.1" 200 93868
202.8.41.176 - - [26/Feb/2025:01:51:31 +0100] "GET /ticket2/opencms/system/modules/com.gridnine.opencms.ticketbrokerage.site/resources/js/jquery/jquery-ui.js HTTP/1.1" 200 228088
202.8.41.176 - - [26/Feb/2025:01:51:31 +0100] "GET /ticket2/opencms/system/modules/com.gridnine.opencms.ticketbrokerage.site/resources/js/functions.js HTTP/1.1" 200 1583
202.8.41.176 - - [26/Feb/2025:01:51:31 +0100] "GET /ticket2/opencms/system/modules/com.gridnine.opencms.ticketbrokerage.site/resources/js/calendar.js HTTP/1.1" 200 49229
202.8.41.176 - - [26/Feb/2025:01:51:31 +0100] "GET /ticket2/opencms/system/modules/com.gridnine.opencms.ticketbrokerage.site/resources/js/calendar-en.js HTTP/1.1" 200 3338
202.8.41.176 - - [26/Feb/2025:01:51:31 +0100] "GET /ticket2/opencms/system/modules/com.gridnine.opencms.ticketbrokerage.site/resources/js/calendar-setup.js HTTP/1.1" 200 4923
202.8.41.176 - - [26/Feb/2025:01:51:31 +0100] "GET /ticket2/opencms/system/modules/com.gridnine.opencms.ticketbrokerage.site/resources/js/jquery.fancybox.pack.js HTTP/1.1" 200 23187
202.8.41.176 - - [26/Feb/2025:01:51:31 +0100] "GET /ticket2/opencms/system/modules/com.gridnine.opencms.ticketbrokerage.site/resources/js/stickyfill.min.js HTTP/1.1" 200 5672
202.8.41.176 - - [26/Feb/2025:01:51:31 +0100] "GET /ticket2/opencms/system/modules/com.gridnine.opencms.ticketbrokerage.site/resources/js/standard.js HTTP/1.1" 200 3983
202.8.41.176 - - [26/Feb/2025:01:51:31 +0100] "GET /ticket2/opencms/system/modules/com.gridnine.opencms.ticketbrokerage.site/resources/js/jquery.placeholder.min.js HTTP/1.1" 200 1737
202.8.41.176 - - [26/Feb/2025:01:51:32 +0100] "GET /ticket2/opencms/system/modules/com.gridnine.opencms.ticketbrokerage.site/resources/js/common-ajax.js HTTP/1.1" 200 20175
20.171.207.37 - - [26/Feb/2025:01:51:33 +0100] "GET /ticket2/opencms/set_aff_cookie.jsp?partner=692E2C6A-EC6F-1C93-AFCC-C5ACC23A93EA&url=%252Fru%252Fbuy%252Findex.html%253Fpage%253D1%2526edid%253D9F34FF64-8435-0668-CDDD-40FBDE58F48E%2526hlv%253D60ca137a-4d84-4b64-ad22-3a900a01000f%2523v_1732742450 HTTP/1.1" 200 247
47.128.52.164 - - [26/Feb/2025:01:51:34 +0100] "GET /ticket2/opencms/sv/sport/fotbollsbiljetter/bundesliga/audi-cup.html?catid=E961462E-5AC2-64D6-5850-A310C9DEAA06&comcatid=A17713B6-D984-201A-4143-ED4DB5ED5C2E&page=6 HTTP/1.1" 200 88176
20.171.207.37 - - [26/Feb/2025:01:51:34 +0100] "GET /ticket2/opencms/set_aff_cookie.jsp?partner=692E2C6A-EC6F-1C93-AFCC-C5ACC23A93EA&url=%252Fdk%252Fbuy%252Findex.html%253Fpage%253D1%2526edid%253D20B8D1AD-64EC-73DF-B539-29EE3CA0D338%2526hlv%253D60ca1c58-1bdc-451a-ad53-40950a01000f%2523v_121493779 HTTP/1.1" 200 246
20.171.207.37 - - [26/Feb/2025:01:51:36 +0100] "GET /ticket2/opencms/set_aff_cookie.jsp?partner=692E2C6A-EC6F-1C93-AFCC-C5ACC23A93EA&url=%252Fen%252Fbuy%252Findex.html%253Fpage%253D1%2526edid%253D92D9A674-EDB4-A0FB-C5DF-A3BAFA7768AC%2526hlv%253D614497c3-1f14-449b-9785-79890a01000f%2523v_1384887382 HTTP/1.1" 200 247
185.191.171.12 - - [26/Feb/2025:01:51:37 +0100] "GET /ticket2/opencms/et/magazine/article?title=brentford-fc-teine-championshipis HTTP/1.1" 200 93077
20.171.207.37 - - [26/Feb/2025:01:51:39 +0100] "GET /ticket2/opencms/set_aff_cookie.jsp?partner=5E0CDF29-E7BE-9F6B-6869-7BF66B04006F&url=%252Fen%252Fbuy%252Findex.html%253Fpage%253D1%2526edid%253D66EA5353-0EED-D56D-04FB-B3F43B6CCED9%2526hlv%253D6144979d-e1cc-4123-8bf8-796e0a01000f%2523v_2060864365 HTTP/1.1" 200 247
85.208.96.198 - - [26/Feb/2025:01:51:42 +0100] "GET /ticket2/opencms/ro/magazine/article?title=reflectia-sezonului-arsenal HTTP/1.1" 200 94977
166.108.232.15 - - [26/Feb/2025:01:51:42 +0100] "GET /ticket2/opencms/sk/?page=6&comcatid=A17713B6-D984-201A-4143-ED4DB5ED5C2E&catid=B0817F4C-4B6F-A68C-6229-209BB05F84D4 HTTP/1.1" 200 106814
20.171.207.37 - - [26/Feb/2025:01:51:44 +0100] "GET /ticket2/opencms/set_aff_cookie.jsp?partner=57601924-FB09-5BB2-867F-08B4EB522BA8&url=%252Ffi%252Fbuy%252Findex.html%253Fpage%253D1%2526edid%253DF7B8BE92-D516-BEF0-162F-E147FE8DEFE4%2526hlv%253D615c4674-d664-48ae-8f3f-258d0a01000f%2523v_944197962 HTTP/1.1" 200 246
20.171.207.37 - - [26/Feb/2025:01:51:46 +0100] "GET /ticket2/opencms/set_aff_cookie.jsp?partner=8F6DE15D-D831-5787-AE7E-FEFF53476F85&url=%252Fru%252Fbuy%252Findex.html%253Fpage%253D1%2526edid%253DCD9CCE5B-E45C-7CA4-806C-47052D704B01%2526hlv%253D60f82071-f9c0-4f53-b639-60b10a01000f%2523v_247560533 HTTP/1.1" 200 246
216.244.66.238 - - [26/Feb/2025:01:51:46 +0100] "GET /ticket2/opencms/uk/buy?page=1&edid=07676057-0B4C-F0BB-865A-B1FCE6895C34 HTTP/1.1" 200 91021
54.36.149.100 - - [26/Feb/2025:01:51:47 +0100] "GET /ticket2/opencms/ga/sport/ticeid-peile/serie-a/genoa HTTP/1.1" 200 100180
202.8.40.233 - - [26/Feb/2025:01:51:48 +0100] "GET /ticket2/opencms/system/modules/com.gridnine.opencms.ticketbrokerage.site/resources/css/ticketbrokerage.css HTTP/1.1" 200 39339
202.8.40.233 - - [26/Feb/2025:01:51:48 +0100] "GET /ticket2/opencms/system/modules/com.gridnine.opencms.ticketbrokerage.site/resources/css/jquery-ui.css HTTP/1.1" 200 33221
202.8.40.233 - - [26/Feb/2025:01:51:48 +0100] "GET /ticket2/opencms/system/modules/com.gridnine.opencms.ticketbrokerage.site/resources/css/calendar.css HTTP/1.1" 200 6871
202.8.40.233 - - [26/Feb/2025:01:51:48 +0100] "GET /ticket2/opencms/system/modules/com.gridnine.opencms.ticketbrokerage.site/resources/css/standard.css HTTP/1.1" 200 74207
202.8.40.233 - - [26/Feb/2025:01:51:48 +0100] "GET /ticket2/opencms/system/modules/com.gridnine.opencms.ticketbrokerage.site/resources/css/jquery.fancybox.css HTTP/1.1" 200 4939
202.8.40.233 - - [26/Feb/2025:01:51:48 +0100] "GET /ticket2/opencms/system/modules/com.gridnine.opencms.ticketbrokerage.site/resources/js/jquery/jquery.js HTTP/1.1" 200 93868
202.8.40.233 - - [26/Feb/2025:01:51:48 +0100] "GET /ticket2/opencms/system/modules/com.gridnine.opencms.ticketbrokerage.site/resources/js/jquery/jquery-ui.js HTTP/1.1" 200 228088
202.8.40.233 - - [26/Feb/2025:01:51:48 +0100] "GET /ticket2/opencms/system/modules/com.gridnine.opencms.ticketbrokerage.site/resources/js/calendar.js HTTP/1.1" 200 49229
202.8.40.233 - - [26/Feb/2025:01:51:48 +0100] "GET /ticket2/opencms/system/modules/com.gridnine.opencms.ticketbrokerage.site/resources/js/functions.js HTTP/1.1" 200 1583
202.8.40.233 - - [26/Feb/2025:01:51:48 +0100] "GET /ticket2/opencms/system/modules/com.gridnine.opencms.ticketbrokerage.site/resources/js/calendar-en.js HTTP/1.1" 200 3338
202.8.40.233 - - [26/Feb/2025:01:51:48 +0100] "GET /ticket2/opencms/system/modules/com.gridnine.opencms.ticketbrokerage.site/resources/js/calendar-setup.js HTTP/1.1" 200 4923
202.8.40.233 - - [26/Feb/2025:01:51:48 +0100] "GET /ticket2/opencms/system/modules/com.gridnine.opencms.ticketbrokerage.site/resources/js/jquery.fancybox.pack.js HTTP/1.1" 200 23187
202.8.40.233 - - [26/Feb/2025:01:51:48 +0100] "GET /ticket2/opencms/system/modules/com.gridnine.opencms.ticketbrokerage.site/resources/js/stickyfill.min.js HTTP/1.1" 200 5672
202.8.40.233 - - [26/Feb/2025:01:51:48 +0100] "GET /ticket2/opencms/system/modules/com.gridnine.opencms.ticketbrokerage.site/resources/js/standard.js HTTP/1.1" 200 3983
20.171.207.37 - - [26/Feb/2025:01:51:48 +0100] "GET /ticket2/opencms/set_aff_cookie.jsp?partner=5E0CDF29-E7BE-9F6B-6869-7BF66B04006F&url=%252Fnl%252Fbuy%252Findex.html%253Fpage%253D1%2526edid%253D4457AAA5-B79C-4CFF-795B-48A1890E4376%2526hlv%253D6145cb6c-ce0c-4b5b-a226-684b0a01000f%2523v_2036414447 HTTP/1.1" 200 247
202.8.40.233 - - [26/Feb/2025:01:51:48 +0100] "GET /ticket2/opencms/system/modules/com.gridnine.opencms.ticketbrokerage.site/resources/js/jquery.placeholder.min.js HTTP/1.1" 200 1737
202.8.40.233 - - [26/Feb/2025:01:51:48 +0100] "GET /ticket2/opencms/system/modules/com.gridnine.opencms.ticketbrokerage.site/resources/js/common-ajax.js HTTP/1.1" 200 20175
66.249.64.131 - - [26/Feb/2025:01:51:49 +0100] "GET /ticket2/opencms/is/buy?page=1&edid=C8E47E46-ADCD-586A-7BE4-CF1C96256B2D&hlv=666d4477-9484-42d9-910e-603b0a01000f HTTP/1.1" 200 113721
85.208.96.210 - - [26/Feb/2025:01:51:49 +0100] "GET /ticket2/opencms/fr/magazine/article?title=brentford-fc HTTP/1.1" 200 92855
20.171.207.37 - - [26/Feb/2025:01:51:50 +0100] "GET /ticket2/opencms/set_aff_cookie.jsp?partner=5E0CDF29-E7BE-9F6B-6869-7BF66B04006F&url=%252Ffi%252Fbuy%252Findex.html%253Fpage%253D1%2526edid%253D268F6694-F84C-E40C-EBC1-404E5051D05D%2526hlv%253D60f94ec4-be48-4078-bc0f-544d0a01000f%2523v_583226171 HTTP/1.1" 200 246
185.191.171.3 - - [26/Feb/2025:01:51:52 +0100] "GET /ticket2/opencms/be/magazine/article?title=aston-villa-one-of-the-oldest-clubs-in-the-premier-league HTTP/1.1" 200 94953
66.249.64.32 - - [26/Feb/2025:01:51:52 +0100] "GET /ticket2/opencms/mt/buy/?comcatid=A17713B6-D984-201A-4143-ED4DB5ED5C2E&catid=&npage=5 HTTP/1.1" 200 140562
185.191.171.12 - - [26/Feb/2025:01:51:54 +0100] "GET /ticket2/opencms/be/magazine/article?title=ballon-dor-winner-2024 HTTP/1.1" 200 94630
20.171.207.37 - - [26/Feb/2025:01:51:55 +0100] "GET /ticket2/opencms/set_aff_cookie.jsp?partner=692E2C6A-EC6F-1C93-AFCC-C5ACC23A93EA&url=%252Fdk%252Fbuy%252Findex.html%253Fpage%253D1%2526edid%253D1704DC47-D333-EEEA-B66A-BC4C3DDB8A1C%2526hlv%253D614ed544-2884-4856-a727-7ac70a01000f%2523v_1501981205 HTTP/1.1" 200 247
194.38.23.16 - - [26/Feb/2025:01:51:55 +0100] "GET /ticket2/opencms/se/wp-content/themes/u-design/scripts/admin/uploadify/uploadify.css HTTP/1.1" 404 -
85.208.96.193 - - [26/Feb/2025:01:51:57 +0100] "GET /ticket2/opencms/hr/magazine/article?title=novi-kapetan-dejan-kulusevski HTTP/1.1" 200 91982
20.171.207.37 - - [26/Feb/2025:01:51:59 +0100] "GET /ticket2/opencms/set_aff_cookie.jsp?partner=692E2C6A-EC6F-1C93-AFCC-C5ACC23A93EA&url=%252Ffi%252Fbuy%252Findex.html%253Fpage%253D1%2526edid%253D383B78D7-9494-2298-4876-E7F35CEDFAD4%2526hlv%253D60c9e18c-5070-4e73-bcf0-23000a01000f%2523v_208523490 HTTP/1.1" 200 246
20.171.207.37 - - [26/Feb/2025:01:52:00 +0100] "GET /ticket2/opencms/set_aff_cookie.jsp?partner=23A6AD98-906E-5BDD-600E-EC4EC8A45F97&url=%252Fen%252Fbuy%252Findex.html%253Fpage%253D1%2526edid%253DDC0F3611-C833-A6F6-70F7-1A8DE9CE1F0E%2526hlv%253D610bcf56-9c50-4c89-b31c-16280a01000f%2523v_1977840212 HTTP/1.1" 200 247
20.171.207.37 - - [26/Feb/2025:01:52:04 +0100] "GET /ticket2/opencms/set_aff_cookie.jsp?partner=23A6AD98-906E-5BDD-600E-EC4EC8A45F97&url=%252Fen%252Fbuy%252Findex.html%253Fpage%253D1%2526edid%253D081FC70B-AB51-238E-BE49-DE333F2022B9%2526hlv%253D611404b9-4f30-4b46-b9da-1c9e0a01000f%2523v_1362627284 HTTP/1.1" 200 247
185.191.171.15 - - [26/Feb/2025:01:52:04 +0100] "GET /ticket2/opencms/et/magazine/article?title=michail-antonio-vigastatud-parast-autoonnetust HTTP/1.1" 200 93540
54.36.148.9 - - [26/Feb/2025:01:52:04 +0100] "GET /ticket2/opencms/nl/sport/voetbal-tickets/serie_a/genoa HTTP/1.1" 200 96064
202.8.42.247 - - [26/Feb/2025:01:52:05 +0100] "GET /ticket2/opencms/system/modules/com.gridnine.opencms.ticketbrokerage.site/resources/css/ticketbrokerage.css HTTP/1.1" 200 39339
202.8.42.247 - - [26/Feb/2025:01:52:05 +0100] "GET /ticket2/opencms/system/modules/com.gridnine.opencms.ticketbrokerage.site/resources/css/calendar.css HTTP/1.1" 200 6871
202.8.42.247 - - [26/Feb/2025:01:52:05 +0100] "GET /ticket2/opencms/system/modules/com.gridnine.opencms.ticketbrokerage.site/resources/css/jquery-ui.css HTTP/1.1" 200 33221
202.8.42.247 - - [26/Feb/2025:01:52:05 +0100] "GET /ticket2/opencms/system/modules/com.gridnine.opencms.ticketbrokerage.site/resources/css/standard.css HTTP/1.1" 200 74207
202.8.42.247 - - [26/Feb/2025:01:52:05 +0100] "GET /ticket2/opencms/system/modules/com.gridnine.opencms.ticketbrokerage.site/resources/js/jquery/jquery.js HTTP/1.1" 200 93868
202.8.42.247 - - [26/Feb/2025:01:52:05 +0100] "GET /ticket2/opencms/system/modules/com.gridnine.opencms.ticketbrokerage.site/resources/css/jquery.fancybox.css HTTP/1.1" 200 4939
202.8.42.247 - - [26/Feb/2025:01:52:05 +0100] "GET /ticket2/opencms/system/modules/com.gridnine.opencms.ticketbrokerage.site/resources/js/functions.js HTTP/1.1" 200 1583
202.8.42.247 - - [26/Feb/2025:01:52:05 +0100] "GET /ticket2/opencms/system/modules/com.gridnine.opencms.ticketbrokerage.site/resources/js/jquery/jquery-ui.js HTTP/1.1" 200 228088
202.8.42.247 - - [26/Feb/2025:01:52:05 +0100] "GET /ticket2/opencms/system/modules/com.gridnine.opencms.ticketbrokerage.site/resources/js/calendar-en.js HTTP/1.1" 200 3338
202.8.42.247 - - [26/Feb/2025:01:52:05 +0100] "GET /ticket2/opencms/system/modules/com.gridnine.opencms.ticketbrokerage.site/resources/js/calendar.js HTTP/1.1" 200 49229
202.8.42.247 - - [26/Feb/2025:01:52:05 +0100] "GET /ticket2/opencms/system/modules/com.gridnine.opencms.ticketbrokerage.site/resources/js/calendar-setup.js HTTP/1.1" 200 4923
202.8.42.247 - - [26/Feb/2025:01:52:06 +0100] "GET /ticket2/opencms/system/modules/com.gridnine.opencms.ticketbrokerage.site/resources/js/jquery.fancybox.pack.js HTTP/1.1" 200 23187
202.8.42.247 - - [26/Feb/2025:01:52:06 +0100] "GET /ticket2/opencms/system/modules/com.gridnine.opencms.ticketbrokerage.site/resources/js/stickyfill.min.js HTTP/1.1" 200 5672
202.8.42.247 - - [26/Feb/2025:01:52:06 +0100] "GET /ticket2/opencms/system/modules/com.gridnine.opencms.ticketbrokerage.site/resources/js/standard.js HTTP/1.1" 200 3983
202.8.42.247 - - [26/Feb/2025:01:52:06 +0100] "GET /ticket2/opencms/system/modules/com.gridnine.opencms.ticketbrokerage.site/resources/js/jquery.placeholder.min.js HTTP/1.1" 200 1737
202.8.42.247 - - [26/Feb/2025:01:52:06 +0100] "GET /ticket2/opencms/system/modules/com.gridnine.opencms.ticketbrokerage.site/resources/js/common-ajax.js HTTP/1.1" 200 20175
216.244.66.238 - - [26/Feb/2025:01:52:07 +0100] "GET /ticket2/opencms/bs/buy?page=1&edid=C2F9F2B7-32AF-63DA-7A2B-782790433798 HTTP/1.1" 200 108411
20.171.207.37 - - [26/Feb/2025:01:52:12 +0100] "GET /ticket2/opencms/set_aff_cookie.jsp?partner=8F6DE15D-D831-5787-AE7E-FEFF53476F85&url=%252Fno%252Fbuy%252Findex.html%253Fpage%253D1%2526edid%253D75FF687A-3DBB-F476-3881-CF5D7FFEBAC0%2526hlv%253D60f82228-4afc-4323-96f8-5e5c0a01000f%2523v_1035886369 HTTP/1.1" 200 247
114.119.153.152 - - [26/Feb/2025:01:52:14 +0100] "GET /ticket2/opencms/fi/buy?page=1&=7B9231E1-A9EF-3D5A-6C2C-12D003EC1D33 HTTP/1.1" 200 -
66.249.76.170 - - [26/Feb/2025:01:52:15 +0100] "GET /ticket2/opencms/mo/buy/?page=1&edid=3500324C-4D6A-19B7-964B-816D2FCB76D2 HTTP/1.1" 200 111324
114.119.140.85 - - [26/Feb/2025:01:52:19 +0100] "GET /ticket2/opencms/en/venue/?venueid=B5F81AEB-3F90-FA50-5453-F474EEB5E0C1 HTTP/1.1" 200 85344
66.249.64.96 - - [26/Feb/2025:01:52:19 +0100] "GET /ticket2/opencms/de/buy/?page=1&edid=F93A2292-3F60-7656-2C0B-2AB157A0BB0B HTTP/1.1" 200 134052
20.171.207.37 - - [26/Feb/2025:01:52:24 +0100] "GET /ticket2/opencms/set_aff_cookie.jsp?partner=692E2C6A-EC6F-1C93-AFCC-C5ACC23A93EA&url=%252Fru%252Fbuy%252Findex.html%253Fpage%253D1%2526edid%253D6619AF23-B82A-4933-7AAB-7FCD989DC8B0%2526hlv%253D614c76cd-7fac-4aa2-a00a-18980a01000f%2523v_665777659 HTTP/1.1" 200 246
54.36.148.248 - - [26/Feb/2025:01:52:24 +0100] "GET /ticket2/opencms/de/sport/fussball-tickets/la_liga/getafe HTTP/1.1" 200 99857
66.249.82.196 - - [26/Feb/2025:01:52:24 +0100] "GET /ticket2/opencms/.well-known/traffic-advice HTTP/1.1" 404 -
72.14.201.132 - - [26/Feb/2025:01:52:24 +0100] "GET /ticket2/opencms/ HTTP/1.1" 302 -
47.128.22.68 - - [26/Feb/2025:01:52:25 +0100] "GET /ticket2/opencms/bg/buy/?edid=5222C7D8-8DAE-E54F-3083-BC30D29D0922 HTTP/1.1" 200 92454
202.8.41.34 - - [26/Feb/2025:01:52:25 +0100] "GET /ticket2/opencms/system/modules/com.gridnine.opencms.ticketbrokerage.site/resources/css/calendar.css HTTP/1.1" 200 6871
202.8.41.34 - - [26/Feb/2025:01:52:25 +0100] "GET /ticket2/opencms/system/modules/com.gridnine.opencms.ticketbrokerage.site/resources/css/jquery.fancybox.css HTTP/1.1" 200 4939
202.8.41.34 - - [26/Feb/2025:01:52:25 +0100] "GET /ticket2/opencms/system/modules/com.gridnine.opencms.ticketbrokerage.site/resources/css/jquery-ui.css HTTP/1.1" 200 33221
202.8.41.34 - - [26/Feb/2025:01:52:25 +0100] "GET /ticket2/opencms/system/modules/com.gridnine.opencms.ticketbrokerage.site/resources/css/standard.css HTTP/1.1" 200 74207
202.8.41.34 - - [26/Feb/2025:01:52:25 +0100] "GET /ticket2/opencms/system/modules/com.gridnine.opencms.ticketbrokerage.site/resources/css/ticketbrokerage.css HTTP/1.1" 200 39339
202.8.41.34 - - [26/Feb/2025:01:52:25 +0100] "GET /ticket2/opencms/system/modules/com.gridnine.opencms.ticketbrokerage.site/resources/js/jquery/jquery.js HTTP/1.1" 200 93868
202.8.41.34 - - [26/Feb/2025:01:52:25 +0100] "GET /ticket2/opencms/system/modules/com.gridnine.opencms.ticketbrokerage.site/resources/js/jquery/jquery-ui.js HTTP/1.1" 200 228088
202.8.41.34 - - [26/Feb/2025:01:52:25 +0100] "GET /ticket2/opencms/system/modules/com.gridnine.opencms.ticketbrokerage.site/resources/js/calendar.js HTTP/1.1" 200 49229
202.8.41.34 - - [26/Feb/2025:01:52:25 +0100] "GET /ticket2/opencms/system/modules/com.gridnine.opencms.ticketbrokerage.site/resources/js/functions.js HTTP/1.1" 200 1583
202.8.41.34 - - [26/Feb/2025:01:52:25 +0100] "GET /ticket2/opencms/system/modules/com.gridnine.opencms.ticketbrokerage.site/resources/js/calendar-en.js HTTP/1.1" 200 3338
202.8.41.34 - - [26/Feb/2025:01:52:25 +0100] "GET /ticket2/opencms/system/modules/com.gridnine.opencms.ticketbrokerage.site/resources/js/calendar-setup.js HTTP/1.1" 200 4923
202.8.41.34 - - [26/Feb/2025:01:52:25 +0100] "GET /ticket2/opencms/system/modules/com.gridnine.opencms.ticketbrokerage.site/resources/js/jquery.fancybox.pack.js HTTP/1.1" 200 23187
202.8.41.34 - - [26/Feb/2025:01:52:25 +0100] "GET /ticket2/opencms/system/modules/com.gridnine.opencms.ticketbrokerage.site/resources/js/stickyfill.min.js HTTP/1.1" 200 5672
202.8.41.34 - - [26/Feb/2025:01:52:25 +0100] "GET /ticket2/opencms/system/modules/com.gridnine.opencms.ticketbrokerage.site/resources/js/standard.js HTTP/1.1" 200 3983
202.8.41.34 - - [26/Feb/2025:01:52:25 +0100] "GET /ticket2/opencms/system/modules/com.gridnine.opencms.ticketbrokerage.site/resources/js/jquery.placeholder.min.js HTTP/1.1" 200 1737
202.8.41.34 - - [26/Feb/2025:01:52:25 +0100] "GET /ticket2/opencms/system/modules/com.gridnine.opencms.ticketbrokerage.site/resources/js/common-ajax.js HTTP/1.1" 200 20175
85.208.96.207 - - [26/Feb/2025:01:52:26 +0100] "GET /ticket2/opencms/sv/magazine/article?title=champions-league-biljetter-pa-ticket2 HTTP/1.1" 200 97793
72.14.201.132 - - [26/Feb/2025:01:52:26 +0100] "GET /ticket2/opencms/en/ HTTP/1.1" 200 105014
20.171.207.37 - - [26/Feb/2025:01:52:27 +0100] "GET /ticket2/opencms/set_aff_cookie.jsp?partner=692E2C6A-EC6F-1C93-AFCC-C5ACC23A93EA&url=%252Fno%252Fbuy%252Findex.html%253Fpage%253D1%2526edid%253DE0E0A92E-E970-D7B2-B5EB-9799FE58777D%2526hlv%253D60f81fcc-584c-45ea-a85b-5d1e0a01000f%2523v_712785709 HTTP/1.1" 200 246
216.244.66.238 - - [26/Feb/2025:01:52:27 +0100] "GET /ticket2/opencms/dk/buy?page=1&edid=B8C4FD3A-2A07-475B-8D70-3EFC6A295665 HTTP/1.1" 200 109376
20.171.207.37 - - [26/Feb/2025:01:52:28 +0100] "GET /ticket2/opencms/set_aff_cookie.jsp?partner=692E2C6A-EC6F-1C93-AFCC-C5ACC23A93EA&url=%252Fdk%252Fbuy%252Findex.html%253Fpage%253D1%2526edid%253D5E9AF950-B6C9-F1E1-A899-5C14154503B5%2526hlv%253D611bb8c7-efa4-456c-af46-4ae50a01000f%2523v_119555794 HTTP/1.1" 200 246
85.208.96.193 - - [26/Feb/2025:01:52:29 +0100] "GET /ticket2/opencms/is/magazine/article?title=graham-potter-fra-svithjod-til-premier-league HTTP/1.1" 200 98181
66.249.76.133 - - [26/Feb/2025:01:52:31 +0100] "GET /ticket2/opencms/dk/ask-form.html HTTP/1.1" 200 2971
185.191.171.9 - - [26/Feb/2025:01:52:31 +0100] "GET /ticket2/opencms/cs/magazine/article?title=nizozemsko-vs-anglie-v-semifinale HTTP/1.1" 200 97328
20.171.207.37 - - [26/Feb/2025:01:52:38 +0100] "GET /ticket2/opencms/set_aff_cookie.jsp?partner=8F6DE15D-D831-5787-AE7E-FEFF53476F85&url=%252Fnl%252Fbuy%252Findex.html%253Fpage%253D1%2526edid%253D5A67179D-C7BD-4086-88F3-90FE704053E2%2526hlv%253D60ca1b8f-8e64-454a-bfb4-3f2e0a01000f%2523v_611833390 HTTP/1.1" 200 246
54.36.148.254 - - [26/Feb/2025:01:52:38 +0100] "GET /ticket2/opencms/az/buy?page=1&edid=9CB65BAE-DCD8-2D95-397D-813CF31BA500 HTTP/1.1" 200 135355
202.8.42.11 - - [26/Feb/2025:01:52:39 +0100] "GET /ticket2/opencms/system/modules/com.gridnine.opencms.ticketbrokerage.site/resources/css/ticketbrokerage.css HTTP/1.1" 200 39339
202.8.42.11 - - [26/Feb/2025:01:52:39 +0100] "GET /ticket2/opencms/system/modules/com.gridnine.opencms.ticketbrokerage.site/resources/css/jquery.fancybox.css HTTP/1.1" 200 4939
202.8.42.11 - - [26/Feb/2025:01:52:39 +0100] "GET /ticket2/opencms/system/modules/com.gridnine.opencms.ticketbrokerage.site/resources/css/jquery-ui.css HTTP/1.1" 200 33221
202.8.42.11 - - [26/Feb/2025:01:52:39 +0100] "GET /ticket2/opencms/system/modules/com.gridnine.opencms.ticketbrokerage.site/resources/js/jquery/jquery.js HTTP/1.1" 200 93868
202.8.42.11 - - [26/Feb/2025:01:52:39 +0100] "GET /ticket2/opencms/system/modules/com.gridnine.opencms.ticketbrokerage.site/resources/css/calendar.css HTTP/1.1" 200 6871
202.8.42.11 - - [26/Feb/2025:01:52:39 +0100] "GET /ticket2/opencms/system/modules/com.gridnine.opencms.ticketbrokerage.site/resources/css/standard.css HTTP/1.1" 200 74207
20.171.207.37 - - [26/Feb/2025:01:52:39 +0100] "GET /ticket2/opencms/set_aff_cookie.jsp?partner=8F6DE15D-D831-5787-AE7E-FEFF53476F85&url=%252Fnl%252Fbuy%252Findex.html%253Fpage%253D1%2526edid%253D77662010-5CF0-526E-5D4F-82C3FEEC0A4F%2526hlv%253D6149ea51-f054-4e4f-9d7e-1db20a01000f%2523v_1396329116 HTTP/1.1" 200 247
202.8.42.11 - - [26/Feb/2025:01:52:39 +0100] "GET /ticket2/opencms/system/modules/com.gridnine.opencms.ticketbrokerage.site/resources/js/jquery/jquery-ui.js HTTP/1.1" 200 228088
202.8.42.11 - - [26/Feb/2025:01:52:39 +0100] "GET /ticket2/opencms/system/modules/com.gridnine.opencms.ticketbrokerage.site/resources/js/calendar-en.js HTTP/1.1" 200 3338
202.8.42.11 - - [26/Feb/2025:01:52:39 +0100] "GET /ticket2/opencms/system/modules/com.gridnine.opencms.ticketbrokerage.site/resources/js/calendar.js HTTP/1.1" 200 49229
202.8.42.11 - - [26/Feb/2025:01:52:39 +0100] "GET /ticket2/opencms/system/modules/com.gridnine.opencms.ticketbrokerage.site/resources/js/calendar-setup.js HTTP/1.1" 200 4923
202.8.42.11 - - [26/Feb/2025:01:52:39 +0100] "GET /ticket2/opencms/system/modules/com.gridnine.opencms.ticketbrokerage.site/resources/js/functions.js HTTP/1.1" 200 1583
202.8.42.11 - - [26/Feb/2025:01:52:39 +0100] "GET /ticket2/opencms/system/modules/com.gridnine.opencms.ticketbrokerage.site/resources/js/jquery.fancybox.pack.js HTTP/1.1" 200 23187
202.8.42.11 - - [26/Feb/2025:01:52:39 +0100] "GET /ticket2/opencms/system/modules/com.gridnine.opencms.ticketbrokerage.site/resources/js/stickyfill.min.js HTTP/1.1" 200 5672
202.8.42.11 - - [26/Feb/2025:01:52:39 +0100] "GET /ticket2/opencms/system/modules/com.gridnine.opencms.ticketbrokerage.site/resources/js/standard.js HTTP/1.1" 200 3983
202.8.42.11 - - [26/Feb/2025:01:52:39 +0100] "GET /ticket2/opencms/system/modules/com.gridnine.opencms.ticketbrokerage.site/resources/js/jquery.placeholder.min.js HTTP/1.1" 200 1737
202.8.42.11 - - [26/Feb/2025:01:52:40 +0100] "GET /ticket2/opencms/system/modules/com.gridnine.opencms.ticketbrokerage.site/resources/js/common-ajax.js HTTP/1.1" 200 20175
202.8.42.11 - - [26/Feb/2025:01:52:40 +0100] "GET /ticket2/opencms/az/ask-form.html HTTP/1.1" 200 3156
202.8.42.11 - - [26/Feb/2025:01:52:40 +0100] "GET /ticket2/opencms/system/modules/com.gridnine.opencms.ticketbrokerage.site/resources/css/ticketbrokerage.css HTTP/1.1" 200 39339
20.171.207.37 - - [26/Feb/2025:01:52:40 +0100] "GET /ticket2/opencms/set_aff_cookie.jsp?partner=57601924-FB09-5BB2-867F-08B4EB522BA8&url=%252Fen%252Fbuy%252Findex.html%253Fpage%253D1%2526edid%253D681ED521-EBC9-E1AB-D0B9-DB2B7375D564%2526hlv%253D60f81639-df44-4374-83fe-5b6e0a01000f%2523v_620801381 HTTP/1.1" 200 246
66.249.64.131 - - [26/Feb/2025:01:52:41 +0100] "GET /ticket2/opencms/hu/sell/?edid=7D93CEA8-790B-90BC-58EC-CA5B0CB3CBFB HTTP/1.1" 302 -
20.171.207.37 - - [26/Feb/2025:01:52:41 +0100] "GET /ticket2/opencms/set_aff_cookie.jsp?partner=2E02071B-A8C3-4CBA-3097-C27D61C02ED8&url=%252Fnl%252Fbuy%252Findex.html%253Fpage%253D1%2526edid%253DD5ECBB60-B9DE-C9C5-5B4C-845CEC40C77F%2526hlv%253D61154e1d-d608-48ef-b8b1-16db0a01000f%2523v_595097612 HTTP/1.1" 200 246
216.244.66.238 - - [26/Feb/2025:01:52:46 +0100] "GET /ticket2/opencms/es/buy?page=6&comcatid=A17713B6-D984-201A-4143-ED4DB5ED5C2E&catid=6E0E0CA4-3F14-9697-92B9-3687047BE453 HTTP/1.1" 200 103877
111.119.218.215 - - [26/Feb/2025:01:52:46 +0100] "GET /ticket2/opencms/lv/magazine/article?title=em-zvaigznes-kas-mekletas-visvairak-google-un-ir-lielakas-instagrama HTTP/1.1" 200 98350
20.171.207.37 - - [26/Feb/2025:01:52:51 +0100] "GET /ticket2/opencms/set_aff_cookie.jsp?partner=57601924-FB09-5BB2-867F-08B4EB522BA8&url=%252Fno%252Fbuy%252Findex.html%253Fpage%253D1%2526edid%253DF3756B07-2F5C-FFFD-72BE-0A74CDBD5EA0%2526hlv%253D6149ec5e-d63c-4d8c-80fc-1f820a01000f%2523v_417450295 HTTP/1.1" 200 246
114.119.141.178 - - [26/Feb/2025:01:52:52 +0100] "GET /ticket2/opencms/de/buy?page=1&edid=F9496538-3E90-9D50-62AC-C255AB0550A9 HTTP/1.1" 200 111455
20.171.207.37 - - [26/Feb/2025:01:52:52 +0100] "GET /ticket2/opencms/set_aff_cookie.jsp?partner=2E02071B-A8C3-4CBA-3097-C27D61C02ED8&url=%252Fru%252Fbuy%252Findex.html%253Fpage%253D1%2526edid%253D88846CDD-90BD-3C14-8B7F-E56B7CEB33C4%2526hlv%253D60c9f376-c0e8-4b4a-9672-2bd10a01000f%2523v_1562680380 HTTP/1.1" 200 247
66.249.76.170 - - [26/Feb/2025:01:52:53 +0100] "GET /ticket2/opencms/hu/login/?url=/hu/sell/ HTTP/1.1" 200 91802
66.249.64.130 - - [26/Feb/2025:01:52:55 +0100] "GET /ticket2/opencms/be/buy/?page=6&comcatid=A17713B6-D984-201A-4143-ED4DB5ED5C2E&catid=0A6C99D2-F5BD-7A18-9A5F-5668827042E0&eventid=E1F7E93A-157E-48B5-16F5-20CB837CCB35 HTTP/1.1" 200 115318
54.36.148.237 - - [26/Feb/2025:01:52:55 +0100] "GET /ticket2/opencms/lt/sport/futbolo-bilietai/la-liga/girona HTTP/1.1" 200 95689
20.171.207.37 - - [26/Feb/2025:01:52:56 +0100] "GET /ticket2/opencms/set_aff_cookie.jsp?partner=8F6DE15D-D831-5787-AE7E-FEFF53476F85&url=%252Fnl%252Fbuy%252Findex.html%253Fpage%253D1%2526edid%253D6619AF23-B82A-4933-7AAB-7FCD989DC8B0%2526hlv%253D60ca1c7a-cf84-46b5-89fb-40950a01000f%2523v_1177032083 HTTP/1.1" 200 247
202.8.42.165 - - [26/Feb/2025:01:52:57 +0100] "GET /ticket2/opencms/system/modules/com.gridnine.opencms.ticketbrokerage.site/resources/css/standard.css HTTP/1.1" 200 74207
202.8.42.165 - - [26/Feb/2025:01:52:57 +0100] "GET /ticket2/opencms/system/modules/com.gridnine.opencms.ticketbrokerage.site/resources/css/jquery.fancybox.css HTTP/1.1" 200 4939
202.8.42.165 - - [26/Feb/2025:01:52:57 +0100] "GET /ticket2/opencms/system/modules/com.gridnine.opencms.ticketbrokerage.site/resources/css/calendar.css HTTP/1.1" 200 6871
202.8.42.165 - - [26/Feb/2025:01:52:57 +0100] "GET /ticket2/opencms/system/modules/com.gridnine.opencms.ticketbrokerage.site/resources/css/ticketbrokerage.css HTTP/1.1" 200 39339
202.8.42.165 - - [26/Feb/2025:01:52:57 +0100] "GET /ticket2/opencms/system/modules/com.gridnine.opencms.ticketbrokerage.site/resources/css/jquery-ui.css HTTP/1.1" 200 33221
202.8.42.165 - - [26/Feb/2025:01:52:57 +0100] "GET /ticket2/opencms/system/modules/com.gridnine.opencms.ticketbrokerage.site/resources/js/jquery/jquery.js HTTP/1.1" 200 93868
202.8.42.165 - - [26/Feb/2025:01:52:57 +0100] "GET /ticket2/opencms/system/modules/com.gridnine.opencms.ticketbrokerage.site/resources/js/jquery/jquery-ui.js HTTP/1.1" 200 228088
202.8.42.165 - - [26/Feb/2025:01:52:57 +0100] "GET /ticket2/opencms/system/modules/com.gridnine.opencms.ticketbrokerage.site/resources/js/functions.js HTTP/1.1" 200 1583
202.8.42.165 - - [26/Feb/2025:01:52:57 +0100] "GET /ticket2/opencms/system/modules/com.gridnine.opencms.ticketbrokerage.site/resources/js/calendar-en.js HTTP/1.1" 200 3338
202.8.42.165 - - [26/Feb/2025:01:52:57 +0100] "GET /ticket2/opencms/system/modules/com.gridnine.opencms.ticketbrokerage.site/resources/js/calendar.js HTTP/1.1" 200 49229
202.8.42.165 - - [26/Feb/2025:01:52:57 +0100] "GET /ticket2/opencms/system/modules/com.gridnine.opencms.ticketbrokerage.site/resources/js/calendar-setup.js HTTP/1.1" 200 4923
202.8.42.165 - - [26/Feb/2025:01:52:57 +0100] "GET /ticket2/opencms/system/modules/com.gridnine.opencms.ticketbrokerage.site/resources/js/jquery.fancybox.pack.js HTTP/1.1" 200 23187
202.8.42.165 - - [26/Feb/2025:01:52:57 +0100] "GET /ticket2/opencms/system/modules/com.gridnine.opencms.ticketbrokerage.site/resources/js/stickyfill.min.js HTTP/1.1" 200 5672
202.8.42.165 - - [26/Feb/2025:01:52:57 +0100] "GET /ticket2/opencms/system/modules/com.gridnine.opencms.ticketbrokerage.site/resources/js/standard.js HTTP/1.1" 200 3983
202.8.42.165 - - [26/Feb/2025:01:52:57 +0100] "GET /ticket2/opencms/system/modules/com.gridnine.opencms.ticketbrokerage.site/resources/js/jquery.placeholder.min.js HTTP/1.1" 200 1737
202.8.42.165 - - [26/Feb/2025:01:52:57 +0100] "GET /ticket2/opencms/system/modules/com.gridnine.opencms.ticketbrokerage.site/resources/js/common-ajax.js HTTP/1.1" 200 20175
20.171.207.37 - - [26/Feb/2025:01:52:58 +0100] "GET /ticket2/opencms/set_aff_cookie.jsp?partner=8F6DE15D-D831-5787-AE7E-FEFF53476F85&url=%252Fno%252Fbuy%252Findex.html%253Fpage%253D1%2526edid%253DD1B6D814-A677-3D90-03BA-1F7CF35352A4%2526hlv%253D60ca1cae-e804-44da-8d94-40e30a01000f%2523v_586945249 HTTP/1.1" 200 246
185.191.171.15 - - [26/Feb/2025:01:53:00 +0100] "GET /ticket2/opencms/hu/magazine/article?title=manchester-city-nyeroje-a-premier-league-nek HTTP/1.1" 200 93062
216.244.66.238 - - [26/Feb/2025:01:53:03 +0100] "GET /ticket2/opencms/sl/buy?page=6&comcatid=A17713B6-D984-201A-4143-ED4DB5ED5C2E&catid=7ACC33AD-EE7E-AAA7-9050-0F4587759B87 HTTP/1.1" 200 104011
20.171.207.37 - - [26/Feb/2025:01:53:04 +0100] "GET /ticket2/opencms/set_aff_cookie.jsp?partner=57601924-FB09-5BB2-867F-08B4EB522BA8&url=%252Fsv%252Fbuy%252Findex.html%253Fpage%253D1%2526edid%253D2EE5FE6D-D48C-F366-EBEF-C207DB7D5BC0%2526hlv%253D60f69951-6e78-4f1e-b314-648d0a01000f%2523v_1211917862 HTTP/1.1" 200 247
20.171.207.37 - - [26/Feb/2025:01:53:05 +0100] "GET /ticket2/opencms/set_aff_cookie.jsp?partner=692E2C6A-EC6F-1C93-AFCC-C5ACC23A93EA&url=%252Fsv%252Fbuy%252Findex.html%253Fpage%253D1%2526edid%253D3F6B6B17-F159-59CA-9275-25779C692B45%2526hlv%253D60c9f38e-a400-4fb1-9273-2bbd0a01000f%2523v_837461539 HTTP/1.1" 200 246
20.171.207.37 - - [26/Feb/2025:01:53:08 +0100] "GET /ticket2/opencms/set_aff_cookie.jsp?partner=692E2C6A-EC6F-1C93-AFCC-C5ACC23A93EA&url=%252Fdk%252Fbuy%252Findex.html%253Fpage%253D1%2526edid%253D2EE507F3-808B-9FC3-0AF8-CB6905B06BBA%2526hlv%253D60f814cd-9678-4085-a709-5aaa0a01000f%2523v_1574376576 HTTP/1.1" 200 247
20.171.207.37 - - [26/Feb/2025:01:53:10 +0100] "GET /ticket2/opencms/set_aff_cookie.jsp?partner=692E2C6A-EC6F-1C93-AFCC-C5ACC23A93EA&url=%252Fen%252Fbuy%252Findex.html%253Fpage%253D1%2526edid%253DCA01FDD0-CDF6-AC8A-12E5-7A918397496D%2526hlv%253D60f94e39-0838-4073-a7df-53ff0a01000f%2523v_223300163 HTTP/1.1" 200 246
54.36.149.70 - - [26/Feb/2025:01:53:10 +0100] "GET /ticket2/opencms/bg/sport/futbolni-bileti/serie-a/genoa HTTP/1.1" 200 101351
202.8.43.185 - - [26/Feb/2025:01:53:11 +0100] "GET /ticket2/opencms/system/modules/com.gridnine.opencms.ticketbrokerage.site/resources/css/ticketbrokerage.css HTTP/1.1" 200 39339
202.8.43.185 - - [26/Feb/2025:01:53:11 +0100] "GET /ticket2/opencms/system/modules/com.gridnine.opencms.ticketbrokerage.site/resources/css/standard.css HTTP/1.1" 200 74207
202.8.43.185 - - [26/Feb/2025:01:53:11 +0100] "GET /ticket2/opencms/system/modules/com.gridnine.opencms.ticketbrokerage.site/resources/css/jquery-ui.css HTTP/1.1" 200 33221
202.8.43.185 - - [26/Feb/2025:01:53:11 +0100] "GET /ticket2/opencms/system/modules/com.gridnine.opencms.ticketbrokerage.site/resources/css/jquery.fancybox.css HTTP/1.1" 200 4939
202.8.43.185 - - [26/Feb/2025:01:53:11 +0100] "GET /ticket2/opencms/system/modules/com.gridnine.opencms.ticketbrokerage.site/resources/css/calendar.css HTTP/1.1" 200 6871
202.8.43.185 - - [26/Feb/2025:01:53:11 +0100] "GET /ticket2/opencms/system/modules/com.gridnine.opencms.ticketbrokerage.site/resources/js/jquery/jquery.js HTTP/1.1" 200 93868
202.8.43.185 - - [26/Feb/2025:01:53:11 +0100] "GET /ticket2/opencms/system/modules/com.gridnine.opencms.ticketbrokerage.site/resources/js/jquery/jquery-ui.js HTTP/1.1" 200 228088
202.8.43.185 - - [26/Feb/2025:01:53:11 +0100] "GET /ticket2/opencms/system/modules/com.gridnine.opencms.ticketbrokerage.site/resources/js/functions.js HTTP/1.1" 200 1583
202.8.43.185 - - [26/Feb/2025:01:53:11 +0100] "GET /ticket2/opencms/system/modules/com.gridnine.opencms.ticketbrokerage.site/resources/js/calendar-en.js HTTP/1.1" 200 3338
202.8.43.185 - - [26/Feb/2025:01:53:11 +0100] "GET /ticket2/opencms/system/modules/com.gridnine.opencms.ticketbrokerage.site/resources/js/calendar-setup.js HTTP/1.1" 200 4923
202.8.43.185 - - [26/Feb/2025:01:53:11 +0100] "GET /ticket2/opencms/system/modules/com.gridnine.opencms.ticketbrokerage.site/resources/js/calendar.js HTTP/1.1" 200 49229
202.8.43.185 - - [26/Feb/2025:01:53:11 +0100] "GET /ticket2/opencms/system/modules/com.gridnine.opencms.ticketbrokerage.site/resources/js/jquery.fancybox.pack.js HTTP/1.1" 200 23187
202.8.43.185 - - [26/Feb/2025:01:53:11 +0100] "GET /ticket2/opencms/system/modules/com.gridnine.opencms.ticketbrokerage.site/resources/js/stickyfill.min.js HTTP/1.1" 200 5672
202.8.43.185 - - [26/Feb/2025:01:53:11 +0100] "GET /ticket2/opencms/system/modules/com.gridnine.opencms.ticketbrokerage.site/resources/js/standard.js HTTP/1.1" 200 3983
202.8.43.185 - - [26/Feb/2025:01:53:11 +0100] "GET /ticket2/opencms/system/modules/com.gridnine.opencms.ticketbrokerage.site/resources/js/jquery.placeholder.min.js HTTP/1.1" 200 1737
202.8.43.185 - - [26/Feb/2025:01:53:12 +0100] "GET /ticket2/opencms/system/modules/com.gridnine.opencms.ticketbrokerage.site/resources/js/common-ajax.js HTTP/1.1" 200 20175
20.171.207.37 - - [26/Feb/2025:01:53:12 +0100] "GET /ticket2/opencms/set_aff_cookie.jsp?partner=5E0CDF29-E7BE-9F6B-6869-7BF66B04006F&url=%252Fdk%252Fbuy%252Findex.html%253Fpage%253D1%2526edid%253D55AE14A0-00CF-8E29-D1CC-F8CDD1E23137%2526hlv%253D611400a4-291c-44c4-ba46-185a0a01000f%2523v_357849789 HTTP/1.1" 200 246
20.171.207.37 - - [26/Feb/2025:01:53:14 +0100] "GET /ticket2/opencms/set_aff_cookie.jsp?partner=57601924-FB09-5BB2-867F-08B4EB522BA8&url=%252Fnl%252Fbuy%252Findex.html%253Fpage%253D1%2526edid%253D0D33199C-853B-C4DC-F1E2-6CF75BE0B211%2526hlv%253D61475aa4-6194-486f-9dee-0be80a01000f%2523v_136818019 HTTP/1.1" 200 246
66.249.64.130 - - [26/Feb/2025:01:53:18 +0100] "GET /ticket2/opencms/lv/buy/?page=1&edid=9955BBA7-6063-22E0-6250-8AB9CB5C1852 HTTP/1.1" 200 108581
20.171.207.37 - - [26/Feb/2025:01:53:18 +0100] "GET /ticket2/opencms/set_aff_cookie.jsp?partner=692E2C6A-EC6F-1C93-AFCC-C5ACC23A93EA&url=%252Fdk%252Fbuy%252Findex.html%253Fpage%253D1%2526edid%253D399D5857-E3F3-B9C2-E01C-0D17705EC245%2526hlv%253D60f821d3-ca78-45af-9b7c-5e5c0a01000f%2523v_1138223630 HTTP/1.1" 200 247
216.244.66.238 - - [26/Feb/2025:01:53:19 +0100] "GET /ticket2/opencms/sv/buy?page=6&comcatid=A17713B6-D984-201A-4143-ED4DB5ED5C2E&catid=6E0E0CA4-3F14-9697-92B9-3687047BE453 HTTP/1.1" 200 103537
52.70.209.13 - - [26/Feb/2025:01:53:20 +0100] "GET /ticket2/opencms/sv/tickets/aston_villa/ HTTP/1.1" 200 91275
20.171.207.37 - - [26/Feb/2025:01:53:20 +0100] "GET /ticket2/opencms/set_aff_cookie.jsp?partner=692E2C6A-EC6F-1C93-AFCC-C5ACC23A93EA&url=%252Fnl%252Fbuy%252Findex.html%253Fpage%253D1%2526edid%253D097474E7-8A8F-522A-B62A-D10F10D973DA%2526hlv%253D61127b50-0168-4865-a398-2e4f0a01000f%2523v_741606018 HTTP/1.1" 200 246
66.249.76.132 - - [26/Feb/2025:01:53:21 +0100] "GET /ticket2/opencms/fi/buy?page=1&edid=7D93CEA8-790B-90BC-58EC-CA5B0CB3CBFB HTTP/1.1" 200 124278
66.249.76.170 - - [26/Feb/2025:01:53:22 +0100] "GET /ticket2/opencms/no/sport/fotballsbilletter/premier_league/manchester_united/ HTTP/1.1" 200 100047
54.36.148.160 - - [26/Feb/2025:01:53:24 +0100] "GET /ticket2/opencms/no/buy?page=1&edid=E9F0B041-BF0A-CE11-045F-89CD49D4FA7D HTTP/1.1" 200 114010
202.8.43.117 - - [26/Feb/2025:01:53:25 +0100] "GET /ticket2/opencms/system/modules/com.gridnine.opencms.ticketbrokerage.site/resources/css/ticketbrokerage.css HTTP/1.1" 200 39339
202.8.43.117 - - [26/Feb/2025:01:53:25 +0100] "GET /ticket2/opencms/system/modules/com.gridnine.opencms.ticketbrokerage.site/resources/css/jquery.fancybox.css HTTP/1.1" 200 4939
202.8.43.117 - - [26/Feb/2025:01:53:25 +0100] "GET /ticket2/opencms/system/modules/com.gridnine.opencms.ticketbrokerage.site/resources/css/calendar.css HTTP/1.1" 200 6871
202.8.43.117 - - [26/Feb/2025:01:53:25 +0100] "GET /ticket2/opencms/system/modules/com.gridnine.opencms.ticketbrokerage.site/resources/css/standard.css HTTP/1.1" 200 74207
202.8.43.117 - - [26/Feb/2025:01:53:25 +0100] "GET /ticket2/opencms/system/modules/com.gridnine.opencms.ticketbrokerage.site/resources/css/jquery-ui.css HTTP/1.1" 200 33221
202.8.43.117 - - [26/Feb/2025:01:53:25 +0100] "GET /ticket2/opencms/system/modules/com.gridnine.opencms.ticketbrokerage.site/resources/js/jquery/jquery.js HTTP/1.1" 200 93868
202.8.43.117 - - [26/Feb/2025:01:53:25 +0100] "GET /ticket2/opencms/system/modules/com.gridnine.opencms.ticketbrokerage.site/resources/js/calendar.js HTTP/1.1" 200 49229
202.8.43.117 - - [26/Feb/2025:01:53:25 +0100] "GET /ticket2/opencms/system/modules/com.gridnine.opencms.ticketbrokerage.site/resources/js/functions.js HTTP/1.1" 200 1583
202.8.43.117 - - [26/Feb/2025:01:53:25 +0100] "GET /ticket2/opencms/system/modules/com.gridnine.opencms.ticketbrokerage.site/resources/js/calendar-en.js HTTP/1.1" 200 3338
202.8.43.117 - - [26/Feb/2025:01:53:25 +0100] "GET /ticket2/opencms/system/modules/com.gridnine.opencms.ticketbrokerage.site/resources/js/jquery/jquery-ui.js HTTP/1.1" 200 228088
202.8.43.117 - - [26/Feb/2025:01:53:25 +0100] "GET /ticket2/opencms/system/modules/com.gridnine.opencms.ticketbrokerage.site/resources/js/calendar-setup.js HTTP/1.1" 200 4923
202.8.43.117 - - [26/Feb/2025:01:53:26 +0100] "GET /ticket2/opencms/system/modules/com.gridnine.opencms.ticketbrokerage.site/resources/js/jquery.fancybox.pack.js HTTP/1.1" 200 23187
202.8.43.117 - - [26/Feb/2025:01:53:26 +0100] "GET /ticket2/opencms/system/modules/com.gridnine.opencms.ticketbrokerage.site/resources/js/stickyfill.min.js HTTP/1.1" 200 5672
202.8.43.117 - - [26/Feb/2025:01:53:26 +0100] "GET /ticket2/opencms/system/modules/com.gridnine.opencms.ticketbrokerage.site/resources/js/standard.js HTTP/1.1" 200 3983
202.8.43.117 - - [26/Feb/2025:01:53:26 +0100] "GET /ticket2/opencms/system/modules/com.gridnine.opencms.ticketbrokerage.site/resources/js/jquery.placeholder.min.js HTTP/1.1" 200 1737
202.8.43.117 - - [26/Feb/2025:01:53:26 +0100] "GET /ticket2/opencms/system/modules/com.gridnine.opencms.ticketbrokerage.site/resources/js/common-ajax.js HTTP/1.1" 200 20175
202.8.43.117 - - [26/Feb/2025:01:53:26 +0100] "GET /ticket2/opencms/no/ask-form.html HTTP/1.1" 200 2919
202.8.43.117 - - [26/Feb/2025:01:53:26 +0100] "GET /ticket2/opencms/system/modules/com.gridnine.opencms.ticketbrokerage.site/resources/css/ticketbrokerage.css HTTP/1.1" 200 39339
114.119.143.233 - - [26/Feb/2025:01:53:27 +0100] "GET /ticket2/opencms/tr/buy?page=1&edid=E250529A-1DDD-AE95-4941-50FB7D17DDA1 HTTP/1.1" 200 90392
20.171.207.37 - - [26/Feb/2025:01:53:30 +0100] "GET /ticket2/opencms/set_aff_cookie.jsp?partner=2E02071B-A8C3-4CBA-3097-C27D61C02ED8&url=%252Fno%252Fbuy%252Findex.html%253Fpage%253D1%2526edid%253DB12EFA8D-4EC4-DDCD-8B91-E676E87E71DF%2526hlv%253D60f957c0-0644-4cf9-a78c-58a00a01000f%2523v_1769187567 HTTP/1.1" 200 247
20.171.207.37 - - [26/Feb/2025:01:53:33 +0100] "GET /ticket2/opencms/set_aff_cookie.jsp?partner=692E2C6A-EC6F-1C93-AFCC-C5ACC23A93EA&url=%252Fdk%252Fbuy%252Findex.html%253Fpage%253D1%2526edid%253DCF9AADF6-6503-0852-B1B5-AC280A05E729%2526hlv%253D60f81896-7fb8-4171-9a99-5dc90a01000f%2523v_2108758553 HTTP/1.1" 200 247
20.171.207.37 - - [26/Feb/2025:01:53:34 +0100] "GET /ticket2/opencms/set_aff_cookie.jsp?partner=8F6DE15D-D831-5787-AE7E-FEFF53476F85&url=%252Fnl%252Fbuy%252Findex.html%253Fpage%253D1%2526edid%253DAF10138E-A60F-F322-730E-45CBD84A9C2C%2526hlv%253D60c9ebbe-fa7c-47a6-9432-284c0a01000f%2523v_606487996 HTTP/1.1" 200 246
20.171.207.37 - - [26/Feb/2025:01:53:35 +0100] "GET /ticket2/opencms/set_aff_cookie.jsp?partner=5E0CDF29-E7BE-9F6B-6869-7BF66B04006F&url=%252Fru%252Fbuy%252Findex.html%253Fpage%253D1%2526edid%253DF9CBA22B-02B6-5454-FAFF-0732F7408AFD%2526hlv%253D611519bd-e924-4134-949d-7eaa0a01000f%2523v_1615068575 HTTP/1.1" 200 247
54.36.148.7 - - [26/Feb/2025:01:53:37 +0100] "GET /ticket2/opencms/fr/buy?page=1&edid=069EC406-6DFD-08ED-B6CC-A7E203415919 HTTP/1.1" 200 111508
202.8.42.154 - - [26/Feb/2025:01:53:38 +0100] "GET /ticket2/opencms/system/modules/com.gridnine.opencms.ticketbrokerage.site/resources/css/jquery-ui.css HTTP/1.1" 200 33221
202.8.42.154 - - [26/Feb/2025:01:53:38 +0100] "GET /ticket2/opencms/system/modules/com.gridnine.opencms.ticketbrokerage.site/resources/css/calendar.css HTTP/1.1" 200 6871
202.8.42.154 - - [26/Feb/2025:01:53:38 +0100] "GET /ticket2/opencms/system/modules/com.gridnine.opencms.ticketbrokerage.site/resources/css/jquery.fancybox.css HTTP/1.1" 200 4939
202.8.42.154 - - [26/Feb/2025:01:53:38 +0100] "GET /ticket2/opencms/system/modules/com.gridnine.opencms.ticketbrokerage.site/resources/css/ticketbrokerage.css HTTP/1.1" 200 39339
202.8.42.154 - - [26/Feb/2025:01:53:38 +0100] "GET /ticket2/opencms/system/modules/com.gridnine.opencms.ticketbrokerage.site/resources/css/standard.css HTTP/1.1" 200 74207
202.8.42.154 - - [26/Feb/2025:01:53:38 +0100] "GET /ticket2/opencms/system/modules/com.gridnine.opencms.ticketbrokerage.site/resources/js/jquery/jquery-ui.js HTTP/1.1" 200 228088
202.8.42.154 - - [26/Feb/2025:01:53:39 +0100] "GET /ticket2/opencms/system/modules/com.gridnine.opencms.ticketbrokerage.site/resources/js/calendar.js HTTP/1.1" 200 49229
202.8.42.154 - - [26/Feb/2025:01:53:39 +0100] "GET /ticket2/opencms/system/modules/com.gridnine.opencms.ticketbrokerage.site/resources/js/functions.js HTTP/1.1" 200 1583
202.8.42.154 - - [26/Feb/2025:01:53:39 +0100] "GET /ticket2/opencms/system/modules/com.gridnine.opencms.ticketbrokerage.site/resources/js/calendar-en.js HTTP/1.1" 200 3338
202.8.42.154 - - [26/Feb/2025:01:53:39 +0100] "GET /ticket2/opencms/system/modules/com.gridnine.opencms.ticketbrokerage.site/resources/js/calendar-setup.js HTTP/1.1" 200 4923
202.8.42.154 - - [26/Feb/2025:01:53:39 +0100] "GET /ticket2/opencms/system/modules/com.gridnine.opencms.ticketbrokerage.site/resources/js/jquery/jquery.js HTTP/1.1" 200 93868
202.8.42.154 - - [26/Feb/2025:01:53:39 +0100] "GET /ticket2/opencms/system/modules/com.gridnine.opencms.ticketbrokerage.site/resources/js/jquery.fancybox.pack.js HTTP/1.1" 200 23187
202.8.42.154 - - [26/Feb/2025:01:53:39 +0100] "GET /ticket2/opencms/system/modules/com.gridnine.opencms.ticketbrokerage.site/resources/js/stickyfill.min.js HTTP/1.1" 200 5672
202.8.42.154 - - [26/Feb/2025:01:53:39 +0100] "GET /ticket2/opencms/system/modules/com.gridnine.opencms.ticketbrokerage.site/resources/js/standard.js HTTP/1.1" 200 3983
202.8.42.154 - - [26/Feb/2025:01:53:39 +0100] "GET /ticket2/opencms/system/modules/com.gridnine.opencms.ticketbrokerage.site/resources/js/jquery.placeholder.min.js HTTP/1.1" 200 1737
202.8.42.154 - - [26/Feb/2025:01:53:39 +0100] "GET /ticket2/opencms/system/modules/com.gridnine.opencms.ticketbrokerage.site/resources/js/common-ajax.js HTTP/1.1" 200 20175
202.8.42.154 - - [26/Feb/2025:01:53:39 +0100] "GET /ticket2/opencms/fr/ask-form.html HTTP/1.1" 200 3156
202.8.42.154 - - [26/Feb/2025:01:53:39 +0100] "GET /ticket2/opencms/system/modules/com.gridnine.opencms.ticketbrokerage.site/resources/css/ticketbrokerage.css HTTP/1.1" 200 39339
66.249.64.228 - - [26/Feb/2025:01:53:39 +0100] "GET /ticket2/opencms/el/buy?page=1&edid=6F379414-70C4-400F-51D2-AFD37C8F2BC7 HTTP/1.1" 200 139477
20.171.207.37 - - [26/Feb/2025:01:53:45 +0100] "GET /ticket2/opencms/set_aff_cookie.jsp?partner=57601924-FB09-5BB2-867F-08B4EB522BA8&url=%252Fdk%252Fbuy%252Findex.html%253Fpage%253D1%2526edid%253DC5BE8910-C31D-1B7A-D498-4C5862D3F5A8%2526hlv%253D60ca1ba7-8c1c-4cfb-9cd5-3f300a01000f%2523v_1548414966 HTTP/1.1" 200 247
20.171.207.37 - - [26/Feb/2025:01:53:46 +0100] "GET /ticket2/opencms/set_aff_cookie.jsp?partner=2E02071B-A8C3-4CBA-3097-C27D61C02ED8&url=%252Fen%252Fbuy%252Findex.html%253Fpage%253D1%2526edid%253D74A57CFE-A85C-345D-E9F7-0AF79537083B%2526hlv%253D60ca1b24-4d30-4dbf-89a5-3e190a01000f%2523v_164035137 HTTP/1.1" 200 246
47.128.120.225 - - [26/Feb/2025:01:53:46 +0100] "GET /ticket2/opencms/bg/buy/?edid=69802F7E-2013-4656-113E-ECD53B17933B HTTP/1.1" 200 92520
