95.194.198.8 - - [26/Feb/2025:00:36:30 +0100] "GET /ticket2/opencms/system/modules/com.gridnine.opencms.ticketbrokerage.site/resources/css/standard.css HTTP/1.1" 200 74207
95.194.198.8 - - [26/Feb/2025:00:36:30 +0100] "GET /ticket2/opencms/system/modules/com.gridnine.opencms.ticketbrokerage.site/resources/js/functions.js HTTP/1.1" 200 1583
95.194.198.8 - - [26/Feb/2025:00:36:30 +0100] "GET /ticket2/opencms/system/modules/com.gridnine.opencms.ticketbrokerage.site/resources/js/jquery.placeholder.min.js HTTP/1.1" 200 1737
95.194.198.8 - - [26/Feb/2025:00:36:30 +0100] "GET /ticket2/opencms/system/modules/com.gridnine.opencms.ticketbrokerage.site/resources/js/calendar.js HTTP/1.1" 200 49229
95.194.198.8 - - [26/Feb/2025:00:36:30 +0100] "GET /ticket2/opencms/system/modules/com.gridnine.opencms.ticketbrokerage.site/resources/js/calendar-en.js HTTP/1.1" 200 3338
95.194.198.8 - - [26/Feb/2025:00:36:30 +0100] "GET /ticket2/opencms/system/modules/com.gridnine.opencms.ticketbrokerage.site/resources/js/calendar-setup.js HTTP/1.1" 200 4923
95.194.198.8 - - [26/Feb/2025:00:36:30 +0100] "GET /ticket2/opencms/system/modules/com.gridnine.opencms.ticketbrokerage.site/resources/js/common-ajax.js HTTP/1.1" 200 20175
95.194.198.8 - - [26/Feb/2025:00:36:30 +0100] "GET /ticket2/opencms/system/modules/com.gridnine.opencms.ticketbrokerage.site/resources/js/jquery.fancybox.pack.js HTTP/1.1" 200 23187
95.194.198.8 - - [26/Feb/2025:00:36:30 +0100] "GET /ticket2/opencms/system/modules/com.gridnine.opencms.ticketbrokerage.site/resources/js/stickyfill.min.js HTTP/1.1" 200 5672
95.194.198.8 - - [26/Feb/2025:00:36:30 +0100] "GET /ticket2/opencms/system/modules/com.gridnine.opencms.ticketbrokerage.site/resources/js/standard.js HTTP/1.1" 200 3983
95.194.198.8 - - [26/Feb/2025:00:36:30 +0100] "GET /ticket2/opencms/img/icons/globe-white.png HTTP/1.1" 200 947
95.194.198.8 - - [26/Feb/2025:00:36:30 +0100] "GET /ticket2/opencms/system/modules/com.gridnine.opencms.ticketbrokerage.site/resources/pics/logo-new.png HTTP/1.1" 200 13541
95.194.198.8 - - [26/Feb/2025:00:36:30 +0100] "GET /ticket2/opencms/img/insta.png HTTP/1.1" 200 3967
95.194.198.8 - - [26/Feb/2025:00:36:30 +0100] "GET /ticket2/opencms/system/modules/com.gridnine.opencms.ticketbrokerage.site/resources/pics/0.gif HTTP/1.1" 200 43
95.194.198.8 - - [26/Feb/2025:00:36:30 +0100] "GET /ticket2/opencms/venue/elland_road.png HTTP/1.1" 200 29636
95.194.198.8 - - [26/Feb/2025:00:36:30 +0100] "GET /ticket2/opencms/img/icons/se.png HTTP/1.1" 200 1258
95.194.198.8 - - [26/Feb/2025:00:36:31 +0100] "GET /ticket2/opencms/img/fb.png HTTP/1.1" 200 1269
95.194.198.8 - - [26/Feb/2025:00:36:31 +0100] "GET /ticket2/opencms/img/icons/en.png HTTP/1.1" 200 2415
95.194.198.8 - - [26/Feb/2025:00:36:31 +0100] "GET /ticket2/opencms/system/modules/com.gridnine.opencms.ticketbrokerage.site/resources/pics/two_man.png HTTP/1.1" 200 3407
95.194.198.8 - - [26/Feb/2025:00:36:31 +0100] "GET /ticket2/opencms/img/icons/fi.png HTTP/1.1" 200 1785
95.194.198.8 - - [26/Feb/2025:00:36:31 +0100] "GET /ticket2/opencms/img/icons/no.png HTTP/1.1" 200 1958
95.194.198.8 - - [26/Feb/2025:00:36:31 +0100] "GET /ticket2/opencms/img/icons/dk.png HTTP/1.1" 200 1706
95.194.198.8 - - [26/Feb/2025:00:36:31 +0100] "GET /ticket2/opencms/sv/ask-form.html HTTP/1.1" 200 2950
95.194.198.8 - - [26/Feb/2025:00:36:31 +0100] "GET /ticket2/opencms/system/modules/com.gridnine.opencms.ticketbrokerage.site/resources/css/ticketbrokerage.css HTTP/1.1" 200 39339
95.194.198.8 - - [26/Feb/2025:00:36:31 +0100] "GET /ticket2/opencms/img/icons/nl.png HTTP/1.1" 200 1255
95.194.198.8 - - [26/Feb/2025:00:36:31 +0100] "GET /ticket2/opencms/img/icons/de.png HTTP/1.1" 200 1124
95.194.198.8 - - [26/Feb/2025:00:36:31 +0100] "GET /ticket2/opencms/img/icons/fr.png HTTP/1.1" 200 1764
95.194.198.8 - - [26/Feb/2025:00:36:31 +0100] "GET /ticket2/opencms/img/icons/es.png HTTP/1.1" 200 1005
95.194.198.8 - - [26/Feb/2025:00:36:31 +0100] "GET /ticket2/opencms/img/icons/it.png HTTP/1.1" 200 2040
95.194.198.8 - - [26/Feb/2025:00:36:31 +0100] "GET /ticket2/opencms/img/icons/pl.png HTTP/1.1" 200 1578
95.194.198.8 - - [26/Feb/2025:00:36:31 +0100] "GET /ticket2/opencms/img/icons/sq.png HTTP/1.1" 200 1619
20.171.207.37 - - [26/Feb/2025:00:36:31 +0100] "GET /ticket2/opencms/set_aff_cookie.jsp?partner=5E0CDF29-E7BE-9F6B-6869-7BF66B04006F&url=%252Fru%252Fbuy%252Findex.html%253Fpage%253D1%2526edid%253D9AE493CE-16E5-66DA-B419-2CD7D152F786%2526hlv%253D60c9e0c6-a990-44c9-8bc2-22f60a01000f%2523v_385389932 HTTP/1.1" 200 246
95.194.198.8 - - [26/Feb/2025:00:36:31 +0100] "GET /ticket2/opencms/img/icons/az.png HTTP/1.1" 200 1445
95.194.198.8 - - [26/Feb/2025:00:36:31 +0100] "GET /ticket2/opencms/img/icons/be.png HTTP/1.1" 200 1663
95.194.198.8 - - [26/Feb/2025:00:36:31 +0100] "GET /ticket2/opencms/img/icons/bs.png HTTP/1.1" 200 1014
95.194.198.8 - - [26/Feb/2025:00:36:31 +0100] "GET /ticket2/opencms/img/icons/bg.png HTTP/1.1" 200 788
95.194.198.8 - - [26/Feb/2025:00:36:32 +0100] "GET /ticket2/opencms/img/icons/hr.png HTTP/1.1" 200 2024
95.194.198.8 - - [26/Feb/2025:00:36:32 +0100] "GET /ticket2/opencms/img/icons/cs.png HTTP/1.1" 200 1883
95.194.198.8 - - [26/Feb/2025:00:36:32 +0100] "GET /ticket2/opencms/img/icons/et.png HTTP/1.1" 200 754
95.194.198.8 - - [26/Feb/2025:00:36:32 +0100] "GET /ticket2/opencms/img/icons/el.png HTTP/1.1" 200 1637
95.194.198.8 - - [26/Feb/2025:00:36:32 +0100] "GET /ticket2/opencms/img/icons/ka.png HTTP/1.1" 200 860
95.194.198.8 - - [26/Feb/2025:00:36:32 +0100] "GET /ticket2/opencms/img/icons/hu.png HTTP/1.1" 200 733
95.194.198.8 - - [26/Feb/2025:00:36:32 +0100] "GET /ticket2/opencms/img/icons/is.png HTTP/1.1" 200 1884
95.194.198.8 - - [26/Feb/2025:00:36:32 +0100] "GET /ticket2/opencms/img/icons/ga.png HTTP/1.1" 200 1759
95.194.198.8 - - [26/Feb/2025:00:36:32 +0100] "GET /ticket2/opencms/img/icons/lv.png HTTP/1.1" 200 716
95.194.198.8 - - [26/Feb/2025:00:36:32 +0100] "GET /ticket2/opencms/img/icons/lt.png HTTP/1.1" 200 733
95.194.198.8 - - [26/Feb/2025:00:36:32 +0100] "GET /ticket2/opencms/img/icons/mt.png HTTP/1.1" 200 920
95.194.198.8 - - [26/Feb/2025:00:36:32 +0100] "GET /ticket2/opencms/img/icons/mo.png HTTP/1.1" 200 1468
95.194.198.8 - - [26/Feb/2025:00:36:32 +0100] "GET /ticket2/opencms/img/icons/ro.png HTTP/1.1" 200 1393
20.171.207.37 - - [26/Feb/2025:00:36:32 +0100] "GET /ticket2/opencms/set_aff_cookie.jsp?partner=8F6DE15D-D831-5787-AE7E-FEFF53476F85&url=%252Fnl%252Fbuy%252Findex.html%253Fpage%253D1%2526edid%253D84D5EC5C-3CAF-83D2-AB4F-32987436B757%2526hlv%253D611cd227-a6a4-4c42-b9ae-5d800a01000f%2523v_1633776839 HTTP/1.1" 200 247
95.194.198.8 - - [26/Feb/2025:00:36:32 +0100] "GET /ticket2/opencms/img/icons/sr.png HTTP/1.1" 200 1602
95.194.198.8 - - [26/Feb/2025:00:36:32 +0100] "GET /ticket2/opencms/img/icons/sk.png HTTP/1.1" 200 1283
95.194.198.8 - - [26/Feb/2025:00:36:33 +0100] "GET /ticket2/opencms/img/icons/sl.png HTTP/1.1" 200 966
95.194.198.8 - - [26/Feb/2025:00:36:33 +0100] "GET /ticket2/opencms/img/icons/uk.png HTTP/1.1" 200 1272
95.194.198.8 - - [26/Feb/2025:00:36:33 +0100] "GET /ticket2/opencms/img/icons/tr.png HTTP/1.1" 200 1636
95.194.198.8 - - [26/Feb/2025:00:36:33 +0100] "GET /ticket2/opencms/img/arrow-down.png HTTP/1.1" 200 192
66.249.64.33 - - [26/Feb/2025:00:36:33 +0100] "GET /ticket2/opencms/ga/buy/?page=1&edid=77C4D918-1D56-22F2-EE92-38BD6ED4FF46 HTTP/1.1" 200 121697
85.208.96.196 - - [26/Feb/2025:00:36:33 +0100] "GET /ticket2/opencms/sk/magazine/article?title=najdrahsie-prestupy-januaroveho-prestupoveho-obdobia HTTP/1.1" 200 93743
20.171.207.37 - - [26/Feb/2025:00:36:34 +0100] "GET /ticket2/opencms/set_aff_cookie.jsp?partner=2E02071B-A8C3-4CBA-3097-C27D61C02ED8&url=%252Fru%252Fbuy%252Findex.html%253Fpage%253D1%2526edid%253DE59A37DC-C4D5-8789-4A59-E1C7D847EADE%2526hlv%253D60c9e0fb-8e24-4b98-bbfd-23000a01000f%2523v_357677440 HTTP/1.1" 200 246
20.171.207.37 - - [26/Feb/2025:00:36:35 +0100] "GET /ticket2/opencms/set_aff_cookie.jsp?partner=2E02071B-A8C3-4CBA-3097-C27D61C02ED8&url=%252Fsv%252Fbuy%252Findex.html%253Fpage%253D1%2526edid%253D1B2497C9-50FD-C481-B810-5D82DC9B4FE5%2526hlv%253D6145b5ca-7518-4d08-ba56-60d00a01000f%2523v_388560626 HTTP/1.1" 200 246
95.194.198.8 - - [26/Feb/2025:00:36:36 +0100] "GET /ticket2/opencms/system/modules/com.gridnine.opencms.ticketbrokerage.site/resources/pics/ticket_info_button.png HTTP/1.1" 200 3820
95.194.198.8 - - [26/Feb/2025:00:36:36 +0100] "GET /ticket2/opencms/system/modules/com.gridnine.opencms.ticketbrokerage.site/resources/pics/footer-img.jpg HTTP/1.1" 200 67642
20.171.207.37 - - [26/Feb/2025:00:36:36 +0100] "GET /ticket2/opencms/set_aff_cookie.jsp?partner=2E02071B-A8C3-4CBA-3097-C27D61C02ED8&url=%252Fsv%252Fbuy%252Findex.html%253Fpage%253D1%2526edid%253D1964B21D-BF30-22BC-8931-DEC6C4EDF1DE%2526hlv%253D611514d1-f06c-448a-b6aa-7a5b0a01000f%2523v_1520994452 HTTP/1.1" 200 247
95.194.198.8 - - [26/Feb/2025:00:36:36 +0100] "GET /ticket2/opencms/img/check.png HTTP/1.1" 200 548
95.194.198.8 - - [26/Feb/2025:00:36:36 +0100] "GET /ticket2/opencms/img/mail.png HTTP/1.1" 200 403
95.194.198.8 - - [26/Feb/2025:00:36:36 +0100] "GET /ticket2/opencms/img/chat.png HTTP/1.1" 200 416
95.194.198.8 - - [26/Feb/2025:00:36:36 +0100] "GET /ticket2/opencms/img/arrow.png HTTP/1.1" 200 753
95.194.198.8 - - [26/Feb/2025:00:36:36 +0100] "GET /ticket2/opencms/system/modules/com.gridnine.opencms.ticketbrokerage.site/resources/pics/arrow.gif HTTP/1.1" 200 344
95.194.198.8 - - [26/Feb/2025:00:36:36 +0100] "GET /ticket2/opencms/system/modules/com.gridnine.opencms.ticketbrokerage.site/resources/pics/form_marker.gif HTTP/1.1" 200 43
95.194.198.8 - - [26/Feb/2025:00:36:36 +0100] "GET /ticket2/opencms/system/modules/com.gridnine.opencms.ticketbrokerage.site/resources/pics/button1_left.gif HTTP/1.1" 200 232
95.194.198.8 - - [26/Feb/2025:00:36:36 +0100] "GET /ticket2/opencms/system/modules/com.gridnine.opencms.ticketbrokerage.site/resources/pics/button1_center.gif HTTP/1.1" 200 66
95.194.198.8 - - [26/Feb/2025:00:36:36 +0100] "GET /ticket2/opencms/system/modules/com.gridnine.opencms.ticketbrokerage.site/resources/pics/button1_right.gif HTTP/1.1" 200 232
54.36.149.95 - - [26/Feb/2025:00:36:38 +0100] "GET /ticket2/opencms/pl/buy/?page=1&edid=40635446-3A1B-F16A-9B72-5E5BD25B028F HTTP/1.1" 200 108466
20.171.207.37 - - [26/Feb/2025:00:36:43 +0100] "GET /ticket2/opencms/set_aff_cookie.jsp?partner=2E02071B-A8C3-4CBA-3097-C27D61C02ED8&url=%252Fnl%252Fbuy%252Findex.html%253Fpage%253D1%2526edid%253D4D091DAA-A6FD-9335-E2FA-E89697CE58C9%2526hlv%253D60c9e81b-4e30-4ba6-86fa-23650a01000f%2523v_1416335144 HTTP/1.1" 200 247
54.36.148.71 - - [26/Feb/2025:00:36:53 +0100] "GET /ticket2/opencms/de/buy/?page=1&edid=20146FB3-A7AB-AA61-9E1A-7C70A530633D HTTP/1.1" 200 90029
66.249.64.32 - - [26/Feb/2025:00:36:54 +0100] "GET /ticket2/opencms/ga/buy/?page=1&edid=07DEB2A3-DF25-51E6-57DE-19F2D68F0F1B HTTP/1.1" 200 109036
20.171.207.37 - - [26/Feb/2025:00:36:55 +0100] "GET /ticket2/opencms/set_aff_cookie.jsp?partner=5E0CDF29-E7BE-9F6B-6869-7BF66B04006F&url=%252Fru%252Fbuy%252Findex.html%253Fpage%253D1%2526edid%253D2D8BABEA-B463-12A2-E630-9585FD2F3F33%2526hlv%253D60ca0c4a-56c8-46d4-8fc7-37800a01000f%2523v_1982985642 HTTP/1.1" 200 247
20.171.207.37 - - [26/Feb/2025:00:36:56 +0100] "GET /ticket2/opencms/set_aff_cookie.jsp?partner=2E02071B-A8C3-4CBA-3097-C27D61C02ED8&url=%252Fsv%252Fbuy%252Findex.html%253Fpage%253D1%2526edid%253DAD1489BC-D85F-F906-30B7-DAF56FC0FE6B%2526hlv%253D60f81708-6ab8-46c5-8df9-5d1e0a01000f%2523v_1578910279 HTTP/1.1" 200 247
84.211.189.200 - - [26/Feb/2025:00:36:57 +0100] "GET /ticket2/opencms/no/buy/?page=1&edid=6ED08D04-7263-AC79-DA04-AFB97DC97A00&hlv=6693908f-b5ec-4608-a330-74840a01000f HTTP/1.1" 200 135752
84.211.189.200 - - [26/Feb/2025:00:36:57 +0100] "GET /ticket2/opencms/system/modules/com.gridnine.opencms.ticketbrokerage.site/resources/css/ticketbrokerage.css HTTP/1.1" 200 39339
84.211.189.200 - - [26/Feb/2025:00:36:57 +0100] "GET /ticket2/opencms/system/modules/com.gridnine.opencms.ticketbrokerage.site/resources/js/jquery/jquery-ui.js HTTP/1.1" 200 228088
84.211.189.200 - - [26/Feb/2025:00:36:57 +0100] "GET /ticket2/opencms/system/modules/com.gridnine.opencms.ticketbrokerage.site/resources/css/jquery.fancybox.css HTTP/1.1" 200 4939
84.211.189.200 - - [26/Feb/2025:00:36:57 +0100] "GET /ticket2/opencms/system/modules/com.gridnine.opencms.ticketbrokerage.site/resources/js/functions.js HTTP/1.1" 200 1583
84.211.189.200 - - [26/Feb/2025:00:36:57 +0100] "GET /ticket2/opencms/system/modules/com.gridnine.opencms.ticketbrokerage.site/resources/css/jquery-ui.css HTTP/1.1" 200 33221
84.211.189.200 - - [26/Feb/2025:00:36:57 +0100] "GET /ticket2/opencms/system/modules/com.gridnine.opencms.ticketbrokerage.site/resources/css/calendar.css HTTP/1.1" 200 6871
84.211.189.200 - - [26/Feb/2025:00:36:57 +0100] "GET /ticket2/opencms/system/modules/com.gridnine.opencms.ticketbrokerage.site/resources/css/standard.css HTTP/1.1" 200 74207
84.211.189.200 - - [26/Feb/2025:00:36:57 +0100] "GET /ticket2/opencms/system/modules/com.gridnine.opencms.ticketbrokerage.site/resources/js/jquery/jquery.js HTTP/1.1" 200 93868
84.211.189.200 - - [26/Feb/2025:00:36:57 +0100] "GET /ticket2/opencms/system/modules/com.gridnine.opencms.ticketbrokerage.site/resources/js/calendar-en.js HTTP/1.1" 200 3338
84.211.189.200 - - [26/Feb/2025:00:36:57 +0100] "GET /ticket2/opencms/system/modules/com.gridnine.opencms.ticketbrokerage.site/resources/js/calendar.js HTTP/1.1" 200 49229
84.211.189.200 - - [26/Feb/2025:00:36:57 +0100] "GET /ticket2/opencms/system/modules/com.gridnine.opencms.ticketbrokerage.site/resources/js/calendar-setup.js HTTP/1.1" 200 4923
84.211.189.200 - - [26/Feb/2025:00:36:57 +0100] "GET /ticket2/opencms/system/modules/com.gridnine.opencms.ticketbrokerage.site/resources/js/jquery.fancybox.pack.js HTTP/1.1" 200 23187
84.211.189.200 - - [26/Feb/2025:00:36:57 +0100] "GET /ticket2/opencms/system/modules/com.gridnine.opencms.ticketbrokerage.site/resources/js/stickyfill.min.js HTTP/1.1" 200 5672
84.211.189.200 - - [26/Feb/2025:00:36:57 +0100] "GET /ticket2/opencms/system/modules/com.gridnine.opencms.ticketbrokerage.site/resources/js/jquery.placeholder.min.js HTTP/1.1" 200 1737
84.211.189.200 - - [26/Feb/2025:00:36:57 +0100] "GET /ticket2/opencms/system/modules/com.gridnine.opencms.ticketbrokerage.site/resources/js/common-ajax.js HTTP/1.1" 200 20175
84.211.189.200 - - [26/Feb/2025:00:36:57 +0100] "GET /ticket2/opencms/system/modules/com.gridnine.opencms.ticketbrokerage.site/resources/js/standard.js HTTP/1.1" 200 3983
84.211.189.200 - - [26/Feb/2025:00:36:57 +0100] "GET /ticket2/opencms/system/modules/com.gridnine.opencms.ticketbrokerage.site/resources/pics/logo-new.png HTTP/1.1" 200 13541
84.211.189.200 - - [26/Feb/2025:00:36:57 +0100] "GET /ticket2/opencms/img/insta.png HTTP/1.1" 200 3967
84.211.189.200 - - [26/Feb/2025:00:36:57 +0100] "GET /ticket2/opencms/img/fb.png HTTP/1.1" 200 1269
84.211.189.200 - - [26/Feb/2025:00:36:57 +0100] "GET /ticket2/opencms/no/ask-form.html HTTP/1.1" 200 2919
84.211.189.200 - - [26/Feb/2025:00:36:57 +0100] "GET /ticket2/opencms/system/modules/com.gridnine.opencms.ticketbrokerage.site/resources/pics/0.gif HTTP/1.1" 200 43
84.211.189.200 - - [26/Feb/2025:00:36:57 +0100] "GET /ticket2/opencms/system/galleries/pics/loftus.png HTTP/1.1" 200 227944
84.211.189.200 - - [26/Feb/2025:00:36:57 +0100] "GET /ticket2/opencms/system/modules/com.gridnine.opencms.ticketbrokerage.site/resources/pics/two_man.png HTTP/1.1" 200 3407
84.211.189.200 - - [26/Feb/2025:00:36:57 +0100] "GET /ticket2/opencms/system/modules/com.gridnine.opencms.ticketbrokerage.site/resources/pics/ticket_info_button.png HTTP/1.1" 200 3820
84.211.189.200 - - [26/Feb/2025:00:36:57 +0100] "GET /ticket2/opencms/system/modules/com.gridnine.opencms.ticketbrokerage.site/resources/pics/footer-img.jpg HTTP/1.1" 200 67642
84.211.189.200 - - [26/Feb/2025:00:36:57 +0100] "GET /ticket2/opencms/img/check.png HTTP/1.1" 200 548
84.211.189.200 - - [26/Feb/2025:00:36:57 +0100] "GET /ticket2/opencms/img/mail.png HTTP/1.1" 200 403
84.211.189.200 - - [26/Feb/2025:00:36:57 +0100] "GET /ticket2/opencms/img/chat.png HTTP/1.1" 200 416
84.211.189.200 - - [26/Feb/2025:00:36:57 +0100] "GET /ticket2/opencms/img/arrow.png HTTP/1.1" 200 753
84.211.189.200 - - [26/Feb/2025:00:36:57 +0100] "GET /ticket2/opencms/system/modules/com.gridnine.opencms.ticketbrokerage.site/resources/pics/arrow.gif HTTP/1.1" 200 344
84.211.189.200 - - [26/Feb/2025:00:36:57 +0100] "GET /ticket2/opencms/system/modules/com.gridnine.opencms.ticketbrokerage.site/resources/pics/form_marker.gif HTTP/1.1" 200 43
84.211.189.200 - - [26/Feb/2025:00:36:57 +0100] "GET /ticket2/opencms/system/modules/com.gridnine.opencms.ticketbrokerage.site/resources/pics/button1_left.gif HTTP/1.1" 200 232
84.211.189.200 - - [26/Feb/2025:00:36:57 +0100] "GET /ticket2/opencms/system/modules/com.gridnine.opencms.ticketbrokerage.site/resources/pics/button1_center.gif HTTP/1.1" 200 66
84.211.189.200 - - [26/Feb/2025:00:36:57 +0100] "GET /ticket2/opencms/system/modules/com.gridnine.opencms.ticketbrokerage.site/resources/pics/button1_right.gif HTTP/1.1" 200 232
84.211.189.200 - - [26/Feb/2025:00:36:58 +0100] "GET /ticket2/opencms/img/icons/globe-white.png HTTP/1.1" 200 947
84.211.189.200 - - [26/Feb/2025:00:36:58 +0100] "GET /ticket2/opencms/img/icons/se.png HTTP/1.1" 200 1258
84.211.189.200 - - [26/Feb/2025:00:36:58 +0100] "GET /ticket2/opencms/img/icons/fi.png HTTP/1.1" 200 1785
84.211.189.200 - - [26/Feb/2025:00:36:58 +0100] "GET /ticket2/opencms/img/icons/no.png HTTP/1.1" 200 1958
84.211.189.200 - - [26/Feb/2025:00:36:58 +0100] "GET /ticket2/opencms/img/icons/sq.png HTTP/1.1" 200 1619
84.211.189.200 - - [26/Feb/2025:00:36:58 +0100] "GET /ticket2/opencms/img/icons/be.png HTTP/1.1" 200 1663
84.211.189.200 - - [26/Feb/2025:00:36:58 +0100] "GET /ticket2/opencms/img/icons/bs.png HTTP/1.1" 200 1014
84.211.189.200 - - [26/Feb/2025:00:36:58 +0100] "GET /ticket2/opencms/img/icons/bg.png HTTP/1.1" 200 788
84.211.189.200 - - [26/Feb/2025:00:36:58 +0100] "GET /ticket2/opencms/img/icons/hr.png HTTP/1.1" 200 2024
84.211.189.200 - - [26/Feb/2025:00:36:58 +0100] "GET /ticket2/opencms/img/icons/cs.png HTTP/1.1" 200 1883
84.211.189.200 - - [26/Feb/2025:00:36:58 +0100] "GET /ticket2/opencms/img/icons/et.png HTTP/1.1" 200 754
84.211.189.200 - - [26/Feb/2025:00:36:58 +0100] "GET /ticket2/opencms/img/icons/el.png HTTP/1.1" 200 1637
84.211.189.200 - - [26/Feb/2025:00:36:58 +0100] "GET /ticket2/opencms/img/icons/ka.png HTTP/1.1" 200 860
84.211.189.200 - - [26/Feb/2025:00:36:58 +0100] "GET /ticket2/opencms/img/icons/hu.png HTTP/1.1" 200 733
84.211.189.200 - - [26/Feb/2025:00:36:58 +0100] "GET /ticket2/opencms/img/icons/is.png HTTP/1.1" 200 1884
84.211.189.200 - - [26/Feb/2025:00:36:58 +0100] "GET /ticket2/opencms/img/icons/ga.png HTTP/1.1" 200 1759
84.211.189.200 - - [26/Feb/2025:00:36:58 +0100] "GET /ticket2/opencms/img/icons/lv.png HTTP/1.1" 200 716
84.211.189.200 - - [26/Feb/2025:00:36:58 +0100] "GET /ticket2/opencms/img/icons/lt.png HTTP/1.1" 200 733
84.211.189.200 - - [26/Feb/2025:00:36:58 +0100] "GET /ticket2/opencms/img/icons/mt.png HTTP/1.1" 200 920
84.211.189.200 - - [26/Feb/2025:00:36:58 +0100] "GET /ticket2/opencms/img/icons/mo.png HTTP/1.1" 200 1468
84.211.189.200 - - [26/Feb/2025:00:36:58 +0100] "GET /ticket2/opencms/img/icons/ro.png HTTP/1.1" 200 1393
84.211.189.200 - - [26/Feb/2025:00:36:58 +0100] "GET /ticket2/opencms/img/icons/sr.png HTTP/1.1" 200 1602
84.211.189.200 - - [26/Feb/2025:00:36:58 +0100] "GET /ticket2/opencms/img/icons/sk.png HTTP/1.1" 200 1283
84.211.189.200 - - [26/Feb/2025:00:36:59 +0100] "GET /ticket2/opencms/img/icons/sl.png HTTP/1.1" 200 966
84.211.189.200 - - [26/Feb/2025:00:36:59 +0100] "GET /ticket2/opencms/img/icons/uk.png HTTP/1.1" 200 1272
84.211.189.200 - - [26/Feb/2025:00:36:59 +0100] "GET /ticket2/opencms/img/icons/en.png HTTP/1.1" 200 2415
84.211.189.200 - - [26/Feb/2025:00:36:59 +0100] "GET /ticket2/opencms/img/icons/tr.png HTTP/1.1" 200 1636
84.211.189.200 - - [26/Feb/2025:00:36:59 +0100] "GET /ticket2/opencms/img/arrow-down.png HTTP/1.1" 200 192
84.211.189.200 - - [26/Feb/2025:00:36:59 +0100] "GET /ticket2/opencms/img/icons/nl.png HTTP/1.1" 200 1255
84.211.189.200 - - [26/Feb/2025:00:36:59 +0100] "GET /ticket2/opencms/img/icons/de.png HTTP/1.1" 200 1124
84.211.189.200 - - [26/Feb/2025:00:37:00 +0100] "GET /ticket2/opencms/img/icons/dk.png HTTP/1.1" 200 1706
84.211.189.200 - - [26/Feb/2025:00:37:00 +0100] "GET /ticket2/opencms/img/icons/pl.png HTTP/1.1" 200 1578
84.211.189.200 - - [26/Feb/2025:00:37:00 +0100] "GET /ticket2/opencms/img/icons/fr.png HTTP/1.1" 200 1764
84.211.189.200 - - [26/Feb/2025:00:37:00 +0100] "GET /ticket2/opencms/img/icons/es.png HTTP/1.1" 200 1005
84.211.189.200 - - [26/Feb/2025:00:37:01 +0100] "GET /ticket2/opencms/img/icons/it.png HTTP/1.1" 200 2040
84.211.189.200 - - [26/Feb/2025:00:37:01 +0100] "GET /ticket2/opencms/img/icons/az.png HTTP/1.1" 200 1445
85.208.96.201 - - [26/Feb/2025:00:37:02 +0100] "GET /ticket2/opencms/sl/magazine/article?title=kylian-mbappe-navdusuje HTTP/1.1" 200 92630
66.220.149.18 - - [26/Feb/2025:00:37:02 +0100] "GET /ticket2/opencms/mt/buy?page=1&edid=3DA4D4F8-D0E8-FA39-BB7D-9FB474CBAB05 HTTP/1.1" 200 111252
20.171.207.37 - - [26/Feb/2025:00:37:04 +0100] "GET /ticket2/opencms/set_aff_cookie.jsp?partner=5E0CDF29-E7BE-9F6B-6869-7BF66B04006F&url=%252Ffi%252Fbuy%252Findex.html%253Fpage%253D1%2526edid%253DA2DDA4E4-44CC-604A-D0E5-6CFEACA7D15C%2526hlv%253D612aa865-d52c-4d8e-80d8-6d5c0a01000f%2523v_1498779117 HTTP/1.1" 200 247
124.243.182.124 - - [26/Feb/2025:00:37:06 +0100] "GET /ticket2/opencms/ga/buy?page=1&edid=B98837D3-1E81-8A8C-D0BB-1E445F8B9795 HTTP/1.1" 200 111865
54.36.148.181 - - [26/Feb/2025:00:37:06 +0100] "GET /ticket2/opencms/lv/buy/?page=1&edid=6DC3E8B1-EB9E-3B74-1E36-CDC7B60DF336 HTTP/1.1" 200 108628
20.171.207.37 - - [26/Feb/2025:00:37:08 +0100] "GET /ticket2/opencms/set_aff_cookie.jsp?partner=8F6DE15D-D831-5787-AE7E-FEFF53476F85&url=%252Ffi%252Fbuy%252Findex.html%253Fpage%253D1%2526edid%253D156562D2-0263-CCAA-DF54-9314F5D26523%2526hlv%253D60ca15b2-c0a0-4bed-91d2-3b1b0a01000f%2523v_1405906209 HTTP/1.1" 200 247
40.77.167.48 - - [26/Feb/2025:00:37:09 +0100] "GET /ticket2/opencms/cs/buy/?page=1&edid=60EFDC2E-D0E4-50A3-A8F0-F9555AFF82D2 HTTP/1.1" 200 111391
20.171.207.37 - - [26/Feb/2025:00:37:09 +0100] "GET /ticket2/opencms/set_aff_cookie.jsp?partner=692E2C6A-EC6F-1C93-AFCC-C5ACC23A93EA&url=%252Fsv%252Fbuy%252Findex.html%253Fpage%253D1%2526edid%253DCD9CCE5B-E45C-7CA4-806C-47052D704B01%2526hlv%253D60f82010-485c-4786-a552-5e5c0a01000f%2523v_131336403 HTTP/1.1" 200 246
95.194.198.8 - - [26/Feb/2025:00:37:11 +0100] "GET /ticket2/opencms/img/arrow-up.png HTTP/1.1" 200 193
51.8.102.100 - - [26/Feb/2025:00:37:12 +0100] "GET /ticket2/opencms/sv/konsertbiljetter/bruce_springsteen HTTP/1.1" 200 89480
20.171.207.37 - - [26/Feb/2025:00:37:13 +0100] "GET /ticket2/opencms/set_aff_cookie.jsp?partner=57601924-FB09-5BB2-867F-08B4EB522BA8&url=%252Fsv%252Fbuy%252Findex.html%253Fpage%253D1%2526edid%253D199EDE4E-5A92-8B6F-9481-A1A89D98DFB8%2526hlv%253D60f81799-2310-4a3f-9f86-5d3b0a01000f%2523v_349454515 HTTP/1.1" 200 246
185.191.171.11 - - [26/Feb/2025:00:37:13 +0100] "GET /ticket2/opencms/el/magazine/article?title=erlingk-mpraoyt-xaalant HTTP/1.1" 200 97118
51.8.102.22 - - [26/Feb/2025:00:37:13 +0100] "GET /ticket2/opencms/hr/sport/nogometne-ulaznice/la-liga/barcelona HTTP/1.1" 200 95336
51.8.102.237 - - [26/Feb/2025:00:37:13 +0100] "GET /ticket2/opencms/sr/sport/fudbalske-karte/la-liga/real-madrid HTTP/1.1" 200 94973
114.119.146.220 - - [26/Feb/2025:00:37:14 +0100] "GET /ticket2/opencms/en/venue/?venueid=0A150E76-62F4-C52C-086E-D4CAD50B046E HTTP/1.1" 200 85344
20.171.207.37 - - [26/Feb/2025:00:37:14 +0100] "GET /ticket2/opencms/set_aff_cookie.jsp?partner=692E2C6A-EC6F-1C93-AFCC-C5ACC23A93EA&url=%252Fsv%252Fbuy%252Findex.html%253Fpage%253D1%2526edid%253DF3756B07-2F5C-FFFD-72BE-0A74CDBD5EA0%2526hlv%253D6149ec5e-e13c-4da5-9eb0-1f820a01000f%2523v_658610701 HTTP/1.1" 200 246
66.249.64.96 - - [26/Feb/2025:00:37:15 +0100] "GET /ticket2/opencms/it/buy/?page=1&edid=2B56803E-AC8C-A7B6-6677-DE3656BCFC2C HTTP/1.1" 200 110726
52.167.144.22 - - [26/Feb/2025:00:37:15 +0100] "GET /ticket2/opencms/dk/buy?page=1&edid=BC0AB75F-F797-17F4-56BF-F25A545F0C05 HTTP/1.1" 200 110004
54.36.148.80 - - [26/Feb/2025:00:37:15 +0100] "GET /ticket2/opencms/dk/buy/?page=1&edid=C5373375-4DE5-4C49-7106-5A73E303534C HTTP/1.1" 200 107186
95.194.198.8 - - [26/Feb/2025:00:37:18 +0100] "GET /ticket2/opencms/img/icons/ticket2.thumbnail.png HTTP/1.1" 200 21519
95.194.198.8 - - [26/Feb/2025:00:37:18 +0100] "GET /ticket2/opencms/system/modules/com.gridnine.opencms.ticketbrokerage.site/resources/js/standard.js HTTP/1.1" 200 3983
20.171.207.37 - - [26/Feb/2025:00:37:18 +0100] "GET /ticket2/opencms/set_aff_cookie.jsp?partner=692E2C6A-EC6F-1C93-AFCC-C5ACC23A93EA&url=%252Fru%252Fbuy%252Findex.html%253Fpage%253D1%2526edid%253DDD7009E0-BEDD-5FDF-FBEC-9803C9276491%2526hlv%253D60ca1006-eef0-48d7-a27d-34ce0a01000f%2523v_1862546921 HTTP/1.1" 200 247
20.171.207.37 - - [26/Feb/2025:00:37:19 +0100] "GET /ticket2/opencms/set_aff_cookie.jsp?partner=692E2C6A-EC6F-1C93-AFCC-C5ACC23A93EA&url=%252Fru%252Fbuy%252Findex.html%253Fpage%253D1%2526edid%253D866FFC50-DF27-5378-DBAB-F17893C3BF22%2526hlv%253D60f815cc-0d6c-4a40-8628-5c9e0a01000f%2523v_907564682 HTTP/1.1" 200 246
40.77.167.22 - - [26/Feb/2025:00:37:19 +0100] "GET /ticket2/opencms/en/venue/?venueid=4DC8FB9D-B80E-E873-CA20-DF6B75642113 HTTP/1.1" 200 85271
40.77.167.9 - - [26/Feb/2025:00:37:20 +0100] "GET /ticket2/opencms/hu/buy?page=1&edid=6766F78A-6BD9-94D0-7B83-98B1A5D6F31E HTTP/1.1" 200 110876
20.171.207.37 - - [26/Feb/2025:00:37:22 +0100] "GET /ticket2/opencms/set_aff_cookie.jsp?partner=692E2C6A-EC6F-1C93-AFCC-C5ACC23A93EA&url=%252Fru%252Fbuy%252Findex.html%253Fpage%253D1%2526edid%253D5EBD2CAF-0480-558F-38B0-42EFEC65C121%2526hlv%253D6115228b-2214-4436-bf7c-07410a01000f%2523v_1696694075 HTTP/1.1" 200 247
185.191.171.11 - - [26/Feb/2025:00:37:23 +0100] "GET /ticket2/opencms/ga/magazine/article?title=januarifonstrets-dyraste-signeringar HTTP/1.1" 200 93974
20.171.207.37 - - [26/Feb/2025:00:37:23 +0100] "GET /ticket2/opencms/set_aff_cookie.jsp?partner=8F6DE15D-D831-5787-AE7E-FEFF53476F85&url=%252Fru%252Fbuy%252Findex.html%253Fpage%253D1%2526edid%253D1704DC47-D333-EEEA-B66A-BC4C3DDB8A1C%2526hlv%253D60ca0abe-4efc-487b-92b2-36b90a01000f%2523v_361693818 HTTP/1.1" 200 246
114.119.136.30 - - [26/Feb/2025:00:37:24 +0100] "GET /ticket2/opencms/et/buy?page=1&edid=361ACFCF-BD3F-764D-08F4-77B3E73B3174 HTTP/1.1" 200 112219
66.249.76.160 - - [26/Feb/2025:00:37:25 +0100] "GET /ticket2/opencms/fi/magazine/article?title=everton HTTP/1.1" 200 92324
20.171.207.37 - - [26/Feb/2025:00:37:25 +0100] "GET /ticket2/opencms/set_aff_cookie.jsp?partner=57601924-FB09-5BB2-867F-08B4EB522BA8&url=%252Fdk%252Fbuy%252Findex.html%253Fpage%253D1%2526edid%253D2EE5FE6D-D48C-F366-EBEF-C207DB7D5BC0%2526hlv%253D60f69951-f908-402e-8e3b-648d0a01000f%2523v_472359088 HTTP/1.1" 200 246
20.171.207.37 - - [26/Feb/2025:00:37:27 +0100] "GET /ticket2/opencms/set_aff_cookie.jsp?partner=5E0CDF29-E7BE-9F6B-6869-7BF66B04006F&url=%252Ffi%252Fbuy%252Findex.html%253Fpage%253D1%2526edid%253D038E9D5D-F853-3E62-678F-9F575C0DA65A%2526hlv%253D60ca0d7a-db28-4e6b-ad63-36360a01000f%2523v_995671171 HTTP/1.1" 200 246
69.171.230.9 - - [26/Feb/2025:00:37:28 +0100] "GET /ticket2/opencms/de/buy?page=1&edid=84A5FE5E-FE66-D83A-8A7D-B9483A93F0F3 HTTP/1.1" 200 111136
20.171.207.37 - - [26/Feb/2025:00:37:29 +0100] "GET /ticket2/opencms/set_aff_cookie.jsp?partner=692E2C6A-EC6F-1C93-AFCC-C5ACC23A93EA&url=%252Fen%252Fbuy%252Findex.html%253Fpage%253D1%2526edid%253D634076B4-32CF-CB6D-4015-7F823660D56E%2526hlv%253D610bcdfc-2de4-4713-a309-15e10a01000f%2523v_346447220 HTTP/1.1" 200 246
20.171.207.37 - - [26/Feb/2025:00:37:32 +0100] "GET /ticket2/opencms/set_aff_cookie.jsp?partner=692E2C6A-EC6F-1C93-AFCC-C5ACC23A93EA&url=%252Fnl%252Fbuy%252Findex.html%253Fpage%253D1%2526edid%253D497CFADB-43B9-65B9-4674-F7F3D004A91F%2526hlv%253D60d0e113-aa88-4e2a-88cb-40cb0a01000f%2523v_390686696 HTTP/1.1" 200 246
69.171.230.7 - - [26/Feb/2025:00:37:33 +0100] "GET /ticket2/opencms/de/buy?page=1&edid=656D28DC-44D7-F9B6-001A-A9537260D01A HTTP/1.1" 200 108174
54.36.148.235 - - [26/Feb/2025:00:37:34 +0100] "GET /ticket2/opencms/is/buy/?page=1&edid=DEA5A428-3980-E113-48A8-EB44E7BFB16B HTTP/1.1" 200 108696
66.249.64.98 - - [26/Feb/2025:00:37:35 +0100] "GET /ticket2/opencms/sk/magazine/article?title=bournemouth HTTP/1.1" 200 94000
173.252.69.114 - - [26/Feb/2025:00:37:37 +0100] "GET /ticket2/opencms/es/buy/?page=1&edid=7D62C8D6-8DC2-0BAA-B7B9-AB09CD79241A HTTP/1.1" 200 111859
20.171.207.37 - - [26/Feb/2025:00:37:37 +0100] "GET /ticket2/opencms/set_aff_cookie.jsp?partner=8F6DE15D-D831-5787-AE7E-FEFF53476F85&url=%252Fru%252Fbuy%252Findex.html%253Fpage%253D1%2526edid%253D66EA5353-0EED-D56D-04FB-B3F43B6CCED9%2526hlv%253D60ca0f81-44e4-4dc9-808a-36340a01000f%2523v_1606004151 HTTP/1.1" 200 247
54.36.148.0 - - [26/Feb/2025:00:37:43 +0100] "GET /ticket2/opencms/sl/magazine/article?title=mohamed-salah-podaljsati-z-liverpoolom HTTP/1.1" 200 95083
20.171.207.37 - - [26/Feb/2025:00:37:45 +0100] "GET /ticket2/opencms/set_aff_cookie.jsp?partner=8F6DE15D-D831-5787-AE7E-FEFF53476F85&url=%252Ffi%252Fbuy%252Findex.html%253Fpage%253D1%2526edid%253D7B81DA8C-BC62-30BF-75BA-614CF7ADBC43%2526hlv%253D6145bddf-81fc-47ad-bf65-65470a01000f%2523v_205088585 HTTP/1.1" 200 246
47.128.39.214 - - [26/Feb/2025:00:37:45 +0100] "GET /ticket2/opencms/bg/buy/?edid=7608A35C-00D9-64A3-BF47-D099F0A5B944 HTTP/1.1" 200 92496
52.167.144.22 - - [26/Feb/2025:00:37:45 +0100] "GET /ticket2/opencms/ro/buy/?page=1&edid=2C495116-CB98-C9E3-B9E8-389135800397 HTTP/1.1" 200 111128
20.171.207.37 - - [26/Feb/2025:00:37:49 +0100] "GET /ticket2/opencms/set_aff_cookie.jsp?partner=5E0CDF29-E7BE-9F6B-6869-7BF66B04006F&url=%252Fnl%252Fbuy%252Findex.html%253Fpage%253D1%2526edid%253D74A57CFE-A85C-345D-E9F7-0AF79537083B%2526hlv%253D6145b4ab-eef4-4528-afa7-60d00a01000f%2523v_115262853 HTTP/1.1" 200 246
85.208.96.205 - - [26/Feb/2025:00:37:50 +0100] "GET /ticket2/opencms/et/magazine/article?title=arsenal-laheneb-liverpoolile HTTP/1.1" 200 93045
54.36.149.75 - - [26/Feb/2025:00:37:54 +0100] "GET /ticket2/opencms/pl/buy/?page=1&edid=D9483F7A-81C2-71D7-77DF-D2197B102901 HTTP/1.1" 200 108468
20.171.207.37 - - [26/Feb/2025:00:37:56 +0100] "GET /ticket2/opencms/set_aff_cookie.jsp?partner=5E0CDF29-E7BE-9F6B-6869-7BF66B04006F&url=%252Fnl%252Fbuy%252Findex.html%253Fpage%253D1%2526edid%253D85266D8D-1EC2-A49C-0CF0-9DD81BE5F4FA%2526hlv%253D60f80f8b-ed6c-40b6-af7f-5a1e0a01000f%2523v_1557801212 HTTP/1.1" 200 247
66.249.64.46 - - [26/Feb/2025:00:37:56 +0100] "GET /ticket2/opencms/ga/buy/?page=1&edid=48E72B51-00CE-CE36-D8BB-29D37358C55B HTTP/1.1" 200 134705
52.167.144.181 - - [26/Feb/2025:00:37:58 +0100] "GET /ticket2/opencms/en/buy/?page=1&edid=C43AF7C0-26BE-B2AE-78CB-C76D3232FCED HTTP/1.1" 200 109099
20.171.207.37 - - [26/Feb/2025:00:37:59 +0100] "GET /ticket2/opencms/set_aff_cookie.jsp?partner=692E2C6A-EC6F-1C93-AFCC-C5ACC23A93EA&url=%252Ffi%252Fbuy%252Findex.html%253Fpage%253D1%2526edid%253DC4308E58-152A-45A7-B817-E9967A70F7B2%2526hlv%253D611badcd-c148-404b-a960-46da0a01000f%2523v_1784002627 HTTP/1.1" 200 247
47.128.34.185 - - [26/Feb/2025:00:38:01 +0100] "GET /ticket2/opencms/hu/buy/?edid=578ABCE9-06EA-4939-3CFF-C4F189A950CC HTTP/1.1" 200 91653
20.171.207.37 - - [26/Feb/2025:00:38:02 +0100] "GET /ticket2/opencms/set_aff_cookie.jsp?partner=8F6DE15D-D831-5787-AE7E-FEFF53476F85&url=%252Fru%252Fbuy%252Findex.html%253Fpage%253D1%2526edid%253D1B4751CF-7EC8-0480-D476-44B919D20500%2526hlv%253D60f815c1-cd0c-42fb-9257-5aaa0a01000f%2523v_908797123 HTTP/1.1" 200 246
69.171.230.4 - - [26/Feb/2025:00:38:03 +0100] "GET /ticket2/opencms/ga/buy?page=1&edid=268D8165-50F1-AAA8-6C6A-3ABAD53C8B35 HTTP/1.1" 200 112329
66.249.76.160 - - [26/Feb/2025:00:38:04 +0100] "GET /ticket2/opencms/no/buy/?page=1&edid=BF16D728-2B7F-6C27-C6E2-3A0A56645978 HTTP/1.1" 200 110176
114.119.151.93 - - [26/Feb/2025:00:38:05 +0100] "GET /ticket2/opencms/et/buy?page=1&=C9A8AEEB-8138-2B2A-FE7F-A0901A7D0AC8 HTTP/1.1" 200 -
20.171.207.37 - - [26/Feb/2025:00:38:06 +0100] "GET /ticket2/opencms/set_aff_cookie.jsp?partner=692E2C6A-EC6F-1C93-AFCC-C5ACC23A93EA&url=%252Fno%252Fbuy%252Findex.html%253Fpage%253D1%2526edid%253D6619AF23-B82A-4933-7AAB-7FCD989DC8B0%2526hlv%253D60ca1e3e-c360-41e7-aece-41190a01000f%2523v_826660534 HTTP/1.1" 200 246
45.89.148.85 - - [26/Feb/2025:00:38:06 +0100] "GET /ticket2/opencms/sv/buy?edid=66C22035-E7EA-E10A-4BFC-2C30733037DC&page=1 HTTP/1.1" 200 135588
85.208.96.203 - - [26/Feb/2025:00:38:06 +0100] "GET /ticket2/opencms/robots.txt HTTP/1.1" 200 773
20.171.207.37 - - [26/Feb/2025:00:38:07 +0100] "GET /ticket2/opencms/set_aff_cookie.jsp?partner=5E0CDF29-E7BE-9F6B-6869-7BF66B04006F&url=%252Ffi%252Fbuy%252Findex.html%253Fpage%253D1%2526edid%253D92D9A674-EDB4-A0FB-C5DF-A3BAFA7768AC%2526hlv%253D614ed569-8368-4127-8b84-7b3b0a01000f%2523v_2017793215 HTTP/1.1" 200 247
54.36.148.178 - - [26/Feb/2025:00:38:08 +0100] "GET /ticket2/opencms/pl/buy/?page=1&edid=92C32EFB-1ABC-12BA-1886-A9767DA4FF70 HTTP/1.1" 200 108625
85.208.96.208 - - [26/Feb/2025:00:38:09 +0100] "GET /ticket2/opencms/mt/about/contact/ HTTP/1.1" 200 86537
20.171.207.37 - - [26/Feb/2025:00:38:09 +0100] "GET /ticket2/opencms/set_aff_cookie.jsp?partner=2E02071B-A8C3-4CBA-3097-C27D61C02ED8&url=%252Fnl%252Fbuy%252Findex.html%253Fpage%253D1%2526edid%253DEBB2685E-B5CD-E71D-6D7A-2FAD449CA6CA%2526hlv%253D60f816c0-fe60-42d5-9130-5aaa0a01000f%2523v_1887663469 HTTP/1.1" 200 247
95.194.198.8 - - [26/Feb/2025:00:38:10 +0100] "GET /ticket2/opencms/sv/buy?page=2&sodvid=6693ad3f-e0f0-4e74-ac84-07f70a01000f HTTP/1.1" 200 119897
95.194.198.8 - - [26/Feb/2025:00:38:10 +0100] "GET /ticket2/opencms/system/modules/com.gridnine.opencms.ticketbrokerage.site/resources/js/calendar-en.js HTTP/1.1" 200 3338
95.194.198.8 - - [26/Feb/2025:00:38:10 +0100] "GET /ticket2/opencms/system/modules/com.gridnine.opencms.ticketbrokerage.site/resources/js/calendar-setup.js HTTP/1.1" 200 4923
95.194.198.8 - - [26/Feb/2025:00:38:10 +0100] "GET /ticket2/opencms/system/modules/com.gridnine.opencms.ticketbrokerage.site/resources/js/standard.js HTTP/1.1" 200 3983
95.194.198.8 - - [26/Feb/2025:00:38:10 +0100] "GET /ticket2/opencms/system/modules/com.gridnine.opencms.ticketbrokerage.site/resources/css/ticketbrokerage.css HTTP/1.1" 200 39339
95.194.198.8 - - [26/Feb/2025:00:38:10 +0100] "GET /ticket2/opencms/system/modules/com.gridnine.opencms.ticketbrokerage.site/resources/css/standard.css HTTP/1.1" 200 74207
95.194.198.8 - - [26/Feb/2025:00:38:10 +0100] "GET /ticket2/opencms/system/modules/com.gridnine.opencms.ticketbrokerage.site/resources/js/functions.js HTTP/1.1" 200 1583
95.194.198.8 - - [26/Feb/2025:00:38:10 +0100] "GET /ticket2/opencms/system/modules/com.gridnine.opencms.ticketbrokerage.site/resources/css/calendar.css HTTP/1.1" 200 6871
95.194.198.8 - - [26/Feb/2025:00:38:10 +0100] "GET /ticket2/opencms/system/modules/com.gridnine.opencms.ticketbrokerage.site/resources/js/calendar.js HTTP/1.1" 200 49229
95.194.198.8 - - [26/Feb/2025:00:38:10 +0100] "GET /ticket2/opencms/img/icons/hy.png HTTP/1.1" 200 1170
95.194.198.8 - - [26/Feb/2025:00:38:10 +0100] "GET /ticket2/opencms/img/icons/mk.png HTTP/1.1" 200 1405
85.208.96.207 - - [26/Feb/2025:00:38:12 +0100] "GET /ticket2/opencms/lt/magazine/article?title=uzdaryti-perejimu-langa-anksciau HTTP/1.1" 200 92639
20.171.207.37 - - [26/Feb/2025:00:38:13 +0100] "GET /ticket2/opencms/set_aff_cookie.jsp?partner=57601924-FB09-5BB2-867F-08B4EB522BA8&url=%252Fru%252Fbuy%252Findex.html%253Fpage%253D1%2526edid%253DF6EBEC67-5E5A-83A2-DB24-7CE5AAD87CF4%2526hlv%253D60ca11fb-8438-4020-91bb-34ce0a01000f%2523v_1768500800 HTTP/1.1" 200 247
166.108.232.15 - - [26/Feb/2025:00:38:14 +0100] "GET /ticket2/opencms/ga/buy?page=1&edid=91131440-6E9B-EF94-52C2-EDE415172430 HTTP/1.1" 200 112459
66.249.76.132 - - [26/Feb/2025:00:38:16 +0100] "GET /ticket2/opencms/ga/buy/?page=1&edid=D04A2A75-C354-C952-6F83-6468E82B896B HTTP/1.1" 200 111417
20.171.207.37 - - [26/Feb/2025:00:38:17 +0100] "GET /ticket2/opencms/set_aff_cookie.jsp?partner=57601924-FB09-5BB2-867F-08B4EB522BA8&url=%252Fno%252Fbuy%252Findex.html%253Fpage%253D1%2526edid%253D6CF59A44-C817-F554-FFD2-03AD6BC48C9A%2526hlv%253D611bb91e-76d8-4b1f-b790-4b1b0a01000f%2523v_1402770974 HTTP/1.1" 200 247
20.171.207.37 - - [26/Feb/2025:00:38:25 +0100] "GET /ticket2/opencms/set_aff_cookie.jsp?partner=5E0CDF29-E7BE-9F6B-6869-7BF66B04006F&url=%252Fdk%252Fbuy%252Findex.html%253Fpage%253D1%2526edid%253DAA8F437D-FB32-9DC7-FD41-122608E61459%2526hlv%253D610bcdaf-a304-478e-917c-146b0a01000f%2523v_900433088 HTTP/1.1" 200 246
20.171.207.37 - - [26/Feb/2025:00:38:26 +0100] "GET /ticket2/opencms/set_aff_cookie.jsp?partner=5E0CDF29-E7BE-9F6B-6869-7BF66B04006F&url=%252Fnl%252Fbuy%252Findex.html%253Fpage%253D1%2526edid%253D22EC4137-73E0-6CCE-0699-2175D4DB160A%2526hlv%253D60f816eb-8a98-46c0-ac7f-5d1e0a01000f%2523v_121733777 HTTP/1.1" 200 246
54.36.148.251 - - [26/Feb/2025:00:38:26 +0100] "GET /ticket2/opencms/de/sport/fussball-tickets/serie_a/roma HTTP/1.1" 200 99927
40.77.167.63 - - [26/Feb/2025:00:38:26 +0100] "GET /ticket2/opencms/en/magazine/article?title=ballon-dor-winner-2024 HTTP/1.1" 200 91827
202.8.42.153 - - [26/Feb/2025:00:38:27 +0100] "GET /ticket2/opencms/system/modules/com.gridnine.opencms.ticketbrokerage.site/resources/css/jquery-ui.css HTTP/1.1" 200 33221
202.8.42.153 - - [26/Feb/2025:00:38:27 +0100] "GET /ticket2/opencms/system/modules/com.gridnine.opencms.ticketbrokerage.site/resources/css/ticketbrokerage.css HTTP/1.1" 200 39339
202.8.42.153 - - [26/Feb/2025:00:38:27 +0100] "GET /ticket2/opencms/system/modules/com.gridnine.opencms.ticketbrokerage.site/resources/css/standard.css HTTP/1.1" 200 74207
202.8.42.153 - - [26/Feb/2025:00:38:27 +0100] "GET /ticket2/opencms/system/modules/com.gridnine.opencms.ticketbrokerage.site/resources/css/calendar.css HTTP/1.1" 200 6871
202.8.42.153 - - [26/Feb/2025:00:38:27 +0100] "GET /ticket2/opencms/system/modules/com.gridnine.opencms.ticketbrokerage.site/resources/css/jquery.fancybox.css HTTP/1.1" 200 4939
202.8.42.153 - - [26/Feb/2025:00:38:27 +0100] "GET /ticket2/opencms/system/modules/com.gridnine.opencms.ticketbrokerage.site/resources/js/jquery/jquery.js HTTP/1.1" 200 93868
202.8.42.153 - - [26/Feb/2025:00:38:27 +0100] "GET /ticket2/opencms/system/modules/com.gridnine.opencms.ticketbrokerage.site/resources/js/jquery/jquery-ui.js HTTP/1.1" 200 228088
202.8.42.153 - - [26/Feb/2025:00:38:27 +0100] "GET /ticket2/opencms/system/modules/com.gridnine.opencms.ticketbrokerage.site/resources/js/functions.js HTTP/1.1" 200 1583
202.8.42.153 - - [26/Feb/2025:00:38:27 +0100] "GET /ticket2/opencms/system/modules/com.gridnine.opencms.ticketbrokerage.site/resources/js/calendar.js HTTP/1.1" 200 49229
202.8.42.153 - - [26/Feb/2025:00:38:27 +0100] "GET /ticket2/opencms/system/modules/com.gridnine.opencms.ticketbrokerage.site/resources/js/calendar-en.js HTTP/1.1" 200 3338
202.8.42.153 - - [26/Feb/2025:00:38:27 +0100] "GET /ticket2/opencms/system/modules/com.gridnine.opencms.ticketbrokerage.site/resources/js/calendar-setup.js HTTP/1.1" 200 4923
202.8.42.153 - - [26/Feb/2025:00:38:27 +0100] "GET /ticket2/opencms/system/modules/com.gridnine.opencms.ticketbrokerage.site/resources/js/jquery.fancybox.pack.js HTTP/1.1" 200 23187
202.8.42.153 - - [26/Feb/2025:00:38:27 +0100] "GET /ticket2/opencms/system/modules/com.gridnine.opencms.ticketbrokerage.site/resources/js/stickyfill.min.js HTTP/1.1" 200 5672
202.8.42.153 - - [26/Feb/2025:00:38:27 +0100] "GET /ticket2/opencms/system/modules/com.gridnine.opencms.ticketbrokerage.site/resources/js/standard.js HTTP/1.1" 200 3983
202.8.42.153 - - [26/Feb/2025:00:38:27 +0100] "GET /ticket2/opencms/system/modules/com.gridnine.opencms.ticketbrokerage.site/resources/js/jquery.placeholder.min.js HTTP/1.1" 200 1737
202.8.42.153 - - [26/Feb/2025:00:38:27 +0100] "GET /ticket2/opencms/system/modules/com.gridnine.opencms.ticketbrokerage.site/resources/js/common-ajax.js HTTP/1.1" 200 20175
20.171.207.37 - - [26/Feb/2025:00:38:28 +0100] "GET /ticket2/opencms/set_aff_cookie.jsp?partner=692E2C6A-EC6F-1C93-AFCC-C5ACC23A93EA&url=%252Fnl%252Fbuy%252Findex.html%253Fpage%253D1%2526edid%253D6BB5D925-7637-CF92-181F-94B35FC14C77%2526hlv%253D60f81a00-5c50-443e-bbf7-5dc40a01000f%2523v_2045561060 HTTP/1.1" 200 247
20.171.207.37 - - [26/Feb/2025:00:38:29 +0100] "GET /ticket2/opencms/set_aff_cookie.jsp?partner=5E0CDF29-E7BE-9F6B-6869-7BF66B04006F&url=%252Ffi%252Fbuy%252Findex.html%253Fpage%253D1%2526edid%253D1262C5E9-4459-6D63-F273-010CB7E37FF2%2526hlv%253D60ca1483-57ec-41d3-ace1-3ad80a01000f%2523v_558223042 HTTP/1.1" 200 246
95.194.198.8 - - [26/Feb/2025:00:38:29 +0100] "GET /ticket2/opencms/sv/buy/ HTTP/1.1" 200 89796
95.194.198.8 - - [26/Feb/2025:00:38:29 +0100] "GET /ticket2/opencms/system/modules/com.gridnine.opencms.ticketbrokerage.site/resources/css/ticketbrokerage.css HTTP/1.1" 200 39339
95.194.198.8 - - [26/Feb/2025:00:38:29 +0100] "GET /ticket2/opencms/system/modules/com.gridnine.opencms.ticketbrokerage.site/resources/js/calendar-setup.js HTTP/1.1" 200 4923
95.194.198.8 - - [26/Feb/2025:00:38:29 +0100] "GET /ticket2/opencms/system/modules/com.gridnine.opencms.ticketbrokerage.site/resources/js/calendar.js HTTP/1.1" 200 49229
95.194.198.8 - - [26/Feb/2025:00:38:29 +0100] "GET /ticket2/opencms/system/modules/com.gridnine.opencms.ticketbrokerage.site/resources/js/standard.js HTTP/1.1" 200 3983
95.194.198.8 - - [26/Feb/2025:00:38:30 +0100] "GET /ticket2/opencms/system/modules/com.gridnine.opencms.ticketbrokerage.site/resources/css/calendar.css HTTP/1.1" 200 6871
95.194.198.8 - - [26/Feb/2025:00:38:30 +0100] "GET /ticket2/opencms/system/modules/com.gridnine.opencms.ticketbrokerage.site/resources/js/functions.js HTTP/1.1" 200 1583
95.194.198.8 - - [26/Feb/2025:00:38:30 +0100] "GET /ticket2/opencms/system/modules/com.gridnine.opencms.ticketbrokerage.site/resources/js/calendar-en.js HTTP/1.1" 200 3338
95.194.198.8 - - [26/Feb/2025:00:38:30 +0100] "GET /ticket2/opencms/system/modules/com.gridnine.opencms.ticketbrokerage.site/resources/css/standard.css HTTP/1.1" 200 74207
85.208.96.197 - - [26/Feb/2025:00:38:32 +0100] "GET /ticket2/opencms/tr/magazine/article?title=transfer-penceresini-daha-erken-kapatmak-mi HTTP/1.1" 200 92801
47.128.45.173 - - [26/Feb/2025:00:38:33 +0100] "GET /ticket2/opencms/sv/sport/fotbollsbiljetter/uefa-champions-league/arsenal/ HTTP/1.1" 200 88334
20.171.207.37 - - [26/Feb/2025:00:38:34 +0100] "GET /ticket2/opencms/set_aff_cookie.jsp?partner=57601924-FB09-5BB2-867F-08B4EB522BA8&url=%252Fru%252Fbuy%252Findex.html%253Fpage%253D1%2526edid%253DFC9B216F-B877-F7C1-34F3-A428EECDEFA0%2526hlv%253D6141c2c9-de9c-49f4-9d91-56cf0a01000f%2523v_1352009682 HTTP/1.1" 200 247
47.128.45.173 - - [26/Feb/2025:00:38:34 +0100] "GET /ticket2/opencms/system/modules/com.gridnine.opencms.ticketbrokerage.site/resources/css/calendar.css HTTP/1.1" 200 6871
20.171.207.37 - - [26/Feb/2025:00:38:35 +0100] "GET /ticket2/opencms/set_aff_cookie.jsp?partner=692E2C6A-EC6F-1C93-AFCC-C5ACC23A93EA&url=%252Fsv%252Fbuy%252Findex.html%253Fpage%253D1%2526edid%253D19C49911-D96E-9B7C-6316-E149EFD71C8E%2526hlv%253D60f96214-4548-4705-aa03-5cc70a01000f%2523v_1570099914 HTTP/1.1" 200 247
95.194.198.8 - - [26/Feb/2025:00:38:35 +0100] "GET /ticket2/opencms/sv/search.html?searchQuery=Leeds&submit= HTTP/1.1" 200 108816
95.194.198.8 - - [26/Feb/2025:00:38:35 +0100] "GET /ticket2/opencms/system/modules/com.gridnine.opencms.ticketbrokerage.site/resources/js/calendar-en.js HTTP/1.1" 200 3338
95.194.198.8 - - [26/Feb/2025:00:38:35 +0100] "GET /ticket2/opencms/system/modules/com.gridnine.opencms.ticketbrokerage.site/resources/js/calendar-setup.js HTTP/1.1" 200 4923
95.194.198.8 - - [26/Feb/2025:00:38:35 +0100] "GET /ticket2/opencms/system/modules/com.gridnine.opencms.ticketbrokerage.site/resources/css/ticketbrokerage.css HTTP/1.1" 200 39339
95.194.198.8 - - [26/Feb/2025:00:38:35 +0100] "GET /ticket2/opencms/system/modules/com.gridnine.opencms.ticketbrokerage.site/resources/js/standard.js HTTP/1.1" 200 3983
95.194.198.8 - - [26/Feb/2025:00:38:36 +0100] "GET /ticket2/opencms/system/modules/com.gridnine.opencms.ticketbrokerage.site/resources/js/functions.js HTTP/1.1" 200 1583
95.194.198.8 - - [26/Feb/2025:00:38:36 +0100] "GET /ticket2/opencms/system/modules/com.gridnine.opencms.ticketbrokerage.site/resources/css/standard.css HTTP/1.1" 200 74207
95.194.198.8 - - [26/Feb/2025:00:38:36 +0100] "GET /ticket2/opencms/system/modules/com.gridnine.opencms.ticketbrokerage.site/resources/css/calendar.css HTTP/1.1" 200 6871
95.194.198.8 - - [26/Feb/2025:00:38:36 +0100] "GET /ticket2/opencms/system/modules/com.gridnine.opencms.ticketbrokerage.site/resources/js/calendar.js HTTP/1.1" 200 49229
95.194.198.8 - - [26/Feb/2025:00:38:36 +0100] "GET /ticket2/opencms/system/modules/com.gridnine.opencms.ticketbrokerage.site/resources/pics/bank_1_nordea.png HTTP/1.1" 200 4807
95.194.198.8 - - [26/Feb/2025:00:38:36 +0100] "GET /ticket2/opencms/system/modules/com.gridnine.opencms.ticketbrokerage.site/resources/pics/bank_2_handelsbanken.png HTTP/1.1" 200 4509
95.194.198.8 - - [26/Feb/2025:00:38:36 +0100] "GET /ticket2/opencms/system/modules/com.gridnine.opencms.ticketbrokerage.site/resources/pics/bank_3_swedbank.png HTTP/1.1" 200 5740
95.194.198.8 - - [26/Feb/2025:00:38:36 +0100] "GET /ticket2/opencms/system/modules/com.gridnine.opencms.ticketbrokerage.site/resources/pics/bank_5_visa_mastercard.png HTTP/1.1" 200 8196
95.194.198.8 - - [26/Feb/2025:00:38:36 +0100] "GET /ticket2/opencms/system/modules/com.gridnine.opencms.ticketbrokerage.site/resources/pics/bank_4_seb.png HTTP/1.1" 200 2487
95.194.198.8 - - [26/Feb/2025:00:38:36 +0100] "GET /ticket2/opencms/system/modules/com.gridnine.opencms.ticketbrokerage.site/resources/pics/bank_6_american_express.png HTTP/1.1" 200 5570
95.194.198.8 - - [26/Feb/2025:00:38:36 +0100] "GET /ticket2/opencms/system/modules/com.gridnine.opencms.ticketbrokerage.site/resources/css/images/ui-bg_flat_75_ffffff_40x100.png HTTP/1.1" 404 -
95.194.198.8 - - [26/Feb/2025:00:38:36 +0100] "GET /ticket2/opencms/sv/ask-form.html HTTP/1.1" 200 2950
95.194.198.8 - - [26/Feb/2025:00:38:36 +0100] "GET /ticket2/opencms/system/modules/com.gridnine.opencms.ticketbrokerage.site/resources/css/ticketbrokerage.css HTTP/1.1" 200 39339
40.77.167.8 - - [26/Feb/2025:00:38:36 +0100] "GET /ticket2/opencms/fi/magazine/article?title=alexander-isak-rikkoo-ennatyksia HTTP/1.1" 200 92731
66.249.76.2 - - [26/Feb/2025:00:38:37 +0100] "GET /ticket2/opencms/es/buy/?page=1&edid=4981A465-C3DA-791B-A6A5-9D4DAB1B5DA0 HTTP/1.1" 200 112015
20.171.207.37 - - [26/Feb/2025:00:38:38 +0100] "GET /ticket2/opencms/set_aff_cookie.jsp?partner=692E2C6A-EC6F-1C93-AFCC-C5ACC23A93EA&url=%252Fnl%252Fbuy%252Findex.html%253Fpage%253D1%2526edid%253DBAF33BAB-F3FE-A596-F7A7-D750C5098FEC%2526hlv%253D60f69928-e5e0-4dec-9f3e-64540a01000f%2523v_2023916087 HTTP/1.1" 200 247
173.252.69.114 - - [26/Feb/2025:00:38:38 +0100] "GET /ticket2/opencms/cs/buy?page=1&edid=79B5950A-8F2F-84F8-FCAC-0BA8722B353B HTTP/1.1" 200 112538
20.171.207.37 - - [26/Feb/2025:00:38:39 +0100] "GET /ticket2/opencms/set_aff_cookie.jsp?partner=692E2C6A-EC6F-1C93-AFCC-C5ACC23A93EA&url=%252Fdk%252Fbuy%252Findex.html%253Fpage%253D1%2526edid%253D8283F0D6-DE7E-1E05-A6F6-A049523B2687%2526hlv%253D60f84b37-0c2c-4b4a-bde1-6f870a01000f%2523v_664299266 HTTP/1.1" 200 246
114.119.151.93 - - [26/Feb/2025:00:38:40 +0100] "GET /ticket2/opencms/en/venue/?venueid=ABC0464F-8805-FF17-3379-7EF70B4189E3 HTTP/1.1" 200 85328
20.171.207.37 - - [26/Feb/2025:00:38:40 +0100] "GET /ticket2/opencms/set_aff_cookie.jsp?partner=57601924-FB09-5BB2-867F-08B4EB522BA8&url=%252Fsv%252Fbuy%252Findex.html%253Fpage%253D1%2526edid%253D1704DC47-D333-EEEA-B66A-BC4C3DDB8A1C%2526hlv%253D61448de8-aca8-4c7e-bd55-760b0a01000f%2523v_521739211 HTTP/1.1" 200 246
54.36.148.92 - - [26/Feb/2025:00:38:43 +0100] "GET /ticket2/opencms/ka/buy?page=1&edid=40C0E1B7-ADB1-62A5-2AFA-BC9667D7636D HTTP/1.1" 200 114396
20.171.207.37 - - [26/Feb/2025:00:38:43 +0100] "GET /ticket2/opencms/set_aff_cookie.jsp?partner=2E02071B-A8C3-4CBA-3097-C27D61C02ED8&url=%252Fno%252Fbuy%252Findex.html%253Fpage%253D1%2526edid%253DF2C7182B-D237-C2BF-D71F-CBB98BBDC9C7%2526hlv%253D6149ebc2-c3a0-4d81-9cdc-1f000a01000f%2523v_1699097782 HTTP/1.1" 200 247
85.208.96.212 - - [26/Feb/2025:00:38:44 +0100] "GET /ticket2/opencms/dk/magazine/article?title=januarivinduets-dyreste-indkob HTTP/1.1" 200 92469
185.191.171.14 - - [26/Feb/2025:00:38:44 +0100] "GET /ticket2/opencms/sr/magazine/article?title=viktor-gyokeres-u-manchester-united HTTP/1.1" 200 93351
20.171.207.37 - - [26/Feb/2025:00:38:48 +0100] "GET /ticket2/opencms/set_aff_cookie.jsp?partner=692E2C6A-EC6F-1C93-AFCC-C5ACC23A93EA&url=%252Fsv%252Fbuy%252Findex.html%253Fpage%253D1%2526edid%253D50F18BFF-700E-1E6F-C17F-C358E206F903%2526hlv%253D61449282-fedc-4a81-9fbb-77330a01000f%2523v_654023951 HTTP/1.1" 200 246
40.77.167.154 - - [26/Feb/2025:00:38:50 +0100] "GET /ticket2/opencms/sk/buy/?page=1&edid=10C00DD9-2619-A832-C970-E24EDAAD57C7 HTTP/1.1" 200 110879
20.171.207.37 - - [26/Feb/2025:00:38:50 +0100] "GET /ticket2/opencms/set_aff_cookie.jsp?partner=57601924-FB09-5BB2-867F-08B4EB522BA8&url=%252Fdk%252Fbuy%252Findex.html%253Fpage%253D1%2526edid%253DCED6DE10-6695-ABEA-2AE7-19BEAE2C210B%2526hlv%253D61154ced-bcf0-4e09-aeda-16170a01000f%2523v_1525464274 HTTP/1.1" 200 247
114.119.130.210 - - [26/Feb/2025:00:38:50 +0100] "GET /ticket2/opencms/en/buy/?page=1&edid=875E6B51-C91B-C46E-A4FB-B3662BA0A6E8 HTTP/1.1" 200 109563
85.208.96.209 - - [26/Feb/2025:00:38:51 +0100] "GET /ticket2/opencms/is/magazine/article?title=arsenal-timabilsyfirlit HTTP/1.1" 200 95733
85.208.96.199 - - [26/Feb/2025:00:38:52 +0100] "GET /ticket2/opencms/de/magazine/article?title=manchester-united-hat-beschlossen-erik-ten-hag-zu-entlassen HTTP/1.1" 200 97921
