202.8.41.249 - - [26/Feb/2025:01:46:37 +0100] "GET /ticket2/opencms/system/modules/com.gridnine.opencms.ticketbrokerage.site/resources/js/functions.js HTTP/1.1" 200 1583
202.8.41.249 - - [26/Feb/2025:01:46:37 +0100] "GET /ticket2/opencms/system/modules/com.gridnine.opencms.ticketbrokerage.site/resources/js/jquery/jquery-ui.js HTTP/1.1" 200 228088
202.8.41.249 - - [26/Feb/2025:01:46:37 +0100] "GET /ticket2/opencms/system/modules/com.gridnine.opencms.ticketbrokerage.site/resources/js/calendar.js HTTP/1.1" 200 49229
202.8.41.249 - - [26/Feb/2025:01:46:37 +0100] "GET /ticket2/opencms/system/modules/com.gridnine.opencms.ticketbrokerage.site/resources/js/calendar-en.js HTTP/1.1" 200 3338
202.8.41.249 - - [26/Feb/2025:01:46:37 +0100] "GET /ticket2/opencms/system/modules/com.gridnine.opencms.ticketbrokerage.site/resources/js/calendar-setup.js HTTP/1.1" 200 4923
202.8.41.249 - - [26/Feb/2025:01:46:38 +0100] "GET /ticket2/opencms/system/modules/com.gridnine.opencms.ticketbrokerage.site/resources/js/jquery.fancybox.pack.js HTTP/1.1" 200 23187
202.8.41.249 - - [26/Feb/2025:01:46:38 +0100] "GET /ticket2/opencms/system/modules/com.gridnine.opencms.ticketbrokerage.site/resources/js/stickyfill.min.js HTTP/1.1" 200 5672
202.8.41.249 - - [26/Feb/2025:01:46:38 +0100] "GET /ticket2/opencms/system/modules/com.gridnine.opencms.ticketbrokerage.site/resources/js/standard.js HTTP/1.1" 200 3983
202.8.41.249 - - [26/Feb/2025:01:46:38 +0100] "GET /ticket2/opencms/system/modules/com.gridnine.opencms.ticketbrokerage.site/resources/js/jquery.placeholder.min.js HTTP/1.1" 200 1737
202.8.41.249 - - [26/Feb/2025:01:46:38 +0100] "GET /ticket2/opencms/system/modules/com.gridnine.opencms.ticketbrokerage.site/resources/js/common-ajax.js HTTP/1.1" 200 20175
69.176.91.98 - - [26/Feb/2025:01:46:40 +0100] "GET /ticket2/opencms/sk/sport/futbalove-listky/ligue-1 HTTP/1.1" 500 -
20.171.207.37 - - [26/Feb/2025:01:46:40 +0100] "GET /ticket2/opencms/set_aff_cookie.jsp?partner=2E02071B-A8C3-4CBA-3097-C27D61C02ED8&url=%252Fnl%252Fbuy%252Findex.html%253Fpage%253D1%2526edid%253D82E5C37F-CC9B-4569-1B88-1DB63DDA58A5%2526hlv%253D60c9eecb-efa4-49b3-9cf7-29c10a01000f%2523v_1517534317 HTTP/1.1" 200 247
20.171.207.37 - - [26/Feb/2025:01:46:42 +0100] "GET /ticket2/opencms/set_aff_cookie.jsp?partner=5E0CDF29-E7BE-9F6B-6869-7BF66B04006F&url=%252Fen%252Fbuy%252Findex.html%253Fpage%253D1%2526edid%253DFF0FFBB7-01D1-CC6B-4FB6-722B87EE8E38%2526hlv%253D60f95f27-2c84-4e89-92f7-59200a01000f%2523v_898420248 HTTP/1.1" 200 246
52.167.144.182 - - [26/Feb/2025:01:46:44 +0100] "GET /ticket2/opencms/uk/?page=6&comcatid=A17713B6-D984-201A-4143-ED4DB5ED5C2E&catid=0A6C99D2-F5BD-7A18-9A5F-5668827042E0&eventid=894DC58A-C9B9-A619-22E1-739D490A607E HTTP/1.1" 200 107483
20.171.207.37 - - [26/Feb/2025:01:46:46 +0100] "GET /ticket2/opencms/set_aff_cookie.jsp?partner=8F6DE15D-D831-5787-AE7E-FEFF53476F85&url=%252Fno%252Fbuy%252Findex.html%253Fpage%253D1%2526edid%253D6E64EF54-063D-0F55-A1E7-7781348B9C83%2526hlv%253D6149ec3e-af6c-4121-9660-1fbf0a01000f%2523v_145999580 HTTP/1.1" 200 246
216.244.66.238 - - [26/Feb/2025:01:46:47 +0100] "GET /ticket2/opencms/de/buy?page=1&edid=AD14D102-9A59-3E48-721F-B8412449464B HTTP/1.1" 200 110508
66.249.64.98 - - [26/Feb/2025:01:46:47 +0100] "GET /ticket2/opencms/de/buy/?page=1&edid=0C94170C-17F1-0823-E8AC-91EC149F33EC HTTP/1.1" 200 134670
114.119.130.154 - - [26/Feb/2025:01:46:48 +0100] "GET /ticket2/opencms/hr/buy?page=1&=C5944089-4BA1-6638-58B6-EE4373B33715 HTTP/1.1" 200 -
1.192.192.8 - - [26/Feb/2025:01:46:51 +0100] "GET /ticket2/opencms/ HTTP/1.1" 302 -
54.36.149.9 - - [26/Feb/2025:01:46:55 +0100] "GET /ticket2/opencms/dk/buy/?page=1&edid=871D7AC8-C2FD-89A7-A9D7-71A8AD06F3BB HTTP/1.1" 200 107240
47.128.99.223 - - [26/Feb/2025:01:46:55 +0100] "GET /ticket2/opencms/mo/buy/?edid=975D8DC0-4493-DC20-8886-EA148B097AEB HTTP/1.1" 200 91678
1.192.195.8 - - [26/Feb/2025:01:46:57 +0100] "GET /ticket2/opencms/en/ HTTP/1.1" 200 104983
20.171.207.37 - - [26/Feb/2025:01:47:00 +0100] "GET /ticket2/opencms/set_aff_cookie.jsp?partner=692E2C6A-EC6F-1C93-AFCC-C5ACC23A93EA&url=%252Ffi%252Fbuy%252Findex.html%253Fpage%253D1%2526edid%253D7911312C-1225-8A9E-7A3D-35D79ED30B2F%2526hlv%253D61126f1f-314c-46ca-926d-290b0a01000f%2523v_777048882 HTTP/1.1" 200 246
47.128.41.200 - - [26/Feb/2025:01:47:01 +0100] "GET /ticket2/opencms/sv/buy/?edid=0DB336ED-B184-1B25-4EA8-B6E94BBC2DBC HTTP/1.1" 200 91164
185.191.171.14 - - [26/Feb/2025:01:47:01 +0100] "GET /ticket2/opencms/lt/magazine/article?title=mes-esame-blogiausia-komanda-klubo-istorijoje HTTP/1.1" 200 92957
114.119.150.22 - - [26/Feb/2025:01:47:05 +0100] "GET /ticket2/opencms/en/venue/?venueid=CEBAC815-5D1D-DBE9-245F-8746AEBA6E09 HTTP/1.1" 200 85402
185.191.171.8 - - [26/Feb/2025:01:47:06 +0100] "GET /ticket2/opencms/sq/magazine/article?title=rodrigo-bentancur-pezullohet-per-shtate-ndeshje-pas-deklarates-raciste HTTP/1.1" 200 94897
47.128.41.200 - - [26/Feb/2025:01:47:07 +0100] "GET /ticket2/opencms/img/icons/hu.png HTTP/1.1" 200 733
1.192.195.11 - - [26/Feb/2025:01:47:07 +0100] "GET /ticket2/opencms/img/icons/ticket2.thumbnail.png HTTP/1.1" 200 21519
47.128.30.96 - - [26/Feb/2025:01:47:07 +0100] "GET /ticket2/opencms/fi/venue/?venueid=E6D4C5C5-380D-4772-E0D1-58201DC9D2A9 HTTP/1.1" 200 86926
111.119.233.179 - - [26/Feb/2025:01:47:07 +0100] "GET /ticket2/opencms/ga/buy?page=1&edid=CE176BC6-607A-1F10-781B-B350B44BEDAB HTTP/1.1" 200 112707
66.249.76.170 - - [26/Feb/2025:01:47:08 +0100] "GET /ticket2/opencms/hr/buy/?page=1&edid=525B48E2-20F0-0F2B-29AC-9E8FA8195723 HTTP/1.1" 200 108623
47.128.30.96 - - [26/Feb/2025:01:47:09 +0100] "GET /ticket2/opencms/img/mail.png HTTP/1.1" 200 403
20.171.207.37 - - [26/Feb/2025:01:47:10 +0100] "GET /ticket2/opencms/set_aff_cookie.jsp?partner=8F6DE15D-D831-5787-AE7E-FEFF53476F85&url=%252Fen%252Fbuy%252Findex.html%253Fpage%253D1%2526edid%253DD476BBBD-CF0B-7C17-55DD-EB91C312DE17%2526hlv%253D611bd33a-47b4-4f28-b689-57670a01000f%2523v_1226350014 HTTP/1.1" 200 247
54.36.148.30 - - [26/Feb/2025:01:47:10 +0100] "GET /ticket2/opencms/dk/buy/?page=1&edid=921154C3-BF4F-9061-5CFB-8ECC0A8A34AE HTTP/1.1" 200 107200
85.208.96.202 - - [26/Feb/2025:01:47:12 +0100] "GET /ticket2/opencms/es/login HTTP/1.1" 200 91693
20.171.207.37 - - [26/Feb/2025:01:47:14 +0100] "GET /ticket2/opencms/set_aff_cookie.jsp?partner=8F6DE15D-D831-5787-AE7E-FEFF53476F85&url=%252Ffi%252Fbuy%252Findex.html%253Fpage%253D1%2526edid%253D598F3B0A-9912-7BA4-D7AA-A33BDA98D7B4%2526hlv%253D60ca153e-14e4-456a-ac00-369c0a01000f%2523v_1155170213 HTTP/1.1" 200 247
66.249.70.170 - - [26/Feb/2025:01:47:14 +0100] "GET /ticket2/opencms/pl/magazine/article?title=pilka-nozna HTTP/1.1" 200 94352
185.191.171.5 - - [26/Feb/2025:01:47:14 +0100] "GET /ticket2/opencms/ga/magazine/article?title=rodrigo-bentancur-afforo-asram-nsia-nna-mfe-akyi-no-w-atoro-adaka-a-y-amammer-ne HTTP/1.1" 200 94791
66.249.64.130 - - [26/Feb/2025:01:47:15 +0100] "GET /ticket2/opencms/el/sell/?edid=5CBB442D-D365-7F4F-B999-AA88D946C632 HTTP/1.1" 302 -
20.171.207.37 - - [26/Feb/2025:01:47:16 +0100] "GET /ticket2/opencms/set_aff_cookie.jsp?partner=692E2C6A-EC6F-1C93-AFCC-C5ACC23A93EA&url=%252Fno%252Fbuy%252Findex.html%253Fpage%253D1%2526edid%253D0918B947-793A-2AE6-89D7-3BA5603B1356%2526hlv%253D60c9f002-f348-4dc1-9dec-29c00a01000f%2523v_1236847492 HTTP/1.1" 200 247
85.208.96.195 - - [26/Feb/2025:01:47:17 +0100] "GET /ticket2/opencms/it/faq/ HTTP/1.1" 200 93725
20.171.207.37 - - [26/Feb/2025:01:47:17 +0100] "GET /ticket2/opencms/set_aff_cookie.jsp?partner=692E2C6A-EC6F-1C93-AFCC-C5ACC23A93EA&url=%252Fsv%252Fbuy%252Findex.html%253Fpage%253D1%2526edid%253D4FAD1BD6-DF99-C994-2BAC-1FA11B49BBF7%2526hlv%253D60f81f42-8504-4d8c-be84-60320a01000f%2523v_368217861 HTTP/1.1" 200 246
66.249.76.170 - - [26/Feb/2025:01:47:18 +0100] "GET /ticket2/opencms/el/login/?url=/el/sell/ HTTP/1.1" 200 93440
20.171.207.37 - - [26/Feb/2025:01:47:18 +0100] "GET /ticket2/opencms/set_aff_cookie.jsp?partner=692E2C6A-EC6F-1C93-AFCC-C5ACC23A93EA&url=%252Fsv%252Fbuy%252Findex.html%253Fpage%253D1%2526edid%253DD07DCEFA-35D1-5F34-400B-00D74939FF4F%2526hlv%253D611271ad-8924-402c-a1fc-298c0a01000f%2523v_1799857424 HTTP/1.1" 200 247
85.208.96.196 - - [26/Feb/2025:01:47:20 +0100] "GET /ticket2/opencms/robots.txt HTTP/1.1" 200 773
85.208.96.205 - - [26/Feb/2025:01:47:21 +0100] "GET /ticket2/opencms/lt/magazine/article?title=perejimas-i-meksikos-rayados HTTP/1.1" 200 94814
216.244.66.238 - - [26/Feb/2025:01:47:21 +0100] "GET /ticket2/opencms/et/buy?page=1&edid=9C142AB0-2A14-1DDC-4371-7642BF95E277 HTTP/1.1" 200 111693
20.171.207.37 - - [26/Feb/2025:01:47:22 +0100] "GET /ticket2/opencms/set_aff_cookie.jsp?partner=2E02071B-A8C3-4CBA-3097-C27D61C02ED8&url=%252Fen%252Fbuy%252Findex.html%253Fpage%253D1%2526edid%253DFABCE528-F916-4368-C148-CD3FBF7DABD2%2526hlv%253D61154e3b-eb50-4e7f-8d59-15fa0a01000f%2523v_291884258 HTTP/1.1" 200 246
20.171.207.37 - - [26/Feb/2025:01:47:25 +0100] "GET /ticket2/opencms/set_aff_cookie.jsp?partner=5E0CDF29-E7BE-9F6B-6869-7BF66B04006F&url=%252Fru%252Fbuy%252Findex.html%253Fpage%253D1%2526edid%253DBF34F1E5-432B-C27C-0DC0-AA009BE6EB81%2526hlv%253D60f8171c-b9ec-4b8f-97d2-5d370a01000f%2523v_1324944902 HTTP/1.1" 200 247
1.192.195.8 - - [26/Feb/2025:01:47:25 +0100] "GET /ticket2/opencms/robots.txt HTTP/1.1" 200 773
20.171.207.37 - - [26/Feb/2025:01:47:27 +0100] "GET /ticket2/opencms/set_aff_cookie.jsp?partner=57601924-FB09-5BB2-867F-08B4EB522BA8&url=%252Fnl%252Fbuy%252Findex.html%253Fpage%253D1%2526edid%253DDEBB69BB-3BAB-F0BE-B5F2-8B7120D1A9CB%2526hlv%253D60f81601-65c0-4d55-860b-5a940a01000f%2523v_1786245387 HTTP/1.1" 200 247
66.249.64.130 - - [26/Feb/2025:01:47:29 +0100] "GET /ticket2/opencms/tr/buy?page=1&edid=C8E47E46-ADCD-586A-7BE4-CF1C96256B2D&hlv=666d4477-9484-42d9-910e-603b0a01000f HTTP/1.1" 200 113916
185.191.171.8 - - [26/Feb/2025:01:47:30 +0100] "GET /ticket2/opencms/el/magazine/article?title=lionel-messi-enas-apo-toys-pio-po8htoys-talantoyxoys-paiktes-olwn-twn-epoxwn HTTP/1.1" 200 97897
20.171.207.37 - - [26/Feb/2025:01:47:34 +0100] "GET /ticket2/opencms/set_aff_cookie.jsp?partner=5E0CDF29-E7BE-9F6B-6869-7BF66B04006F&url=%252Fdk%252Fbuy%252Findex.html%253Fpage%253D1%2526edid%253DF9D480C8-CC9A-5C4B-D090-F29D97AF622B%2526hlv%253D60c9eb32-9188-4e5f-84c9-280b0a01000f%2523v_1729663164 HTTP/1.1" 200 247
47.128.59.210 - - [26/Feb/2025:01:47:34 +0100] "GET /ticket2/opencms/fi/venue/?venueid=D445411B-08FC-6F4E-CAC0-2B74ADA8AFFF HTTP/1.1" 200 86865
85.208.96.205 - - [26/Feb/2025:01:47:35 +0100] "GET /ticket2/opencms/sv/magazine/article?title=hugo-larsson-20-aringen-som-gar-fran-klarhet-till-klarhet HTTP/1.1" 200 95675
54.36.148.22 - - [26/Feb/2025:01:47:37 +0100] "GET /ticket2/opencms/et/sport/jalgpallipiletid/serie-a/genoa HTTP/1.1" 200 99539
202.8.43.112 - - [26/Feb/2025:01:47:38 +0100] "GET /ticket2/opencms/system/modules/com.gridnine.opencms.ticketbrokerage.site/resources/css/jquery.fancybox.css HTTP/1.1" 200 4939
202.8.43.112 - - [26/Feb/2025:01:47:38 +0100] "GET /ticket2/opencms/system/modules/com.gridnine.opencms.ticketbrokerage.site/resources/css/jquery-ui.css HTTP/1.1" 200 33221
202.8.43.112 - - [26/Feb/2025:01:47:38 +0100] "GET /ticket2/opencms/system/modules/com.gridnine.opencms.ticketbrokerage.site/resources/css/calendar.css HTTP/1.1" 200 6871
202.8.43.112 - - [26/Feb/2025:01:47:38 +0100] "GET /ticket2/opencms/system/modules/com.gridnine.opencms.ticketbrokerage.site/resources/css/ticketbrokerage.css HTTP/1.1" 200 39339
202.8.43.112 - - [26/Feb/2025:01:47:38 +0100] "GET /ticket2/opencms/system/modules/com.gridnine.opencms.ticketbrokerage.site/resources/css/standard.css HTTP/1.1" 200 74207
202.8.43.112 - - [26/Feb/2025:01:47:38 +0100] "GET /ticket2/opencms/system/modules/com.gridnine.opencms.ticketbrokerage.site/resources/js/functions.js HTTP/1.1" 200 1583
202.8.43.112 - - [26/Feb/2025:01:47:38 +0100] "GET /ticket2/opencms/system/modules/com.gridnine.opencms.ticketbrokerage.site/resources/js/jquery/jquery.js HTTP/1.1" 200 93868
202.8.43.112 - - [26/Feb/2025:01:47:38 +0100] "GET /ticket2/opencms/system/modules/com.gridnine.opencms.ticketbrokerage.site/resources/js/jquery/jquery-ui.js HTTP/1.1" 200 228088
202.8.43.112 - - [26/Feb/2025:01:47:38 +0100] "GET /ticket2/opencms/system/modules/com.gridnine.opencms.ticketbrokerage.site/resources/js/calendar.js HTTP/1.1" 200 49229
202.8.43.112 - - [26/Feb/2025:01:47:38 +0100] "GET /ticket2/opencms/system/modules/com.gridnine.opencms.ticketbrokerage.site/resources/js/calendar-en.js HTTP/1.1" 200 3338
202.8.43.112 - - [26/Feb/2025:01:47:39 +0100] "GET /ticket2/opencms/system/modules/com.gridnine.opencms.ticketbrokerage.site/resources/js/calendar-setup.js HTTP/1.1" 200 4923
202.8.43.112 - - [26/Feb/2025:01:47:39 +0100] "GET /ticket2/opencms/system/modules/com.gridnine.opencms.ticketbrokerage.site/resources/js/jquery.fancybox.pack.js HTTP/1.1" 200 23187
202.8.43.112 - - [26/Feb/2025:01:47:39 +0100] "GET /ticket2/opencms/system/modules/com.gridnine.opencms.ticketbrokerage.site/resources/js/stickyfill.min.js HTTP/1.1" 200 5672
202.8.43.112 - - [26/Feb/2025:01:47:39 +0100] "GET /ticket2/opencms/system/modules/com.gridnine.opencms.ticketbrokerage.site/resources/js/standard.js HTTP/1.1" 200 3983
202.8.43.112 - - [26/Feb/2025:01:47:39 +0100] "GET /ticket2/opencms/system/modules/com.gridnine.opencms.ticketbrokerage.site/resources/js/jquery.placeholder.min.js HTTP/1.1" 200 1737
202.8.43.112 - - [26/Feb/2025:01:47:39 +0100] "GET /ticket2/opencms/system/modules/com.gridnine.opencms.ticketbrokerage.site/resources/js/common-ajax.js HTTP/1.1" 200 20175
66.249.76.170 - - [26/Feb/2025:01:47:41 +0100] "GET /ticket2/opencms/be/buy/?page=1&edid=739E0803-1C1B-F2C0-1BBA-C74FC56F4279 HTTP/1.1" 200 113546
20.171.207.37 - - [26/Feb/2025:01:47:41 +0100] "GET /ticket2/opencms/set_aff_cookie.jsp?partner=23A6AD98-906E-5BDD-600E-EC4EC8A45F97&url=%252Fen%252Fbuy%252Findex.html%253Fpage%253D1%2526edid%253D1704DC47-D333-EEEA-B66A-BC4C3DDB8A1C%2526hlv%253D60ca0d13-1050-4b53-8f2b-36b90a01000f%2523v_403047100 HTTP/1.1" 200 246
1.192.195.11 - - [26/Feb/2025:01:47:41 +0100] "GET /ticket2/opencms/sitemap.xml HTTP/1.1" 200 501315
85.208.96.205 - - [26/Feb/2025:01:47:42 +0100] "GET /ticket2/opencms/fr/sport/billets-football/premier_league/arsenal/ HTTP/1.1" 200 94722
47.238.13.15 - - [26/Feb/2025:01:47:43 +0100] "GET /ticket2/opencms/en/buy?page=1&edid=6A452FCB-E86D-3985-3F4E-F9948D3BEE08 HTTP/1.1" 200 106727
66.249.76.170 - - [26/Feb/2025:01:47:44 +0100] "GET /ticket2/opencms/uk/buy/?page=1&edid=3500324C-4D6A-19B7-964B-816D2FCB76D2 HTTP/1.1" 200 113582
52.167.144.182 - - [26/Feb/2025:01:47:45 +0100] "GET /ticket2/opencms/fi/?page=6&comcatid=A17713B6-D984-201A-4143-ED4DB5ED5C2E&catid=0A6C99D2-F5BD-7A18-9A5F-5668827042E0&eventid=13E1C110-1E7D-C595-FE36-DCFCB7E73161 HTTP/1.1" 200 106436
20.171.207.37 - - [26/Feb/2025:01:47:47 +0100] "GET /ticket2/opencms/set_aff_cookie.jsp?partner=8F6DE15D-D831-5787-AE7E-FEFF53476F85&url=%252Ffi%252Fbuy%252Findex.html%253Fpage%253D1%2526edid%253D9F75CAFF-859B-AF24-5E2C-871DFD0095F5%2526hlv%253D6144980b-d4d0-4489-b4ee-79b10a01000f%2523v_1349315176 HTTP/1.1" 200 247
85.208.96.195 - - [26/Feb/2025:01:47:47 +0100] "GET /ticket2/opencms/et/magazine/article?title=tavalised-moisted-jalgpallis HTTP/1.1" 200 97458
20.171.207.37 - - [26/Feb/2025:01:47:49 +0100] "GET /ticket2/opencms/set_aff_cookie.jsp?partner=692E2C6A-EC6F-1C93-AFCC-C5ACC23A93EA&url=%252Fen%252Fbuy%252Findex.html%253Fpage%253D1%2526edid%253DF3756B07-2F5C-FFFD-72BE-0A74CDBD5EA0%2526hlv%253D6149f8d9-3d04-45cf-bc7b-28df0a01000f%2523v_1428449990 HTTP/1.1" 200 247
185.191.171.5 - - [26/Feb/2025:01:47:49 +0100] "GET /ticket2/opencms/dk/magazine/article?title=vi-er-det-darligste-hold-i-klubbens-historie HTTP/1.1" 200 92026
40.77.167.50 - - [26/Feb/2025:01:47:49 +0100] "GET /ticket2/opencms/mt/buy/?comcatid=A17713B6-D984-201A-4143-ED4DB5ED5C2E&catid=0A6C99D2-F5BD-7A18-9A5F-5668827042E0 HTTP/1.1" 200 189629
20.171.207.37 - - [26/Feb/2025:01:47:50 +0100] "GET /ticket2/opencms/set_aff_cookie.jsp?partner=2E02071B-A8C3-4CBA-3097-C27D61C02ED8&url=%252Ffi%252Fbuy%252Findex.html%253Fpage%253D1%2526edid%253D50F18BFF-700E-1E6F-C17F-C358E206F903%2526hlv%253D60ca0cbd-4458-473d-bc8e-36280a01000f%2523v_699230847 HTTP/1.1" 200 246
66.249.64.96 - - [26/Feb/2025:01:47:51 +0100] "GET /ticket2/opencms/de/buy/?page=1&edid=D96122AD-C3AA-80F5-DDA8-935E03AE952D HTTP/1.1" 200 134207
66.249.64.130 - - [26/Feb/2025:01:47:51 +0100] "GET /ticket2/opencms/el/buy/?page=1&edid=3500324C-4D6A-19B7-964B-816D2FCB76D2 HTTP/1.1" 200 115083
216.244.66.238 - - [26/Feb/2025:01:47:54 +0100] "GET /ticket2/opencms/is/buy?page=1&edid=F5BFC35C-9252-8495-D0AB-4A5E2C07EBBC HTTP/1.1" 200 108711
54.36.148.146 - - [26/Feb/2025:01:47:55 +0100] "GET /ticket2/opencms/no/sport/fotballsbilletter/serie_a/genoa HTTP/1.1" 200 96905
20.171.207.37 - - [26/Feb/2025:01:47:55 +0100] "GET /ticket2/opencms/set_aff_cookie.jsp?partner=5E0CDF29-E7BE-9F6B-6869-7BF66B04006F&url=%252Fdk%252Fbuy%252Findex.html%253Fpage%253D1%2526edid%253DCFB75162-A11D-70BF-58DA-F01E13735B85%2526hlv%253D610bd018-baa4-4d0a-9ea8-16280a01000f%2523v_904820417 HTTP/1.1" 200 246
202.8.43.89 - - [26/Feb/2025:01:47:56 +0100] "GET /ticket2/opencms/system/modules/com.gridnine.opencms.ticketbrokerage.site/resources/css/ticketbrokerage.css HTTP/1.1" 200 39339
202.8.43.89 - - [26/Feb/2025:01:47:56 +0100] "GET /ticket2/opencms/system/modules/com.gridnine.opencms.ticketbrokerage.site/resources/css/calendar.css HTTP/1.1" 200 6871
202.8.43.89 - - [26/Feb/2025:01:47:56 +0100] "GET /ticket2/opencms/system/modules/com.gridnine.opencms.ticketbrokerage.site/resources/css/jquery-ui.css HTTP/1.1" 200 33221
202.8.43.89 - - [26/Feb/2025:01:47:56 +0100] "GET /ticket2/opencms/system/modules/com.gridnine.opencms.ticketbrokerage.site/resources/css/jquery.fancybox.css HTTP/1.1" 200 4939
202.8.43.89 - - [26/Feb/2025:01:47:56 +0100] "GET /ticket2/opencms/system/modules/com.gridnine.opencms.ticketbrokerage.site/resources/css/standard.css HTTP/1.1" 200 74207
202.8.43.89 - - [26/Feb/2025:01:47:56 +0100] "GET /ticket2/opencms/system/modules/com.gridnine.opencms.ticketbrokerage.site/resources/js/jquery/jquery.js HTTP/1.1" 200 93868
202.8.43.89 - - [26/Feb/2025:01:47:56 +0100] "GET /ticket2/opencms/system/modules/com.gridnine.opencms.ticketbrokerage.site/resources/js/functions.js HTTP/1.1" 200 1583
202.8.43.89 - - [26/Feb/2025:01:47:56 +0100] "GET /ticket2/opencms/system/modules/com.gridnine.opencms.ticketbrokerage.site/resources/js/calendar-en.js HTTP/1.1" 200 3338
202.8.43.89 - - [26/Feb/2025:01:47:56 +0100] "GET /ticket2/opencms/system/modules/com.gridnine.opencms.ticketbrokerage.site/resources/js/calendar.js HTTP/1.1" 200 49229
202.8.43.89 - - [26/Feb/2025:01:47:56 +0100] "GET /ticket2/opencms/system/modules/com.gridnine.opencms.ticketbrokerage.site/resources/js/jquery/jquery-ui.js HTTP/1.1" 200 228088
202.8.43.89 - - [26/Feb/2025:01:47:56 +0100] "GET /ticket2/opencms/system/modules/com.gridnine.opencms.ticketbrokerage.site/resources/js/calendar-setup.js HTTP/1.1" 200 4923
202.8.43.89 - - [26/Feb/2025:01:47:56 +0100] "GET /ticket2/opencms/system/modules/com.gridnine.opencms.ticketbrokerage.site/resources/js/stickyfill.min.js HTTP/1.1" 200 5672
202.8.43.89 - - [26/Feb/2025:01:47:56 +0100] "GET /ticket2/opencms/system/modules/com.gridnine.opencms.ticketbrokerage.site/resources/js/jquery.fancybox.pack.js HTTP/1.1" 200 23187
202.8.43.89 - - [26/Feb/2025:01:47:56 +0100] "GET /ticket2/opencms/system/modules/com.gridnine.opencms.ticketbrokerage.site/resources/js/standard.js HTTP/1.1" 200 3983
202.8.43.89 - - [26/Feb/2025:01:47:56 +0100] "GET /ticket2/opencms/system/modules/com.gridnine.opencms.ticketbrokerage.site/resources/js/jquery.placeholder.min.js HTTP/1.1" 200 1737
202.8.43.89 - - [26/Feb/2025:01:47:56 +0100] "GET /ticket2/opencms/system/modules/com.gridnine.opencms.ticketbrokerage.site/resources/js/common-ajax.js HTTP/1.1" 200 20175
85.208.96.204 - - [26/Feb/2025:01:47:58 +0100] "GET /ticket2/opencms/lv/login/ HTTP/1.1" 200 91662
66.249.64.130 - - [26/Feb/2025:01:47:58 +0100] "GET /ticket2/opencms/hu/buy/?page=1&edid=9955BBA7-6063-22E0-6250-8AB9CB5C1852 HTTP/1.1" 200 108910
20.171.207.37 - - [26/Feb/2025:01:47:59 +0100] "GET /ticket2/opencms/set_aff_cookie.jsp?partner=692E2C6A-EC6F-1C93-AFCC-C5ACC23A93EA&url=%252Fru%252Fbuy%252Findex.html%253Fpage%253D1%2526edid%253D1704DC47-D333-EEEA-B66A-BC4C3DDB8A1C%2526hlv%253D614ed544-2884-4856-a727-7ac70a01000f%2523v_1501981205 HTTP/1.1" 200 247
20.171.207.37 - - [26/Feb/2025:01:48:00 +0100] "GET /ticket2/opencms/set_aff_cookie.jsp?partner=5E0CDF29-E7BE-9F6B-6869-7BF66B04006F&url=%252Fdk%252Fbuy%252Findex.html%253Fpage%253D1%2526edid%253DE0E0A92E-E970-D7B2-B5EB-9799FE58777D%2526hlv%253D60f8214d-2e64-4adc-b461-60bc0a01000f%2523v_1476317556 HTTP/1.1" 200 247
20.171.207.37 - - [26/Feb/2025:01:48:01 +0100] "GET /ticket2/opencms/set_aff_cookie.jsp?partner=692E2C6A-EC6F-1C93-AFCC-C5ACC23A93EA&url=%252Fsv%252Fbuy%252Findex.html%253Fpage%253D1%2526edid%253DE0E0A92E-E970-D7B2-B5EB-9799FE58777D%2526hlv%253D60f8214d-73b0-404b-ba47-60bc0a01000f%2523v_884892900 HTTP/1.1" 200 246
52.167.144.218 - - [26/Feb/2025:01:48:07 +0100] "GET /ticket2/opencms/sv/konsertbiljetter/ HTTP/1.1" 200 88169
66.249.76.170 - - [26/Feb/2025:01:48:08 +0100] "GET /ticket2/opencms/dk/buy/?page=1&edid=3500324C-4D6A-19B7-964B-816D2FCB76D2 HTTP/1.1" 200 109886
20.171.207.37 - - [26/Feb/2025:01:48:12 +0100] "GET /ticket2/opencms/set_aff_cookie.jsp?partner=2E02071B-A8C3-4CBA-3097-C27D61C02ED8&url=%252Ffi%252Fbuy%252Findex.html%253Fpage%253D1%2526edid%253DFC9B216F-B877-F7C1-34F3-A428EECDEFA0%2526hlv%253D6141c2c9-349c-4fc4-9fcb-56cf0a01000f%2523v_1730068299 HTTP/1.1" 200 247
20.171.207.37 - - [26/Feb/2025:01:48:14 +0100] "GET /ticket2/opencms/set_aff_cookie.jsp?partner=692E2C6A-EC6F-1C93-AFCC-C5ACC23A93EA&url=%252Fdk%252Fbuy%252Findex.html%253Fpage%253D1%2526edid%253D89FE7505-90F7-E10A-4E29-615C9B572E94%2526hlv%253D614d718a-1e30-4c7e-9c9a-773b0a01000f%2523v_930640737 HTTP/1.1" 200 246
85.208.96.195 - - [26/Feb/2025:01:48:15 +0100] "GET /ticket2/opencms/sq/magazine/article?title=neymar-kthehet-ne-shtepi HTTP/1.1" 200 93614
101.44.185.71 - - [26/Feb/2025:01:48:16 +0100] "GET /ticket2/opencms/ka/sport/pekhburti-biletebi/bundesliga/union_berlin HTTP/1.1" 200 100483
66.249.64.97 - - [26/Feb/2025:01:48:17 +0100] "GET /ticket2/opencms/de/buy/?page=1&edid=8D24B546-C583-0AE0-A1BF-4A34E2FE9CC5 HTTP/1.1" 200 111410
54.36.148.224 - - [26/Feb/2025:01:48:17 +0100] "GET /ticket2/opencms/de/sport/fussball-tickets/serie_a/salernitana HTTP/1.1" 200 97102
85.208.96.210 - - [26/Feb/2025:01:48:18 +0100] "GET /ticket2/opencms/lv/magazine/article?title=ka-izskatas-aleksandra-isaka-nakotne HTTP/1.1" 200 92832
202.8.41.119 - - [26/Feb/2025:01:48:18 +0100] "GET /ticket2/opencms/system/modules/com.gridnine.opencms.ticketbrokerage.site/resources/css/standard.css HTTP/1.1" 200 74207
202.8.41.119 - - [26/Feb/2025:01:48:18 +0100] "GET /ticket2/opencms/system/modules/com.gridnine.opencms.ticketbrokerage.site/resources/css/ticketbrokerage.css HTTP/1.1" 200 39339
202.8.41.119 - - [26/Feb/2025:01:48:18 +0100] "GET /ticket2/opencms/system/modules/com.gridnine.opencms.ticketbrokerage.site/resources/css/calendar.css HTTP/1.1" 200 6871
202.8.41.119 - - [26/Feb/2025:01:48:18 +0100] "GET /ticket2/opencms/system/modules/com.gridnine.opencms.ticketbrokerage.site/resources/css/jquery.fancybox.css HTTP/1.1" 200 4939
202.8.41.119 - - [26/Feb/2025:01:48:18 +0100] "GET /ticket2/opencms/system/modules/com.gridnine.opencms.ticketbrokerage.site/resources/css/jquery-ui.css HTTP/1.1" 200 33221
202.8.41.119 - - [26/Feb/2025:01:48:18 +0100] "GET /ticket2/opencms/system/modules/com.gridnine.opencms.ticketbrokerage.site/resources/js/jquery/jquery.js HTTP/1.1" 200 93868
202.8.41.119 - - [26/Feb/2025:01:48:18 +0100] "GET /ticket2/opencms/system/modules/com.gridnine.opencms.ticketbrokerage.site/resources/js/functions.js HTTP/1.1" 200 1583
202.8.41.119 - - [26/Feb/2025:01:48:18 +0100] "GET /ticket2/opencms/system/modules/com.gridnine.opencms.ticketbrokerage.site/resources/js/jquery/jquery-ui.js HTTP/1.1" 200 228088
202.8.41.119 - - [26/Feb/2025:01:48:18 +0100] "GET /ticket2/opencms/system/modules/com.gridnine.opencms.ticketbrokerage.site/resources/js/calendar-en.js HTTP/1.1" 200 3338
202.8.41.119 - - [26/Feb/2025:01:48:18 +0100] "GET /ticket2/opencms/system/modules/com.gridnine.opencms.ticketbrokerage.site/resources/js/calendar.js HTTP/1.1" 200 49229
202.8.41.119 - - [26/Feb/2025:01:48:18 +0100] "GET /ticket2/opencms/system/modules/com.gridnine.opencms.ticketbrokerage.site/resources/js/calendar-setup.js HTTP/1.1" 200 4923
202.8.41.119 - - [26/Feb/2025:01:48:18 +0100] "GET /ticket2/opencms/system/modules/com.gridnine.opencms.ticketbrokerage.site/resources/js/jquery.fancybox.pack.js HTTP/1.1" 200 23187
202.8.41.119 - - [26/Feb/2025:01:48:18 +0100] "GET /ticket2/opencms/system/modules/com.gridnine.opencms.ticketbrokerage.site/resources/js/stickyfill.min.js HTTP/1.1" 200 5672
202.8.41.119 - - [26/Feb/2025:01:48:18 +0100] "GET /ticket2/opencms/system/modules/com.gridnine.opencms.ticketbrokerage.site/resources/js/standard.js HTTP/1.1" 200 3983
202.8.41.119 - - [26/Feb/2025:01:48:19 +0100] "GET /ticket2/opencms/system/modules/com.gridnine.opencms.ticketbrokerage.site/resources/js/common-ajax.js HTTP/1.1" 200 20175
202.8.41.119 - - [26/Feb/2025:01:48:19 +0100] "GET /ticket2/opencms/system/modules/com.gridnine.opencms.ticketbrokerage.site/resources/js/jquery.placeholder.min.js HTTP/1.1" 200 1737
20.171.207.37 - - [26/Feb/2025:01:48:19 +0100] "GET /ticket2/opencms/set_aff_cookie.jsp?partner=692E2C6A-EC6F-1C93-AFCC-C5ACC23A93EA&url=%252Fen%252Fbuy%252Findex.html%253Fpage%253D1%2526edid%253D206313F9-F1C3-43C5-E48A-FCCE37D5461A%2526hlv%253D60f81f37-70cc-428f-bc87-5eb60a01000f%2523v_619524572 HTTP/1.1" 200 246
20.171.207.37 - - [26/Feb/2025:01:48:20 +0100] "GET /ticket2/opencms/set_aff_cookie.jsp?partner=2E02071B-A8C3-4CBA-3097-C27D61C02ED8&url=%252Fen%252Fbuy%252Findex.html%253Fpage%253D1%2526edid%253DB2C09047-47EF-D3CC-C470-1A1DFD8204C6%2526hlv%253D6140e36b-15cc-4fa1-a8f8-79710a01000f%2523v_143642774 HTTP/1.1" 200 246
20.171.207.37 - - [26/Feb/2025:01:48:21 +0100] "GET /ticket2/opencms/set_aff_cookie.jsp?partner=2E02071B-A8C3-4CBA-3097-C27D61C02ED8&url=%252Fsv%252Fbuy%252Findex.html%253Fpage%253D1%2526edid%253DBF769C73-E641-C78E-1EAA-79FE7F8D3894%2526hlv%253D60f81aba-cf20-4e93-9fbe-5df60a01000f%2523v_799857060 HTTP/1.1" 200 246
47.128.121.37 - - [26/Feb/2025:01:48:23 +0100] "GET /ticket2/opencms/bg/buy/?edid=92C32EFB-1ABC-12BA-1886-A9767DA4FF70 HTTP/1.1" 200 92480
20.171.207.37 - - [26/Feb/2025:01:48:23 +0100] "GET /ticket2/opencms/set_aff_cookie.jsp?partner=5E0CDF29-E7BE-9F6B-6869-7BF66B04006F&url=%252Ffi%252Fbuy%252Findex.html%253Fpage%253D1%2526edid%253DBF3AA6AC-945D-BFDA-58A9-FBECF19591A2%2526hlv%253D6115214d-a348-4750-9117-063c0a01000f%2523v_573929738 HTTP/1.1" 200 246
54.36.149.11 - - [26/Feb/2025:01:48:25 +0100] "GET /ticket2/opencms/az/magazine/article?title=rodrigo-bentancur-rasist-aciqlama-sebebinden-yeddi-oyunluq-diskvalifikasiya-olunub HTTP/1.1" 200 94233
20.171.207.37 - - [26/Feb/2025:01:48:25 +0100] "GET /ticket2/opencms/set_aff_cookie.jsp?partner=8F6DE15D-D831-5787-AE7E-FEFF53476F85&url=%252Fdk%252Fbuy%252Findex.html%253Fpage%253D1%2526edid%253DD3AC8ED2-9B15-6187-BB41-9830D862CD00%2526hlv%253D60c9ddfc-16b0-4a6b-a0f9-1e090a01000f%2523v_1435516874 HTTP/1.1" 200 247
216.244.66.238 - - [26/Feb/2025:01:48:25 +0100] "GET /ticket2/opencms/tr/buy?page=1&edid=0A9A92DD-C9BE-E94C-2EB9-3124FCA7591C HTTP/1.1" 200 108840
20.171.207.37 - - [26/Feb/2025:01:48:27 +0100] "GET /ticket2/opencms/set_aff_cookie.jsp?partner=2E02071B-A8C3-4CBA-3097-C27D61C02ED8&url=%252Fen%252Fbuy%252Findex.html%253Fpage%253D1%2526edid%253D0E138D6B-EAE4-AAFF-6AB5-84BFB6980E29%2526hlv%253D61154e32-35f4-4553-9fc2-15fa0a01000f%2523v_819826391 HTTP/1.1" 200 246
20.171.207.37 - - [26/Feb/2025:01:48:29 +0100] "GET /ticket2/opencms/set_aff_cookie.jsp?partner=2E02071B-A8C3-4CBA-3097-C27D61C02ED8&url=%252Fno%252Fbuy%252Findex.html%253Fpage%253D1%2526edid%253D49FEC43E-3E83-185B-C185-BAAB3CE353B1%2526hlv%253D60f81bf8-8c68-4233-810b-5e890a01000f%2523v_625887186 HTTP/1.1" 200 246
66.249.76.170 - - [26/Feb/2025:01:48:31 +0100] "GET /ticket2/opencms/no/buy/?page=1&edid=1C478580-39F3-86DC-8E36-CAB56950620B HTTP/1.1" 200 107980
114.119.153.152 - - [26/Feb/2025:01:48:33 +0100] "GET /ticket2/opencms/ga/buy?page=1&=6569E833-F58F-E565-7CC3-4E596C1015F9 HTTP/1.1" 200 -
66.249.64.110 - - [26/Feb/2025:01:48:33 +0100] "GET /ticket2/opencms/sl/buy/?page=1&edid=AC44825D-2793-0C67-BD3C-7AB6359F86DA HTTP/1.1" 200 117633
54.36.148.238 - - [26/Feb/2025:01:48:34 +0100] "GET /ticket2/opencms/be/sport/futbol-kvitki/serie-a/genoa HTTP/1.1" 200 100647
52.167.144.186 - - [26/Feb/2025:01:48:34 +0100] "GET /ticket2/opencms/fi/magazine/article?title=valiera-ranska-vs-espanja HTTP/1.1" 200 95583
20.171.207.37 - - [26/Feb/2025:01:48:35 +0100] "GET /ticket2/opencms/set_aff_cookie.jsp?partner=5E0CDF29-E7BE-9F6B-6869-7BF66B04006F&url=%252Fdk%252Fbuy%252Findex.html%253Fpage%253D1%2526edid%253D025EADBA-4CCB-DA07-4742-9BE67C2EAFE5%2526hlv%253D60f8449e-e9a4-4bc8-9cd3-6ed00a01000f%2523v_1525508770 HTTP/1.1" 200 247
202.8.43.182 - - [26/Feb/2025:01:48:35 +0100] "GET /ticket2/opencms/system/modules/com.gridnine.opencms.ticketbrokerage.site/resources/css/ticketbrokerage.css HTTP/1.1" 200 39339
202.8.43.182 - - [26/Feb/2025:01:48:35 +0100] "GET /ticket2/opencms/system/modules/com.gridnine.opencms.ticketbrokerage.site/resources/css/calendar.css HTTP/1.1" 200 6871
202.8.43.182 - - [26/Feb/2025:01:48:35 +0100] "GET /ticket2/opencms/system/modules/com.gridnine.opencms.ticketbrokerage.site/resources/css/jquery.fancybox.css HTTP/1.1" 200 4939
202.8.43.182 - - [26/Feb/2025:01:48:35 +0100] "GET /ticket2/opencms/system/modules/com.gridnine.opencms.ticketbrokerage.site/resources/css/jquery-ui.css HTTP/1.1" 200 33221
202.8.43.182 - - [26/Feb/2025:01:48:35 +0100] "GET /ticket2/opencms/system/modules/com.gridnine.opencms.ticketbrokerage.site/resources/js/functions.js HTTP/1.1" 200 1583
202.8.43.182 - - [26/Feb/2025:01:48:35 +0100] "GET /ticket2/opencms/system/modules/com.gridnine.opencms.ticketbrokerage.site/resources/css/standard.css HTTP/1.1" 200 74207
202.8.43.182 - - [26/Feb/2025:01:48:35 +0100] "GET /ticket2/opencms/system/modules/com.gridnine.opencms.ticketbrokerage.site/resources/js/jquery/jquery.js HTTP/1.1" 200 93868
202.8.43.182 - - [26/Feb/2025:01:48:35 +0100] "GET /ticket2/opencms/system/modules/com.gridnine.opencms.ticketbrokerage.site/resources/js/calendar.js HTTP/1.1" 200 49229
202.8.43.182 - - [26/Feb/2025:01:48:35 +0100] "GET /ticket2/opencms/system/modules/com.gridnine.opencms.ticketbrokerage.site/resources/js/jquery/jquery-ui.js HTTP/1.1" 200 228088
202.8.43.182 - - [26/Feb/2025:01:48:35 +0100] "GET /ticket2/opencms/system/modules/com.gridnine.opencms.ticketbrokerage.site/resources/js/calendar-en.js HTTP/1.1" 200 3338
202.8.43.182 - - [26/Feb/2025:01:48:35 +0100] "GET /ticket2/opencms/system/modules/com.gridnine.opencms.ticketbrokerage.site/resources/js/calendar-setup.js HTTP/1.1" 200 4923
202.8.43.182 - - [26/Feb/2025:01:48:35 +0100] "GET /ticket2/opencms/system/modules/com.gridnine.opencms.ticketbrokerage.site/resources/js/jquery.fancybox.pack.js HTTP/1.1" 200 23187
202.8.43.182 - - [26/Feb/2025:01:48:36 +0100] "GET /ticket2/opencms/system/modules/com.gridnine.opencms.ticketbrokerage.site/resources/js/stickyfill.min.js HTTP/1.1" 200 5672
202.8.43.182 - - [26/Feb/2025:01:48:36 +0100] "GET /ticket2/opencms/system/modules/com.gridnine.opencms.ticketbrokerage.site/resources/js/standard.js HTTP/1.1" 200 3983
202.8.43.182 - - [26/Feb/2025:01:48:36 +0100] "GET /ticket2/opencms/system/modules/com.gridnine.opencms.ticketbrokerage.site/resources/js/jquery.placeholder.min.js HTTP/1.1" 200 1737
202.8.43.182 - - [26/Feb/2025:01:48:36 +0100] "GET /ticket2/opencms/system/modules/com.gridnine.opencms.ticketbrokerage.site/resources/js/common-ajax.js HTTP/1.1" 200 20175
40.77.167.50 - - [26/Feb/2025:01:48:36 +0100] "GET /ticket2/opencms/ga/ HTTP/1.1" 200 107030
66.249.76.170 - - [26/Feb/2025:01:48:39 +0100] "GET /ticket2/opencms/az/buy/?page=1&edid=E283AC65-3197-392C-E040-FCBDD904729E&hlv=66d04e64-b594-45a9-8035-0a570a01000f HTTP/1.1" 200 123088
185.191.171.17 - - [26/Feb/2025:01:48:40 +0100] "GET /ticket2/opencms/az/magazine/article?title=alexander-isak-rekord-vurur HTTP/1.1" 200 92964
66.249.64.46 - - [26/Feb/2025:01:48:43 +0100] "GET /ticket2/opencms/lv/buy/?page=1&edid=EC2BC309-3510-AA04-CA0C-F3088D5C1D31 HTTP/1.1" 200 123919
20.171.207.37 - - [26/Feb/2025:01:48:44 +0100] "GET /ticket2/opencms/set_aff_cookie.jsp?partner=8F6DE15D-D831-5787-AE7E-FEFF53476F85&url=%252Fru%252Fbuy%252Findex.html%253Fpage%253D1%2526edid%253D2F7CCFEA-11D9-C739-94AB-D08CAE52A423%2526hlv%253D60f9600d-1824-4bd4-9cac-5cc90a01000f%2523v_759812368 HTTP/1.1" 200 246
52.167.144.184 - - [26/Feb/2025:01:48:45 +0100] "GET /ticket2/opencms/dk/sport/fodboldbilletter/premier-league/arsenal/ HTTP/1.1" 200 92927
54.36.148.248 - - [26/Feb/2025:01:48:50 +0100] "GET /ticket2/opencms/ro/sport/bilete-fotbal/serie-a/genoa HTTP/1.1" 200 99439
202.8.43.203 - - [26/Feb/2025:01:48:51 +0100] "GET /ticket2/opencms/system/modules/com.gridnine.opencms.ticketbrokerage.site/resources/css/standard.css HTTP/1.1" 200 74207
202.8.43.203 - - [26/Feb/2025:01:48:51 +0100] "GET /ticket2/opencms/system/modules/com.gridnine.opencms.ticketbrokerage.site/resources/css/calendar.css HTTP/1.1" 200 6871
202.8.43.203 - - [26/Feb/2025:01:48:51 +0100] "GET /ticket2/opencms/system/modules/com.gridnine.opencms.ticketbrokerage.site/resources/css/ticketbrokerage.css HTTP/1.1" 200 39339
202.8.43.203 - - [26/Feb/2025:01:48:51 +0100] "GET /ticket2/opencms/system/modules/com.gridnine.opencms.ticketbrokerage.site/resources/css/jquery-ui.css HTTP/1.1" 200 33221
202.8.43.203 - - [26/Feb/2025:01:48:51 +0100] "GET /ticket2/opencms/system/modules/com.gridnine.opencms.ticketbrokerage.site/resources/css/jquery.fancybox.css HTTP/1.1" 200 4939
202.8.43.203 - - [26/Feb/2025:01:48:51 +0100] "GET /ticket2/opencms/system/modules/com.gridnine.opencms.ticketbrokerage.site/resources/js/jquery/jquery.js HTTP/1.1" 200 93868
202.8.43.203 - - [26/Feb/2025:01:48:51 +0100] "GET /ticket2/opencms/system/modules/com.gridnine.opencms.ticketbrokerage.site/resources/js/calendar-en.js HTTP/1.1" 200 3338
202.8.43.203 - - [26/Feb/2025:01:48:51 +0100] "GET /ticket2/opencms/system/modules/com.gridnine.opencms.ticketbrokerage.site/resources/js/jquery/jquery-ui.js HTTP/1.1" 200 228088
202.8.43.203 - - [26/Feb/2025:01:48:51 +0100] "GET /ticket2/opencms/system/modules/com.gridnine.opencms.ticketbrokerage.site/resources/js/functions.js HTTP/1.1" 200 1583
202.8.43.203 - - [26/Feb/2025:01:48:51 +0100] "GET /ticket2/opencms/system/modules/com.gridnine.opencms.ticketbrokerage.site/resources/js/calendar.js HTTP/1.1" 200 49229
202.8.43.203 - - [26/Feb/2025:01:48:51 +0100] "GET /ticket2/opencms/system/modules/com.gridnine.opencms.ticketbrokerage.site/resources/js/calendar-setup.js HTTP/1.1" 200 4923
202.8.43.203 - - [26/Feb/2025:01:48:51 +0100] "GET /ticket2/opencms/system/modules/com.gridnine.opencms.ticketbrokerage.site/resources/js/jquery.fancybox.pack.js HTTP/1.1" 200 23187
202.8.43.203 - - [26/Feb/2025:01:48:51 +0100] "GET /ticket2/opencms/system/modules/com.gridnine.opencms.ticketbrokerage.site/resources/js/stickyfill.min.js HTTP/1.1" 200 5672
202.8.43.203 - - [26/Feb/2025:01:48:51 +0100] "GET /ticket2/opencms/system/modules/com.gridnine.opencms.ticketbrokerage.site/resources/js/standard.js HTTP/1.1" 200 3983
202.8.43.203 - - [26/Feb/2025:01:48:51 +0100] "GET /ticket2/opencms/system/modules/com.gridnine.opencms.ticketbrokerage.site/resources/js/jquery.placeholder.min.js HTTP/1.1" 200 1737
202.8.43.203 - - [26/Feb/2025:01:48:51 +0100] "GET /ticket2/opencms/system/modules/com.gridnine.opencms.ticketbrokerage.site/resources/js/common-ajax.js HTTP/1.1" 200 20175
66.249.64.130 - - [26/Feb/2025:01:48:53 +0100] "GET /ticket2/opencms/fr/buy/?page=1&edid=1C478580-39F3-86DC-8E36-CAB56950620B HTTP/1.1" 200 108500
85.208.96.200 - - [26/Feb/2025:01:48:53 +0100] "GET /ticket2/opencms/bg/buying_tickets HTTP/1.1" 200 90054
20.171.207.37 - - [26/Feb/2025:01:48:54 +0100] "GET /ticket2/opencms/set_aff_cookie.jsp?partner=692E2C6A-EC6F-1C93-AFCC-C5ACC23A93EA&url=%252Ffi%252Fbuy%252Findex.html%253Fpage%253D1%2526edid%253D1B4751CF-7EC8-0480-D476-44B919D20500%2526hlv%253D60f81679-a824-4342-b61d-5a1d0a01000f%2523v_137894921 HTTP/1.1" 200 246
216.244.66.238 - - [26/Feb/2025:01:48:54 +0100] "GET /ticket2/opencms/fr/buy?page=1&edid=78082CE8-FF07-6DCD-F684-97CDB9F54EAF HTTP/1.1" 200 108476
20.171.207.37 - - [26/Feb/2025:01:48:55 +0100] "GET /ticket2/opencms/set_aff_cookie.jsp?partner=692E2C6A-EC6F-1C93-AFCC-C5ACC23A93EA&url=%252Fru%252Fbuy%252Findex.html%253Fpage%253D1%2526edid%253DB6D0A9AB-69A7-9419-F7A9-AFE901370F8E%2526hlv%253D60f821f6-276c-461d-b4d3-5e5c0a01000f%2523v_1690401533 HTTP/1.1" 200 247
54.36.148.163 - - [26/Feb/2025:01:48:57 +0100] "GET /ticket2/opencms/es/magazine/article?title=graham-potter-de-suecia-a-la-premier-league HTTP/1.1" 200 97721
20.171.207.37 - - [26/Feb/2025:01:48:58 +0100] "GET /ticket2/opencms/set_aff_cookie.jsp?partner=2E02071B-A8C3-4CBA-3097-C27D61C02ED8&url=%252Fno%252Fbuy%252Findex.html%253Fpage%253D1%2526edid%253D26E1A9E2-98B6-A6E5-096E-D18D1A038FCE%2526hlv%253D60f8172f-f570-481e-ba76-5a1d0a01000f%2523v_198941185 HTTP/1.1" 200 246
85.208.96.197 - - [26/Feb/2025:01:49:00 +0100] "GET /ticket2/opencms/lt/magazine/article?title=mes-esame-blogiausia-komanda-klubo-istorijoje HTTP/1.1" 200 92953
20.171.207.37 - - [26/Feb/2025:01:49:00 +0100] "GET /ticket2/opencms/set_aff_cookie.jsp?partner=8F6DE15D-D831-5787-AE7E-FEFF53476F85&url=%252Fen%252Fbuy%252Findex.html%253Fpage%253D1%2526edid%253D6CF59A44-C817-F554-FFD2-03AD6BC48C9A%2526hlv%253D611bb91e-684c-4c8a-8484-4b1b0a01000f%2523v_1397543315 HTTP/1.1" 200 247
20.171.207.37 - - [26/Feb/2025:01:49:01 +0100] "GET /ticket2/opencms/set_aff_cookie.jsp?partner=2E02071B-A8C3-4CBA-3097-C27D61C02ED8&url=%252Ffi%252Fbuy%252Findex.html%253Fpage%253D1%2526edid%253D3FBB7D7B-D75F-7C1C-78F5-08C145E9FDB1%2526hlv%253D610bce49-4b08-426b-a8c6-16280a01000f%2523v_1024468239 HTTP/1.1" 200 247
85.208.96.202 - - [26/Feb/2025:01:49:02 +0100] "GET /ticket2/opencms/es/magazine/article?title=la-revolucion-futbolistica-de-pep-guardiola-la-influencia-de-un-maestro-tactico HTTP/1.1" 200 94606
20.171.207.37 - - [26/Feb/2025:01:49:02 +0100] "GET /ticket2/opencms/set_aff_cookie.jsp?partner=5E0CDF29-E7BE-9F6B-6869-7BF66B04006F&url=%252Fru%252Fbuy%252Findex.html%253Fpage%253D1%2526edid%253DD5ECBB60-B9DE-C9C5-5B4C-845CEC40C77F%2526hlv%253D61154e1d-d608-48ef-b8b1-16db0a01000f%2523v_595097612 HTTP/1.1" 200 246
54.36.149.79 - - [26/Feb/2025:01:49:03 +0100] "GET /ticket2/opencms/hr/buy/?page=1&edid=8E10E53D-20CB-D950-05F1-34EA3BA03F55 HTTP/1.1" 200 108602
54.36.148.83 - - [26/Feb/2025:01:49:03 +0100] "GET /ticket2/opencms/be/magazine/article?title=fulham-fc HTTP/1.1" 200 93297
20.171.207.37 - - [26/Feb/2025:01:49:04 +0100] "GET /ticket2/opencms/set_aff_cookie.jsp?partner=23A6AD98-906E-5BDD-600E-EC4EC8A45F97&url=%252Fen%252Fbuy%252Findex.html%253Fpage%253D1%2526edid%253DCD6EABFF-F2F6-FE26-CC78-420DEA1CEE33%2526hlv%253D60ca1bc1-abf0-4093-9edc-3e450a01000f%2523v_1534641998 HTTP/1.1" 200 247
20.171.207.37 - - [26/Feb/2025:01:49:05 +0100] "GET /ticket2/opencms/set_aff_cookie.jsp?partner=692E2C6A-EC6F-1C93-AFCC-C5ACC23A93EA&url=%252Fno%252Fbuy%252Findex.html%253Fpage%253D1%2526edid%253D28F0825C-19F9-7A9A-47A6-29D256059C0C%2526hlv%253D611cd235-dab0-4ee3-8e2f-5ec50a01000f%2523v_2022057830 HTTP/1.1" 200 247
20.171.207.37 - - [26/Feb/2025:01:49:07 +0100] "GET /ticket2/opencms/set_aff_cookie.jsp?partner=57601924-FB09-5BB2-867F-08B4EB522BA8&url=%252Fru%252Fbuy%252Findex.html%253Fpage%253D1%2526edid%253D4FAD1BD6-DF99-C994-2BAC-1FA11B49BBF7%2526hlv%253D60f821c7-b3c8-4f46-b290-60b00a01000f%2523v_1668400682 HTTP/1.1" 200 247
66.249.89.66 - - [26/Feb/2025:01:49:08 +0100] "GET /ticket2/opencms/dk/sport/fodboldbilletter/champions_league/ HTTP/1.1" 200 92201
20.171.207.37 - - [26/Feb/2025:01:49:09 +0100] "GET /ticket2/opencms/set_aff_cookie.jsp?partner=8F6DE15D-D831-5787-AE7E-FEFF53476F85&url=%252Fnl%252Fbuy%252Findex.html%253Fpage%253D1%2526edid%253D09142E54-038D-8954-B126-D9F5B1E34144%2526hlv%253D60f81a2d-cdf0-4783-9e3a-5d200a01000f%2523v_703949348 HTTP/1.1" 200 246
216.244.66.196 - - [26/Feb/2025:01:49:10 +0100] "GET /ticket2/opencms/fr/magazine/article?title=graham-potter-de-la-suede-a-la-premier-league HTTP/1.1" 200 98022
66.249.64.96 - - [26/Feb/2025:01:49:10 +0100] "GET /ticket2/opencms/de/buy/?page=1&edid=BD28444D-8483-F179-3965-1E8A674294B4 HTTP/1.1" 200 124538
66.249.64.130 - - [26/Feb/2025:01:49:12 +0100] "GET /ticket2/opencms/mk/buy?page=10&eventid=C7B8839D-D05D-58E7-D08F-88E8ADCFDD77 HTTP/1.1" 404 -
47.128.120.110 - - [26/Feb/2025:01:49:13 +0100] "GET /ticket2/opencms/hr/buy?edid=1AD4E11C-C792-1721-4D1A-2229101A30FD HTTP/1.1" 200 91667
114.119.157.43 - - [26/Feb/2025:01:49:17 +0100] "GET /ticket2/opencms/et/buy?page=1&=3A859F06-C6D0-A313-D2B4-5A7B6E9C035F HTTP/1.1" 200 -
54.36.149.84 - - [26/Feb/2025:01:49:17 +0100] "GET /ticket2/opencms/en/sport/football-tickets/la-liga/girona HTTP/1.1" 200 93019
202.8.40.73 - - [26/Feb/2025:01:49:19 +0100] "GET /ticket2/opencms/system/modules/com.gridnine.opencms.ticketbrokerage.site/resources/css/jquery-ui.css HTTP/1.1" 200 33221
202.8.40.73 - - [26/Feb/2025:01:49:19 +0100] "GET /ticket2/opencms/system/modules/com.gridnine.opencms.ticketbrokerage.site/resources/css/jquery.fancybox.css HTTP/1.1" 200 4939
202.8.40.73 - - [26/Feb/2025:01:49:19 +0100] "GET /ticket2/opencms/system/modules/com.gridnine.opencms.ticketbrokerage.site/resources/css/ticketbrokerage.css HTTP/1.1" 200 39339
202.8.40.73 - - [26/Feb/2025:01:49:19 +0100] "GET /ticket2/opencms/system/modules/com.gridnine.opencms.ticketbrokerage.site/resources/css/calendar.css HTTP/1.1" 200 6871
202.8.40.73 - - [26/Feb/2025:01:49:19 +0100] "GET /ticket2/opencms/system/modules/com.gridnine.opencms.ticketbrokerage.site/resources/js/jquery/jquery.js HTTP/1.1" 200 93868
202.8.40.73 - - [26/Feb/2025:01:49:19 +0100] "GET /ticket2/opencms/system/modules/com.gridnine.opencms.ticketbrokerage.site/resources/css/standard.css HTTP/1.1" 200 74207
202.8.40.73 - - [26/Feb/2025:01:49:19 +0100] "GET /ticket2/opencms/system/modules/com.gridnine.opencms.ticketbrokerage.site/resources/js/calendar-en.js HTTP/1.1" 200 3338
202.8.40.73 - - [26/Feb/2025:01:49:19 +0100] "GET /ticket2/opencms/system/modules/com.gridnine.opencms.ticketbrokerage.site/resources/js/functions.js HTTP/1.1" 200 1583
202.8.40.73 - - [26/Feb/2025:01:49:19 +0100] "GET /ticket2/opencms/system/modules/com.gridnine.opencms.ticketbrokerage.site/resources/js/calendar.js HTTP/1.1" 200 49229
202.8.40.73 - - [26/Feb/2025:01:49:19 +0100] "GET /ticket2/opencms/system/modules/com.gridnine.opencms.ticketbrokerage.site/resources/js/calendar-setup.js HTTP/1.1" 200 4923
202.8.40.73 - - [26/Feb/2025:01:49:19 +0100] "GET /ticket2/opencms/system/modules/com.gridnine.opencms.ticketbrokerage.site/resources/js/jquery/jquery-ui.js HTTP/1.1" 200 228088
202.8.40.73 - - [26/Feb/2025:01:49:19 +0100] "GET /ticket2/opencms/system/modules/com.gridnine.opencms.ticketbrokerage.site/resources/js/jquery.fancybox.pack.js HTTP/1.1" 200 23187
202.8.40.73 - - [26/Feb/2025:01:49:19 +0100] "GET /ticket2/opencms/system/modules/com.gridnine.opencms.ticketbrokerage.site/resources/js/stickyfill.min.js HTTP/1.1" 200 5672
202.8.40.73 - - [26/Feb/2025:01:49:19 +0100] "GET /ticket2/opencms/system/modules/com.gridnine.opencms.ticketbrokerage.site/resources/js/standard.js HTTP/1.1" 200 3983
202.8.40.73 - - [26/Feb/2025:01:49:19 +0100] "GET /ticket2/opencms/system/modules/com.gridnine.opencms.ticketbrokerage.site/resources/js/jquery.placeholder.min.js HTTP/1.1" 200 1737
202.8.40.73 - - [26/Feb/2025:01:49:19 +0100] "GET /ticket2/opencms/system/modules/com.gridnine.opencms.ticketbrokerage.site/resources/js/common-ajax.js HTTP/1.1" 200 20175
185.191.171.15 - - [26/Feb/2025:01:49:19 +0100] "GET /ticket2/opencms/is/magazine/article?title=vid-erum-versta-lid-i-sogu-felagsins HTTP/1.1" 200 93392
114.119.141.178 - - [26/Feb/2025:01:49:21 +0100] "GET /ticket2/opencms/ga/buy?page=1&=29EFBFCC-B83C-5AD9-CA78-B89CD9BC3287 HTTP/1.1" 200 -
46.250.171.22 - - [26/Feb/2025:01:49:23 +0100] "GET /ticket2/opencms/is/sport/fotbolti/la-liga/athletic-bilbao HTTP/1.1" 200 100125
216.244.66.238 - - [26/Feb/2025:01:49:23 +0100] "GET /ticket2/opencms/lv/buy?page=1&edid=47BA2EA5-F206-8457-9ADF-8F0301D784AE HTTP/1.1" 200 110800
40.77.167.9 - - [26/Feb/2025:01:49:23 +0100] "GET /ticket2/opencms/de/sport/fussball-tickets/la_liga/sevilla/ HTTP/1.1" 200 94502
20.171.207.37 - - [26/Feb/2025:01:49:25 +0100] "GET /ticket2/opencms/set_aff_cookie.jsp?partner=2E02071B-A8C3-4CBA-3097-C27D61C02ED8&url=%252Fdk%252Fbuy%252Findex.html%253Fpage%253D1%2526edid%253D1704DC47-D333-EEEA-B66A-BC4C3DDB8A1C%2526hlv%253D60d0e4fc-c3f4-453b-8eb2-407f0a01000f%2523v_1733599142 HTTP/1.1" 200 247
185.191.171.15 - - [26/Feb/2025:01:49:30 +0100] "GET /ticket2/opencms/pl/login/?url=%25252Fpl%25252Fsell%25252F HTTP/1.1" 200 91772
20.171.207.37 - - [26/Feb/2025:01:49:32 +0100] "GET /ticket2/opencms/set_aff_cookie.jsp?partner=5E0CDF29-E7BE-9F6B-6869-7BF66B04006F&url=%252Fsv%252Fbuy%252Findex.html%253Fpage%253D1%2526edid%253D9A05EF4D-4376-E584-2657-07D966D7B743%2526hlv%253D60ca1b6c-0c00-45bf-a6cd-3f2f0a01000f%2523v_705262495 HTTP/1.1" 200 246
20.171.207.37 - - [26/Feb/2025:01:49:33 +0100] "GET /ticket2/opencms/set_aff_cookie.jsp?partner=2E02071B-A8C3-4CBA-3097-C27D61C02ED8&url=%252Fnl%252Fbuy%252Findex.html%253Fpage%253D1%2526edid%253DBF769C73-E641-C78E-1EAA-79FE7F8D3894%2526hlv%253D60f81b90-5ca4-40da-88ca-5d1e0a01000f%2523v_1542237063 HTTP/1.1" 200 247
54.36.149.36 - - [26/Feb/2025:01:49:33 +0100] "GET /ticket2/opencms/no/sport/fotballsbilletter/la_liga/girona HTTP/1.1" 200 93104
202.8.41.64 - - [26/Feb/2025:01:49:35 +0100] "GET /ticket2/opencms/system/modules/com.gridnine.opencms.ticketbrokerage.site/resources/css/jquery-ui.css HTTP/1.1" 200 33221
202.8.41.64 - - [26/Feb/2025:01:49:35 +0100] "GET /ticket2/opencms/system/modules/com.gridnine.opencms.ticketbrokerage.site/resources/css/calendar.css HTTP/1.1" 200 6871
202.8.41.64 - - [26/Feb/2025:01:49:35 +0100] "GET /ticket2/opencms/system/modules/com.gridnine.opencms.ticketbrokerage.site/resources/css/standard.css HTTP/1.1" 200 74207
202.8.41.64 - - [26/Feb/2025:01:49:35 +0100] "GET /ticket2/opencms/system/modules/com.gridnine.opencms.ticketbrokerage.site/resources/css/ticketbrokerage.css HTTP/1.1" 200 39339
202.8.41.64 - - [26/Feb/2025:01:49:35 +0100] "GET /ticket2/opencms/system/modules/com.gridnine.opencms.ticketbrokerage.site/resources/css/jquery.fancybox.css HTTP/1.1" 200 4939
202.8.41.64 - - [26/Feb/2025:01:49:35 +0100] "GET /ticket2/opencms/system/modules/com.gridnine.opencms.ticketbrokerage.site/resources/js/jquery/jquery.js HTTP/1.1" 200 93868
202.8.41.64 - - [26/Feb/2025:01:49:35 +0100] "GET /ticket2/opencms/system/modules/com.gridnine.opencms.ticketbrokerage.site/resources/js/jquery/jquery-ui.js HTTP/1.1" 200 228088
202.8.41.64 - - [26/Feb/2025:01:49:35 +0100] "GET /ticket2/opencms/system/modules/com.gridnine.opencms.ticketbrokerage.site/resources/js/functions.js HTTP/1.1" 200 1583
202.8.41.64 - - [26/Feb/2025:01:49:35 +0100] "GET /ticket2/opencms/system/modules/com.gridnine.opencms.ticketbrokerage.site/resources/js/calendar-en.js HTTP/1.1" 200 3338
202.8.41.64 - - [26/Feb/2025:01:49:35 +0100] "GET /ticket2/opencms/system/modules/com.gridnine.opencms.ticketbrokerage.site/resources/js/calendar.js HTTP/1.1" 200 49229
202.8.41.64 - - [26/Feb/2025:01:49:35 +0100] "GET /ticket2/opencms/system/modules/com.gridnine.opencms.ticketbrokerage.site/resources/js/calendar-setup.js HTTP/1.1" 200 4923
202.8.41.64 - - [26/Feb/2025:01:49:35 +0100] "GET /ticket2/opencms/system/modules/com.gridnine.opencms.ticketbrokerage.site/resources/js/jquery.fancybox.pack.js HTTP/1.1" 200 23187
202.8.41.64 - - [26/Feb/2025:01:49:35 +0100] "GET /ticket2/opencms/system/modules/com.gridnine.opencms.ticketbrokerage.site/resources/js/stickyfill.min.js HTTP/1.1" 200 5672
202.8.41.64 - - [26/Feb/2025:01:49:35 +0100] "GET /ticket2/opencms/system/modules/com.gridnine.opencms.ticketbrokerage.site/resources/js/standard.js HTTP/1.1" 200 3983
202.8.41.64 - - [26/Feb/2025:01:49:35 +0100] "GET /ticket2/opencms/system/modules/com.gridnine.opencms.ticketbrokerage.site/resources/js/jquery.placeholder.min.js HTTP/1.1" 200 1737
202.8.41.64 - - [26/Feb/2025:01:49:35 +0100] "GET /ticket2/opencms/system/modules/com.gridnine.opencms.ticketbrokerage.site/resources/js/common-ajax.js HTTP/1.1" 200 20175
78.67.227.103 - - [26/Feb/2025:01:49:36 +0100] "GET /ticket2/opencms/sv/sport/fotbollsbiljetter/premier_league/?gad_source=1&gbraid=0AAAAADlS-t84X3tdgceCCPb7KYvrdNmyu&gclid=Cj0KCQiA8fW9BhC8ARIsACwHqYqLJTLwhISSJVNQ8dfeQxNMm5Ry3rFbGBxEl5Jw7JpIspfvbRP5fpgaArflEALw_wcB HTTP/1.1" 200 98621
78.67.227.103 - - [26/Feb/2025:01:49:36 +0100] "GET /ticket2/opencms/system/modules/com.gridnine.opencms.ticketbrokerage.site/resources/js/jquery/jquery.js HTTP/1.1" 200 93868
78.67.227.103 - - [26/Feb/2025:01:49:36 +0100] "GET /ticket2/opencms/system/modules/com.gridnine.opencms.ticketbrokerage.site/resources/js/jquery/jquery-ui.js HTTP/1.1" 200 228088
78.67.227.103 - - [26/Feb/2025:01:49:36 +0100] "GET /ticket2/opencms/system/modules/com.gridnine.opencms.ticketbrokerage.site/resources/css/jquery.fancybox.css HTTP/1.1" 200 4939
78.67.227.103 - - [26/Feb/2025:01:49:36 +0100] "GET /ticket2/opencms/system/modules/com.gridnine.opencms.ticketbrokerage.site/resources/css/ticketbrokerage.css HTTP/1.1" 200 39339
78.67.227.103 - - [26/Feb/2025:01:49:36 +0100] "GET /ticket2/opencms/system/modules/com.gridnine.opencms.ticketbrokerage.site/resources/js/functions.js HTTP/1.1" 200 1583
