202.8.43.1 - - [26/Feb/2025:01:20:49 +0100] "GET /ticket2/opencms/system/modules/com.gridnine.opencms.ticketbrokerage.site/resources/js/jquery.placeholder.min.js HTTP/1.1" 200 1737
202.8.43.1 - - [26/Feb/2025:01:20:49 +0100] "GET /ticket2/opencms/system/modules/com.gridnine.opencms.ticketbrokerage.site/resources/js/common-ajax.js HTTP/1.1" 200 20175
202.8.43.1 - - [26/Feb/2025:01:20:49 +0100] "GET /ticket2/opencms/lt/ask-form.html HTTP/1.1" 200 3156
202.8.43.1 - - [26/Feb/2025:01:20:49 +0100] "GET /ticket2/opencms/system/modules/com.gridnine.opencms.ticketbrokerage.site/resources/css/ticketbrokerage.css HTTP/1.1" 200 39339
66.249.64.130 - - [26/Feb/2025:01:20:50 +0100] "GET /ticket2/opencms/lt/buy/?page=1&edid=192B2692-9E9C-E45B-C641-B3FED8E2B94F HTTP/1.1" 200 118179
89.117.22.7 - - [26/Feb/2025:01:20:51 +0100] "GET /ticket2/opencms/en/buy/?page=1&edid=12186585-BAD7-A775-0293-796305007CE9 HTTP/1.1" 200 110022
89.117.22.7 - - [26/Feb/2025:01:20:52 +0100] "GET /ticket2/opencms/sv/buy/?page=1&edid=0443352F-8BC6-7A25-9546-1FB1F05FC6B0&sortorder=desc&column=section HTTP/1.1" 200 111179
66.249.76.2 - - [26/Feb/2025:01:20:53 +0100] "GET /ticket2/opencms/de/buy/?page=1&edid=3BDAF33D-50D2-45C6-26D6-3F2B5E36F1B0 HTTP/1.1" 200 108302
20.171.207.37 - - [26/Feb/2025:01:20:54 +0100] "GET /ticket2/opencms/set_aff_cookie.jsp?partner=57601924-FB09-5BB2-867F-08B4EB522BA8&url=%252Fdk%252Fbuy%252Findex.html%253Fpage%253D1%2526edid%253D4D091DAA-A6FD-9335-E2FA-E89697CE58C9%2526hlv%253D60c9e59d-8a38-43cd-a38a-237e0a01000f%2523v_658049927 HTTP/1.1" 200 246
89.117.22.7 - - [26/Feb/2025:01:20:56 +0100] "GET /ticket2/opencms/en/buy/?page=1&edid=12186585-BAD7-A775-0293-796305007CE9&sortorder=desc&column=price HTTP/1.1" 200 110932
193.41.206.98 - - [26/Feb/2025:01:20:56 +0100] "GET /ticket2/opencms/docker/app/.env HTTP/1.1" 404 -
20.171.207.37 - - [26/Feb/2025:01:20:56 +0100] "GET /ticket2/opencms/set_aff_cookie.jsp?partner=8F6DE15D-D831-5787-AE7E-FEFF53476F85&url=%252Fdk%252Fbuy%252Findex.html%253Fpage%253D1%2526edid%253D7B81DA8C-BC62-30BF-75BA-614CF7ADBC43%2526hlv%253D60ca1b34-54d4-46ae-a1d5-3f260a01000f%2523v_728988545 HTTP/1.1" 200 246
54.36.148.195 - - [26/Feb/2025:01:20:57 +0100] "GET /ticket2/opencms/sr/buy/?page=1&edid=1BDE69E9-911B-D7B1-5E4E-80296443BB3B HTTP/1.1" 200 109112
89.117.22.7 - - [26/Feb/2025:01:20:57 +0100] "GET /ticket2/opencms/sv/buy/?page=1&edid=045E9839-F527-B1BF-B532-802EBDA5A6EC HTTP/1.1" 200 110562
20.171.207.37 - - [26/Feb/2025:01:20:58 +0100] "GET /ticket2/opencms/set_aff_cookie.jsp?partner=5E0CDF29-E7BE-9F6B-6869-7BF66B04006F&url=%252Fru%252Fbuy%252Findex.html%253Fpage%253D1%2526edid%253D3A113BA6-0F4C-889C-CC91-8E29F25F6706%2526hlv%253D61127bad-abd0-4cc2-abba-2ed20a01000f%2523v_1612259676 HTTP/1.1" 200 247
89.117.22.7 - - [26/Feb/2025:01:21:01 +0100] "GET /ticket2/opencms/en/buy/?page=1&edid=12186585-BAD7-A775-0293-796305007CE9&sortorder=desc&column=section HTTP/1.1" 200 111108
89.117.22.7 - - [26/Feb/2025:01:21:01 +0100] "GET /ticket2/opencms/sv/buy/?page=1&edid=045E9839-F527-B1BF-B532-802EBDA5A6EC&sortorder=asc&column=price HTTP/1.1" 200 111559
40.77.167.143 - - [26/Feb/2025:01:21:04 +0100] "GET /ticket2/opencms/tr/buy/?page=1&edid=B32E852F-2EA4-4937-1F1D-CCBCF4C81793 HTTP/1.1" 200 112732
89.117.22.7 - - [26/Feb/2025:01:21:05 +0100] "GET /ticket2/opencms/en/buy/?page=1&edid=124E8283-E5DC-7FAE-437D-48A8B5EF948C HTTP/1.1" 200 110443
54.36.148.197 - - [26/Feb/2025:01:21:06 +0100] "GET /ticket2/opencms/cs/sport/fotbalove-listky/serie-a/inter HTTP/1.1" 200 98249
40.77.167.159 - - [26/Feb/2025:01:21:06 +0100] "GET /ticket2/opencms/en/buy?page=1&edid=1ABC406A-92BD-FDCF-3BD6-80A52E60B34F HTTP/1.1" 200 142890
89.117.22.7 - - [26/Feb/2025:01:21:06 +0100] "GET /ticket2/opencms/sv/buy/?page=1&edid=045E9839-F527-B1BF-B532-802EBDA5A6EC&sortorder=asc&column=row HTTP/1.1" 200 111481
193.41.206.98 - - [26/Feb/2025:01:21:07 +0100] "GET /ticket2/opencms/xampp/phpinfo.php HTTP/1.1" 404 -
85.208.96.206 - - [26/Feb/2025:01:21:07 +0100] "GET /ticket2/opencms/mt/magazine/article?title=taglaq-it-tieqa-tat-trasferimenti-aktar-kmieni HTTP/1.1" 200 92921
188.239.9.75 - - [26/Feb/2025:01:21:09 +0100] "GET /ticket2/opencms/ga/buy?page=1&edid=1A6DF76F-066D-5DDA-945D-30F59CAC86E5 HTTP/1.1" 200 108965
89.117.22.7 - - [26/Feb/2025:01:21:10 +0100] "GET /ticket2/opencms/en/buy/?page=1&edid=124E8283-E5DC-7FAE-437D-48A8B5EF948C&sortorder=desc&column=price HTTP/1.1" 200 111435
89.117.22.7 - - [26/Feb/2025:01:21:10 +0100] "GET /ticket2/opencms/sv/buy/?page=1&edid=045E9839-F527-B1BF-B532-802EBDA5A6EC&sortorder=asc&column=section HTTP/1.1" 200 111680
20.171.207.37 - - [26/Feb/2025:01:21:11 +0100] "GET /ticket2/opencms/set_aff_cookie.jsp?partner=8F6DE15D-D831-5787-AE7E-FEFF53476F85&url=%252Fru%252Fbuy%252Findex.html%253Fpage%253D1%2526edid%253DFD59DED4-6E14-E085-382D-C3619CCA9FA8%2526hlv%253D611519b5-19d0-47af-9e85-7eaa0a01000f%2523v_1202987717 HTTP/1.1" 200 247
20.171.207.37 - - [26/Feb/2025:01:21:12 +0100] "GET /ticket2/opencms/set_aff_cookie.jsp?partner=8F6DE15D-D831-5787-AE7E-FEFF53476F85&url=%252Fdk%252Fbuy%252Findex.html%253Fpage%253D1%2526edid%253D75FF687A-3DBB-F476-3881-CF5D7FFEBAC0%2526hlv%253D60f81f8c-cb30-4959-aef2-5d1e0a01000f%2523v_1145719212 HTTP/1.1" 200 247
193.41.206.98 - - [26/Feb/2025:01:21:13 +0100] "GET /ticket2/opencms/lara/phpinfo.php HTTP/1.1" 404 -
89.117.22.7 - - [26/Feb/2025:01:21:15 +0100] "GET /ticket2/opencms/sv/buy/?page=1&edid=045E9839-F527-B1BF-B532-802EBDA5A6EC&sortorder=desc&column=price HTTP/1.1" 200 111546
89.117.22.7 - - [26/Feb/2025:01:21:15 +0100] "GET /ticket2/opencms/en/buy/?page=1&edid=124E8283-E5DC-7FAE-437D-48A8B5EF948C&sortorder=desc&column=row HTTP/1.1" 200 111345
54.36.148.14 - - [26/Feb/2025:01:21:17 +0100] "GET /ticket2/opencms/lt/buy?page=1&edid=AA657FC1-DA34-660D-A88E-88668BBDB2AC HTTP/1.1" 200 108726
66.249.64.131 - - [26/Feb/2025:01:21:17 +0100] "GET /ticket2/opencms/mt/buy?page=1&edid=E2D9A408-8935-6A15-C054-9FB347B10142&hlv=66d04ab9-f208-4a69-b7dc-06230a01000f HTTP/1.1" 200 113413
89.117.22.7 - - [26/Feb/2025:01:21:19 +0100] "GET /ticket2/opencms/sv/buy/?page=1&edid=045E9839-F527-B1BF-B532-802EBDA5A6EC&sortorder=desc&column=row HTTP/1.1" 200 111524
89.117.22.7 - - [26/Feb/2025:01:21:19 +0100] "GET /ticket2/opencms/en/buy/?page=1&edid=125B2F79-2D2A-57BF-323F-0F1B77EB450F&sortorder=desc&column=row HTTP/1.1" 200 111343
185.191.171.19 - - [26/Feb/2025:01:21:22 +0100] "GET /ticket2/opencms/robots.txt HTTP/1.1" 200 773
47.128.126.113 - - [26/Feb/2025:01:21:23 +0100] "GET /ticket2/opencms/es/buy/?edid=68B485F7-9483-6E4F-656D-602EE2AC621D HTTP/1.1" 200 91401
85.208.96.212 - - [26/Feb/2025:01:21:23 +0100] "GET /ticket2/opencms/uk/magazine/article?title=hugo-larsson-the-20-year-old-going-from-strength-to-strength HTTP/1.1" 200 96264
193.41.206.98 - - [26/Feb/2025:01:21:24 +0100] "GET /ticket2/opencms/.vscode/.env HTTP/1.1" 404 -
89.117.22.7 - - [26/Feb/2025:01:21:24 +0100] "GET /ticket2/opencms/en/buy/?page=1&edid=125B2F79-2D2A-57BF-323F-0F1B77EB450F&sortorder=desc&column=section HTTP/1.1" 200 111556
89.117.22.7 - - [26/Feb/2025:01:21:24 +0100] "GET /ticket2/opencms/sv/buy/?page=1&edid=045E9839-F527-B1BF-B532-802EBDA5A6EC&sortorder=desc&column=section HTTP/1.1" 200 111666
66.249.64.227 - - [26/Feb/2025:01:21:25 +0100] "GET /ticket2/opencms/fi/buy/?page=1&edid=8085E80D-BC8F-CDCF-7CC8-2F497FE082D3 HTTP/1.1" 200 138156
66.249.64.132 - - [26/Feb/2025:01:21:28 +0100] "GET /ticket2/opencms/be/buy?page=10&eventid=C7B8839D-D05D-58E7-D08F-88E8ADCFDD77 HTTP/1.1" 200 93903
89.117.22.7 - - [26/Feb/2025:01:21:29 +0100] "GET /ticket2/opencms/en/buy/?page=1&edid=13CEE059-8BDC-0A5A-CA01-BB02D06808BB HTTP/1.1" 200 108874
54.36.148.15 - - [26/Feb/2025:01:21:29 +0100] "GET /ticket2/opencms/is/buy?page=1&edid=AA657FC1-DA34-660D-A88E-88668BBDB2AC HTTP/1.1" 200 108620
89.117.22.7 - - [26/Feb/2025:01:21:29 +0100] "GET /ticket2/opencms/sv/buy/?page=1&edid=052BB1E8-52E9-BDC6-4600-23FA0BD6066D&sortorder=asc&column=price HTTP/1.1" 200 112662
89.117.22.7 - - [26/Feb/2025:01:21:34 +0100] "GET /ticket2/opencms/en/buy/?page=1&edid=13CEE059-8BDC-0A5A-CA01-BB02D06808BB&sortorder=desc&column=price HTTP/1.1" 200 109864
89.117.22.7 - - [26/Feb/2025:01:21:34 +0100] "GET /ticket2/opencms/sv/buy/?page=1&edid=052BB1E8-52E9-BDC6-4600-23FA0BD6066D&sortorder=asc&column=row HTTP/1.1" 200 112658
20.171.207.37 - - [26/Feb/2025:01:21:34 +0100] "GET /ticket2/opencms/set_aff_cookie.jsp?partner=692E2C6A-EC6F-1C93-AFCC-C5ACC23A93EA&url=%252Fen%252Fbuy%252Findex.html%253Fpage%253D1%2526edid%253D590EDDB9-B981-09D2-E0FC-F6E1B491368A%2526hlv%253D614495b7-6480-4f7e-bf5e-78940a01000f%2523v_1035046650 HTTP/1.1" 200 247
193.41.206.98 - - [26/Feb/2025:01:21:35 +0100] "GET /ticket2/opencms/laravel/.env HTTP/1.1" 404 -
20.171.207.37 - - [26/Feb/2025:01:21:36 +0100] "GET /ticket2/opencms/set_aff_cookie.jsp?partner=2E02071B-A8C3-4CBA-3097-C27D61C02ED8&url=%252Fru%252Fbuy%252Findex.html%253Fpage%253D1%2526edid%253DCF3BDDE8-6C6B-F85B-528C-11C48A316B2B%2526hlv%253D60ca0f5a-c9e4-4a70-9c24-36280a01000f%2523v_1977409568 HTTP/1.1" 200 247
20.171.207.37 - - [26/Feb/2025:01:21:38 +0100] "GET /ticket2/opencms/set_aff_cookie.jsp?partner=692E2C6A-EC6F-1C93-AFCC-C5ACC23A93EA&url=%252Fno%252Fbuy%252Findex.html%253Fpage%253D1%2526edid%253D563FCA46-03ED-44D1-2A64-D153F80207C9%2526hlv%253D60f94e50-c83c-43b7-b6fa-54dd0a01000f%2523v_1047880992 HTTP/1.1" 200 247
89.117.22.7 - - [26/Feb/2025:01:21:38 +0100] "GET /ticket2/opencms/en/buy/?page=1&edid=13CEE059-8BDC-0A5A-CA01-BB02D06808BB&sortorder=desc&column=row HTTP/1.1" 200 109781
89.117.22.7 - - [26/Feb/2025:01:21:38 +0100] "GET /ticket2/opencms/sv/buy/?page=1&edid=0547F085-8C1B-46DF-AD9F-504A808516FF&sortorder=asc&column=row HTTP/1.1" 200 108881
114.119.136.30 - - [26/Feb/2025:01:21:39 +0100] "GET /ticket2/opencms/dk/buy?page=1&=10597F35-2AC7-31D2-FB61-15A36BB6D73B HTTP/1.1" 200 -
54.36.148.58 - - [26/Feb/2025:01:21:39 +0100] "GET /ticket2/opencms/lv/buy?page=1&edid=AA657FC1-DA34-660D-A88E-88668BBDB2AC HTTP/1.1" 200 108642
47.128.46.218 - - [26/Feb/2025:01:21:39 +0100] "GET /ticket2/opencms/ka/buy/?edid=8D067D33-4AB8-CD99-805B-FBEC01127522 HTTP/1.1" 200 93829
66.249.76.160 - - [26/Feb/2025:01:21:39 +0100] "GET /ticket2/opencms/es/buy?page=1&edid=C8E47E46-ADCD-586A-7BE4-CF1C96256B2D&hlv=666d4477-9484-42d9-910e-603b0a01000f HTTP/1.1" 200 113710
193.41.206.98 - - [26/Feb/2025:01:21:41 +0100] "GET /ticket2/opencms/mail/.env HTTP/1.1" 404 -
89.117.22.7 - - [26/Feb/2025:01:21:43 +0100] "GET /ticket2/opencms/sv/buy/?page=1&edid=0547F085-8C1B-46DF-AD9F-504A808516FF&sortorder=asc&column=section HTTP/1.1" 200 109130
89.117.22.7 - - [26/Feb/2025:01:21:43 +0100] "GET /ticket2/opencms/en/buy/?page=1&edid=13CEE059-8BDC-0A5A-CA01-BB02D06808BB&sortorder=desc&column=section HTTP/1.1" 200 109950
89.117.22.7 - - [26/Feb/2025:01:21:47 +0100] "GET /ticket2/opencms/en/buy/?page=1&edid=14DC85A8-0F78-E63B-3823-C6D5EDB81837&sortorder=asc&column=row HTTP/1.1" 200 110850
89.117.22.7 - - [26/Feb/2025:01:21:47 +0100] "GET /ticket2/opencms/sv/buy/?page=1&edid=05DADE7F-00AF-E143-A0BB-169BC09ACB7E&sortorder=desc&column=price HTTP/1.1" 200 111564
193.41.206.98 - - [26/Feb/2025:01:21:48 +0100] "GET /ticket2/opencms/nginx/.env HTTP/1.1" 404 -
173.252.69.115 - - [26/Feb/2025:01:21:50 +0100] "GET /ticket2/opencms/en/buy/?page=1&edid=94B60579-7540-1D04-4C12-AD3E425B736D HTTP/1.1" 200 110293
54.36.148.27 - - [26/Feb/2025:01:21:51 +0100] "GET /ticket2/opencms/mo/buy?page=1&edid=AA657FC1-DA34-660D-A88E-88668BBDB2AC HTTP/1.1" 200 108769
89.117.22.7 - - [26/Feb/2025:01:21:52 +0100] "GET /ticket2/opencms/en/buy/?page=1&edid=1612E381-7260-0090-9248-B71DAF9DCAFF&sortorder=asc&column=price HTTP/1.1" 200 109901
89.117.22.7 - - [26/Feb/2025:01:21:52 +0100] "GET /ticket2/opencms/sv/buy/?page=1&edid=05DADE7F-00AF-E143-A0BB-169BC09ACB7E&sortorder=desc&column=row HTTP/1.1" 200 111403
193.41.206.98 - - [26/Feb/2025:01:21:53 +0100] "GET /ticket2/site/.env HTTP/1.1" 404 -
20.171.207.37 - - [26/Feb/2025:01:21:56 +0100] "GET /ticket2/opencms/set_aff_cookie.jsp?partner=5E0CDF29-E7BE-9F6B-6869-7BF66B04006F&url=%252Fdk%252Fbuy%252Findex.html%253Fpage%253D1%2526edid%253D50F18BFF-700E-1E6F-C17F-C358E206F903%2526hlv%253D614ed4c4-a000-4ebb-807f-7ae60a01000f%2523v_712002101 HTTP/1.1" 200 246
185.191.171.9 - - [26/Feb/2025:01:21:56 +0100] "GET /ticket2/opencms/sq/about/press HTTP/1.1" 200 89400
89.117.22.7 - - [26/Feb/2025:01:21:56 +0100] "GET /ticket2/opencms/sv/buy/?page=1&edid=05DADE7F-00AF-E143-A0BB-169BC09ACB7E&sortorder=desc&column=section HTTP/1.1" 200 111637
89.117.22.7 - - [26/Feb/2025:01:21:56 +0100] "GET /ticket2/opencms/en/buy/?page=1&edid=1612E381-7260-0090-9248-B71DAF9DCAFF&sortorder=asc&column=row HTTP/1.1" 200 109887
47.238.13.10 - - [26/Feb/2025:01:21:57 +0100] "GET /ticket2/opencms/be/magazine/article?title=jude-bellingham HTTP/1.1" 200 93318
89.117.22.7 - - [26/Feb/2025:01:22:01 +0100] "GET /ticket2/opencms/en/buy/?page=1&edid=1612E381-7260-0090-9248-B71DAF9DCAFF&sortorder=asc&column=section HTTP/1.1" 200 109904
89.117.22.7 - - [26/Feb/2025:01:22:01 +0100] "GET /ticket2/opencms/sv/buy/?page=1&edid=070471A5-1E92-12B9-6E14-6731F3C1EE15&sortorder=asc&column=section HTTP/1.1" 200 112252
193.41.206.98 - - [26/Feb/2025:01:22:04 +0100] "GET /ticket2/opencms/main/.env HTTP/1.1" 404 -
54.36.148.90 - - [26/Feb/2025:01:22:05 +0100] "GET /ticket2/opencms/hu/buy/?page=1&edid=89907505-B290-9C62-3837-2005C27DB101 HTTP/1.1" 200 132289
89.117.22.7 - - [26/Feb/2025:01:22:05 +0100] "GET /ticket2/opencms/sv/buy/?page=1&edid=0704BD6D-31E9-BB79-1A42-1B64AF5D31BB HTTP/1.1" 200 111797
89.117.22.7 - - [26/Feb/2025:01:22:05 +0100] "GET /ticket2/opencms/en/buy/?page=1&edid=1612E381-7260-0090-9248-B71DAF9DCAFF&sortorder=desc&column=section HTTP/1.1" 200 110111
185.191.171.12 - - [26/Feb/2025:01:22:08 +0100] "GET /ticket2/opencms/lv/standard/ HTTP/1.1" 500 -
185.191.171.3 - - [26/Feb/2025:01:22:08 +0100] "GET /ticket2/opencms/fr/sport/billets-football/bundesliga/ HTTP/1.1" 200 101501
94.16.113.171 - - [26/Feb/2025:01:22:10 +0100] "GET /ticket2/opencms/ka/buy?page=1&edid=3289C097-2261-9433-8644-DF033A9EE354 HTTP/1.1" 200 147789
89.117.22.7 - - [26/Feb/2025:01:22:10 +0100] "GET /ticket2/opencms/sv/buy/?page=1&edid=0704BD6D-31E9-BB79-1A42-1B64AF5D31BB&sortorder=asc&column=price HTTP/1.1" 200 112743
89.117.22.7 - - [26/Feb/2025:01:22:10 +0100] "GET /ticket2/opencms/en/buy/?page=1&edid=16A9A71A-AE0E-F130-4150-204C8C05F5E7&sortorder=desc&column=row HTTP/1.1" 200 109861
193.41.206.98 - - [26/Feb/2025:01:22:10 +0100] "GET /ticket2/opencms/kyc/.env HTTP/1.1" 404 -
20.171.207.37 - - [26/Feb/2025:01:22:12 +0100] "GET /ticket2/opencms/set_aff_cookie.jsp?partner=57601924-FB09-5BB2-867F-08B4EB522BA8&url=%252Fru%252Fbuy%252Findex.html%253Fpage%253D1%2526edid%253D50F7AB81-6A9C-C90F-2794-DEB00B53E681%2526hlv%253D612aadca-1d70-4a89-a02c-73000a01000f%2523v_880452015 HTTP/1.1" 200 246
66.249.76.170 - - [26/Feb/2025:01:22:13 +0100] "GET /ticket2/opencms/uk/buy/?page=6&comcatid=97ECA65A-72DA-F9AF-9DBB-245D3CFED1BE&catid=6CD184E8-C8D4-E1CC-33D0-6F47E3751240 HTTP/1.1" 200 98974
54.36.148.166 - - [26/Feb/2025:01:22:14 +0100] "GET /ticket2/opencms/sv/sport/fotbollsbiljetter/la_liga/villareal/ HTTP/1.1" 200 98636
20.171.207.37 - - [26/Feb/2025:01:22:14 +0100] "GET /ticket2/opencms/set_aff_cookie.jsp?partner=8F6DE15D-D831-5787-AE7E-FEFF53476F85&url=%252Fdk%252Fbuy%252Findex.html%253Fpage%253D1%2526edid%253D0710F442-BF1F-3B9D-DE18-E35B12BA53D0%2526hlv%253D6103c61d-c46c-45e5-919b-2fe60a01000f%2523v_1492632541 HTTP/1.1" 200 247
89.117.22.7 - - [26/Feb/2025:01:22:14 +0100] "GET /ticket2/opencms/sv/buy/?page=1&edid=0704BD6D-31E9-BB79-1A42-1B64AF5D31BB&sortorder=asc&column=row HTTP/1.1" 200 112687
89.117.22.7 - - [26/Feb/2025:01:22:14 +0100] "GET /ticket2/opencms/en/buy/?page=1&edid=16A9A71A-AE0E-F130-4150-204C8C05F5E7&sortorder=desc&column=section HTTP/1.1" 200 109929
114.119.134.48 - - [26/Feb/2025:01:22:15 +0100] "GET /ticket2/opencms/es/buy/?page=1&edid=2B44308E-1778-CFAE-7385-18758823F6EB HTTP/1.1" 200 149220
114.119.150.86 - - [26/Feb/2025:01:22:15 +0100] "GET /ticket2/opencms/dk/buy?page=1&=0ECA6A8B-636A-1FBD-9689-7CD6F548B266 HTTP/1.1" 200 -
159.138.22.49 - - [26/Feb/2025:01:22:15 +0100] "GET /ticket2/opencms/ro/sport/bilete-fotbal/champions-league/inter/ HTTP/1.1" 200 93211
66.249.64.130 - - [26/Feb/2025:01:22:16 +0100] "GET /ticket2/opencms/sv/buy?page=1&edid=C8E47E46-ADCD-586A-7BE4-CF1C96256B2D&hlv=666d4476-a30c-4048-b9d2-603b0a01000f HTTP/1.1" 200 113140
20.171.207.37 - - [26/Feb/2025:01:22:18 +0100] "GET /ticket2/opencms/set_aff_cookie.jsp?partner=5E0CDF29-E7BE-9F6B-6869-7BF66B04006F&url=%252Fsv%252Fbuy%252Findex.html%253Fpage%253D1%2526edid%253DCF3BDDE8-6C6B-F85B-528C-11C48A316B2B%2526hlv%253D614ed4d5-6be0-4f0f-b283-7ae80a01000f%2523v_1589737928 HTTP/1.1" 200 247
89.117.22.7 - - [26/Feb/2025:01:22:19 +0100] "GET /ticket2/opencms/sv/buy/?page=1&edid=0704BD6D-31E9-BB79-1A42-1B64AF5D31BB&sortorder=asc&column=section HTTP/1.1" 200 112824
89.117.22.7 - - [26/Feb/2025:01:22:19 +0100] "GET /ticket2/opencms/en/buy/?page=1&edid=17229D35-3D33-BA4B-D9CE-ADD5520AE6FB HTTP/1.1" 200 108864
66.249.64.130 - - [26/Feb/2025:01:22:21 +0100] "GET /ticket2/opencms/dk/sell/?edid=7DA6AFD0-1F4E-627C-789E-E465BB16D2D7 HTTP/1.1" 302 -
193.41.206.98 - - [26/Feb/2025:01:22:22 +0100] "GET /ticket2/opencms/prod/.env HTTP/1.1" 404 -
185.191.171.14 - - [26/Feb/2025:01:22:22 +0100] "GET /ticket2/opencms/is/magazine/article?title=manchester-city-meistarar-fjorda-arid-i-rod HTTP/1.1" 200 94765
89.117.22.7 - - [26/Feb/2025:01:22:23 +0100] "GET /ticket2/opencms/sv/buy/?page=1&edid=0704BD6D-31E9-BB79-1A42-1B64AF5D31BB&sortorder=desc&column=price HTTP/1.1" 200 112728
20.171.207.37 - - [26/Feb/2025:01:22:23 +0100] "GET /ticket2/opencms/set_aff_cookie.jsp?partner=57601924-FB09-5BB2-867F-08B4EB522BA8&url=%252Fno%252Fbuy%252Findex.html%253Fpage%253D1%2526edid%253D8C776A0E-9619-6DFE-D301-BC749D0D0DB6%2526hlv%253D610bcfed-e298-4aa6-a4df-16270a01000f%2523v_1498887294 HTTP/1.1" 200 247
89.117.22.7 - - [26/Feb/2025:01:22:23 +0100] "GET /ticket2/opencms/en/buy/?page=1&edid=17229D35-3D33-BA4B-D9CE-ADD5520AE6FB&sortorder=desc&column=price HTTP/1.1" 200 109904
54.36.148.228 - - [26/Feb/2025:01:22:24 +0100] "GET /ticket2/opencms/no/sport/fotballsbilletter/bundesliga/augsburg/ HTTP/1.1" 200 97849
66.249.64.130 - - [26/Feb/2025:01:22:27 +0100] "GET /ticket2/opencms/cs/buy?page=10&eventid=C7B8839D-D05D-58E7-D08F-88E8ADCFDD77 HTTP/1.1" 200 93291
20.171.207.37 - - [26/Feb/2025:01:22:27 +0100] "GET /ticket2/opencms/set_aff_cookie.jsp?partner=5E0CDF29-E7BE-9F6B-6869-7BF66B04006F&url=%252Ffi%252Fbuy%252Findex.html%253Fpage%253D1%2526edid%253DC5BE8910-C31D-1B7A-D498-4C5862D3F5A8%2526hlv%253D60ca1ec2-98a0-4f3a-8cb9-41c80a01000f%2523v_301798171 HTTP/1.1" 200 246
193.41.206.98 - - [26/Feb/2025:01:22:27 +0100] "GET /ticket2/opencms/api/shared/config/config.env HTTP/1.1" 404 -
89.117.22.7 - - [26/Feb/2025:01:22:28 +0100] "GET /ticket2/opencms/sv/buy/?page=1&edid=0704BD6D-31E9-BB79-1A42-1B64AF5D31BB&sortorder=desc&column=row HTTP/1.1" 200 112731
85.208.96.202 - - [26/Feb/2025:01:22:28 +0100] "GET /ticket2/opencms/sq/magazine/article?title=analize-sa-shume-kane-rritur-cmimet-e-biletave-premier-league-liverpool-dhe-arsenal-jane-me-te-shtrenjte HTTP/1.1" 200 101557
89.117.22.7 - - [26/Feb/2025:01:22:28 +0100] "GET /ticket2/opencms/en/buy/?page=1&edid=17229D35-3D33-BA4B-D9CE-ADD5520AE6FB&sortorder=desc&column=row HTTP/1.1" 200 109740
89.117.22.7 - - [26/Feb/2025:01:22:32 +0100] "GET /ticket2/opencms/sv/buy/?page=1&edid=0704BD6D-31E9-BB79-1A42-1B64AF5D31BB&sortorder=desc&column=section HTTP/1.1" 200 112856
89.117.22.7 - - [26/Feb/2025:01:22:33 +0100] "GET /ticket2/opencms/en/buy/?page=1&edid=1851EA6A-7866-6C52-4263-96E93DBF3701 HTTP/1.1" 200 109778
20.171.207.37 - - [26/Feb/2025:01:22:33 +0100] "GET /ticket2/opencms/set_aff_cookie.jsp?partner=692E2C6A-EC6F-1C93-AFCC-C5ACC23A93EA&url=%252Fnl%252Fbuy%252Findex.html%253Fpage%253D1%2526edid%253DD4D8D33D-C874-8F3F-7C90-91B543531027%2526hlv%253D611515ec-ef74-4530-b14c-7ceb0a01000f%2523v_408464940 HTTP/1.1" 200 246
193.41.206.98 - - [26/Feb/2025:01:22:34 +0100] "GET /ticket2/opencms/config.env HTTP/1.1" 404 -
40.77.167.143 - - [26/Feb/2025:01:22:34 +0100] "GET /ticket2/opencms/hu/buy/?page=1&edid=7C3757C9-AEF3-F12A-1ACD-FFC9FD797BC3 HTTP/1.1" 200 111724
20.171.207.37 - - [26/Feb/2025:01:22:35 +0100] "GET /ticket2/opencms/set_aff_cookie.jsp?partner=8F6DE15D-D831-5787-AE7E-FEFF53476F85&url=%252Fdk%252Fbuy%252Findex.html%253Fpage%253D1%2526edid%253D92D9A674-EDB4-A0FB-C5DF-A3BAFA7768AC%2526hlv%253D611abd64-0940-441c-9341-52370a01000f%2523v_1200269398 HTTP/1.1" 200 247
89.117.22.7 - - [26/Feb/2025:01:22:37 +0100] "GET /ticket2/opencms/sv/buy/?page=1&edid=07B0ACF8-58B0-8EE8-31DF-FAD574ECBFC5 HTTP/1.1" 200 111680
66.249.64.130 - - [26/Feb/2025:01:22:37 +0100] "GET /ticket2/opencms/es/buy?page=1&edid=E2D9A408-8935-6A15-C054-9FB347B10142&hlv=66d04ab9-f208-4a69-b7dc-06230a01000f HTTP/1.1" 200 113300
89.117.22.7 - - [26/Feb/2025:01:22:37 +0100] "GET /ticket2/opencms/en/buy/?page=1&edid=1851EA6A-7866-6C52-4263-96E93DBF3701&sortorder=desc&column=price HTTP/1.1" 200 110705
54.36.149.24 - - [26/Feb/2025:01:22:37 +0100] "GET /ticket2/opencms/de/magazine/article?title=abdul-fatawu-wird-den-rest-der-saison-verpassen HTTP/1.1" 200 94420
66.249.64.130 - - [26/Feb/2025:01:22:39 +0100] "GET /ticket2/opencms/hr/buy/?page=6&comcatid=A17713B6-D984-201A-4143-ED4DB5ED5C2E&catid=D8B345C9-F7A5-E620-4B43-C34EB0D6885B&eventid=C7133DB2-11AE-0675-7328-58F27D8E8199 HTTP/1.1" 200 108639
193.41.206.98 - - [26/Feb/2025:01:22:39 +0100] "GET /ticket2/opencms/development/.env HTTP/1.1" 404 -
85.208.96.208 - - [26/Feb/2025:01:22:40 +0100] "GET /ticket2/opencms/cs/magazine/article?title=graham-potter-ze-svedska-do-premier-league HTTP/1.1" 200 98063
185.191.171.6 - - [26/Feb/2025:01:22:41 +0100] "GET /ticket2/opencms/es/magazine/article?title=la-nations-league-esta-en-pleno-desarrollo HTTP/1.1" 200 94674
54.36.148.203 - - [26/Feb/2025:01:22:41 +0100] "GET /ticket2/opencms/be/magazine/article?title=em-sandningar HTTP/1.1" 200 94569
40.77.167.55 - - [26/Feb/2025:01:22:42 +0100] "GET /ticket2/opencms/en/magazine/article?title=cole-palmer-decides-the-match-and-alexander-isak-is-back HTTP/1.1" 200 91884
89.117.22.7 - - [26/Feb/2025:01:22:42 +0100] "GET /ticket2/opencms/en/buy/?page=1&edid=1851EA6A-7866-6C52-4263-96E93DBF3701&sortorder=desc&column=row HTTP/1.1" 200 110787
89.117.22.7 - - [26/Feb/2025:01:22:42 +0100] "GET /ticket2/opencms/sv/buy/?page=1&edid=07B0ACF8-58B0-8EE8-31DF-FAD574ECBFC5&sortorder=desc&column=price HTTP/1.1" 200 112696
47.128.49.241 - - [26/Feb/2025:01:22:44 +0100] "GET /ticket2/opencms/fi/buy/?edid=06DFD1FD-C998-D215-F69E-5752E4CF3A89 HTTP/1.1" 200 91518
193.41.206.98 - - [26/Feb/2025:01:22:45 +0100] "GET /ticket2/opencms/api/shared/config/.env HTTP/1.1" 404 -
89.117.22.7 - - [26/Feb/2025:01:22:46 +0100] "GET /ticket2/opencms/en/buy/?page=1&edid=1851EA6A-7866-6C52-4263-96E93DBF3701&sortorder=desc&column=section HTTP/1.1" 200 110874
89.117.22.7 - - [26/Feb/2025:01:22:46 +0100] "GET /ticket2/opencms/sv/buy/?page=1&edid=07B0ACF8-58B0-8EE8-31DF-FAD574ECBFC5&sortorder=desc&column=row HTTP/1.1" 200 112567
66.249.76.170 - - [26/Feb/2025:01:22:47 +0100] "GET /ticket2/opencms/dk/login/?url=/dk/sell/ HTTP/1.1" 200 90633
54.36.148.227 - - [26/Feb/2025:01:22:49 +0100] "GET /ticket2/opencms/it/buy/?page=1&edid=89EB4F09-7DFA-DE60-A799-1F1B9F2BAA97 HTTP/1.1" 200 108406
193.41.206.98 - - [26/Feb/2025:01:22:50 +0100] "GET /ticket2/opencms/api/config.env HTTP/1.1" 404 -
89.117.22.7 - - [26/Feb/2025:01:22:51 +0100] "GET /ticket2/opencms/sv/buy/?page=1&edid=07B0ACF8-58B0-8EE8-31DF-FAD574ECBFC5&sortorder=desc&column=section HTTP/1.1" 200 112675
89.117.22.7 - - [26/Feb/2025:01:22:51 +0100] "GET /ticket2/opencms/en/buy/?page=1&edid=198C2F20-0889-8E76-8538-95AECBDEF9B0&sortorder=desc&column=row HTTP/1.1" 200 107783
89.117.22.7 - - [26/Feb/2025:01:22:55 +0100] "GET /ticket2/opencms/sv/buy/?page=1&edid=085B2D38-1916-B98A-79EC-D3BD25039402 HTTP/1.1" 200 111832
89.117.22.7 - - [26/Feb/2025:01:22:56 +0100] "GET /ticket2/opencms/en/buy/?page=1&edid=1A5C4612-24B2-C604-5F17-8FFC090B7C18 HTTP/1.1" 200 108904
20.171.207.37 - - [26/Feb/2025:01:22:56 +0100] "GET /ticket2/opencms/set_aff_cookie.jsp?partner=23A6AD98-906E-5BDD-600E-EC4EC8A45F97&url=%252Fen%252Fbuy%252Findex.html%253Fpage%253D1%2526edid%253D82E5C37F-CC9B-4569-1B88-1DB63DDA58A5%2526hlv%253D60c9eecb-7af0-450b-ab28-29c10a01000f%2523v_1590351004 HTTP/1.1" 200 247
85.208.96.198 - - [26/Feb/2025:01:22:59 +0100] "GET /ticket2/opencms/sl/magazine/article?title=kylian-mbappe-navdusuje HTTP/1.1" 200 92671
20.171.207.37 - - [26/Feb/2025:01:22:59 +0100] "GET /ticket2/opencms/set_aff_cookie.jsp?partner=2E02071B-A8C3-4CBA-3097-C27D61C02ED8&url=%252Fen%252Fbuy%252Findex.html%253Fpage%253D1%2526edid%253DFF044A10-2C50-BB65-1971-B8ACD409FE02%2526hlv%253D61126fdd-7c80-4ac9-8dc5-29ad0a01000f%2523v_1225495201 HTTP/1.1" 200 247
89.117.22.7 - - [26/Feb/2025:01:23:00 +0100] "GET /ticket2/opencms/sv/buy/?page=1&edid=085B2D38-1916-B98A-79EC-D3BD25039402&sortorder=asc&column=price HTTP/1.1" 200 112800
54.36.148.216 - - [26/Feb/2025:01:23:00 +0100] "GET /ticket2/opencms/no/sport/fotballsbilletter/bundesliga/frankfurt/ HTTP/1.1" 200 98722
89.117.22.7 - - [26/Feb/2025:01:23:01 +0100] "GET /ticket2/opencms/en/buy/?page=1&edid=28EEA809-83B7-F20D-974C-7AF203EF7720&sortorder=desc&column=row HTTP/1.1" 200 111394
66.249.64.130 - - [26/Feb/2025:01:23:01 +0100] "GET /ticket2/opencms/bg/buy/?page=1&edid=6E1EEF1D-58EB-72BA-24BA-09C4B887C643 HTTP/1.1" 200 111044
193.41.206.98 - - [26/Feb/2025:01:23:01 +0100] "GET /ticket2/opencms/node/.env_example HTTP/1.1" 404 -
185.91.127.81 - - [26/Feb/2025:01:23:01 +0100] "CONNECT api.ip.pn:443 HTTP/1.1" 400 -
20.171.207.37 - - [26/Feb/2025:01:23:02 +0100] "GET /ticket2/opencms/set_aff_cookie.jsp?partner=692E2C6A-EC6F-1C93-AFCC-C5ACC23A93EA&url=%252Fen%252Fbuy%252Findex.html%253Fpage%253D1%2526edid%253D50F7AB81-6A9C-C90F-2794-DEB00B53E681%2526hlv%253D612aadca-b514-4b10-b140-73000a01000f%2523v_1493578533 HTTP/1.1" 200 247
185.191.171.12 - - [26/Feb/2025:01:23:02 +0100] "GET /ticket2/opencms/sv/magazine/article?title=kylian-mbappe HTTP/1.1" 200 93888
89.117.22.7 - - [26/Feb/2025:01:23:04 +0100] "GET /ticket2/opencms/sv/buy/?page=1&edid=085B2D38-1916-B98A-79EC-D3BD25039402&sortorder=asc&column=row HTTP/1.1" 200 112681
89.117.22.7 - - [26/Feb/2025:01:23:05 +0100] "GET /ticket2/opencms/en/buy/?page=1&edid=28FE0D80-AF6C-4AA1-8D78-65E3D3DBF7A3&sortorder=desc&column=price HTTP/1.1" 200 111034
54.36.149.60 - - [26/Feb/2025:01:23:06 +0100] "GET /ticket2/opencms/dk/magazine/article?title=om-arsenal-fc HTTP/1.1" 200 92449
66.249.64.130 - - [26/Feb/2025:01:23:07 +0100] "GET /ticket2/opencms/sk/?page=6&comcatid=A17713B6-D984-201A-4143-ED4DB5ED5C2E&catid=D8B345C9-F7A5-E620-4B43-C34EB0D6885B&eventid=473D0D80-318B-9AEF-7923-42B4F01AAAE6 HTTP/1.1" 200 106893
193.41.206.98 - - [26/Feb/2025:01:23:07 +0100] "GET /ticket2/opencms/.env.local HTTP/1.1" 404 -
66.249.64.130 - - [26/Feb/2025:01:23:09 +0100] "GET /ticket2/opencms/ga/buy?page=10&eventid=C7B8839D-D05D-58E7-D08F-88E8ADCFDD77 HTTP/1.1" 200 93053
89.117.22.7 - - [26/Feb/2025:01:23:09 +0100] "GET /ticket2/opencms/sv/buy/?page=1&edid=085B2D38-1916-B98A-79EC-D3BD25039402&sortorder=asc&column=section HTTP/1.1" 200 112774
89.117.22.7 - - [26/Feb/2025:01:23:10 +0100] "GET /ticket2/opencms/en/buy/?page=1&edid=28FE0D80-AF6C-4AA1-8D78-65E3D3DBF7A3&sortorder=desc&column=row HTTP/1.1" 200 110952
54.36.148.146 - - [26/Feb/2025:01:23:10 +0100] "GET /ticket2/opencms/sl/buy/?page=1&edid=EE9D378D-B608-D0C3-023E-19EA1CC71BB7 HTTP/1.1" 200 108593
20.171.207.37 - - [26/Feb/2025:01:23:10 +0100] "GET /ticket2/opencms/set_aff_cookie.jsp?partner=2E02071B-A8C3-4CBA-3097-C27D61C02ED8&url=%252Fen%252Fbuy%252Findex.html%253Fpage%253D1%2526edid%253DBCFFDAAC-B9B5-C20B-47F3-6D7E6A633444%2526hlv%253D610bcb5e-1464-470c-b2f7-13ae0a01000f%2523v_2028409218 HTTP/1.1" 200 247
66.249.76.170 - - [26/Feb/2025:01:23:11 +0100] "GET /ticket2/opencms/es/buy_safety HTTP/1.1" 200 92637
207.46.13.87 - - [26/Feb/2025:01:23:13 +0100] "GET /ticket2/opencms/en/sell/?edid=BE9D8283-8353-3049-DA1C-50EC3CD6221D HTTP/1.1" 302 -
193.41.206.98 - - [26/Feb/2025:01:23:13 +0100] "GET /ticket2/opencms/.env.stage HTTP/1.1" 404 -
89.117.22.7 - - [26/Feb/2025:01:23:13 +0100] "GET /ticket2/opencms/sv/buy/?page=1&edid=085B2D38-1916-B98A-79EC-D3BD25039402&sortorder=desc&column=price HTTP/1.1" 200 112768
89.117.22.7 - - [26/Feb/2025:01:23:14 +0100] "GET /ticket2/opencms/en/buy/?page=1&edid=2CC59489-60B1-DBB6-8A8B-B3F8A51347B3&sortorder=desc&column=section HTTP/1.1" 200 111125
114.119.136.30 - - [26/Feb/2025:01:23:14 +0100] "GET /ticket2/opencms/dk/buy?page=1&=0E015037-AEA8-A77C-F644-58B0F482ADCC HTTP/1.1" 200 -
20.171.207.37 - - [26/Feb/2025:01:23:17 +0100] "GET /ticket2/opencms/set_aff_cookie.jsp?partner=692E2C6A-EC6F-1C93-AFCC-C5ACC23A93EA&url=%252Fnl%252Fbuy%252Findex.html%253Fpage%253D1%2526edid%253D038E9D5D-F853-3E62-678F-9F575C0DA65A%2526hlv%253D61449227-92cc-4279-8cf9-77240a01000f%2523v_924053652 HTTP/1.1" 200 246
89.117.22.7 - - [26/Feb/2025:01:23:18 +0100] "GET /ticket2/opencms/sv/buy/?page=1&edid=085B2D38-1916-B98A-79EC-D3BD25039402&sortorder=desc&column=section HTTP/1.1" 200 112835
47.128.22.99 - - [26/Feb/2025:01:23:18 +0100] "GET /ticket2/opencms/fi/venue/?venueid=A4B450CD-3BF7-4595-C93C-7068867671D3 HTTP/1.1" 200 86858
89.117.22.7 - - [26/Feb/2025:01:23:19 +0100] "GET /ticket2/opencms/en/buy/?page=1&edid=2D726398-C836-8BED-AF4C-01D0E7436418&sortorder=asc&column=price HTTP/1.1" 200 110967
193.41.206.98 - - [26/Feb/2025:01:23:19 +0100] "GET /ticket2/opencms/.env.old HTTP/1.1" 404 -
20.171.207.37 - - [26/Feb/2025:01:23:20 +0100] "GET /ticket2/opencms/set_aff_cookie.jsp?partner=5E0CDF29-E7BE-9F6B-6869-7BF66B04006F&url=%252Fru%252Fbuy%252Findex.html%253Fpage%253D1%2526edid%253D25D5EB27-A5AE-DC2F-0708-63A5307D4EF7%2526hlv%253D615c459c-9904-4ba4-ac3f-256f0a01000f%2523v_812577321 HTTP/1.1" 200 246
54.36.148.51 - - [26/Feb/2025:01:23:20 +0100] "GET /ticket2/opencms/no/sport/fotballsbilletter/bundesliga/freiburg/ HTTP/1.1" 200 97999
173.252.87.14 - - [26/Feb/2025:01:23:21 +0100] "GET /ticket2/opencms/mo/buy/?page=1&edid=AA8C5089-9B5D-0C1A-1662-169B0C579120 HTTP/1.1" 200 111952
89.117.22.7 - - [26/Feb/2025:01:23:22 +0100] "GET /ticket2/opencms/sv/buy/?page=1&edid=0872CDCC-19F9-14E1-6474-AB6CD6A870A9 HTTP/1.1" 200 110579
89.117.22.7 - - [26/Feb/2025:01:23:24 +0100] "GET /ticket2/opencms/en/buy/?page=1&edid=2D726398-C836-8BED-AF4C-01D0E7436418&sortorder=asc&column=row HTTP/1.1" 200 110891
20.171.207.37 - - [26/Feb/2025:01:23:24 +0100] "GET /ticket2/opencms/set_aff_cookie.jsp?partner=57601924-FB09-5BB2-867F-08B4EB522BA8&url=%252Fno%252Fbuy%252Findex.html%253Fpage%253D1%2526edid%253D2F7CCFEA-11D9-C739-94AB-D08CAE52A423%2526hlv%253D60f9607c-d574-4de9-9fe4-5f770a01000f%2523v_607941786 HTTP/1.1" 200 246
193.41.206.98 - - [26/Feb/2025:01:23:25 +0100] "GET /ticket2/opencms/scripts/nodemailer.js HTTP/1.1" 404 -
66.249.64.130 - - [26/Feb/2025:01:23:27 +0100] "GET /ticket2/opencms/system/modules/com.gridnine.opencms.ticketbrokerage.site/resources/js/jquery/jquery-ui.js HTTP/1.1" 200 228088
89.117.22.7 - - [26/Feb/2025:01:23:27 +0100] "GET /ticket2/opencms/sv/buy/?page=1&edid=0872CDCC-19F9-14E1-6474-AB6CD6A870A9&sortorder=asc&column=price HTTP/1.1" 200 111576
188.239.36.225 - - [26/Feb/2025:01:23:27 +0100] "GET /ticket2/opencms/is HTTP/1.1" 200 106179
89.117.22.7 - - [26/Feb/2025:01:23:29 +0100] "GET /ticket2/opencms/en/buy/?page=1&edid=2D726398-C836-8BED-AF4C-01D0E7436418&sortorder=asc&column=section HTTP/1.1" 200 111095
66.249.64.130 - - [26/Feb/2025:01:23:31 +0100] "GET /ticket2/opencms/no/buy?page=1&edid=E2D9A408-8935-6A15-C054-9FB347B10142&hlv=66d04ab9-f208-4a69-b7dc-06230a01000f HTTP/1.1" 200 112590
85.208.96.204 - - [26/Feb/2025:01:23:31 +0100] "GET /ticket2/opencms/et/magazine/article?title=hugo-larsson-20-aastane-kes-laheb-uhelt-selguselt-teisele HTTP/1.1" 200 95612
89.117.22.7 - - [26/Feb/2025:01:23:32 +0100] "GET /ticket2/opencms/sv/buy/?page=1&edid=0872CDCC-19F9-14E1-6474-AB6CD6A870A9&sortorder=asc&column=row HTTP/1.1" 200 111396
89.117.22.7 - - [26/Feb/2025:01:23:33 +0100] "GET /ticket2/opencms/en/buy/?page=1&edid=2D77D5E8-F469-AAA2-8433-36A939B8305F&sortorder=desc&column=price HTTP/1.1" 200 110990
66.249.76.44 - - [26/Feb/2025:01:23:33 +0100] "GET /ticket2/opencms/et/magazine/article?title=rodrigo-bentancur-mangist-valjas-seitse-mangu-parast-rassistlikku-avaldust HTTP/1.1" 200 94070
66.249.64.130 - - [26/Feb/2025:01:23:34 +0100] "GET /ticket2/opencms/hu/buy/?page=10&eventid=E905DA2C-5D8D-BA69-DE15-192CCE2B6813 HTTP/1.1" 200 94454
47.128.21.95 - - [26/Feb/2025:01:23:34 +0100] "GET /ticket2/opencms/fi/venue/?venueid=1F10712B-209B-D24A-FBB0-CC1E73285961 HTTP/1.1" 200 86873
54.36.149.72 - - [26/Feb/2025:01:23:35 +0100] "GET /ticket2/opencms/no/sport/fotballsbilletter/bundesliga/heidenheim/ HTTP/1.1" 200 98039
89.117.22.7 - - [26/Feb/2025:01:23:37 +0100] "GET /ticket2/opencms/sv/buy/?page=1&edid=0872CDCC-19F9-14E1-6474-AB6CD6A870A9&sortorder=asc&column=section HTTP/1.1" 200 111605
89.117.22.7 - - [26/Feb/2025:01:23:38 +0100] "GET /ticket2/opencms/en/buy/?page=1&edid=2D77D5E8-F469-AAA2-8433-36A939B8305F&sortorder=desc&column=row HTTP/1.1" 200 110963
20.171.207.37 - - [26/Feb/2025:01:23:40 +0100] "GET /ticket2/opencms/set_aff_cookie.jsp?partner=57601924-FB09-5BB2-867F-08B4EB522BA8&url=%252Fru%252Fbuy%252Findex.html%253Fpage%253D1%2526edid%253DCF3BDDE8-6C6B-F85B-528C-11C48A316B2B%2526hlv%253D60ca0a8c-3660-4c83-ab7a-36360a01000f%2523v_529836412 HTTP/1.1" 200 246
89.117.22.7 - - [26/Feb/2025:01:23:42 +0100] "GET /ticket2/opencms/sv/buy/?page=1&edid=0872CDCC-19F9-14E1-6474-AB6CD6A870A9&sortorder=desc&column=price HTTP/1.1" 200 111609
89.117.22.7 - - [26/Feb/2025:01:23:43 +0100] "GET /ticket2/opencms/en/buy/?page=1&edid=2D8E9E91-F40A-9CD3-B790-C21028BAFFF7 HTTP/1.1" 200 108955
20.171.207.37 - - [26/Feb/2025:01:23:43 +0100] "GET /ticket2/opencms/set_aff_cookie.jsp?partner=692E2C6A-EC6F-1C93-AFCC-C5ACC23A93EA&url=%252Fnl%252Fbuy%252Findex.html%253Fpage%253D1%2526edid%253D3F6B6B17-F159-59CA-9275-25779C692B45%2526hlv%253D60c9f38e-ed94-4d64-90e2-2bbd0a01000f%2523v_1573251212 HTTP/1.1" 200 247
54.36.148.116 - - [26/Feb/2025:01:23:45 +0100] "GET /ticket2/opencms/sk/buy/?page=1&edid=66639F01-2DC3-AE31-937D-1F5B14F403FD HTTP/1.1" 200 108666
20.171.207.37 - - [26/Feb/2025:01:23:45 +0100] "GET /ticket2/opencms/set_aff_cookie.jsp?partner=692E2C6A-EC6F-1C93-AFCC-C5ACC23A93EA&url=%252Fen%252Fbuy%252Findex.html%253Fpage%253D1%2526edid%253D15663D62-2271-4E56-54F8-D55FBC72F26B%2526hlv%253D61152026-2f5c-4bc0-b4ba-05810a01000f%2523v_716617425 HTTP/1.1" 200 246
89.117.22.7 - - [26/Feb/2025:01:23:47 +0100] "GET /ticket2/opencms/sv/buy/?page=1&edid=0872CDCC-19F9-14E1-6474-AB6CD6A870A9&sortorder=desc&column=section HTTP/1.1" 200 111589
89.117.22.7 - - [26/Feb/2025:01:23:48 +0100] "GET /ticket2/opencms/en/buy/?page=1&edid=2D8E9E91-F40A-9CD3-B790-C21028BAFFF7&sortorder=desc&column=price HTTP/1.1" 200 109838
20.171.207.37 - - [26/Feb/2025:01:23:51 +0100] "GET /ticket2/opencms/set_aff_cookie.jsp?partner=5E0CDF29-E7BE-9F6B-6869-7BF66B04006F&url=%252Fru%252Fbuy%252Findex.html%253Fpage%253D1%2526edid%253D82E5C37F-CC9B-4569-1B88-1DB63DDA58A5%2526hlv%253D60d0db8a-7bec-4d07-9663-3e1b0a01000f%2523v_1020226932 HTTP/1.1" 200 247
89.117.22.7 - - [26/Feb/2025:01:23:52 +0100] "GET /ticket2/opencms/sv/buy/?page=1&edid=08B09CFA-7A2C-469C-4348-B6A8266760AC HTTP/1.1" 200 110231
66.249.64.130 - - [26/Feb/2025:01:23:53 +0100] "GET /ticket2/opencms/sites/ticketbrokerage/sv/musikal/teatro-filarmonico-verona/les-pecheurs-de-perles.html HTTP/1.1" 404 -
89.117.22.7 - - [26/Feb/2025:01:23:53 +0100] "GET /ticket2/opencms/en/buy/?page=1&edid=7426EE0D-C306-84EC-DE1E-E2C38CFC5448&sortorder=asc&column=section HTTP/1.1" 200 109908
185.191.171.11 - - [26/Feb/2025:01:23:54 +0100] "GET /ticket2/opencms/fr/sport/billets-football/bundesliga/ HTTP/1.1" 200 101425
114.119.150.86 - - [26/Feb/2025:01:23:54 +0100] "GET /ticket2/opencms/dk/buy?page=1&=0C6D37C7-8EA1-5083-AEBF-F8112D5F6F62 HTTP/1.1" 200 -
173.252.107.10 - - [26/Feb/2025:01:23:55 +0100] "GET /ticket2/opencms/bs/buy/?page=1&edid=1848722C-7496-89CC-162E-A03E4F33CA8A HTTP/1.1" 200 108475
54.36.149.16 - - [26/Feb/2025:01:23:56 +0100] "GET /ticket2/opencms/es/buy/?page=1&edid=5CF6EA2B-2B90-CEA1-959D-43D59F6F27D8 HTTP/1.1" 200 108630
47.128.33.227 - - [26/Feb/2025:01:23:57 +0100] "GET /ticket2/opencms/is/buy/?edid=069EC406-6DFD-08ED-B6CC-A7E203415919 HTTP/1.1" 200 91506
20.171.207.37 - - [26/Feb/2025:01:23:58 +0100] "GET /ticket2/opencms/set_aff_cookie.jsp?partner=692E2C6A-EC6F-1C93-AFCC-C5ACC23A93EA&url=%252Fen%252Fbuy%252Findex.html%253Fpage%253D1%2526edid%253DF3756B07-2F5C-FFFD-72BE-0A74CDBD5EA0%2526hlv%253D60f5ccba-33b0-4f37-bb15-20ab0a01000f%2523v_734805709 HTTP/1.1" 200 246
89.117.22.7 - - [26/Feb/2025:01:23:58 +0100] "GET /ticket2/opencms/sv/buy/?page=1&edid=08B09CFA-7A2C-469C-4348-B6A8266760AC&sortorder=desc&column=price HTTP/1.1" 200 111303
185.191.171.10 - - [26/Feb/2025:01:23:58 +0100] "GET /ticket2/opencms/sv/magazine/Liverpool HTTP/1.1" 404 -
89.117.22.7 - - [26/Feb/2025:01:23:59 +0100] "GET /ticket2/opencms/en/buy/?page=1&edid=7587432B-5074-74D1-6DBE-F9A329EEFAE1&sortorder=asc&column=row HTTP/1.1" 200 111141
85.208.96.208 - - [26/Feb/2025:01:24:00 +0100] "GET /ticket2/opencms/be/magazine/article?title=could-you-please-provide-the-text-you-would-like-to-be-translated-into-the-language-youve-mentioned HTTP/1.1" 200 94927
20.171.207.37 - - [26/Feb/2025:01:24:00 +0100] "GET /ticket2/opencms/set_aff_cookie.jsp?partner=692E2C6A-EC6F-1C93-AFCC-C5ACC23A93EA&url=%252Fen%252Fbuy%252Findex.html%253Fpage%253D1%2526edid%253DDD7009E0-BEDD-5FDF-FBEC-9803C9276491%2526hlv%253D60ca0db9-4804-4bc2-a2fb-38b40a01000f%2523v_2034555062 HTTP/1.1" 200 247
40.77.167.42 - - [26/Feb/2025:01:24:01 +0100] "GET /ticket2/opencms/ka/buy/?page=1&edid=11EE072D-8BDA-AD9E-6DE3-4565DECD9282 HTTP/1.1" 200 117974
66.220.149.112 - - [26/Feb/2025:01:24:02 +0100] "GET /ticket2/opencms/mo/buy/?page=1&edid=0E487947-8D2A-A553-BF9C-F44B73D05AC1 HTTP/1.1" 200 108675
20.171.207.37 - - [26/Feb/2025:01:24:02 +0100] "GET /ticket2/opencms/set_aff_cookie.jsp?partner=8F6DE15D-D831-5787-AE7E-FEFF53476F85&url=%252Fru%252Fbuy%252Findex.html%253Fpage%253D1%2526edid%253DF9D480C8-CC9A-5C4B-D090-F29D97AF622B%2526hlv%253D6145d38e-fe64-4759-8ce6-6b6f0a01000f%2523v_831304854 HTTP/1.1" 200 246
89.117.22.7 - - [26/Feb/2025:01:24:04 +0100] "GET /ticket2/opencms/sv/buy/?page=1&edid=08B09CFA-7A2C-469C-4348-B6A8266760AC&sortorder=desc&column=row HTTP/1.1" 200 111093
89.117.22.7 - - [26/Feb/2025:01:24:04 +0100] "GET /ticket2/opencms/en/buy/?page=1&edid=764B679B-1F6D-5991-3C73-D8B0C8DD7897&sortorder=asc&column=section HTTP/1.1" 200 111670
66.249.64.105 - - [26/Feb/2025:01:24:05 +0100] "GET /ticket2/opencms/sv/venue/?venueid=842722E9-5FE1-5D36-B4BC-7C6A76B1894C HTTP/1.1" 200 86664
47.128.16.21 - - [26/Feb/2025:01:24:05 +0100] "GET /ticket2/opencms/nl/buy/?edid=083AE95D-096C-41BA-96E0-6A784C0A08FB HTTP/1.1" 200 89295
66.220.149.3 - - [26/Feb/2025:01:24:08 +0100] "GET /ticket2/opencms/pl/buy?page=1&edid=3DA4D4F8-D0E8-FA39-BB7D-9FB474CBAB05 HTTP/1.1" 200 110791
89.117.22.7 - - [26/Feb/2025:01:24:08 +0100] "GET /ticket2/opencms/sv/buy/?page=1&edid=08B09CFA-7A2C-469C-4348-B6A8266760AC&sortorder=desc&column=section HTTP/1.1" 200 111355
54.36.148.36 - - [26/Feb/2025:01:24:09 +0100] "GET /ticket2/opencms/bs/buy?page=1&edid=40C0E1B7-ADB1-62A5-2AFA-BC9667D7636D HTTP/1.1" 200 108452
89.117.22.7 - - [26/Feb/2025:01:24:09 +0100] "GET /ticket2/opencms/en/buy/?page=1&edid=76FD3EFB-A8F6-9E6D-D658-FD18EAF673A9&sortorder=asc&column=section HTTP/1.1" 200 111223
173.252.87.11 - - [26/Feb/2025:01:24:11 +0100] "GET /ticket2/opencms/mo/buy/?page=1&edid=50D37B13-6F20-71F9-54D9-90E7B6C8DECF HTTP/1.1" 200 111762
89.117.22.7 - - [26/Feb/2025:01:24:13 +0100] "GET /ticket2/opencms/sv/buy/?page=1&edid=08E4167A-CF42-A332-17FC-B350C5906CB9&sortorder=asc&column=row HTTP/1.1" 200 112122
89.117.22.7 - - [26/Feb/2025:01:24:14 +0100] "GET /ticket2/opencms/en/buy/?page=1&edid=77662010-5CF0-526E-5D4F-82C3FEEC0A4F&sortorder=asc&column=price HTTP/1.1" 200 89549
185.191.171.4 - - [26/Feb/2025:01:24:17 +0100] "GET /ticket2/opencms/mt/magazine/article?title=l-istilel-tal-em-li-jingalqu-l-aktar-u-l-akbar-fuq-instagram HTTP/1.1" 200 98621
89.117.22.7 - - [26/Feb/2025:01:24:19 +0100] "GET /ticket2/opencms/en/buy/?page=1&edid=77897198-4DA3-06E7-062E-E1FDB55488FE&sortorder=asc&column=price HTTP/1.1" 200 110886
89.117.22.7 - - [26/Feb/2025:01:24:19 +0100] "GET /ticket2/opencms/sv/buy/?page=1&edid=091ED28E-B448-A1BD-CAE0-E5D6D48D897A&sortorder=asc&column=row HTTP/1.1" 200 112277
54.36.148.24 - - [26/Feb/2025:01:24:19 +0100] "GET /ticket2/opencms/sl/buy?page=1&edid=9250B98C-3D5F-37E6-7B39-001C84B580C7 HTTP/1.1" 200 111757
66.249.76.170 - - [26/Feb/2025:01:24:19 +0100] "GET /ticket2/opencms/en/sell/?edid=B5480FEC-C7FC-18FB-0EEB-9717E2722B5A HTTP/1.1" 302 -
20.171.207.37 - - [26/Feb/2025:01:24:21 +0100] "GET /ticket2/opencms/set_aff_cookie.jsp?partner=5E0CDF29-E7BE-9F6B-6869-7BF66B04006F&url=%252Fru%252Fbuy%252Findex.html%253Fpage%253D1%2526edid%253DAD1489BC-D85F-F906-30B7-DAF56FC0FE6B%2526hlv%253D60f81708-6e44-4f6a-9b26-5d1e0a01000f%2523v_1636544666 HTTP/1.1" 200 247
89.117.22.7 - - [26/Feb/2025:01:24:23 +0100] "GET /ticket2/opencms/sv/buy/?page=1&edid=0A4C5CB0-F0A6-54DC-2247-30948B2E1AC0&sortorder=asc&column=section HTTP/1.1" 200 111529
89.117.22.7 - - [26/Feb/2025:01:24:23 +0100] "GET /ticket2/opencms/en/buy/?page=1&edid=77897198-4DA3-06E7-062E-E1FDB55488FE&sortorder=asc&column=row HTTP/1.1" 200 110991
89.117.22.7 - - [26/Feb/2025:01:24:29 +0100] "GET /ticket2/opencms/en/buy/?page=1&edid=77897198-4DA3-06E7-062E-E1FDB55488FE&sortorder=asc&column=section HTTP/1.1" 200 111052
89.117.22.7 - - [26/Feb/2025:01:24:29 +0100] "GET /ticket2/opencms/sv/buy/?page=1&edid=0A4C5CB0-F0A6-54DC-2247-30948B2E1AC0&sortorder=desc&column=price HTTP/1.1" 200 111598
54.36.148.97 - - [26/Feb/2025:01:24:29 +0100] "GET /ticket2/opencms/no/sport/fotballsbilletter/bundesliga/union_berlin/ HTTP/1.1" 200 98256
66.249.64.130 - - [26/Feb/2025:01:24:30 +0100] "GET /ticket2/opencms/en/login/?url=/en/sell/ HTTP/1.1" 200 90081
89.117.22.7 - - [26/Feb/2025:01:24:33 +0100] "GET /ticket2/opencms/sv/buy/?page=1&edid=0A4C5CB0-F0A6-54DC-2247-30948B2E1AC0&sortorder=desc&column=row HTTP/1.1" 200 111553
89.117.22.7 - - [26/Feb/2025:01:24:33 +0100] "GET /ticket2/opencms/en/buy/?page=1&edid=78EA1F40-A0BB-F77A-A36D-DD30E4B904C1&sortorder=desc&column=row HTTP/1.1" 200 107757
190.92.208.128 - - [26/Feb/2025:01:24:33 +0100] "GET /ticket2/opencms/ga/buy/?page=1&edid=DD14CC82-883B-BD06-4306-EBD494AA1804 HTTP/1.1" 200 136739
66.249.64.226 - - [26/Feb/2025:01:24:36 +0100] "GET /ticket2/opencms/sv/buy?page=1&edid=F17C9A03-9EE8-3021-F3ED-C1A41F2235FA HTTP/1.1" 200 125803
66.249.76.170 - - [26/Feb/2025:01:24:36 +0100] "GET /ticket2/opencms/fr/buy/?page=1&edid=BF16D728-2B7F-6C27-C6E2-3A0A56645978 HTTP/1.1" 200 110552
89.117.22.7 - - [26/Feb/2025:01:24:38 +0100] "GET /ticket2/opencms/sv/buy/?page=1&edid=0A4C5CB0-F0A6-54DC-2247-30948B2E1AC0&sortorder=desc&column=section HTTP/1.1" 200 111639
66.249.64.130 - - [26/Feb/2025:01:24:40 +0100] "GET /ticket2/opencms/et/buy?page=1&edid=E2D9A408-8935-6A15-C054-9FB347B10142&hlv=66d04ab9-f208-4a69-b7dc-06230a01000f HTTP/1.1" 200 112952
54.36.148.253 - - [26/Feb/2025:01:24:42 +0100] "GET /ticket2/opencms/en/buy?page=1&edid=99C77A16-8AF9-4675-97DE-42A41C4ECB4F HTTP/1.1" 200 109773
89.117.22.7 - - [26/Feb/2025:01:24:42 +0100] "GET /ticket2/opencms/sv/buy/?page=1&edid=0AB84F0A-26E7-F1BE-836E-8235C737C908 HTTP/1.1" 200 111364
185.191.171.10 - - [26/Feb/2025:01:24:43 +0100] "GET /ticket2/opencms/bg/magazine/article?title=brajtun-and-houv-albiun HTTP/1.1" 200 94855
20.171.207.37 - - [26/Feb/2025:01:24:44 +0100] "GET /ticket2/opencms/set_aff_cookie.jsp?partner=2E02071B-A8C3-4CBA-3097-C27D61C02ED8&url=%252Fno%252Fbuy%252Findex.html%253Fpage%253D1%2526edid%253D1704DC47-D333-EEEA-B66A-BC4C3DDB8A1C%2526hlv%253D60ca0f76-aef8-415c-950b-36340a01000f%2523v_1205549216 HTTP/1.1" 200 247
185.191.171.13 - - [26/Feb/2025:01:24:45 +0100] "GET /ticket2/opencms/de/en/sport/ HTTP/1.1" 404 -
89.117.22.7 - - [26/Feb/2025:01:24:47 +0100] "GET /ticket2/opencms/sv/buy/?page=1&edid=0AB84F0A-26E7-F1BE-836E-8235C737C908&sortorder=asc&column=price HTTP/1.1" 200 112233
185.191.171.10 - - [26/Feb/2025:01:24:49 +0100] "GET /ticket2/opencms/sr/magazine/article?title=graham-potter-od-svedske-do-premijer-lige HTTP/1.1" 200 97297
89.117.22.7 - - [26/Feb/2025:01:24:51 +0100] "GET /ticket2/opencms/sv/buy/?page=1&edid=0F98CD6C-31AE-4A8C-45FF-398677E3B770&sortorder=asc&column=row HTTP/1.1" 200 112564
40.77.167.0 - - [26/Feb/2025:01:24:53 +0100] "GET /ticket2/opencms/mt/buy/?comcatid=A17713B6-D984-201A-4143-ED4DB5ED5C2E&catid=0A6C99D2-F5BD-7A18-9A5F-5668827042E0 HTTP/1.1" 200 189501
54.36.149.92 - - [26/Feb/2025:01:24:53 +0100] "GET /ticket2/opencms/sv/sport/fotbollsbiljetter/english-championship/ipswich-town/ HTTP/1.1" 200 88326
114.119.141.178 - - [26/Feb/2025:01:24:55 +0100] "GET /ticket2/opencms/sv/buy?page=1&edid=F6B1A5E6-3A8E-2702-C092-0318528F1CAF HTTP/1.1" 200 108003
89.117.22.7 - - [26/Feb/2025:01:24:56 +0100] "GET /ticket2/opencms/sv/buy/?page=1&edid=28497D8F-4767-7A9A-4DD0-10FEA1E4E740&sortorder=desc&column=price HTTP/1.1" 200 112714
185.191.171.11 - - [26/Feb/2025:01:24:58 +0100] "GET /ticket2/opencms/es/selling_tickets/ HTTP/1.1" 500 -
66.249.76.170 - - [26/Feb/2025:01:25:00 +0100] "GET /ticket2/opencms/pl/buy?page=10&eventid=C7B8839D-D05D-58E7-D08F-88E8ADCFDD77 HTTP/1.1" 200 93075
89.117.22.7 - - [26/Feb/2025:01:25:00 +0100] "GET /ticket2/opencms/sv/buy/?page=1&edid=B727EFAA-2D19-788C-5C80-76759C1A66B7&sortorder=desc&column=section HTTP/1.1" 200 111351
20.171.207.37 - - [26/Feb/2025:01:25:02 +0100] "GET /ticket2/opencms/set_aff_cookie.jsp?partner=692E2C6A-EC6F-1C93-AFCC-C5ACC23A93EA&url=%252Fnl%252Fbuy%252Findex.html%253Fpage%253D1%2526edid%253D50F7AB81-6A9C-C90F-2794-DEB00B53E681%2526hlv%253D612aadca-81ec-4184-b72f-73000a01000f%2523v_1280513016 HTTP/1.1" 200 247
95.234.170.116 - - [26/Feb/2025:01:25:04 +0100] "GET / HTTP/1.0" 404 -
89.117.22.7 - - [26/Feb/2025:01:25:05 +0100] "GET /ticket2/opencms/sv/buy/?page=1&edid=B773A16C-17D0-FE63-38DB-4710DA79D2E5&sortorder=desc&column=price HTTP/1.1" 200 111601
54.36.148.129 - - [26/Feb/2025:01:25:07 +0100] "GET /ticket2/opencms/it/buy/?page=1&edid=46A0A34E-8D3F-1FC3-D540-5ED6BED24380 HTTP/1.1" 200 108321
66.249.64.130 - - [26/Feb/2025:01:25:07 +0100] "GET /ticket2/opencms/hu/sell/?edid=750C6040-29F7-425D-A24F-51B977F415A3 HTTP/1.1" 302 -
20.171.207.37 - - [26/Feb/2025:01:25:09 +0100] "GET /ticket2/opencms/set_aff_cookie.jsp?partner=692E2C6A-EC6F-1C93-AFCC-C5ACC23A93EA&url=%252Ffi%252Fbuy%252Findex.html%253Fpage%253D1%2526edid%253D81CB16E1-41EB-DE22-295B-27386E73C454%2526hlv%253D60f80b00-22a4-43dc-a7b2-57a80a01000f%2523v_1711399580 HTTP/1.1" 200 247
114.119.129.189 - - [26/Feb/2025:01:25:09 +0100] "GET /ticket2/opencms/en/venue/?venueid=C87849FF-CA68-D7C1-1366-B45A4ECBC004 HTTP/1.1" 200 85296
89.117.22.7 - - [26/Feb/2025:01:25:10 +0100] "GET /ticket2/opencms/sv/buy/?page=1&edid=B773A16C-17D0-FE63-38DB-4710DA79D2E5&sortorder=desc&column=row HTTP/1.1" 200 111536
66.249.64.130 - - [26/Feb/2025:01:25:10 +0100] "GET /ticket2/opencms/hu/login/?url=/hu/sell/ HTTP/1.1" 200 91878
20.171.207.37 - - [26/Feb/2025:01:25:15 +0100] "GET /ticket2/opencms/set_aff_cookie.jsp?partner=692E2C6A-EC6F-1C93-AFCC-C5ACC23A93EA&url=%252Fen%252Fbuy%252Findex.html%253Fpage%253D1%2526edid%253D09142E54-038D-8954-B126-D9F5B1E34144%2526hlv%253D60f81c6e-c910-4a16-81f4-5df60a01000f%2523v_872628022 HTTP/1.1" 200 246
185.191.171.10 - - [26/Feb/2025:01:25:17 +0100] "GET /ticket2/opencms/pl/magazine/article?title=nowy-kapitan-druzyny-dejan-kulusevski HTTP/1.1" 200 91822
34.224.9.144 - - [26/Feb/2025:01:25:18 +0100] "GET /ticket2/opencms/sites/ticketbrokerage/tickets/real_madrid/sevilla.html HTTP/1.1" 404 -
54.36.148.119 - - [26/Feb/2025:01:25:19 +0100] "GET /ticket2/opencms/it/buy/?page=1&edid=47721D14-2C82-CD87-6865-EDC5A8129AF3 HTTP/1.1" 200 108335
66.249.89.66 - - [26/Feb/2025:01:25:25 +0100] "GET /ticket2/opencms/sv/magazine/article?title=la-liga-real-madrid-vunnit-flest-titlar HTTP/1.1" 200 94771
66.249.64.130 - - [26/Feb/2025:01:25:26 +0100] "GET /ticket2/opencms/mt/buy/?page=1&edid=6E1EEF1D-58EB-72BA-24BA-09C4B887C643 HTTP/1.1" 200 108858
47.128.47.135 - - [26/Feb/2025:01:25:26 +0100] "GET /ticket2/opencms/es/buy/?edid=380D9DCE-9F52-6635-EF3F-C6491C4BBEEF HTTP/1.1" 200 91519
20.171.207.37 - - [26/Feb/2025:01:25:28 +0100] "GET /ticket2/opencms/set_aff_cookie.jsp?partner=5E0CDF29-E7BE-9F6B-6869-7BF66B04006F&url=%252Fdk%252Fbuy%252Findex.html%253Fpage%253D1%2526edid%253DF488B6B7-F65E-2A9C-F46B-E6910C7895D3%2526hlv%253D61127c0b-e21c-4cc4-9344-2db70a01000f%2523v_774949456 HTTP/1.1" 200 246
114.119.132.9 - - [26/Feb/2025:01:25:29 +0100] "GET /ticket2/opencms/en/venue/?venueid=678131D6-267B-A67E-3FCF-710EEFB21484 HTTP/1.1" 200 85354
40.77.167.55 - - [26/Feb/2025:01:25:29 +0100] "GET /ticket2/opencms/sv/search.html?searchQuery=2024 HTTP/1.1" 200 98446
54.36.148.33 - - [26/Feb/2025:01:25:32 +0100] "GET /ticket2/opencms/is/buy/?page=1&edid=25E480BD-3146-6437-2F16-290C8FABFD21 HTTP/1.1" 200 111884
114.119.130.154 - - [26/Feb/2025:01:25:34 +0100] "GET /ticket2/opencms/ga/buy?page=1&=F47DF802-2646-14FD-FC5A-796CF117DF06 HTTP/1.1" 200 -
20.171.207.37 - - [26/Feb/2025:01:25:36 +0100] "GET /ticket2/opencms/set_aff_cookie.jsp?partner=5E0CDF29-E7BE-9F6B-6869-7BF66B04006F&url=%252Fen%252Fbuy%252Findex.html%253Fpage%253D1%2526edid%253D2DEDC008-A8E2-8338-9113-89CEDCB5E81A%2526hlv%253D60ca0e88-db00-4016-9b4e-36360a01000f%2523v_455909980 HTTP/1.1" 200 246
