89.117.22.7 - - [26/Feb/2025:01:13:17 +0100] "GET /ticket2/opencms/fi/buy/?page=1&edid=E8FE2A15-0338-AD03-E820-3464EC7EA1F7&sortorder=asc&column=section HTTP/1.1" 200 91243
20.171.207.37 - - [26/Feb/2025:01:13:17 +0100] "GET /ticket2/opencms/set_aff_cookie.jsp?partner=5E0CDF29-E7BE-9F6B-6869-7BF66B04006F&url=%252Fsv%252Fbuy%252Findex.html%253Fpage%253D1%2526edid%253D20B8D1AD-64EC-73DF-B539-29EE3CA0D338%2526hlv%253D60ca1c58-1bdc-451a-ad53-40950a01000f%2523v_121493779 HTTP/1.1" 200 246
172.69.136.189 - - [26/Feb/2025:01:13:18 +0100] "GET /ticket2/opencms/de/wordpress/wp-admin/setup-config.php HTTP/1.1" 404 -
66.249.64.96 - - [26/Feb/2025:01:13:18 +0100] "GET /ticket2/opencms/is/buy?page=1&edid=750C6040-29F7-425D-A24F-51B977F415A3 HTTP/1.1" 200 137407
66.249.64.130 - - [26/Feb/2025:01:13:19 +0100] "GET /ticket2/opencms/system/modules/com.gridnine.opencms.ticketbrokerage.site/resources/js/functions.js HTTP/1.1" 200 1583
89.117.22.7 - - [26/Feb/2025:01:13:20 +0100] "GET /ticket2/opencms/dk/buy/?page=1&edid=91B54E6E-0900-756C-0831-B2A406984595&sortorder=asc&column=price HTTP/1.1" 200 108194
89.117.22.7 - - [26/Feb/2025:01:13:22 +0100] "GET /ticket2/opencms/fi/buy/?page=1&edid=E97574C5-2ECA-77FA-53C0-82F31E103FEE HTTP/1.1" 200 112100
20.171.207.37 - - [26/Feb/2025:01:13:24 +0100] "GET /ticket2/opencms/set_aff_cookie.jsp?partner=57601924-FB09-5BB2-867F-08B4EB522BA8&url=%252Fno%252Fbuy%252Findex.html%253Fpage%253D1%2526edid%253DDEBB69BB-3BAB-F0BE-B5F2-8B7120D1A9CB%2526hlv%253D60f81624-ad7c-49aa-ba31-5aaa0a01000f%2523v_1094823456 HTTP/1.1" 200 247
89.117.22.7 - - [26/Feb/2025:01:13:25 +0100] "GET /ticket2/opencms/dk/buy/?page=1&edid=91B54E6E-0900-756C-0831-B2A406984595&sortorder=asc&column=row HTTP/1.1" 200 108118
54.36.148.58 - - [26/Feb/2025:01:13:26 +0100] "GET /ticket2/opencms/sv/sport/fotbollsbiljetter/uefa-champions-league/final/ HTTP/1.1" 200 88204
152.53.101.59 - - [26/Feb/2025:01:13:26 +0100] "GET /ticket2/opencms/el/selling_tickets/ HTTP/1.1" 500 -
104.28.31.64 - - [26/Feb/2025:01:13:27 +0100] "GET /ticket2/opencms/sv/buy/?page=1&edid=1AD4E11C-C792-1721-4D1A-2229101A30FD HTTP/1.1" 200 144150
104.28.31.64 - - [26/Feb/2025:01:13:27 +0100] "GET /ticket2/opencms/sv/ask-form.html HTTP/1.1" 200 2950
85.208.96.205 - - [26/Feb/2025:01:13:28 +0100] "GET /ticket2/opencms/sl/magazine/article?title=chelsea-proti-tottenhamu-2-0 HTTP/1.1" 200 93620
89.117.22.7 - - [26/Feb/2025:01:13:28 +0100] "GET /ticket2/opencms/fi/login/?edid=866FFC50-DF27-5378-DBAB-F17893C3BF22 HTTP/1.1" 200 91802
20.171.207.37 - - [26/Feb/2025:01:13:28 +0100] "GET /ticket2/opencms/set_aff_cookie.jsp?partner=8F6DE15D-D831-5787-AE7E-FEFF53476F85&url=%252Fno%252Fbuy%252Findex.html%253Fpage%253D1%2526edid%253D6FC750EC-74FC-8FD0-F9AA-382A290160FE%2526hlv%253D60f80f9e-1e94-4acd-80d7-59f70a01000f%2523v_1979775489 HTTP/1.1" 200 247
89.117.22.7 - - [26/Feb/2025:01:13:30 +0100] "GET /ticket2/opencms/dk/buy/?page=1&edid=9256ADCD-E896-A3AC-89D8-770DAB934B7E HTTP/1.1" 200 110451
185.191.171.8 - - [26/Feb/2025:01:13:33 +0100] "GET /ticket2/opencms/fr/ HTTP/1.1" 200 106555
89.117.22.7 - - [26/Feb/2025:01:13:33 +0100] "GET /ticket2/opencms/fi/login/?edid=984644D1-C9F2-D295-45C4-6E9DD3F709C0 HTTP/1.1" 200 91872
66.249.64.131 - - [26/Feb/2025:01:13:34 +0100] "GET /ticket2/opencms/fi/buy/?page=1&edid=4EA280CB-32B5-BCDE-09BC-8C9EC76FD8FA HTTP/1.1" 200 110640
89.117.22.7 - - [26/Feb/2025:01:13:35 +0100] "GET /ticket2/opencms/dk/buy/?page=1&edid=9263EAC5-5427-208C-7E6A-45CCA8FF03D4&sortorder=desc&column=row HTTP/1.1" 200 108124
172.226.49.40 - - [26/Feb/2025:01:13:37 +0100] "GET /ticket2/opencms/sv/sport/fotbollsbiljetter/premier_league/ HTTP/1.1" 200 98661
20.171.207.37 - - [26/Feb/2025:01:13:38 +0100] "GET /ticket2/opencms/set_aff_cookie.jsp?partner=692E2C6A-EC6F-1C93-AFCC-C5ACC23A93EA&url=%252Fsv%252Fbuy%252Findex.html%253Fpage%253D1%2526edid%253D7B81DA8C-BC62-30BF-75BA-614CF7ADBC43%2526hlv%253D614c76de-39a8-4536-b6ff-18a60a01000f%2523v_578763551 HTTP/1.1" 200 246
89.117.22.7 - - [26/Feb/2025:01:13:38 +0100] "GET /ticket2/opencms/fi/login/?edid=A9166140-FA58-145B-C965-B5558AECD78F HTTP/1.1" 200 91880
54.36.148.243 - - [26/Feb/2025:01:13:40 +0100] "GET /ticket2/opencms/be/buy?page=1&edid=E0DA4C4E-70A8-AB6F-171E-3FF387E35F29 HTTP/1.1" 200 114548
89.117.22.7 - - [26/Feb/2025:01:13:40 +0100] "GET /ticket2/opencms/dk/buy/?page=1&edid=9263EAC5-5427-208C-7E6A-45CCA8FF03D4&sortorder=desc&column=section HTTP/1.1" 200 108234
40.77.167.55 - - [26/Feb/2025:01:13:41 +0100] "GET /ticket2/opencms/es/buy/?comcatid=0A6B8208-FDA4-E929-9D72-5312FD481B76&catid=FCA7FF95-260A-464B-B6FF-A820FCE7DFEF HTTP/1.1" 200 96926
172.226.49.40 - - [26/Feb/2025:01:13:42 +0100] "GET /ticket2/opencms/sv/sport/fotbollsbiljetter/premier_league/tottenham/ HTTP/1.1" 200 100827
104.28.31.64 - - [26/Feb/2025:01:13:42 +0100] "GET /ticket2/opencms/system/modules/com.gridnine.opencms.ticketbrokerage.site/resources/css/calendar.css HTTP/1.1" 200 6871
172.226.49.40 - - [26/Feb/2025:01:13:42 +0100] "GET /ticket2/opencms/system/modules/com.gridnine.opencms.ticketbrokerage.site/resources/css/ticketbrokerage.css HTTP/1.1" 200 39339
104.28.31.64 - - [26/Feb/2025:01:13:42 +0100] "GET /ticket2/opencms/system/modules/com.gridnine.opencms.ticketbrokerage.site/resources/js/calendar.js HTTP/1.1" 200 49229
104.28.31.64 - - [26/Feb/2025:01:13:42 +0100] "GET /ticket2/opencms/system/modules/com.gridnine.opencms.ticketbrokerage.site/resources/css/standard.css HTTP/1.1" 200 74207
104.28.31.64 - - [26/Feb/2025:01:13:42 +0100] "GET /ticket2/opencms/system/modules/com.gridnine.opencms.ticketbrokerage.site/resources/js/calendar-en.js HTTP/1.1" 200 3338
104.28.31.64 - - [26/Feb/2025:01:13:42 +0100] "GET /ticket2/opencms/system/modules/com.gridnine.opencms.ticketbrokerage.site/resources/js/calendar-setup.js HTTP/1.1" 200 4923
104.28.31.64 - - [26/Feb/2025:01:13:42 +0100] "GET /ticket2/opencms/system/modules/com.gridnine.opencms.ticketbrokerage.site/resources/js/functions.js HTTP/1.1" 200 1583
172.226.49.40 - - [26/Feb/2025:01:13:42 +0100] "GET /ticket2/opencms/system/modules/com.gridnine.opencms.ticketbrokerage.site/resources/js/standard.js HTTP/1.1" 200 3983
89.117.22.7 - - [26/Feb/2025:01:13:44 +0100] "GET /ticket2/opencms/fi/login/?edid=37799B2B-8518-5A90-56C3-3D3AAACD58AB HTTP/1.1" 200 91922
89.117.22.7 - - [26/Feb/2025:01:13:45 +0100] "GET /ticket2/opencms/dk/buy/?page=1&edid=9273DEB2-F457-0858-0BB3-B58A6446A79C HTTP/1.1" 200 110221
66.249.64.98 - - [26/Feb/2025:01:13:45 +0100] "GET /ticket2/opencms/fr/buy/?page=1&edid=8A915ADF-75E4-0EA8-F2E1-13EED016F0C7 HTTP/1.1" 200 111822
89.117.22.7 - - [26/Feb/2025:01:13:46 +0100] "GET /ticket2/opencms/fi/sell/?edid=09EE96B0-CD8C-CFD6-7FFB-CA08AF021FC9 HTTP/1.1" 302 -
66.249.76.170 - - [26/Feb/2025:01:13:46 +0100] "GET /ticket2/opencms/ka/buy/?page=1&edid=4EA280CB-32B5-BCDE-09BC-8C9EC76FD8FA HTTP/1.1" 200 116983
20.171.207.37 - - [26/Feb/2025:01:13:48 +0100] "GET /ticket2/opencms/set_aff_cookie.jsp?partner=8F6DE15D-D831-5787-AE7E-FEFF53476F85&url=%252Fno%252Fbuy%252Findex.html%253Fpage%253D1%2526edid%253DC3C3C4B4-8DE9-0BBD-5349-6EF9935BCF15%2526hlv%253D60f9588b-3c08-44ff-a22c-59200a01000f%2523v_1916536214 HTTP/1.1" 200 247
114.119.153.152 - - [26/Feb/2025:01:13:48 +0100] "GET /ticket2/opencms/ka/buy?page=1&=8DC0C209-9D3E-E67A-4B0A-E8E4423948FE HTTP/1.1" 200 -
89.117.22.7 - - [26/Feb/2025:01:13:50 +0100] "GET /ticket2/opencms/dk/buy/?page=1&edid=95D0E7AF-AB99-8B0B-DDC4-15D0DE60DC11 HTTP/1.1" 200 109600
89.117.22.7 - - [26/Feb/2025:01:13:51 +0100] "GET /ticket2/opencms/fi/login/?edid=09EE96B0-CD8C-CFD6-7FFB-CA08AF021FC9 HTTP/1.1" 200 91836
54.36.148.86 - - [26/Feb/2025:01:13:53 +0100] "GET /ticket2/opencms/sl/buy?page=1&edid=40C0E1B7-ADB1-62A5-2AFA-BC9667D7636D HTTP/1.1" 200 108516
89.117.22.7 - - [26/Feb/2025:01:13:53 +0100] "GET /ticket2/opencms/fi/sell/?edid=58849721-189F-D09B-851E-CCAD1153A6C9 HTTP/1.1" 302 -
89.117.22.7 - - [26/Feb/2025:01:13:55 +0100] "GET /ticket2/opencms/dk/buy/?page=1&edid=95D527D7-A681-C22C-0004-08E23653C7F4 HTTP/1.1" 200 110922
20.171.207.37 - - [26/Feb/2025:01:13:56 +0100] "GET /ticket2/opencms/set_aff_cookie.jsp?partner=5E0CDF29-E7BE-9F6B-6869-7BF66B04006F&url=%252Fdk%252Fbuy%252Findex.html%253Fpage%253D1%2526edid%253D8639D4E1-C0DC-DB58-D9B0-F439F1BE39EE%2526hlv%253D60f84462-0978-470f-a3cb-6c480a01000f%2523v_1815848385 HTTP/1.1" 200 247
89.117.22.7 - - [26/Feb/2025:01:13:58 +0100] "GET /ticket2/opencms/fi/login/?edid=58849721-189F-D09B-851E-CCAD1153A6C9 HTTP/1.1" 200 91756
185.191.171.8 - - [26/Feb/2025:01:13:59 +0100] "GET /ticket2/opencms/et/sport/jalgpallipiletid/champions-league/inter/ HTTP/1.1" 200 92850
172.226.49.40 - - [26/Feb/2025:01:14:00 +0100] "GET /ticket2/opencms/sv/sport/fotbollsbiljetter/premier_league/ HTTP/1.1" 200 98595
89.117.22.7 - - [26/Feb/2025:01:14:01 +0100] "GET /ticket2/opencms/dk/buy/?page=1&edid=9A69C26B-D767-96B2-1BE8-FB9B1C38C21B&sortorder=desc&column=section HTTP/1.1" 200 110620
89.117.22.7 - - [26/Feb/2025:01:14:01 +0100] "GET /ticket2/opencms/fi/sell/?edid=5E44F4FF-203D-4B11-88AE-65BFB1964492 HTTP/1.1" 302 -
66.249.64.97 - - [26/Feb/2025:01:14:01 +0100] "GET /ticket2/opencms/de/buy/?page=1&edid=579B49FD-6D7C-4BF3-CF9E-91183D7BCE4C HTTP/1.1" 200 108195
172.226.49.40 - - [26/Feb/2025:01:14:02 +0100] "GET /ticket2/opencms/sv/sport/fotbollsbiljetter/?gad_source=1&gbraid=0AAAAADlS-t84X3tdgceCCPb7KYvrdNmyu&gclid=Cj0KCQiA8fW9BhC8ARIsACwHqYo52m2Sud6Z1anSkSSV9ouyU5RF0R9y3rJxpnNNRMfNJvfPiFKvgM8aAmdpEALw_wcB HTTP/1.1" 200 96140
20.171.207.37 - - [26/Feb/2025:01:14:03 +0100] "GET /ticket2/opencms/set_aff_cookie.jsp?partner=8F6DE15D-D831-5787-AE7E-FEFF53476F85&url=%252Ffi%252Fbuy%252Findex.html%253Fpage%253D1%2526edid%253D9EB9B117-C5AB-5918-92E7-F637371B0A12%2526hlv%253D60f5cbb0-cb1c-467d-a99e-20600a01000f%2523v_156375216 HTTP/1.1" 200 246
40.77.167.132 - - [26/Feb/2025:01:14:03 +0100] "GET /ticket2/opencms/bs/buy/?page=1&edid=A9AA62D0-2275-36C6-E6E0-9D75C470BD5C HTTP/1.1" 200 111524
54.36.148.175 - - [26/Feb/2025:01:14:04 +0100] "GET /ticket2/opencms/sv/sport/fotbollsbiljetter/uefa-champions-league/leipzig/ HTTP/1.1" 200 88460
114.119.141.178 - - [26/Feb/2025:01:14:05 +0100] "GET /ticket2/opencms/en/sell/?edid=867E5C69-A11C-A0A4-176A-7AA1621CA972 HTTP/1.1" 302 -
89.117.22.7 - - [26/Feb/2025:01:14:06 +0100] "GET /ticket2/opencms/dk/buy/?page=1&edid=B42BB733-E52E-258C-F325-85F6C957EB02&sortorder=asc&column=row HTTP/1.1" 200 111729
89.117.22.7 - - [26/Feb/2025:01:14:06 +0100] "GET /ticket2/opencms/fi/login/?edid=5E44F4FF-203D-4B11-88AE-65BFB1964492 HTTP/1.1" 200 91828
20.171.207.37 - - [26/Feb/2025:01:14:07 +0100] "GET /ticket2/opencms/set_aff_cookie.jsp?partner=2E02071B-A8C3-4CBA-3097-C27D61C02ED8&url=%252Fnl%252Fbuy%252Findex.html%253Fpage%253D1%2526edid%253DAA8F437D-FB32-9DC7-FD41-122608E61459%2526hlv%253D610bcdaf-aaa8-4429-a899-146b0a01000f%2523v_626839229 HTTP/1.1" 200 246
89.117.22.7 - - [26/Feb/2025:01:14:08 +0100] "GET /ticket2/opencms/fi/sell/?edid=6013960B-6822-2E35-1FA5-E8D66CD59F68 HTTP/1.1" 302 -
114.119.138.214 - - [26/Feb/2025:01:14:09 +0100] "GET /ticket2/opencms/en/buy/?page=1&edid=FABE4148-094C-7239-F6DD-5F6F4EB97A09 HTTP/1.1" 200 133143
193.68.89.51 - - [26/Feb/2025:01:14:10 +0100] "GET / HTTP/1.1" 404 -
172.69.136.142 - - [26/Feb/2025:01:14:10 +0100] "GET /ticket2/opencms/de/wp-admin/setup-config.php HTTP/1.1" 404 -
114.119.141.178 - - [26/Feb/2025:01:14:11 +0100] "GET /ticket2/opencms/en/login/?url=/en/sell/ HTTP/1.1" 200 89981
89.117.22.7 - - [26/Feb/2025:01:14:11 +0100] "GET /ticket2/opencms/dk/buy/?page=1&edid=B45E1AD2-1369-CFCC-BA36-8169D6C56034 HTTP/1.1" 200 111016
20.171.207.37 - - [26/Feb/2025:01:14:11 +0100] "GET /ticket2/opencms/set_aff_cookie.jsp?partner=692E2C6A-EC6F-1C93-AFCC-C5ACC23A93EA&url=%252Fno%252Fbuy%252Findex.html%253Fpage%253D1%2526edid%253D58849721-189F-D09B-851E-CCAD1153A6C9%2526hlv%253D60c9ddde-dedc-4a5f-966a-1de40a01000f%2523v_2099760751 HTTP/1.1" 200 247
89.117.22.7 - - [26/Feb/2025:01:14:13 +0100] "GET /ticket2/opencms/fi/login/?edid=6013960B-6822-2E35-1FA5-E8D66CD59F68 HTTP/1.1" 200 91858
216.244.66.238 - - [26/Feb/2025:01:14:13 +0100] "GET /ticket2/opencms/dk/sv/sell/?edid=4EF098E4-DC23-530E-CD92-2B199FAFEF63 HTTP/1.1" 404 -
20.171.207.37 - - [26/Feb/2025:01:14:15 +0100] "GET /ticket2/opencms/set_aff_cookie.jsp?partner=692E2C6A-EC6F-1C93-AFCC-C5ACC23A93EA&url=%252Ffi%252Fbuy%252Findex.html%253Fpage%253D1%2526edid%253D40B70B22-910C-2CEB-BC32-2263AEA98A84%2526hlv%253D60f6990c-1ae4-484d-9c7d-63120a01000f%2523v_1291469375 HTTP/1.1" 200 247
54.36.148.49 - - [26/Feb/2025:01:14:15 +0100] "GET /ticket2/opencms/cs/buy?page=1&edid=AA657FC1-DA34-660D-A88E-88668BBDB2AC HTTP/1.1" 200 108690
89.117.22.7 - - [26/Feb/2025:01:14:15 +0100] "GET /ticket2/opencms/fi/sell/?edid=61B6432C-543F-9F4D-29B2-8CDFAEAC544C HTTP/1.1" 302 -
85.208.96.203 - - [26/Feb/2025:01:14:15 +0100] "GET /ticket2/opencms/ro/program-de-afiliere HTTP/1.1" 200 90120
85.208.96.204 - - [26/Feb/2025:01:14:15 +0100] "GET /ticket2/opencms/ga/magazine/article?title=emirates-stadium-en-knikn-ffo HTTP/1.1" 200 97488
89.117.22.7 - - [26/Feb/2025:01:14:16 +0100] "GET /ticket2/opencms/dk/buy/?page=1&edid=B4A753EA-BEA7-684D-3418-F6676D743299&sortorder=desc&column=price HTTP/1.1" 200 108155
20.171.207.37 - - [26/Feb/2025:01:14:18 +0100] "GET /ticket2/opencms/set_aff_cookie.jsp?partner=5E0CDF29-E7BE-9F6B-6869-7BF66B04006F&url=%252Fru%252Fbuy%252Findex.html%253Fpage%253D1%2526edid%253DEF675B1D-DCD9-DD0B-2273-47E4EF6F220D%2526hlv%253D61154d0c-a06c-4e96-b65a-161a0a01000f%2523v_1223278671 HTTP/1.1" 200 247
185.191.171.16 - - [26/Feb/2025:01:14:19 +0100] "GET /ticket2/opencms/ro/magazine/article?title=noua-victorii-din-zece-meciuri HTTP/1.1" 200 92916
89.117.22.7 - - [26/Feb/2025:01:14:21 +0100] "GET /ticket2/opencms/dk/buy/?page=1&edid=B4EC0635-7D95-B22D-B192-3848478AFE4A HTTP/1.1" 200 109505
52.167.144.237 - - [26/Feb/2025:01:14:21 +0100] "GET /ticket2/opencms/fi/magazine/article?title=jalkapallo HTTP/1.1" 200 94835
166.108.238.123 - - [26/Feb/2025:01:14:21 +0100] "GET /ticket2/opencms/ga/buy?page=1&edid=3D561669-CE76-F355-781D-8E2E1C0C9894 HTTP/1.1" 200 111295
89.117.22.7 - - [26/Feb/2025:01:14:23 +0100] "GET /ticket2/opencms/fi/login/?edid=61B6432C-543F-9F4D-29B2-8CDFAEAC544C HTTP/1.1" 200 91873
89.117.22.7 - - [26/Feb/2025:01:14:25 +0100] "GET /ticket2/opencms/fi/sell/?edid=6A0E76D9-4BC0-1E27-1E24-CADAE4F2D5B8 HTTP/1.1" 302 -
20.171.207.37 - - [26/Feb/2025:01:14:26 +0100] "GET /ticket2/opencms/set_aff_cookie.jsp?partner=23A6AD98-906E-5BDD-600E-EC4EC8A45F97&url=%252Fen%252Fbuy%252Findex.html%253Fpage%253D1%2526edid%253DD1B6D814-A677-3D90-03BA-1F7CF35352A4%2526hlv%253D6145b5aa-ac68-43eb-9c4a-62610a01000f%2523v_920161873 HTTP/1.1" 200 246
89.117.22.7 - - [26/Feb/2025:01:14:26 +0100] "GET /ticket2/opencms/dk/buy/?page=1&edid=B866CB00-06FF-ABA5-8ECA-28AAD56A2D49&sortorder=asc&column=section HTTP/1.1" 200 112154
185.191.171.7 - - [26/Feb/2025:01:14:26 +0100] "GET /ticket2/opencms/el/magazine/article?title=erlingk-mpraoyt-xaalant HTTP/1.1" 200 96849
54.36.148.196 - - [26/Feb/2025:01:14:27 +0100] "GET /ticket2/opencms/pl/buy?page=1&edid=71BCEC0A-D8F2-3C62-D68C-0DCA751BB9B9 HTTP/1.1" 200 108489
114.119.141.178 - - [26/Feb/2025:01:14:27 +0100] "GET /ticket2/opencms/ga/buy?page=1&=10597F35-2AC7-31D2-FB61-15A36BB6D73B HTTP/1.1" 200 -
185.191.171.12 - - [26/Feb/2025:01:14:27 +0100] "GET /ticket2/opencms/lt/magazine/article?title=evertonas HTTP/1.1" 200 91996
20.171.207.37 - - [26/Feb/2025:01:14:29 +0100] "GET /ticket2/opencms/set_aff_cookie.jsp?partner=5E0CDF29-E7BE-9F6B-6869-7BF66B04006F&url=%252Ffi%252Fbuy%252Findex.html%253Fpage%253D1%2526edid%253DBFDFE449-D4A2-3EC2-5F36-4B5707D3EE53%2526hlv%253D60ca1297-4db0-4f16-80d7-3b1b0a01000f%2523v_422298035 HTTP/1.1" 200 246
89.117.22.7 - - [26/Feb/2025:01:14:30 +0100] "GET /ticket2/opencms/fi/login/?edid=6A0E76D9-4BC0-1E27-1E24-CADAE4F2D5B8 HTTP/1.1" 200 91867
85.208.96.210 - - [26/Feb/2025:01:14:31 +0100] "GET /ticket2/opencms/fr/sport/billets-football/premier_league/chelsea/ HTTP/1.1" 200 100479
89.117.22.7 - - [26/Feb/2025:01:14:31 +0100] "GET /ticket2/opencms/dk/buy/?page=1&edid=B8936E2A-2B55-9BF8-E0E7-457CCCF1DAC4&sortorder=desc&column=row HTTP/1.1" 200 110515
20.171.207.37 - - [26/Feb/2025:01:14:32 +0100] "GET /ticket2/opencms/set_aff_cookie.jsp?partner=692E2C6A-EC6F-1C93-AFCC-C5ACC23A93EA&url=%252Fru%252Fbuy%252Findex.html%253Fpage%253D1%2526edid%253D0E138D6B-EAE4-AAFF-6AB5-84BFB6980E29%2526hlv%253D61154e32-c028-49ea-8fda-15fa0a01000f%2523v_1315916295 HTTP/1.1" 200 247
89.117.22.7 - - [26/Feb/2025:01:14:32 +0100] "GET /ticket2/opencms/fi/sell/?edid=864966C0-6945-AA58-A6C7-9273AE6642E0 HTTP/1.1" 302 -
66.249.64.132 - - [26/Feb/2025:01:14:34 +0100] "GET /ticket2/opencms/fr/buy?page=10&eventid=C7B8839D-D05D-58E7-D08F-88E8ADCFDD77 HTTP/1.1" 200 92555
85.208.96.212 - - [26/Feb/2025:01:14:35 +0100] "GET /ticket2/opencms/az/magazine/article?title=aston-villa-premier-liqanin-en-qedim-klublarindan-biri HTTP/1.1" 200 94436
89.117.22.7 - - [26/Feb/2025:01:14:36 +0100] "GET /ticket2/opencms/dk/buy/?page=1&edid=B9856EBE-C08F-015A-E41C-F8DEF87D6643&sortorder=desc&column=section HTTP/1.1" 200 111233
89.117.22.7 - - [26/Feb/2025:01:14:37 +0100] "GET /ticket2/opencms/fi/login/?edid=864966C0-6945-AA58-A6C7-9273AE6642E0 HTTP/1.1" 200 91943
185.191.171.16 - - [26/Feb/2025:01:14:37 +0100] "GET /ticket2/opencms/fr/magazine/article?title=stade-emirates HTTP/1.1" 200 95722
54.36.149.36 - - [26/Feb/2025:01:14:38 +0100] "GET /ticket2/opencms/no/sport/fotballsbilletter/la_liga/athletic-bilbao/ HTTP/1.1" 200 90439
20.171.207.37 - - [26/Feb/2025:01:14:38 +0100] "GET /ticket2/opencms/set_aff_cookie.jsp?partner=8F6DE15D-D831-5787-AE7E-FEFF53476F85&url=%252Fru%252Fbuy%252Findex.html%253Fpage%253D1%2526edid%253DD1B6D814-A677-3D90-03BA-1F7CF35352A4%2526hlv%253D60ca1cae-93c8-46e2-9fa4-40e30a01000f%2523v_1675755040 HTTP/1.1" 200 247
89.117.22.7 - - [26/Feb/2025:01:14:39 +0100] "GET /ticket2/opencms/fi/sell/?edid=866FFC50-DF27-5378-DBAB-F17893C3BF22 HTTP/1.1" 302 -
20.171.207.37 - - [26/Feb/2025:01:14:41 +0100] "GET /ticket2/opencms/set_aff_cookie.jsp?partner=2E02071B-A8C3-4CBA-3097-C27D61C02ED8&url=%252Fdk%252Fbuy%252Findex.html%253Fpage%253D1%2526edid%253DE7560AB3-0BA2-E806-DEFE-5D8CC4C6CAA3%2526hlv%253D610bcffc-3fc8-4619-89af-16270a01000f%2523v_1471541093 HTTP/1.1" 200 247
40.77.167.55 - - [26/Feb/2025:01:14:41 +0100] "GET /ticket2/opencms/sl/buy?page=6&comcatid=A17713B6-D984-201A-4143-ED4DB5ED5C2E&catid=7EF04817-972D-18B1-F941-DE800D088075&eventid=1C6FE071-A7CF-3CA2-9402-E797C29F5F3B HTTP/1.1" 200 106276
89.117.22.7 - - [26/Feb/2025:01:14:41 +0100] "GET /ticket2/opencms/dk/buy/?page=1&edid=BD31577E-89AE-21C8-EC43-EC092DF762EE HTTP/1.1" 200 111055
173.252.107.3 - - [26/Feb/2025:01:14:41 +0100] "GET /ticket2/opencms/tr/spor/futbol-biletleri/bundesliga/borussia-dortmund HTTP/1.1" 200 100079
89.117.22.7 - - [26/Feb/2025:01:14:44 +0100] "GET /ticket2/opencms/fi/login/?edid=866FFC50-DF27-5378-DBAB-F17893C3BF22 HTTP/1.1" 200 91855
47.128.46.188 - - [26/Feb/2025:01:14:46 +0100] "GET /ticket2/opencms/bg/buy/?edid=87B3356E-6F78-7F45-235C-4CD49B95C308 HTTP/1.1" 200 92517
89.117.22.7 - - [26/Feb/2025:01:14:46 +0100] "GET /ticket2/opencms/dk/buy/?page=1&edid=C87D073B-AE67-CB2F-38A2-458D7BBFFECB HTTP/1.1" 200 109250
89.117.22.7 - - [26/Feb/2025:01:14:46 +0100] "GET /ticket2/opencms/fi/sell/?edid=96139E3C-A19E-D742-C278-A36332A5747C HTTP/1.1" 302 -
66.249.64.33 - - [26/Feb/2025:01:14:47 +0100] "GET /ticket2/opencms/ga/buy/?page=1&edid=5C16C231-B966-190F-EDF0-005493349D4E HTTP/1.1" 200 132530
66.249.64.130 - - [26/Feb/2025:01:14:48 +0100] "GET /ticket2/opencms/sk/buy/?page=1&edid=739E0803-1C1B-F2C0-1BBA-C74FC56F4279 HTTP/1.1" 200 111343
66.249.76.133 - - [26/Feb/2025:01:14:50 +0100] "GET /ticket2/opencms/system/modules/com.gridnine.opencms.ticketbrokerage.site/resources/js/functions.js HTTP/1.1" 200 1583
89.117.22.7 - - [26/Feb/2025:01:14:50 +0100] "GET /ticket2/opencms/dk/buy/?page=1&edid=C958FFDC-A8B7-609B-CC0C-EEA4F21803F5&sortorder=desc&column=price HTTP/1.1" 200 110849
54.36.148.164 - - [26/Feb/2025:01:14:51 +0100] "GET /ticket2/opencms/pl/buy/?page=1&edid=1BDE69E9-911B-D7B1-5E4E-80296443BB3B HTTP/1.1" 200 108420
89.117.22.7 - - [26/Feb/2025:01:14:51 +0100] "GET /ticket2/opencms/fi/login/?edid=96139E3C-A19E-D742-C278-A36332A5747C HTTP/1.1" 200 91821
185.191.171.7 - - [26/Feb/2025:01:14:52 +0100] "GET /ticket2/opencms/is/magazine/article?title=abdul-fatawu-mun-missa-resten-av-timabilinu HTTP/1.1" 200 94435
66.249.64.130 - - [26/Feb/2025:01:14:52 +0100] "GET /ticket2/opencms/de/buy/?page=1&edid=71FF97B7-54FB-AABB-52B6-2424CA54B5F3 HTTP/1.1" 200 112217
89.117.22.7 - - [26/Feb/2025:01:14:53 +0100] "GET /ticket2/opencms/fi/sell/?edid=984644D1-C9F2-D295-45C4-6E9DD3F709C0 HTTP/1.1" 302 -
20.171.207.37 - - [26/Feb/2025:01:14:54 +0100] "GET /ticket2/opencms/set_aff_cookie.jsp?partner=692E2C6A-EC6F-1C93-AFCC-C5ACC23A93EA&url=%252Fdk%252Fbuy%252Findex.html%253Fpage%253D1%2526edid%253D590EDDB9-B981-09D2-E0FC-F6E1B491368A%2526hlv%253D611bab0e-e24c-4ada-9d62-455d0a01000f%2523v_1600935423 HTTP/1.1" 200 247
85.208.96.196 - - [26/Feb/2025:01:14:54 +0100] "GET /ticket2/opencms/bs/magazine/article?title=manchester-city-7-utakmica-bez-pobjede HTTP/1.1" 200 94445
89.117.22.7 - - [26/Feb/2025:01:14:56 +0100] "GET /ticket2/opencms/dk/buy/?page=1&edid=C958FFDC-A8B7-609B-CC0C-EEA4F21803F5&sortorder=desc&column=row HTTP/1.1" 200 110767
89.117.22.7 - - [26/Feb/2025:01:14:58 +0100] "GET /ticket2/opencms/fi/login/?edid=984644D1-C9F2-D295-45C4-6E9DD3F709C0 HTTP/1.1" 200 91799
66.249.64.130 - - [26/Feb/2025:01:15:00 +0100] "GET /ticket2/opencms/bg/buy/?page=1&edid=BF16D728-2B7F-6C27-C6E2-3A0A56645978 HTTP/1.1" 200 113387
89.117.22.7 - - [26/Feb/2025:01:15:00 +0100] "GET /ticket2/opencms/fi/sell/?edid=A84070DC-133C-F761-940C-18DE5C0F16D7 HTTP/1.1" 302 -
89.117.22.7 - - [26/Feb/2025:01:15:01 +0100] "GET /ticket2/opencms/dk/buy/?page=1&edid=C958FFDC-A8B7-609B-CC0C-EEA4F21803F5&sortorder=desc&column=section HTTP/1.1" 200 110857
54.36.149.82 - - [26/Feb/2025:01:15:02 +0100] "GET /ticket2/opencms/sv/sport/fotbollsbiljetter/serie_a/bologna/ HTTP/1.1" 200 94227
20.171.207.37 - - [26/Feb/2025:01:15:04 +0100] "GET /ticket2/opencms/set_aff_cookie.jsp?partner=8F6DE15D-D831-5787-AE7E-FEFF53476F85&url=%252Fdk%252Fbuy%252Findex.html%253Fpage%253D1%2526edid%253DB0342119-7DEE-A961-582D-4DB4FC7F38E6%2526hlv%253D60f5c522-98ec-44e5-ab18-1e6d0a01000f%2523v_343218512 HTTP/1.1" 200 246
89.117.22.7 - - [26/Feb/2025:01:15:05 +0100] "GET /ticket2/opencms/dk/buy/?page=1&edid=C9C23E31-B53B-8CA7-47AC-4FDCBAB0550C&sortorder=asc&column=price HTTP/1.1" 200 112174
89.117.22.7 - - [26/Feb/2025:01:15:05 +0100] "GET /ticket2/opencms/fi/login/?edid=A84070DC-133C-F761-940C-18DE5C0F16D7 HTTP/1.1" 200 91847
89.117.22.7 - - [26/Feb/2025:01:15:07 +0100] "GET /ticket2/opencms/fi/sell/?edid=A9166140-FA58-145B-C965-B5558AECD78F HTTP/1.1" 302 -
66.249.64.130 - - [26/Feb/2025:01:15:08 +0100] "GET /ticket2/opencms/mt/buy/?page=1&edid=BF16D728-2B7F-6C27-C6E2-3A0A56645978 HTTP/1.1" 200 111051
152.53.110.11 - - [26/Feb/2025:01:15:09 +0100] "GET /ticket2/opencms/az/tehlukesiz-alin HTTP/1.1" 200 91501
89.117.22.7 - - [26/Feb/2025:01:15:10 +0100] "GET /ticket2/opencms/dk/buy/?page=1&edid=CAEC01E6-0D3F-6B15-E791-555064E8C8FC&sortorder=asc&column=row HTTP/1.1" 200 111385
89.117.22.7 - - [26/Feb/2025:01:15:12 +0100] "GET /ticket2/opencms/fi/login/?edid=A9166140-FA58-145B-C965-B5558AECD78F HTTP/1.1" 200 91798
66.249.64.97 - - [26/Feb/2025:01:15:14 +0100] "GET /ticket2/opencms/de/buy/?page=1&edid=38BD011F-E307-1808-7BE3-74470A609319 HTTP/1.1" 200 108067
89.117.22.7 - - [26/Feb/2025:01:15:14 +0100] "GET /ticket2/opencms/fi/sell/?edid=ABDF7CFF-955C-3980-3713-4EA1E1421657 HTTP/1.1" 302 -
85.208.96.212 - - [26/Feb/2025:01:15:14 +0100] "GET /ticket2/opencms/sr/magazine/article?title=kako-manchester-united-treba-da-se-nosi-sa-krizom HTTP/1.1" 200 93309
66.249.76.170 - - [26/Feb/2025:01:15:15 +0100] "GET /ticket2/opencms/az/buy/?page=1&edid=F9369CE2-E2E4-ED70-E0F1-69758889623D HTTP/1.1" 200 109066
54.36.149.62 - - [26/Feb/2025:01:15:15 +0100] "GET /ticket2/opencms/uk/magazine/article?title=we-are-the-worst-team-in-the-clubs-history HTTP/1.1" 200 93571
89.117.22.7 - - [26/Feb/2025:01:15:15 +0100] "GET /ticket2/opencms/dk/buy/?page=1&edid=CB6B67ED-718B-F4D1-295A-F40142E220E6&sortorder=desc&column=row HTTP/1.1" 200 110228
54.36.148.127 - - [26/Feb/2025:01:15:15 +0100] "GET /ticket2/opencms/sv/sport/fotbollsbiljetter/serie_a/empoli/ HTTP/1.1" 200 93773
20.171.207.37 - - [26/Feb/2025:01:15:16 +0100] "GET /ticket2/opencms/set_aff_cookie.jsp?partner=2E02071B-A8C3-4CBA-3097-C27D61C02ED8&url=%252Fru%252Fbuy%252Findex.html%253Fpage%253D1%2526edid%253DB0BF2090-DE5A-9E6F-DE35-9DF8CEDD4A19%2526hlv%253D6115208f-fea8-4f9a-b1c6-05810a01000f%2523v_212808909 HTTP/1.1" 200 246
185.191.171.8 - - [26/Feb/2025:01:15:16 +0100] "GET /ticket2/opencms/dk/magazine/article?title=manchester-united-har-valgt-at-fyre-erik-ten-hag HTTP/1.1" 200 96664
89.117.22.7 - - [26/Feb/2025:01:15:19 +0100] "GET /ticket2/opencms/fi/login/?edid=ABDF7CFF-955C-3980-3713-4EA1E1421657 HTTP/1.1" 200 91812
89.117.22.7 - - [26/Feb/2025:01:15:20 +0100] "GET /ticket2/opencms/dk/buy/?page=1&edid=CB6B67ED-718B-F4D1-295A-F40142E220E6&sortorder=desc&column=section HTTP/1.1" 200 110428
89.117.22.7 - - [26/Feb/2025:01:15:21 +0100] "GET /ticket2/opencms/fi/sell/?edid=ABF1FC6E-B240-9286-D056-EACAD436E562 HTTP/1.1" 302 -
40.77.167.75 - - [26/Feb/2025:01:15:23 +0100] "GET /ticket2/opencms/en/ HTTP/1.1" 200 104957
89.117.22.7 - - [26/Feb/2025:01:15:25 +0100] "GET /ticket2/opencms/dk/buy/?page=1&edid=D2C03709-8648-5DE7-21CA-50E370682539&sortorder=asc&column=section HTTP/1.1" 200 112160
89.117.22.7 - - [26/Feb/2025:01:15:25 +0100] "GET /ticket2/opencms/fi/login/?edid=ABF1FC6E-B240-9286-D056-EACAD436E562 HTTP/1.1" 200 91776
185.191.171.12 - - [26/Feb/2025:01:15:26 +0100] "GET /ticket2/opencms/no/sport/ishockey/nhl/Dallas_Stars/ HTTP/1.1" 200 89162
66.249.64.131 - - [26/Feb/2025:01:15:28 +0100] "GET /ticket2/opencms/cs/buy/?page=1&edid=F9369CE2-E2E4-ED70-E0F1-69758889623D HTTP/1.1" 200 108653
27.106.108.103 - - [26/Feb/2025:01:15:29 +0100] "GET /ticket2/opencms/ga/buy?page=1&edid=4F12EEF2-EEE1-6C0B-38B5-EE2BFB9F492A HTTP/1.1" 200 108884
89.117.22.7 - - [26/Feb/2025:01:15:29 +0100] "GET /ticket2/opencms/dk/buy/?page=1&edid=D31DCA81-F017-5EBA-3840-CF6BDC685B59&sortorder=asc&column=price HTTP/1.1" 200 111303
20.171.207.37 - - [26/Feb/2025:01:15:30 +0100] "GET /ticket2/opencms/set_aff_cookie.jsp?partner=8F6DE15D-D831-5787-AE7E-FEFF53476F85&url=%252Fen%252Fbuy%252Findex.html%253Fpage%253D1%2526edid%253D3A113BA6-0F4C-889C-CC91-8E29F25F6706%2526hlv%253D61127bad-3a84-4c6e-a031-2ed20a01000f%2523v_480727654 HTTP/1.1" 200 246
54.36.148.244 - - [26/Feb/2025:01:15:30 +0100] "GET /ticket2/opencms/hu/buy/?page=1&edid=4F823A18-A71D-F820-FD7B-2CC78F9C9CC8 HTTP/1.1" 200 132152
89.117.22.7 - - [26/Feb/2025:01:15:30 +0100] "GET /ticket2/opencms/fi/sell/?edid=DF97ECA4-1113-3B69-FF5A-21F981747AAD HTTP/1.1" 302 -
114.119.165.226 - - [26/Feb/2025:01:15:31 +0100] "GET /ticket2/opencms/en/buy/?page=1&edid=F096D1AD-EE12-C298-2137-D6BD382A6C8C HTTP/1.1" 200 110059
20.171.207.37 - - [26/Feb/2025:01:15:31 +0100] "GET /ticket2/opencms/set_aff_cookie.jsp?partner=2E02071B-A8C3-4CBA-3097-C27D61C02ED8&url=%252Fen%252Fbuy%252Findex.html%253Fpage%253D1%2526edid%253DF1DD8898-1801-2CC1-0B71-AE1004098ADC%2526hlv%253D610bccbf-bf10-49d1-8f04-148c0a01000f%2523v_152146268 HTTP/1.1" 200 246
66.220.149.8 - - [26/Feb/2025:01:15:32 +0100] "GET /ticket2/opencms/hr/buy/?page=1&edid=06DFD1FD-C998-D215-F69E-5752E4CF3A89 HTTP/1.1" 200 108772
85.208.96.208 - - [26/Feb/2025:01:15:32 +0100] "GET /ticket2/opencms/cs/magazine/article?title=cole-palmer-rozhoduje-o-zapase-a-alexander-isak-je-zpet HTTP/1.1" 200 93725
89.117.22.7 - - [26/Feb/2025:01:15:34 +0100] "GET /ticket2/opencms/dk/buy/?page=1&edid=D31DCA81-F017-5EBA-3840-CF6BDC685B59&sortorder=asc&column=row HTTP/1.1" 200 111369
47.128.26.32 - - [26/Feb/2025:01:15:34 +0100] "GET /ticket2/opencms/de/magazine/article?title=zukunftige-sterne HTTP/1.1" 200 92893
89.117.22.7 - - [26/Feb/2025:01:15:35 +0100] "GET /ticket2/opencms/fi/login/?edid=DF97ECA4-1113-3B69-FF5A-21F981747AAD HTTP/1.1" 200 91877
20.171.207.37 - - [26/Feb/2025:01:15:38 +0100] "GET /ticket2/opencms/set_aff_cookie.jsp?partner=692E2C6A-EC6F-1C93-AFCC-C5ACC23A93EA&url=%252Fsv%252Fbuy%252Findex.html%253Fpage%253D1%2526edid%253DF4167223-BE9D-8076-FAEB-44CE8CD5CEB9%2526hlv%253D611bc757-981c-4b5a-a21c-503e0a01000f%2523v_1065539203 HTTP/1.1" 200 247
89.117.22.7 - - [26/Feb/2025:01:15:39 +0100] "GET /ticket2/opencms/dk/buy/?page=1&edid=D31DCA81-F017-5EBA-3840-CF6BDC685B59&sortorder=asc&column=section HTTP/1.1" 200 111419
89.117.22.7 - - [26/Feb/2025:01:15:40 +0100] "GET /ticket2/opencms/no/buy/?page=1&edid=124E8283-E5DC-7FAE-437D-48A8B5EF948C HTTP/1.1" 200 111632
66.249.64.32 - - [26/Feb/2025:01:15:40 +0100] "GET /ticket2/opencms/ga/buy/?page=1&edid=94C5B0A9-45EC-824F-7DFB-E52A893ACA3D HTTP/1.1" 200 136787
114.119.139.202 - - [26/Feb/2025:01:15:41 +0100] "GET /ticket2/opencms/es/buy/?comcatid=97ECA65A-72DA-F9AF-9DBB-245D3CFED1BE&catid=F4D223A4-C027-46DC-3DE5-726A23E30A62 HTTP/1.1" 200 98180
54.36.148.167 - - [26/Feb/2025:01:15:42 +0100] "GET /ticket2/opencms/sv/sport/fotbollsbiljetter/serie_a/salernitana/ HTTP/1.1" 200 94104
89.117.22.7 - - [26/Feb/2025:01:15:43 +0100] "GET /ticket2/opencms/dk/buy/?page=1&edid=D31DCA81-F017-5EBA-3840-CF6BDC685B59&sortorder=desc&column=price HTTP/1.1" 200 111450
89.117.22.7 - - [26/Feb/2025:01:15:45 +0100] "GET /ticket2/opencms/no/buy/?page=1&edid=124E8283-E5DC-7FAE-437D-48A8B5EF948C&sortorder=asc&column=row HTTP/1.1" 200 112509
89.117.22.7 - - [26/Feb/2025:01:15:48 +0100] "GET /ticket2/opencms/dk/buy/?page=1&edid=D4255A3F-2F8B-4985-F818-B5C578B0FF1C&sortorder=desc&column=row HTTP/1.1" 200 111092
114.119.159.237 - - [26/Feb/2025:01:15:49 +0100] "GET /ticket2/opencms/en/venue/?venueid=E07BF873-3E24-4ED0-36DB-A40D162DA6BE HTTP/1.1" 200 85450
89.117.22.7 - - [26/Feb/2025:01:15:50 +0100] "GET /ticket2/opencms/no/buy/?page=1&edid=28497D8F-4767-7A9A-4DD0-10FEA1E4E740&sortorder=asc&column=section HTTP/1.1" 200 112697
66.249.64.131 - - [26/Feb/2025:01:15:50 +0100] "GET /ticket2/opencms/hu/buy/?page=1&edid=BF16D728-2B7F-6C27-C6E2-3A0A56645978 HTTP/1.1" 200 110934
54.36.148.116 - - [26/Feb/2025:01:15:52 +0100] "GET /ticket2/opencms/el/buy?page=1&edid=AA657FC1-DA34-660D-A88E-88668BBDB2AC HTTP/1.1" 200 112283
20.171.207.37 - - [26/Feb/2025:01:15:53 +0100] "GET /ticket2/opencms/set_aff_cookie.jsp?partner=5E0CDF29-E7BE-9F6B-6869-7BF66B04006F&url=%252Fru%252Fbuy%252Findex.html%253Fpage%253D1%2526edid%253D1704DC47-D333-EEEA-B66A-BC4C3DDB8A1C%2526hlv%253D6144978a-3c74-45f8-a007-79720a01000f%2523v_345801225 HTTP/1.1" 200 246
89.117.22.7 - - [26/Feb/2025:01:15:53 +0100] "GET /ticket2/opencms/dk/buy/?page=1&edid=D9590EEA-A3BA-EAE9-0517-4EA431179E08&sortorder=desc&column=row HTTP/1.1" 200 108155
85.208.96.199 - - [26/Feb/2025:01:15:53 +0100] "GET /ticket2/opencms/sr/magazine/article?title=sezonska-refleksija-manchester-uniteda-202324 HTTP/1.1" 200 94347
114.119.153.152 - - [26/Feb/2025:01:15:54 +0100] "GET /ticket2/opencms/et/buy?page=1&=1C915206-ABF4-4EE6-0DB4-3CA1A47C2341 HTTP/1.1" 200 -
89.117.22.7 - - [26/Feb/2025:01:15:55 +0100] "GET /ticket2/opencms/no/buy/?page=1&edid=28497D8F-4767-7A9A-4DD0-10FEA1E4E740&sortorder=desc&column=price HTTP/1.1" 200 112579
20.171.207.37 - - [26/Feb/2025:01:15:56 +0100] "GET /ticket2/opencms/set_aff_cookie.jsp?partner=692E2C6A-EC6F-1C93-AFCC-C5ACC23A93EA&url=%252Fnl%252Fbuy%252Findex.html%253Fpage%253D1%2526edid%253D8A1D7FDE-61D9-CA78-3F14-088E085C1428%2526hlv%253D610bcc6e-4e20-4a2b-a63f-155c0a01000f%2523v_2140853988 HTTP/1.1" 200 247
85.208.96.199 - - [26/Feb/2025:01:15:56 +0100] "GET /ticket2/opencms/pl/magazine/article?title=fc-liverpool-sezon-refleksja HTTP/1.1" 200 94755
20.171.207.37 - - [26/Feb/2025:01:15:57 +0100] "GET /ticket2/opencms/set_aff_cookie.jsp?partner=8F6DE15D-D831-5787-AE7E-FEFF53476F85&url=%252Fsv%252Fbuy%252Findex.html%253Fpage%253D1%2526edid%253D15AF8D2B-EC86-F832-6A25-EDE861BB730F%2526hlv%253D610bcde8-7ee8-495f-a69c-146b0a01000f%2523v_1981192370 HTTP/1.1" 200 247
89.117.22.7 - - [26/Feb/2025:01:15:58 +0100] "GET /ticket2/opencms/dk/buy/?page=1&edid=DA9D2A76-92D5-D9C9-5100-8D5EB69CFF78&sortorder=desc&column=section HTTP/1.1" 200 108331
89.117.22.7 - - [26/Feb/2025:01:15:59 +0100] "GET /ticket2/opencms/no/buy/?page=1&edid=2ED13BBD-EA37-6DC6-AC31-DEF0177FBC2B&sortorder=desc&column=section HTTP/1.1" 200 112903
85.208.96.199 - - [26/Feb/2025:01:16:01 +0100] "GET /ticket2/opencms/hu/magazine/article?title=kylian-mbappe-lenyugoz HTTP/1.1" 200 93615
89.117.22.7 - - [26/Feb/2025:01:16:02 +0100] "GET /ticket2/opencms/dk/buy/?page=1&edid=DF615F8C-8ACA-64F7-2E7F-C0B5F6927A2E&sortorder=desc&column=section HTTP/1.1" 200 112048
54.36.148.17 - - [26/Feb/2025:01:16:03 +0100] "GET /ticket2/opencms/sv/sport/fotbollsbiljetter/serie_a/sassuolo/ HTTP/1.1" 200 93992
89.117.22.7 - - [26/Feb/2025:01:16:04 +0100] "GET /ticket2/opencms/no/buy/?page=1&edid=FC0C5A3D-89D5-4CCC-0C13-E556ACA3DDE8&sortorder=asc&column=row HTTP/1.1" 200 112554
185.191.171.11 - - [26/Feb/2025:01:16:04 +0100] "GET /ticket2/opencms/hu/magazine/article?title=manchester-city-kockazatot-vallal-a-kiesessel HTTP/1.1" 200 92821
40.77.167.132 - - [26/Feb/2025:01:16:05 +0100] "GET /ticket2/opencms/lt/buy/?comcatid=A17713B6-D984-201A-4143-ED4DB5ED5C2E&catid=E92E6B1B-7CD1-74B1-312C-265A7D8125D0 HTTP/1.1" 200 103365
114.119.130.154 - - [26/Feb/2025:01:16:05 +0100] "GET /ticket2/opencms/dk/buy?page=1&=237937AD-4CC8-5A4A-5728-6EA6ACA2A8B4 HTTP/1.1" 200 -
40.77.167.132 - - [26/Feb/2025:01:16:05 +0100] "GET /ticket2/opencms/uk/buy?page=1&edid=8E10E53D-20CB-D950-05F1-34EA3BA03F55 HTTP/1.1" 200 110830
89.117.22.7 - - [26/Feb/2025:01:16:07 +0100] "GET /ticket2/opencms/dk/buy/?page=1&edid=DF826BC8-6074-5D5A-40D7-6A584FFEB161&sortorder=desc&column=price HTTP/1.1" 200 110485
66.249.76.1 - - [26/Feb/2025:01:16:07 +0100] "GET /ticket2/opencms/de/buy/?page=1&edid=66FFE717-0C93-3F01-2AC8-8E7FC5F9BAB1 HTTP/1.1" 200 117429
20.171.207.37 - - [26/Feb/2025:01:16:08 +0100] "GET /ticket2/opencms/set_aff_cookie.jsp?partner=5E0CDF29-E7BE-9F6B-6869-7BF66B04006F&url=%252Fdk%252Fbuy%252Findex.html%253Fpage%253D1%2526edid%253D37CCBCCA-CDAD-6DBB-02E4-092F4F3842E9%2526hlv%253D60f84b84-a274-4525-9319-6f870a01000f%2523v_1523062783 HTTP/1.1" 200 247
89.117.22.7 - - [26/Feb/2025:01:16:08 +0100] "GET /ticket2/opencms/no/buy/?page=1&edid=FD4ACCCD-8EC0-7937-C261-4FA11897D797&sortorder=asc&column=section HTTP/1.1" 200 112133
20.171.207.37 - - [26/Feb/2025:01:16:10 +0100] "GET /ticket2/opencms/set_aff_cookie.jsp?partner=57601924-FB09-5BB2-867F-08B4EB522BA8&url=%252Fsv%252Fbuy%252Findex.html%253Fpage%253D1%2526edid%253D0415C45A-63CA-260A-2123-85A9DAAFCE72%2526hlv%253D60dc96fb-bae4-4a6c-ad9f-02a70a01000f%2523v_162738898 HTTP/1.1" 200 246
185.191.171.7 - - [26/Feb/2025:01:16:10 +0100] "GET /ticket2/opencms/bs/magazine/article?title=refleksija-sezone-arsenala HTTP/1.1" 200 94020
89.117.22.7 - - [26/Feb/2025:01:16:11 +0100] "GET /ticket2/opencms/dk/buy/?page=1&edid=DF97ECA4-1113-3B69-FF5A-21F981747AAD HTTP/1.1" 200 109782
40.77.167.55 - - [26/Feb/2025:01:16:12 +0100] "GET /ticket2/opencms/bs/buy/?page=1&edid=96E011DF-5241-3266-195A-F1BA5B4FE37C HTTP/1.1" 200 111377
20.171.207.37 - - [26/Feb/2025:01:16:12 +0100] "GET /ticket2/opencms/set_aff_cookie.jsp?partner=692E2C6A-EC6F-1C93-AFCC-C5ACC23A93EA&url=%252Ffi%252Fbuy%252Findex.html%253Fpage%253D1%2526edid%253DF6846B21-DFB1-3342-F8E4-3CC69EE92178%2526hlv%253D60d0e4d4-323c-4a90-a25e-40a20a01000f%2523v_1057260178 HTTP/1.1" 200 247
89.117.22.7 - - [26/Feb/2025:01:16:13 +0100] "GET /ticket2/opencms/no/buy/?page=1&edid=FD6F3B4B-A5BC-5248-5E75-2F9B37E37FBE&sortorder=desc&column=row HTTP/1.1" 200 112556
54.36.149.58 - - [26/Feb/2025:01:16:14 +0100] "GET /ticket2/opencms/sr/buy?page=1&edid=069EC406-6DFD-08ED-B6CC-A7E203415919 HTTP/1.1" 200 112314
85.208.96.206 - - [26/Feb/2025:01:16:15 +0100] "GET /ticket2/opencms/es/magazine/article?title=tottenham-hotspur-fc HTTP/1.1" 200 92482
202.8.43.107 - - [26/Feb/2025:01:16:16 +0100] "GET /ticket2/opencms/system/modules/com.gridnine.opencms.ticketbrokerage.site/resources/css/ticketbrokerage.css HTTP/1.1" 200 39339
202.8.43.107 - - [26/Feb/2025:01:16:16 +0100] "GET /ticket2/opencms/system/modules/com.gridnine.opencms.ticketbrokerage.site/resources/css/calendar.css HTTP/1.1" 200 6871
202.8.43.107 - - [26/Feb/2025:01:16:16 +0100] "GET /ticket2/opencms/system/modules/com.gridnine.opencms.ticketbrokerage.site/resources/css/standard.css HTTP/1.1" 200 74207
202.8.43.107 - - [26/Feb/2025:01:16:16 +0100] "GET /ticket2/opencms/system/modules/com.gridnine.opencms.ticketbrokerage.site/resources/css/jquery.fancybox.css HTTP/1.1" 200 4939
202.8.43.107 - - [26/Feb/2025:01:16:16 +0100] "GET /ticket2/opencms/system/modules/com.gridnine.opencms.ticketbrokerage.site/resources/js/jquery/jquery.js HTTP/1.1" 200 93868
202.8.43.107 - - [26/Feb/2025:01:16:16 +0100] "GET /ticket2/opencms/system/modules/com.gridnine.opencms.ticketbrokerage.site/resources/css/jquery-ui.css HTTP/1.1" 200 33221
54.36.149.54 - - [26/Feb/2025:01:16:16 +0100] "GET /ticket2/opencms/no/magazine/ HTTP/1.1" 200 161172
202.8.43.107 - - [26/Feb/2025:01:16:16 +0100] "GET /ticket2/opencms/system/modules/com.gridnine.opencms.ticketbrokerage.site/resources/js/jquery/jquery-ui.js HTTP/1.1" 200 228088
202.8.43.107 - - [26/Feb/2025:01:16:16 +0100] "GET /ticket2/opencms/system/modules/com.gridnine.opencms.ticketbrokerage.site/resources/js/functions.js HTTP/1.1" 200 1583
202.8.43.107 - - [26/Feb/2025:01:16:16 +0100] "GET /ticket2/opencms/system/modules/com.gridnine.opencms.ticketbrokerage.site/resources/js/calendar.js HTTP/1.1" 200 49229
202.8.43.107 - - [26/Feb/2025:01:16:16 +0100] "GET /ticket2/opencms/system/modules/com.gridnine.opencms.ticketbrokerage.site/resources/js/calendar-en.js HTTP/1.1" 200 3338
202.8.43.107 - - [26/Feb/2025:01:16:16 +0100] "GET /ticket2/opencms/system/modules/com.gridnine.opencms.ticketbrokerage.site/resources/js/calendar-setup.js HTTP/1.1" 200 4923
202.8.43.107 - - [26/Feb/2025:01:16:16 +0100] "GET /ticket2/opencms/system/modules/com.gridnine.opencms.ticketbrokerage.site/resources/js/jquery.fancybox.pack.js HTTP/1.1" 200 23187
202.8.43.107 - - [26/Feb/2025:01:16:16 +0100] "GET /ticket2/opencms/system/modules/com.gridnine.opencms.ticketbrokerage.site/resources/js/stickyfill.min.js HTTP/1.1" 200 5672
202.8.43.107 - - [26/Feb/2025:01:16:16 +0100] "GET /ticket2/opencms/system/modules/com.gridnine.opencms.ticketbrokerage.site/resources/js/standard.js HTTP/1.1" 200 3983
89.117.22.7 - - [26/Feb/2025:01:16:16 +0100] "GET /ticket2/opencms/dk/buy/?page=1&edid=E4D70CB8-6D89-F890-43F5-E8D14DCE566A&sortorder=desc&column=section HTTP/1.1" 200 111442
202.8.43.107 - - [26/Feb/2025:01:16:16 +0100] "GET /ticket2/opencms/system/modules/com.gridnine.opencms.ticketbrokerage.site/resources/js/jquery.placeholder.min.js HTTP/1.1" 200 1737
202.8.43.107 - - [26/Feb/2025:01:16:16 +0100] "GET /ticket2/opencms/system/modules/com.gridnine.opencms.ticketbrokerage.site/resources/js/common-ajax.js HTTP/1.1" 200 20175
202.8.43.107 - - [26/Feb/2025:01:16:16 +0100] "GET /ticket2/opencms/sr/ask-form.html HTTP/1.1" 200 3156
202.8.43.107 - - [26/Feb/2025:01:16:16 +0100] "GET /ticket2/opencms/system/modules/com.gridnine.opencms.ticketbrokerage.site/resources/css/ticketbrokerage.css HTTP/1.1" 200 39339
89.117.22.7 - - [26/Feb/2025:01:16:18 +0100] "GET /ticket2/opencms/no/buy/?page=1&edid=FD6F3B4B-A5BC-5248-5E75-2F9B37E37FBE&sortorder=desc&column=section HTTP/1.1" 200 112703
89.117.22.7 - - [26/Feb/2025:01:16:21 +0100] "GET /ticket2/opencms/dk/buy/?page=1&edid=EE0B5545-A4DD-24A5-CE2A-0376591DD1C7&sortorder=asc&column=row HTTP/1.1" 200 108076
40.77.167.143 - - [26/Feb/2025:01:16:23 +0100] "GET /ticket2/opencms/is/buy/?page=1&edid=35B3B189-F0EE-D44E-696E-524503E0038E HTTP/1.1" 200 108647
89.117.22.7 - - [26/Feb/2025:01:16:24 +0100] "GET /ticket2/opencms/no/buy/?page=1&edid=FDE61440-0AFB-C810-FB76-DEDF52CF6305&sortorder=asc&column=price HTTP/1.1" 200 112074
89.117.22.7 - - [26/Feb/2025:01:16:26 +0100] "GET /ticket2/opencms/dk/buy/?page=1&edid=F072BD13-D85E-6EDE-64C2-2195E5EE30BF HTTP/1.1" 200 110331
89.117.22.7 - - [26/Feb/2025:01:16:29 +0100] "GET /ticket2/opencms/no/buy/?page=1&edid=FDE61440-0AFB-C810-FB76-DEDF52CF6305&sortorder=asc&column=section HTTP/1.1" 200 112099
54.36.149.52 - - [26/Feb/2025:01:16:30 +0100] "GET /ticket2/opencms/sv/sport/fotbollsbiljetter/serie_a/torino/ HTTP/1.1" 200 94045
185.191.171.8 - - [26/Feb/2025:01:16:31 +0100] "GET /ticket2/opencms/bs/magazine/article?title=bukayo-ayoyinka-t-m-saka HTTP/1.1" 200 93161
89.117.22.7 - - [26/Feb/2025:01:16:31 +0100] "GET /ticket2/opencms/dk/buy/?page=1&edid=F3C590BC-8B85-5255-AEB2-2BDF70BA064F&sortorder=desc&column=row HTTP/1.1" 200 111099
66.249.64.130 - - [26/Feb/2025:01:16:33 +0100] "GET /ticket2/opencms/hr/buy/?page=1&edid=BF16D728-2B7F-6C27-C6E2-3A0A56645978 HTTP/1.1" 200 110882
89.117.22.7 - - [26/Feb/2025:01:16:34 +0100] "GET /ticket2/opencms/no/buy/?page=1&edid=FED98890-38A2-BE27-329F-29074A06DF0E&sortorder=asc&column=price HTTP/1.1" 200 112570
20.171.207.37 - - [26/Feb/2025:01:16:34 +0100] "GET /ticket2/opencms/set_aff_cookie.jsp?partner=2E02071B-A8C3-4CBA-3097-C27D61C02ED8&url=%252Fsv%252Fbuy%252Findex.html%253Fpage%253D1%2526edid%253D3BF089D2-CA6A-D5BF-ED58-5522099ECEE1%2526hlv%253D60f80e36-db64-4b4e-a534-59300a01000f%2523v_907389893 HTTP/1.1" 200 246
89.117.22.7 - - [26/Feb/2025:01:16:37 +0100] "GET /ticket2/opencms/dk/venue/?venueid=988CFED4-6B4C-E666-FAD2-FF27363C6BC5 HTTP/1.1" 200 85821
101.46.15.52 - - [26/Feb/2025:01:16:38 +0100] "GET /ticket2/opencms/ga/buy?page=6&comcatid=A17713B6-D984-201A-4143-ED4DB5ED5C2E&catid=515A9A29-35A0-2DB8-262B-AEF122DB04F6 HTTP/1.1" 200 104001
89.117.22.7 - - [26/Feb/2025:01:16:39 +0100] "GET /ticket2/opencms/no/buy/?page=1&edid=FED98890-38A2-BE27-329F-29074A06DF0E&sortorder=asc&column=section HTTP/1.1" 200 112647
20.171.207.37 - - [26/Feb/2025:01:16:40 +0100] "GET /ticket2/opencms/set_aff_cookie.jsp?partner=57601924-FB09-5BB2-867F-08B4EB522BA8&url=%252Fnl%252Fbuy%252Findex.html%253Fpage%253D1%2526edid%253DF1DD8898-1801-2CC1-0B71-AE1004098ADC%2526hlv%253D610bccbf-b9fc-47cf-9aa5-148c0a01000f%2523v_953524707 HTTP/1.1" 200 246
69.176.87.75 - - [26/Feb/2025:01:16:40 +0100] "GET /ticket2/opencms/et/buy?edid=6F379414-70C4-400F-51D2-AFD37C8F2BC7&page=1 HTTP/1.1" 200 135130
40.77.167.60 - - [26/Feb/2025:01:16:43 +0100] "GET /ticket2/opencms/et/buy?page=1&edid=C781C90E-2A4A-BE38-23EB-6039DE2F5FA8 HTTP/1.1" 200 137604
35.173.38.202 - - [26/Feb/2025:01:16:43 +0100] "GET /ticket2/opencms/sv/tickets/west_ham_united/manchester_city.html HTTP/1.1" 200 87139
89.117.22.7 - - [26/Feb/2025:01:16:43 +0100] "GET /ticket2/opencms/dk/venue/?venueid=99C7EEC7-7361-4062-BBA0-33757DC608E1 HTTP/1.1" 200 85691
89.117.22.7 - - [26/Feb/2025:01:16:44 +0100] "GET /ticket2/opencms/no/buy/?page=1&edid=FF0FFBB7-01D1-CC6B-4FB6-722B87EE8E38&sortorder=asc&column=price HTTP/1.1" 200 111188
185.191.171.15 - - [26/Feb/2025:01:16:45 +0100] "GET /ticket2/opencms/hr/magazine/article?title=premier-liga-najzanimljiviji-prijelazi-tijekom-prijelaznog-roka HTTP/1.1" 200 95166
54.89.90.224 - - [26/Feb/2025:01:16:47 +0100] "GET /ticket2/opencms/%20sv/tickets/birmingham/newcastle-united.html HTTP/1.1" 404 -
54.36.149.2 - - [26/Feb/2025:01:16:48 +0100] "GET /ticket2/opencms/it/buy/?page=1&edid=05D0BF65-0ACD-F8DF-E1ED-172C77D65348 HTTP/1.1" 200 108443
89.117.22.7 - - [26/Feb/2025:01:16:49 +0100] "GET /ticket2/opencms/dk/venue/?venueid=99EB5D09-9A33-95A7-F158-1EC6D2BA2BAD HTTP/1.1" 200 85844
89.117.22.7 - - [26/Feb/2025:01:16:49 +0100] "GET /ticket2/opencms/no/buy/?page=1&edid=FF0FFBB7-01D1-CC6B-4FB6-722B87EE8E38&sortorder=asc&column=row HTTP/1.1" 200 111141
40.77.167.255 - - [26/Feb/2025:01:16:52 +0100] "GET /ticket2/opencms/lt/buy?page=1&edid=CC748805-AA77-5D07-7352-96CD97D4F5AC HTTP/1.1" 200 137052
34.196.237.236 - - [26/Feb/2025:01:16:52 +0100] "GET /ticket2/opencms/sv/tickets/aston_villa/blackburn_rovers.html HTTP/1.1" 200 91421
20.171.207.37 - - [26/Feb/2025:01:16:53 +0100] "GET /ticket2/opencms/set_aff_cookie.jsp?partner=692E2C6A-EC6F-1C93-AFCC-C5ACC23A93EA&url=%252Fsv%252Fbuy%252Findex.html%253Fpage%253D1%2526edid%253D9AD4B11B-4601-F5E9-C96F-7BECC055632D%2526hlv%253D60d0e1ee-2674-4022-9ded-40f70a01000f%2523v_127675496 HTTP/1.1" 200 246
89.117.22.7 - - [26/Feb/2025:01:16:54 +0100] "GET /ticket2/opencms/dk/venue/?venueid=99F8FC28-ADC0-8A59-A6AB-B3C3E1D36A77 HTTP/1.1" 200 85792
89.117.22.7 - - [26/Feb/2025:01:16:54 +0100] "GET /ticket2/opencms/no/buy/?page=1&edid=FF18A9C9-331A-E2D9-B8C7-EBC4245F1EB2&sortorder=asc&column=price HTTP/1.1" 200 111200
20.171.207.37 - - [26/Feb/2025:01:16:55 +0100] "GET /ticket2/opencms/set_aff_cookie.jsp?partner=2E02071B-A8C3-4CBA-3097-C27D61C02ED8&url=%252Fdk%252Fbuy%252Findex.html%253Fpage%253D1%2526edid%253D2D8E9E91-F40A-9CD3-B790-C21028BAFFF7%2526hlv%253D61126f8e-b84c-4706-b1d8-297f0a01000f%2523v_139649896 HTTP/1.1" 200 246
185.191.171.8 - - [26/Feb/2025:01:16:56 +0100] "GET /ticket2/opencms/sq/magazine/article?title=legjenda-ne-perplasje-fjalesh-me-tifozin HTTP/1.1" 200 94835
98.84.131.195 - - [26/Feb/2025:01:16:57 +0100] "GET /ticket2/opencms/sv/tickets/aston_villa/bolton_wanderers.html HTTP/1.1" 200 91248
20.171.207.37 - - [26/Feb/2025:01:16:57 +0100] "GET /ticket2/opencms/set_aff_cookie.jsp?partner=692E2C6A-EC6F-1C93-AFCC-C5ACC23A93EA&url=%252Ffi%252Fbuy%252Findex.html%253Fpage%253D1%2526edid%253D038E9D5D-F853-3E62-678F-9F575C0DA65A%2526hlv%253D614ed434-4208-4de7-b4ec-7aa40a01000f%2523v_324546194 HTTP/1.1" 200 246
66.249.64.110 - - [26/Feb/2025:01:16:58 +0100] "GET /ticket2/opencms/sq/magazine/article?title=kylian-mbappe-impresionon HTTP/1.1" 200 93632
66.249.64.96 - - [26/Feb/2025:01:16:59 +0100] "GET /ticket2/opencms/fr/buy/?page=1&edid=133B893E-0B2E-BEF9-99B1-9E25283FAB9D HTTP/1.1" 200 110706
89.117.22.7 - - [26/Feb/2025:01:17:00 +0100] "GET /ticket2/opencms/dk/venue/?venueid=9B08A22F-3415-C8C6-6EBA-E63C520CFD46 HTTP/1.1" 200 85728
89.117.22.7 - - [26/Feb/2025:01:17:00 +0100] "GET /ticket2/opencms/no/buy/?page=1&edid=FF322FED-F69E-D25E-3198-5B464973E97D&sortorder=asc&column=price HTTP/1.1" 200 111893
66.249.70.65 - - [26/Feb/2025:01:17:00 +0100] "GET /ticket2/opencms/robots.txt HTTP/1.1" 200 773
20.171.207.37 - - [26/Feb/2025:01:17:00 +0100] "GET /ticket2/opencms/set_aff_cookie.jsp?partner=692E2C6A-EC6F-1C93-AFCC-C5ACC23A93EA&url=%252Fnl%252Fbuy%252Findex.html%253Fpage%253D1%2526edid%253DFABCE528-F916-4368-C148-CD3FBF7DABD2%2526hlv%253D61154e3b-6ec0-410a-b524-15fa0a01000f%2523v_1588671229 HTTP/1.1" 200 247
66.249.70.65 - - [26/Feb/2025:01:17:01 +0100] "GET /ticket2/opencms/cs/buy?page=1&edid=F17C9A03-9EE8-3021-F3ED-C1A41F2235FA HTTP/1.1" 200 126699
54.36.148.135 - - [26/Feb/2025:01:17:02 +0100] "GET /ticket2/opencms/et/buy?page=1&edid=AA657FC1-DA34-660D-A88E-88668BBDB2AC HTTP/1.1" 200 108496
34.233.114.237 - - [26/Feb/2025:01:17:03 +0100] "GET /ticket2/opencms/sv/tickets/aston_villa/newcastle-united.html HTTP/1.1" 200 91281
47.128.112.24 - - [26/Feb/2025:01:17:04 +0100] "GET /ticket2/opencms/sk/buy/?edid=73A88563-7759-0E47-FDEF-C8A00CE04F94 HTTP/1.1" 200 91816
52.4.76.156 - - [26/Feb/2025:01:17:04 +0100] "GET /ticket2/opencms/sv/tickets/aston_villa/manchester_united.html HTTP/1.1" 200 91425
66.249.64.130 - - [26/Feb/2025:01:17:04 +0100] "GET /ticket2/opencms/fi/buy/?page=1&edid=739E0803-1C1B-F2C0-1BBA-C74FC56F4279 HTTP/1.1" 200 110885
40.77.167.143 - - [26/Feb/2025:01:17:04 +0100] "GET /ticket2/opencms/bg/buy/?page=1&edid=CBDF47AD-F7D8-A677-7E8E-783C31186D97 HTTP/1.1" 200 111071
89.117.22.7 - - [26/Feb/2025:01:17:05 +0100] "GET /ticket2/opencms/no/buy/?page=1&edid=FF322FED-F69E-D25E-3198-5B464973E97D&sortorder=asc&column=section HTTP/1.1" 200 111974
89.117.22.7 - - [26/Feb/2025:01:17:05 +0100] "GET /ticket2/opencms/dk/venue/?venueid=9B137520-72B4-1150-AC79-9BCA4FCF5EB1 HTTP/1.1" 200 85766
114.119.130.154 - - [26/Feb/2025:01:17:06 +0100] "GET /ticket2/opencms/dk/buy?page=1&=22AC4A95-2CD1-FED9-FA96-6996ADA21A0F HTTP/1.1" 200 -
34.225.24.180 - - [26/Feb/2025:01:17:07 +0100] "GET /ticket2/opencms/sv/tickets/west_ham_united/wolverhampton.html HTTP/1.1" 200 87114
66.249.70.66 - - [26/Feb/2025:01:17:07 +0100] "GET /ticket2/opencms/cs/ask-form.html HTTP/1.1" 200 3156
20.171.207.37 - - [26/Feb/2025:01:17:09 +0100] "GET /ticket2/opencms/set_aff_cookie.jsp?partner=57601924-FB09-5BB2-867F-08B4EB522BA8&url=%252Fru%252Fbuy%252Findex.html%253Fpage%253D1%2526edid%253DBAF8742F-F66A-CAC9-02C4-2E2E5AAE39AF%2526hlv%253D611bc760-006c-43bf-9ba5-503e0a01000f%2523v_2112747800 HTTP/1.1" 200 247
85.208.96.212 - - [26/Feb/2025:01:17:09 +0100] "GET /ticket2/opencms/ga/sport/ticeid-peile/bundesliga/ HTTP/1.1" 200 100888
89.117.22.7 - - [26/Feb/2025:01:17:10 +0100] "GET /ticket2/opencms/no/buy/?page=1&edid=FFAAA239-0E9E-BD40-91CF-CB4C6549214A&sortorder=asc&column=price HTTP/1.1" 200 112678
89.117.22.7 - - [26/Feb/2025:01:17:11 +0100] "GET /ticket2/opencms/dk/venue/?venueid=9B2C1699-4E48-3395-23F5-8C5155F452CE HTTP/1.1" 200 85751
185.191.171.6 - - [26/Feb/2025:01:17:11 +0100] "GET /ticket2/opencms/az/magazine/article?title=arsenal-fc-haqqinda HTTP/1.1" 200 94189
185.191.171.3 - - [26/Feb/2025:01:17:11 +0100] "GET /ticket2/opencms/bs/sport/fudbalske-karte/la-liga HTTP/1.1" 200 101836
114.119.146.220 - - [26/Feb/2025:01:17:12 +0100] "GET /ticket2/opencms/es/buy/?page=1&edid=CE3DD33A-7186-3BFF-79C5-A0B5274832DB HTTP/1.1" 200 108691
54.36.148.99 - - [26/Feb/2025:01:17:13 +0100] "GET /ticket2/opencms/no/buy/?page=1&edid=F8093B0F-0671-8BAD-4914-C12550D964A6 HTTP/1.1" 200 115893
52.204.89.12 - - [26/Feb/2025:01:17:14 +0100] "GET /ticket2/opencms/sv/tickets/aston_villa/west-bromwich-albion.html HTTP/1.1" 200 91241
