188.149.22.217 - - [26/Feb/2025:00:33:13 +0100] "GET /ticket2/opencms/system/modules/com.gridnine.opencms.ticketbrokerage.site/resources/js/calendar.js HTTP/1.1" 200 49229
188.149.22.217 - - [26/Feb/2025:00:33:13 +0100] "GET /ticket2/opencms/system/modules/com.gridnine.opencms.ticketbrokerage.site/resources/js/calendar-en.js HTTP/1.1" 200 3338
188.149.22.217 - - [26/Feb/2025:00:33:13 +0100] "GET /ticket2/opencms/system/modules/com.gridnine.opencms.ticketbrokerage.site/resources/js/standard.js HTTP/1.1" 200 3983
188.149.22.217 - - [26/Feb/2025:00:33:13 +0100] "GET /ticket2/opencms/system/modules/com.gridnine.opencms.ticketbrokerage.site/resources/js/calendar-setup.js HTTP/1.1" 200 4923
188.149.22.217 - - [26/Feb/2025:00:33:13 +0100] "GET /ticket2/opencms/system/modules/com.gridnine.opencms.ticketbrokerage.site/resources/pics/bank_4_seb.png HTTP/1.1" 200 2487
188.149.22.217 - - [26/Feb/2025:00:33:13 +0100] "GET /ticket2/opencms/system/modules/com.gridnine.opencms.ticketbrokerage.site/resources/pics/bank_3_swedbank.png HTTP/1.1" 200 5740
188.149.22.217 - - [26/Feb/2025:00:33:13 +0100] "GET /ticket2/opencms/system/modules/com.gridnine.opencms.ticketbrokerage.site/resources/pics/bank_2_handelsbanken.png HTTP/1.1" 200 4509
188.149.22.217 - - [26/Feb/2025:00:33:13 +0100] "GET /ticket2/opencms/system/modules/com.gridnine.opencms.ticketbrokerage.site/resources/pics/bank_1_nordea.png HTTP/1.1" 200 4807
188.149.22.217 - - [26/Feb/2025:00:33:13 +0100] "GET /ticket2/opencms/sv/ask-form.html HTTP/1.1" 200 2950
188.149.22.217 - - [26/Feb/2025:00:33:13 +0100] "GET /ticket2/opencms/sv/ask-form.html HTTP/1.1" 200 2950
188.149.22.217 - - [26/Feb/2025:00:33:13 +0100] "GET /ticket2/opencms/system/modules/com.gridnine.opencms.ticketbrokerage.site/resources/pics/category_button_formula_1.png HTTP/1.1" 200 15970
188.149.22.217 - - [26/Feb/2025:00:33:13 +0100] "GET /ticket2/opencms/system/modules/com.gridnine.opencms.ticketbrokerage.site/resources/pics/category_button_champions_league.png HTTP/1.1" 200 18552
188.149.22.217 - - [26/Feb/2025:00:33:13 +0100] "GET /ticket2/opencms/system/modules/com.gridnine.opencms.ticketbrokerage.site/resources/pics/category_button_bundesliga.png HTTP/1.1" 200 14069
188.149.22.217 - - [26/Feb/2025:00:33:13 +0100] "GET /ticket2/opencms/system/modules/com.gridnine.opencms.ticketbrokerage.site/resources/pics/category_button_premier_league.png HTTP/1.1" 200 19367
188.149.22.217 - - [26/Feb/2025:00:33:13 +0100] "GET /ticket2/opencms/system/modules/com.gridnine.opencms.ticketbrokerage.site/resources/pics/category_button_la_liga.png HTTP/1.1" 200 19105
188.149.22.217 - - [26/Feb/2025:00:33:13 +0100] "GET /ticket2/opencms/system/modules/com.gridnine.opencms.ticketbrokerage.site/resources/pics/category_button_nhl.png HTTP/1.1" 200 15354
188.149.22.217 - - [26/Feb/2025:00:33:13 +0100] "GET /ticket2/opencms/system/modules/com.gridnine.opencms.ticketbrokerage.site/resources/pics/category_button_concerts.png HTTP/1.1" 200 15274
188.149.22.217 - - [26/Feb/2025:00:33:13 +0100] "GET /ticket2/opencms/system/modules/com.gridnine.opencms.ticketbrokerage.site/resources/css/ticketbrokerage.css HTTP/1.1" 200 39339
188.149.22.217 - - [26/Feb/2025:00:33:13 +0100] "GET /ticket2/opencms/system/modules/com.gridnine.opencms.ticketbrokerage.site/resources/pics/category_button_serie_a.png HTTP/1.1" 200 17592
188.149.22.217 - - [26/Feb/2025:00:33:13 +0100] "GET /ticket2/opencms/system/modules/com.gridnine.opencms.ticketbrokerage.site/resources/pics/category_button_sports.png HTTP/1.1" 200 15000
188.149.22.217 - - [26/Feb/2025:00:33:13 +0100] "GET /ticket2/opencms/system/modules/com.gridnine.opencms.ticketbrokerage.site/resources/pics/bank_5_visa_mastercard.png HTTP/1.1" 200 8196
188.149.22.217 - - [26/Feb/2025:00:33:13 +0100] "GET /ticket2/opencms/system/modules/com.gridnine.opencms.ticketbrokerage.site/resources/pics/bank_6_american_express.png HTTP/1.1" 200 5570
85.208.96.202 - - [26/Feb/2025:00:33:14 +0100] "GET /ticket2/opencms/fr/about/press HTTP/1.1" 200 91068
20.171.207.37 - - [26/Feb/2025:00:33:14 +0100] "GET /ticket2/opencms/set_aff_cookie.jsp?partner=6F250EA7-4505-FA01-D601-8847F2573405&url=%252Fru%252Fbuy%252Findex.html%253Fpage%253D1%2526edid%253D30B90E18-08FF-50F0-57E7-09B58974F8E4%2526hlv%253D61449332-9a04-40bc-a640-77840a01000f%2523v_628933800 HTTP/1.1" 200 246
188.149.22.217 - - [26/Feb/2025:00:33:15 +0100] "GET /ticket2/opencms/system/modules/com.gridnine.opencms.ticketbrokerage.site/resources/css/images/ui-bg_flat_75_ffffff_40x100.png HTTP/1.1" 404 -
54.144.185.255 - - [26/Feb/2025:00:33:15 +0100] "GET /ticket2/opencms/be/magazine/article?title=nations-league-is-in-full-swing HTTP/1.1" 200 95425
66.249.64.46 - - [26/Feb/2025:00:33:16 +0100] "GET /ticket2/opencms/ga/buy/?page=1&edid=4BF6A542-B6C8-E36E-90B2-447AC159728B HTTP/1.1" 200 108909
20.171.207.37 - - [26/Feb/2025:00:33:17 +0100] "GET /ticket2/opencms/set_aff_cookie.jsp?partner=6F250EA7-4505-FA01-D601-8847F2573405&url=%252Ffi%252Fbuy%252Findex.html%253Fpage%253D1%2526edid%253D3724421D-8712-70E6-408D-D3669BC23C72%2526hlv%253D60f69962-4890-485a-bf69-644f0a01000f%2523v_625961812 HTTP/1.1" 200 246
54.36.148.93 - - [26/Feb/2025:00:33:18 +0100] "GET /ticket2/opencms/nl/buy?page=1&edid=81B38BC2-1B10-C00A-7953-DB579F5D53A3 HTTP/1.1" 200 129486
114.119.147.32 - - [26/Feb/2025:00:33:18 +0100] "GET /ticket2/opencms/en/login/?url=/en/sell/ HTTP/1.1" 200 90063
20.171.207.37 - - [26/Feb/2025:00:33:18 +0100] "GET /ticket2/opencms/set_aff_cookie.jsp?partner=6F250EA7-4505-FA01-D601-8847F2573405&url=%252Fen%252Fbuy%252Findex.html%253Fpage%253D1%2526edid%253DBD803897-0AF1-6865-317A-1580BE02E250%2526hlv%253D614c770b-2314-4e53-9326-18c60a01000f%2523v_681755829 HTTP/1.1" 200 246
18.210.58.238 - - [26/Feb/2025:00:33:19 +0100] "GET /ticket2/opencms/be/magazine/article?title=what-does-the-future-look-like-for-alexander-isak HTTP/1.1" 200 93733
188.149.22.217 - - [26/Feb/2025:00:33:19 +0100] "GET /ticket2/opencms/sv HTTP/1.1" 200 106475
173.252.69.113 - - [26/Feb/2025:00:33:19 +0100] "GET /ticket2/opencms/en/buy/?page=1&edid=128622B7-EDDD-3A5E-9897-BCB852F1E8F1 HTTP/1.1" 200 108989
188.149.22.217 - - [26/Feb/2025:00:33:19 +0100] "GET /ticket2/opencms/system/modules/com.gridnine.opencms.ticketbrokerage.site/resources/css/ticketbrokerage.css HTTP/1.1" 200 39339
188.149.22.217 - - [26/Feb/2025:00:33:19 +0100] "GET /ticket2/opencms/system/modules/com.gridnine.opencms.ticketbrokerage.site/resources/css/calendar.css HTTP/1.1" 200 6871
188.149.22.217 - - [26/Feb/2025:00:33:19 +0100] "GET /ticket2/opencms/system/modules/com.gridnine.opencms.ticketbrokerage.site/resources/css/standard.css HTTP/1.1" 200 74207
188.149.22.217 - - [26/Feb/2025:00:33:19 +0100] "GET /ticket2/opencms/system/modules/com.gridnine.opencms.ticketbrokerage.site/resources/js/functions.js HTTP/1.1" 200 1583
40.77.167.9 - - [26/Feb/2025:00:33:19 +0100] "GET /ticket2/opencms/it/buy?page=1&edid=356D13C4-7F27-ADF4-5EFD-44013FC98EF2 HTTP/1.1" 200 110892
188.149.22.217 - - [26/Feb/2025:00:33:19 +0100] "GET /ticket2/opencms/system/modules/com.gridnine.opencms.ticketbrokerage.site/resources/js/calendar.js HTTP/1.1" 200 49229
188.149.22.217 - - [26/Feb/2025:00:33:19 +0100] "GET /ticket2/opencms/system/modules/com.gridnine.opencms.ticketbrokerage.site/resources/js/calendar-en.js HTTP/1.1" 200 3338
188.149.22.217 - - [26/Feb/2025:00:33:19 +0100] "GET /ticket2/opencms/system/modules/com.gridnine.opencms.ticketbrokerage.site/resources/js/calendar-setup.js HTTP/1.1" 200 4923
188.149.22.217 - - [26/Feb/2025:00:33:19 +0100] "GET /ticket2/opencms/system/modules/com.gridnine.opencms.ticketbrokerage.site/resources/js/standard.js HTTP/1.1" 200 3983
188.149.22.217 - - [26/Feb/2025:00:33:20 +0100] "GET /ticket2/opencms/img/banner-ll.jpeg HTTP/1.1" 200 41825
188.149.22.217 - - [26/Feb/2025:00:33:20 +0100] "GET /ticket2/opencms/img/banner-sa.jpeg HTTP/1.1" 200 41270
188.149.22.217 - - [26/Feb/2025:00:33:20 +0100] "GET /ticket2/opencms/img/banner-pl.jpeg HTTP/1.1" 200 41818
85.208.96.193 - - [26/Feb/2025:00:33:22 +0100] "GET /ticket2/opencms/sv/sport/hockeybiljetter/nhl/TampaBay_Lightning/ HTTP/1.1" 200 89221
18.213.27.222 - - [26/Feb/2025:00:33:23 +0100] "GET /ticket2/opencms/en/magazine/article?title=manchester-united-have-chosen-to-sack-erik-ten-hag HTTP/1.1" 200 95555
69.171.230.3 - - [26/Feb/2025:00:33:24 +0100] "GET /ticket2/opencms/sk/buy?page=1&edid=C019DBB8-FF11-8C7C-90B0-E1EB2510B252 HTTP/1.1" 200 111910
20.171.207.37 - - [26/Feb/2025:00:33:24 +0100] "GET /ticket2/opencms/set_aff_cookie.jsp?partner=6F250EA7-4505-FA01-D601-8847F2573405&url=%252Fsv%252Fbuy%252Findex.html%253Fpage%253D1%2526edid%253D23462A4C-8725-82B5-7A63-462FC0C8A36E%2526hlv%253D61475771-e4e8-4102-9007-0b1f0a01000f%2523v_1677182104 HTTP/1.1" 200 247
47.128.117.206 - - [26/Feb/2025:00:33:26 +0100] "GET /ticket2/opencms/sr/buy/?edid=7F81DFFD-55C6-D2FC-F00B-F19E7FB109AB HTTP/1.1" 200 92105
54.225.148.123 - - [26/Feb/2025:00:33:27 +0100] "GET /ticket2/opencms/en/magazine/article?title=aston-villa-one-of-the-oldest-clubs-in-the-premier-league HTTP/1.1" 200 92723
54.36.148.160 - - [26/Feb/2025:00:33:29 +0100] "GET /ticket2/opencms/cs/buy/?page=1&edid=40635446-3A1B-F16A-9B72-5E5BD25B028F HTTP/1.1" 200 108661
40.77.167.48 - - [26/Feb/2025:00:33:30 +0100] "GET /ticket2/opencms/is/buy?page=1&edid=92345A32-026D-C8EF-B39E-A12A13FE7F80 HTTP/1.1" 200 111794
3.218.103.254 - - [26/Feb/2025:00:33:31 +0100] "GET /ticket2/opencms/en/magazine/article?title=manchester-city-wins-the-premier-league HTTP/1.1" 200 90638
185.191.171.4 - - [26/Feb/2025:00:33:32 +0100] "GET /ticket2/opencms/sr/magazine/article?title=mi-smo-najgori-tim-u-istoriji-kluba HTTP/1.1" 200 93217
40.77.167.241 - - [26/Feb/2025:00:33:33 +0100] "GET /ticket2/opencms/el/buy?page=1&edid=C4E65DA1-C892-4947-4AE7-08FF89A9ED3F HTTP/1.1" 200 114901
66.249.64.96 - - [26/Feb/2025:00:33:35 +0100] "GET /ticket2/opencms/dk/magazine/article?title=neymar-vender-hjem HTTP/1.1" 200 91579
44.193.115.232 - - [26/Feb/2025:00:33:35 +0100] "GET /ticket2/opencms/uk/magazine/article?title=lionel-messi-one-of-the-most-sought-after-talents-of-all-time HTTP/1.1" 200 94505
185.191.171.17 - - [26/Feb/2025:00:33:36 +0100] "GET /ticket2/opencms/fr/magazine/article?title=nous-sommes-la-pire-equipe-de-lhistoire-du-club HTTP/1.1" 200 93320
188.149.22.217 - - [26/Feb/2025:00:33:36 +0100] "GET /ticket2/opencms/sv/search.html?searchQuery=spring+stteen&submit= HTTP/1.1" 200 98464
188.149.22.217 - - [26/Feb/2025:00:33:36 +0100] "GET /ticket2/opencms/sv/ask-form.html HTTP/1.1" 200 2950
188.149.22.217 - - [26/Feb/2025:00:33:36 +0100] "GET /ticket2/opencms/sv/ask-form.html HTTP/1.1" 200 2950
69.171.249.115 - - [26/Feb/2025:00:33:36 +0100] "GET /ticket2/opencms/ga/buy?page=1&edid=AA8C5089-9B5D-0C1A-1662-169B0C579120 HTTP/1.1" 200 112182
40.77.167.48 - - [26/Feb/2025:00:33:37 +0100] "GET /ticket2/opencms/nl/magazine/article?title=rodrigo-bentancur-geschorst-voor-zeven-wedstrijden-na-racistische-uitlating HTTP/1.1" 200 92037
185.191.171.17 - - [26/Feb/2025:00:33:37 +0100] "GET /ticket2/opencms/el/magazine/article?title=nteklan-rais HTTP/1.1" 200 96816
85.208.96.197 - - [26/Feb/2025:00:33:38 +0100] "GET /ticket2/opencms/sk/magazine/article?title=ako-vyzera-buducnost-pre-alexandra-isaka HTTP/1.1" 200 93287
52.71.218.25 - - [26/Feb/2025:00:33:39 +0100] "GET /ticket2/opencms/en/magazine/article?title=the-european-championship-stars-who-are-googled-the-most-and-are-the-biggest-on-instagram HTTP/1.1" 200 95963
20.171.207.37 - - [26/Feb/2025:00:33:40 +0100] "GET /ticket2/opencms/set_aff_cookie.jsp?partner=6F250EA7-4505-FA01-D601-8847F2573405&url=%252Fnl%252Fbuy%252Findex.html%253Fpage%253D1%2526edid%253D9A05EF4D-4376-E584-2657-07D966D7B743%2526hlv%253D614c78d1-9914-4f20-9538-19920a01000f%2523v_1064109779 HTTP/1.1" 200 247
20.171.207.37 - - [26/Feb/2025:00:33:40 +0100] "GET /ticket2/opencms/set_aff_cookie.jsp?partner=6F250EA7-4505-FA01-D601-8847F2573405&url=%252Fen%252Fbuy%252Findex.html%253Fpage%253D1%2526edid%253D02E70633-B7C9-B546-F009-7238F851DD63%2526hlv%253D6145cc30-097c-4f21-b758-69860a01000f%2523v_782071706 HTTP/1.1" 200 246
47.128.41.245 - - [26/Feb/2025:00:33:41 +0100] "GET /ticket2/opencms/es/buy/?edid=8A787324-CD72-C476-64CB-87071CD71C2F HTTP/1.1" 200 91447
20.171.207.37 - - [26/Feb/2025:00:33:42 +0100] "GET /ticket2/opencms/set_aff_cookie.jsp?partner=6F250EA7-4505-FA01-D601-8847F2573405&url=%252Fsv%252Fbuy%252Findex.html%253Fpage%253D1%2526edid%253DAF875C00-5192-6C16-B609-B33576461338%2526hlv%253D611bd385-100c-489b-a9e7-57760a01000f%2523v_431173678 HTTP/1.1" 200 246
44.215.231.15 - - [26/Feb/2025:00:33:43 +0100] "GET /ticket2/opencms/en/buying_tickets/ HTTP/1.1" 200 89921
20.171.207.37 - - [26/Feb/2025:00:33:44 +0100] "GET /ticket2/opencms/set_aff_cookie.jsp?partner=6F250EA7-4505-FA01-D601-8847F2573405&url=%252Fen%252Fbuy%252Findex.html%253Fpage%253D1%2526edid%253D7F453E70-42C2-9829-6707-8F3A9E689502%2526hlv%253D60f81690-95c0-4cf6-8a26-5c9e0a01000f%2523v_2059145197 HTTP/1.1" 200 247
20.171.207.37 - - [26/Feb/2025:00:33:45 +0100] "GET /ticket2/opencms/set_aff_cookie.jsp?partner=6F250EA7-4505-FA01-D601-8847F2573405&url=%252Ffi%252Fbuy%252Findex.html%253Fpage%253D1%2526edid%253DB5418821-46EB-580F-2878-5A022EF273FD%2526hlv%253D61163179-c6f8-472c-9997-70b60a01000f%2523v_562817274 HTTP/1.1" 200 246
54.36.148.202 - - [26/Feb/2025:00:33:46 +0100] "GET /ticket2/opencms/hr/buy?page=1&edid=FABE4148-094C-7239-F6DD-5F6F4EB97A09 HTTP/1.1" 200 135035
20.171.207.37 - - [26/Feb/2025:00:33:46 +0100] "GET /ticket2/opencms/set_aff_cookie.jsp?partner=6F250EA7-4505-FA01-D601-8847F2573405&url=%252Fno%252Fbuy%252Findex.html%253Fpage%253D1%2526edid%253D87A2E0C8-FB06-9F72-D01C-6586D722A374%2526hlv%253D61363784-2c80-47a8-8660-70c50a01000f%2523v_313173846 HTTP/1.1" 200 246
166.108.202.30 - - [26/Feb/2025:00:33:46 +0100] "GET /ticket2/opencms/ga/?comcatid=97ECA65A-72DA-F9AF-9DBB-245D3CFED1BE HTTP/1.1" 200 107044
202.8.40.154 - - [26/Feb/2025:00:33:47 +0100] "GET /ticket2/opencms/system/modules/com.gridnine.opencms.ticketbrokerage.site/resources/css/calendar.css HTTP/1.1" 200 6871
202.8.40.154 - - [26/Feb/2025:00:33:47 +0100] "GET /ticket2/opencms/system/modules/com.gridnine.opencms.ticketbrokerage.site/resources/css/ticketbrokerage.css HTTP/1.1" 200 39339
202.8.40.154 - - [26/Feb/2025:00:33:47 +0100] "GET /ticket2/opencms/system/modules/com.gridnine.opencms.ticketbrokerage.site/resources/css/jquery-ui.css HTTP/1.1" 200 33221
202.8.40.154 - - [26/Feb/2025:00:33:47 +0100] "GET /ticket2/opencms/system/modules/com.gridnine.opencms.ticketbrokerage.site/resources/css/standard.css HTTP/1.1" 200 74207
202.8.40.154 - - [26/Feb/2025:00:33:47 +0100] "GET /ticket2/opencms/system/modules/com.gridnine.opencms.ticketbrokerage.site/resources/css/jquery.fancybox.css HTTP/1.1" 200 4939
202.8.40.154 - - [26/Feb/2025:00:33:47 +0100] "GET /ticket2/opencms/system/modules/com.gridnine.opencms.ticketbrokerage.site/resources/js/jquery/jquery.js HTTP/1.1" 200 93868
202.8.40.154 - - [26/Feb/2025:00:33:47 +0100] "GET /ticket2/opencms/system/modules/com.gridnine.opencms.ticketbrokerage.site/resources/js/jquery/jquery-ui.js HTTP/1.1" 200 228088
202.8.40.154 - - [26/Feb/2025:00:33:47 +0100] "GET /ticket2/opencms/system/modules/com.gridnine.opencms.ticketbrokerage.site/resources/js/functions.js HTTP/1.1" 200 1583
202.8.40.154 - - [26/Feb/2025:00:33:47 +0100] "GET /ticket2/opencms/system/modules/com.gridnine.opencms.ticketbrokerage.site/resources/js/calendar.js HTTP/1.1" 200 49229
202.8.40.154 - - [26/Feb/2025:00:33:47 +0100] "GET /ticket2/opencms/system/modules/com.gridnine.opencms.ticketbrokerage.site/resources/js/calendar-en.js HTTP/1.1" 200 3338
202.8.40.154 - - [26/Feb/2025:00:33:47 +0100] "GET /ticket2/opencms/system/modules/com.gridnine.opencms.ticketbrokerage.site/resources/js/calendar-setup.js HTTP/1.1" 200 4923
202.8.40.154 - - [26/Feb/2025:00:33:47 +0100] "GET /ticket2/opencms/system/modules/com.gridnine.opencms.ticketbrokerage.site/resources/js/jquery.fancybox.pack.js HTTP/1.1" 200 23187
202.8.40.154 - - [26/Feb/2025:00:33:47 +0100] "GET /ticket2/opencms/system/modules/com.gridnine.opencms.ticketbrokerage.site/resources/js/stickyfill.min.js HTTP/1.1" 200 5672
202.8.40.154 - - [26/Feb/2025:00:33:47 +0100] "GET /ticket2/opencms/system/modules/com.gridnine.opencms.ticketbrokerage.site/resources/js/standard.js HTTP/1.1" 200 3983
202.8.40.154 - - [26/Feb/2025:00:33:47 +0100] "GET /ticket2/opencms/system/modules/com.gridnine.opencms.ticketbrokerage.site/resources/js/jquery.placeholder.min.js HTTP/1.1" 200 1737
20.171.207.37 - - [26/Feb/2025:00:33:47 +0100] "GET /ticket2/opencms/set_aff_cookie.jsp?partner=6F250EA7-4505-FA01-D601-8847F2573405&url=%252Fsv%252Fbuy%252Findex.html%253Fpage%253D1%2526edid%253D7F453E70-42C2-9829-6707-8F3A9E689502%2526hlv%253D60f81690-95c0-4cf6-8a26-5c9e0a01000f%2523v_2059145197 HTTP/1.1" 200 247
202.8.40.154 - - [26/Feb/2025:00:33:47 +0100] "GET /ticket2/opencms/system/modules/com.gridnine.opencms.ticketbrokerage.site/resources/js/common-ajax.js HTTP/1.1" 200 20175
202.8.40.154 - - [26/Feb/2025:00:33:47 +0100] "GET /ticket2/opencms/hr/ask-form.html HTTP/1.1" 200 3156
52.54.249.218 - - [26/Feb/2025:00:33:47 +0100] "GET /ticket2/opencms/uk/magazine/article?title=vinicius-jr HTTP/1.1" 200 92790
202.8.40.154 - - [26/Feb/2025:00:33:47 +0100] "GET /ticket2/opencms/system/modules/com.gridnine.opencms.ticketbrokerage.site/resources/css/ticketbrokerage.css HTTP/1.1" 200 39339
114.119.143.233 - - [26/Feb/2025:00:33:50 +0100] "GET /ticket2/opencms/ka/buy?page=1&=417ADFEF-F739-B537-3809-889A2832A17A HTTP/1.1" 200 -
20.171.207.37 - - [26/Feb/2025:00:33:51 +0100] "GET /ticket2/opencms/set_aff_cookie.jsp?partner=6F250EA7-4505-FA01-D601-8847F2573405&url=%252Fsv%252Fbuy%252Findex.html%253Fpage%253D1%2526edid%253D291216E9-A94A-205B-7C67-5C0727287644%2526hlv%253D61154e4c-5120-46dc-8df7-159f0a01000f%2523v_733392478 HTTP/1.1" 200 246
20.171.207.37 - - [26/Feb/2025:00:33:53 +0100] "GET /ticket2/opencms/set_aff_cookie.jsp?partner=6F250EA7-4505-FA01-D601-8847F2573405&url=%252Fno%252Fbuy%252Findex.html%253Fpage%253D1%2526edid%253DBF990419-E317-46FC-F88A-E6023A3E4305%2526hlv%253D61152014-3094-46f6-b5c9-04270a01000f%2523v_1639253726 HTTP/1.1" 200 247
66.249.64.32 - - [26/Feb/2025:00:33:53 +0100] "GET /ticket2/opencms/ga/buy/?page=1&edid=0165985F-E205-E991-0EDD-8260BA28ED00 HTTP/1.1" 200 109059
20.171.207.37 - - [26/Feb/2025:00:33:54 +0100] "GET /ticket2/opencms/set_aff_cookie.jsp?partner=6F250EA7-4505-FA01-D601-8847F2573405&url=%252Fsv%252Fbuy%252Findex.html%253Fpage%253D1%2526edid%253DBF990419-E317-46FC-F88A-E6023A3E4305%2526hlv%253D61152014-18c4-484c-9173-04270a01000f%2523v_1098626152 HTTP/1.1" 200 247
185.191.171.12 - - [26/Feb/2025:00:33:54 +0100] "GET /ticket2/opencms/sq/magazine/article?title=sezoni-i-fundit-i-lionel-messit HTTP/1.1" 200 95710
185.191.171.19 - - [26/Feb/2025:00:33:55 +0100] "GET /ticket2/opencms/fr/magazine/article?title=petas-kylian-mbappe HTTP/1.1" 200 93277
188.149.22.217 - - [26/Feb/2025:00:33:55 +0100] "GET /ticket2/opencms/en/about/contact/ HTTP/1.1" 200 87993
188.149.22.217 - - [26/Feb/2025:00:33:56 +0100] "GET /ticket2/opencms/system/modules/com.gridnine.opencms.ticketbrokerage.site/resources/css/ticketbrokerage.css HTTP/1.1" 200 39339
188.149.22.217 - - [26/Feb/2025:00:33:56 +0100] "GET /ticket2/opencms/system/modules/com.gridnine.opencms.ticketbrokerage.site/resources/css/calendar.css HTTP/1.1" 200 6871
188.149.22.217 - - [26/Feb/2025:00:33:56 +0100] "GET /ticket2/opencms/system/modules/com.gridnine.opencms.ticketbrokerage.site/resources/css/standard.css HTTP/1.1" 200 74207
188.149.22.217 - - [26/Feb/2025:00:33:56 +0100] "GET /ticket2/opencms/system/modules/com.gridnine.opencms.ticketbrokerage.site/resources/js/functions.js HTTP/1.1" 200 1583
188.149.22.217 - - [26/Feb/2025:00:33:56 +0100] "GET /ticket2/opencms/system/modules/com.gridnine.opencms.ticketbrokerage.site/resources/js/calendar-en.js HTTP/1.1" 200 3338
188.149.22.217 - - [26/Feb/2025:00:33:56 +0100] "GET /ticket2/opencms/system/modules/com.gridnine.opencms.ticketbrokerage.site/resources/js/calendar.js HTTP/1.1" 200 49229
188.149.22.217 - - [26/Feb/2025:00:33:56 +0100] "GET /ticket2/opencms/system/modules/com.gridnine.opencms.ticketbrokerage.site/resources/js/standard.js HTTP/1.1" 200 3983
188.149.22.217 - - [26/Feb/2025:00:33:56 +0100] "GET /ticket2/opencms/system/modules/com.gridnine.opencms.ticketbrokerage.site/resources/js/calendar-setup.js HTTP/1.1" 200 4923
54.36.148.168 - - [26/Feb/2025:00:33:56 +0100] "GET /ticket2/opencms/de/buy/?page=1&edid=C8C69015-BCBB-8460-663E-8B2E58614425 HTTP/1.1" 200 111430
188.149.22.217 - - [26/Feb/2025:00:33:56 +0100] "GET /ticket2/opencms/system/modules/com.gridnine.opencms.ticketbrokerage.site/resources/pics/content/contact_en.png HTTP/1.1" 200 16109
188.149.22.217 - - [26/Feb/2025:00:33:56 +0100] "GET /ticket2/opencms/system/modules/com.gridnine.opencms.ticketbrokerage.site/resources/css/images/event-banner.png HTTP/1.1" 404 -
85.208.96.193 - - [26/Feb/2025:00:34:01 +0100] "GET /ticket2/opencms/sl/magazine/article?title=arsenal-fc-refleksija HTTP/1.1" 200 93484
52.167.144.18 - - [26/Feb/2025:00:34:02 +0100] "GET /ticket2/opencms/en/buy?page=1&edid=7F2B1FEA-20FE-7448-32AC-111154CA401B HTTP/1.1" 200 134308
20.171.207.37 - - [26/Feb/2025:00:34:03 +0100] "GET /ticket2/opencms/set_aff_cookie.jsp?partner=6F250EA7-4505-FA01-D601-8847F2573405&url=%252Fen%252Fbuy%252Findex.html%253Fpage%253D1%2526edid%253DF9D480C8-CC9A-5C4B-D090-F29D97AF622B%2526hlv%253D60c9e655-dd3c-447f-9ffb-23650a01000f%2523v_52561793 HTTP/1.1" 200 245
20.171.207.37 - - [26/Feb/2025:00:34:04 +0100] "GET /ticket2/opencms/set_aff_cookie.jsp?partner=INSERT-PARTNER-ID-HERE&url=%2Fen%2Fbuy%2Findex.html%3Fpage%3D1%26edid%3D6619AF23-B82A-4933-7AAB-7FCD989DC8B0%26hlv%3D6145bdcb-8eb8-41ca-9b96-64fe0a01000f%23v_1487066476 HTTP/1.1" 200 226
20.171.207.37 - - [26/Feb/2025:00:34:05 +0100] "GET /ticket2/opencms/set_aff_cookie.jsp?partner=INSERT-PARTNER-ID-HERE&url=%2Fen%2Fbuy%2Findex.html%3Fpage%3D1%26edid%3D616E0307-EF5A-C0BC-E2E4-858595D5400D%26hlv%3D6145cbd6-ba90-43db-a0bf-69100a01000f%23v_64402037 HTTP/1.1" 200 224
20.171.207.37 - - [26/Feb/2025:00:34:06 +0100] "GET /ticket2/opencms/set_aff_cookie.jsp?partner=INSERT-PARTNER-ID-HERE&url=%2Fen%2Fbuy%2Findex.html%3Fpage%3D1%26edid%3D616E0307-EF5A-C0BC-E2E4-858595D5400D%26hlv%3D611bb0bd-eb90-4d30-b6cc-48b40a01000f%23v_2079174657 HTTP/1.1" 200 226
54.36.149.21 - - [26/Feb/2025:00:34:07 +0100] "GET /ticket2/opencms/ka/buy/?page=1&edid=FE0CD987-06E5-1E24-DE22-C166E40B11F9 HTTP/1.1" 200 114337
20.171.207.37 - - [26/Feb/2025:00:34:07 +0100] "GET /ticket2/opencms/set_aff_cookie.jsp?partner=6F250EA7-4505-FA01-D601-8847F2573405&url=%252Fdk%252Fbuy%252Findex.html%253Fpage%253D1%2526edid%253D40274787-4880-2FAF-9245-ACEA41C493B4%2526hlv%253D610bce56-9340-4966-b332-16280a01000f%2523v_953416062 HTTP/1.1" 200 246
66.249.64.132 - - [26/Feb/2025:00:34:08 +0100] "GET /ticket2/opencms/fr/buy/?page=1&edid=2504116F-9B00-F8B9-A7E6-66686A6BE7BB HTTP/1.1" 200 108353
185.191.171.11 - - [26/Feb/2025:00:34:09 +0100] "GET /ticket2/opencms/no/magazine/article?title=eredivisie HTTP/1.1" 200 94823
20.171.207.37 - - [26/Feb/2025:00:34:10 +0100] "GET /ticket2/opencms/set_aff_cookie.jsp?partner=6F250EA7-4505-FA01-D601-8847F2573405&url=%252Fnl%252Fbuy%252Findex.html%253Fpage%253D1%2526edid%253D8934C2AC-6876-4053-807F-3C9624A74CB0%2526hlv%253D611bc86f-ac60-4698-8184-50480a01000f%2523v_1455287064 HTTP/1.1" 200 247
66.249.64.32 - - [26/Feb/2025:00:34:12 +0100] "GET /ticket2/opencms/lt/buy/?page=1&edid=7989D951-D5D2-7F28-EC94-576AD8E37318 HTTP/1.1" 200 114784
66.249.64.131 - - [26/Feb/2025:00:34:13 +0100] "GET /ticket2/opencms/it/buy/?page=6&comcatid=97ECA65A-72DA-F9AF-9DBB-245D3CFED1BE&catid=F7F89B9B-6697-7881-54AE-4C39276BF1B8%25252525252525252525252525252525252525252525252525252525252525252525252525252525252525253Fpartner=5DA1B85A-5A44-4C00-C2EF-3DFF7E687A1D HTTP/1.1" 200 102644
66.249.64.97 - - [26/Feb/2025:00:34:14 +0100] "GET /ticket2/opencms/et/magazine/article???%20Error%20reading%20resource%20from%20path HTTP/1.1" 200 88995
20.171.207.37 - - [26/Feb/2025:00:34:15 +0100] "GET /ticket2/opencms/set_aff_cookie.jsp?partner=57601924-FB09-5BB2-867F-08B4EB522BA8&url=%252Fnl%252Fbuy%252Findex.html%253Fpage%253D1%2526edid%253D8D9CE6B3-6634-2437-7883-A78E196930D1%2526hlv%253D60f8161e-f968-422b-8c81-5c9c0a01000f%2523v_81150630 HTTP/1.1" 200 245
66.249.76.170 - - [26/Feb/2025:00:34:16 +0100] "GET /ticket2/opencms/set_aff_cookie.jsp?partner=2E02071B-A8C3-4CBA-3097-C27D61C02ED8&url=%252Fdk%252Fbuy%252Findex.html%253Fpage%253D1%2526edid%253D0DC29C5C-A273-34CB-58F3-441C87554AF1%2526hlv%253D66b47f8b-dd94-485a-95fb-209b0a01000f%2523v_1600757577 HTTP/1.1" 200 247
20.171.207.37 - - [26/Feb/2025:00:34:18 +0100] "GET /ticket2/opencms/set_aff_cookie.jsp?partner=57601924-FB09-5BB2-867F-08B4EB522BA8&url=%252Fno%252Fbuy%252Findex.html%253Fpage%253D1%2526edid%253D8D9CE6B3-6634-2437-7883-A78E196930D1%2526hlv%253D60f8161e-2ab0-4883-9621-5c9c0a01000f%2523v_18723509 HTTP/1.1" 200 245
85.208.96.193 - - [26/Feb/2025:00:34:18 +0100] "GET /ticket2/opencms/et/magazine/article?title=thomas-tuchel-saab-inglismaa-uueks-koondise-peatreeneriks HTTP/1.1" 200 93268
20.171.207.37 - - [26/Feb/2025:00:34:19 +0100] "GET /ticket2/opencms/set_aff_cookie.jsp?partner=57601924-FB09-5BB2-867F-08B4EB522BA8&url=%252Fru%252Fbuy%252Findex.html%253Fpage%253D1%2526edid%253D8D9CE6B3-6634-2437-7883-A78E196930D1%2526hlv%253D60f8161e-f968-422b-8c81-5c9c0a01000f%2523v_81150630 HTTP/1.1" 200 245
54.36.148.152 - - [26/Feb/2025:00:34:20 +0100] "GET /ticket2/opencms/de/buy/?page=1&edid=9F0345A6-D15A-0100-D9B9-6EC7F0C4DCD6 HTTP/1.1" 200 110562
20.171.207.37 - - [26/Feb/2025:00:34:21 +0100] "GET /ticket2/opencms/set_aff_cookie.jsp?partner=57601924-FB09-5BB2-867F-08B4EB522BA8&url=%252Fsv%252Fbuy%252Findex.html%253Fpage%253D1%2526edid%253D8D9CE6B3-6634-2437-7883-A78E196930D1%2526hlv%253D60f8161e-2ab0-4883-9621-5c9c0a01000f%2523v_18723509 HTTP/1.1" 200 245
85.208.96.196 - - [26/Feb/2025:00:34:21 +0100] "GET /ticket2/opencms/dk/magazine/article?title=raphael-varane-afslutter-sin-karriere-31-ar-gammel HTTP/1.1" 200 92103
85.208.96.209 - - [26/Feb/2025:00:34:31 +0100] "GET /ticket2/opencms/mt/magazine/article?title=xinhi-l-futbol HTTP/1.1" 200 95436
85.208.96.197 - - [26/Feb/2025:00:34:33 +0100] "GET /ticket2/opencms/it/magazine/article?title=emirates-stadium-unarena-iconica HTTP/1.1" 200 95482
66.249.64.131 - - [26/Feb/2025:00:34:34 +0100] "GET /ticket2/opencms/be/magazine/article?title=new-contract-for-archie-gray-18-years-old HTTP/1.1" 200 92758
47.128.62.242 - - [26/Feb/2025:00:34:34 +0100] "GET /ticket2/opencms/fi/venue/?venueid=CA49AB1D-436E-22F2-9DD7-D243FFB8DE30 HTTP/1.1" 200 86963
66.249.64.98 - - [26/Feb/2025:00:34:35 +0100] "GET /ticket2/opencms/it/buy/?page=1&edid=551618B5-3860-8837-909D-AC46BA2A0628 HTTP/1.1" 200 110971
47.128.62.242 - - [26/Feb/2025:00:34:35 +0100] "GET /ticket2/opencms/img/insta.png HTTP/1.1" 200 3967
185.191.171.11 - - [26/Feb/2025:00:34:39 +0100] "GET /ticket2/opencms/uk/magazine/article?title=buy-tickets-for-the-bundesliga-at-ticket2com HTTP/1.1" 200 93387
54.36.148.33 - - [26/Feb/2025:00:34:39 +0100] "GET /ticket2/opencms/nl/buy?page=1&edid=8E087689-30A7-E7AD-9853-CFBC4F6216DD HTTP/1.1" 200 131724
202.8.43.98 - - [26/Feb/2025:00:34:41 +0100] "GET /ticket2/opencms/system/modules/com.gridnine.opencms.ticketbrokerage.site/resources/css/standard.css HTTP/1.1" 200 74207
202.8.43.98 - - [26/Feb/2025:00:34:41 +0100] "GET /ticket2/opencms/system/modules/com.gridnine.opencms.ticketbrokerage.site/resources/css/ticketbrokerage.css HTTP/1.1" 200 39339
202.8.43.98 - - [26/Feb/2025:00:34:41 +0100] "GET /ticket2/opencms/system/modules/com.gridnine.opencms.ticketbrokerage.site/resources/css/jquery.fancybox.css HTTP/1.1" 200 4939
202.8.43.98 - - [26/Feb/2025:00:34:41 +0100] "GET /ticket2/opencms/system/modules/com.gridnine.opencms.ticketbrokerage.site/resources/css/jquery-ui.css HTTP/1.1" 200 33221
202.8.43.98 - - [26/Feb/2025:00:34:41 +0100] "GET /ticket2/opencms/system/modules/com.gridnine.opencms.ticketbrokerage.site/resources/css/calendar.css HTTP/1.1" 200 6871
202.8.43.98 - - [26/Feb/2025:00:34:41 +0100] "GET /ticket2/opencms/system/modules/com.gridnine.opencms.ticketbrokerage.site/resources/js/jquery/jquery.js HTTP/1.1" 200 93868
202.8.43.98 - - [26/Feb/2025:00:34:41 +0100] "GET /ticket2/opencms/system/modules/com.gridnine.opencms.ticketbrokerage.site/resources/js/jquery/jquery-ui.js HTTP/1.1" 200 228088
202.8.43.98 - - [26/Feb/2025:00:34:41 +0100] "GET /ticket2/opencms/system/modules/com.gridnine.opencms.ticketbrokerage.site/resources/js/functions.js HTTP/1.1" 200 1583
202.8.43.98 - - [26/Feb/2025:00:34:41 +0100] "GET /ticket2/opencms/system/modules/com.gridnine.opencms.ticketbrokerage.site/resources/js/calendar.js HTTP/1.1" 200 49229
202.8.43.98 - - [26/Feb/2025:00:34:41 +0100] "GET /ticket2/opencms/system/modules/com.gridnine.opencms.ticketbrokerage.site/resources/js/calendar-setup.js HTTP/1.1" 200 4923
202.8.43.98 - - [26/Feb/2025:00:34:41 +0100] "GET /ticket2/opencms/system/modules/com.gridnine.opencms.ticketbrokerage.site/resources/js/calendar-en.js HTTP/1.1" 200 3338
20.171.207.37 - - [26/Feb/2025:00:34:41 +0100] "GET /ticket2/opencms/set_aff_cookie.jsp?partner=23A6AD98-906E-5BDD-600E-EC4EC8A45F97&url=%252Fen%252Fbuy%252Findex.html%253Fpage%253D1%2526edid%253DDEBB69BB-3BAB-F0BE-B5F2-8B7120D1A9CB%2526hlv%253D60f81601-65c0-4d55-860b-5a940a01000f%2523v_1786245387 HTTP/1.1" 200 247
202.8.43.98 - - [26/Feb/2025:00:34:41 +0100] "GET /ticket2/opencms/system/modules/com.gridnine.opencms.ticketbrokerage.site/resources/js/jquery.fancybox.pack.js HTTP/1.1" 200 23187
202.8.43.98 - - [26/Feb/2025:00:34:41 +0100] "GET /ticket2/opencms/system/modules/com.gridnine.opencms.ticketbrokerage.site/resources/js/stickyfill.min.js HTTP/1.1" 200 5672
202.8.43.98 - - [26/Feb/2025:00:34:41 +0100] "GET /ticket2/opencms/system/modules/com.gridnine.opencms.ticketbrokerage.site/resources/js/standard.js HTTP/1.1" 200 3983
202.8.43.98 - - [26/Feb/2025:00:34:41 +0100] "GET /ticket2/opencms/system/modules/com.gridnine.opencms.ticketbrokerage.site/resources/js/jquery.placeholder.min.js HTTP/1.1" 200 1737
202.8.43.98 - - [26/Feb/2025:00:34:41 +0100] "GET /ticket2/opencms/system/modules/com.gridnine.opencms.ticketbrokerage.site/resources/js/common-ajax.js HTTP/1.1" 200 20175
202.8.43.98 - - [26/Feb/2025:00:34:41 +0100] "GET /ticket2/opencms/nl/ask-form.html HTTP/1.1" 200 3015
202.8.43.98 - - [26/Feb/2025:00:34:41 +0100] "GET /ticket2/opencms/system/modules/com.gridnine.opencms.ticketbrokerage.site/resources/css/ticketbrokerage.css HTTP/1.1" 200 39339
20.171.207.37 - - [26/Feb/2025:00:34:42 +0100] "GET /ticket2/opencms/set_aff_cookie.jsp?partner=5E0CDF29-E7BE-9F6B-6869-7BF66B04006F&url=%252Fnl%252Fbuy%252Findex.html%253Fpage%253D1%2526edid%253DE45E8CAC-C9E1-5B17-FCDC-FD9DFD7F01BC%2526hlv%253D60f82204-0cc8-42d9-a31d-60b10a01000f%2523v_1179714041 HTTP/1.1" 200 247
20.171.207.37 - - [26/Feb/2025:00:34:45 +0100] "GET /ticket2/opencms/set_aff_cookie.jsp?partner=692E2C6A-EC6F-1C93-AFCC-C5ACC23A93EA&url=%252Fno%252Fbuy%252Findex.html%253Fpage%253D1%2526edid%253D038E9D5D-F853-3E62-678F-9F575C0DA65A%2526hlv%253D614495d3-59fc-4e5c-880d-78d70a01000f%2523v_905326068 HTTP/1.1" 200 246
20.171.207.37 - - [26/Feb/2025:00:34:46 +0100] "GET /ticket2/opencms/set_aff_cookie.jsp?partner=5E0CDF29-E7BE-9F6B-6869-7BF66B04006F&url=%252Fdk%252Fbuy%252Findex.html%253Fpage%253D1%2526edid%253DE210EA08-C305-62F6-445A-64FC62365EF4%2526hlv%253D60d0db7c-c1d4-4b7e-9cc2-3e170a01000f%2523v_1515069099 HTTP/1.1" 200 247
69.171.230.5 - - [26/Feb/2025:00:34:47 +0100] "GET /ticket2/opencms/nl/buy/?page=1&edid=E46B7BC6-4C27-35AD-CA54-AE12489EE42A HTTP/1.1" 200 109473
54.36.149.46 - - [26/Feb/2025:00:34:47 +0100] "GET /ticket2/opencms/el/magazine/article?title=h-teleytaia-sezon-toy-lionel-mesi HTTP/1.1" 200 97701
20.171.207.37 - - [26/Feb/2025:00:34:50 +0100] "GET /ticket2/opencms/set_aff_cookie.jsp?partner=57601924-FB09-5BB2-867F-08B4EB522BA8&url=%252Fdk%252Fbuy%252Findex.html%253Fpage%253D1%2526edid%253D2E7C3DB6-FDBC-8B55-9268-E31142D44B61%2526hlv%253D612b53a1-0b4c-4c30-a3a6-3d1d0a01000f%2523v_970520247 HTTP/1.1" 200 246
124.243.146.106 - - [26/Feb/2025:00:34:50 +0100] "GET /ticket2/opencms/ga/buy?page=1&edid=6B1BC3D5-41D5-1130-8508-F118D3CA5AB9 HTTP/1.1" 200 112801
20.171.207.37 - - [26/Feb/2025:00:34:51 +0100] "GET /ticket2/opencms/set_aff_cookie.jsp?partner=692E2C6A-EC6F-1C93-AFCC-C5ACC23A93EA&url=%252Ffi%252Fbuy%252Findex.html%253Fpage%253D1%2526edid%253D26E1A9E2-98B6-A6E5-096E-D18D1A038FCE%2526hlv%253D60f81534-85a0-478c-b5c3-5aaa0a01000f%2523v_498970684 HTTP/1.1" 200 246
20.171.207.37 - - [26/Feb/2025:00:34:52 +0100] "GET /ticket2/opencms/set_aff_cookie.jsp?partner=8F6DE15D-D831-5787-AE7E-FEFF53476F85&url=%252Fen%252Fbuy%252Findex.html%253Fpage%253D1%2526edid%253D92D9A674-EDB4-A0FB-C5DF-A3BAFA7768AC%2526hlv%253D614ed569-0868-4fa8-8f5c-7b3b0a01000f%2523v_1494625627 HTTP/1.1" 200 247
20.171.207.37 - - [26/Feb/2025:00:34:54 +0100] "GET /ticket2/opencms/set_aff_cookie.jsp?partner=8F6DE15D-D831-5787-AE7E-FEFF53476F85&url=%252Fnl%252Fbuy%252Findex.html%253Fpage%253D1%2526edid%253D65E16DAE-FB3A-0D73-DEF4-C746943F02B1%2526hlv%253D61152000-0cb0-41da-aeec-06080a01000f%2523v_166741014 HTTP/1.1" 200 246
66.249.64.97 - - [26/Feb/2025:00:34:54 +0100] "GET /ticket2/opencms/sr/magazine/article?title=emirates-stadium-ikonicna-arena HTTP/1.1" 200 95831
20.171.207.37 - - [26/Feb/2025:00:34:55 +0100] "GET /ticket2/opencms/set_aff_cookie.jsp?partner=57601924-FB09-5BB2-867F-08B4EB522BA8&url=%252Fno%252Fbuy%252Findex.html%253Fpage%253D1%2526edid%253D66EA5353-0EED-D56D-04FB-B3F43B6CCED9%2526hlv%253D60d0e54c-a1e8-4fac-964c-41670a01000f%2523v_1135267568 HTTP/1.1" 200 247
20.171.207.37 - - [26/Feb/2025:00:34:55 +0100] "GET /ticket2/opencms/set_aff_cookie.jsp?partner=692E2C6A-EC6F-1C93-AFCC-C5ACC23A93EA&url=%252Fnl%252Fbuy%252Findex.html%253Fpage%253D1%2526edid%253DDEBB69BB-3BAB-F0BE-B5F2-8B7120D1A9CB%2526hlv%253D60f81601-4824-4272-9044-5a940a01000f%2523v_1804594531 HTTP/1.1" 200 247
40.77.167.48 - - [26/Feb/2025:00:34:57 +0100] "GET /ticket2/opencms/hu/buy?page=1&edid=5605B728-A815-14DD-9E19-09BABDE81131 HTTP/1.1" 200 111884
54.36.149.7 - - [26/Feb/2025:00:34:58 +0100] "GET /ticket2/opencms/nl/sport/voetbal-tickets/serie_a/bologna/ HTTP/1.1" 200 92635
40.77.167.48 - - [26/Feb/2025:00:34:58 +0100] "GET /ticket2/opencms/bs/buy?page=1&edid=03E017AA-DD08-1C4A-8F15-CD16B72CB89B HTTP/1.1" 200 110793
20.171.207.37 - - [26/Feb/2025:00:34:59 +0100] "GET /ticket2/opencms/set_aff_cookie.jsp?partner=692E2C6A-EC6F-1C93-AFCC-C5ACC23A93EA&url=%252Fsv%252Fbuy%252Findex.html%253Fpage%253D1%2526edid%253D50F7AB81-6A9C-C90F-2794-DEB00B53E681%2526hlv%253D612aadc9-a804-4357-85bc-73000a01000f%2523v_676793073 HTTP/1.1" 200 246
85.208.96.199 - - [26/Feb/2025:00:35:00 +0100] "GET /ticket2/opencms/robots.txt HTTP/1.1" 200 773
114.119.157.43 - - [26/Feb/2025:00:35:01 +0100] "GET /ticket2/opencms/hu/buy?page=1&edid=C8CB42AF-8A3C-7D53-972C-03B925DA42FC HTTP/1.1" 200 112285
20.171.207.37 - - [26/Feb/2025:00:35:01 +0100] "GET /ticket2/opencms/set_aff_cookie.jsp?partner=8F6DE15D-D831-5787-AE7E-FEFF53476F85&url=%252Fsv%252Fbuy%252Findex.html%253Fpage%253D1%2526edid%253D1F0062E5-B41B-134F-9FBF-4A7B26C9CCE3%2526hlv%253D611bb8dd-9cc8-43c3-85aa-4af30a01000f%2523v_750448041 HTTP/1.1" 200 246
185.191.171.3 - - [26/Feb/2025:00:35:02 +0100] "GET /ticket2/opencms/ga/magazine/article?title=erling-braut-haaland HTTP/1.1" 200 94012
47.128.41.21 - - [26/Feb/2025:00:35:02 +0100] "GET /ticket2/opencms/no/sport/fotballsbilletter/champions_league/real_madrid.html HTTP/1.1" 200 88709
47.128.41.21 - - [26/Feb/2025:00:35:03 +0100] "GET /ticket2/opencms/system/modules/com.gridnine.opencms.ticketbrokerage.site/resources/pics/banners/team/la_liga/real_madrid.png HTTP/1.1" 200 66728
185.191.171.15 - - [26/Feb/2025:00:35:04 +0100] "GET /ticket2/opencms/sl/magazine/article?title=dobitnik-zlate-zoge-2024 HTTP/1.1" 200 93581
52.167.144.158 - - [26/Feb/2025:00:35:11 +0100] "GET /ticket2/opencms/dk/magazine/article?title=abdul-fatawu-kommer-til-at-ga-glip-af-resten-af-saesonen HTTP/1.1" 200 93349
114.119.130.178 - - [26/Feb/2025:00:35:11 +0100] "GET /ticket2/opencms/en/venue/?venueid=7943BD7F-85DA-A73F-DD60-967562D19B0E HTTP/1.1" 200 85859
54.36.148.125 - - [26/Feb/2025:00:35:12 +0100] "GET /ticket2/opencms/sv/buy/?page=1&edid=46387882-96DC-F7A5-D33D-152A1A6DE740 HTTP/1.1" 200 108076
66.249.76.132 - - [26/Feb/2025:00:35:12 +0100] "GET /ticket2/opencms/ga/buy/?page=1&edid=DD26041B-007D-3EE6-A8F7-303AB350D2E4 HTTP/1.1" 200 134595
185.191.171.2 - - [26/Feb/2025:00:35:14 +0100] "GET /ticket2/opencms/bs/magazine/article?title=joel-matip-napusta-liverpool-fc HTTP/1.1" 200 94582
20.171.207.37 - - [26/Feb/2025:00:35:15 +0100] "GET /ticket2/opencms/set_aff_cookie.jsp?partner=692E2C6A-EC6F-1C93-AFCC-C5ACC23A93EA&url=%252Fno%252Fbuy%252Findex.html%253Fpage%253D1%2526edid%253D30B90E18-08FF-50F0-57E7-09B58974F8E4%2526hlv%253D60ca09c4-80bc-4496-a730-35c10a01000f%2523v_248464357 HTTP/1.1" 200 246
114.119.141.206 - - [26/Feb/2025:00:35:22 +0100] "GET /ticket2/opencms/es/buy/?page=1&edid=069EC406-6DFD-08ED-B6CC-A7E203415919 HTTP/1.1" 200 111599
20.171.207.37 - - [26/Feb/2025:00:35:23 +0100] "GET /ticket2/opencms/set_aff_cookie.jsp?partner=692E2C6A-EC6F-1C93-AFCC-C5ACC23A93EA&url=%252Fsv%252Fbuy%252Findex.html%253Fpage%253D1%2526edid%253DE7560AB3-0BA2-E806-DEFE-5D8CC4C6CAA3%2526hlv%253D610bcffc-6288-4e28-8a11-16270a01000f%2523v_859571855 HTTP/1.1" 200 246
20.171.207.37 - - [26/Feb/2025:00:35:23 +0100] "GET /ticket2/opencms/set_aff_cookie.jsp?partner=6F250EA7-4505-FA01-D601-8847F2573405&url=%252Fru%252Fbuy%252Findex.html%253Fpage%253D1%2526edid%253D92D9A674-EDB4-A0FB-C5DF-A3BAFA7768AC%2526hlv%253D611abd64-17b8-40ab-aa99-52370a01000f%2523v_267388971 HTTP/1.1" 200 246
20.171.207.37 - - [26/Feb/2025:00:35:24 +0100] "GET /ticket2/opencms/set_aff_cookie.jsp?partner=692E2C6A-EC6F-1C93-AFCC-C5ACC23A93EA&url=%252Fen%252Fbuy%252Findex.html%253Fpage%253D1%2526edid%253DFE4C6929-80ED-F368-D1A9-B2373F77A4AE%2526hlv%253D61127563-009c-4a5b-99f7-2bd10a01000f%2523v_1144460805 HTTP/1.1" 200 247
20.171.207.37 - - [26/Feb/2025:00:35:26 +0100] "GET /ticket2/opencms/set_aff_cookie.jsp?partner=8F6DE15D-D831-5787-AE7E-FEFF53476F85&url=%252Fen%252Fbuy%252Findex.html%253Fpage%253D1%2526edid%253DCF3BDDE8-6C6B-F85B-528C-11C48A316B2B%2526hlv%253D60ca0a8c-3b10-464a-a71b-36360a01000f%2523v_1623181828 HTTP/1.1" 200 247
54.36.148.64 - - [26/Feb/2025:00:35:26 +0100] "GET /ticket2/opencms/es/buy/?page=1&edid=C8463748-B145-33AD-CEE6-A9DF95CEBC4A HTTP/1.1" 200 121809
20.171.207.37 - - [26/Feb/2025:00:35:28 +0100] "GET /ticket2/opencms/set_aff_cookie.jsp?partner=8F6DE15D-D831-5787-AE7E-FEFF53476F85&url=%252Fru%252Fbuy%252Findex.html%253Fpage%253D1%2526edid%253D7E17F6C1-856B-78BE-EE22-EF6E2CE39DF7%2526hlv%253D60f9587a-9364-435d-aec9-59c10a01000f%2523v_115304944 HTTP/1.1" 200 246
20.171.207.37 - - [26/Feb/2025:00:35:29 +0100] "GET /ticket2/opencms/set_aff_cookie.jsp?partner=692E2C6A-EC6F-1C93-AFCC-C5ACC23A93EA&url=%252Fen%252Fbuy%252Findex.html%253Fpage%253D1%2526edid%253D0918B947-793A-2AE6-89D7-3BA5603B1356%2526hlv%253D60c9f002-f5c8-45b5-a666-29c00a01000f%2523v_589661421 HTTP/1.1" 200 246
20.171.207.37 - - [26/Feb/2025:00:35:30 +0100] "GET /ticket2/opencms/set_aff_cookie.jsp?partner=2E02071B-A8C3-4CBA-3097-C27D61C02ED8&url=%252Fru%252Fbuy%252Findex.html%253Fpage%253D1%2526edid%253DDD7009E0-BEDD-5FDF-FBEC-9803C9276491%2526hlv%253D611babab-5648-47d5-97b4-45c30a01000f%2523v_500837114 HTTP/1.1" 200 246
20.171.207.37 - - [26/Feb/2025:00:35:32 +0100] "GET /ticket2/opencms/set_aff_cookie.jsp?partner=2E02071B-A8C3-4CBA-3097-C27D61C02ED8&url=%252Fno%252Fbuy%252Findex.html%253Fpage%253D1%2526edid%253D9BCFA842-8EB3-2895-3674-5E046AE9AE63%2526hlv%253D60ca12cb-6224-4fb7-bc99-3a8c0a01000f%2523v_644869951 HTTP/1.1" 200 246
66.249.64.96 - - [26/Feb/2025:00:35:32 +0100] "GET /ticket2/opencms/mo/magazine/article?title=pep-guardiolas-football-revolution-a-tactical-masters-influence HTTP/1.1" 200 94987
85.208.96.209 - - [26/Feb/2025:00:35:33 +0100] "GET /ticket2/opencms/it/magazine/article?title=riflessione-sulla-stagione-del-fc-liverpool HTTP/1.1" 200 94583
20.171.207.37 - - [26/Feb/2025:00:35:34 +0100] "GET /ticket2/opencms/set_aff_cookie.jsp?partner=5E0CDF29-E7BE-9F6B-6869-7BF66B04006F&url=%252Ffi%252Fbuy%252Findex.html%253Fpage%253D1%2526edid%253D92D9A674-EDB4-A0FB-C5DF-A3BAFA7768AC%2526hlv%253D611bffde-9054-47f9-8e02-6e6b0a01000f%2523v_103451359 HTTP/1.1" 200 246
66.249.64.228 - - [26/Feb/2025:00:35:34 +0100] "GET /ticket2/opencms/en/venue/?countryid=1A4DC6D7-7BCB-9C80-4A3B-99ABDC610C14 HTTP/1.1" 200 114940
20.171.207.37 - - [26/Feb/2025:00:35:35 +0100] "GET /ticket2/opencms/set_aff_cookie.jsp?partner=23A6AD98-906E-5BDD-600E-EC4EC8A45F97&url=%252Fen%252Fbuy%252Findex.html%253Fpage%253D1%2526edid%253D1B2497C9-50FD-C481-B810-5D82DC9B4FE5%2526hlv%253D614c7491-69fc-4c2e-9406-175e0a01000f%2523v_1869373922 HTTP/1.1" 200 247
47.128.62.14 - - [26/Feb/2025:00:35:35 +0100] "GET /ticket2/opencms/fi/venue/?venueid=5860F3B9-AF9B-0350-7793-1BDDE818A2DE HTTP/1.1" 200 86861
20.171.207.37 - - [26/Feb/2025:00:35:36 +0100] "GET /ticket2/opencms/set_aff_cookie.jsp?partner=2E02071B-A8C3-4CBA-3097-C27D61C02ED8&url=%252Fru%252Fbuy%252Findex.html%253Fpage%253D1%2526edid%253D2D8BABEA-B463-12A2-E630-9585FD2F3F33%2526hlv%253D60ca0c4a-45a8-40f4-b84c-37800a01000f%2523v_797987927 HTTP/1.1" 200 246
85.208.96.197 - - [26/Feb/2025:00:35:40 +0100] "GET /ticket2/opencms/hu/magazine/article?title=manchester-city-vs-queens-park-rangers HTTP/1.1" 200 95775
85.208.96.210 - - [26/Feb/2025:00:35:40 +0100] "GET /ticket2/opencms/bs/magazine/article?title=alexander-isak-obara-rekorde HTTP/1.1" 200 92314
54.36.149.88 - - [26/Feb/2025:00:35:41 +0100] "GET /ticket2/opencms/hr/buy/?page=1&edid=40635446-3A1B-F16A-9B72-5E5BD25B028F HTTP/1.1" 200 108768
20.171.207.37 - - [26/Feb/2025:00:35:43 +0100] "GET /ticket2/opencms/set_aff_cookie.jsp?partner=692E2C6A-EC6F-1C93-AFCC-C5ACC23A93EA&url=%252Fno%252Fbuy%252Findex.html%253Fpage%253D1%2526edid%253D399D5857-E3F3-B9C2-E01C-0D17705EC245%2526hlv%253D60f821d3-6798-48c9-a346-5e5c0a01000f%2523v_1594835514 HTTP/1.1" 200 247
47.128.34.18 - - [26/Feb/2025:00:35:44 +0100] "GET /ticket2/opencms/cs/?comcatid=97ECA65A-72DA-F9AF-9DBB-245D3CFED1BE HTTP/1.1" 200 106929
66.249.64.32 - - [26/Feb/2025:00:35:48 +0100] "GET /ticket2/opencms/ga/buy/?page=1&edid=8E8E9404-172C-6C57-7F68-EAFC3F95D1AC HTTP/1.1" 200 112717
66.249.64.107 - - [26/Feb/2025:00:35:50 +0100] "GET /ticket2/opencms/sl/buy/?page=1&edid=51141EB3-B375-D16D-CA84-E949B19945AA HTTP/1.1" 200 108513
20.171.207.37 - - [26/Feb/2025:00:35:51 +0100] "GET /ticket2/opencms/set_aff_cookie.jsp?partner=692E2C6A-EC6F-1C93-AFCC-C5ACC23A93EA&url=%252Ffi%252Fbuy%252Findex.html%253Fpage%253D1%2526edid%253D9A05EF4D-4376-E584-2657-07D966D7B743%2526hlv%253D60ca1b6c-80a0-4873-a191-3f2f0a01000f%2523v_1357596970 HTTP/1.1" 200 247
66.249.64.131 - - [26/Feb/2025:00:35:51 +0100] "GET /ticket2/opencms/az/buy/?page=1&edid=BCB4C6BC-01F1-9B82-B9A0-788195DE1926 HTTP/1.1" 200 120706
85.208.96.212 - - [26/Feb/2025:00:35:52 +0100] "GET /ticket2/opencms/lt/magazine/article?title=chelsea-fanai-reaguoja-su-frustracija HTTP/1.1" 200 92775
20.171.207.37 - - [26/Feb/2025:00:35:53 +0100] "GET /ticket2/opencms/set_aff_cookie.jsp?partner=8F6DE15D-D831-5787-AE7E-FEFF53476F85&url=%252Fdk%252Fbuy%252Findex.html%253Fpage%253D1%2526edid%253D85266D8D-1EC2-A49C-0CF0-9DD81BE5F4FA%2526hlv%253D60f80cbb-37a8-41f5-a1ab-586d0a01000f%2523v_1796857896 HTTP/1.1" 200 247
54.36.148.253 - - [26/Feb/2025:00:35:56 +0100] "GET /ticket2/opencms/lv/buy?page=1&edid=9250B98C-3D5F-37E6-7B39-001C84B580C7 HTTP/1.1" 200 111931
188.239.47.22 - - [26/Feb/2025:00:35:57 +0100] "GET /ticket2/opencms/ga/buy?page=10&eventid=1C0FC89D-D539-28E4-3F58-11BCE29E4CA8 HTTP/1.1" 200 96954
20.171.207.37 - - [26/Feb/2025:00:35:58 +0100] "GET /ticket2/opencms/set_aff_cookie.jsp?partner=5E0CDF29-E7BE-9F6B-6869-7BF66B04006F&url=%252Fru%252Fbuy%252Findex.html%253Fpage%253D1%2526edid%253D2EE5FE6D-D48C-F366-EBEF-C207DB7D5BC0%2526hlv%253D60f69951-6e78-4f1e-b314-648d0a01000f%2523v_1211917862 HTTP/1.1" 200 247
40.77.167.48 - - [26/Feb/2025:00:35:58 +0100] "GET /ticket2/opencms/tr/buy/?page=1&edid=10652319-4B1F-8BD2-C569-7F71AA448F03 HTTP/1.1" 200 90487
66.249.64.96 - - [26/Feb/2025:00:35:59 +0100] "GET /ticket2/opencms/it/buy/?page=1&edid=F08C0FE4-B194-24A9-4957-1E151EDAC340 HTTP/1.1" 200 108334
20.171.207.37 - - [26/Feb/2025:00:36:00 +0100] "GET /ticket2/opencms/set_aff_cookie.jsp?partner=2E02071B-A8C3-4CBA-3097-C27D61C02ED8&url=%252Fno%252Fbuy%252Findex.html%253Fpage%253D1%2526edid%253DBDDA33F9-4ADC-FC2D-831B-99FEC0DB017D%2526hlv%253D61151fe7-ad9c-4483-8e8e-05f70a01000f%2523v_343952264 HTTP/1.1" 200 246
20.171.207.37 - - [26/Feb/2025:00:36:01 +0100] "GET /ticket2/opencms/set_aff_cookie.jsp?partner=5E0CDF29-E7BE-9F6B-6869-7BF66B04006F&url=%252Fru%252Fbuy%252Findex.html%253Fpage%253D1%2526edid%253DB65C9998-D30F-32EE-08AA-C0A071FB93ED%2526hlv%253D60ca15a7-32c8-4ed6-a4cf-3b1b0a01000f%2523v_1224720877 HTTP/1.1" 200 247
20.171.207.37 - - [26/Feb/2025:00:36:02 +0100] "GET /ticket2/opencms/set_aff_cookie.jsp?partner=692E2C6A-EC6F-1C93-AFCC-C5ACC23A93EA&url=%252Ffi%252Fbuy%252Findex.html%253Fpage%253D1%2526edid%253D038E9D5D-F853-3E62-678F-9F575C0DA65A%2526hlv%253D60d1b1ff-8418-44b0-b261-2c2a0a01000f%2523v_454956610 HTTP/1.1" 200 246
20.171.207.37 - - [26/Feb/2025:00:36:03 +0100] "GET /ticket2/opencms/set_aff_cookie.jsp?partner=8F6DE15D-D831-5787-AE7E-FEFF53476F85&url=%252Ffi%252Fbuy%252Findex.html%253Fpage%253D1%2526edid%253D2EE5FE6D-D48C-F366-EBEF-C207DB7D5BC0%2526hlv%253D60f69951-374c-4010-929c-648d0a01000f%2523v_1145539459 HTTP/1.1" 200 247
20.171.207.37 - - [26/Feb/2025:00:36:05 +0100] "GET /ticket2/opencms/set_aff_cookie.jsp?partner=692E2C6A-EC6F-1C93-AFCC-C5ACC23A93EA&url=%252Ffi%252Fbuy%252Findex.html%253Fpage%253D1%2526edid%253DC5BE8910-C31D-1B7A-D498-4C5862D3F5A8%2526hlv%253D60ca1ce3-cdec-4958-be4c-3f5d0a01000f%2523v_556176839 HTTP/1.1" 200 246
66.249.64.130 - - [26/Feb/2025:00:36:07 +0100] "GET /ticket2/opencms/lv/buy/?page=1&edid=525B48E2-20F0-0F2B-29AC-9E8FA8195723 HTTP/1.1" 200 108649
20.171.207.37 - - [26/Feb/2025:00:36:07 +0100] "GET /ticket2/opencms/set_aff_cookie.jsp?partner=23A6AD98-906E-5BDD-600E-EC4EC8A45F97&url=%252Fen%252Fbuy%252Findex.html%253Fpage%253D1%2526edid%253D4C9574E0-424E-5C98-5F7A-2F377ACC6101%2526hlv%253D611cd240-b23c-4a34-b07d-5ec50a01000f%2523v_1016879372 HTTP/1.1" 200 247
66.249.76.8 - - [26/Feb/2025:00:36:12 +0100] "GET /ticket2/opencms/sk/magazine/article?title=emirates-stadion HTTP/1.1" 200 96226
54.36.149.2 - - [26/Feb/2025:00:36:14 +0100] "GET /ticket2/opencms/mo/buy/?page=1&edid=6DC3E8B1-EB9E-3B74-1E36-CDC7B60DF336 HTTP/1.1" 200 108755
114.119.141.178 - - [26/Feb/2025:00:36:21 +0100] "GET /ticket2/opencms/fi/buy?page=1&edid=F6FCA9BE-0CB7-E146-8F9B-F45E39FB2D7A HTTP/1.1" 200 111108
47.128.43.245 - - [26/Feb/2025:00:36:23 +0100] "GET /ticket2/opencms/lv/magazine/article?title=mohamed-salah-pagarinat-ar-liverpool HTTP/1.1" 200 95097
54.36.148.211 - - [26/Feb/2025:00:36:24 +0100] "GET /ticket2/opencms/no/buy/?page=1&edid=93838642-5250-2673-0C4C-CF34056B55BD HTTP/1.1" 200 114301
20.171.207.37 - - [26/Feb/2025:00:36:24 +0100] "GET /ticket2/opencms/set_aff_cookie.jsp?partner=2E02071B-A8C3-4CBA-3097-C27D61C02ED8&url=%252Fsv%252Fbuy%252Findex.html%253Fpage%253D1%2526edid%253D497CFADB-43B9-65B9-4674-F7F3D004A91F%2526hlv%253D60d0e113-aa88-4e2a-88cb-40cb0a01000f%2523v_390686696 HTTP/1.1" 200 246
85.208.96.200 - - [26/Feb/2025:00:36:25 +0100] "GET /ticket2/opencms/bg/magazine/article?title=chelsea-spechelili-shest-titli-ot-premiur-lijg HTTP/1.1" 200 97369
47.128.43.245 - - [26/Feb/2025:00:36:27 +0100] "GET /ticket2/opencms/img/shutterstock_SALAH.jpg HTTP/1.1" 200 141812
20.171.207.37 - - [26/Feb/2025:00:36:29 +0100] "GET /ticket2/opencms/set_aff_cookie.jsp?partner=8F6DE15D-D831-5787-AE7E-FEFF53476F85&url=%252Fno%252Fbuy%252Findex.html%253Fpage%253D1%2526edid%253D92D9A674-EDB4-A0FB-C5DF-A3BAFA7768AC%2526hlv%253D60ca0dc4-1138-404d-9e7b-38b40a01000f%2523v_2122854100 HTTP/1.1" 200 247
95.194.198.8 - - [26/Feb/2025:00:36:30 +0100] "GET /ticket2/opencms/sv/buy/?page=1&edid=71729821-BB19-CC1B-BEDD-F4658D5AB210&hlv=6693ad3f-19dc-45ee-a9ff-07f70a01000f&gad_source=1&gbraid=0AAAAADlS-t_Gi3t27n6u99xtqTHSK0CbT&gclid=EAIaIQobChMIo5uO9_7fiwMV8eyyCh2THwE2EAAYAiAAEgLoRvD_BwE HTTP/1.1" 200 122454
95.194.198.8 - - [26/Feb/2025:00:36:30 +0100] "GET /ticket2/opencms/system/modules/com.gridnine.opencms.ticketbrokerage.site/resources/js/jquery/jquery.js HTTP/1.1" 200 93868
20.171.207.37 - - [26/Feb/2025:00:36:30 +0100] "GET /ticket2/opencms/set_aff_cookie.jsp?partner=2E02071B-A8C3-4CBA-3097-C27D61C02ED8&url=%252Fen%252Fbuy%252Findex.html%253Fpage%253D1%2526edid%253D66EA5353-0EED-D56D-04FB-B3F43B6CCED9%2526hlv%253D61448df4-125c-45e7-8d09-760b0a01000f%2523v_1345834435 HTTP/1.1" 200 247
95.194.198.8 - - [26/Feb/2025:00:36:30 +0100] "GET /ticket2/opencms/system/modules/com.gridnine.opencms.ticketbrokerage.site/resources/js/jquery/jquery-ui.js HTTP/1.1" 200 228088
95.194.198.8 - - [26/Feb/2025:00:36:30 +0100] "GET /ticket2/opencms/system/modules/com.gridnine.opencms.ticketbrokerage.site/resources/css/calendar.css HTTP/1.1" 200 6871
95.194.198.8 - - [26/Feb/2025:00:36:30 +0100] "GET /ticket2/opencms/system/modules/com.gridnine.opencms.ticketbrokerage.site/resources/css/jquery-ui.css HTTP/1.1" 200 33221
95.194.198.8 - - [26/Feb/2025:00:36:30 +0100] "GET /ticket2/opencms/system/modules/com.gridnine.opencms.ticketbrokerage.site/resources/css/ticketbrokerage.css HTTP/1.1" 200 39339
95.194.198.8 - - [26/Feb/2025:00:36:30 +0100] "GET /ticket2/opencms/system/modules/com.gridnine.opencms.ticketbrokerage.site/resources/css/jquery.fancybox.css HTTP/1.1" 200 4939
