95.217.114.173 - - [10/Mar/2025:03:22:24 +0100] "GET /ticket2/opencms/no/buy/?page=1&edid=F2FA4242-01BE-3FE2-3A47-7E833A37D435 HTTP/1.1" 200 110212
85.208.96.202 - - [10/Mar/2025:03:22:24 +0100] "GET /ticket2/opencms/robots.txt HTTP/1.1" 200 773
85.208.96.212 - - [10/Mar/2025:03:22:26 +0100] "GET /ticket2/opencms/sv/sport/hockeybiljetter/nhl/Carolina_Hurricanes/ HTTP/1.1" 500 -
185.191.171.2 - - [10/Mar/2025:03:22:26 +0100] "GET /ticket2/opencms/no/buy/?page=6 HTTP/1.1" 200 90029
20.171.207.145 - - [10/Mar/2025:03:22:27 +0100] "GET /ticket2/opencms/az/sport/futbol-biletleri/fa-cup HTTP/1.1" 404 -
66.249.65.196 - - [10/Mar/2025:03:22:30 +0100] "GET /ticket2/opencms/set_aff_cookie.jsp?partner=5E0CDF29-E7BE-9F6B-6869-7BF66B04006F&url=%252Fno%252Fbuy%252Findex.html%253Fpage%253D1%2526edid%253D36AF1B5E-5A99-17FA-F2C9-AE0F1234F398%2526hlv%253D66b47c36-8ddc-40d4-a526-1d120a01000f%2523v766571878 HTTP/1.1" 200 245
95.217.114.173 - - [10/Mar/2025:03:22:34 +0100] "GET /ticket2/opencms/no/buy/?page=1&edid=F2FE555C-AC27-5AA8-8120-C9C64D18709B HTTP/1.1" 200 111639
114.119.154.207 - - [10/Mar/2025:03:22:34 +0100] "GET /ticket2/opencms/en/sell/?edid=3CAF913A-8CA4-29E8-D77B-9EDAB8A0555C HTTP/1.1" 302 -
114.119.154.207 - - [10/Mar/2025:03:22:39 +0100] "GET /ticket2/opencms/en/login/?url=/en/sell/ HTTP/1.1" 200 90029
185.191.171.15 - - [10/Mar/2025:03:22:42 +0100] "GET /ticket2/opencms/sl/magazine/article?title=novi-kapetan-dejan-kulusevski HTTP/1.1" 200 91739
114.119.136.30 - - [10/Mar/2025:03:22:42 +0100] "GET /ticket2/opencms/en/buy/?page=6&comcatid=97ECA65A-72DA-F9AF-9DBB-245D3CFED1BE&catid=8732E72C-A028-EA8C-4D4D-DEB44E2A28A8 HTTP/1.1" 200 96456
95.217.114.173 - - [10/Mar/2025:03:22:42 +0100] "GET /ticket2/opencms/no/buy/?page=1&edid=F304E181-E936-71FB-E213-CFCB44032C9B HTTP/1.1" 200 110495
185.191.171.16 - - [10/Mar/2025:03:22:43 +0100] "GET /ticket2/opencms/sv/sport/fotbollsbiljetter/serie_a/palermo/ HTTP/1.1" 500 -
85.208.96.209 - - [10/Mar/2025:03:22:44 +0100] "GET /ticket2/opencms/ga/about/press HTTP/1.1" 200 88970
216.244.66.196 - - [10/Mar/2025:03:22:45 +0100] "GET /ticket2/opencms/robots.txt HTTP/1.1" 200 773
47.128.46.37 - - [10/Mar/2025:03:22:50 +0100] "GET /ticket2/opencms/hu/buy?edid=6C0AA1CC-8488-7981-DA23-AD8E06F80ABD HTTP/1.1" 200 91786
95.217.114.173 - - [10/Mar/2025:03:22:51 +0100] "GET /ticket2/opencms/no/buy/?page=1&edid=F3169C5D-920B-FD8F-84DD-98534D854D32 HTTP/1.1" 200 110083
157.55.39.204 - - [10/Mar/2025:03:22:59 +0100] "GET /ticket2/opencms/fi/buy?page=1&edid=D21C145B-8567-0592-DD00-5CB43087855E HTTP/1.1" 200 108432
47.128.18.67 - - [10/Mar/2025:03:23:00 +0100] "GET /ticket2/opencms/hu/buy/?edid=DE0D0DE3-BA42-3783-5C74-6058213C61AE HTTP/1.1" 200 91695
95.217.114.173 - - [10/Mar/2025:03:23:01 +0100] "GET /ticket2/opencms/no/buy/?page=1&edid=F3251279-5CA1-2E3D-DFD8-8321544A1F81 HTTP/1.1" 200 111699
85.208.96.197 - - [10/Mar/2025:03:23:04 +0100] "GET /ticket2/opencms/sr HTTP/1.1" 200 104750
52.167.144.21 - - [10/Mar/2025:03:23:07 +0100] "GET /ticket2/opencms/en/magazine/article/???%20Error%20reading%20resource%20from%20path HTTP/1.1" 200 87633
66.249.76.1 - - [10/Mar/2025:03:23:07 +0100] "GET /ticket2/opencms/sk/buy?page=1&edid=0B7E5CA2-F588-894B-B701-64E6B9532C54 HTTP/1.1" 200 128001
47.128.49.11 - - [10/Mar/2025:03:23:09 +0100] "GET /ticket2/opencms/sv/magazine/article?title=kop-biljetter-till-bundesliga-pa-ticket2com HTTP/1.1" 200 92774
95.217.114.173 - - [10/Mar/2025:03:23:10 +0100] "GET /ticket2/opencms/no/buy/?page=1&edid=F32982F9-8DBA-9119-12C3-8C280A2BFA84 HTTP/1.1" 200 110313
66.249.73.12 - - [10/Mar/2025:03:23:12 +0100] "GET /ticket2/opencms/no/buy/?page=1&edid=5CC4C245-B3B0-1B51-B1DB-D9E8D9C1C476 HTTP/1.1" 200 124229
40.77.167.7 - - [10/Mar/2025:03:23:12 +0100] "GET /ticket2/opencms/sr/buy?page=1&edid=35B50084-B9AA-1B2B-99FE-C3FBA2700019 HTTP/1.1" 200 111528
47.128.49.11 - - [10/Mar/2025:03:23:13 +0100] "GET /ticket2/opencms/img/haaland-bundesliga2.png HTTP/1.1" 200 281152
185.191.171.6 - - [10/Mar/2025:03:23:13 +0100] "GET /ticket2/opencms/robots.txt HTTP/1.1" 200 773
152.53.15.234 - - [10/Mar/2025:03:23:14 +0100] "GET /ticket2/opencms/mo/magazine/article?title=viktor-gyokeres-sporting HTTP/1.1" 200 93953
185.191.171.13 - - [10/Mar/2025:03:23:15 +0100] "GET /ticket2/opencms/be/magazine/article?title=the-list-of-nominees-for-the-ballon-dor HTTP/1.1" 200 95742
95.217.114.173 - - [10/Mar/2025:03:23:18 +0100] "GET /ticket2/opencms/no/buy/?page=1&edid=F3328927-3499-FDB9-2CE8-8B4D01757A59 HTTP/1.1" 200 110309
185.191.171.18 - - [10/Mar/2025:03:23:22 +0100] "GET /ticket2/opencms/nl/sport/voetbal-tickets/bundesliga/wolfsburg/ HTTP/1.1" 500 -
114.119.141.206 - - [10/Mar/2025:03:23:25 +0100] "GET /ticket2/opencms/en/buy/?page=1&edid=C6DB5473-82D7-D6CC-1ED6-D69EBD668925 HTTP/1.1" 200 106821
85.208.96.202 - - [10/Mar/2025:03:23:25 +0100] "GET /ticket2/opencms/fr/magazine/article?title=victor-gyokeres-peut-il-quitter-le-sporting-plus-tot-que-prevu HTTP/1.1" 200 94233
95.217.114.173 - - [10/Mar/2025:03:23:27 +0100] "GET /ticket2/opencms/no/buy/?page=1&edid=F335E725-CF9C-D578-A5BD-BC756AB27702 HTTP/1.1" 200 111658
69.171.230.8 - - [10/Mar/2025:03:23:27 +0100] "GET /ticket2/opencms/sk/buy/?page=1&edid=1848722C-7496-89CC-162E-A03E4F33CA8A HTTP/1.1" 200 108595
40.77.167.7 - - [10/Mar/2025:03:23:30 +0100] "GET /ticket2/opencms/fi/magazine/article?title=ruotsalaiset-jalkapalloilijat-valioliigassa HTTP/1.1" 200 94739
20.171.207.145 - - [10/Mar/2025:03:23:31 +0100] "GET /ticket2/opencms/az/sport/futbol-biletleri/ligue-1 HTTP/1.1" 500 -
114.119.130.154 - - [10/Mar/2025:03:23:31 +0100] "GET /ticket2/opencms/en/buy/?page=10&eventid=53F27A05-DBF6-27A7-B680-C587F93AF7CA&venueid=853E22E8-AAA5-D638-4DB5-6F3AE80E94F8 HTTP/1.1" 200 96202
85.208.96.209 - - [10/Mar/2025:03:23:32 +0100] "GET /ticket2/opencms/sr/magazine/article?title=finale-ep-2024 HTTP/1.1" 200 94625
157.55.39.204 - - [10/Mar/2025:03:23:34 +0100] "GET /ticket2/opencms/lv/buy?page=1&edid=5BB1055C-4C5F-5A4F-CCFB-6D0F529C929D HTTP/1.1" 200 116436
18.144.79.141 - - [10/Mar/2025:03:23:34 +0100] "GET /ticket2/opencms/ HTTP/1.1" 302 -
66.249.65.197 - - [10/Mar/2025:03:23:34 +0100] "GET /ticket2/opencms/set_aff_cookie.jsp?partner=5E0CDF29-E7BE-9F6B-6869-7BF66B04006F&url=%252Fno%252Fbuy%252Findex.html%253Fpage%253D1%2526edid%253D0DC29C5C-A273-34CB-58F3-441C87554AF1%2526hlv%253D66b47f8c-c7ac-4ffe-a9f0-209b0a01000f%2523v_52998636 HTTP/1.1" 200 245
114.119.150.22 - - [10/Mar/2025:03:23:35 +0100] "GET /ticket2/opencms/en/buy/?page=1&edid=70818629-9551-6DC7-FD0C-3665BC11B0F8 HTTP/1.1" 200 109443
95.217.114.173 - - [10/Mar/2025:03:23:36 +0100] "GET /ticket2/opencms/no/buy/?page=1&edid=F35228ED-6A1B-50CC-6944-073AE91D99B9 HTTP/1.1" 200 107936
157.55.39.204 - - [10/Mar/2025:03:23:36 +0100] "GET /ticket2/opencms/et/buy?page=1&edid=0C6D37C7-8EA1-5083-AEBF-F8112D5F6F62 HTTP/1.1" 200 111417
18.144.79.141 - - [10/Mar/2025:03:23:36 +0100] "GET /ticket2/opencms/en/ HTTP/1.1" 200 102130
85.208.96.209 - - [10/Mar/2025:03:23:39 +0100] "GET /ticket2/opencms/sv/affiliateprogram.html HTTP/1.1" 200 90352
154.54.249.216 - - [10/Mar/2025:03:23:40 +0100] "GET /ticket2/opencms/no/buy/?page=1&edid=E8492630-5817-95C8-DBCF-47EFEEBEB25B HTTP/1.1" 200 111149
114.119.129.189 - - [10/Mar/2025:03:23:41 +0100] "GET /ticket2/opencms/en/sell/?edid=3C4C7634-67DC-7A19-204D-9BC6FA217893 HTTP/1.1" 302 -
17.241.219.117 - - [10/Mar/2025:03:23:42 +0100] "GET /ticket2/opencms/hu/sport/focijegyek/premier-league/arsenal HTTP/1.1" 200 97219
95.217.114.173 - - [10/Mar/2025:03:23:45 +0100] "GET /ticket2/opencms/no/buy/?page=1&edid=F35525B4-EF12-995E-BB87-0FE7326756D4 HTTP/1.1" 200 111408
114.119.129.189 - - [10/Mar/2025:03:23:45 +0100] "GET /ticket2/opencms/en/login/?url=/en/sell/ HTTP/1.1" 200 90082
66.249.65.195 - - [10/Mar/2025:03:23:52 +0100] "GET /ticket2/opencms/mo/cumparati/ HTTP/1.1" 200 90328
95.217.114.173 - - [10/Mar/2025:03:23:54 +0100] "GET /ticket2/opencms/no/buy/?page=1&edid=F361BEA1-1935-C288-74DA-DA856858E300 HTTP/1.1" 200 111580
114.119.157.43 - - [10/Mar/2025:03:23:57 +0100] "GET /ticket2/opencms/uk/buy?page=1&edid=FD52E00C-3C9A-0A2F-BAA0-089F0A591CCF HTTP/1.1" 200 114033
95.217.114.173 - - [10/Mar/2025:03:24:04 +0100] "GET /ticket2/opencms/no/buy/?page=1&edid=F3756B07-2F5C-FFFD-72BE-0A74CDBD5EA0 HTTP/1.1" 200 89922
66.249.74.135 - - [10/Mar/2025:03:24:04 +0100] "GET /ticket2/opencms/ro/buy?page=1&edid=68B485F7-9483-6E4F-656D-602EE2AC621D HTTP/1.1" 200 136531
157.55.39.204 - - [10/Mar/2025:03:24:12 +0100] "GET /ticket2/opencms/no/venue/?countryid=89A5E86C-3AC3-3EDB-6F03-E6FC6A513BA2 HTTP/1.1" 200 115936
95.217.114.173 - - [10/Mar/2025:03:24:12 +0100] "GET /ticket2/opencms/no/buy/?page=1&edid=F37F27EF-B877-D2DD-F026-A7C11540EC54 HTTP/1.1" 200 110562
17.241.75.99 - - [10/Mar/2025:03:24:19 +0100] "GET /ticket2/opencms/hu/sport/focijegyek/bundesliga HTTP/1.1" 200 104049
47.128.47.40 - - [10/Mar/2025:03:24:21 +0100] "GET /ticket2/opencms/sl/buy/?edid=78314AF0-4634-069B-617B-0BA727735BF7 HTTP/1.1" 200 91563
95.217.114.173 - - [10/Mar/2025:03:24:21 +0100] "GET /ticket2/opencms/no/buy/?page=1&edid=F390A5E5-D6FF-349F-808E-346867C2ACB9 HTTP/1.1" 200 110202
185.191.171.5 - - [10/Mar/2025:03:24:27 +0100] "GET /ticket2/opencms/sv/magazine/article?title=fotboll HTTP/1.1" 200 94122
114.119.130.23 - - [10/Mar/2025:03:24:28 +0100] "GET /ticket2/opencms/en/buy/?page=1&edid=C6D1B00C-A933-1E50-C36D-5E32B9DCB7D1 HTTP/1.1" 200 106860
185.191.171.2 - - [10/Mar/2025:03:24:28 +0100] "GET /ticket2/opencms/az/magazine/article?title=raphael-varane-karyerasini-31-yasinda-bitirir HTTP/1.1" 200 93452
95.217.114.173 - - [10/Mar/2025:03:24:29 +0100] "GET /ticket2/opencms/no/buy/?page=1&edid=F3A6023D-F8D4-B558-EED3-42F5CB61B4B4 HTTP/1.1" 200 111396
173.252.87.2 - - [10/Mar/2025:03:24:33 +0100] "GET /ticket2/opencms/es/faq/ HTTP/1.1" 200 93925
20.171.207.145 - - [10/Mar/2025:03:24:34 +0100] "GET /ticket2/opencms/tr/spor/futbol-biletleri/eredivisie HTTP/1.1" 500 -
66.249.76.167 - - [10/Mar/2025:03:24:36 +0100] "GET /ticket2/opencms/en/buy?page=1&edid=29B478B3-1B3A-E3C8-BB43-298745EBB50E HTTP/1.1" 200 110256
207.46.13.7 - - [10/Mar/2025:03:24:37 +0100] "GET /ticket2/opencms/bg/buy?page=1&edid=38C5F8C8-F6C2-BA94-BDF5-C45BF1FEC28E HTTP/1.1" 200 114958
95.217.114.173 - - [10/Mar/2025:03:24:39 +0100] "GET /ticket2/opencms/no/buy/?page=1&edid=F3C590BC-8B85-5255-AEB2-2BDF70BA064F HTTP/1.1" 200 110972
216.244.66.237 - - [10/Mar/2025:03:24:42 +0100] "GET /ticket2/opencms/dk/robots.txt HTTP/1.1" 404 -
216.244.66.237 - - [10/Mar/2025:03:24:43 +0100] "GET /ticket2/opencms/dk/robots.txt HTTP/1.1" 404 -
47.128.49.69 - - [10/Mar/2025:03:24:43 +0100] "GET /ticket2/opencms/fi/venue/?venueid=924F6A71-B6FB-26C5-04CA-1B49F86B9FF1 HTTP/1.1" 200 86981
95.217.114.173 - - [10/Mar/2025:03:24:48 +0100] "GET /ticket2/opencms/no/buy/?page=1&edid=F3C59FE8-84DA-4168-9DD0-7FF9F22B1ED6 HTTP/1.1" 200 110289
96.62.105.8 - - [10/Mar/2025:03:24:53 +0100] "GET /ticket2/opencms/sl/magazine/article?title=impresivna-tekma-kjer-sved-kulusevski-nadaljuje-z-dobavljanjem HTTP/1.1" 200 94320
172.225.69.72 - - [10/Mar/2025:03:24:53 +0100] "GET /ticket2/opencms/set_aff_cookie.jsp?partner=53673ED6-1455-FA54-818F-B1F67121E37C&url=/dk/buy/index.html%3Fpage%3D1%26edid%3D750C6040-29F7-425D-A24F-51B977F415A3%26hlv%3D67628efe-d754-45e2-b179-1c620a01000f%23v1814338314 HTTP/1.1" 200 225
172.225.69.72 - - [10/Mar/2025:03:24:54 +0100] "GET /ticket2/opencms/dk/buy/?page=1&edid=750C6040-29F7-425D-A24F-51B977F415A3&hlv=67628efe-d754-45e2-b179-1c620a01000f HTTP/1.1" 200 137241
172.225.69.72 - - [10/Mar/2025:03:24:54 +0100] "GET /ticket2/opencms/system/modules/com.gridnine.opencms.ticketbrokerage.site/resources/css/ticketbrokerage.css HTTP/1.1" 200 39339
172.225.69.72 - - [10/Mar/2025:03:24:54 +0100] "GET /ticket2/opencms/system/modules/com.gridnine.opencms.ticketbrokerage.site/resources/js/jquery/jquery-ui.js HTTP/1.1" 200 228088
172.225.69.72 - - [10/Mar/2025:03:24:54 +0100] "GET /ticket2/opencms/system/modules/com.gridnine.opencms.ticketbrokerage.site/resources/css/calendar.css HTTP/1.1" 200 6871
172.225.69.72 - - [10/Mar/2025:03:24:54 +0100] "GET /ticket2/opencms/system/modules/com.gridnine.opencms.ticketbrokerage.site/resources/js/jquery/jquery.js HTTP/1.1" 200 93868
172.225.69.72 - - [10/Mar/2025:03:24:54 +0100] "GET /ticket2/opencms/system/modules/com.gridnine.opencms.ticketbrokerage.site/resources/js/functions.js HTTP/1.1" 200 1583
172.225.69.72 - - [10/Mar/2025:03:24:54 +0100] "GET /ticket2/opencms/system/modules/com.gridnine.opencms.ticketbrokerage.site/resources/css/jquery-ui.css HTTP/1.1" 200 33221
172.225.69.72 - - [10/Mar/2025:03:24:54 +0100] "GET /ticket2/opencms/system/modules/com.gridnine.opencms.ticketbrokerage.site/resources/css/jquery.fancybox.css HTTP/1.1" 200 4939
172.225.69.72 - - [10/Mar/2025:03:24:54 +0100] "GET /ticket2/opencms/system/modules/com.gridnine.opencms.ticketbrokerage.site/resources/css/standard.css HTTP/1.1" 200 74449
172.225.69.72 - - [10/Mar/2025:03:24:54 +0100] "GET /ticket2/opencms/system/modules/com.gridnine.opencms.ticketbrokerage.site/resources/js/jquery.placeholder.min.js HTTP/1.1" 200 1737
172.225.69.72 - - [10/Mar/2025:03:24:54 +0100] "GET /ticket2/opencms/system/modules/com.gridnine.opencms.ticketbrokerage.site/resources/js/calendar.js HTTP/1.1" 200 49229
172.225.69.72 - - [10/Mar/2025:03:24:54 +0100] "GET /ticket2/opencms/system/modules/com.gridnine.opencms.ticketbrokerage.site/resources/js/calendar-en.js HTTP/1.1" 200 3338
172.225.69.72 - - [10/Mar/2025:03:24:54 +0100] "GET /ticket2/opencms/system/modules/com.gridnine.opencms.ticketbrokerage.site/resources/js/calendar-setup.js HTTP/1.1" 200 4923
172.225.69.72 - - [10/Mar/2025:03:24:54 +0100] "GET /ticket2/opencms/system/modules/com.gridnine.opencms.ticketbrokerage.site/resources/js/common-ajax.js HTTP/1.1" 200 20175
172.225.69.72 - - [10/Mar/2025:03:24:54 +0100] "GET /ticket2/opencms/system/modules/com.gridnine.opencms.ticketbrokerage.site/resources/js/jquery.fancybox.pack.js HTTP/1.1" 200 23187
172.225.69.72 - - [10/Mar/2025:03:24:54 +0100] "GET /ticket2/opencms/system/modules/com.gridnine.opencms.ticketbrokerage.site/resources/js/stickyfill.min.js HTTP/1.1" 200 5672
172.225.69.72 - - [10/Mar/2025:03:24:54 +0100] "GET /ticket2/opencms/img/icons/globe-white.png HTTP/1.1" 200 947
172.225.69.72 - - [10/Mar/2025:03:24:54 +0100] "GET /ticket2/opencms/system/modules/com.gridnine.opencms.ticketbrokerage.site/resources/js/standard.js HTTP/1.1" 200 3983
172.225.69.72 - - [10/Mar/2025:03:24:54 +0100] "GET /ticket2/opencms/img/icons/en.png HTTP/1.1" 200 2415
172.225.69.72 - - [10/Mar/2025:03:24:54 +0100] "GET /ticket2/opencms/system/modules/com.gridnine.opencms.ticketbrokerage.site/resources/pics/logo-new.png HTTP/1.1" 200 13541
172.225.69.72 - - [10/Mar/2025:03:24:54 +0100] "GET /ticket2/opencms/img/insta.png HTTP/1.1" 200 3967
172.225.69.72 - - [10/Mar/2025:03:24:55 +0100] "GET /ticket2/opencms/img/fb.png HTTP/1.1" 200 1269
172.225.69.72 - - [10/Mar/2025:03:24:55 +0100] "GET /ticket2/opencms/img/icons/se.png HTTP/1.1" 200 1258
172.225.69.72 - - [10/Mar/2025:03:24:55 +0100] "GET /ticket2/opencms/venue/emirates_stadium.png HTTP/1.1" 200 53537
172.225.69.72 - - [10/Mar/2025:03:24:55 +0100] "GET /ticket2/opencms/img/icons/fi.png HTTP/1.1" 200 1785
172.225.69.72 - - [10/Mar/2025:03:24:55 +0100] "GET /ticket2/opencms/system/modules/com.gridnine.opencms.ticketbrokerage.site/resources/pics/0.gif HTTP/1.1" 200 43
172.225.69.72 - - [10/Mar/2025:03:24:55 +0100] "GET /ticket2/opencms/img/icons/no.png HTTP/1.1" 200 1958
172.225.69.72 - - [10/Mar/2025:03:24:55 +0100] "GET /ticket2/opencms/system/modules/com.gridnine.opencms.ticketbrokerage.site/resources/pics/two_man.png HTTP/1.1" 200 3407
172.225.69.72 - - [10/Mar/2025:03:24:55 +0100] "GET /ticket2/opencms/img/icons/dk.png HTTP/1.1" 200 1706
172.225.69.72 - - [10/Mar/2025:03:24:55 +0100] "GET /ticket2/opencms/dk/ask-form.html HTTP/1.1" 200 2971
172.225.69.72 - - [10/Mar/2025:03:24:55 +0100] "GET /ticket2/opencms/system/modules/com.gridnine.opencms.ticketbrokerage.site/resources/pics/ticket_info_button.png HTTP/1.1" 200 3820
172.225.69.72 - - [10/Mar/2025:03:24:55 +0100] "GET /ticket2/opencms/system/modules/com.gridnine.opencms.ticketbrokerage.site/resources/pics/footer-img.jpg HTTP/1.1" 200 67642
172.225.69.72 - - [10/Mar/2025:03:24:55 +0100] "GET /ticket2/opencms/img/icons/de.png HTTP/1.1" 200 1124
172.225.69.72 - - [10/Mar/2025:03:24:55 +0100] "GET /ticket2/opencms/img/icons/nl.png HTTP/1.1" 200 1255
172.225.69.72 - - [10/Mar/2025:03:24:55 +0100] "GET /ticket2/opencms/img/check.png HTTP/1.1" 200 548
172.225.69.72 - - [10/Mar/2025:03:24:55 +0100] "GET /ticket2/opencms/system/modules/com.gridnine.opencms.ticketbrokerage.site/resources/css/ticketbrokerage.css HTTP/1.1" 200 39339
172.225.69.72 - - [10/Mar/2025:03:24:55 +0100] "GET /ticket2/opencms/img/mail.png HTTP/1.1" 200 403
172.225.69.72 - - [10/Mar/2025:03:24:55 +0100] "GET /ticket2/opencms/img/chat.png HTTP/1.1" 200 416
172.225.69.72 - - [10/Mar/2025:03:24:55 +0100] "GET /ticket2/opencms/img/icons/fr.png HTTP/1.1" 200 1764
172.225.69.72 - - [10/Mar/2025:03:24:55 +0100] "GET /ticket2/opencms/img/icons/es.png HTTP/1.1" 200 1005
172.225.69.72 - - [10/Mar/2025:03:24:55 +0100] "GET /ticket2/opencms/img/arrow.png HTTP/1.1" 200 753
172.225.69.72 - - [10/Mar/2025:03:24:55 +0100] "GET /ticket2/opencms/system/modules/com.gridnine.opencms.ticketbrokerage.site/resources/pics/arrow.gif HTTP/1.1" 200 344
172.225.69.72 - - [10/Mar/2025:03:24:55 +0100] "GET /ticket2/opencms/system/modules/com.gridnine.opencms.ticketbrokerage.site/resources/pics/form_marker.gif HTTP/1.1" 200 43
172.225.69.72 - - [10/Mar/2025:03:24:55 +0100] "GET /ticket2/opencms/system/modules/com.gridnine.opencms.ticketbrokerage.site/resources/pics/button1_left.gif HTTP/1.1" 200 232
172.225.69.72 - - [10/Mar/2025:03:24:55 +0100] "GET /ticket2/opencms/img/icons/pl.png HTTP/1.1" 200 1578
172.225.69.72 - - [10/Mar/2025:03:24:55 +0100] "GET /ticket2/opencms/img/icons/it.png HTTP/1.1" 200 2040
172.225.69.72 - - [10/Mar/2025:03:24:55 +0100] "GET /ticket2/opencms/system/modules/com.gridnine.opencms.ticketbrokerage.site/resources/pics/button1_center.gif HTTP/1.1" 200 66
172.225.69.72 - - [10/Mar/2025:03:24:55 +0100] "GET /ticket2/opencms/system/modules/com.gridnine.opencms.ticketbrokerage.site/resources/pics/button1_right.gif HTTP/1.1" 200 232
172.225.69.72 - - [10/Mar/2025:03:24:55 +0100] "GET /ticket2/opencms/img/icons/sq.png HTTP/1.1" 200 1619
172.225.69.72 - - [10/Mar/2025:03:24:55 +0100] "GET /ticket2/opencms/img/icons/az.png HTTP/1.1" 200 1445
172.225.69.72 - - [10/Mar/2025:03:24:55 +0100] "GET /ticket2/opencms/img/icons/be.png HTTP/1.1" 200 1663
172.225.69.72 - - [10/Mar/2025:03:24:55 +0100] "GET /ticket2/opencms/img/icons/bs.png HTTP/1.1" 200 1014
172.225.69.72 - - [10/Mar/2025:03:24:55 +0100] "GET /ticket2/opencms/img/icons/bg.png HTTP/1.1" 200 788
172.225.69.72 - - [10/Mar/2025:03:24:55 +0100] "GET /ticket2/opencms/img/icons/hr.png HTTP/1.1" 200 2024
172.225.69.72 - - [10/Mar/2025:03:24:55 +0100] "GET /ticket2/opencms/img/icons/cs.png HTTP/1.1" 200 1883
172.225.69.72 - - [10/Mar/2025:03:24:55 +0100] "GET /ticket2/opencms/img/icons/et.png HTTP/1.1" 200 754
172.225.69.72 - - [10/Mar/2025:03:24:55 +0100] "GET /ticket2/opencms/img/icons/el.png HTTP/1.1" 200 1637
172.225.69.72 - - [10/Mar/2025:03:24:56 +0100] "GET /ticket2/opencms/img/icons/ka.png HTTP/1.1" 200 860
172.225.69.72 - - [10/Mar/2025:03:24:56 +0100] "GET /ticket2/opencms/img/icons/hu.png HTTP/1.1" 200 733
172.225.69.72 - - [10/Mar/2025:03:24:56 +0100] "GET /ticket2/opencms/img/icons/is.png HTTP/1.1" 200 1884
172.225.69.72 - - [10/Mar/2025:03:24:56 +0100] "GET /ticket2/opencms/img/icons/ga.png HTTP/1.1" 200 1759
172.225.69.72 - - [10/Mar/2025:03:24:56 +0100] "GET /ticket2/opencms/img/icons/lv.png HTTP/1.1" 200 716
172.225.69.72 - - [10/Mar/2025:03:24:56 +0100] "GET /ticket2/opencms/img/icons/lt.png HTTP/1.1" 200 733
172.225.69.72 - - [10/Mar/2025:03:24:56 +0100] "GET /ticket2/opencms/img/icons/mt.png HTTP/1.1" 200 920
172.225.69.72 - - [10/Mar/2025:03:24:56 +0100] "GET /ticket2/opencms/img/icons/ro.png HTTP/1.1" 200 1393
172.225.69.72 - - [10/Mar/2025:03:24:56 +0100] "GET /ticket2/opencms/img/icons/tr.png HTTP/1.1" 200 1636
172.225.69.72 - - [10/Mar/2025:03:24:56 +0100] "GET /ticket2/opencms/img/arrow-down.png HTTP/1.1" 200 192
172.225.69.72 - - [10/Mar/2025:03:24:56 +0100] "GET /ticket2/opencms/img/icons/mo.png HTTP/1.1" 200 1468
172.225.69.72 - - [10/Mar/2025:03:24:56 +0100] "GET /ticket2/opencms/img/icons/sr.png HTTP/1.1" 200 1602
172.225.69.72 - - [10/Mar/2025:03:24:56 +0100] "GET /ticket2/opencms/img/icons/uk.png HTTP/1.1" 200 1272
172.225.69.72 - - [10/Mar/2025:03:24:56 +0100] "GET /ticket2/opencms/img/icons/sl.png HTTP/1.1" 200 966
172.225.69.72 - - [10/Mar/2025:03:24:56 +0100] "GET /ticket2/opencms/img/icons/sk.png HTTP/1.1" 200 1283
66.249.76.2 - - [10/Mar/2025:03:24:56 +0100] "GET /ticket2/opencms/fi/urheilu/jalkapallo/ligue_1/lille/ HTTP/1.1" 404 -
172.225.69.72 - - [10/Mar/2025:03:24:56 +0100] "GET /ticket2/opencms/system/modules/com.gridnine.opencms.ticketbrokerage.site/resources/js/standard.js HTTP/1.1" 200 3983
172.225.69.72 - - [10/Mar/2025:03:24:56 +0100] "GET /ticket2/opencms/img/icons/ticket2.thumbnail.png HTTP/1.1" 200 21519
52.167.144.21 - - [10/Mar/2025:03:24:57 +0100] "GET /ticket2/opencms/be/buy/?page=1&edid=B6422CBB-7AB0-D8BA-B53B-76A5D0505907 HTTP/1.1" 200 114751
95.217.114.173 - - [10/Mar/2025:03:24:57 +0100] "GET /ticket2/opencms/no/buy/?page=1&edid=F3C59FE8-84DA-4168-9DD0-7FF9F22B1ED6&sortorder=asc&column=price HTTP/1.1" 200 111214
114.119.146.220 - - [10/Mar/2025:03:25:00 +0100] "GET /ticket2/opencms/en/buy/?page=1&edid=7011CD73-0694-9A63-C506-082352979D62 HTTP/1.1" 200 106826
157.55.39.204 - - [10/Mar/2025:03:25:00 +0100] "GET /ticket2/opencms/az/buy/?page=1&edid=A7536942-4293-E64E-8292-C391BBCDB198 HTTP/1.1" 200 112217
68.183.238.15 - - [10/Mar/2025:03:25:01 +0100] "GET /manager/html HTTP/1.1" 404 -
95.217.114.173 - - [10/Mar/2025:03:25:07 +0100] "GET /ticket2/opencms/no/buy/?page=1&edid=F3C59FE8-84DA-4168-9DD0-7FF9F22B1ED6&sortorder=asc&column=row HTTP/1.1" 200 111171
47.128.19.88 - - [10/Mar/2025:03:25:08 +0100] "GET /ticket2/opencms/is/buy?edid=06839E1C-8CA0-2766-B39C-B161E06D9E51 HTTP/1.1" 200 91528
40.77.167.7 - - [10/Mar/2025:03:25:11 +0100] "GET /ticket2/opencms/en/buy?page=10&eventid=8C46E04D-D2E4-528C-55C8-60E38B0AA3ED&venueid=3982A8DF-0386-82E3-C996-B71876E1637D HTTP/1.1" 200 92770
95.217.114.173 - - [10/Mar/2025:03:25:15 +0100] "GET /ticket2/opencms/no/buy/?page=1&edid=F3C59FE8-84DA-4168-9DD0-7FF9F22B1ED6&sortorder=asc&column=section HTTP/1.1" 200 111269
114.119.141.178 - - [10/Mar/2025:03:25:16 +0100] "GET /ticket2/opencms/uk/buy?page=1&edid=FD42DDEF-AA18-D657-26F4-4C5F506AD21E HTTP/1.1" 200 113453
66.249.76.42 - - [10/Mar/2025:03:25:21 +0100] "GET /ticket2/opencms/is/selling_tickets/ HTTP/1.1" 500 -
95.217.114.173 - - [10/Mar/2025:03:25:24 +0100] "GET /ticket2/opencms/no/buy/?page=1&edid=F3C916A5-266C-CF5A-524D-FDD95A915D8E HTTP/1.1" 200 89914
85.208.96.203 - - [10/Mar/2025:03:25:25 +0100] "GET /ticket2/opencms/sq/about/press/ HTTP/1.1" 200 89398
114.119.135.251 - - [10/Mar/2025:03:25:30 +0100] "GET /ticket2/opencms/en/sell/?edid=3B157B14-2ACC-30A7-0D5C-8313AB0A1A32 HTTP/1.1" 302 -
185.191.171.12 - - [10/Mar/2025:03:25:30 +0100] "GET /ticket2/opencms/be/sport/futbol-kvitki/serie-a/empoli HTTP/1.1" 500 -
95.217.114.173 - - [10/Mar/2025:03:25:33 +0100] "GET /ticket2/opencms/no/buy/?page=1&edid=F3EAB77E-5223-86F1-9947-9F306D6E6D43 HTTP/1.1" 200 107976
114.119.135.251 - - [10/Mar/2025:03:25:34 +0100] "GET /ticket2/opencms/en/login/?url=/en/sell/ HTTP/1.1" 200 90005
85.208.96.210 - - [10/Mar/2025:03:25:38 +0100] "GET /ticket2/opencms/bg/magazine/article?title=vpechatlyavash-mach-v-kojto-shvedut-kulusevski-produlzhava-da-se-predstavya-otlichno HTTP/1.1" 200 96768
20.171.207.145 - - [10/Mar/2025:03:25:39 +0100] "GET /ticket2/opencms/sr/sport/fudbalske-karte/fa-cup HTTP/1.1" 404 -
173.252.69.113 - - [10/Mar/2025:03:25:39 +0100] "GET /ticket2/opencms/sv/buy?page=1&edid=FF1B1F16-B60A-CB20-3635-FAA393A69F1C HTTP/1.1" 200 108098
52.167.144.171 - - [10/Mar/2025:03:25:40 +0100] "GET /ticket2/opencms/sk/magazine/article?title=najdrahsie-prestupy-januaroveho-prestupoveho-obdobia HTTP/1.1" 200 93735
47.128.111.219 - - [10/Mar/2025:03:25:42 +0100] "GET /ticket2/opencms/hr/buy/?edid=DCF22239-47F2-2282-C13B-85FCE1D7C913 HTTP/1.1" 200 91802
40.77.167.7 - - [10/Mar/2025:03:25:42 +0100] "GET /ticket2/opencms/tr/magazine???%20Error%20reading%20resource%20from%20path HTTP/1.1" 200 154254
66.249.76.167 - - [10/Mar/2025:03:25:42 +0100] "GET /ticket2/opencms/lt/buy/?page=1&edid=288914E4-86BD-75A7-267C-2B1CEC86C7B4 HTTP/1.1" 200 108772
95.217.114.173 - - [10/Mar/2025:03:25:43 +0100] "GET /ticket2/opencms/no/buy/?page=1&edid=F4167223-BE9D-8076-FAEB-44CE8CD5CEB9 HTTP/1.1" 200 111171
66.249.73.12 - - [10/Mar/2025:03:25:48 +0100] "GET /ticket2/opencms/it/buy/?page=1&edid=46F37BE7-B2F6-BEA5-12C9-E1FFD36B0DD0 HTTP/1.1" 200 117530
40.77.167.41 - - [10/Mar/2025:03:25:49 +0100] "GET /ticket2/opencms/en/buy/?page=1&edid=F73B99E5-B80D-7F20-3343-FD9C622F3B77 HTTP/1.1" 200 106778
40.77.167.11 - - [10/Mar/2025:03:25:50 +0100] "GET /ticket2/opencms/en/buy/?page=1&edid=22197FAA-D7C6-8F99-4EF8-595770C5EC77 HTTP/1.1" 200 110228
95.217.114.173 - - [10/Mar/2025:03:25:53 +0100] "GET /ticket2/opencms/no/buy/?page=1&edid=F463DFC6-FD0F-0F40-EE84-5419260C1C59 HTTP/1.1" 200 111668
207.46.13.7 - - [10/Mar/2025:03:25:53 +0100] "GET /ticket2/opencms/nl/buy?page=1&edid=B762BDA4-1E96-1980-2A63-9064BB71B032 HTTP/1.1" 200 109468
114.119.151.93 - - [10/Mar/2025:03:25:56 +0100] "GET /ticket2/opencms/uk/buy?page=1&edid=EB16CA43-9613-F03C-652F-C6E29207D6EB HTTP/1.1" 200 114416
154.54.249.216 - - [10/Mar/2025:03:26:00 +0100] "GET /ticket2/opencms/no/buy/?page=1&edid=4D046EC3-3569-AF35-BEE2-37E289C85DAB HTTP/1.1" 200 110344
185.191.171.13 - - [10/Mar/2025:03:26:01 +0100] "GET /ticket2/opencms/sv/sport/fotbollsbiljetter/serie_a/hellas_verona/ HTTP/1.1" 500 -
95.217.114.173 - - [10/Mar/2025:03:26:02 +0100] "GET /ticket2/opencms/no/buy/?page=1&edid=F463DFC6-FD0F-0F40-EE84-5419260C1C59&sortorder=asc&column=price HTTP/1.1" 200 112595
40.77.167.48 - - [10/Mar/2025:03:26:05 +0100] "GET /ticket2/opencms/ro/magazine/article?title=graham-potter-din-suedia-in-premier-league HTTP/1.1" 200 97623
85.208.96.202 - - [10/Mar/2025:03:26:06 +0100] "GET /ticket2/opencms/uk/magazine/article?title=swedish-talent-lucas-bergvall-signs-for-tottenham-hotspur HTTP/1.1" 200 96361
66.249.65.197 - - [10/Mar/2025:03:26:09 +0100] "GET /ticket2/opencms/de/buy?page=1&edid=89AC8C22-922C-5C69-19DD-247D667ABB39&hlv=666d6e82-f6bc-4aae-a82d-0c140a01000f HTTP/1.1" 200 112938
157.55.39.204 - - [10/Mar/2025:03:26:12 +0100] "GET /ticket2/opencms/dk/sell/?edid=3EE4A476-CEF9-2137-D771-AEC1A5257F62 HTTP/1.1" 302 -
95.217.114.173 - - [10/Mar/2025:03:26:12 +0100] "GET /ticket2/opencms/no/buy/?page=1&edid=F463DFC6-FD0F-0F40-EE84-5419260C1C59&sortorder=asc&column=row HTTP/1.1" 200 112574
95.217.114.173 - - [10/Mar/2025:03:26:21 +0100] "GET /ticket2/opencms/no/buy/?page=1&edid=F463DFC6-FD0F-0F40-EE84-5419260C1C59&sortorder=asc&column=section HTTP/1.1" 200 112647
114.119.159.237 - - [10/Mar/2025:03:26:22 +0100] "GET /ticket2/opencms/en/buy/?page=1&edid=C6C9594C-9BB3-CBAF-59E6-7777A29B6375 HTTP/1.1" 200 108868
114.119.143.233 - - [10/Mar/2025:03:26:25 +0100] "GET /ticket2/opencms/uk/buy?page=1&edid=C3C3C4B4-8DE9-0BBD-5349-6EF9935BCF15 HTTP/1.1" 200 113226
95.217.114.173 - - [10/Mar/2025:03:26:30 +0100] "GET /ticket2/opencms/no/buy/?page=1&edid=F463DFC6-FD0F-0F40-EE84-5419260C1C59&sortorder=desc&column=price HTTP/1.1" 200 112670
185.191.171.15 - - [10/Mar/2025:03:26:30 +0100] "GET /ticket2/opencms/mt/magazine/article?title=manchester-city-ampjins-gar-raba-sena-konsekuttiva HTTP/1.1" 200 94363
154.54.249.216 - - [10/Mar/2025:03:26:31 +0100] "GET /ticket2/opencms/no/buy/?page=1&edid=2E3A9666-3510-0E81-4BD6-E0C24467BF7D HTTP/1.1" 200 107997
85.208.96.200 - - [10/Mar/2025:03:26:31 +0100] "GET /ticket2/opencms/is/magazine/article?title=crystal-palace-premier-league-bestu-addaendur HTTP/1.1" 200 95095
114.119.148.14 - - [10/Mar/2025:03:26:34 +0100] "GET /ticket2/opencms/en/buy/?page=1&edid=700C6A66-9C47-818C-453E-16ACCDD28C59 HTTP/1.1" 200 110080
85.208.96.200 - - [10/Mar/2025:03:26:38 +0100] "GET /ticket2/opencms/hu/sport/focijegyek/la-liga/espanyol/ HTTP/1.1" 200 102072
95.217.114.173 - - [10/Mar/2025:03:26:38 +0100] "GET /ticket2/opencms/no/buy/?page=1&edid=F463DFC6-FD0F-0F40-EE84-5419260C1C59&sortorder=desc&column=row HTTP/1.1" 200 112535
66.249.74.77 - - [10/Mar/2025:03:26:40 +0100] "GET /ticket2/opencms/sv/sport/fotbollsbiljetter/serie_a/roma/ HTTP/1.1" 200 98589
173.252.107.1 - - [10/Mar/2025:03:26:41 +0100] "GET /ticket2/opencms/bs/sport/fudbalske-karte/bundesliga/koln HTTP/1.1" 500 -
66.249.74.76 - - [10/Mar/2025:03:26:42 +0100] "GET /ticket2/opencms/system/modules/com.gridnine.opencms.ticketbrokerage.site/resources/js/calendar-en.js HTTP/1.1" 200 3338
207.46.13.7 - - [10/Mar/2025:03:26:43 +0100] "GET /ticket2/opencms/et/buy?page=1&edid=3F92C366-26BE-34B1-8D65-7D6625174EB7 HTTP/1.1" 200 108332
66.249.74.77 - - [10/Mar/2025:03:26:43 +0100] "GET /ticket2/opencms/system/modules/com.gridnine.opencms.ticketbrokerage.site/resources/js/jquery/jquery-ui.js HTTP/1.1" 200 228088
20.171.207.145 - - [10/Mar/2025:03:26:44 +0100] "GET /ticket2/opencms/sr/sport/fudbalske-karte/eredivisie HTTP/1.1" 500 -
4.227.36.107 - - [10/Mar/2025:03:26:45 +0100] "GET /ticket2/opencms/robots.txt HTTP/1.1" 200 773
114.119.154.207 - - [10/Mar/2025:03:26:45 +0100] "GET /ticket2/opencms/en/sell/?edid=39E08466-3157-8796-4667-43E78BDCCF55 HTTP/1.1" 302 -
66.249.65.195 - - [10/Mar/2025:03:26:47 +0100] "GET /ticket2/opencms/et/buy/?page=1&edid=1E50CCA2-3762-A1F2-CC92-2F956F5B1117 HTTP/1.1" 200 108415
154.54.249.216 - - [10/Mar/2025:03:26:47 +0100] "GET /ticket2/opencms/no/buy/?page=1&edid=86917495-454F-F8D8-29B1-D5B1E65C7C19 HTTP/1.1" 200 110913
95.217.114.173 - - [10/Mar/2025:03:26:47 +0100] "GET /ticket2/opencms/no/buy/?page=1&edid=F463DFC6-FD0F-0F40-EE84-5419260C1C59&sortorder=desc&column=section HTTP/1.1" 200 112688
114.119.154.207 - - [10/Mar/2025:03:26:49 +0100] "GET /ticket2/opencms/en/login/?url=/en/sell/ HTTP/1.1" 200 90120
157.55.39.204 - - [10/Mar/2025:03:26:51 +0100] "GET /ticket2/opencms/en/sell/?edid=B64E0F34-8F38-7972-6429-A3CAB0BC032F HTTP/1.1" 302 -
157.55.39.204 - - [10/Mar/2025:03:26:52 +0100] "GET /ticket2/opencms/no/sport/fotballsbilletter/serie_a/ HTTP/1.1" 200 96001
95.217.114.173 - - [10/Mar/2025:03:26:56 +0100] "GET /ticket2/opencms/no/buy/?page=1&edid=F4650DC0-6EBD-FA5E-9CD8-E57151FB8E8E HTTP/1.1" 200 111137
185.191.171.9 - - [10/Mar/2025:03:26:59 +0100] "GET /ticket2/opencms/cs/magazine/article?title=chelsea-vs-tottenham-2-0 HTTP/1.1" 200 94330
157.55.39.204 - - [10/Mar/2025:03:27:00 +0100] "GET /ticket2/opencms/hr/buy/?page=1&edid=A3EE66CB-E39D-A722-D02A-1C11DB7EB508&sortorder=asc&column=price HTTP/1.1" 200 112484
47.128.114.105 - - [10/Mar/2025:03:27:03 +0100] "GET /ticket2/opencms/hu/buy/?edid=60F178DE-34D0-F541-48CD-E75B1D1E51B1 HTTP/1.1" 200 91752
185.191.171.9 - - [10/Mar/2025:03:27:03 +0100] "GET /ticket2/opencms/sv/magazine/article?title=vinicius-jr-utsatt-for-rasism-under-cupmotet HTTP/1.1" 200 91945
95.217.114.173 - - [10/Mar/2025:03:27:05 +0100] "GET /ticket2/opencms/no/buy/?page=1&edid=F47DF802-2646-14FD-FC5A-796CF117DF06 HTTP/1.1" 200 110088
85.208.96.206 - - [10/Mar/2025:03:27:06 +0100] "GET /ticket2/opencms/sv/magazine/article?title=neymar-en-av-varldens-dyraste-varvningar HTTP/1.1" 200 91201
47.128.33.96 - - [10/Mar/2025:03:27:10 +0100] "GET /ticket2/opencms/fr/magazine/article?title=cole-palmer-decide-du-match-et-alexander-isak-est-de-retour HTTP/1.1" 200 93762
207.46.13.54 - - [10/Mar/2025:03:27:13 +0100] "GET /ticket2/opencms/sv/magazine/article?title=la-liga-real-madrid-vunnit-flest-titlar HTTP/1.1" 200 94923
95.217.114.173 - - [10/Mar/2025:03:27:14 +0100] "GET /ticket2/opencms/no/buy/?page=1&edid=F485EB7B-C630-E8AD-EB3A-E6E869188296 HTTP/1.1" 200 111306
85.208.96.201 - - [10/Mar/2025:03:27:19 +0100] "GET /ticket2/opencms/en/magazine/article?title=lionel-messis-last-season HTTP/1.1" 200 92251
95.217.114.173 - - [10/Mar/2025:03:27:22 +0100] "GET /ticket2/opencms/no/buy/?page=1&edid=F488B6B7-F65E-2A9C-F46B-E6910C7895D3 HTTP/1.1" 200 110075
157.55.39.204 - - [10/Mar/2025:03:27:25 +0100] "GET /ticket2/opencms/no/venue/?venueid=D4F19FB0-0B28-632C-9086-124F525CC6BE HTTP/1.1" 200 86617
47.128.122.21 - - [10/Mar/2025:03:27:26 +0100] "GET /ticket2/opencms/el/buy/?edid=F4C7EFF8-C5DC-C540-AEBA-14F365BADAA9 HTTP/1.1" 200 93281
207.46.13.7 - - [10/Mar/2025:03:27:27 +0100] "GET /ticket2/opencms/et/buy?page=1&edid=E6A0D150-7FB8-206E-FF7A-726E9CDFB1A5 HTTP/1.1" 200 111706
95.217.114.173 - - [10/Mar/2025:03:27:32 +0100] "GET /ticket2/opencms/no/buy/?page=1&edid=F4A838CD-C7EB-CDA8-6118-FDD4414B7F98 HTTP/1.1" 200 111218
85.208.96.204 - - [10/Mar/2025:03:27:32 +0100] "GET /ticket2/opencms/es/magazine/article?title=arsenal-se-acerca-a-liverpool HTTP/1.1" 200 93161
114.119.159.237 - - [10/Mar/2025:03:27:36 +0100] "GET /ticket2/opencms/en/buy/?page=1&edid=C6BE7894-2422-F1C6-EB1C-C7207DCB4549 HTTP/1.1" 200 110088
114.119.141.178 - - [10/Mar/2025:03:27:37 +0100] "GET /ticket2/opencms/uk/buy?page=1&edid=BBC9E6CA-B1D9-1FBB-70CA-BD39F7126BAB HTTP/1.1" 200 114926
114.119.139.202 - - [10/Mar/2025:03:27:38 +0100] "GET /ticket2/opencms/en/sell/?edid=3738A0D3-C079-14B1-4C9B-A3A8C17E2833 HTTP/1.1" 302 -
101.44.71.7 - - [10/Mar/2025:03:27:39 +0100] "GET /ticket2/opencms/uk/sell/?edid=2B44308E-1778-CFAE-7385-18758823F6EB HTTP/1.1" 302 -
66.249.65.237 - - [10/Mar/2025:03:27:41 +0100] "GET /ticket2/opencms/en/buy/?page=1&edid=1B6F6A2B-A0DA-FF91-EC4E-3DCAA442C25B HTTP/1.1" 200 134479
37.57.218.243 - - [10/Mar/2025:03:27:41 +0100] "GET /ticket2/opencms/se/robots.txt HTTP/1.1" 404 -
95.217.114.173 - - [10/Mar/2025:03:27:42 +0100] "GET /ticket2/opencms/no/buy/?page=1&edid=F4C61204-D1C7-427C-4F65-1F077CA01CD3 HTTP/1.1" 200 111858
114.119.139.202 - - [10/Mar/2025:03:27:42 +0100] "GET /ticket2/opencms/en/login/?url=/en/sell/ HTTP/1.1" 200 90107
101.44.71.7 - - [10/Mar/2025:03:27:43 +0100] "GET /ticket2/opencms/uk/login/?url=/uk/sell/ HTTP/1.1" 200 92373
173.252.87.10 - - [10/Mar/2025:03:27:43 +0100] "GET /ticket2/opencms/it/magazine/article?title=sul-tottenham-hotspur-stadium HTTP/1.1" 200 98715
114.119.140.85 - - [10/Mar/2025:03:27:45 +0100] "GET /ticket2/opencms/en/buy/?page=1&edid=6FC750EC-74FC-8FD0-F9AA-382A290160FE HTTP/1.1" 200 109532
37.57.218.243 - - [10/Mar/2025:03:27:46 +0100] "GET /ticket2/opencms/se/no/buy/?page=1&edid=412FDB60-9870-0CA3-D6DE-428EE343A262 HTTP/1.1" 404 -
66.249.76.168 - - [10/Mar/2025:03:27:48 +0100] "GET /ticket2/opencms/lv/magazine/article?title=atklaj-la-liga-tiesraide-iegadajies-biletes-vietne-ticket2 HTTP/1.1" 200 94189
173.252.87.112 - - [10/Mar/2025:03:27:48 +0100] "GET /ticket2/opencms/mt/buy/?page=1&edid=B971CA22-B907-9DDA-615B-B7F75124D039 HTTP/1.1" 200 108884
20.171.207.145 - - [10/Mar/2025:03:27:49 +0100] "GET /ticket2/opencms/lt/sport/futbolo-bilietai/fa-cup HTTP/1.1" 404 -
37.57.218.243 - - [10/Mar/2025:03:27:51 +0100] "GET /ticket2/opencms/se/no/buy/?page=1&edid=413316C1-341C-FAC4-7C06-164A881E9743&sortorder=desc&column=price HTTP/1.1" 404 -
95.217.114.173 - - [10/Mar/2025:03:27:51 +0100] "GET /ticket2/opencms/no/buy/?page=1&edid=F4C706FF-B771-A36A-06BB-0F38191F7D62 HTTP/1.1" 200 111374
157.55.39.204 - - [10/Mar/2025:03:27:52 +0100] "GET /ticket2/opencms/mo/buy?page=1&edid=F7660972-1F1F-59FF-1410-FAEC9F9D74B8 HTTP/1.1" 200 130113
37.57.218.243 - - [10/Mar/2025:03:27:55 +0100] "GET /ticket2/opencms/se/no/buy/?page=1&edid=413316C1-341C-FAC4-7C06-164A881E9743&sortorder=desc&column=section HTTP/1.1" 404 -
40.77.167.7 - - [10/Mar/2025:03:27:56 +0100] "GET /ticket2/opencms/ro/buy?page=1&edid=FA7BEBD1-40FA-A67F-C01F-8C5B55A43C92 HTTP/1.1" 200 112019
95.217.114.173 - - [10/Mar/2025:03:27:59 +0100] "GET /ticket2/opencms/no/buy/?page=1&edid=F4D78D53-5514-188C-B61F-73CDE03BF980 HTTP/1.1" 200 111644
37.57.218.243 - - [10/Mar/2025:03:28:02 +0100] "GET /ticket2/opencms/se/no/buy/?page=1&edid=417ADFEF-F739-B537-3809-889A2832A17A&sortorder=desc&column=price HTTP/1.1" 404 -
207.46.13.7 - - [10/Mar/2025:03:28:06 +0100] "GET /ticket2/opencms/el/buy/?page=1&edid=D06F539B-6C6E-B2BD-7ADD-88707F5FFDEE HTTP/1.1" 200 116252
216.244.66.238 - - [10/Mar/2025:03:28:06 +0100] "GET /ticket2/opencms/robots.txt HTTP/1.1" 200 773
216.244.66.238 - - [10/Mar/2025:03:28:06 +0100] "GET /ticket2/opencms/robots.txt HTTP/1.1" 200 773
95.217.114.173 - - [10/Mar/2025:03:28:07 +0100] "GET /ticket2/opencms/no/buy/?page=1&edid=F4EDA942-5BFA-5F02-510A-C207D637F017 HTTP/1.1" 200 111181
37.57.218.243 - - [10/Mar/2025:03:28:09 +0100] "GET /ticket2/opencms/se/no/buy/?page=1&edid=417ADFEF-F739-B537-3809-889A2832A17A&sortorder=desc&column=section HTTP/1.1" 404 -
66.249.65.234 - - [10/Mar/2025:03:28:11 +0100] "GET /ticket2/opencms/sk/magazine/article?title=kylian-mbappe-ohromuje HTTP/1.1" 200 93234
37.57.218.243 - - [10/Mar/2025:03:28:13 +0100] "GET /ticket2/opencms/se/no/buy/?page=1&edid=418F640D-FED9-8D6C-3AD1-01149267CC74 HTTP/1.1" 404 -
95.217.114.173 - - [10/Mar/2025:03:28:16 +0100] "GET /ticket2/opencms/no/buy/?page=1&edid=F4EDA942-5BFA-5F02-510A-C207D637F017&sortorder=asc&column=price HTTP/1.1" 200 112084
37.57.218.243 - - [10/Mar/2025:03:28:18 +0100] "GET /ticket2/opencms/se/no/buy/?page=1&edid=41BEA64D-1BA5-5F3A-682B-157416A5458B&sortorder=asc&column=section HTTP/1.1" 404 -
37.57.218.243 - - [10/Mar/2025:03:28:23 +0100] "GET /ticket2/opencms/se/no/buy/?page=1&edid=41BEA64D-1BA5-5F3A-682B-157416A5458B&sortorder=desc&column=price HTTP/1.1" 404 -
95.217.114.173 - - [10/Mar/2025:03:28:25 +0100] "GET /ticket2/opencms/no/buy/?page=1&edid=F4EDA942-5BFA-5F02-510A-C207D637F017&sortorder=asc&column=row HTTP/1.1" 200 111919
47.128.29.106 - - [10/Mar/2025:03:28:25 +0100] "GET /ticket2/opencms/hr/buy/?catid=36DC4BE2-91A2-6146-2BE9-47B6F3C44EDB&comcatid=B41CCF2B-5558-7AEE-3602-09BBDE417D65 HTTP/1.1" 200 95472
37.57.218.243 - - [10/Mar/2025:03:28:28 +0100] "GET /ticket2/opencms/se/no/buy/?page=1&edid=41BEA64D-1BA5-5F3A-682B-157416A5458B&sortorder=desc&column=section HTTP/1.1" 404 -
85.208.96.195 - - [10/Mar/2025:03:28:29 +0100] "GET /ticket2/opencms/fi/urheilu/jalkapallo/la-liga/celta_vigo/ HTTP/1.1" 200 93421
68.183.238.15 - - [10/Mar/2025:03:28:31 +0100] "GET /manager/html HTTP/1.1" 404 -
40.77.167.42 - - [10/Mar/2025:03:28:31 +0100] "GET /ticket2/opencms/mo/buy?page=1&edid=160DAC9A-2A77-6FDC-52B8-296352B1ABF1 HTTP/1.1" 200 137317
95.217.114.173 - - [10/Mar/2025:03:28:33 +0100] "GET /ticket2/opencms/no/buy/?page=1&edid=F4EDA942-5BFA-5F02-510A-C207D637F017&sortorder=asc&column=section HTTP/1.1" 200 112144
37.57.218.243 - - [10/Mar/2025:03:28:35 +0100] "GET /ticket2/opencms/se/no/buy/?page=1&edid=422EB97D-0E0E-B647-A5B3-675991D54797&sortorder=desc&column=row HTTP/1.1" 404 -
102.129.130.210 - - [10/Mar/2025:03:28:37 +0100] "GET /ticket2/opencms/sl/sport/nogometne-vstopnice/serie-a/ HTTP/1.1" 200 103810
185.191.171.12 - - [10/Mar/2025:03:28:39 +0100] "GET /ticket2/opencms/ga/sport/ticeid-peile/premier-league/leicester/ HTTP/1.1" 200 102498
37.57.218.243 - - [10/Mar/2025:03:28:39 +0100] "GET /ticket2/opencms/se/no/buy/?page=1&edid=4287F78B-9CDD-D450-2BF0-AB9A6FD9A9EB&sortorder=desc&column=row HTTP/1.1" 404 -
95.217.114.173 - - [10/Mar/2025:03:28:41 +0100] "GET /ticket2/opencms/no/buy/?page=1&edid=F4EDB98E-9E72-043F-CB5E-1E26BE7F1504 HTTP/1.1" 200 111372
47.128.17.9 - - [10/Mar/2025:03:28:41 +0100] "GET /ticket2/opencms/fi/venue/?venueid=498C90F3-607E-EF53-F9E3-58E2CED85E08 HTTP/1.1" 200 86891
37.57.218.243 - - [10/Mar/2025:03:28:44 +0100] "GET /ticket2/opencms/se/no/buy/?page=1&edid=4287F78B-9CDD-D450-2BF0-AB9A6FD9A9EB&sortorder=desc&column=section HTTP/1.1" 404 -
114.119.136.30 - - [10/Mar/2025:03:28:46 +0100] "GET /ticket2/opencms/uk/buy?page=1&edid=ACE0111C-6B99-CC8A-A851-A31348B3D091 HTTP/1.1" 200 114723
20.171.207.145 - - [10/Mar/2025:03:28:50 +0100] "GET /ticket2/opencms/ro/sport/bilete-fotbal/eredivisie HTTP/1.1" 500 -
95.217.114.173 - - [10/Mar/2025:03:28:50 +0100] "GET /ticket2/opencms/no/buy/?page=1&edid=F4F81297-94B2-0428-F74B-F60B2283F029 HTTP/1.1" 200 111558
66.249.65.233 - - [10/Mar/2025:03:28:50 +0100] "GET /ticket2/opencms/sk/magazine/article?title=najdrahsie-prestupy-januaroveho-prestupoveho-obdobia HTTP/1.1" 200 93900
173.252.69.115 - - [10/Mar/2025:03:28:52 +0100] "GET /ticket2/opencms/sr/buy/?page=1&edid=00111C9B-5E02-77E7-9B39-8EFC1235AF29 HTTP/1.1" 200 112663
185.191.171.11 - - [10/Mar/2025:03:28:58 +0100] "GET /ticket2/opencms/lt/magazine/article?title=michail-antonio-suzeistas-po-automobilio-avarijos HTTP/1.1" 200 93577
95.217.114.173 - - [10/Mar/2025:03:28:59 +0100] "GET /ticket2/opencms/no/buy/?page=1&edid=F4F81297-94B2-0428-F74B-F60B2283F029&sortorder=asc&column=price HTTP/1.1" 200 112518
114.119.150.86 - - [10/Mar/2025:03:28:59 +0100] "GET /ticket2/opencms/uk/buy?page=1&edid=7C7A5965-095C-D792-742A-EFFAFE2AB0A4 HTTP/1.1" 200 113593
114.119.150.49 - - [10/Mar/2025:03:29:02 +0100] "GET /ticket2/opencms/en/buy/?page=1&edid=C6AA63EA-6C0C-A332-FED8-612DDCEED030 HTTP/1.1" 200 106806
190.161.88.25 - - [10/Mar/2025:03:29:02 +0100] "GET /ticket2/opencms/img/shutterstock_1559114345.jpg HTTP/1.1" 200 1583836
85.208.96.203 - - [10/Mar/2025:03:29:08 +0100] "GET /ticket2/opencms/bs/magazine/article?title=arsenal-se-priblizava-liverpoolu HTTP/1.1" 200 92590
66.249.65.196 - - [10/Mar/2025:03:29:09 +0100] "GET /ticket2/opencms/sq/magazine/article?title=manchester-city-kunder-queens-park-rangers HTTP/1.1" 200 96176
166.108.199.19 - - [10/Mar/2025:03:29:10 +0100] "GET /ticket2/opencms/el/buy/?page=1&edid=17260F4F-A849-5FCD-F08C-3E4A05EF4080 HTTP/1.1" 200 112299
95.217.114.173 - - [10/Mar/2025:03:29:10 +0100] "GET /ticket2/opencms/no/buy/?page=1&edid=F4F81297-94B2-0428-F74B-F60B2283F029&sortorder=asc&column=row HTTP/1.1" 200 112489
114.119.150.22 - - [10/Mar/2025:03:29:10 +0100] "GET /ticket2/opencms/en/buy/?page=1&edid=6F5A0565-5903-ED8B-7963-7CB17B063602 HTTP/1.1" 200 106765
52.167.144.21 - - [10/Mar/2025:03:29:15 +0100] "GET /ticket2/opencms/lv/magazine/article?title=arsenal-tuvojas-liverpulam HTTP/1.1" 200 92845
114.119.135.251 - - [10/Mar/2025:03:29:15 +0100] "GET /ticket2/opencms/en/sell/?edid=34F904B8-2B59-C62A-2ACD-4B7E2D0201AE HTTP/1.1" 302 -
66.249.76.167 - - [10/Mar/2025:03:29:19 +0100] "GET /ticket2/opencms/az/sell/?edid=BD719054-11F0-C21F-E1D7-4BD8F12BE51A HTTP/1.1" 302 -
95.217.114.173 - - [10/Mar/2025:03:29:19 +0100] "GET /ticket2/opencms/no/buy/?page=1&edid=F4F81297-94B2-0428-F74B-F60B2283F029&sortorder=asc&column=section HTTP/1.1" 200 112618
114.119.135.251 - - [10/Mar/2025:03:29:20 +0100] "GET /ticket2/opencms/en/login/?url=/en/sell/ HTTP/1.1" 200 90203
85.208.96.204 - - [10/Mar/2025:03:29:25 +0100] "GET /ticket2/opencms/sq/selling_tickets/ HTTP/1.1" 500 -
185.191.171.10 - - [10/Mar/2025:03:29:26 +0100] "GET /ticket2/opencms/bs/magazine/article?title=vinicius-jr HTTP/1.1" 200 92011
37.57.218.243 - - [10/Mar/2025:03:29:27 +0100] "GET /ticket2/opencms/se/no/buy/?page=1&edid=42D53B45-7F4F-2704-4721-7FDBFDD48C06&sortorder=desc&column=price HTTP/1.1" 404 -
95.217.114.173 - - [10/Mar/2025:03:29:29 +0100] "GET /ticket2/opencms/no/buy/?page=1&edid=F4F81297-94B2-0428-F74B-F60B2283F029&sortorder=desc&column=price HTTP/1.1" 200 112547
37.57.218.243 - - [10/Mar/2025:03:29:33 +0100] "GET /ticket2/opencms/se/no/buy/?page=1&edid=42D53B45-7F4F-2704-4721-7FDBFDD48C06&sortorder=desc&column=row HTTP/1.1" 404 -
66.249.65.195 - - [10/Mar/2025:03:29:34 +0100] "GET /ticket2/opencms/az/login/?url=/az/sell/ HTTP/1.1" 200 91913
66.249.65.234 - - [10/Mar/2025:03:29:36 +0100] "GET /ticket2/opencms/mo/magazine/article?title=neymar HTTP/1.1" 200 93036
95.217.114.173 - - [10/Mar/2025:03:29:37 +0100] "GET /ticket2/opencms/no/buy/?page=1&edid=F4F81297-94B2-0428-F74B-F60B2283F029&sortorder=desc&column=row HTTP/1.1" 200 112479
207.46.13.51 - - [10/Mar/2025:03:29:37 +0100] "GET /ticket2/opencms/pl/buy?page=1&edid=C09170B2-039D-79C4-A33F-9C0DE73981AE HTTP/1.1" 200 111763
37.57.218.243 - - [10/Mar/2025:03:29:39 +0100] "GET /ticket2/opencms/se/no/buy/?page=1&edid=42D53B45-7F4F-2704-4721-7FDBFDD48C06&sortorder=desc&column=section HTTP/1.1" 404 -
47.128.46.229 - - [10/Mar/2025:03:29:43 +0100] "GET /ticket2/opencms/ka/buy/?edid=D8011C50-93A6-4225-F35F-417FEFE3121C HTTP/1.1" 200 94133
37.57.218.243 - - [10/Mar/2025:03:29:44 +0100] "GET /ticket2/opencms/se/no/buy/?page=1&edid=42D97426-3920-B9DC-22B4-7C28830E70FE&sortorder=desc&column=row HTTP/1.1" 404 -
47.128.58.143 - - [10/Mar/2025:03:29:46 +0100] "GET /ticket2/opencms/hu/buy/?edid=6C1ED87B-DDA5-3BB2-3EDA-87860E37D5E0 HTTP/1.1" 200 91685
95.217.114.173 - - [10/Mar/2025:03:29:46 +0100] "GET /ticket2/opencms/no/buy/?page=1&edid=F4F81297-94B2-0428-F74B-F60B2283F029&sortorder=desc&column=section HTTP/1.1" 200 112614
37.57.218.243 - - [10/Mar/2025:03:29:49 +0100] "GET /ticket2/opencms/se/no/buy/?page=1&edid=42D97426-3920-B9DC-22B4-7C28830E70FE&sortorder=desc&column=section HTTP/1.1" 404 -
69.171.230.114 - - [10/Mar/2025:03:29:53 +0100] "GET /ticket2/opencms/de/sport/fussball-tickets/serie_a/torino/ HTTP/1.1" 500 -
37.57.218.243 - - [10/Mar/2025:03:29:54 +0100] "GET /ticket2/opencms/se/no/buy/?page=1&edid=4339DD41-EA63-9D26-7344-E8BE74B0C15A HTTP/1.1" 404 -
95.217.114.173 - - [10/Mar/2025:03:29:54 +0100] "GET /ticket2/opencms/no/buy/?page=1&edid=F4F9CF15-E46F-6692-1384-B244A9E1955F HTTP/1.1" 200 110747
20.171.207.145 - - [10/Mar/2025:03:29:55 +0100] "GET /ticket2/opencms/bg/sport/futbolni-bileti/eredivisie HTTP/1.1" 500 -
37.57.218.243 - - [10/Mar/2025:03:30:01 +0100] "GET /ticket2/opencms/se/no/buy/?page=1&edid=441A979D-F9F5-DDAF-0BAF-F3DB7A343B52&sortorder=desc&column=section HTTP/1.1" 404 -
95.217.114.173 - - [10/Mar/2025:03:30:03 +0100] "GET /ticket2/opencms/no/buy/?page=1&edid=F503AB1D-5285-4EFD-342F-0CC2D9705E49 HTTP/1.1" 200 110849
185.191.171.14 - - [10/Mar/2025:03:30:05 +0100] "GET /ticket2/opencms/et/magazine/article?title=kylian-mbappe-real-madridi-poole HTTP/1.1" 200 93293
85.208.96.208 - - [10/Mar/2025:03:30:06 +0100] "GET /ticket2/opencms/hr/magazine/article?title=kakva-je-buducnost-za-alexandra-isaka HTTP/1.1" 200 92946
37.57.218.243 - - [10/Mar/2025:03:30:08 +0100] "GET /ticket2/opencms/se/no/buy/?page=1&edid=44264AD6-AE6F-DE08-2352-8E049AC8C6F2 HTTP/1.1" 404 -
114.119.146.220 - - [10/Mar/2025:03:30:09 +0100] "GET /ticket2/opencms/en/buy/?page=1&edid=6E5B69BA-BAC6-DB5A-4781-6AB592C7D855 HTTP/1.1" 200 110262
52.167.144.171 - - [10/Mar/2025:03:30:11 +0100] "GET /ticket2/opencms/sr/buy?page=1&edid=A2A4078E-C8E8-C113-199B-69C1FEB231B0 HTTP/1.1" 200 136127
114.119.157.43 - - [10/Mar/2025:03:30:12 +0100] "GET /ticket2/opencms/uk/buy?page=1&edid=6ABC64C2-B7BD-3F6D-DD46-2C8F1F69889E HTTP/1.1" 200 110886
95.217.114.173 - - [10/Mar/2025:03:30:13 +0100] "GET /ticket2/opencms/no/buy/?page=1&edid=F50E99A8-AE8A-A436-09D8-96A1685B0F24 HTTP/1.1" 200 108072
37.57.218.243 - - [10/Mar/2025:03:30:14 +0100] "GET /ticket2/opencms/se/no/buy/?page=1&edid=44264AD6-AE6F-DE08-2352-8E049AC8C6F2&sortorder=asc&column=price HTTP/1.1" 404 -
66.249.65.237 - - [10/Mar/2025:03:30:15 +0100] "GET /ticket2/opencms/is/buy/?page=1&edid=5ED2EB91-C7BF-DB4E-E8CC-C708B8706497 HTTP/1.1" 200 108500
66.249.65.196 - - [10/Mar/2025:03:30:17 +0100] "GET /ticket2/opencms/de/buy/?page=1&edid=6F379414-70C4-400F-51D2-AFD37C8F2BC7&hlv=666d6ed0-bf58-4433-9325-0c140a01000f HTTP/1.1" 200 136162
154.54.249.216 - - [10/Mar/2025:03:30:21 +0100] "GET /ticket2/opencms/bs/buy?page=1&edid=9C142AB0-2A14-1DDC-4371-7642BF95E277 HTTP/1.1" 200 111548
37.57.218.243 - - [10/Mar/2025:03:30:21 +0100] "GET /ticket2/opencms/se/no/buy/?page=1&edid=44264AD6-AE6F-DE08-2352-8E049AC8C6F2&sortorder=asc&column=row HTTP/1.1" 404 -
95.217.114.173 - - [10/Mar/2025:03:30:22 +0100] "GET /ticket2/opencms/no/buy/?page=1&edid=F541B1AC-9307-5EEA-C033-D65A6B5E9F5B HTTP/1.1" 200 111207
114.119.159.237 - - [10/Mar/2025:03:30:27 +0100] "GET /ticket2/opencms/en/buy/?page=1&edid=C6A99892-7BD2-880D-4758-AF68633C2943 HTTP/1.1" 200 108982
185.191.171.2 - - [10/Mar/2025:03:30:29 +0100] "GET /ticket2/opencms/es/magazine/article?title=newcastle HTTP/1.1" 200 90977
40.77.167.7 - - [10/Mar/2025:03:30:30 +0100] "GET /ticket2/opencms/hr/buy/?page=1&edid=7989D951-D5D2-7F28-EC94-576AD8E37318 HTTP/1.1" 200 114536
95.217.114.173 - - [10/Mar/2025:03:30:31 +0100] "GET /ticket2/opencms/no/buy/?page=1&edid=F54D8C8D-5C06-7A10-2302-6EF73D28A9FF HTTP/1.1" 200 109933
40.77.167.7 - - [10/Mar/2025:03:30:31 +0100] "GET /ticket2/opencms/ro/buy/?page=1&edid=A4A6DD92-24B6-D0CB-A381-19C9728BDAF7 HTTP/1.1" 200 112058
54.38.85.17 - - [10/Mar/2025:03:30:35 +0100] "GET /ticket2/opencms/robots.txt HTTP/1.1" 200 773
54.38.85.17 - - [10/Mar/2025:03:30:38 +0100] "GET /ticket2/opencms/dk/magazine/?%20Error%20reading%20resource%20from%20path HTTP/1.1" 200 160535
185.191.171.9 - - [10/Mar/2025:03:30:39 +0100] "GET /ticket2/opencms/az/sport/futbol-biletleri/serie-a/napoli HTTP/1.1" 200 98886
95.217.114.173 - - [10/Mar/2025:03:30:41 +0100] "GET /ticket2/opencms/no/buy/?page=1&edid=F55FD46B-77AB-3FD2-8E77-5D8B9DF55395 HTTP/1.1" 200 110920
54.38.85.17 - - [10/Mar/2025:03:30:41 +0100] "GET /ticket2/opencms/dk/magazine/article/?%20Error%20reading%20resource%20from%20path HTTP/1.1" 200 88015
54.38.85.17 - - [10/Mar/2025:03:30:43 +0100] "GET /ticket2/opencms/ga/magazine/article?%20Error%20reading%20resource%20from%20path HTTP/1.1" 200 89200
66.249.65.195 - - [10/Mar/2025:03:30:44 +0100] "GET /ticket2/opencms/ro/sell/?edid=BD719054-11F0-C21F-E1D7-4BD8F12BE51A HTTP/1.1" 302 -
85.208.96.206 - - [10/Mar/2025:03:30:45 +0100] "GET /ticket2/opencms/nl/sport/voetbal-tickets/la_liga/celta_vigo/ HTTP/1.1" 200 97406
