202.8.42.40 - - [10/Mar/2025:01:02:43 +0100] "GET /ticket2/opencms/system/modules/com.gridnine.opencms.ticketbrokerage.site/resources/css/calendar.css HTTP/1.1" 200 6871
202.8.42.40 - - [10/Mar/2025:01:02:43 +0100] "GET /ticket2/opencms/system/modules/com.gridnine.opencms.ticketbrokerage.site/resources/js/jquery/jquery.js HTTP/1.1" 200 93868
202.8.42.40 - - [10/Mar/2025:01:02:43 +0100] "GET /ticket2/opencms/system/modules/com.gridnine.opencms.ticketbrokerage.site/resources/js/functions.js HTTP/1.1" 200 1583
202.8.42.40 - - [10/Mar/2025:01:02:43 +0100] "GET /ticket2/opencms/system/modules/com.gridnine.opencms.ticketbrokerage.site/resources/js/calendar.js HTTP/1.1" 200 49229
202.8.42.40 - - [10/Mar/2025:01:02:43 +0100] "GET /ticket2/opencms/system/modules/com.gridnine.opencms.ticketbrokerage.site/resources/js/jquery/jquery-ui.js HTTP/1.1" 200 228088
202.8.42.40 - - [10/Mar/2025:01:02:43 +0100] "GET /ticket2/opencms/system/modules/com.gridnine.opencms.ticketbrokerage.site/resources/js/calendar-en.js HTTP/1.1" 200 3338
202.8.42.40 - - [10/Mar/2025:01:02:43 +0100] "GET /ticket2/opencms/system/modules/com.gridnine.opencms.ticketbrokerage.site/resources/js/calendar-setup.js HTTP/1.1" 200 4923
202.8.42.40 - - [10/Mar/2025:01:02:43 +0100] "GET /ticket2/opencms/system/modules/com.gridnine.opencms.ticketbrokerage.site/resources/js/jquery.fancybox.pack.js HTTP/1.1" 200 23187
202.8.42.40 - - [10/Mar/2025:01:02:43 +0100] "GET /ticket2/opencms/system/modules/com.gridnine.opencms.ticketbrokerage.site/resources/js/standard.js HTTP/1.1" 200 3983
157.55.39.15 - - [10/Mar/2025:01:02:43 +0100] "GET /ticket2/opencms/lt/buy/?page=6&comcatid=0A6B8208-FDA4-E929-9D72-5312FD481B76&catid=CB847559-7ECA-CC50-D7D2-064AF0C06FB1 HTTP/1.1" 200 96916
202.8.42.40 - - [10/Mar/2025:01:02:43 +0100] "GET /ticket2/opencms/system/modules/com.gridnine.opencms.ticketbrokerage.site/resources/js/jquery.placeholder.min.js HTTP/1.1" 200 1737
202.8.42.40 - - [10/Mar/2025:01:02:44 +0100] "GET /ticket2/opencms/system/modules/com.gridnine.opencms.ticketbrokerage.site/resources/js/common-ajax.js HTTP/1.1" 200 20175
47.128.44.109 - - [10/Mar/2025:01:02:44 +0100] "GET /ticket2/opencms/et/buy/?edid=D04A2A75-C354-C952-6F83-6468E82B896B HTTP/1.1" 200 91648
42.200.230.171 - - [10/Mar/2025:01:02:47 +0100] "GET /ticket2/opencms/dk/no/buy/?page=1&edid=4C02011D-24C0-2535-1DBC-D54833672F3A&sortorder=desc&column=price HTTP/1.1" 404 -
114.119.154.81 - - [10/Mar/2025:01:02:48 +0100] "GET /ticket2/opencms/en/buy/?page=1&edid=D45BCB35-EE91-062B-5384-4218890EBB45 HTTP/1.1" 200 106750
193.70.81.116 - - [10/Mar/2025:01:02:48 +0100] "GET /ticket2/opencms/se/nl/buy/?page=1&edid=DB844E51-4AEA-1DB6-3740-0D7CB9A74E07&sortorder=desc&column=section HTTP/1.1" 404 -
150.40.238.164 - - [10/Mar/2025:01:02:50 +0100] "GET /ticket2/opencms/et/buy?page=1&edid=41CD7066-237A-B852-387D-3D5D7B688DF9 HTTP/1.1" 200 135227
42.200.230.171 - - [10/Mar/2025:01:03:00 +0100] "GET /ticket2/opencms/dk/no/buy/?page=1&edid=4C0E2D60-F642-3EA7-4AF8-4A6B372A6F1A&sortorder=desc&column=row HTTP/1.1" 404 -
193.70.81.116 - - [10/Mar/2025:01:03:00 +0100] "GET /ticket2/opencms/se/nl/buy/?page=1&edid=E3B46C02-527F-BFED-1199-3D6C38556545&sortorder=desc&column=section HTTP/1.1" 404 -
111.119.217.95 - - [10/Mar/2025:01:03:02 +0100] "GET /ticket2/opencms/hr/buy?page=1&edid=36B8587B-9BD4-1599-9368-E59F9780F9A9 HTTP/1.1" 200 144949
114.119.139.202 - - [10/Mar/2025:01:03:04 +0100] "GET /ticket2/opencms/es/buying_tickets/ HTTP/1.1" 200 92017
66.249.65.236 - - [10/Mar/2025:01:03:04 +0100] "GET /ticket2/opencms/is/buy/?page=1&edid=6ED08D04-7263-AC79-DA04-AFB97DC97A00 HTTP/1.1" 200 135186
47.128.96.238 - - [10/Mar/2025:01:03:07 +0100] "GET /ticket2/opencms/hr/buy/?edid=33C93D30-5D5F-70D5-E4DB-10F58238A7ED HTTP/1.1" 200 91818
193.70.81.116 - - [10/Mar/2025:01:03:07 +0100] "GET /ticket2/opencms/se/nl/buy/?page=1&edid=E3FBDA6C-664F-E626-DA08-2F08834DE954&sortorder=asc&column=section HTTP/1.1" 404 -
54.36.149.98 - - [10/Mar/2025:01:03:08 +0100] "GET /ticket2/opencms/ka/sport/pekhburti-biletebi/serie-a/roma HTTP/1.1" 200 102404
47.128.29.188 - - [10/Mar/2025:01:03:09 +0100] "GET /ticket2/opencms/fi/search.html?searchQuery=Columbus+Blue+Jackets HTTP/1.1" 200 98524
202.8.40.102 - - [10/Mar/2025:01:03:09 +0100] "GET /ticket2/opencms/system/modules/com.gridnine.opencms.ticketbrokerage.site/resources/css/ticketbrokerage.css HTTP/1.1" 200 39339
202.8.40.102 - - [10/Mar/2025:01:03:09 +0100] "GET /ticket2/opencms/system/modules/com.gridnine.opencms.ticketbrokerage.site/resources/css/jquery-ui.css HTTP/1.1" 200 33221
202.8.40.102 - - [10/Mar/2025:01:03:09 +0100] "GET /ticket2/opencms/system/modules/com.gridnine.opencms.ticketbrokerage.site/resources/css/calendar.css HTTP/1.1" 200 6871
202.8.40.102 - - [10/Mar/2025:01:03:09 +0100] "GET /ticket2/opencms/system/modules/com.gridnine.opencms.ticketbrokerage.site/resources/css/jquery.fancybox.css HTTP/1.1" 200 4939
202.8.40.102 - - [10/Mar/2025:01:03:09 +0100] "GET /ticket2/opencms/system/modules/com.gridnine.opencms.ticketbrokerage.site/resources/css/standard.css HTTP/1.1" 200 74449
202.8.40.102 - - [10/Mar/2025:01:03:10 +0100] "GET /ticket2/opencms/system/modules/com.gridnine.opencms.ticketbrokerage.site/resources/js/jquery/jquery-ui.js HTTP/1.1" 200 228088
202.8.40.102 - - [10/Mar/2025:01:03:10 +0100] "GET /ticket2/opencms/system/modules/com.gridnine.opencms.ticketbrokerage.site/resources/js/jquery/jquery.js HTTP/1.1" 200 93868
202.8.40.102 - - [10/Mar/2025:01:03:10 +0100] "GET /ticket2/opencms/system/modules/com.gridnine.opencms.ticketbrokerage.site/resources/js/functions.js HTTP/1.1" 200 1583
202.8.40.102 - - [10/Mar/2025:01:03:10 +0100] "GET /ticket2/opencms/system/modules/com.gridnine.opencms.ticketbrokerage.site/resources/js/calendar.js HTTP/1.1" 200 49229
202.8.40.102 - - [10/Mar/2025:01:03:10 +0100] "GET /ticket2/opencms/system/modules/com.gridnine.opencms.ticketbrokerage.site/resources/js/calendar-en.js HTTP/1.1" 200 3338
202.8.40.102 - - [10/Mar/2025:01:03:10 +0100] "GET /ticket2/opencms/system/modules/com.gridnine.opencms.ticketbrokerage.site/resources/js/calendar-setup.js HTTP/1.1" 200 4923
202.8.40.102 - - [10/Mar/2025:01:03:10 +0100] "GET /ticket2/opencms/system/modules/com.gridnine.opencms.ticketbrokerage.site/resources/js/jquery.fancybox.pack.js HTTP/1.1" 200 23187
202.8.40.102 - - [10/Mar/2025:01:03:10 +0100] "GET /ticket2/opencms/system/modules/com.gridnine.opencms.ticketbrokerage.site/resources/js/stickyfill.min.js HTTP/1.1" 200 5672
202.8.40.102 - - [10/Mar/2025:01:03:10 +0100] "GET /ticket2/opencms/system/modules/com.gridnine.opencms.ticketbrokerage.site/resources/js/standard.js HTTP/1.1" 200 3983
202.8.40.102 - - [10/Mar/2025:01:03:10 +0100] "GET /ticket2/opencms/system/modules/com.gridnine.opencms.ticketbrokerage.site/resources/js/common-ajax.js HTTP/1.1" 200 20175
202.8.40.102 - - [10/Mar/2025:01:03:10 +0100] "GET /ticket2/opencms/system/modules/com.gridnine.opencms.ticketbrokerage.site/resources/js/jquery.placeholder.min.js HTTP/1.1" 200 1737
20.171.207.145 - - [10/Mar/2025:01:03:10 +0100] "GET /ticket2/opencms/uk/sport/kvytky-na-futbol/fa-cup HTTP/1.1" 404 -
47.128.29.188 - - [10/Mar/2025:01:03:10 +0100] "GET /ticket2/opencms/fi/ask-form.html HTTP/1.1" 200 3012
47.128.29.188 - - [10/Mar/2025:01:03:12 +0100] "GET /ticket2/opencms/system/modules/com.gridnine.opencms.ticketbrokerage.site/resources/pics/bank_2_handelsbanken.png HTTP/1.1" 200 4509
42.200.230.171 - - [10/Mar/2025:01:03:12 +0100] "GET /ticket2/opencms/dk/no/buy/?page=1&edid=4C433C59-5FE9-0C43-7DAC-788A4C3689C5&sortorder=asc&column=row HTTP/1.1" 404 -
47.128.29.188 - - [10/Mar/2025:01:03:13 +0100] "GET /ticket2/opencms/system/modules/com.gridnine.opencms.ticketbrokerage.site/resources/pics/bank_1_nordea.png HTTP/1.1" 200 4807
47.128.29.188 - - [10/Mar/2025:01:03:13 +0100] "GET /ticket2/opencms/system/modules/com.gridnine.opencms.ticketbrokerage.site/resources/pics/bank_3_swedbank.png HTTP/1.1" 200 5740
47.128.29.188 - - [10/Mar/2025:01:03:13 +0100] "GET /ticket2/opencms/system/modules/com.gridnine.opencms.ticketbrokerage.site/resources/pics/bank_4_seb.png HTTP/1.1" 200 2487
47.128.29.188 - - [10/Mar/2025:01:03:14 +0100] "GET /ticket2/opencms/system/modules/com.gridnine.opencms.ticketbrokerage.site/resources/pics/bank_5_visa_mastercard.png HTTP/1.1" 200 8196
185.191.171.4 - - [10/Mar/2025:01:03:14 +0100] "GET /ticket2/opencms/lt/magazine/article?title=atraskite-la-liga-gyvai-bilietus-isigykite-ticket2 HTTP/1.1" 200 94154
47.128.29.188 - - [10/Mar/2025:01:03:14 +0100] "GET /ticket2/opencms/system/modules/com.gridnine.opencms.ticketbrokerage.site/resources/pics/bank_6_american_express.png HTTP/1.1" 200 5570
114.119.140.85 - - [10/Mar/2025:01:03:15 +0100] "GET /ticket2/opencms/en/buy/?page=1&edid=895113DA-04CF-0699-8D0A-2BE8BA0B10C5 HTTP/1.1" 200 106685
193.70.81.116 - - [10/Mar/2025:01:03:15 +0100] "GET /ticket2/opencms/se/nl/buy/?page=1&edid=E45A7666-64CC-B540-0D3F-68EC07696B61&sortorder=desc&column=price HTTP/1.1" 404 -
40.77.167.22 - - [10/Mar/2025:01:03:17 +0100] "GET /ticket2/opencms/be/magazine/article?title=lucas-bergvall-the-next-david-beckham HTTP/1.1" 200 94267
66.249.65.197 - - [10/Mar/2025:01:03:18 +0100] "GET /ticket2/opencms/ HTTP/1.1" 302 -
68.183.238.15 - - [10/Mar/2025:01:03:18 +0100] "GET /manager/html HTTP/1.1" 404 -
85.208.96.197 - - [10/Mar/2025:01:03:19 +0100] "GET /ticket2/opencms/sv/login/?url=%2525252Fno%2525252Fsell%2525252F HTTP/1.1" 200 91647
66.249.65.195 - - [10/Mar/2025:01:03:21 +0100] "GET /ticket2/opencms/en/ HTTP/1.1" 200 102136
193.70.81.116 - - [10/Mar/2025:01:03:23 +0100] "GET /ticket2/opencms/se/nl/buy/?page=1&edid=E45A7666-64CC-B540-0D3F-68EC07696B61&sortorder=desc&column=row HTTP/1.1" 404 -
66.249.65.196 - - [10/Mar/2025:01:03:24 +0100] "GET /ticket2/opencms/system/modules/com.gridnine.opencms.ticketbrokerage.site/resources/js/jquery/jquery.js HTTP/1.1" 200 93868
66.249.76.168 - - [10/Mar/2025:01:03:24 +0100] "GET /ticket2/opencms/system/modules/com.gridnine.opencms.ticketbrokerage.site/resources/css/jquery.fancybox.css HTTP/1.1" 200 4939
66.249.65.195 - - [10/Mar/2025:01:03:26 +0100] "GET /ticket2/opencms/system/modules/com.gridnine.opencms.ticketbrokerage.site/resources/js/jquery.fancybox.pack.js HTTP/1.1" 200 23187
42.200.230.171 - - [10/Mar/2025:01:03:26 +0100] "GET /ticket2/opencms/dk/no/buy/?page=1&edid=4C433C59-5FE9-0C43-7DAC-788A4C3689C5&sortorder=asc&column=section HTTP/1.1" 404 -
66.249.65.196 - - [10/Mar/2025:01:03:26 +0100] "GET /ticket2/opencms/system/modules/com.gridnine.opencms.ticketbrokerage.site/resources/js/jquery/jquery-ui.js HTTP/1.1" 200 228088
66.249.65.195 - - [10/Mar/2025:01:03:27 +0100] "GET /ticket2/opencms/system/modules/com.gridnine.opencms.ticketbrokerage.site/resources/js/stickyfill.min.js HTTP/1.1" 200 5672
54.36.148.203 - - [10/Mar/2025:01:03:28 +0100] "GET /ticket2/opencms/mt/sport/biljetti-tal-futbol/serie-a/roma HTTP/1.1" 200 100430
66.249.65.195 - - [10/Mar/2025:01:03:28 +0100] "GET /ticket2/opencms/system/modules/com.gridnine.opencms.ticketbrokerage.site/resources/css/jquery-ui.css HTTP/1.1" 200 33221
154.54.249.216 - - [10/Mar/2025:01:03:28 +0100] "GET /ticket2/opencms/hu/buy?page=1&edid=3583D5C7-607A-E528-A709-844E6A72DC1B HTTP/1.1" 200 141047
66.249.76.167 - - [10/Mar/2025:01:03:29 +0100] "GET /ticket2/opencms/system/modules/com.gridnine.opencms.ticketbrokerage.site/resources/js/common-ajax.js HTTP/1.1" 200 20175
202.8.40.108 - - [10/Mar/2025:01:03:29 +0100] "GET /ticket2/opencms/system/modules/com.gridnine.opencms.ticketbrokerage.site/resources/css/jquery.fancybox.css HTTP/1.1" 200 4939
202.8.40.108 - - [10/Mar/2025:01:03:29 +0100] "GET /ticket2/opencms/system/modules/com.gridnine.opencms.ticketbrokerage.site/resources/css/standard.css HTTP/1.1" 200 74449
202.8.40.108 - - [10/Mar/2025:01:03:29 +0100] "GET /ticket2/opencms/system/modules/com.gridnine.opencms.ticketbrokerage.site/resources/css/ticketbrokerage.css HTTP/1.1" 200 39339
202.8.40.108 - - [10/Mar/2025:01:03:29 +0100] "GET /ticket2/opencms/system/modules/com.gridnine.opencms.ticketbrokerage.site/resources/css/jquery-ui.css HTTP/1.1" 200 33221
202.8.40.108 - - [10/Mar/2025:01:03:29 +0100] "GET /ticket2/opencms/system/modules/com.gridnine.opencms.ticketbrokerage.site/resources/css/calendar.css HTTP/1.1" 200 6871
202.8.40.108 - - [10/Mar/2025:01:03:29 +0100] "GET /ticket2/opencms/system/modules/com.gridnine.opencms.ticketbrokerage.site/resources/js/jquery/jquery.js HTTP/1.1" 200 93868
202.8.40.108 - - [10/Mar/2025:01:03:29 +0100] "GET /ticket2/opencms/system/modules/com.gridnine.opencms.ticketbrokerage.site/resources/js/functions.js HTTP/1.1" 200 1583
202.8.40.108 - - [10/Mar/2025:01:03:29 +0100] "GET /ticket2/opencms/system/modules/com.gridnine.opencms.ticketbrokerage.site/resources/js/jquery/jquery-ui.js HTTP/1.1" 200 228088
202.8.40.108 - - [10/Mar/2025:01:03:29 +0100] "GET /ticket2/opencms/system/modules/com.gridnine.opencms.ticketbrokerage.site/resources/js/calendar.js HTTP/1.1" 200 49229
202.8.40.108 - - [10/Mar/2025:01:03:29 +0100] "GET /ticket2/opencms/system/modules/com.gridnine.opencms.ticketbrokerage.site/resources/js/calendar-en.js HTTP/1.1" 200 3338
202.8.40.108 - - [10/Mar/2025:01:03:29 +0100] "GET /ticket2/opencms/system/modules/com.gridnine.opencms.ticketbrokerage.site/resources/js/calendar-setup.js HTTP/1.1" 200 4923
202.8.40.108 - - [10/Mar/2025:01:03:29 +0100] "GET /ticket2/opencms/system/modules/com.gridnine.opencms.ticketbrokerage.site/resources/js/jquery.fancybox.pack.js HTTP/1.1" 200 23187
202.8.40.108 - - [10/Mar/2025:01:03:29 +0100] "GET /ticket2/opencms/system/modules/com.gridnine.opencms.ticketbrokerage.site/resources/js/stickyfill.min.js HTTP/1.1" 200 5672
202.8.40.108 - - [10/Mar/2025:01:03:29 +0100] "GET /ticket2/opencms/system/modules/com.gridnine.opencms.ticketbrokerage.site/resources/js/standard.js HTTP/1.1" 200 3983
202.8.40.108 - - [10/Mar/2025:01:03:29 +0100] "GET /ticket2/opencms/system/modules/com.gridnine.opencms.ticketbrokerage.site/resources/js/jquery.placeholder.min.js HTTP/1.1" 200 1737
202.8.40.108 - - [10/Mar/2025:01:03:29 +0100] "GET /ticket2/opencms/system/modules/com.gridnine.opencms.ticketbrokerage.site/resources/js/common-ajax.js HTTP/1.1" 200 20175
193.70.81.116 - - [10/Mar/2025:01:03:30 +0100] "GET /ticket2/opencms/se/nl/buy/?page=1&edid=E71DFAD2-4674-EB79-CCBF-3AEF547F3E77&sortorder=desc&column=row HTTP/1.1" 404 -
66.249.65.195 - - [10/Mar/2025:01:03:31 +0100] "GET /ticket2/opencms/system/modules/com.gridnine.opencms.ticketbrokerage.site/resources/js/jquery.placeholder.min.js HTTP/1.1" 200 1737
114.119.150.86 - - [10/Mar/2025:01:03:36 +0100] "GET /ticket2/opencms/ga/buy?page=1&edid=FA047031-F510-E911-0280-BC3ADCB159FC HTTP/1.1" 200 90448
66.249.65.195 - - [10/Mar/2025:01:03:37 +0100] "GET /ticket2/opencms/mt/ask-form.html HTTP/1.1" 200 3156
193.70.81.116 - - [10/Mar/2025:01:03:37 +0100] "GET /ticket2/opencms/se/nl/buy/?page=1&edid=E7C2827B-AB04-D914-A6A6-2F87797DD7EE HTTP/1.1" 404 -
42.200.230.171 - - [10/Mar/2025:01:03:38 +0100] "GET /ticket2/opencms/dk/no/buy/?page=1&edid=4C6E70D7-2967-0370-D34B-AFEF2F6B8113&sortorder=asc&column=row HTTP/1.1" 404 -
40.77.167.32 - - [10/Mar/2025:01:03:39 +0100] "GET /ticket2/opencms/et/buy/?page=1&edid=B01A09D5-218A-9496-E4FE-808F42E4EFD5 HTTP/1.1" 200 111265
40.77.167.32 - - [10/Mar/2025:01:03:41 +0100] "GET /ticket2/opencms/es/buy?page=1&edid=9EDB7F86-26E1-C3B9-F18D-B7CE7EC54CD3 HTTP/1.1" 200 108677
95.217.114.173 - - [10/Mar/2025:01:03:43 +0100] "GET /ticket2/opencms/no/buy/?page=1&edid=EB15A765-5D9D-970F-9A50-4DA650A06CFC&sortorder=desc&column=row HTTP/1.1" 200 112116
66.249.90.131 - - [10/Mar/2025:01:03:44 +0100] "GET /ticket2/opencms/sv/sport/fotbollsbiljetter/premier_league/manchester_united/?gad_source=1 HTTP/1.1" 200 102267
173.252.69.112 - - [10/Mar/2025:01:03:44 +0100] "GET /ticket2/opencms/dk/buy/?page=1&edid=31FDA527-9BE5-CC0F-08BA-BAC5423FB404 HTTP/1.1" 200 107236
193.70.81.116 - - [10/Mar/2025:01:03:45 +0100] "GET /ticket2/opencms/se/nl/buy/?page=1&edid=E7C2827B-AB04-D914-A6A6-2F87797DD7EE&sortorder=desc&column=price HTTP/1.1" 404 -
52.167.144.192 - - [10/Mar/2025:01:03:46 +0100] "GET /ticket2/opencms/sitemap.xml HTTP/1.1" 200 501315
66.249.90.131 - - [10/Mar/2025:01:03:46 +0100] "GET /ticket2/opencms/system/modules/com.gridnine.opencms.ticketbrokerage.site/resources/css/jquery-ui.css HTTP/1.1" 200 33221
209.85.238.107 - - [10/Mar/2025:01:03:49 +0100] "GET /ticket2/opencms/sv/magazine/article?title=jude-bellingham HTTP/1.1" 200 92713
85.208.96.206 - - [10/Mar/2025:01:03:49 +0100] "GET /ticket2/opencms/bg/magazine/article?title=otnosno-arsenal-fk HTTP/1.1" 200 96355
42.200.230.171 - - [10/Mar/2025:01:03:50 +0100] "GET /ticket2/opencms/dk/no/buy/?page=1&edid=4C6E70D7-2967-0370-D34B-AFEF2F6B8113&sortorder=asc&column=section HTTP/1.1" 404 -
66.249.74.2 - - [10/Mar/2025:01:03:51 +0100] "GET /ticket2/opencms/no HTTP/1.1" 200 103304
193.70.81.116 - - [10/Mar/2025:01:03:52 +0100] "GET /ticket2/opencms/se/nl/buy/?page=1&edid=E7C2827B-AB04-D914-A6A6-2F87797DD7EE&sortorder=desc&column=row HTTP/1.1" 404 -
66.249.90.132 - - [10/Mar/2025:01:03:53 +0100] "GET /ticket2/opencms/sv/sport/hockeybiljetter/nhl/Washington_Capitals/ HTTP/1.1" 500 -
185.191.171.15 - - [10/Mar/2025:01:03:56 +0100] "GET /ticket2/opencms/sv/buy/ HTTP/1.1" 200 89886
54.36.148.229 - - [10/Mar/2025:01:03:56 +0100] "GET /ticket2/opencms/mo/sport/bilete-la-fotbal/serie-a/roma HTTP/1.1" 200 100872
66.249.90.131 - - [10/Mar/2025:01:03:57 +0100] "GET /ticket2/opencms/sv/magazine/article?title=liverpool-en-stad-av-kultur-och-historia HTTP/1.1" 200 92773
202.8.43.156 - - [10/Mar/2025:01:03:57 +0100] "GET /ticket2/opencms/system/modules/com.gridnine.opencms.ticketbrokerage.site/resources/css/ticketbrokerage.css HTTP/1.1" 200 39339
202.8.43.156 - - [10/Mar/2025:01:03:57 +0100] "GET /ticket2/opencms/system/modules/com.gridnine.opencms.ticketbrokerage.site/resources/css/jquery-ui.css HTTP/1.1" 200 33221
202.8.43.156 - - [10/Mar/2025:01:03:57 +0100] "GET /ticket2/opencms/system/modules/com.gridnine.opencms.ticketbrokerage.site/resources/css/calendar.css HTTP/1.1" 200 6871
202.8.43.156 - - [10/Mar/2025:01:03:57 +0100] "GET /ticket2/opencms/system/modules/com.gridnine.opencms.ticketbrokerage.site/resources/css/jquery.fancybox.css HTTP/1.1" 200 4939
202.8.43.156 - - [10/Mar/2025:01:03:57 +0100] "GET /ticket2/opencms/system/modules/com.gridnine.opencms.ticketbrokerage.site/resources/css/standard.css HTTP/1.1" 200 74449
202.8.43.156 - - [10/Mar/2025:01:03:57 +0100] "GET /ticket2/opencms/system/modules/com.gridnine.opencms.ticketbrokerage.site/resources/js/jquery/jquery.js HTTP/1.1" 200 93868
202.8.43.156 - - [10/Mar/2025:01:03:57 +0100] "GET /ticket2/opencms/system/modules/com.gridnine.opencms.ticketbrokerage.site/resources/js/functions.js HTTP/1.1" 200 1583
202.8.43.156 - - [10/Mar/2025:01:03:57 +0100] "GET /ticket2/opencms/system/modules/com.gridnine.opencms.ticketbrokerage.site/resources/js/calendar.js HTTP/1.1" 200 49229
202.8.43.156 - - [10/Mar/2025:01:03:57 +0100] "GET /ticket2/opencms/system/modules/com.gridnine.opencms.ticketbrokerage.site/resources/js/jquery/jquery-ui.js HTTP/1.1" 200 228088
202.8.43.156 - - [10/Mar/2025:01:03:57 +0100] "GET /ticket2/opencms/system/modules/com.gridnine.opencms.ticketbrokerage.site/resources/js/calendar-en.js HTTP/1.1" 200 3338
202.8.43.156 - - [10/Mar/2025:01:03:57 +0100] "GET /ticket2/opencms/system/modules/com.gridnine.opencms.ticketbrokerage.site/resources/js/calendar-setup.js HTTP/1.1" 200 4923
202.8.43.156 - - [10/Mar/2025:01:03:57 +0100] "GET /ticket2/opencms/system/modules/com.gridnine.opencms.ticketbrokerage.site/resources/js/jquery.fancybox.pack.js HTTP/1.1" 200 23187
202.8.43.156 - - [10/Mar/2025:01:03:57 +0100] "GET /ticket2/opencms/system/modules/com.gridnine.opencms.ticketbrokerage.site/resources/js/stickyfill.min.js HTTP/1.1" 200 5672
202.8.43.156 - - [10/Mar/2025:01:03:57 +0100] "GET /ticket2/opencms/system/modules/com.gridnine.opencms.ticketbrokerage.site/resources/js/standard.js HTTP/1.1" 200 3983
202.8.43.156 - - [10/Mar/2025:01:03:57 +0100] "GET /ticket2/opencms/system/modules/com.gridnine.opencms.ticketbrokerage.site/resources/js/jquery.placeholder.min.js HTTP/1.1" 200 1737
202.8.43.156 - - [10/Mar/2025:01:03:57 +0100] "GET /ticket2/opencms/system/modules/com.gridnine.opencms.ticketbrokerage.site/resources/js/common-ajax.js HTTP/1.1" 200 20175
40.77.167.32 - - [10/Mar/2025:01:03:58 +0100] "GET /ticket2/opencms/ga/buy/?page=1&edid=56A0A7FE-05E5-9A6B-19F6-C187DAFB39AD HTTP/1.1" 200 110079
40.77.167.32 - - [10/Mar/2025:01:03:59 +0100] "GET /ticket2/opencms/tr/buy/?page=1&edid=E386AAB0-9B96-39CE-0B31-1C93E6E8830A HTTP/1.1" 200 112659
193.70.81.116 - - [10/Mar/2025:01:04:00 +0100] "GET /ticket2/opencms/se/nl/buy/?page=1&edid=E7C2827B-AB04-D914-A6A6-2F87797DD7EE&sortorder=desc&column=section HTTP/1.1" 404 -
66.249.90.131 - - [10/Mar/2025:01:04:01 +0100] "GET /ticket2/opencms/dk/sport/fodboldbilletter/bundesliga/bayern_munchen/?r=true HTTP/1.1" 200 97367
42.200.230.171 - - [10/Mar/2025:01:04:03 +0100] "GET /ticket2/opencms/dk/no/buy/?page=1&edid=4C9574E0-424E-5C98-5F7A-2F377ACC6101 HTTP/1.1" 404 -
66.249.65.236 - - [10/Mar/2025:01:04:05 +0100] "GET /ticket2/opencms/is/buy/?page=1&edid=BBF51855-649C-7AAC-A9CD-362F8BD9BD25 HTTP/1.1" 200 90188
40.77.167.74 - - [10/Mar/2025:01:04:05 +0100] "GET /ticket2/opencms/sv/buy/?page=6&comcatid=A17713B6-D984-201A-4143-ED4DB5ED5C2E&catid=D8B345C9-F7A5-E620-4B43-C34EB0D6885B&eventid=78296403-093D-5D8F-011A-DB87D87C6529 HTTP/1.1" 200 112267
66.249.90.131 - - [10/Mar/2025:01:04:06 +0100] "GET /ticket2/opencms/sv/buy/?page=1&edid=4981A465-C3DA-791B-A6A5-9D4DAB1B5DA0&hlv=668edf12-7244-469b-b274-179e0a01000f HTTP/1.1" 200 112926
85.208.96.207 - - [10/Mar/2025:01:04:07 +0100] "GET /ticket2/opencms/it/magazine/article?title=finale-em-2024 HTTP/1.1" 200 94568
193.70.81.116 - - [10/Mar/2025:01:04:08 +0100] "GET /ticket2/opencms/se/nl/buy/?page=1&edid=E8847AD1-35CC-3C72-3A90-470EF1CAF178&sortorder=desc&column=price HTTP/1.1" 404 -
66.249.90.131 - - [10/Mar/2025:01:04:09 +0100] "GET /ticket2/opencms/sv/sport/fotbollsbiljetter/vm_kval/irland_sverige.html HTTP/1.1" 500 -
54.36.149.52 - - [10/Mar/2025:01:04:10 +0100] "GET /ticket2/opencms/de/sport/fussball-tickets/serie_a/monza HTTP/1.1" 500 -
207.46.13.6 - - [10/Mar/2025:01:04:12 +0100] "GET /ticket2/opencms/et/?page=6&comcatid=A17713B6-D984-201A-4143-ED4DB5ED5C2E&catid=D8B345C9-F7A5-E620-4B43-C34EB0D6885B&eventid=88125886-B9B5-9F59-AF43-51EE7A6E60C4 HTTP/1.1" 200 103544
114.119.141.178 - - [10/Mar/2025:01:04:12 +0100] "GET /ticket2/opencms/ga/buy?page=1&edid=F83ACB1F-A834-FC8E-AC9B-B9250F8FA653 HTTP/1.1" 200 112837
85.208.96.208 - - [10/Mar/2025:01:04:14 +0100] "GET /ticket2/opencms/ga/magazine/article?title=en-sasongsreflektion-av-manchester-united-202324 HTTP/1.1" 200 94881
20.171.207.145 - - [10/Mar/2025:01:04:15 +0100] "GET /ticket2/opencms/uk/sport/kvytky-na-futbol/ligue-1 HTTP/1.1" 500 -
193.70.81.116 - - [10/Mar/2025:01:04:15 +0100] "GET /ticket2/opencms/se/nl/buy/?page=1&edid=E8847AD1-35CC-3C72-3A90-470EF1CAF178&sortorder=desc&column=section HTTP/1.1" 404 -
85.208.96.198 - - [10/Mar/2025:01:04:15 +0100] "GET /ticket2/opencms/lt/ HTTP/1.1" 200 103833
42.200.230.171 - - [10/Mar/2025:01:04:16 +0100] "GET /ticket2/opencms/dk/no/buy/?page=1&edid=4C9574E0-424E-5C98-5F7A-2F377ACC6101&sortorder=desc&column=price HTTP/1.1" 404 -
85.208.96.194 - - [10/Mar/2025:01:04:19 +0100] "GET /ticket2/opencms/it/magazine/article?title=michail-antonio-infortunato-dopo-un-incidente-dauto HTTP/1.1" 200 93687
96.62.105.17 - - [10/Mar/2025:01:04:19 +0100] "GET /ticket2/opencms/tr/magazine/article?title=you-did-not-provide-the-text-you-want-to-be-translated-could-you-please-provide-the-text HTTP/1.1" 200 93546
54.36.148.97 - - [10/Mar/2025:01:04:19 +0100] "GET /ticket2/opencms/lt/buy?page=1&edid=10597F35-2AC7-31D2-FB61-15A36BB6D73B HTTP/1.1" 200 136329
216.244.66.238 - - [10/Mar/2025:01:04:22 +0100] "GET /ticket2/opencms/nl HTTP/1.1" 200 101453
193.70.81.116 - - [10/Mar/2025:01:04:23 +0100] "GET /ticket2/opencms/se/nl/buy/?page=1&edid=E985A176-1832-1AAF-F607-88AFA6E6A83A&sortorder=desc&column=row HTTP/1.1" 404 -
114.119.159.129 - - [10/Mar/2025:01:04:24 +0100] "GET /ticket2/opencms/en/buy/?page=1&edid=D421CF40-F847-B0E5-3935-A03A252A248C HTTP/1.1" 200 106799
185.191.171.19 - - [10/Mar/2025:01:04:25 +0100] "GET /ticket2/opencms/ga/about/press HTTP/1.1" 200 89020
42.200.230.171 - - [10/Mar/2025:01:04:28 +0100] "GET /ticket2/opencms/dk/no/buy/?page=1&edid=52E48250-C92A-48C2-45BB-C1536603E8B5&sortorder=desc&column=section HTTP/1.1" 404 -
47.128.110.30 - - [10/Mar/2025:01:04:29 +0100] "GET /ticket2/opencms/hu/buy/?catid=64756941-02D2-3538-2077-8C2508F4A3A8&comcatid=A17713B6-D984-201A-4143-ED4DB5ED5C2E HTTP/1.1" 200 103450
114.119.130.91 - - [10/Mar/2025:01:04:30 +0100] "GET /ticket2/opencms/en/buy/?page=1&edid=890CCDBB-BBBF-11B0-1E79-EA111E8EF281 HTTP/1.1" 200 118403
193.70.81.116 - - [10/Mar/2025:01:04:30 +0100] "GET /ticket2/opencms/se/nl/buy/?page=1&edid=EADB5142-E316-D488-65C9-672C3841B36D&sortorder=asc&column=row HTTP/1.1" 404 -
66.249.65.195 - - [10/Mar/2025:01:04:33 +0100] "GET /ticket2/opencms/pl/buy?page=10&eventid=E73257C8-B067-9195-A933-2A249C1917F3&column= HTTP/1.1" 200 93355
185.191.171.5 - - [10/Mar/2025:01:04:33 +0100] "GET /ticket2/opencms/be/sport/futbol-kvitki/champions-league/anderlecht/ HTTP/1.1" 500 -
66.249.90.131 - - [10/Mar/2025:01:04:33 +0100] "GET /ticket2/opencms/sv/ask-form.html HTTP/1.1" 200 2950
66.249.90.131 - - [10/Mar/2025:01:04:34 +0100] "GET /ticket2/opencms/sv/sport/fotbollsbiljetter/vm_kval/irland_sverige.html HTTP/1.1" 500 -
66.249.90.131 - - [10/Mar/2025:01:04:35 +0100] "GET /ticket2/opencms/sv/ask-form.html HTTP/1.1" 200 2950
66.249.90.131 - - [10/Mar/2025:01:04:36 +0100] "GET /ticket2/opencms/system/modules/com.gridnine.opencms.ticketbrokerage.site/resources/css/ticketbrokerage.css HTTP/1.1" 200 39339
193.70.81.116 - - [10/Mar/2025:01:04:38 +0100] "GET /ticket2/opencms/se/nl/buy/?page=1&edid=EAF5F943-A31A-E92D-61B3-6DC580C2EEDC&sortorder=desc&column=row HTTP/1.1" 404 -
157.55.39.15 - - [10/Mar/2025:01:04:39 +0100] "GET /ticket2/opencms/sq/sport/bileta-per-futboll/la-liga/barcelona HTTP/1.1" 200 97596
42.200.230.171 - - [10/Mar/2025:01:04:39 +0100] "GET /ticket2/opencms/dk/no/buy/?page=1&edid=53202693-7DA4-5446-E3D3-0719CDDBB705&sortorder=asc&column=row HTTP/1.1" 404 -
52.167.144.172 - - [10/Mar/2025:01:04:41 +0100] "GET /ticket2/opencms/de/magazine/article?title=aston-villa-einer-der-altesten-klubs-in-der-premier-league HTTP/1.1" 200 94654
47.128.56.31 - - [10/Mar/2025:01:04:42 +0100] "GET /ticket2/opencms/nl/sport/voetbal-tickets/bundesliga/werder-bremen/ HTTP/1.1" 200 97845
193.70.81.116 - - [10/Mar/2025:01:04:46 +0100] "GET /ticket2/opencms/se/nl/buy/?page=1&edid=EAF5F943-A31A-E92D-61B3-6DC580C2EEDC&sortorder=desc&column=section HTTP/1.1" 404 -
185.191.171.3 - - [10/Mar/2025:01:04:46 +0100] "GET /ticket2/opencms/fr/magazine/article?title=comment-manchester-united-doit-il-gerer-la-crise HTTP/1.1" 200 93031
54.36.148.109 - - [10/Mar/2025:01:04:47 +0100] "GET /ticket2/opencms/sv/ HTTP/1.1" 200 103521
69.171.230.5 - - [10/Mar/2025:01:04:51 +0100] "GET /ticket2/opencms/en/sport/football-tickets/serie_a/sassuolo/ HTTP/1.1" 500 -
42.200.230.171 - - [10/Mar/2025:01:04:52 +0100] "GET /ticket2/opencms/dk/no/buy/?page=1&edid=53961AD4-D55A-8918-B670-53DC1158D060&sortorder=asc&column=section HTTP/1.1" 404 -
193.70.81.116 - - [10/Mar/2025:01:04:54 +0100] "GET /ticket2/opencms/se/nl/buy/?page=1&edid=EB4914C5-00D4-AD74-5CF9-2868F9C2D86F&sortorder=desc&column=section HTTP/1.1" 404 -
114.119.152.134 - - [10/Mar/2025:01:04:56 +0100] "GET /ticket2/opencms/es/buy/?page=1&edid=F83ACB1F-A834-FC8E-AC9B-B9250F8FA653 HTTP/1.1" 200 112423
185.191.171.14 - - [10/Mar/2025:01:04:59 +0100] "GET /ticket2/opencms/cs/magazine/article?title=o-tottenham-hotspur-stadium HTTP/1.1" 200 98102
40.77.167.32 - - [10/Mar/2025:01:05:00 +0100] "GET /ticket2/opencms/mo/buy?page=1&edid=E228E827-C3F3-E54C-4392-201194CCC59C HTTP/1.1" 200 90482
193.70.81.116 - - [10/Mar/2025:01:05:01 +0100] "GET /ticket2/opencms/se/nl/buy/?page=1&edid=EBB2685E-B5CD-E71D-6D7A-2FAD449CA6CA&sortorder=desc&column=price HTTP/1.1" 404 -
47.128.58.7 - - [10/Mar/2025:01:05:02 +0100] "GET /ticket2/opencms/et/buy/?edid=D9B6DEA1-0C13-FA80-469E-162654611A15 HTTP/1.1" 200 91569
42.200.230.171 - - [10/Mar/2025:01:05:04 +0100] "GET /ticket2/opencms/dk/no/buy/?page=1&edid=53961AD4-D55A-8918-B670-53DC1158D060&sortorder=desc&column=section HTTP/1.1" 404 -
193.70.81.116 - - [10/Mar/2025:01:05:09 +0100] "GET /ticket2/opencms/se/nl/buy/?page=1&edid=EE9B9D91-B6D4-6C1B-8467-87E5CB6AB0D4&sortorder=asc&column=row HTTP/1.1" 404 -
54.36.148.40 - - [10/Mar/2025:01:05:09 +0100] "GET /ticket2/opencms/sl/sport/nogometne-vstopnice/serie-a/roma HTTP/1.1" 200 100454
40.77.167.32 - - [10/Mar/2025:01:05:10 +0100] "GET /ticket2/opencms/bg/buy/?page=1&edid=55F09E63-1021-B54D-20C9-3B1B1EF45D76 HTTP/1.1" 200 111045
202.8.41.195 - - [10/Mar/2025:01:05:10 +0100] "GET /ticket2/opencms/system/modules/com.gridnine.opencms.ticketbrokerage.site/resources/css/ticketbrokerage.css HTTP/1.1" 200 39339
202.8.41.195 - - [10/Mar/2025:01:05:10 +0100] "GET /ticket2/opencms/system/modules/com.gridnine.opencms.ticketbrokerage.site/resources/css/standard.css HTTP/1.1" 200 74449
202.8.41.195 - - [10/Mar/2025:01:05:10 +0100] "GET /ticket2/opencms/system/modules/com.gridnine.opencms.ticketbrokerage.site/resources/css/jquery-ui.css HTTP/1.1" 200 33221
202.8.41.195 - - [10/Mar/2025:01:05:10 +0100] "GET /ticket2/opencms/system/modules/com.gridnine.opencms.ticketbrokerage.site/resources/css/jquery.fancybox.css HTTP/1.1" 200 4939
202.8.41.195 - - [10/Mar/2025:01:05:10 +0100] "GET /ticket2/opencms/system/modules/com.gridnine.opencms.ticketbrokerage.site/resources/css/calendar.css HTTP/1.1" 200 6871
202.8.41.195 - - [10/Mar/2025:01:05:10 +0100] "GET /ticket2/opencms/system/modules/com.gridnine.opencms.ticketbrokerage.site/resources/js/jquery/jquery-ui.js HTTP/1.1" 200 228088
202.8.41.195 - - [10/Mar/2025:01:05:11 +0100] "GET /ticket2/opencms/system/modules/com.gridnine.opencms.ticketbrokerage.site/resources/js/jquery/jquery.js HTTP/1.1" 200 93868
202.8.41.195 - - [10/Mar/2025:01:05:11 +0100] "GET /ticket2/opencms/system/modules/com.gridnine.opencms.ticketbrokerage.site/resources/js/calendar.js HTTP/1.1" 200 49229
202.8.41.195 - - [10/Mar/2025:01:05:11 +0100] "GET /ticket2/opencms/system/modules/com.gridnine.opencms.ticketbrokerage.site/resources/js/functions.js HTTP/1.1" 200 1583
202.8.41.195 - - [10/Mar/2025:01:05:11 +0100] "GET /ticket2/opencms/system/modules/com.gridnine.opencms.ticketbrokerage.site/resources/js/calendar-en.js HTTP/1.1" 200 3338
202.8.41.195 - - [10/Mar/2025:01:05:11 +0100] "GET /ticket2/opencms/system/modules/com.gridnine.opencms.ticketbrokerage.site/resources/js/calendar-setup.js HTTP/1.1" 200 4923
202.8.41.195 - - [10/Mar/2025:01:05:11 +0100] "GET /ticket2/opencms/system/modules/com.gridnine.opencms.ticketbrokerage.site/resources/js/jquery.fancybox.pack.js HTTP/1.1" 200 23187
202.8.41.195 - - [10/Mar/2025:01:05:11 +0100] "GET /ticket2/opencms/system/modules/com.gridnine.opencms.ticketbrokerage.site/resources/js/stickyfill.min.js HTTP/1.1" 200 5672
202.8.41.195 - - [10/Mar/2025:01:05:11 +0100] "GET /ticket2/opencms/system/modules/com.gridnine.opencms.ticketbrokerage.site/resources/js/standard.js HTTP/1.1" 200 3983
202.8.41.195 - - [10/Mar/2025:01:05:11 +0100] "GET /ticket2/opencms/system/modules/com.gridnine.opencms.ticketbrokerage.site/resources/js/common-ajax.js HTTP/1.1" 200 20175
202.8.41.195 - - [10/Mar/2025:01:05:11 +0100] "GET /ticket2/opencms/system/modules/com.gridnine.opencms.ticketbrokerage.site/resources/js/jquery.placeholder.min.js HTTP/1.1" 200 1737
54.36.148.236 - - [10/Mar/2025:01:05:12 +0100] "GET /ticket2/opencms/be/buy?page=1&edid=1ABC406A-92BD-FDCF-3BD6-80A52E60B34F HTTP/1.1" 200 148372
154.54.249.216 - - [10/Mar/2025:01:05:15 +0100] "GET /ticket2/opencms/fi/buy/?page=1&edid=4E7205D6-706A-C532-7304-E1DEEF899767 HTTP/1.1" 200 108447
114.119.151.93 - - [10/Mar/2025:01:05:16 +0100] "GET /ticket2/opencms/ga/buy?page=1&edid=F2B75FFE-B503-FA6C-066A-879F06B1D185 HTTP/1.1" 200 109109
42.200.230.171 - - [10/Mar/2025:01:05:16 +0100] "GET /ticket2/opencms/dk/no/buy/?page=1&edid=5419EEB9-7CF3-F00C-1255-FC5A4AAC90B0&sortorder=asc&column=section HTTP/1.1" 404 -
193.70.81.116 - - [10/Mar/2025:01:05:16 +0100] "GET /ticket2/opencms/se/nl/buy/?page=1&edid=F183060F-6A15-5007-8907-73C9E4E5CC0A&sortorder=desc&column=section HTTP/1.1" 404 -
20.171.207.145 - - [10/Mar/2025:01:05:20 +0100] "GET /ticket2/opencms/uk/sport/kvytky-na-futbol HTTP/1.1" 500 -
193.70.81.116 - - [10/Mar/2025:01:05:24 +0100] "GET /ticket2/opencms/se/nl/buy/?page=1&edid=F21380F7-75CF-8F6C-44E2-E3C7E626BAE7&sortorder=desc&column=row HTTP/1.1" 404 -
85.208.96.202 - - [10/Mar/2025:01:05:27 +0100] "GET /ticket2/opencms/nl/magazine/article?title=champions-league-tickets-op-ticket2 HTTP/1.1" 200 95506
42.200.230.171 - - [10/Mar/2025:01:05:28 +0100] "GET /ticket2/opencms/dk/no/buy/?page=1&edid=543D9F4F-FAE8-D606-2F86-FDCC2C711D5A&sortorder=desc&column=price HTTP/1.1" 404 -
54.36.149.56 - - [10/Mar/2025:01:05:30 +0100] "GET /ticket2/opencms/bg/sport/futbolni-bileti/la-liga/las_palmas HTTP/1.1" 200 103701
193.70.81.116 - - [10/Mar/2025:01:05:31 +0100] "GET /ticket2/opencms/se/nl/buy/?page=1&edid=F2535B0D-979A-F9D7-EA2B-93EF98CE73FE&sortorder=desc&column=section HTTP/1.1" 404 -
202.8.43.164 - - [10/Mar/2025:01:05:31 +0100] "GET /ticket2/opencms/system/modules/com.gridnine.opencms.ticketbrokerage.site/resources/css/calendar.css HTTP/1.1" 200 6871
202.8.43.164 - - [10/Mar/2025:01:05:31 +0100] "GET /ticket2/opencms/system/modules/com.gridnine.opencms.ticketbrokerage.site/resources/css/jquery-ui.css HTTP/1.1" 200 33221
202.8.43.164 - - [10/Mar/2025:01:05:31 +0100] "GET /ticket2/opencms/system/modules/com.gridnine.opencms.ticketbrokerage.site/resources/css/standard.css HTTP/1.1" 200 74449
202.8.43.164 - - [10/Mar/2025:01:05:31 +0100] "GET /ticket2/opencms/system/modules/com.gridnine.opencms.ticketbrokerage.site/resources/css/jquery.fancybox.css HTTP/1.1" 200 4939
202.8.43.164 - - [10/Mar/2025:01:05:31 +0100] "GET /ticket2/opencms/system/modules/com.gridnine.opencms.ticketbrokerage.site/resources/css/ticketbrokerage.css HTTP/1.1" 200 39339
202.8.43.164 - - [10/Mar/2025:01:05:31 +0100] "GET /ticket2/opencms/system/modules/com.gridnine.opencms.ticketbrokerage.site/resources/js/calendar.js HTTP/1.1" 200 49229
202.8.43.164 - - [10/Mar/2025:01:05:32 +0100] "GET /ticket2/opencms/system/modules/com.gridnine.opencms.ticketbrokerage.site/resources/js/functions.js HTTP/1.1" 200 1583
202.8.43.164 - - [10/Mar/2025:01:05:32 +0100] "GET /ticket2/opencms/system/modules/com.gridnine.opencms.ticketbrokerage.site/resources/js/jquery/jquery-ui.js HTTP/1.1" 200 228088
202.8.43.164 - - [10/Mar/2025:01:05:32 +0100] "GET /ticket2/opencms/system/modules/com.gridnine.opencms.ticketbrokerage.site/resources/js/jquery/jquery.js HTTP/1.1" 200 93868
202.8.43.164 - - [10/Mar/2025:01:05:32 +0100] "GET /ticket2/opencms/system/modules/com.gridnine.opencms.ticketbrokerage.site/resources/js/calendar-en.js HTTP/1.1" 200 3338
202.8.43.164 - - [10/Mar/2025:01:05:32 +0100] "GET /ticket2/opencms/system/modules/com.gridnine.opencms.ticketbrokerage.site/resources/js/calendar-setup.js HTTP/1.1" 200 4923
202.8.43.164 - - [10/Mar/2025:01:05:32 +0100] "GET /ticket2/opencms/system/modules/com.gridnine.opencms.ticketbrokerage.site/resources/js/jquery.fancybox.pack.js HTTP/1.1" 200 23187
202.8.43.164 - - [10/Mar/2025:01:05:32 +0100] "GET /ticket2/opencms/system/modules/com.gridnine.opencms.ticketbrokerage.site/resources/js/stickyfill.min.js HTTP/1.1" 200 5672
202.8.43.164 - - [10/Mar/2025:01:05:32 +0100] "GET /ticket2/opencms/system/modules/com.gridnine.opencms.ticketbrokerage.site/resources/js/standard.js HTTP/1.1" 200 3983
202.8.43.164 - - [10/Mar/2025:01:05:32 +0100] "GET /ticket2/opencms/system/modules/com.gridnine.opencms.ticketbrokerage.site/resources/js/jquery.placeholder.min.js HTTP/1.1" 200 1737
202.8.43.164 - - [10/Mar/2025:01:05:32 +0100] "GET /ticket2/opencms/system/modules/com.gridnine.opencms.ticketbrokerage.site/resources/js/common-ajax.js HTTP/1.1" 200 20175
207.46.13.51 - - [10/Mar/2025:01:05:32 +0100] "GET /ticket2/opencms/hy/buy?page=6&comcatid=A17713B6-D984-201A-4143-ED4DB5ED5C2E&catid=C48671DB-5AEB-8CE2-928E-38417FFBE085 HTTP/1.1" 404 -
85.208.96.211 - - [10/Mar/2025:01:05:33 +0100] "GET /ticket2/opencms/ga/about/contact HTTP/1.1" 200 86451
114.119.148.14 - - [10/Mar/2025:01:05:34 +0100] "GET /ticket2/opencms/en/buy/?page=1&edid=88B08F09-45D8-8B96-5BE9-D16ADC5B8BB2 HTTP/1.1" 200 109294
66.249.76.168 - - [10/Mar/2025:01:05:37 +0100] "GET /ticket2/opencms/et/buy?page=1&edid=57C8D150-DCBD-4911-196A-160A37952FA8 HTTP/1.1" 200 135219
193.70.81.116 - - [10/Mar/2025:01:05:37 +0100] "GET /ticket2/opencms/se/no/buy/?page=1&edid=3502B50F-1738-D633-FD29-6C14BFE62906 HTTP/1.1" 404 -
42.200.230.171 - - [10/Mar/2025:01:05:41 +0100] "GET /ticket2/opencms/dk/no/buy/?page=1&edid=5556BA40-54E1-CC2D-85F8-AEC34D9EFF95&sortorder=asc&column=price HTTP/1.1" 404 -
166.108.193.104 - - [10/Mar/2025:01:05:42 +0100] "GET /ticket2/opencms/et/sport/jalgpallipiletid/champions-league HTTP/1.1" 200 107441
193.70.81.116 - - [10/Mar/2025:01:05:42 +0100] "GET /ticket2/opencms/se/no/buy/?page=1&edid=45C163E6-DE3F-1027-9D58-1BEEA8CF129B&sortorder=asc&column=section HTTP/1.1" 404 -
95.217.114.173 - - [10/Mar/2025:01:05:43 +0100] "GET /ticket2/opencms/no/buy/?page=1&edid=EB15A765-5D9D-970F-9A50-4DA650A06CFC&sortorder=desc&column=section HTTP/1.1" 200 112205
154.54.249.216 - - [10/Mar/2025:01:05:46 +0100] "GET /ticket2/opencms/fi/buy/?page=1&edid=65E7B63A-82AD-5350-7913-2D26A32C5940 HTTP/1.1" 200 110464
193.70.81.116 - - [10/Mar/2025:01:05:48 +0100] "GET /ticket2/opencms/se/no/buy/?page=1&edid=488CFEEB-7668-3AEF-11CB-B07BF51583D9&sortorder=asc&column=price HTTP/1.1" 404 -
47.128.21.95 - - [10/Mar/2025:01:05:50 +0100] "GET /ticket2/opencms/hu/buy/?edid=D8A9B55B-90B1-065C-5A4F-22204AB6F0EC HTTP/1.1" 200 91730
114.119.150.49 - - [10/Mar/2025:01:05:52 +0100] "GET /ticket2/opencms/en/buy/?page=1&edid=D402E731-16BD-6054-BEC0-D195836DBFA5 HTTP/1.1" 200 118521
42.200.230.171 - - [10/Mar/2025:01:05:53 +0100] "GET /ticket2/opencms/dk/no/buy/?page=1&edid=5556BA40-54E1-CC2D-85F8-AEC34D9EFF95&sortorder=asc&column=row HTTP/1.1" 404 -
193.70.81.116 - - [10/Mar/2025:01:05:54 +0100] "GET /ticket2/opencms/se/no/buy/?page=1&edid=488CFEEB-7668-3AEF-11CB-B07BF51583D9&sortorder=asc&column=row HTTP/1.1" 404 -
173.252.83.6 - - [10/Mar/2025:01:05:58 +0100] "GET /ticket2/opencms/uk/magazine/article?title=champions-league-tickets-on-ticket2 HTTP/1.1" 200 98104
193.70.81.116 - - [10/Mar/2025:01:05:59 +0100] "GET /ticket2/opencms/se/no/buy/?page=1&edid=488CFEEB-7668-3AEF-11CB-B07BF51583D9&sortorder=asc&column=section HTTP/1.1" 404 -
66.249.65.197 - - [10/Mar/2025:01:06:02 +0100] "GET /ticket2/opencms/set_aff_cookie.jsp?partner=2E02071B-A8C3-4CBA-3097-C27D61C02ED8&url=%252Ffi%252Fbuy%252Findex.html%253Fpage%253D1%2526edid%253DFDE2CB1B-737B-857F-7431-BD450E7D3BBB%2526hlv%253D666d6f2b-18c4-4b7a-a443-0c190a01000f%2523v_328160449 HTTP/1.1" 200 246
193.70.81.116 - - [10/Mar/2025:01:06:05 +0100] "GET /ticket2/opencms/se/no/buy/?page=1&edid=48B65D5D-E674-805D-CB26-EECA4A45E004&sortorder=asc&column=price HTTP/1.1" 404 -
42.200.230.171 - - [10/Mar/2025:01:06:05 +0100] "GET /ticket2/opencms/dk/no/buy/?page=1&edid=55EB0E82-A00F-A3D2-EC92-281F6ED492E2&sortorder=asc&column=price HTTP/1.1" 404 -
66.249.65.236 - - [10/Mar/2025:01:06:07 +0100] "GET /ticket2/opencms/is/buy/?page=1&edid=2C2E9185-38A8-EBBD-403B-609372D69EE0 HTTP/1.1" 200 133990
40.77.167.76 - - [10/Mar/2025:01:06:08 +0100] "GET /ticket2/opencms/no/sport/fotballsbilletter/champions_league/inter/ HTTP/1.1" 500 -
193.70.81.116 - - [10/Mar/2025:01:06:10 +0100] "GET /ticket2/opencms/se/no/buy/?page=1&edid=48B65D5D-E674-805D-CB26-EECA4A45E004&sortorder=desc&column=section HTTP/1.1" 404 -
52.167.144.172 - - [10/Mar/2025:01:06:12 +0100] "GET /ticket2/opencms/mt/buy/?page=1&edid=AA0CB053-7E44-E554-2B96-FB5320A1DEC1 HTTP/1.1" 200 108176
114.119.135.251 - - [10/Mar/2025:01:06:15 +0100] "GET /ticket2/opencms/es/buy/?page=1&edid=D04A2A75-C354-C952-6F83-6468E82B896B HTTP/1.1" 200 111035
193.70.81.116 - - [10/Mar/2025:01:06:15 +0100] "GET /ticket2/opencms/se/no/buy/?page=1&edid=48E039F7-006E-1F50-BADB-DE9D9973E789&sortorder=asc&column=section HTTP/1.1" 404 -
42.200.230.171 - - [10/Mar/2025:01:06:17 +0100] "GET /ticket2/opencms/dk/no/buy/?page=1&edid=55EB0E82-A00F-A3D2-EC92-281F6ED492E2&sortorder=asc&column=section HTTP/1.1" 404 -
40.77.167.32 - - [10/Mar/2025:01:06:20 +0100] "GET /ticket2/opencms/sk/buy/?page=1&edid=1A1A8533-36C0-086E-89FE-293895ED39A8 HTTP/1.1" 200 108728
193.70.81.116 - - [10/Mar/2025:01:06:21 +0100] "GET /ticket2/opencms/se/no/buy/?page=1&edid=490618CE-2093-9232-6EFE-E2FDF84D0DEE&sortorder=desc&column=section HTTP/1.1" 404 -
20.171.207.145 - - [10/Mar/2025:01:06:22 +0100] "GET /ticket2/opencms/et/sport/jalgpallipiletid/fa-cup HTTP/1.1" 404 -
114.119.143.233 - - [10/Mar/2025:01:06:22 +0100] "GET /ticket2/opencms/ga/buy?page=1&edid=E6BF5AD1-BE0F-B988-8995-E2E5D8BDCA2A HTTP/1.1" 200 112446
85.208.96.210 - - [10/Mar/2025:01:06:24 +0100] "GET /ticket2/opencms/sk/magazine/article?title=fc-liverpool-sezonna-reflexia HTTP/1.1" 200 95363
193.70.81.116 - - [10/Mar/2025:01:06:26 +0100] "GET /ticket2/opencms/se/no/buy/?page=1&edid=4912F0FE-7064-B89A-517A-21A27C476D76 HTTP/1.1" 404 -
42.200.230.171 - - [10/Mar/2025:01:06:29 +0100] "GET /ticket2/opencms/dk/no/buy/?page=1&edid=55EB0E82-A00F-A3D2-EC92-281F6ED492E2&sortorder=desc&column=row HTTP/1.1" 404 -
193.70.81.116 - - [10/Mar/2025:01:06:30 +0100] "GET /ticket2/opencms/se/no/buy/?page=1&edid=49131D36-554D-2A5D-24DA-472029203F75&sortorder=asc&column=price HTTP/1.1" 404 -
102.129.130.168 - - [10/Mar/2025:01:06:31 +0100] "GET /ticket2/opencms/tr/spor/futbol-biletleri/serie-a/milan/ HTTP/1.1" 200 99040
193.70.81.116 - - [10/Mar/2025:01:06:35 +0100] "GET /ticket2/opencms/se/no/buy/?page=1&edid=49131D36-554D-2A5D-24DA-472029203F75&sortorder=asc&column=row HTTP/1.1" 404 -
54.36.148.119 - - [10/Mar/2025:01:06:39 +0100] "GET /ticket2/opencms/be/sport/futbol-kvitki/serie-a/roma HTTP/1.1" 200 101647
40.77.167.32 - - [10/Mar/2025:01:06:39 +0100] "GET /ticket2/opencms/lt/buy/?page=1&edid=31B9C446-A8DC-95DD-A849-35A34B746A74 HTTP/1.1" 200 108624
202.8.41.53 - - [10/Mar/2025:01:06:40 +0100] "GET /ticket2/opencms/system/modules/com.gridnine.opencms.ticketbrokerage.site/resources/css/ticketbrokerage.css HTTP/1.1" 200 39339
202.8.41.53 - - [10/Mar/2025:01:06:40 +0100] "GET /ticket2/opencms/system/modules/com.gridnine.opencms.ticketbrokerage.site/resources/css/jquery-ui.css HTTP/1.1" 200 33221
202.8.41.53 - - [10/Mar/2025:01:06:40 +0100] "GET /ticket2/opencms/system/modules/com.gridnine.opencms.ticketbrokerage.site/resources/css/standard.css HTTP/1.1" 200 74449
202.8.41.53 - - [10/Mar/2025:01:06:40 +0100] "GET /ticket2/opencms/system/modules/com.gridnine.opencms.ticketbrokerage.site/resources/css/jquery.fancybox.css HTTP/1.1" 200 4939
202.8.41.53 - - [10/Mar/2025:01:06:40 +0100] "GET /ticket2/opencms/system/modules/com.gridnine.opencms.ticketbrokerage.site/resources/css/calendar.css HTTP/1.1" 200 6871
202.8.41.53 - - [10/Mar/2025:01:06:40 +0100] "GET /ticket2/opencms/system/modules/com.gridnine.opencms.ticketbrokerage.site/resources/js/calendar-en.js HTTP/1.1" 200 3338
193.70.81.116 - - [10/Mar/2025:01:06:40 +0100] "GET /ticket2/opencms/se/no/buy/?page=1&edid=49131D36-554D-2A5D-24DA-472029203F75&sortorder=desc&column=price HTTP/1.1" 404 -
202.8.41.53 - - [10/Mar/2025:01:06:40 +0100] "GET /ticket2/opencms/system/modules/com.gridnine.opencms.ticketbrokerage.site/resources/js/jquery/jquery.js HTTP/1.1" 200 93868
202.8.41.53 - - [10/Mar/2025:01:06:40 +0100] "GET /ticket2/opencms/system/modules/com.gridnine.opencms.ticketbrokerage.site/resources/js/calendar.js HTTP/1.1" 200 49229
202.8.41.53 - - [10/Mar/2025:01:06:40 +0100] "GET /ticket2/opencms/system/modules/com.gridnine.opencms.ticketbrokerage.site/resources/js/functions.js HTTP/1.1" 200 1583
202.8.41.53 - - [10/Mar/2025:01:06:40 +0100] "GET /ticket2/opencms/system/modules/com.gridnine.opencms.ticketbrokerage.site/resources/js/jquery/jquery-ui.js HTTP/1.1" 200 228088
202.8.41.53 - - [10/Mar/2025:01:06:40 +0100] "GET /ticket2/opencms/system/modules/com.gridnine.opencms.ticketbrokerage.site/resources/js/calendar-setup.js HTTP/1.1" 200 4923
202.8.41.53 - - [10/Mar/2025:01:06:40 +0100] "GET /ticket2/opencms/system/modules/com.gridnine.opencms.ticketbrokerage.site/resources/js/jquery.fancybox.pack.js HTTP/1.1" 200 23187
202.8.41.53 - - [10/Mar/2025:01:06:40 +0100] "GET /ticket2/opencms/system/modules/com.gridnine.opencms.ticketbrokerage.site/resources/js/stickyfill.min.js HTTP/1.1" 200 5672
202.8.41.53 - - [10/Mar/2025:01:06:40 +0100] "GET /ticket2/opencms/system/modules/com.gridnine.opencms.ticketbrokerage.site/resources/js/standard.js HTTP/1.1" 200 3983
202.8.41.53 - - [10/Mar/2025:01:06:40 +0100] "GET /ticket2/opencms/system/modules/com.gridnine.opencms.ticketbrokerage.site/resources/js/jquery.placeholder.min.js HTTP/1.1" 200 1737
85.208.96.199 - - [10/Mar/2025:01:06:40 +0100] "GET /ticket2/opencms/sv/sport/fotbollsbiljetter/serie_a/salernitana/ HTTP/1.1" 500 -
202.8.41.53 - - [10/Mar/2025:01:06:40 +0100] "GET /ticket2/opencms/system/modules/com.gridnine.opencms.ticketbrokerage.site/resources/js/common-ajax.js HTTP/1.1" 200 20175
42.200.230.171 - - [10/Mar/2025:01:06:42 +0100] "GET /ticket2/opencms/dk/no/buy/?page=1&edid=55EB0E82-A00F-A3D2-EC92-281F6ED492E2&sortorder=desc&column=section HTTP/1.1" 404 -
193.70.81.116 - - [10/Mar/2025:01:06:45 +0100] "GET /ticket2/opencms/se/no/buy/?page=1&edid=49131D36-554D-2A5D-24DA-472029203F75&sortorder=desc&column=row HTTP/1.1" 404 -
216.244.66.238 - - [10/Mar/2025:01:06:48 +0100] "GET /ticket2/opencms/fr/sport/billets-football/ligue_1/paris_saint_germain/ HTTP/1.1" 500 -
193.70.81.116 - - [10/Mar/2025:01:06:49 +0100] "GET /ticket2/opencms/se/no/buy/?page=1&edid=49131D36-554D-2A5D-24DA-472029203F75&sortorder=desc&column=section HTTP/1.1" 404 -
85.208.96.193 - - [10/Mar/2025:01:06:50 +0100] "GET /ticket2/opencms/at/login HTTP/1.1" 200 86815
114.119.150.49 - - [10/Mar/2025:01:06:51 +0100] "GET /ticket2/opencms/en/buy/?page=1&edid=D3F8E1A5-D4F3-D048-B768-6E518111605C HTTP/1.1" 200 106778
42.200.230.171 - - [10/Mar/2025:01:06:54 +0100] "GET /ticket2/opencms/dk/no/buy/?page=1&edid=5694EC6E-8F45-E662-BB18-079F1DC3144E&sortorder=asc&column=row HTTP/1.1" 404 -
193.70.81.116 - - [10/Mar/2025:01:06:55 +0100] "GET /ticket2/opencms/se/no/buy/?page=1&edid=492C1137-7E95-5EDF-8C64-E404B3827DAB&sortorder=desc&column=price HTTP/1.1" 404 -
185.191.171.14 - - [10/Mar/2025:01:06:55 +0100] "GET /ticket2/opencms/tr/magazine/article?title=lucas-bergvall-yeni-bir-david-beckham-mi HTTP/1.1" 200 93313
193.70.81.116 - - [10/Mar/2025:01:07:00 +0100] "GET /ticket2/opencms/se/no/buy/?page=1&edid=492C1137-7E95-5EDF-8C64-E404B3827DAB&sortorder=desc&column=row HTTP/1.1" 404 -
54.36.148.130 - - [10/Mar/2025:01:07:02 +0100] "GET /ticket2/opencms/de/sport/fussball-tickets/bundesliga/wolfsburg HTTP/1.1" 500 -
68.183.238.15 - - [10/Mar/2025:01:07:02 +0100] "GET /manager/html HTTP/1.1" 404 -
193.70.81.116 - - [10/Mar/2025:01:07:04 +0100] "GET /ticket2/opencms/se/no/buy/?page=1&edid=493237D4-AB57-51F1-CDB9-F1D0A9269619&sortorder=asc&column=row HTTP/1.1" 404 -
42.200.230.171 - - [10/Mar/2025:01:07:07 +0100] "GET /ticket2/opencms/dk/no/buy/?page=1&edid=5694EC6E-8F45-E662-BB18-079F1DC3144E&sortorder=asc&column=section HTTP/1.1" 404 -
66.249.76.169 - - [10/Mar/2025:01:07:08 +0100] "GET /ticket2/opencms/bg/buy/?comcatid=A17713B6-D984-201A-4143-ED4DB5ED5C2E&catid=36394212-F82E-F845-399B-42BED55969CC HTTP/1.1" 200 157390
193.70.81.116 - - [10/Mar/2025:01:07:09 +0100] "GET /ticket2/opencms/se/no/buy/?page=1&edid=493237D4-AB57-51F1-CDB9-F1D0A9269619&sortorder=desc&column=section HTTP/1.1" 404 -
66.249.65.196 - - [10/Mar/2025:01:07:09 +0100] "GET /ticket2/opencms/et/buy?page=1&edid=F0845893-AB25-79ED-E273-8681A31846EB&hlv=666d4460-bee4-4b1e-95da-64080a01000f HTTP/1.1" 200 113432
47.128.127.1 - - [10/Mar/2025:01:07:11 +0100] "GET /ticket2/opencms/fi/venue/?venueid=BC1A9CCA-795F-F200-591F-A9E7F125D0C8 HTTP/1.1" 200 86850
47.128.52.162 - - [10/Mar/2025:01:07:12 +0100] "GET /ticket2/opencms/hr/buy/?catid=05A94519-01D1-C86F-9031-84936B0B9DAE&comcatid=66708183-7480-3365-06BF-DBF60280AB45 HTTP/1.1" 200 95328
193.70.81.116 - - [10/Mar/2025:01:07:13 +0100] "GET /ticket2/opencms/se/no/buy/?page=1&edid=494A3A9F-B36B-215D-43E8-EDF2201A6F39&sortorder=asc&column=section HTTP/1.1" 404 -
114.119.151.93 - - [10/Mar/2025:01:07:16 +0100] "GET /ticket2/opencms/ga/buy?page=1&edid=E2770D18-E952-4B89-3A99-F864CC9397CA HTTP/1.1" 200 112202
114.119.129.189 - - [10/Mar/2025:01:07:18 +0100] "GET /ticket2/opencms/es/buy/?page=1&edid=49599CA7-0844-E2DA-A659-546B6DDC9473 HTTP/1.1" 200 90348
193.70.81.116 - - [10/Mar/2025:01:07:18 +0100] "GET /ticket2/opencms/se/no/buy/?page=1&edid=4956AE31-3942-7A23-9572-C94FABDC2555 HTTP/1.1" 404 -
185.191.171.8 - - [10/Mar/2025:01:07:19 +0100] "GET /ticket2/opencms/sr/sport/fudbalske-karte/serie-a/bologna HTTP/1.1" 500 -
47.128.124.147 - - [10/Mar/2025:01:07:20 +0100] "GET /ticket2/opencms/bg/buy/?edid=69802F7E-2013-4656-113E-ECD53B17933B HTTP/1.1" 200 92507
42.200.230.171 - - [10/Mar/2025:01:07:20 +0100] "GET /ticket2/opencms/dk/no/buy/?page=1&edid=56F7A79F-ED6D-503D-46E5-CD44AF89319D&sortorder=desc&column=price HTTP/1.1" 404 -
114.119.130.91 - - [10/Mar/2025:01:07:21 +0100] "GET /ticket2/opencms/en/buy/?page=1&edid=875E6B51-C91B-C46E-A4FB-B3662BA0A6E8 HTTP/1.1" 200 109528
85.208.96.205 - - [10/Mar/2025:01:07:21 +0100] "GET /ticket2/opencms/az/magazine/article?title=everton HTTP/1.1" 200 92703
