42.200.230.171 - - [10/Mar/2025:01:13:25 +0100] "GET /ticket2/opencms/dk/no/buy/?page=1&edid=7BDF5FBF-D958-27AA-DC3E-12B0666E0820&sortorder=desc&column=price HTTP/1.1" 404 -
185.191.171.2 - - [10/Mar/2025:01:13:31 +0100] "GET /ticket2/opencms/hu/magazine/article?title=william-alain-andre-gabriel-saliba HTTP/1.1" 200 95408
193.70.81.116 - - [10/Mar/2025:01:13:35 +0100] "GET /ticket2/opencms/se/ru/buy/?page=1&edid=AADB97AA-753F-6683-4365-36CAB9336CCD&sortorder=desc&column=row HTTP/1.1" 404 -
42.200.230.171 - - [10/Mar/2025:01:13:38 +0100] "GET /ticket2/opencms/dk/no/buy/?page=1&edid=7BDF5FBF-D958-27AA-DC3E-12B0666E0820&sortorder=desc&column=row HTTP/1.1" 404 -
54.36.149.34 - - [10/Mar/2025:01:13:41 +0100] "GET /ticket2/opencms/bs/sport/fudbalske-karte/serie-a/empoli HTTP/1.1" 500 -
85.208.96.203 - - [10/Mar/2025:01:13:42 +0100] "GET /ticket2/opencms/el/buy_safety/ HTTP/1.1" 200 91161
193.70.81.116 - - [10/Mar/2025:01:13:42 +0100] "GET /ticket2/opencms/se/ru/buy/?page=1&edid=C2A79993-E70B-426D-9013-A8F409E2602A&sortorder=desc&column=section HTTP/1.1" 404 -
172.69.136.174 - - [10/Mar/2025:01:13:43 +0100] "GET /ticket2/opencms/de/wp-admin/setup-config.php HTTP/1.1" 404 -
20.171.207.145 - - [10/Mar/2025:01:13:47 +0100] "GET /ticket2/opencms/be/sport/futbol-kvitki/eredivisie HTTP/1.1" 500 -
114.119.154.81 - - [10/Mar/2025:01:13:48 +0100] "GET /ticket2/opencms/en/buy/?page=1&edid=D3961231-7877-42EF-B532-0CF3B9007345 HTTP/1.1" 200 108859
95.217.114.173 - - [10/Mar/2025:01:13:51 +0100] "GET /ticket2/opencms/no/buy/?page=1&edid=EB592836-3B3C-DB5C-2862-32483E1FB13E HTTP/1.1" 200 110297
42.200.230.171 - - [10/Mar/2025:01:13:53 +0100] "GET /ticket2/opencms/dk/no/buy/?page=1&edid=7BDF5FBF-D958-27AA-DC3E-12B0666E0820&sortorder=desc&column=section HTTP/1.1" 404 -
193.70.81.116 - - [10/Mar/2025:01:13:54 +0100] "GET /ticket2/opencms/se/ru/buy/?page=1&edid=C2EAC35C-806F-010C-DE25-D13971AC8E7C&sortorder=desc&column=row HTTP/1.1" 404 -
68.183.238.15 - - [10/Mar/2025:01:13:54 +0100] "GET /manager/html HTTP/1.1" 404 -
52.167.144.208 - - [10/Mar/2025:01:13:56 +0100] "GET /ticket2/opencms/sv/buy/?page=1&edid=AC8F7448-8C97-BB58-DCF6-B6425E43C512 HTTP/1.1" 200 108075
114.119.157.43 - - [10/Mar/2025:01:13:56 +0100] "GET /ticket2/opencms/ga/buy?page=1&edid=B079F7BD-9B1A-1AD5-CC34-80B529E926D0 HTTP/1.1" 200 111739
18.204.42.74 - - [10/Mar/2025:01:13:57 +0100] "GET /ticket2/opencms/sv/ HTTP/1.1" 200 103526
47.128.34.17 - - [10/Mar/2025:01:13:58 +0100] "GET /ticket2/opencms/es/buy/?edid=A41E1AA3-2CBC-8C77-6CAE-A96D07E2BBF7 HTTP/1.1" 200 91476
193.70.81.116 - - [10/Mar/2025:01:14:01 +0100] "GET /ticket2/opencms/se/ru/buy/?page=1&edid=C2EAC35C-806F-010C-DE25-D13971AC8E7C&sortorder=desc&column=section HTTP/1.1" 404 -
42.200.230.171 - - [10/Mar/2025:01:14:04 +0100] "GET /ticket2/opencms/dk/no/buy/?page=1&edid=7DCEB9A7-58B5-E380-B09A-8CD7B35FEB72&sortorder=asc&column=price HTTP/1.1" 404 -
200.68.128.75 - - [10/Mar/2025:01:14:05 +0100] "GET /ticket2/opencms/img/shutterstock_1559114345.jpg HTTP/1.1" 200 1583836
193.70.81.116 - - [10/Mar/2025:01:14:08 +0100] "GET /ticket2/opencms/se/ru/buy/?page=1&edid=C2F86751-E024-98A5-061F-2BBB7D08F9CD HTTP/1.1" 404 -
207.46.13.51 - - [10/Mar/2025:01:14:12 +0100] "GET /ticket2/opencms/sv/buy?page=1&edid=0E138D6B-EAE4-AAFF-6AB5-84BFB6980E29 HTTP/1.1" 200 111120
47.128.118.65 - - [10/Mar/2025:01:14:13 +0100] "GET /ticket2/opencms/be/buy/?edid=125D5AA8-AD90-8CAC-0060-B35EE32435FE HTTP/1.1" 200 92588
207.46.13.51 - - [10/Mar/2025:01:14:14 +0100] "GET /ticket2/opencms/sl/buy?page=1&edid=E2335D3A-AA7F-75B0-13BA-08DB12EB17DD HTTP/1.1" 200 111814
114.119.151.50 - - [10/Mar/2025:01:14:14 +0100] "GET /ticket2/opencms/es/buy/?page=1&edid=DE7FBF5B-9DCC-CEE2-6DAD-A4ECB73A57FF HTTP/1.1" 200 135099
193.70.81.116 - - [10/Mar/2025:01:14:14 +0100] "GET /ticket2/opencms/se/ru/buy/?page=1&edid=C2F86751-E024-98A5-061F-2BBB7D08F9CD&sortorder=desc&column=price HTTP/1.1" 404 -
114.119.141.34 - - [10/Mar/2025:01:14:15 +0100] "GET /ticket2/opencms/en/buy/?page=1&edid=8551F24F-7E36-E365-707B-96D4F958640A HTTP/1.1" 200 110018
42.200.230.171 - - [10/Mar/2025:01:14:16 +0100] "GET /ticket2/opencms/dk/no/buy/?page=1&edid=7DCEB9A7-58B5-E380-B09A-8CD7B35FEB72&sortorder=asc&column=section HTTP/1.1" 404 -
162.158.222.104 - - [10/Mar/2025:01:14:17 +0100] "GET /ticket2/opencms/de/wp-admin/setup-config.php HTTP/1.1" 404 -
66.220.149.20 - - [10/Mar/2025:01:14:17 +0100] "GET /ticket2/opencms/ga/sport/ticeid-peile/bundesliga/wolfsburg/ HTTP/1.1" 500 -
69.171.249.1 - - [10/Mar/2025:01:14:19 +0100] "GET /ticket2/opencms/sr/buy/?page=1&edid=4BF6A542-B6C8-E36E-90B2-447AC159728B HTTP/1.1" 200 108988
193.70.81.116 - - [10/Mar/2025:01:14:21 +0100] "GET /ticket2/opencms/se/ru/buy/?page=1&edid=C2F86751-E024-98A5-061F-2BBB7D08F9CD&sortorder=desc&column=row HTTP/1.1" 404 -
66.249.76.168 - - [10/Mar/2025:01:14:22 +0100] "GET /ticket2/opencms/de/buy/?page=1&edid=578ABCE9-06EA-4939-3CFF-C4F189A950CC HTTP/1.1" 200 90011
193.70.81.116 - - [10/Mar/2025:01:14:27 +0100] "GET /ticket2/opencms/se/ru/buy/?page=1&edid=C2F86751-E024-98A5-061F-2BBB7D08F9CD&sortorder=desc&column=section HTTP/1.1" 404 -
42.200.230.171 - - [10/Mar/2025:01:14:28 +0100] "GET /ticket2/opencms/dk/no/buy/?page=1&edid=7E9AB165-1BAA-5369-C1B0-32A4E5979FAC&sortorder=asc&column=price HTTP/1.1" 404 -
172.69.136.188 - - [10/Mar/2025:01:14:31 +0100] "GET /ticket2/opencms/de/wordpress/wp-admin/setup-config.php HTTP/1.1" 404 -
54.36.149.87 - - [10/Mar/2025:01:14:32 +0100] "GET /ticket2/opencms/es/buy?page=1&edid=750C6040-29F7-425D-A24F-51B977F415A3 HTTP/1.1" 200 137288
193.70.81.116 - - [10/Mar/2025:01:14:34 +0100] "GET /ticket2/opencms/se/ru/buy/?page=1&edid=C3165088-0871-A664-2A94-8C277D4CEE8F&sortorder=desc&column=price HTTP/1.1" 404 -
52.167.144.20 - - [10/Mar/2025:01:14:36 +0100] "GET /ticket2/opencms/sv/buy/?page=1&edid=3624BB9D-BDA3-C6BF-E8FF-2DF1F5C3F73A HTTP/1.1" 200 108155
42.200.230.171 - - [10/Mar/2025:01:14:40 +0100] "GET /ticket2/opencms/dk/no/buy/?page=1&edid=7EB4B334-95CD-132B-87F8-58D620003B82&sortorder=asc&column=price HTTP/1.1" 404 -
114.119.136.30 - - [10/Mar/2025:01:14:44 +0100] "GET /ticket2/opencms/ga/buy?page=1&edid=A347B02B-B436-1BEB-8AE0-5D697393ED67 HTTP/1.1" 200 109093
193.70.81.116 - - [10/Mar/2025:01:14:46 +0100] "GET /ticket2/opencms/se/ru/buy/?page=1&edid=C37415B8-5B3B-C138-0EE3-D2C082D87A70&sortorder=desc&column=section HTTP/1.1" 404 -
40.77.167.149 - - [10/Mar/2025:01:14:50 +0100] "GET /ticket2/opencms/el/buy/?page=1&edid=9BFFFF0C-C809-CAED-9589-C9537A82DE22 HTTP/1.1" 200 114581
185.191.171.17 - - [10/Mar/2025:01:14:50 +0100] "GET /ticket2/opencms/sv/magazine/article?title=brighton-and-hove-albion HTTP/1.1" 200 92872
42.200.230.171 - - [10/Mar/2025:01:14:52 +0100] "GET /ticket2/opencms/dk/no/buy/?page=1&edid=7EB4B334-95CD-132B-87F8-58D620003B82&sortorder=asc&column=row HTTP/1.1" 404 -
20.171.207.145 - - [10/Mar/2025:01:14:52 +0100] "GET /ticket2/opencms/pl/sport/bilety-futbol/eredivisie HTTP/1.1" 500 -
193.70.81.116 - - [10/Mar/2025:01:14:53 +0100] "GET /ticket2/opencms/se/ru/buy/?page=1&edid=C3C85BA9-2E4B-C378-8825-4A7128A5F236&sortorder=asc&column=section HTTP/1.1" 404 -
185.191.171.11 - - [10/Mar/2025:01:14:54 +0100] "GET /ticket2/opencms/sv/magazine/article?title=kylian-mbappe HTTP/1.1" 200 93915
40.77.167.10 - - [10/Mar/2025:01:14:55 +0100] "GET /ticket2/opencms/nl/sport/voetbal-tickets/premier_league/newcastle-united/ HTTP/1.1" 200 92105
185.191.171.4 - - [10/Mar/2025:01:14:59 +0100] "GET /ticket2/opencms/robots.txt HTTP/1.1" 200 773
193.70.81.116 - - [10/Mar/2025:01:14:59 +0100] "GET /ticket2/opencms/se/ru/buy/?page=1&edid=C43AF7C0-26BE-B2AE-78CB-C76D3232FCED HTTP/1.1" 404 -
185.191.171.12 - - [10/Mar/2025:01:15:00 +0100] "GET /ticket2/opencms/bs/magazine/article?title=manchester-city-protiv-queens-park-rangers HTTP/1.1" 200 94385
154.54.249.216 - - [10/Mar/2025:01:15:01 +0100] "GET /ticket2/opencms/fi/venue/?venueid=22A38509-349B-CEBC-EA2F-719FED9069C4 HTTP/1.1" 200 86911
42.200.230.171 - - [10/Mar/2025:01:15:03 +0100] "GET /ticket2/opencms/dk/no/buy/?page=1&edid=7EB7BD2E-35BC-AFEE-4299-6D56D0CD8BF2&sortorder=asc&column=price HTTP/1.1" 404 -
193.70.81.116 - - [10/Mar/2025:01:15:06 +0100] "GET /ticket2/opencms/se/ru/buy/?page=1&edid=C4733841-CB74-1294-3A42-76C1CFF52C42&sortorder=desc&column=price HTTP/1.1" 404 -
40.77.167.22 - - [10/Mar/2025:01:15:09 +0100] "GET /ticket2/opencms/en/magazine/article?title=kylian-mbappe HTTP/1.1" 200 92014
79.42.2.174 - - [10/Mar/2025:01:15:09 +0100] "GET /ticket2/opencms/it/buy/?page=1&edid=151755CC-6470-A9AF-4FE7-BAC9FAA3C886 HTTP/1.1" 200 90260
47.128.59.71 - - [10/Mar/2025:01:15:09 +0100] "GET /ticket2/opencms/fi/venue/?venueid=17D6F983-3B1F-54BA-CC32-B050F0933AC3 HTTP/1.1" 200 86768
79.42.2.174 - - [10/Mar/2025:01:15:09 +0100] "GET /ticket2/opencms/system/modules/com.gridnine.opencms.ticketbrokerage.site/resources/js/jquery/jquery.js HTTP/1.1" 200 93868
79.42.2.174 - - [10/Mar/2025:01:15:10 +0100] "GET /ticket2/opencms/system/modules/com.gridnine.opencms.ticketbrokerage.site/resources/js/jquery/jquery-ui.js HTTP/1.1" 200 228088
79.42.2.174 - - [10/Mar/2025:01:15:10 +0100] "GET /ticket2/opencms/system/modules/com.gridnine.opencms.ticketbrokerage.site/resources/css/ticketbrokerage.css HTTP/1.1" 200 39339
79.42.2.174 - - [10/Mar/2025:01:15:10 +0100] "GET /ticket2/opencms/system/modules/com.gridnine.opencms.ticketbrokerage.site/resources/css/jquery.fancybox.css HTTP/1.1" 200 4939
79.42.2.174 - - [10/Mar/2025:01:15:10 +0100] "GET /ticket2/opencms/system/modules/com.gridnine.opencms.ticketbrokerage.site/resources/css/jquery-ui.css HTTP/1.1" 200 33221
79.42.2.174 - - [10/Mar/2025:01:15:10 +0100] "GET /ticket2/opencms/system/modules/com.gridnine.opencms.ticketbrokerage.site/resources/css/standard.css HTTP/1.1" 200 74449
79.42.2.174 - - [10/Mar/2025:01:15:10 +0100] "GET /ticket2/opencms/system/modules/com.gridnine.opencms.ticketbrokerage.site/resources/css/calendar.css HTTP/1.1" 200 6871
79.42.2.174 - - [10/Mar/2025:01:15:10 +0100] "GET /ticket2/opencms/system/modules/com.gridnine.opencms.ticketbrokerage.site/resources/js/functions.js HTTP/1.1" 200 1583
79.42.2.174 - - [10/Mar/2025:01:15:10 +0100] "GET /ticket2/opencms/system/modules/com.gridnine.opencms.ticketbrokerage.site/resources/js/calendar.js HTTP/1.1" 200 49229
79.42.2.174 - - [10/Mar/2025:01:15:10 +0100] "GET /ticket2/opencms/system/modules/com.gridnine.opencms.ticketbrokerage.site/resources/js/calendar-en.js HTTP/1.1" 200 3338
79.42.2.174 - - [10/Mar/2025:01:15:10 +0100] "GET /ticket2/opencms/system/modules/com.gridnine.opencms.ticketbrokerage.site/resources/js/calendar-setup.js HTTP/1.1" 200 4923
79.42.2.174 - - [10/Mar/2025:01:15:10 +0100] "GET /ticket2/opencms/system/modules/com.gridnine.opencms.ticketbrokerage.site/resources/js/jquery.fancybox.pack.js HTTP/1.1" 200 23187
79.42.2.174 - - [10/Mar/2025:01:15:10 +0100] "GET /ticket2/opencms/system/modules/com.gridnine.opencms.ticketbrokerage.site/resources/js/stickyfill.min.js HTTP/1.1" 200 5672
79.42.2.174 - - [10/Mar/2025:01:15:10 +0100] "GET /ticket2/opencms/system/modules/com.gridnine.opencms.ticketbrokerage.site/resources/js/standard.js HTTP/1.1" 200 3983
79.42.2.174 - - [10/Mar/2025:01:15:10 +0100] "GET /ticket2/opencms/system/modules/com.gridnine.opencms.ticketbrokerage.site/resources/js/jquery.placeholder.min.js HTTP/1.1" 200 1737
79.42.2.174 - - [10/Mar/2025:01:15:10 +0100] "GET /ticket2/opencms/system/modules/com.gridnine.opencms.ticketbrokerage.site/resources/js/common-ajax.js HTTP/1.1" 200 20175
79.42.2.174 - - [10/Mar/2025:01:15:10 +0100] "GET /ticket2/opencms/system/modules/com.gridnine.opencms.ticketbrokerage.site/resources/pics/logo-new.png HTTP/1.1" 200 13541
79.42.2.174 - - [10/Mar/2025:01:15:10 +0100] "GET /ticket2/opencms/img/insta.png HTTP/1.1" 200 3967
79.42.2.174 - - [10/Mar/2025:01:15:10 +0100] "GET /ticket2/opencms/img/fb.png HTTP/1.1" 200 1269
79.42.2.174 - - [10/Mar/2025:01:15:10 +0100] "GET /ticket2/opencms/img/check.png HTTP/1.1" 200 548
79.42.2.174 - - [10/Mar/2025:01:15:10 +0100] "GET /ticket2/opencms/img/mail.png HTTP/1.1" 200 403
79.42.2.174 - - [10/Mar/2025:01:15:10 +0100] "GET /ticket2/opencms/system/modules/com.gridnine.opencms.ticketbrokerage.site/resources/pics/footer-img.jpg HTTP/1.1" 200 67642
79.42.2.174 - - [10/Mar/2025:01:15:10 +0100] "GET /ticket2/opencms/img/chat.png HTTP/1.1" 200 416
79.42.2.174 - - [10/Mar/2025:01:15:10 +0100] "GET /ticket2/opencms/img/arrow.png HTTP/1.1" 200 753
79.42.2.174 - - [10/Mar/2025:01:15:10 +0100] "GET /ticket2/opencms/img/icons/globe-white.png HTTP/1.1" 200 947
79.42.2.174 - - [10/Mar/2025:01:15:11 +0100] "GET /ticket2/opencms/img/icons/se.png HTTP/1.1" 200 1258
79.42.2.174 - - [10/Mar/2025:01:15:11 +0100] "GET /ticket2/opencms/img/icons/es.png HTTP/1.1" 200 1005
79.42.2.174 - - [10/Mar/2025:01:15:11 +0100] "GET /ticket2/opencms/img/icons/sq.png HTTP/1.1" 200 1619
79.42.2.174 - - [10/Mar/2025:01:15:11 +0100] "GET /ticket2/opencms/img/icons/az.png HTTP/1.1" 200 1445
79.42.2.174 - - [10/Mar/2025:01:15:11 +0100] "GET /ticket2/opencms/img/icons/be.png HTTP/1.1" 200 1663
79.42.2.174 - - [10/Mar/2025:01:15:11 +0100] "GET /ticket2/opencms/img/icons/bs.png HTTP/1.1" 200 1014
79.42.2.174 - - [10/Mar/2025:01:15:11 +0100] "GET /ticket2/opencms/img/icons/bg.png HTTP/1.1" 200 788
79.42.2.174 - - [10/Mar/2025:01:15:11 +0100] "GET /ticket2/opencms/img/icons/hr.png HTTP/1.1" 200 2024
79.42.2.174 - - [10/Mar/2025:01:15:11 +0100] "GET /ticket2/opencms/img/icons/cs.png HTTP/1.1" 200 1883
79.42.2.174 - - [10/Mar/2025:01:15:11 +0100] "GET /ticket2/opencms/img/icons/et.png HTTP/1.1" 200 754
79.42.2.174 - - [10/Mar/2025:01:15:11 +0100] "GET /ticket2/opencms/img/icons/el.png HTTP/1.1" 200 1637
79.42.2.174 - - [10/Mar/2025:01:15:12 +0100] "GET /ticket2/opencms/img/icons/ka.png HTTP/1.1" 200 860
79.42.2.174 - - [10/Mar/2025:01:15:12 +0100] "GET /ticket2/opencms/img/icons/hu.png HTTP/1.1" 200 733
79.42.2.174 - - [10/Mar/2025:01:15:12 +0100] "GET /ticket2/opencms/img/icons/is.png HTTP/1.1" 200 1884
79.42.2.174 - - [10/Mar/2025:01:15:12 +0100] "GET /ticket2/opencms/img/icons/ga.png HTTP/1.1" 200 1759
79.42.2.174 - - [10/Mar/2025:01:15:12 +0100] "GET /ticket2/opencms/img/icons/lv.png HTTP/1.1" 200 716
79.42.2.174 - - [10/Mar/2025:01:15:12 +0100] "GET /ticket2/opencms/img/icons/lt.png HTTP/1.1" 200 733
79.42.2.174 - - [10/Mar/2025:01:15:12 +0100] "GET /ticket2/opencms/img/icons/mt.png HTTP/1.1" 200 920
79.42.2.174 - - [10/Mar/2025:01:15:12 +0100] "GET /ticket2/opencms/img/icons/en.png HTTP/1.1" 200 2415
79.42.2.174 - - [10/Mar/2025:01:15:12 +0100] "GET /ticket2/opencms/img/icons/mo.png HTTP/1.1" 200 1468
79.42.2.174 - - [10/Mar/2025:01:15:12 +0100] "GET /ticket2/opencms/img/icons/ro.png HTTP/1.1" 200 1393
79.42.2.174 - - [10/Mar/2025:01:15:12 +0100] "GET /ticket2/opencms/img/icons/fr.png HTTP/1.1" 200 1764
79.42.2.174 - - [10/Mar/2025:01:15:12 +0100] "GET /ticket2/opencms/img/icons/fi.png HTTP/1.1" 200 1785
79.42.2.174 - - [10/Mar/2025:01:15:12 +0100] "GET /ticket2/opencms/img/icons/sl.png HTTP/1.1" 200 966
79.42.2.174 - - [10/Mar/2025:01:15:12 +0100] "GET /ticket2/opencms/img/icons/uk.png HTTP/1.1" 200 1272
79.42.2.174 - - [10/Mar/2025:01:15:12 +0100] "GET /ticket2/opencms/img/icons/it.png HTTP/1.1" 200 2040
79.42.2.174 - - [10/Mar/2025:01:15:12 +0100] "GET /ticket2/opencms/img/icons/pl.png HTTP/1.1" 200 1578
79.42.2.174 - - [10/Mar/2025:01:15:12 +0100] "GET /ticket2/opencms/img/icons/tr.png HTTP/1.1" 200 1636
79.42.2.174 - - [10/Mar/2025:01:15:12 +0100] "GET /ticket2/opencms/img/icons/no.png HTTP/1.1" 200 1958
79.42.2.174 - - [10/Mar/2025:01:15:12 +0100] "GET /ticket2/opencms/img/icons/nl.png HTTP/1.1" 200 1255
79.42.2.174 - - [10/Mar/2025:01:15:12 +0100] "GET /ticket2/opencms/img/icons/de.png HTTP/1.1" 200 1124
79.42.2.174 - - [10/Mar/2025:01:15:12 +0100] "GET /ticket2/opencms/img/icons/dk.png HTTP/1.1" 200 1706
79.42.2.174 - - [10/Mar/2025:01:15:12 +0100] "GET /ticket2/opencms/img/icons/sr.png HTTP/1.1" 200 1602
79.42.2.174 - - [10/Mar/2025:01:15:13 +0100] "GET /ticket2/opencms/img/icons/sk.png HTTP/1.1" 200 1283
207.46.13.51 - - [10/Mar/2025:01:15:13 +0100] "GET /ticket2/opencms/dk/buy/?page=1&edid=D774E566-37EE-86F6-1D9C-096C682D965E HTTP/1.1" 200 111109
79.42.2.174 - - [10/Mar/2025:01:15:13 +0100] "GET /ticket2/opencms/system/modules/com.gridnine.opencms.ticketbrokerage.site/resources/js/standard.js HTTP/1.1" 200 3983
207.46.13.7 - - [10/Mar/2025:01:15:14 +0100] "GET /ticket2/opencms/sl/faq HTTP/1.1" 200 90412
193.70.81.116 - - [10/Mar/2025:01:15:14 +0100] "GET /ticket2/opencms/se/ru/buy/?page=1&edid=C4733841-CB74-1294-3A42-76C1CFF52C42&sortorder=desc&column=row HTTP/1.1" 404 -
42.200.230.171 - - [10/Mar/2025:01:15:17 +0100] "GET /ticket2/opencms/dk/no/buy/?page=1&edid=7F6D28D8-191F-2F85-EE58-DDCAC76CD2FF&sortorder=asc&column=price HTTP/1.1" 404 -
47.128.32.50 - - [10/Mar/2025:01:15:19 +0100] "GET /ticket2/opencms/hu/buy/?catid=24AC1CA6-1C09-0BE5-C04A-9DCCDB15D5E9&comcatid=A17713B6-D984-201A-4143-ED4DB5ED5C2E HTTP/1.1" 200 103405
185.191.171.5 - - [10/Mar/2025:01:15:19 +0100] "GET /ticket2/opencms/be/magazine/article?title=jude-bellingham HTTP/1.1" 200 93628
193.70.81.116 - - [10/Mar/2025:01:15:21 +0100] "GET /ticket2/opencms/se/ru/buy/?page=1&edid=C4733841-CB74-1294-3A42-76C1CFF52C42&sortorder=desc&column=section HTTP/1.1" 404 -
66.249.65.197 - - [10/Mar/2025:01:15:23 +0100] "GET /ticket2/opencms/de/buy/?page=1&edid=403C6528-29E0-E7F0-69C0-963918D78FCD HTTP/1.1" 200 89810
173.252.69.2 - - [10/Mar/2025:01:15:24 +0100] "GET /ticket2/opencms/hr/buy?page=1&edid=4BF6A542-B6C8-E36E-90B2-447AC159728B HTTP/1.1" 200 108694
114.119.141.206 - - [10/Mar/2025:01:15:24 +0100] "GET /ticket2/opencms/en/buy/?page=1&edid=D3409875-950F-9A63-CFD2-A239645960E3 HTTP/1.1" 200 106705
207.46.13.51 - - [10/Mar/2025:01:15:27 +0100] "GET /ticket2/opencms/sitemap.xml HTTP/1.1" 200 501315
207.46.13.51 - - [10/Mar/2025:01:15:29 +0100] "GET /ticket2/opencms/lt/buy/?page=1&edid=C7C9871F-E8C9-3E44-2741-48B2F1873D18 HTTP/1.1" 200 111905
42.200.230.171 - - [10/Mar/2025:01:15:29 +0100] "GET /ticket2/opencms/dk/no/buy/?page=1&edid=7F6D28D8-191F-2F85-EE58-DDCAC76CD2FF&sortorder=asc&column=row HTTP/1.1" 404 -
193.70.81.116 - - [10/Mar/2025:01:15:33 +0100] "GET /ticket2/opencms/se/ru/buy/?page=1&edid=C5829853-4CA4-0095-2A28-946BA91BD80E&sortorder=desc&column=price HTTP/1.1" 404 -
91.124.117.248 - - [10/Mar/2025:01:15:34 +0100] "GET /ticket2/opencms/be/buy/?edid=71A5516F-6BB3-FB63-461B-A9493E3B32DA&page=1 HTTP/1.1" 200 126579
54.36.148.253 - - [10/Mar/2025:01:15:38 +0100] "GET /ticket2/opencms/hr/sport/nogometne-ulaznice/serie-a/roma HTTP/1.1" 200 100623
193.70.81.116 - - [10/Mar/2025:01:15:39 +0100] "GET /ticket2/opencms/se/ru/buy/?page=1&edid=C5829853-4CA4-0095-2A28-946BA91BD80E&sortorder=desc&column=section HTTP/1.1" 404 -
202.8.40.165 - - [10/Mar/2025:01:15:39 +0100] "GET /ticket2/opencms/system/modules/com.gridnine.opencms.ticketbrokerage.site/resources/css/ticketbrokerage.css HTTP/1.1" 200 39339
202.8.40.165 - - [10/Mar/2025:01:15:39 +0100] "GET /ticket2/opencms/system/modules/com.gridnine.opencms.ticketbrokerage.site/resources/css/calendar.css HTTP/1.1" 200 6871
202.8.40.165 - - [10/Mar/2025:01:15:39 +0100] "GET /ticket2/opencms/system/modules/com.gridnine.opencms.ticketbrokerage.site/resources/css/jquery-ui.css HTTP/1.1" 200 33221
202.8.40.165 - - [10/Mar/2025:01:15:39 +0100] "GET /ticket2/opencms/system/modules/com.gridnine.opencms.ticketbrokerage.site/resources/js/jquery/jquery.js HTTP/1.1" 200 93868
202.8.40.165 - - [10/Mar/2025:01:15:39 +0100] "GET /ticket2/opencms/system/modules/com.gridnine.opencms.ticketbrokerage.site/resources/css/jquery.fancybox.css HTTP/1.1" 200 4939
202.8.40.165 - - [10/Mar/2025:01:15:39 +0100] "GET /ticket2/opencms/system/modules/com.gridnine.opencms.ticketbrokerage.site/resources/css/standard.css HTTP/1.1" 200 74449
114.119.141.34 - - [10/Mar/2025:01:15:39 +0100] "GET /ticket2/opencms/en/buy/?page=1&edid=8528F9BE-E74F-7018-BEA6-8631CBF08136 HTTP/1.1" 200 109487
202.8.40.165 - - [10/Mar/2025:01:15:40 +0100] "GET /ticket2/opencms/system/modules/com.gridnine.opencms.ticketbrokerage.site/resources/js/jquery/jquery-ui.js HTTP/1.1" 200 228088
202.8.40.165 - - [10/Mar/2025:01:15:40 +0100] "GET /ticket2/opencms/system/modules/com.gridnine.opencms.ticketbrokerage.site/resources/js/functions.js HTTP/1.1" 200 1583
202.8.40.165 - - [10/Mar/2025:01:15:40 +0100] "GET /ticket2/opencms/system/modules/com.gridnine.opencms.ticketbrokerage.site/resources/js/calendar.js HTTP/1.1" 200 49229
202.8.40.165 - - [10/Mar/2025:01:15:40 +0100] "GET /ticket2/opencms/system/modules/com.gridnine.opencms.ticketbrokerage.site/resources/js/calendar-en.js HTTP/1.1" 200 3338
202.8.40.165 - - [10/Mar/2025:01:15:40 +0100] "GET /ticket2/opencms/system/modules/com.gridnine.opencms.ticketbrokerage.site/resources/js/calendar-setup.js HTTP/1.1" 200 4923
202.8.40.165 - - [10/Mar/2025:01:15:40 +0100] "GET /ticket2/opencms/system/modules/com.gridnine.opencms.ticketbrokerage.site/resources/js/stickyfill.min.js HTTP/1.1" 200 5672
202.8.40.165 - - [10/Mar/2025:01:15:40 +0100] "GET /ticket2/opencms/system/modules/com.gridnine.opencms.ticketbrokerage.site/resources/js/jquery.fancybox.pack.js HTTP/1.1" 200 23187
202.8.40.165 - - [10/Mar/2025:01:15:40 +0100] "GET /ticket2/opencms/system/modules/com.gridnine.opencms.ticketbrokerage.site/resources/js/standard.js HTTP/1.1" 200 3983
202.8.40.165 - - [10/Mar/2025:01:15:40 +0100] "GET /ticket2/opencms/system/modules/com.gridnine.opencms.ticketbrokerage.site/resources/js/jquery.placeholder.min.js HTTP/1.1" 200 1737
202.8.40.165 - - [10/Mar/2025:01:15:40 +0100] "GET /ticket2/opencms/system/modules/com.gridnine.opencms.ticketbrokerage.site/resources/js/common-ajax.js HTTP/1.1" 200 20175
42.200.230.171 - - [10/Mar/2025:01:15:41 +0100] "GET /ticket2/opencms/dk/no/buy/?page=1&edid=7F6D28D8-191F-2F85-EE58-DDCAC76CD2FF&sortorder=asc&column=section HTTP/1.1" 404 -
114.119.143.233 - - [10/Mar/2025:01:15:42 +0100] "GET /ticket2/opencms/ga/buy?page=1&edid=8D0833AE-2B01-AC15-150E-0BB34ED20EA0 HTTP/1.1" 200 90440
92.255.57.58 - - [10/Mar/2025:01:15:43 +0100] "GET /ticket2/opencms/de/actuator/gateway/routes HTTP/1.1" 404 -
193.70.81.116 - - [10/Mar/2025:01:15:46 +0100] "GET /ticket2/opencms/se/ru/buy/?page=1&edid=C5BE8910-C31D-1B7A-D498-4C5862D3F5A8&sortorder=desc&column=price HTTP/1.1" 404 -
154.54.249.216 - - [10/Mar/2025:01:15:48 +0100] "GET /ticket2/opencms/fi/venue/?venueid=2B8D0888-5DB2-65B4-1080-38E069157030 HTTP/1.1" 200 86914
85.208.96.206 - - [10/Mar/2025:01:15:48 +0100] "GET /ticket2/opencms/it/magazine/article?title=arsenal-si-avvicina-a-liverpool HTTP/1.1" 200 93012
185.191.171.10 - - [10/Mar/2025:01:15:50 +0100] "GET /ticket2/opencms/sk/buy_safety/ HTTP/1.1" 200 89705
95.217.114.173 - - [10/Mar/2025:01:15:52 +0100] "GET /ticket2/opencms/no/buy/?page=1&edid=EB7505A6-E557-8D36-20EB-6A7F87EA40E2 HTTP/1.1" 200 108061
193.70.81.116 - - [10/Mar/2025:01:15:53 +0100] "GET /ticket2/opencms/se/ru/buy/?page=1&edid=C5BE8910-C31D-1B7A-D498-4C5862D3F5A8&sortorder=desc&column=row HTTP/1.1" 404 -
42.200.230.171 - - [10/Mar/2025:01:15:53 +0100] "GET /ticket2/opencms/dk/no/buy/?page=1&edid=7F6D28D8-191F-2F85-EE58-DDCAC76CD2FF&sortorder=desc&column=row HTTP/1.1" 404 -
85.208.96.210 - - [10/Mar/2025:01:15:53 +0100] "GET /ticket2/opencms/is/magazine/article?title=cristiano-ronaldo HTTP/1.1" 200 94480
114.119.151.50 - - [10/Mar/2025:01:15:54 +0100] "GET /ticket2/opencms/es/buy/?page=1&edid=85FEE197-56BE-9C34-A3B3-D08AF509D2AB HTTP/1.1" 200 134499
20.171.207.145 - - [10/Mar/2025:01:15:55 +0100] "GET /ticket2/opencms/uk/sport/kvytky-na-futbol/ HTTP/1.1" 500 -
40.77.167.4 - - [10/Mar/2025:01:15:59 +0100] "GET /ticket2/opencms/fi/buy/?page=1&edid=039D4473-D662-2ED5-D620-F30FCE116F43 HTTP/1.1" 200 111197
54.70.190.91 - - [10/Mar/2025:01:16:02 +0100] "GET /ticket2/opencms/ HTTP/1.1" 302 -
54.70.190.91 - - [10/Mar/2025:01:16:03 +0100] "GET /ticket2/opencms/en/ HTTP/1.1" 200 102092
42.200.230.171 - - [10/Mar/2025:01:16:04 +0100] "GET /ticket2/opencms/dk/no/buy/?page=1&edid=8054D099-C7E0-390E-CDF0-AF2BBBE8D3BE&sortorder=asc&column=row HTTP/1.1" 404 -
193.70.81.116 - - [10/Mar/2025:01:16:04 +0100] "GET /ticket2/opencms/se/ru/buy/?page=1&edid=C5EDED48-3300-FDD0-AFD9-1014EE7B183E&sortorder=desc&column=price HTTP/1.1" 404 -
54.70.190.91 - - [10/Mar/2025:01:16:06 +0100] "GET /ticket2/opencms/mobile HTTP/1.1" 404 -
85.208.96.203 - - [10/Mar/2025:01:16:08 +0100] "GET /ticket2/opencms/ga/about/contact HTTP/1.1" 200 86518
54.70.190.91 - - [10/Mar/2025:01:16:08 +0100] "GET /ticket2/opencms/mobile-app HTTP/1.1" 404 -
66.249.76.169 - - [10/Mar/2025:01:16:09 +0100] "GET /ticket2/opencms/sk/buy?page=1&edid=D474FB0B-C3F6-48EF-274D-DD0DE7C305C1 HTTP/1.1" 200 110802
54.70.190.91 - - [10/Mar/2025:01:16:10 +0100] "GET /ticket2/opencms/downloads HTTP/1.1" 404 -
193.70.81.116 - - [10/Mar/2025:01:16:11 +0100] "GET /ticket2/opencms/se/ru/buy/?page=1&edid=C5EDED48-3300-FDD0-AFD9-1014EE7B183E&sortorder=desc&column=row HTTP/1.1" 404 -
54.70.190.91 - - [10/Mar/2025:01:16:13 +0100] "GET /ticket2/opencms/ios HTTP/1.1" 404 -
42.200.230.171 - - [10/Mar/2025:01:16:16 +0100] "GET /ticket2/opencms/dk/no/buy/?page=1&edid=80CD54A8-8D66-74B3-86DD-1F8C811A44BC&sortorder=asc&column=price HTTP/1.1" 404 -
54.70.190.91 - - [10/Mar/2025:01:16:16 +0100] "GET /ticket2/opencms/android HTTP/1.1" 404 -
185.191.171.13 - - [10/Mar/2025:01:16:17 +0100] "GET /ticket2/opencms/sv/magazine/article?title=om-arsenal-fc HTTP/1.1" 200 93575
193.70.81.116 - - [10/Mar/2025:01:16:18 +0100] "GET /ticket2/opencms/se/ru/buy/?page=1&edid=C7DF64BC-E72C-BF39-4E14-CC88E6DB4005&sortorder=desc&column=row HTTP/1.1" 404 -
157.55.39.62 - - [10/Mar/2025:01:16:22 +0100] "GET /ticket2/opencms/sr/buy/?page=1&edid=3DA4D4F8-D0E8-FA39-BB7D-9FB474CBAB05 HTTP/1.1" 200 111533
66.249.65.196 - - [10/Mar/2025:01:16:24 +0100] "GET /ticket2/opencms/nl/buy/?page=1&edid=2622E353-CCF8-0614-7644-191247788409 HTTP/1.1" 200 109492
42.200.230.171 - - [10/Mar/2025:01:16:26 +0100] "GET /ticket2/opencms/dk/no/buy/?page=1&edid=874D99C7-3DDA-AA32-0A78-CF9AB6A7DB66&sortorder=desc&column=row HTTP/1.1" 404 -
66.249.65.196 - - [10/Mar/2025:01:16:27 +0100] "GET /ticket2/opencms/set_aff_cookie.jsp?partner=2E02071B-A8C3-4CBA-3097-C27D61C02ED8&url=%252Ffi%252Fbuy%252Findex.html%253Fpage%253D1%2526edid%253D0C94170C-17F1-0823-E8AC-91EC149F33EC%2526hlv%253D666d6f0d-e778-4ffd-99d5-0c190a01000f%2523v_1537889343 HTTP/1.1" 200 247
66.249.65.196 - - [10/Mar/2025:01:16:28 +0100] "GET /ticket2/opencms/it/buy/?page=1&edid=2C538FDD-3C52-6C4F-20BD-65D603C9DD1A HTTP/1.1" 200 110627
185.191.171.8 - - [10/Mar/2025:01:16:29 +0100] "GET /ticket2/opencms/it/magazine/article?title=manchester-united-ha-deciso-di-licenziare-erik-ten-hag HTTP/1.1" 200 97719
66.249.65.195 - - [10/Mar/2025:01:16:29 +0100] "GET /ticket2/opencms/be/buy/?page=1&edid=FF1FBD2E-EC28-C8C7-71F1-953C6E3B0B90 HTTP/1.1" 200 110877
47.128.97.97 - - [10/Mar/2025:01:16:31 +0100] "GET /ticket2/opencms/sk/buy/?edid=0FDE0AF4-9670-B36A-AA4D-4052EE1D47FE HTTP/1.1" 200 91780
173.252.107.1 - - [10/Mar/2025:01:16:31 +0100] "GET /ticket2/opencms/en/buy?page=1&edid=4DFADB48-D949-97F7-B374-193C167D2333 HTTP/1.1" 200 109142
114.119.143.233 - - [10/Mar/2025:01:16:32 +0100] "GET /ticket2/opencms/ga/buy?page=1&edid=867E5C69-A11C-A0A4-176A-7AA1621CA972 HTTP/1.1" 200 111301
66.249.74.135 - - [10/Mar/2025:01:16:37 +0100] "GET /ticket2/opencms/pl/buy?page=1&edid=DCF22239-47F2-2282-C13B-85FCE1D7C913 HTTP/1.1" 200 136159
157.55.39.195 - - [10/Mar/2025:01:16:38 +0100] "GET /ticket2/opencms/en/magazine/article?title=football HTTP/1.1" 200 92343
42.200.230.171 - - [10/Mar/2025:01:16:38 +0100] "GET /ticket2/opencms/dk/no/buy/?page=1&edid=87A51714-96A1-04FD-E0F4-DE0FAA1F8DB7&sortorder=desc&column=price HTTP/1.1" 404 -
114.119.134.48 - - [10/Mar/2025:01:16:40 +0100] "GET /ticket2/opencms/en/buy/?page=1&edid=85266D8D-1EC2-A49C-0CF0-9DD81BE5F4FA HTTP/1.1" 200 109538
47.128.109.96 - - [10/Mar/2025:01:16:40 +0100] "GET /ticket2/opencms/hr/magazine/article?title=tottenham-burnley-2024-05-11 HTTP/1.1" 200 91769
85.208.96.197 - - [10/Mar/2025:01:16:41 +0100] "GET /ticket2/opencms/dk/sport/fodboldbilletter/premier-league/chelsea/ HTTP/1.1" 200 100270
47.128.40.98 - - [10/Mar/2025:01:16:42 +0100] "GET /ticket2/opencms/fi/venue/?venueid=129F0838-6D53-ECE6-93A4-F5C82745FA58 HTTP/1.1" 200 86836
185.191.171.8 - - [10/Mar/2025:01:16:43 +0100] "GET /ticket2/opencms/mo/magazine/article?title=archie-gray18 HTTP/1.1" 200 92339
54.36.148.112 - - [10/Mar/2025:01:16:43 +0100] "GET /ticket2/opencms/es/deporte/entradas-futbol/la-liga/las_palmas HTTP/1.1" 200 102350
47.128.109.96 - - [10/Mar/2025:01:16:44 +0100] "GET /ticket2/opencms/img/PHOTO-2024-05-11-15-59-10.jpg HTTP/1.1" 200 344881
202.8.40.25 - - [10/Mar/2025:01:16:44 +0100] "GET /ticket2/opencms/system/modules/com.gridnine.opencms.ticketbrokerage.site/resources/css/jquery-ui.css HTTP/1.1" 200 33221
202.8.40.25 - - [10/Mar/2025:01:16:44 +0100] "GET /ticket2/opencms/system/modules/com.gridnine.opencms.ticketbrokerage.site/resources/css/ticketbrokerage.css HTTP/1.1" 200 39339
202.8.40.25 - - [10/Mar/2025:01:16:44 +0100] "GET /ticket2/opencms/system/modules/com.gridnine.opencms.ticketbrokerage.site/resources/css/calendar.css HTTP/1.1" 200 6871
202.8.40.25 - - [10/Mar/2025:01:16:44 +0100] "GET /ticket2/opencms/system/modules/com.gridnine.opencms.ticketbrokerage.site/resources/css/standard.css HTTP/1.1" 200 74449
202.8.40.25 - - [10/Mar/2025:01:16:44 +0100] "GET /ticket2/opencms/system/modules/com.gridnine.opencms.ticketbrokerage.site/resources/css/jquery.fancybox.css HTTP/1.1" 200 4939
202.8.40.25 - - [10/Mar/2025:01:16:44 +0100] "GET /ticket2/opencms/system/modules/com.gridnine.opencms.ticketbrokerage.site/resources/js/jquery/jquery.js HTTP/1.1" 200 93868
202.8.40.25 - - [10/Mar/2025:01:16:45 +0100] "GET /ticket2/opencms/system/modules/com.gridnine.opencms.ticketbrokerage.site/resources/js/jquery/jquery-ui.js HTTP/1.1" 200 228088
202.8.40.25 - - [10/Mar/2025:01:16:45 +0100] "GET /ticket2/opencms/system/modules/com.gridnine.opencms.ticketbrokerage.site/resources/js/functions.js HTTP/1.1" 200 1583
202.8.40.25 - - [10/Mar/2025:01:16:45 +0100] "GET /ticket2/opencms/system/modules/com.gridnine.opencms.ticketbrokerage.site/resources/js/calendar-en.js HTTP/1.1" 200 3338
202.8.40.25 - - [10/Mar/2025:01:16:45 +0100] "GET /ticket2/opencms/system/modules/com.gridnine.opencms.ticketbrokerage.site/resources/js/calendar.js HTTP/1.1" 200 49229
202.8.40.25 - - [10/Mar/2025:01:16:45 +0100] "GET /ticket2/opencms/system/modules/com.gridnine.opencms.ticketbrokerage.site/resources/js/calendar-setup.js HTTP/1.1" 200 4923
202.8.40.25 - - [10/Mar/2025:01:16:45 +0100] "GET /ticket2/opencms/system/modules/com.gridnine.opencms.ticketbrokerage.site/resources/js/jquery.fancybox.pack.js HTTP/1.1" 200 23187
202.8.40.25 - - [10/Mar/2025:01:16:45 +0100] "GET /ticket2/opencms/system/modules/com.gridnine.opencms.ticketbrokerage.site/resources/js/stickyfill.min.js HTTP/1.1" 200 5672
202.8.40.25 - - [10/Mar/2025:01:16:45 +0100] "GET /ticket2/opencms/system/modules/com.gridnine.opencms.ticketbrokerage.site/resources/js/standard.js HTTP/1.1" 200 3983
202.8.40.25 - - [10/Mar/2025:01:16:45 +0100] "GET /ticket2/opencms/system/modules/com.gridnine.opencms.ticketbrokerage.site/resources/js/common-ajax.js HTTP/1.1" 200 20175
202.8.40.25 - - [10/Mar/2025:01:16:45 +0100] "GET /ticket2/opencms/system/modules/com.gridnine.opencms.ticketbrokerage.site/resources/js/jquery.placeholder.min.js HTTP/1.1" 200 1737
42.200.230.171 - - [10/Mar/2025:01:16:49 +0100] "GET /ticket2/opencms/dk/no/buy/?page=1&edid=884B57EC-0756-8A8B-E4E6-89BAE41C97D9&sortorder=asc&column=price HTTP/1.1" 404 -
47.82.26.149 - - [10/Mar/2025:01:16:50 +0100] "GET /ticket2/opencms/en/venue/?countryid=86D8F5F1-1C66-F61F-D1EA-1BF1C36E41D6 HTTP/1.1" 200 114715
66.249.76.168 - - [10/Mar/2025:01:16:51 +0100] "GET /ticket2/opencms/el/buy?page=1&edid=89AC8C22-922C-5C69-19DD-247D667ABB39&hlv=666d6e82-f6bc-4aae-a82d-0c140a01000f HTTP/1.1" 200 117065
157.55.39.204 - - [10/Mar/2025:01:16:52 +0100] "GET /ticket2/opencms/lt/buy?page=1&edid=322923FD-6346-980B-F04C-E6D850ADF155 HTTP/1.1" 200 111921
216.244.66.196 - - [10/Mar/2025:01:16:55 +0100] "GET /ticket2/opencms/en/about/press HTTP/1.1" 200 88770
157.55.39.204 - - [10/Mar/2025:01:16:55 +0100] "GET /ticket2/opencms/mo/buy?page=1&edid=B66201C6-47A2-1FD6-6A7A-29C47396EC5D HTTP/1.1" 200 112113
20.171.207.145 - - [10/Mar/2025:01:16:59 +0100] "GET /ticket2/opencms/bg/sport/futbolni-bileti/ligue-1 HTTP/1.1" 500 -
185.191.171.11 - - [10/Mar/2025:01:17:00 +0100] "GET /ticket2/opencms/el/buy_safety HTTP/1.1" 200 91154
42.200.230.171 - - [10/Mar/2025:01:17:01 +0100] "GET /ticket2/opencms/dk/no/buy/?page=1&edid=884B57EC-0756-8A8B-E4E6-89BAE41C97D9&sortorder=asc&column=row HTTP/1.1" 404 -
114.119.159.129 - - [10/Mar/2025:01:17:03 +0100] "GET /ticket2/opencms/en/buy/?page=1&edid=D2ED2DBD-458F-B467-43FF-6A8F96E6D9D1 HTTP/1.1" 200 109810
154.54.249.216 - - [10/Mar/2025:01:17:06 +0100] "GET /ticket2/opencms/fi/venue/?venueid=31613234-3A5A-9089-C471-3CB6857351EF HTTP/1.1" 200 86986
40.77.167.149 - - [10/Mar/2025:01:17:10 +0100] "GET /ticket2/opencms/mo/buy?page=1&edid=3E205A07-7516-5FC3-D650-E60EBF6B7DA0 HTTP/1.1" 200 111126
42.200.230.171 - - [10/Mar/2025:01:17:12 +0100] "GET /ticket2/opencms/dk/no/buy/?page=1&edid=8867FCC5-91CC-4F4B-65F3-12F18C7B3482&sortorder=desc&column=row HTTP/1.1" 404 -
68.183.238.15 - - [10/Mar/2025:01:17:18 +0100] "GET /manager/html HTTP/1.1" 404 -
42.200.230.171 - - [10/Mar/2025:01:17:23 +0100] "GET /ticket2/opencms/dk/no/buy/?page=1&edid=888579C8-F0BB-1F0C-2143-DAC4B70E22F7&sortorder=asc&column=row HTTP/1.1" 404 -
114.119.151.50 - - [10/Mar/2025:01:17:24 +0100] "GET /ticket2/opencms/es/buy/?page=1&edid=4583F62C-F880-E6C3-C3F7-F692CC3F1DC2 HTTP/1.1" 200 116532
85.208.96.203 - - [10/Mar/2025:01:17:25 +0100] "GET /ticket2/opencms/sv/sport/fotbollsbiljetter/serie_a/sassuolo/ HTTP/1.1" 500 -
114.119.136.30 - - [10/Mar/2025:01:17:34 +0100] "GET /ticket2/opencms/ga/buy?page=1&edid=69571FE3-BCCB-6B4D-10DE-A0CAF566AE90 HTTP/1.1" 200 113010
40.77.167.10 - - [10/Mar/2025:01:17:35 +0100] "GET /ticket2/opencms/bs/buy?page=1&edid=8085E80D-BC8F-CDCF-7CC8-2F497FE082D3 HTTP/1.1" 200 138110
42.200.230.171 - - [10/Mar/2025:01:17:36 +0100] "GET /ticket2/opencms/dk/no/buy/?page=1&edid=888579C8-F0BB-1F0C-2143-DAC4B70E22F7&sortorder=asc&column=section HTTP/1.1" 404 -
66.249.65.196 - - [10/Mar/2025:01:17:38 +0100] "GET /ticket2/opencms/set_aff_cookie.jsp?partner=2E02071B-A8C3-4CBA-3097-C27D61C02ED8&url=%252Fru%252Fbuy%252Findex.html%253Fpage%253D1%2526edid%253D6F379414-70C4-400F-51D2-AFD37C8F2BC7%2526hlv%253D666d6ed2-b12c-460e-92cf-0c140a01000f%2523v256477860 HTTP/1.1" 200 245
85.208.96.211 - - [10/Mar/2025:01:17:46 +0100] "GET /ticket2/opencms/en/search.html?searchQuery=liverpool&submit HTTP/1.1" 200 103468
146.103.10.114 - - [10/Mar/2025:01:17:47 +0100] "GET /ticket2/opencms/bg/buy/?edid=C9919F63-312E-C4DF-29D6-DA1CE80EC9A2&page=1 HTTP/1.1" 200 129760
42.200.230.171 - - [10/Mar/2025:01:17:48 +0100] "GET /ticket2/opencms/dk/no/buy/?page=1&edid=88A8445D-E9E2-799A-4B22-B1645A6F3E76&sortorder=asc&column=price HTTP/1.1" 404 -
95.217.114.173 - - [10/Mar/2025:01:17:53 +0100] "GET /ticket2/opencms/no/buy/?page=1&edid=EB905FAD-3745-982C-FD14-5842038373B6 HTTP/1.1" 200 111676
114.119.150.49 - - [10/Mar/2025:01:17:57 +0100] "GET /ticket2/opencms/en/buy/?page=1&edid=D2BEBDA1-D943-8C94-446D-4F8E8234137B HTTP/1.1" 200 109302
114.119.143.233 - - [10/Mar/2025:01:17:57 +0100] "GET /ticket2/opencms/ga/buy?page=1&edid=61E4CAF7-EB2B-0139-97B9-4A22565135E3 HTTP/1.1" 200 112026
54.36.148.117 - - [10/Mar/2025:01:17:59 +0100] "GET /ticket2/opencms/fr/sport/billets-football/serie_a/hellas_verona HTTP/1.1" 500 -
42.200.230.171 - - [10/Mar/2025:01:18:00 +0100] "GET /ticket2/opencms/dk/no/buy/?page=1&edid=88A8445D-E9E2-799A-4B22-B1645A6F3E76&sortorder=asc&column=section HTTP/1.1" 404 -
85.208.96.195 - - [10/Mar/2025:01:18:01 +0100] "GET /ticket2/opencms/lv/magazine/article?title=bournemouth HTTP/1.1" 200 93212
47.128.22.54 - - [10/Mar/2025:01:18:01 +0100] "GET /ticket2/opencms/nl/buy/?edid=06DFD1FD-C998-D215-F69E-5752E4CF3A89 HTTP/1.1" 200 89286
20.171.207.145 - - [10/Mar/2025:01:18:04 +0100] "GET /ticket2/opencms/pl/sport/bilety-futbol/ligue-1 HTTP/1.1" 500 -
40.77.167.149 - - [10/Mar/2025:01:18:08 +0100] "GET /ticket2/opencms/sv/sport/fotbollsbiljetter/premier_league/ HTTP/1.1" 200 98681
114.119.148.14 - - [10/Mar/2025:01:18:09 +0100] "GET /ticket2/opencms/en/buy/?page=1&edid=8521D307-CBA8-98C7-37DA-69FC2E03E997 HTTP/1.1" 200 106794
47.82.17.208 - - [10/Mar/2025:01:18:10 +0100] "GET /ticket2/opencms/en/sport/football-tickets/premier_league/brentford/ HTTP/1.1" 200 91496
52.167.144.181 - - [10/Mar/2025:01:18:10 +0100] "GET /ticket2/opencms/ka/buy?page=1&edid=68B485F7-9483-6E4F-656D-602EE2AC621D HTTP/1.1" 200 143048
193.70.81.116 - - [10/Mar/2025:01:18:10 +0100] "GET /ticket2/opencms/se/ru/buy/?page=1&edid=C89522E4-C97B-0194-5CAE-1B504E98E1B2&sortorder=desc&column=section HTTP/1.1" 404 -
42.200.230.171 - - [10/Mar/2025:01:18:12 +0100] "GET /ticket2/opencms/dk/no/buy/?page=1&edid=891EBBB1-0D90-0DF0-7A0B-80A270992560&sortorder=desc&column=section HTTP/1.1" 404 -
85.208.96.208 - - [10/Mar/2025:01:18:16 +0100] "GET /ticket2/opencms/el/magazine/article?title=o-mixahl-antonio-traymatisthke-meta-apo-troxaio-atyxhma HTTP/1.1" 200 96814
193.70.81.116 - - [10/Mar/2025:01:18:17 +0100] "GET /ticket2/opencms/se/ru/buy/?page=1&edid=C95A4E23-D889-BB67-D76E-78077A10F0E1&sortorder=desc&column=row HTTP/1.1" 404 -
42.200.230.171 - - [10/Mar/2025:01:18:23 +0100] "GET /ticket2/opencms/dk/no/buy/?page=1&edid=892356ED-55B7-785D-1333-2729A9F26EDA&sortorder=desc&column=price HTTP/1.1" 404 -
193.70.81.116 - - [10/Mar/2025:01:18:23 +0100] "GET /ticket2/opencms/se/ru/buy/?page=1&edid=C95A4E23-D889-BB67-D76E-78077A10F0E1&sortorder=desc&column=section HTTP/1.1" 404 -
85.208.96.212 - - [10/Mar/2025:01:18:24 +0100] "GET /ticket2/opencms/sk/magazine/article?title=emirates-stadium-ikonicka-arena HTTP/1.1" 200 96639
114.119.154.207 - - [10/Mar/2025:01:18:30 +0100] "GET /ticket2/opencms/en/venue/?venueid=FAA326B5-8F35-0D52-6643-3316F08C9C34 HTTP/1.1" 200 85353
193.70.81.116 - - [10/Mar/2025:01:18:30 +0100] "GET /ticket2/opencms/se/ru/buy/?page=1&edid=C962EEEF-A5D9-C18A-A73E-EFE7B42C9401&sortorder=asc&column=price HTTP/1.1" 404 -
66.249.65.195 - - [10/Mar/2025:01:18:30 +0100] "GET /ticket2/opencms/nl/buy/?page=1&edid=BA0F8DEE-5B47-CEE4-147B-0950F10B9786 HTTP/1.1" 200 109472
157.55.39.11 - - [10/Mar/2025:01:18:31 +0100] "GET /ticket2/opencms/es/buy/?page=1&edid=051EDD02-8EDA-8C0C-68F7-CA698F1E060A HTTP/1.1" 200 112330
157.55.39.204 - - [10/Mar/2025:01:18:31 +0100] "GET /ticket2/opencms/hy/buy?page=10&eventid=13E1C110-1E7D-C595-FE36-DCFCB7E73161 HTTP/1.1" 404 -
42.200.230.171 - - [10/Mar/2025:01:18:35 +0100] "GET /ticket2/opencms/dk/no/buy/?page=1&edid=892356ED-55B7-785D-1333-2729A9F26EDA&sortorder=desc&column=section HTTP/1.1" 404 -
54.36.148.102 - - [10/Mar/2025:01:18:36 +0100] "GET /ticket2/opencms/ga/buy?page=1&edid=10597F35-2AC7-31D2-FB61-15A36BB6D73B HTTP/1.1" 200 136528
193.70.81.116 - - [10/Mar/2025:01:18:37 +0100] "GET /ticket2/opencms/se/ru/buy/?page=1&edid=C983C410-A893-1A41-94F2-2B0B8C7A2BBB&sortorder=desc&column=section HTTP/1.1" 404 -
52.167.144.214 - - [10/Mar/2025:01:18:40 +0100] "GET /ticket2/opencms/fr/buy/?page=1&edid=4D294C0A-8C1C-4A83-BF3D-F12FF4C4C095 HTTP/1.1" 200 108373
185.191.171.9 - - [10/Mar/2025:01:18:40 +0100] "GET /ticket2/opencms/sv/magazine/article?title=vanliga-begrepp-inom-fotboll HTTP/1.1" 200 100995
193.70.81.116 - - [10/Mar/2025:01:18:43 +0100] "GET /ticket2/opencms/se/ru/buy/?page=1&edid=C9C2A5B1-08FA-3E6B-DAEC-5B21064225D7&sortorder=desc&column=price HTTP/1.1" 404 -
66.220.149.15 - - [10/Mar/2025:01:18:45 +0100] "GET /ticket2/opencms/be/sport/futbol-kvitki/champions-league/montpellier/ HTTP/1.1" 500 -
42.200.230.171 - - [10/Mar/2025:01:18:46 +0100] "GET /ticket2/opencms/dk/no/buy/?page=1&edid=89426793-268A-C03E-4926-A9BF00570688&sortorder=asc&column=row HTTP/1.1" 404 -
47.128.59.82 - - [10/Mar/2025:01:18:49 +0100] "GET /ticket2/opencms/mt/buy/?edid=DE6EAF1E-F0E3-BCEF-6FE9-789554B2D96C HTTP/1.1" 200 91637
193.70.81.116 - - [10/Mar/2025:01:18:50 +0100] "GET /ticket2/opencms/se/ru/buy/?page=1&edid=C9C2A5B1-08FA-3E6B-DAEC-5B21064225D7&sortorder=desc&column=section HTTP/1.1" 404 -
40.77.167.150 - - [10/Mar/2025:01:18:52 +0100] "GET /ticket2/opencms/sv/sport/hockeybiljetter/nhl/ny-islanders/ HTTP/1.1" 500 -
40.77.167.10 - - [10/Mar/2025:01:18:55 +0100] "GET /ticket2/opencms/sr/buy?page=1&edid=DCF22239-47F2-2282-C13B-85FCE1D7C913 HTTP/1.1" 200 136820
193.70.81.116 - - [10/Mar/2025:01:18:57 +0100] "GET /ticket2/opencms/se/ru/buy/?page=1&edid=CA3FABDD-43B5-8DDC-6DAC-2917B68B145E&sortorder=asc&column=section HTTP/1.1" 404 -
42.200.230.171 - - [10/Mar/2025:01:18:58 +0100] "GET /ticket2/opencms/dk/no/buy/?page=1&edid=89F9F035-B6CB-0C00-8704-C90BE4768F36&sortorder=asc&column=price HTTP/1.1" 404 -
193.70.81.116 - - [10/Mar/2025:01:19:03 +0100] "GET /ticket2/opencms/se/ru/buy/?page=1&edid=CA3FABDD-43B5-8DDC-6DAC-2917B68B145E&sortorder=desc&column=price HTTP/1.1" 404 -
66.249.76.43 - - [10/Mar/2025:01:19:03 +0100] "GET /ticket2/opencms/pl/buy?page=1&edid=FDE2CB1B-737B-857F-7431-BD450E7D3BBB HTTP/1.1" 200 135167
114.119.136.30 - - [10/Mar/2025:01:19:04 +0100] "GET /ticket2/opencms/ga/buy?page=1&edid=4A20FC8C-AAFC-FDF0-B2AF-D242A54B9394 HTTP/1.1" 200 112273
66.249.65.197 - - [10/Mar/2025:01:19:05 +0100] "GET /ticket2/opencms/et/buy?page=1&edid=B22DFFFD-27DD-8BC9-9860-876B64180B5D HTTP/1.1" 200 110822
20.171.207.145 - - [10/Mar/2025:01:19:05 +0100] "GET /ticket2/opencms/be/sport/futbol-kvitki/ligue-1 HTTP/1.1" 500 -
104.168.124.69 - - [10/Mar/2025:01:19:06 +0100] "HEAD /ticket2/opencms/ HTTP/1.1" 302 -
104.168.124.69 - - [10/Mar/2025:01:19:06 +0100] "HEAD /ticket2/opencms/en/ HTTP/1.1" 200 -
172.121.216.43 - - [10/Mar/2025:01:19:08 +0100] "HEAD /ticket2/opencms/ HTTP/1.1" 302 -
172.121.216.43 - - [10/Mar/2025:01:19:09 +0100] "HEAD /ticket2/opencms/en/ HTTP/1.1" 200 -
47.128.44.215 - - [10/Mar/2025:01:19:09 +0100] "GET /ticket2/opencms/fr/sport/billets-football/premier_league/crystal_palace/ HTTP/1.1" 200 102431
42.200.230.171 - - [10/Mar/2025:01:19:10 +0100] "GET /ticket2/opencms/dk/no/buy/?page=1&edid=89F9F035-B6CB-0C00-8704-C90BE4768F36&sortorder=asc&column=row HTTP/1.1" 404 -
193.70.81.116 - - [10/Mar/2025:01:19:10 +0100] "GET /ticket2/opencms/se/ru/buy/?page=1&edid=CA6CB9A6-B43E-D88F-C635-194118B93531&sortorder=asc&column=price HTTP/1.1" 404 -
172.121.223.105 - - [10/Mar/2025:01:19:10 +0100] "HEAD /ticket2/opencms/ HTTP/1.1" 302 -
172.121.223.105 - - [10/Mar/2025:01:19:11 +0100] "HEAD /ticket2/opencms/en/ HTTP/1.1" 200 -
172.121.221.128 - - [10/Mar/2025:01:19:12 +0100] "HEAD /ticket2/opencms/ HTTP/1.1" 302 -
172.121.221.128 - - [10/Mar/2025:01:19:13 +0100] "HEAD /ticket2/opencms/en/ HTTP/1.1" 200 -
185.191.171.4 - - [10/Mar/2025:01:19:14 +0100] "GET /ticket2/opencms/sv/magazine/begrepp_fotboll HTTP/1.1" 200 97435
193.70.81.116 - - [10/Mar/2025:01:19:16 +0100] "GET /ticket2/opencms/se/ru/buy/?page=1&edid=CA6CB9A6-B43E-D88F-C635-194118B93531&sortorder=asc&column=section HTTP/1.1" 404 -
42.200.230.171 - - [10/Mar/2025:01:19:21 +0100] "GET /ticket2/opencms/dk/no/buy/?page=1&edid=89F9F035-B6CB-0C00-8704-C90BE4768F36&sortorder=asc&column=section HTTP/1.1" 404 -
185.191.171.16 - - [10/Mar/2025:01:19:22 +0100] "GET /ticket2/opencms/dk/sport/fodboldbilletter/la-liga/getafe/ HTTP/1.1" 200 97503
193.70.81.116 - - [10/Mar/2025:01:19:23 +0100] "GET /ticket2/opencms/se/ru/buy/?page=1&edid=CB1A9388-85C2-07CC-DB47-50A8FE1A0A39&sortorder=asc&column=price HTTP/1.1" 404 -
47.128.127.156 - - [10/Mar/2025:01:19:23 +0100] "GET /ticket2/opencms/es/buy/?catid=82F804FA-9F69-CB6B-D41D-7BF7C716058B&comcatid=A17713B6-D984-201A-4143-ED4DB5ED5C2E HTTP/1.1" 200 103170
193.70.81.116 - - [10/Mar/2025:01:19:29 +0100] "GET /ticket2/opencms/se/ru/buy/?page=1&edid=CB1A9388-85C2-07CC-DB47-50A8FE1A0A39&sortorder=asc&column=row HTTP/1.1" 404 -
66.249.65.195 - - [10/Mar/2025:01:19:31 +0100] "GET /ticket2/opencms/nl/buy/?page=1&edid=32C765D3-F869-7E5E-98A4-5E68576F52A5 HTTP/1.1" 200 109528
42.200.230.171 - - [10/Mar/2025:01:19:32 +0100] "GET /ticket2/opencms/dk/no/buy/?page=1&edid=8A35DA3C-1B64-C141-2948-F6ECF20D5CB1&sortorder=desc&column=row HTTP/1.1" 404 -
157.55.39.193 - - [10/Mar/2025:01:19:32 +0100] "GET /ticket2/opencms/nl/buy/?page=1&edid=E1332E4A-0A6D-DD3D-14BF-DB0907B051D5 HTTP/1.1" 200 108886
85.208.96.194 - - [10/Mar/2025:01:19:34 +0100] "GET /ticket2/opencms/it/magazine/article?title=che-cose-il-calcio HTTP/1.1" 200 95121
193.70.81.116 - - [10/Mar/2025:01:19:36 +0100] "GET /ticket2/opencms/se/ru/buy/?page=1&edid=CB1A9388-85C2-07CC-DB47-50A8FE1A0A39&sortorder=asc&column=section HTTP/1.1" 404 -
185.191.171.3 - - [10/Mar/2025:01:19:36 +0100] "GET /ticket2/opencms/hr/magazine/article?title=maximilian-ibrahimovic-potpisuje-za-drugu-momcad-ac-milana HTTP/1.1" 200 95321
40.77.167.149 - - [10/Mar/2025:01:19:39 +0100] "GET /ticket2/opencms/nl/buy?page=1&edid=527D0B62-C497-70C6-CDAB-CB9B8D10FFA6 HTTP/1.1" 200 106296
85.208.96.195 - - [10/Mar/2025:01:19:40 +0100] "GET /ticket2/opencms/cs/magazine/article?title=analyza-o-kolik-se-zvysily-ceny-vstupenek-premier-league-liverpool-a-arsenal-jsou-nejdrazsi HTTP/1.1" 200 100659
193.70.81.116 - - [10/Mar/2025:01:19:43 +0100] "GET /ticket2/opencms/se/ru/buy/?page=1&edid=CCDA7D5E-042D-01E6-E2B9-B6DF8173F8EF HTTP/1.1" 404 -
42.200.230.171 - - [10/Mar/2025:01:19:44 +0100] "GET /ticket2/opencms/dk/no/buy/?page=1&edid=8ABC9B5C-8205-5074-5868-5C5E5D741195&sortorder=asc&column=section HTTP/1.1" 404 -
34.221.77.76 - - [10/Mar/2025:01:19:44 +0100] "GET /ticket2/opencms/ HTTP/1.1" 302 -
114.119.130.23 - - [10/Mar/2025:01:19:45 +0100] "GET /ticket2/opencms/en/buy/?page=1&edid=D2A0C1B8-B35F-B87E-561A-18E19C3ECF40 HTTP/1.1" 200 109990
34.221.77.76 - - [10/Mar/2025:01:19:45 +0100] "GET /ticket2/opencms/en/ HTTP/1.1" 200 102017
17.241.219.210 - - [10/Mar/2025:01:19:45 +0100] "GET /ticket2/opencms/en/buy?page=1&edid=C8E47E46-ADCD-586A-7BE4-CF1C96256B2D HTTP/1.1" 200 110405
85.208.96.195 - - [10/Mar/2025:01:19:45 +0100] "GET /ticket2/opencms/ro/magazine/article?title=petas-kylian-mbappe HTTP/1.1" 200 93190
34.221.77.76 - - [10/Mar/2025:01:19:45 +0100] "GET /ticket2/opencms/system/modules/com.gridnine.opencms.ticketbrokerage.site/resources/css/ticketbrokerage.css HTTP/1.1" 200 39339
34.221.77.76 - - [10/Mar/2025:01:19:46 +0100] "GET /ticket2/opencms/system/modules/com.gridnine.opencms.ticketbrokerage.site/resources/css/calendar.css HTTP/1.1" 200 6871
34.221.77.76 - - [10/Mar/2025:01:19:46 +0100] "GET /ticket2/opencms/system/modules/com.gridnine.opencms.ticketbrokerage.site/resources/css/jquery-ui.css HTTP/1.1" 200 33221
34.221.77.76 - - [10/Mar/2025:01:19:46 +0100] "GET /ticket2/opencms/system/modules/com.gridnine.opencms.ticketbrokerage.site/resources/css/jquery.fancybox.css HTTP/1.1" 200 4939
34.221.77.76 - - [10/Mar/2025:01:19:46 +0100] "GET /ticket2/opencms/system/modules/com.gridnine.opencms.ticketbrokerage.site/resources/css/standard.css HTTP/1.1" 200 74449
34.221.77.76 - - [10/Mar/2025:01:19:46 +0100] "GET /ticket2/opencms/system/modules/com.gridnine.opencms.ticketbrokerage.site/resources/js/jquery/jquery.js HTTP/1.1" 200 93868
34.221.77.76 - - [10/Mar/2025:01:19:46 +0100] "GET /ticket2/opencms/system/modules/com.gridnine.opencms.ticketbrokerage.site/resources/js/jquery/jquery-ui.js HTTP/1.1" 200 228088
34.221.77.76 - - [10/Mar/2025:01:19:46 +0100] "GET /ticket2/opencms/system/modules/com.gridnine.opencms.ticketbrokerage.site/resources/js/functions.js HTTP/1.1" 200 1583
34.221.77.76 - - [10/Mar/2025:01:19:46 +0100] "GET /ticket2/opencms/system/modules/com.gridnine.opencms.ticketbrokerage.site/resources/js/calendar.js HTTP/1.1" 200 49229
34.221.77.76 - - [10/Mar/2025:01:19:46 +0100] "GET /ticket2/opencms/system/modules/com.gridnine.opencms.ticketbrokerage.site/resources/js/calendar-en.js HTTP/1.1" 200 3338
34.221.77.76 - - [10/Mar/2025:01:19:46 +0100] "GET /ticket2/opencms/system/modules/com.gridnine.opencms.ticketbrokerage.site/resources/js/calendar-setup.js HTTP/1.1" 200 4923
34.221.77.76 - - [10/Mar/2025:01:19:46 +0100] "GET /ticket2/opencms/system/modules/com.gridnine.opencms.ticketbrokerage.site/resources/js/jquery.fancybox.pack.js HTTP/1.1" 200 23187
34.221.77.76 - - [10/Mar/2025:01:19:46 +0100] "GET /ticket2/opencms/system/modules/com.gridnine.opencms.ticketbrokerage.site/resources/js/stickyfill.min.js HTTP/1.1" 200 5672
34.221.77.76 - - [10/Mar/2025:01:19:46 +0100] "GET /ticket2/opencms/img/icons/en.png HTTP/1.1" 200 2415
34.221.77.76 - - [10/Mar/2025:01:19:46 +0100] "GET /ticket2/opencms/img/icons/se.png HTTP/1.1" 200 1258
34.221.77.76 - - [10/Mar/2025:01:19:46 +0100] "GET /ticket2/opencms/system/modules/com.gridnine.opencms.ticketbrokerage.site/resources/js/common-ajax.js HTTP/1.1" 200 20175
34.221.77.76 - - [10/Mar/2025:01:19:46 +0100] "GET /ticket2/opencms/system/modules/com.gridnine.opencms.ticketbrokerage.site/resources/js/jquery.placeholder.min.js HTTP/1.1" 200 1737
34.221.77.76 - - [10/Mar/2025:01:19:46 +0100] "GET /ticket2/opencms/system/modules/com.gridnine.opencms.ticketbrokerage.site/resources/js/standard.js HTTP/1.1" 200 3983
34.221.77.76 - - [10/Mar/2025:01:19:46 +0100] "GET /ticket2/opencms/system/modules/com.gridnine.opencms.ticketbrokerage.site/resources/pics/logo-new.png HTTP/1.1" 200 13541
34.221.77.76 - - [10/Mar/2025:01:19:46 +0100] "GET /ticket2/opencms/img/insta.png HTTP/1.1" 200 3967
34.221.77.76 - - [10/Mar/2025:01:19:46 +0100] "GET /ticket2/opencms/img/fb.png HTTP/1.1" 200 1269
34.221.77.76 - - [10/Mar/2025:01:19:46 +0100] "GET /ticket2/opencms/system/modules/com.gridnine.opencms.ticketbrokerage.site/resources/pics/footer-img.jpg HTTP/1.1" 200 67642
34.221.77.76 - - [10/Mar/2025:01:19:46 +0100] "GET /ticket2/opencms/img/check.png HTTP/1.1" 200 548
