114.119.153.152 - - [10/Mar/2025:00:29:39 +0100] "GET /ticket2/opencms/hu/buy?page=1&=5D4ED722-E7EE-750F-EB84-B354A599964F HTTP/1.1" 200 -
154.54.249.216 - - [10/Mar/2025:00:29:39 +0100] "GET /ticket2/opencms/en/venue/?countryid=02784C54-6C5E-C56A-BCB8-106172A4270F HTTP/1.1" 200 114706
66.249.65.196 - - [10/Mar/2025:00:29:44 +0100] "GET /ticket2/opencms/set_aff_cookie.jsp?partner=2E02071B-A8C3-4CBA-3097-C27D61C02ED8&url=%252Ffi%252Fbuy%252Findex.html%253Fpage%253D1%2526edid%253D2D210BFD-73B3-FBB7-71E1-6587B60103F1%2526hlv%253D66cf0a67-b0a8-40ab-a360-23c80a01000f%2523v_1138269697 HTTP/1.1" 200 247
185.191.171.19 - - [10/Mar/2025:00:29:44 +0100] "GET /ticket2/opencms/es/magazine/article?title=estrellas-del-futuro HTTP/1.1" 200 92957
114.119.154.207 - - [10/Mar/2025:00:29:44 +0100] "GET /ticket2/opencms/nl/ HTTP/1.1" 200 101353
85.208.96.212 - - [10/Mar/2025:00:29:54 +0100] "GET /ticket2/opencms/sk/magazine/article?title=ruben-amorim-sa-stal-novym-trenerom-manchester-united HTTP/1.1" 200 93938
154.54.249.216 - - [10/Mar/2025:00:29:55 +0100] "GET /ticket2/opencms/en/venue/?countryid=542AAA85-729E-385B-AA25-7388FBEAC6A1 HTTP/1.1" 200 114704
85.208.96.198 - - [10/Mar/2025:00:29:59 +0100] "GET /ticket2/opencms/et/magazine/article?title=rahvuste-liiga-on-taies-hoos HTTP/1.1" 200 94455
114.119.146.220 - - [10/Mar/2025:00:30:05 +0100] "GET /ticket2/opencms/en/buy/?page=1&edid=9252AFA0-65A5-5406-DF68-FCF1AD67F3F1 HTTP/1.1" 200 109632
54.36.149.1 - - [10/Mar/2025:00:30:09 +0100] "GET /ticket2/opencms/de/sport/fussball-tickets/premier_league/crystal_palace HTTP/1.1" 200 101954
185.191.171.10 - - [10/Mar/2025:00:30:10 +0100] "GET /ticket2/opencms/bs/about/contact HTTP/1.1" 200 86326
202.8.42.179 - - [10/Mar/2025:00:30:11 +0100] "GET /ticket2/opencms/system/modules/com.gridnine.opencms.ticketbrokerage.site/resources/css/standard.css HTTP/1.1" 200 74449
202.8.42.179 - - [10/Mar/2025:00:30:11 +0100] "GET /ticket2/opencms/system/modules/com.gridnine.opencms.ticketbrokerage.site/resources/css/jquery.fancybox.css HTTP/1.1" 200 4939
202.8.42.179 - - [10/Mar/2025:00:30:11 +0100] "GET /ticket2/opencms/system/modules/com.gridnine.opencms.ticketbrokerage.site/resources/css/ticketbrokerage.css HTTP/1.1" 200 39339
202.8.42.179 - - [10/Mar/2025:00:30:11 +0100] "GET /ticket2/opencms/system/modules/com.gridnine.opencms.ticketbrokerage.site/resources/css/calendar.css HTTP/1.1" 200 6871
202.8.42.179 - - [10/Mar/2025:00:30:11 +0100] "GET /ticket2/opencms/system/modules/com.gridnine.opencms.ticketbrokerage.site/resources/css/jquery-ui.css HTTP/1.1" 200 33221
202.8.42.179 - - [10/Mar/2025:00:30:11 +0100] "GET /ticket2/opencms/system/modules/com.gridnine.opencms.ticketbrokerage.site/resources/js/jquery/jquery.js HTTP/1.1" 200 93868
202.8.42.179 - - [10/Mar/2025:00:30:11 +0100] "GET /ticket2/opencms/system/modules/com.gridnine.opencms.ticketbrokerage.site/resources/js/jquery/jquery-ui.js HTTP/1.1" 200 228088
202.8.42.179 - - [10/Mar/2025:00:30:11 +0100] "GET /ticket2/opencms/system/modules/com.gridnine.opencms.ticketbrokerage.site/resources/js/functions.js HTTP/1.1" 200 1583
202.8.42.179 - - [10/Mar/2025:00:30:11 +0100] "GET /ticket2/opencms/system/modules/com.gridnine.opencms.ticketbrokerage.site/resources/js/calendar.js HTTP/1.1" 200 49229
202.8.42.179 - - [10/Mar/2025:00:30:11 +0100] "GET /ticket2/opencms/system/modules/com.gridnine.opencms.ticketbrokerage.site/resources/js/calendar-en.js HTTP/1.1" 200 3338
202.8.42.179 - - [10/Mar/2025:00:30:11 +0100] "GET /ticket2/opencms/system/modules/com.gridnine.opencms.ticketbrokerage.site/resources/js/calendar-setup.js HTTP/1.1" 200 4923
202.8.42.179 - - [10/Mar/2025:00:30:11 +0100] "GET /ticket2/opencms/system/modules/com.gridnine.opencms.ticketbrokerage.site/resources/js/jquery.fancybox.pack.js HTTP/1.1" 200 23187
202.8.42.179 - - [10/Mar/2025:00:30:11 +0100] "GET /ticket2/opencms/system/modules/com.gridnine.opencms.ticketbrokerage.site/resources/js/stickyfill.min.js HTTP/1.1" 200 5672
202.8.42.179 - - [10/Mar/2025:00:30:11 +0100] "GET /ticket2/opencms/system/modules/com.gridnine.opencms.ticketbrokerage.site/resources/js/standard.js HTTP/1.1" 200 3983
202.8.42.179 - - [10/Mar/2025:00:30:11 +0100] "GET /ticket2/opencms/system/modules/com.gridnine.opencms.ticketbrokerage.site/resources/js/jquery.placeholder.min.js HTTP/1.1" 200 1737
202.8.42.179 - - [10/Mar/2025:00:30:11 +0100] "GET /ticket2/opencms/system/modules/com.gridnine.opencms.ticketbrokerage.site/resources/js/common-ajax.js HTTP/1.1" 200 20175
40.77.167.6 - - [10/Mar/2025:00:30:16 +0100] "GET /ticket2/opencms/mo/magazine/article?title=202324 HTTP/1.1" 200 95973
40.77.167.4 - - [10/Mar/2025:00:30:25 +0100] "GET /ticket2/opencms/pl/buy?page=1&edid=56B38CDE-C52C-9D5C-A997-D65F4CB742AB HTTP/1.1" 200 112321
20.171.207.145 - - [10/Mar/2025:00:30:34 +0100] "GET /ticket2/opencms/mo/sport/bilete-la-fotbal/eredivisie HTTP/1.1" 500 -
114.119.153.152 - - [10/Mar/2025:00:30:34 +0100] "GET /ticket2/opencms/hu/buy?page=1&=58EE8D11-44A9-1757-A415-2FA40E7DD2E6 HTTP/1.1" 200 -
66.249.74.137 - - [10/Mar/2025:00:30:34 +0100] "GET /ticket2/opencms/nl/buy/?page=1&edid=0DC29C5C-A273-34CB-58F3-441C87554AF1 HTTP/1.1" 200 122084
51.222.253.8 - - [10/Mar/2025:00:30:35 +0100] "GET /ticket2/opencms/robots.txt HTTP/1.1" 200 773
47.128.25.139 - - [10/Mar/2025:00:30:35 +0100] "GET /ticket2/opencms/sk/buy?edid=B5C7399B-C087-FF38-4294-BB861C1DB4F9 HTTP/1.1" 200 91797
47.128.24.36 - - [10/Mar/2025:00:30:36 +0100] "GET /ticket2/opencms/hr/buy/?catid=B0817F4C-4B6F-A68C-6229-209BB05F84D4&comcatid=A17713B6-D984-201A-4143-ED4DB5ED5C2E HTTP/1.1" 200 103356
173.252.69.116 - - [10/Mar/2025:00:30:39 +0100] "GET /ticket2/opencms/nl/buy?page=1&edid=FF1B1F16-B60A-CB20-3635-FAA393A69F1C HTTP/1.1" 200 106299
85.208.96.194 - - [10/Mar/2025:00:30:41 +0100] "GET /ticket2/opencms/az/magazine/article?title=declan-rice HTTP/1.1" 200 93813
114.119.148.14 - - [10/Mar/2025:00:30:49 +0100] "GET /ticket2/opencms/en/buy/?page=1&edid=9219490E-57C2-9B65-4F03-B2B5521A5479 HTTP/1.1" 200 106826
85.208.96.204 - - [10/Mar/2025:00:30:54 +0100] "GET /ticket2/opencms/hu/magazine/article?title=kylian-mbappe-a-real-madridhoz HTTP/1.1" 200 94329
85.208.96.204 - - [10/Mar/2025:00:30:56 +0100] "GET /ticket2/opencms/cs/magazine/article?title=cole-palmer-rozhoduje-o-zapase-a-alexander-isak-je-zpet HTTP/1.1" 200 93798
114.119.141.206 - - [10/Mar/2025:00:31:04 +0100] "GET /ticket2/opencms/en/buy/?page=1&edid=E736C9F8-9994-137E-6A67-CF3119BB4296 HTTP/1.1" 200 108943
47.128.122.7 - - [10/Mar/2025:00:31:09 +0100] "GET /ticket2/opencms/sv/sport/fotbollsbiljetter/bundesliga/werder-bremen/ HTTP/1.1" 200 99113
47.128.122.7 - - [10/Mar/2025:00:31:10 +0100] "GET /ticket2/opencms/system/modules/com.gridnine.opencms.ticketbrokerage.site/resources/pics/banners/sv/SV_Werder_Bremen.jpg HTTP/1.1" 200 37915
66.249.65.196 - - [10/Mar/2025:00:31:14 +0100] "GET /ticket2/opencms/bg/buy/?page=1&edid=E9A5FEFA-69F4-E49E-01AE-3D384A4AA946 HTTP/1.1" 200 110949
157.55.39.59 - - [10/Mar/2025:00:31:15 +0100] "GET /ticket2/opencms/cs/buy/?comcatid=97ECA65A-72DA-F9AF-9DBB-245D3CFED1BE&catid=F7FF413B-5FDF-82CF-E5BB-CD4AB6027974 HTTP/1.1" 200 98406
216.244.66.238 - - [10/Mar/2025:00:31:16 +0100] "GET /ticket2/opencms/no/buy?page=1&edid=718A7A5B-0864-7BB0-17EA-7D1DFF1DCA73 HTTP/1.1" 200 111097
114.119.135.251 - - [10/Mar/2025:00:31:19 +0100] "GET /ticket2/opencms/it/magazine/article?title=su-larsenal-fc HTTP/1.1" 200 93605
66.249.76.166 - - [10/Mar/2025:00:31:22 +0100] "GET /ticket2/opencms/sl/magazine/article?title=refleksija-sezone-manchester-uniteda-202324 HTTP/1.1" 200 93854
157.55.39.59 - - [10/Mar/2025:00:31:23 +0100] "GET /ticket2/opencms/uk/buy/?page=1&edid=9A922FCB-8506-35ED-C678-7D43144BEDC3 HTTP/1.1" 200 110965
114.119.153.152 - - [10/Mar/2025:00:31:24 +0100] "GET /ticket2/opencms/hu/buy?page=1&=4E722101-4569-5A8B-D55C-A65AFE7C34A8 HTTP/1.1" 200 -
72.14.201.135 - - [10/Mar/2025:00:31:24 +0100] "GET /ticket2/opencms/ HTTP/1.1" 302 -
157.55.39.59 - - [10/Mar/2025:00:31:24 +0100] "GET /ticket2/opencms/hr/buy/?page=1&edid=B68A5FCD-3F48-E5F6-F08A-DB5402FFB044 HTTP/1.1" 200 111863
72.14.201.135 - - [10/Mar/2025:00:31:26 +0100] "GET /ticket2/opencms/en/ HTTP/1.1" 200 102077
81.167.26.57 - - [10/Mar/2025:00:31:26 +0100] "GET /ticket2/opencms/dk/robots.txt HTTP/1.1" 404 -
81.167.26.57 - - [10/Mar/2025:00:31:30 +0100] "GET /ticket2/opencms/dk/sv/buy/?page=1&edid=6DFD8F8B-B309-A5E8-A530-959D20F8D336&sortorder=asc&column=price HTTP/1.1" 404 -
207.46.13.156 - - [10/Mar/2025:00:31:33 +0100] "GET /ticket2/opencms/et/buy?page=1&edid=BE6ABBE8-6DAC-6741-AA1A-CEB7A9B0DCF0 HTTP/1.1" 200 112280
185.191.171.4 - - [10/Mar/2025:00:31:35 +0100] "GET /ticket2/opencms/dk/sport/fodboldbilletter/serie-a/atalanta HTTP/1.1" 200 98317
81.167.26.57 - - [10/Mar/2025:00:31:35 +0100] "GET /ticket2/opencms/dk/sv/buy/?page=1&edid=6DFD8F8B-B309-A5E8-A530-959D20F8D336&sortorder=asc&column=row HTTP/1.1" 404 -
185.191.171.1 - - [10/Mar/2025:00:31:36 +0100] "GET /ticket2/opencms/sv/sport/fotbollsbiljetter/la_liga/cadiz/ HTTP/1.1" 500 -
20.171.207.145 - - [10/Mar/2025:00:31:37 +0100] "GET /ticket2/opencms/bg/sport/futbolni-bileti/eredivisie HTTP/1.1" 500 -
173.252.69.1 - - [10/Mar/2025:00:31:37 +0100] "GET /ticket2/opencms/cs/buy/?page=1&edid=812FD49D-304A-7328-3A5E-992562A1F44A HTTP/1.1" 200 111832
40.77.167.4 - - [10/Mar/2025:00:31:38 +0100] "GET /ticket2/opencms/be/buy?page=10&eventid=48AF97D5-1FDD-A60C-FB09-EB0FE2EC6098&venueid=52FEA340-600C-C2A6-D05C-0B94F2E2DFB9 HTTP/1.1" 200 98970
40.77.167.4 - - [10/Mar/2025:00:31:38 +0100] "GET /ticket2/opencms/hy/buy?page=1&edid=B8EF6180-227A-800A-63E5-9809623FC791 HTTP/1.1" 404 -
81.167.26.57 - - [10/Mar/2025:00:31:39 +0100] "GET /ticket2/opencms/dk/sv/buy/?page=1&edid=6DFD8F8B-B309-A5E8-A530-959D20F8D336&sortorder=asc&column=section HTTP/1.1" 404 -
91.124.117.71 - - [10/Mar/2025:00:31:40 +0100] "GET /ticket2/opencms/de/sport/fussball-tickets/champions-league/celtic HTTP/1.1" 500 -
95.217.114.173 - - [10/Mar/2025:00:31:40 +0100] "GET /ticket2/opencms/no/buy/?page=1&edid=EA7D2AE2-BF00-BDF0-D8DC-6EBA4C77395E HTTP/1.1" 200 110107
68.183.238.15 - - [10/Mar/2025:00:31:43 +0100] "GET /manager/html HTTP/1.1" 404 -
81.167.26.57 - - [10/Mar/2025:00:31:44 +0100] "GET /ticket2/opencms/dk/sv/buy/?page=1&edid=6DFD8F8B-B309-A5E8-A530-959D20F8D336&sortorder=desc&column=price HTTP/1.1" 404 -
207.46.13.156 - - [10/Mar/2025:00:31:47 +0100] "GET /ticket2/opencms/sl/buy/?page=1&edid=8A0C6B9F-EF47-16F9-43A5-817E5FE8B5FC HTTP/1.1" 200 111658
66.249.74.136 - - [10/Mar/2025:00:31:48 +0100] "GET /ticket2/opencms/nl/buy/?page=1&edid=36AF1B5E-5A99-17FA-F2C9-AE0F1234F398 HTTP/1.1" 200 122071
81.167.26.57 - - [10/Mar/2025:00:31:48 +0100] "GET /ticket2/opencms/dk/sv/buy/?page=1&edid=6DFD8F8B-B309-A5E8-A530-959D20F8D336&sortorder=desc&column=row HTTP/1.1" 404 -
207.46.13.156 - - [10/Mar/2025:00:31:50 +0100] "GET /ticket2/opencms/el/buy/?page=1&edid=885A2607-A223-24CC-17AE-7C8ECDA8D47C HTTP/1.1" 200 138230
85.208.96.207 - - [10/Mar/2025:00:31:50 +0100] "GET /ticket2/opencms/is/magazine/article?title=niu-sigrar-a-tiu-leikjum HTTP/1.1" 200 92803
66.249.65.196 - - [10/Mar/2025:00:31:51 +0100] "GET /ticket2/opencms/hu/buy?page=1&edid=89AC8C22-922C-5C69-19DD-247D667ABB39&hlv=666d6e82-f6bc-4aae-a82d-0c140a01000f HTTP/1.1" 200 113368
81.167.26.57 - - [10/Mar/2025:00:31:53 +0100] "GET /ticket2/opencms/dk/sv/buy/?page=1&edid=6DFD8F8B-B309-A5E8-A530-959D20F8D336&sortorder=desc&column=section HTTP/1.1" 404 -
40.77.167.159 - - [10/Mar/2025:00:31:54 +0100] "GET /ticket2/opencms/en/magazine/article?title=how-should-manchester-united-handle-the-crisis HTTP/1.1" 200 91420
81.167.26.57 - - [10/Mar/2025:00:31:57 +0100] "GET /ticket2/opencms/dk/sv/buy/?page=1&edid=6E2D7CB4-12E0-AD72-BA3F-A5F3489E3A5B&sortorder=asc&column=price HTTP/1.1" 404 -
47.128.27.26 - - [10/Mar/2025:00:31:58 +0100] "GET /ticket2/opencms/hr/buy/?edid=52097123-D272-930E-ACDD-5F9218EDFF4D HTTP/1.1" 200 91762
216.244.66.238 - - [10/Mar/2025:00:31:59 +0100] "GET /ticket2/opencms/it/sport/biglietti-calcio/premier-league/ HTTP/1.1" 200 104988
81.167.26.57 - - [10/Mar/2025:00:32:01 +0100] "GET /ticket2/opencms/dk/sv/buy/?page=1&edid=6E2D7CB4-12E0-AD72-BA3F-A5F3489E3A5B&sortorder=asc&column=row HTTP/1.1" 404 -
66.249.65.235 - - [10/Mar/2025:00:32:04 +0100] "GET /ticket2/opencms/hr/magazine/article?title=najskuplja-pojacanja-u-sijecanjskom-prijelaznom-roku HTTP/1.1" 200 93479
81.167.26.57 - - [10/Mar/2025:00:32:06 +0100] "GET /ticket2/opencms/dk/sv/buy/?page=1&edid=6E2D7CB4-12E0-AD72-BA3F-A5F3489E3A5B&sortorder=asc&column=section HTTP/1.1" 404 -
66.249.76.43 - - [10/Mar/2025:00:32:07 +0100] "GET /ticket2/opencms/sr/magazine/article?title=kylian-mbappe-impresionira HTTP/1.1" 200 93316
81.167.26.57 - - [10/Mar/2025:00:32:11 +0100] "GET /ticket2/opencms/dk/sv/buy/?page=1&edid=6E2D7CB4-12E0-AD72-BA3F-A5F3489E3A5B&sortorder=desc&column=price HTTP/1.1" 404 -
66.249.74.136 - - [10/Mar/2025:00:32:12 +0100] "GET /ticket2/opencms/venue/signal_iduna_park.jpg HTTP/1.1" 200 12842
157.55.39.59 - - [10/Mar/2025:00:32:14 +0100] "GET /ticket2/opencms/sv/buy?page=1&edid=B5C73525-3464-86C0-6556-AF81CD6951F1 HTTP/1.1" 200 111173
114.119.148.14 - - [10/Mar/2025:00:32:14 +0100] "GET /ticket2/opencms/en/buy/?page=1&edid=91FAE701-E944-1968-F53E-1E91CED66301 HTTP/1.1" 200 106814
81.167.26.57 - - [10/Mar/2025:00:32:15 +0100] "GET /ticket2/opencms/dk/sv/buy/?page=1&edid=6E2D7CB4-12E0-AD72-BA3F-A5F3489E3A5B&sortorder=desc&column=row HTTP/1.1" 404 -
85.208.96.204 - - [10/Mar/2025:00:32:19 +0100] "GET /ticket2/opencms/hr/magazine/article?title=bukayo-ayoyinka-t-m-saka HTTP/1.1" 200 93337
81.167.26.57 - - [10/Mar/2025:00:32:20 +0100] "GET /ticket2/opencms/dk/sv/buy/?page=1&edid=6E2D7CB4-12E0-AD72-BA3F-A5F3489E3A5B&sortorder=desc&column=section HTTP/1.1" 404 -
114.119.141.178 - - [10/Mar/2025:00:32:22 +0100] "GET /ticket2/opencms/hu/buy?page=1&=4610EA55-7476-6CBC-A47D-8EF333C01165 HTTP/1.1" 200 -
114.119.159.129 - - [10/Mar/2025:00:32:24 +0100] "GET /ticket2/opencms/en/buy/?page=1&edid=E3B46C02-527F-BFED-1199-3D6C38556545 HTTP/1.1" 200 110522
81.167.26.57 - - [10/Mar/2025:00:32:24 +0100] "GET /ticket2/opencms/dk/sv/buy/?page=1&edid=782DA820-81A9-DE17-547C-521616A84CAF&sortorder=asc&column=section HTTP/1.1" 404 -
114.119.154.207 - - [10/Mar/2025:00:32:28 +0100] "GET /ticket2/opencms/it/magazine/article?title=petas-kylian-mbappe HTTP/1.1" 200 92830
81.167.26.57 - - [10/Mar/2025:00:32:29 +0100] "GET /ticket2/opencms/dk/sv/buy/?page=1&edid=7CC9F686-E01E-7AA7-6B2C-57C81D223169 HTTP/1.1" 404 -
173.252.83.11 - - [10/Mar/2025:00:32:32 +0100] "GET /ticket2/opencms/uk/buy/?page=1&edid=8E8E9404-172C-6C57-7F68-EAFC3F95D1AC HTTP/1.1" 200 114732
81.167.26.57 - - [10/Mar/2025:00:32:33 +0100] "GET /ticket2/opencms/dk/sv/buy/?page=1&edid=7CC9F686-E01E-7AA7-6B2C-57C81D223169&sortorder=desc&column=price HTTP/1.1" 404 -
85.208.96.210 - - [10/Mar/2025:00:32:35 +0100] "GET /ticket2/opencms/mo/magazine/article?title=brentford-fc HTTP/1.1" 200 95550
66.249.65.196 - - [10/Mar/2025:00:32:37 +0100] "GET /ticket2/opencms/fi/buy?page=1&edid=419AB2FE-E574-463F-695B-BD68134BEFEB HTTP/1.1" 200 109568
85.208.96.197 - - [10/Mar/2025:00:32:38 +0100] "GET /ticket2/opencms/ro/magazine/article?title=despre-arsenal-fc HTTP/1.1" 200 93915
66.249.76.43 - - [10/Mar/2025:00:32:38 +0100] "GET /ticket2/opencms/sv/magazine/article?title=framtida-stjarnor HTTP/1.1" 200 92978
81.167.26.57 - - [10/Mar/2025:00:32:38 +0100] "GET /ticket2/opencms/dk/sv/buy/?page=1&edid=7CC9F686-E01E-7AA7-6B2C-57C81D223169&sortorder=desc&column=row HTTP/1.1" 404 -
20.171.207.145 - - [10/Mar/2025:00:32:41 +0100] "GET /ticket2/opencms/uk/sport/kvytky-na-futbol/fa-cup HTTP/1.1" 404 -
47.128.50.251 - - [10/Mar/2025:00:32:41 +0100] "GET /ticket2/opencms/nl/sport/voetbal-tickets/premier_league/luton/ HTTP/1.1" 500 -
81.167.26.57 - - [10/Mar/2025:00:32:42 +0100] "GET /ticket2/opencms/dk/sv/buy/?page=1&edid=7CC9F686-E01E-7AA7-6B2C-57C81D223169&sortorder=desc&column=section HTTP/1.1" 404 -
185.191.171.19 - - [10/Mar/2025:00:32:46 +0100] "GET /ticket2/opencms/tr/magazine/article?title=thomas-tuchel-ingilterenin-yeni-milli-takim-teknik-direktoru-oldu HTTP/1.1" 200 93862
81.167.26.57 - - [10/Mar/2025:00:32:47 +0100] "GET /ticket2/opencms/dk/sv/buy/?page=1&edid=7EFDE0C1-F2B0-9ADE-B929-783FCCAA4D1D&sortorder=desc&column=section HTTP/1.1" 404 -
81.167.26.57 - - [10/Mar/2025:00:32:51 +0100] "GET /ticket2/opencms/dk/sv/buy/?page=1&edid=7F453E70-42C2-9829-6707-8F3A9E689502&sortorder=desc&column=section HTTP/1.1" 404 -
47.128.50.165 - - [10/Mar/2025:00:32:53 +0100] "GET /ticket2/opencms/mt/buy/?edid=CC748805-AA77-5D07-7352-96CD97D4F5AC HTTP/1.1" 200 91697
185.191.171.16 - - [10/Mar/2025:00:32:54 +0100] "GET /ticket2/opencms/sv/sport/fotbollsbiljetter/uefa-europa-league/liverpool/ HTTP/1.1" 500 -
157.55.39.59 - - [10/Mar/2025:00:32:55 +0100] "GET /ticket2/opencms/lv/buy?page=1&edid=8CF7B327-CBF8-6902-00E4-357348B3DB32 HTTP/1.1" 200 112492
81.167.26.57 - - [10/Mar/2025:00:32:55 +0100] "GET /ticket2/opencms/dk/sv/buy/?page=1&edid=7FEF6961-5BF1-9DFB-5660-72619EFFF882&sortorder=desc&column=section HTTP/1.1" 404 -
54.36.148.44 - - [10/Mar/2025:00:32:56 +0100] "GET /ticket2/opencms/fr/sport/billets-football/la_liga/real_betis HTTP/1.1" 200 101722
114.119.143.233 - - [10/Mar/2025:00:32:57 +0100] "GET /ticket2/opencms/hu/buy?page=1&=401CD235-D1EE-5A91-A749-CF58F670CF2A HTTP/1.1" 200 -
202.8.41.223 - - [10/Mar/2025:00:32:58 +0100] "GET /ticket2/opencms/system/modules/com.gridnine.opencms.ticketbrokerage.site/resources/css/calendar.css HTTP/1.1" 200 6871
202.8.41.223 - - [10/Mar/2025:00:32:58 +0100] "GET /ticket2/opencms/system/modules/com.gridnine.opencms.ticketbrokerage.site/resources/css/ticketbrokerage.css HTTP/1.1" 200 39339
202.8.41.223 - - [10/Mar/2025:00:32:58 +0100] "GET /ticket2/opencms/system/modules/com.gridnine.opencms.ticketbrokerage.site/resources/css/jquery-ui.css HTTP/1.1" 200 33221
202.8.41.223 - - [10/Mar/2025:00:32:58 +0100] "GET /ticket2/opencms/system/modules/com.gridnine.opencms.ticketbrokerage.site/resources/js/jquery/jquery.js HTTP/1.1" 200 93868
202.8.41.223 - - [10/Mar/2025:00:32:58 +0100] "GET /ticket2/opencms/system/modules/com.gridnine.opencms.ticketbrokerage.site/resources/css/jquery.fancybox.css HTTP/1.1" 200 4939
202.8.41.223 - - [10/Mar/2025:00:32:58 +0100] "GET /ticket2/opencms/system/modules/com.gridnine.opencms.ticketbrokerage.site/resources/css/standard.css HTTP/1.1" 200 74449
202.8.41.223 - - [10/Mar/2025:00:32:58 +0100] "GET /ticket2/opencms/system/modules/com.gridnine.opencms.ticketbrokerage.site/resources/js/jquery/jquery-ui.js HTTP/1.1" 200 228088
202.8.41.223 - - [10/Mar/2025:00:32:58 +0100] "GET /ticket2/opencms/system/modules/com.gridnine.opencms.ticketbrokerage.site/resources/js/functions.js HTTP/1.1" 200 1583
202.8.41.223 - - [10/Mar/2025:00:32:58 +0100] "GET /ticket2/opencms/system/modules/com.gridnine.opencms.ticketbrokerage.site/resources/js/calendar.js HTTP/1.1" 200 49229
202.8.41.223 - - [10/Mar/2025:00:32:58 +0100] "GET /ticket2/opencms/system/modules/com.gridnine.opencms.ticketbrokerage.site/resources/js/calendar-en.js HTTP/1.1" 200 3338
202.8.41.223 - - [10/Mar/2025:00:32:58 +0100] "GET /ticket2/opencms/system/modules/com.gridnine.opencms.ticketbrokerage.site/resources/js/calendar-setup.js HTTP/1.1" 200 4923
202.8.41.223 - - [10/Mar/2025:00:32:58 +0100] "GET /ticket2/opencms/system/modules/com.gridnine.opencms.ticketbrokerage.site/resources/js/standard.js HTTP/1.1" 200 3983
202.8.41.223 - - [10/Mar/2025:00:32:58 +0100] "GET /ticket2/opencms/system/modules/com.gridnine.opencms.ticketbrokerage.site/resources/js/jquery.fancybox.pack.js HTTP/1.1" 200 23187
202.8.41.223 - - [10/Mar/2025:00:32:58 +0100] "GET /ticket2/opencms/system/modules/com.gridnine.opencms.ticketbrokerage.site/resources/js/stickyfill.min.js HTTP/1.1" 200 5672
202.8.41.223 - - [10/Mar/2025:00:32:59 +0100] "GET /ticket2/opencms/system/modules/com.gridnine.opencms.ticketbrokerage.site/resources/js/jquery.placeholder.min.js HTTP/1.1" 200 1737
202.8.41.223 - - [10/Mar/2025:00:32:59 +0100] "GET /ticket2/opencms/system/modules/com.gridnine.opencms.ticketbrokerage.site/resources/js/common-ajax.js HTTP/1.1" 200 20175
81.167.26.57 - - [10/Mar/2025:00:33:00 +0100] "GET /ticket2/opencms/dk/sv/buy/?page=1&edid=80F72DA3-C236-6F07-B2C3-94AC6FDC141B&sortorder=asc&column=price HTTP/1.1" 404 -
66.249.73.7 - - [10/Mar/2025:00:33:02 +0100] "GET /ticket2/opencms/en/search.html?searchQuery=chelsea&submit= HTTP/1.1" 200 104128
81.167.26.57 - - [10/Mar/2025:00:33:04 +0100] "GET /ticket2/opencms/dk/sv/buy/?page=1&edid=80F72DA3-C236-6F07-B2C3-94AC6FDC141B&sortorder=asc&column=row HTTP/1.1" 404 -
66.249.76.43 - - [10/Mar/2025:00:33:05 +0100] "GET /ticket2/opencms/sv/magazine/article?title=chelsea-vunnit-sex-premier-league-titlar HTTP/1.1" 200 94219
81.167.26.57 - - [10/Mar/2025:00:33:09 +0100] "GET /ticket2/opencms/dk/sv/buy/?page=1&edid=81817D53-8529-171B-1834-A4DFAF1D5D05&sortorder=asc&column=section HTTP/1.1" 404 -
195.191.219.130 - - [10/Mar/2025:00:33:10 +0100] "GET /ticket2/opencms/robots.txt HTTP/1.1" 200 773
157.55.39.196 - - [10/Mar/2025:00:33:10 +0100] "GET /ticket2/opencms/az/buy?page=1&edid=2E703F42-67DF-18BC-B625-FC96162964B7 HTTP/1.1" 200 111140
195.191.219.130 - - [10/Mar/2025:00:33:10 +0100] "GET /ticket2/opencms/en/login/?edid=8F8733BC-C28B-043B-2DC6-01908247C52A HTTP/1.1" 200 90180
195.191.219.130 - - [10/Mar/2025:00:33:11 +0100] "GET /ticket2/opencms/en/login/?edid=9281054C-8970-84EC-4079-0C8BCDDBCAD4 HTTP/1.1" 200 90060
195.191.219.130 - - [10/Mar/2025:00:33:12 +0100] "GET /ticket2/opencms/en/login/?edid=9667EB6B-D73B-BD07-1E55-EFA6F23D8FD6 HTTP/1.1" 200 90062
157.55.39.196 - - [10/Mar/2025:00:33:13 +0100] "GET /ticket2/opencms/en/buy?page=1&edid=9C92749B-82EC-521C-78AF-8CCF3D3B3F3A HTTP/1.1" 200 109936
157.55.39.15 - - [10/Mar/2025:00:33:13 +0100] "GET /ticket2/opencms/en/magazine/article?title=please-provide-the-text-you-want-translated-into-english HTTP/1.1" 200 89037
81.167.26.57 - - [10/Mar/2025:00:33:13 +0100] "GET /ticket2/opencms/dk/sv/buy/?page=1&edid=81817D53-8529-171B-1834-A4DFAF1D5D05&sortorder=desc&column=price HTTP/1.1" 404 -
195.191.219.130 - - [10/Mar/2025:00:33:13 +0100] "GET /ticket2/opencms/en/login/?edid=969E5AB7-D3B8-6C58-9920-98035C387D72 HTTP/1.1" 200 90116
157.55.39.196 - - [10/Mar/2025:00:33:13 +0100] "GET /ticket2/opencms/tr/buy/?page=1&edid=9667EB6B-D73B-BD07-1E55-EFA6F23D8FD6 HTTP/1.1" 200 112561
195.191.219.130 - - [10/Mar/2025:00:33:14 +0100] "GET /ticket2/opencms/en/login/?edid=AFEF3C90-B443-6FD8-C991-19B7D0D5CE48 HTTP/1.1" 200 90116
195.191.219.130 - - [10/Mar/2025:00:33:15 +0100] "GET /ticket2/opencms/en/login/?edid=B855F550-9DEC-7B03-FDEF-C6C504BB20AE HTTP/1.1" 200 90110
216.244.66.238 - - [10/Mar/2025:00:33:15 +0100] "GET /ticket2/opencms/hu/sport/focijegyek/champions-league/arsenal HTTP/1.1" 500 -
195.191.219.130 - - [10/Mar/2025:00:33:16 +0100] "GET /ticket2/opencms/en/login/?edid=DA44C698-ABEB-9A16-9832-94CF743E9864 HTTP/1.1" 200 90114
195.191.219.130 - - [10/Mar/2025:00:33:17 +0100] "GET /ticket2/opencms/en/login/?edid=EFD91FA9-1EBC-B09D-15C8-01C412DECF0C HTTP/1.1" 200 90119
81.167.26.57 - - [10/Mar/2025:00:33:18 +0100] "GET /ticket2/opencms/dk/sv/buy/?page=1&edid=81817D53-8529-171B-1834-A4DFAF1D5D05&sortorder=desc&column=row HTTP/1.1" 404 -
47.128.45.251 - - [10/Mar/2025:00:33:19 +0100] "GET /ticket2/opencms/hr/buy/?edid=076317A2-E374-F6BE-C2AE-88F75CAA72F3 HTTP/1.1" 200 91688
185.191.171.13 - - [10/Mar/2025:00:33:19 +0100] "GET /ticket2/opencms/tr/magazine/article?title=emirates-stadyumu-simgelesmis-bir-arena HTTP/1.1" 200 96278
81.167.26.57 - - [10/Mar/2025:00:33:22 +0100] "GET /ticket2/opencms/dk/sv/buy/?page=1&edid=81817D53-8529-171B-1834-A4DFAF1D5D05&sortorder=desc&column=section HTTP/1.1" 404 -
57.154.175.10 - - [10/Mar/2025:00:33:24 +0100] "GET /ticket2/opencms/tr/magazine/article?title=premier-league-mac-takvimi-premier-league-fiksturu-20242025 HTTP/1.1" 200 92914
157.55.39.59 - - [10/Mar/2025:00:33:24 +0100] "GET /ticket2/opencms/no/buy/?page=1&edid=55D1893A-18D7-BF3D-C95C-B7BB78833B39 HTTP/1.1" 200 110556
81.167.26.57 - - [10/Mar/2025:00:33:27 +0100] "GET /ticket2/opencms/dk/sv/buy/?page=1&edid=81CB16E1-41EB-DE22-295B-27386E73C454&sortorder=asc&column=row HTTP/1.1" 404 -
216.244.66.238 - - [10/Mar/2025:00:33:27 +0100] "GET /ticket2/opencms/is/sport/fotbolti/champions-league/arsenal HTTP/1.1" 500 -
173.252.83.7 - - [10/Mar/2025:00:33:28 +0100] "GET /ticket2/opencms/et/sport/jalgpallipiletid/serie-a/hellas_verona/ HTTP/1.1" 500 -
85.208.96.206 - - [10/Mar/2025:00:33:28 +0100] "GET /ticket2/opencms/sl/sport/nogometne-vstopnice/la-liga/getafe/ HTTP/1.1" 200 100527
81.167.26.57 - - [10/Mar/2025:00:33:31 +0100] "GET /ticket2/opencms/dk/sv/buy/?page=1&edid=8283F0D6-DE7E-1E05-A6F6-A049523B2687&sortorder=asc&column=price HTTP/1.1" 404 -
185.191.171.13 - - [10/Mar/2025:00:33:31 +0100] "GET /ticket2/opencms/dk/sport/fodboldbilletter/serie-a/ HTTP/1.1" 200 95035
81.167.26.57 - - [10/Mar/2025:00:33:35 +0100] "GET /ticket2/opencms/dk/sv/buy/?page=1&edid=8283F0D6-DE7E-1E05-A6F6-A049523B2687&sortorder=asc&column=row HTTP/1.1" 404 -
95.217.114.173 - - [10/Mar/2025:00:33:39 +0100] "GET /ticket2/opencms/no/buy/?page=1&edid=EA8AC659-064A-13C5-E45A-520465D219F8 HTTP/1.1" 200 110253
81.167.26.57 - - [10/Mar/2025:00:33:40 +0100] "GET /ticket2/opencms/dk/sv/buy/?page=1&edid=8283F0D6-DE7E-1E05-A6F6-A049523B2687&sortorder=asc&column=section HTTP/1.1" 404 -
40.77.167.23 - - [10/Mar/2025:00:33:42 +0100] "GET /ticket2/opencms/el/buy/?page=1&edid=BF02E8D3-250D-1BB9-F307-8D142E1902AE HTTP/1.1" 200 114648
20.171.207.145 - - [10/Mar/2025:00:33:43 +0100] "GET /ticket2/opencms/uk/sport/kvytky-na-futbol/ligue-1 HTTP/1.1" 500 -
85.208.96.194 - - [10/Mar/2025:00:33:43 +0100] "GET /ticket2/opencms/hr/magazine/article?title=manchester-united-je-odlucio-otpustiti-erika-ten-haga HTTP/1.1" 200 97274
81.167.26.57 - - [10/Mar/2025:00:33:44 +0100] "GET /ticket2/opencms/dk/sv/buy/?page=1&edid=8283F0D6-DE7E-1E05-A6F6-A049523B2687&sortorder=desc&column=row HTTP/1.1" 404 -
185.191.171.10 - - [10/Mar/2025:00:33:47 +0100] "GET /ticket2/opencms/et/sport/jalgpallipiletid/bundesliga/darmstadt HTTP/1.1" 500 -
140.228.23.209 - - [10/Mar/2025:00:33:47 +0100] "GET /ticket2/opencms/de/sport/fussball-tickets/premier_league/wolverhampton/ HTTP/1.1" 200 102786
154.54.249.216 - - [10/Mar/2025:00:33:47 +0100] "GET /ticket2/opencms/en/venue/?venueid=E8164C8A-8873-243D-7C2E-FF36822B4188 HTTP/1.1" 200 85488
81.167.26.57 - - [10/Mar/2025:00:33:49 +0100] "GET /ticket2/opencms/dk/sv/buy/?page=1&edid=8606E56E-9AC4-DAC2-29EF-4288C9F2BFC5&sortorder=asc&column=section HTTP/1.1" 404 -
157.55.39.196 - - [10/Mar/2025:00:33:49 +0100] "GET /ticket2/opencms/bg/buy?page=1&edid=DB05D697-A814-B351-28F8-D12625A8BB5E HTTP/1.1" 200 115111
179.24.165.63 - - [10/Mar/2025:00:33:51 +0100] "GET /ticket2/opencms/img/shutterstock_1559114345.jpg HTTP/1.1" 200 1583836
114.119.140.111 - - [10/Mar/2025:00:33:53 +0100] "GET /ticket2/opencms/en/buy/?page=1&edid=E27713F6-A278-DECD-523E-C74BE094406E HTTP/1.1" 200 109349
114.119.154.207 - - [10/Mar/2025:00:33:53 +0100] "GET /ticket2/opencms/it/magazine/article?title=manchester-united-vs-arsenal HTTP/1.1" 200 92895
81.167.26.57 - - [10/Mar/2025:00:33:53 +0100] "GET /ticket2/opencms/dk/sv/buy/?page=1&edid=8A1D7FDE-61D9-CA78-3F14-088E085C1428&sortorder=asc&column=price HTTP/1.1" 404 -
114.119.136.30 - - [10/Mar/2025:00:33:54 +0100] "GET /ticket2/opencms/hu/buy?page=1&=3CCBCD1A-AF19-2EC7-51AF-1D6AF3F1217A HTTP/1.1" 200 -
157.55.39.59 - - [10/Mar/2025:00:33:55 +0100] "GET /ticket2/opencms/mt/buy?page=1&edid=2EF450B0-DF91-3D32-83BE-3864AECD3DBC HTTP/1.1" 200 112029
157.55.39.59 - - [10/Mar/2025:00:33:56 +0100] "GET /ticket2/opencms/lt/buy?page=1&edid=EC61041E-00DA-E8B4-FB7A-79E5DD2DBE28 HTTP/1.1" 200 111818
81.167.26.57 - - [10/Mar/2025:00:33:58 +0100] "GET /ticket2/opencms/dk/sv/buy/?page=1&edid=9AD4B11B-4601-F5E9-C96F-7BECC055632D&sortorder=asc&column=row HTTP/1.1" 404 -
40.77.167.41 - - [10/Mar/2025:00:33:59 +0100] "GET /ticket2/opencms/en/venue/?venueid=D88B1A2D-D4CE-4096-CB58-413C35009F84 HTTP/1.1" 200 85287
114.119.155.118 - - [10/Mar/2025:00:33:59 +0100] "GET /ticket2/opencms/en/venue/?countryid=EFCDD4BE-2B2E-DD3B-EFFB-83BD42354573 HTTP/1.1" 200 123965
85.208.96.195 - - [10/Mar/2025:00:34:01 +0100] "GET /ticket2/opencms/sv/sport/fotbollsbiljetter/la_liga/granada/ HTTP/1.1" 500 -
81.167.26.57 - - [10/Mar/2025:00:34:03 +0100] "GET /ticket2/opencms/dk/sv/buy/?page=1&edid=9AD4B11B-4601-F5E9-C96F-7BECC055632D&sortorder=asc&column=section HTTP/1.1" 404 -
114.119.146.220 - - [10/Mar/2025:00:34:05 +0100] "GET /ticket2/opencms/en/buy/?page=1&edid=91386F59-CC65-7E48-663D-CA8734441B84 HTTP/1.1" 200 110532
66.249.65.196 - - [10/Mar/2025:00:34:06 +0100] "GET /ticket2/opencms/set_aff_cookie.jsp?partner=2E02071B-A8C3-4CBA-3097-C27D61C02ED8&url=%252Fen%252Fbuy%252Findex.html%253Fpage%253D1%2526edid%253DBD28444D-8483-F179-3965-1E8A674294B4%2526hlv%253D66c38da3-d91c-4408-a5ba-6f2f0a01000f%2523v_369361976 HTTP/1.1" 200 246
81.167.26.57 - - [10/Mar/2025:00:34:07 +0100] "GET /ticket2/opencms/dk/sv/buy/?page=1&edid=9D121C24-BF27-8087-13C4-8C95D3CEB664&sortorder=asc&column=price HTTP/1.1" 404 -
85.208.96.204 - - [10/Mar/2025:00:34:11 +0100] "GET /ticket2/opencms/sv/magazine/article?title=chelsea-fansen-reagerar-med-frustration HTTP/1.1" 200 93489
81.167.26.57 - - [10/Mar/2025:00:34:11 +0100] "GET /ticket2/opencms/dk/sv/buy/?page=1&edid=9D121C24-BF27-8087-13C4-8C95D3CEB664&sortorder=asc&column=row HTTP/1.1" 404 -
85.208.96.204 - - [10/Mar/2025:00:34:12 +0100] "GET /ticket2/opencms/cs/login/ HTTP/1.1" 200 91801
85.208.96.193 - - [10/Mar/2025:00:34:13 +0100] "GET /ticket2/opencms/uk/magazine/article?title=rodrigo-bentancur-suspended-for-seven-matches-following-racist-statement HTTP/1.1" 200 94695
81.167.26.57 - - [10/Mar/2025:00:34:16 +0100] "GET /ticket2/opencms/dk/sv/buy/?page=1&edid=9D121C24-BF27-8087-13C4-8C95D3CEB664&sortorder=asc&column=section HTTP/1.1" 404 -
66.249.76.42 - - [10/Mar/2025:00:34:16 +0100] "GET /ticket2/opencms/de/buy?page=2&sodvid= HTTP/1.1" 200 112424
81.167.26.57 - - [10/Mar/2025:00:34:20 +0100] "GET /ticket2/opencms/dk/sv/buy/?page=1&edid=9D66FD67-419E-CC30-8F44-B7D097CB8073&sortorder=asc&column=price HTTP/1.1" 404 -
85.208.96.203 - - [10/Mar/2025:00:34:22 +0100] "GET /ticket2/opencms/sr/search.html HTTP/1.1" 200 97204
77.75.73.26 - - [10/Mar/2025:00:34:22 +0100] "GET /ticket2/opencms/robots.txt HTTP/1.1" 200 773
77.75.73.26 - - [10/Mar/2025:00:34:24 +0100] "GET /ticket2/opencms/en/ HTTP/1.1" 200 102007
40.77.167.4 - - [10/Mar/2025:00:34:24 +0100] "GET /ticket2/opencms/bg/sport/futbolni-bileti/premier-league/west-ham HTTP/1.1" 404 -
81.167.26.57 - - [10/Mar/2025:00:34:25 +0100] "GET /ticket2/opencms/dk/sv/buy/?page=1&edid=9D66FD67-419E-CC30-8F44-B7D097CB8073&sortorder=asc&column=section HTTP/1.1" 404 -
173.252.87.116 - - [10/Mar/2025:00:34:25 +0100] "GET /ticket2/opencms/fr/buy/?page=1&edid=FF1B1F16-B60A-CB20-3635-FAA393A69F1C HTTP/1.1" 200 108367
54.36.149.14 - - [10/Mar/2025:00:34:27 +0100] "GET /ticket2/opencms/sv/sport/fotbollsbiljetter/premier_league/southampton/ HTTP/1.1" 200 94284
202.8.43.75 - - [10/Mar/2025:00:34:28 +0100] "GET /ticket2/opencms/system/modules/com.gridnine.opencms.ticketbrokerage.site/resources/css/ticketbrokerage.css HTTP/1.1" 200 39339
202.8.43.75 - - [10/Mar/2025:00:34:28 +0100] "GET /ticket2/opencms/system/modules/com.gridnine.opencms.ticketbrokerage.site/resources/css/calendar.css HTTP/1.1" 200 6871
202.8.43.75 - - [10/Mar/2025:00:34:28 +0100] "GET /ticket2/opencms/system/modules/com.gridnine.opencms.ticketbrokerage.site/resources/css/jquery-ui.css HTTP/1.1" 200 33221
202.8.43.75 - - [10/Mar/2025:00:34:28 +0100] "GET /ticket2/opencms/system/modules/com.gridnine.opencms.ticketbrokerage.site/resources/css/standard.css HTTP/1.1" 200 74449
202.8.43.75 - - [10/Mar/2025:00:34:28 +0100] "GET /ticket2/opencms/system/modules/com.gridnine.opencms.ticketbrokerage.site/resources/css/jquery.fancybox.css HTTP/1.1" 200 4939
202.8.43.75 - - [10/Mar/2025:00:34:28 +0100] "GET /ticket2/opencms/system/modules/com.gridnine.opencms.ticketbrokerage.site/resources/js/jquery/jquery.js HTTP/1.1" 200 93868
202.8.43.75 - - [10/Mar/2025:00:34:29 +0100] "GET /ticket2/opencms/system/modules/com.gridnine.opencms.ticketbrokerage.site/resources/js/jquery/jquery-ui.js HTTP/1.1" 200 228088
202.8.43.75 - - [10/Mar/2025:00:34:29 +0100] "GET /ticket2/opencms/system/modules/com.gridnine.opencms.ticketbrokerage.site/resources/js/functions.js HTTP/1.1" 200 1583
202.8.43.75 - - [10/Mar/2025:00:34:29 +0100] "GET /ticket2/opencms/system/modules/com.gridnine.opencms.ticketbrokerage.site/resources/js/calendar.js HTTP/1.1" 200 49229
202.8.43.75 - - [10/Mar/2025:00:34:29 +0100] "GET /ticket2/opencms/system/modules/com.gridnine.opencms.ticketbrokerage.site/resources/js/calendar-en.js HTTP/1.1" 200 3338
202.8.43.75 - - [10/Mar/2025:00:34:29 +0100] "GET /ticket2/opencms/system/modules/com.gridnine.opencms.ticketbrokerage.site/resources/js/calendar-setup.js HTTP/1.1" 200 4923
202.8.43.75 - - [10/Mar/2025:00:34:29 +0100] "GET /ticket2/opencms/system/modules/com.gridnine.opencms.ticketbrokerage.site/resources/js/jquery.fancybox.pack.js HTTP/1.1" 200 23187
202.8.43.75 - - [10/Mar/2025:00:34:29 +0100] "GET /ticket2/opencms/system/modules/com.gridnine.opencms.ticketbrokerage.site/resources/js/standard.js HTTP/1.1" 200 3983
202.8.43.75 - - [10/Mar/2025:00:34:29 +0100] "GET /ticket2/opencms/system/modules/com.gridnine.opencms.ticketbrokerage.site/resources/js/stickyfill.min.js HTTP/1.1" 200 5672
202.8.43.75 - - [10/Mar/2025:00:34:29 +0100] "GET /ticket2/opencms/system/modules/com.gridnine.opencms.ticketbrokerage.site/resources/js/jquery.placeholder.min.js HTTP/1.1" 200 1737
202.8.43.75 - - [10/Mar/2025:00:34:29 +0100] "GET /ticket2/opencms/system/modules/com.gridnine.opencms.ticketbrokerage.site/resources/js/common-ajax.js HTTP/1.1" 200 20175
157.55.39.59 - - [10/Mar/2025:00:34:29 +0100] "GET /ticket2/opencms/tr/buy?page=1&edid=6475D7A3-1C6F-1847-BA55-C681B76735B1 HTTP/1.1" 200 112839
81.167.26.57 - - [10/Mar/2025:00:34:29 +0100] "GET /ticket2/opencms/dk/sv/buy/?page=1&edid=9D66FD67-419E-CC30-8F44-B7D097CB8073&sortorder=desc&column=price HTTP/1.1" 404 -
173.252.69.116 - - [10/Mar/2025:00:34:32 +0100] "GET /ticket2/opencms/lv/buy/?page=1&edid=BC5D7CD2-EB5B-8786-D71A-5AE6232D27A7 HTTP/1.1" 200 112048
5.178.148.87 - - [10/Mar/2025:00:34:33 +0100] "GET /ticket2/opencms/ka/buy?page=1&edid=B5480FEC-C7FC-18FB-0EEB-9717E2722B5A HTTP/1.1" 200 92939
5.178.148.87 - - [10/Mar/2025:00:34:33 +0100] "GET /ticket2/opencms/system/modules/com.gridnine.opencms.ticketbrokerage.site/resources/css/ticketbrokerage.css HTTP/1.1" 200 39339
5.178.148.87 - - [10/Mar/2025:00:34:33 +0100] "GET /ticket2/opencms/system/modules/com.gridnine.opencms.ticketbrokerage.site/resources/css/calendar.css HTTP/1.1" 200 6871
5.178.148.87 - - [10/Mar/2025:00:34:33 +0100] "GET /ticket2/opencms/system/modules/com.gridnine.opencms.ticketbrokerage.site/resources/css/jquery-ui.css HTTP/1.1" 200 33221
5.178.148.87 - - [10/Mar/2025:00:34:34 +0100] "GET /ticket2/opencms/system/modules/com.gridnine.opencms.ticketbrokerage.site/resources/css/standard.css HTTP/1.1" 200 74449
5.178.148.87 - - [10/Mar/2025:00:34:34 +0100] "GET /ticket2/opencms/system/modules/com.gridnine.opencms.ticketbrokerage.site/resources/css/jquery.fancybox.css HTTP/1.1" 200 4939
5.178.148.87 - - [10/Mar/2025:00:34:34 +0100] "GET /ticket2/opencms/system/modules/com.gridnine.opencms.ticketbrokerage.site/resources/js/jquery/jquery.js HTTP/1.1" 200 93868
5.178.148.87 - - [10/Mar/2025:00:34:34 +0100] "GET /ticket2/opencms/system/modules/com.gridnine.opencms.ticketbrokerage.site/resources/js/functions.js HTTP/1.1" 200 1583
5.178.148.87 - - [10/Mar/2025:00:34:34 +0100] "GET /ticket2/opencms/system/modules/com.gridnine.opencms.ticketbrokerage.site/resources/js/jquery/jquery-ui.js HTTP/1.1" 200 228088
5.178.148.87 - - [10/Mar/2025:00:34:34 +0100] "GET /ticket2/opencms/system/modules/com.gridnine.opencms.ticketbrokerage.site/resources/js/calendar.js HTTP/1.1" 200 49229
5.178.148.87 - - [10/Mar/2025:00:34:34 +0100] "GET /ticket2/opencms/system/modules/com.gridnine.opencms.ticketbrokerage.site/resources/js/calendar-en.js HTTP/1.1" 200 3338
5.178.148.87 - - [10/Mar/2025:00:34:34 +0100] "GET /ticket2/opencms/system/modules/com.gridnine.opencms.ticketbrokerage.site/resources/js/calendar-setup.js HTTP/1.1" 200 4923
5.178.148.87 - - [10/Mar/2025:00:34:34 +0100] "GET /ticket2/opencms/system/modules/com.gridnine.opencms.ticketbrokerage.site/resources/js/jquery.fancybox.pack.js HTTP/1.1" 200 23187
5.178.148.87 - - [10/Mar/2025:00:34:34 +0100] "GET /ticket2/opencms/system/modules/com.gridnine.opencms.ticketbrokerage.site/resources/js/stickyfill.min.js HTTP/1.1" 200 5672
5.178.148.87 - - [10/Mar/2025:00:34:34 +0100] "GET /ticket2/opencms/system/modules/com.gridnine.opencms.ticketbrokerage.site/resources/js/common-ajax.js HTTP/1.1" 200 20175
5.178.148.87 - - [10/Mar/2025:00:34:34 +0100] "GET /ticket2/opencms/system/modules/com.gridnine.opencms.ticketbrokerage.site/resources/js/standard.js HTTP/1.1" 200 3983
5.178.148.87 - - [10/Mar/2025:00:34:34 +0100] "GET /ticket2/opencms/system/modules/com.gridnine.opencms.ticketbrokerage.site/resources/js/jquery.placeholder.min.js HTTP/1.1" 200 1737
5.178.148.87 - - [10/Mar/2025:00:34:34 +0100] "GET /ticket2/opencms/img/insta.png HTTP/1.1" 200 3967
5.178.148.87 - - [10/Mar/2025:00:34:34 +0100] "GET /ticket2/opencms/img/fb.png HTTP/1.1" 200 1269
5.178.148.87 - - [10/Mar/2025:00:34:34 +0100] "GET /ticket2/opencms/system/modules/com.gridnine.opencms.ticketbrokerage.site/resources/pics/logo-new.png HTTP/1.1" 200 13541
85.208.96.194 - - [10/Mar/2025:00:34:34 +0100] "GET /ticket2/opencms/robots.txt HTTP/1.1" 200 773
5.178.148.87 - - [10/Mar/2025:00:34:34 +0100] "GET /ticket2/opencms/img/arrow.png HTTP/1.1" 200 753
5.178.148.87 - - [10/Mar/2025:00:34:34 +0100] "GET /ticket2/opencms/img/chat.png HTTP/1.1" 200 416
5.178.148.87 - - [10/Mar/2025:00:34:34 +0100] "GET /ticket2/opencms/img/check.png HTTP/1.1" 200 548
5.178.148.87 - - [10/Mar/2025:00:34:34 +0100] "GET /ticket2/opencms/img/mail.png HTTP/1.1" 200 403
5.178.148.87 - - [10/Mar/2025:00:34:34 +0100] "GET /ticket2/opencms/system/modules/com.gridnine.opencms.ticketbrokerage.site/resources/pics/footer-img.jpg HTTP/1.1" 200 67642
5.178.148.87 - - [10/Mar/2025:00:34:35 +0100] "GET /ticket2/opencms/img/icons/globe-white.png HTTP/1.1" 200 947
5.178.148.87 - - [10/Mar/2025:00:34:35 +0100] "GET /ticket2/opencms/img/icons/en.png HTTP/1.1" 200 2415
5.178.148.87 - - [10/Mar/2025:00:34:35 +0100] "GET /ticket2/opencms/img/icons/se.png HTTP/1.1" 200 1258
5.178.148.87 - - [10/Mar/2025:00:34:35 +0100] "GET /ticket2/opencms/img/icons/fi.png HTTP/1.1" 200 1785
5.178.148.87 - - [10/Mar/2025:00:34:35 +0100] "GET /ticket2/opencms/img/icons/no.png HTTP/1.1" 200 1958
5.178.148.87 - - [10/Mar/2025:00:34:35 +0100] "GET /ticket2/opencms/img/icons/dk.png HTTP/1.1" 200 1706
5.178.148.87 - - [10/Mar/2025:00:34:35 +0100] "GET /ticket2/opencms/img/icons/nl.png HTTP/1.1" 200 1255
5.178.148.87 - - [10/Mar/2025:00:34:35 +0100] "GET /ticket2/opencms/img/icons/de.png HTTP/1.1" 200 1124
5.178.148.87 - - [10/Mar/2025:00:34:35 +0100] "GET /ticket2/opencms/img/icons/fr.png HTTP/1.1" 200 1764
5.178.148.87 - - [10/Mar/2025:00:34:35 +0100] "GET /ticket2/opencms/img/icons/es.png HTTP/1.1" 200 1005
5.178.148.87 - - [10/Mar/2025:00:34:35 +0100] "GET /ticket2/opencms/img/icons/it.png HTTP/1.1" 200 2040
5.178.148.87 - - [10/Mar/2025:00:34:35 +0100] "GET /ticket2/opencms/img/icons/pl.png HTTP/1.1" 200 1578
81.167.26.57 - - [10/Mar/2025:00:34:35 +0100] "GET /ticket2/opencms/dk/sv/buy/?page=1&edid=7CC9F686-E01E-7AA7-6B2C-57C81D223169 HTTP/1.1" 404 -
5.178.148.87 - - [10/Mar/2025:00:34:35 +0100] "GET /ticket2/opencms/img/icons/sq.png HTTP/1.1" 200 1619
5.178.148.87 - - [10/Mar/2025:00:34:35 +0100] "GET /ticket2/opencms/img/icons/az.png HTTP/1.1" 200 1445
5.178.148.87 - - [10/Mar/2025:00:34:36 +0100] "GET /ticket2/opencms/img/icons/bs.png HTTP/1.1" 200 1014
5.178.148.87 - - [10/Mar/2025:00:34:36 +0100] "GET /ticket2/opencms/img/icons/be.png HTTP/1.1" 200 1663
5.178.148.87 - - [10/Mar/2025:00:34:36 +0100] "GET /ticket2/opencms/img/icons/hr.png HTTP/1.1" 200 2024
5.178.148.87 - - [10/Mar/2025:00:34:36 +0100] "GET /ticket2/opencms/img/icons/bg.png HTTP/1.1" 200 788
5.178.148.87 - - [10/Mar/2025:00:34:36 +0100] "GET /ticket2/opencms/img/icons/cs.png HTTP/1.1" 200 1883
185.191.171.1 - - [10/Mar/2025:00:34:36 +0100] "GET /ticket2/opencms/lv/affiliateprogram.html HTTP/1.1" 200 87648
5.178.148.87 - - [10/Mar/2025:00:34:36 +0100] "GET /ticket2/opencms/img/icons/et.png HTTP/1.1" 200 754
5.178.148.87 - - [10/Mar/2025:00:34:36 +0100] "GET /ticket2/opencms/img/icons/el.png HTTP/1.1" 200 1637
5.178.148.87 - - [10/Mar/2025:00:34:36 +0100] "GET /ticket2/opencms/img/icons/ka.png HTTP/1.1" 200 860
5.178.148.87 - - [10/Mar/2025:00:34:36 +0100] "GET /ticket2/opencms/img/icons/hu.png HTTP/1.1" 200 733
5.178.148.87 - - [10/Mar/2025:00:34:36 +0100] "GET /ticket2/opencms/img/icons/is.png HTTP/1.1" 200 1884
5.178.148.87 - - [10/Mar/2025:00:34:36 +0100] "GET /ticket2/opencms/img/icons/ga.png HTTP/1.1" 200 1759
5.178.148.87 - - [10/Mar/2025:00:34:36 +0100] "GET /ticket2/opencms/img/icons/lv.png HTTP/1.1" 200 716
5.178.148.87 - - [10/Mar/2025:00:34:36 +0100] "GET /ticket2/opencms/img/icons/lt.png HTTP/1.1" 200 733
5.178.148.87 - - [10/Mar/2025:00:34:36 +0100] "GET /ticket2/opencms/img/icons/mt.png HTTP/1.1" 200 920
5.178.148.87 - - [10/Mar/2025:00:34:36 +0100] "GET /ticket2/opencms/img/icons/mo.png HTTP/1.1" 200 1468
5.178.148.87 - - [10/Mar/2025:00:34:36 +0100] "GET /ticket2/opencms/img/icons/ro.png HTTP/1.1" 200 1393
5.178.148.87 - - [10/Mar/2025:00:34:36 +0100] "GET /ticket2/opencms/img/icons/sr.png HTTP/1.1" 200 1602
5.178.148.87 - - [10/Mar/2025:00:34:36 +0100] "GET /ticket2/opencms/img/icons/sl.png HTTP/1.1" 200 966
5.178.148.87 - - [10/Mar/2025:00:34:36 +0100] "GET /ticket2/opencms/img/icons/sk.png HTTP/1.1" 200 1283
5.178.148.87 - - [10/Mar/2025:00:34:37 +0100] "GET /ticket2/opencms/img/icons/uk.png HTTP/1.1" 200 1272
5.178.148.87 - - [10/Mar/2025:00:34:37 +0100] "GET /ticket2/opencms/img/icons/tr.png HTTP/1.1" 200 1636
5.178.148.87 - - [10/Mar/2025:00:34:37 +0100] "GET /ticket2/opencms/img/icons/ticket2.thumbnail.png HTTP/1.1" 200 21519
5.178.148.87 - - [10/Mar/2025:00:34:37 +0100] "GET /ticket2/opencms/system/modules/com.gridnine.opencms.ticketbrokerage.site/resources/js/standard.js HTTP/1.1" 200 3983
85.208.96.203 - - [10/Mar/2025:00:34:39 +0100] "GET /ticket2/opencms/dk/sport/fodboldbilletter/premier-league/southampton/ HTTP/1.1" 200 92501
157.55.39.59 - - [10/Mar/2025:00:34:39 +0100] "GET /ticket2/opencms/en/buy/?page=1&edid=D1ED9972-4D83-5CDA-0C4A-1421FBEF5630 HTTP/1.1" 200 106907
47.128.31.43 - - [10/Mar/2025:00:34:40 +0100] "GET /ticket2/opencms/es/buy/?edid=0AF1C6C0-A1C3-739A-0A12-42406989AD79 HTTP/1.1" 200 91409
81.167.26.57 - - [10/Mar/2025:00:34:41 +0100] "GET /ticket2/opencms/dk/sv/buy/?page=1&edid=7DF77E99-8194-C3D0-5A00-8A12D492E581&sortorder=asc&column=price HTTP/1.1" 404 -
40.77.167.4 - - [10/Mar/2025:00:34:46 +0100] "GET /ticket2/opencms/mo/buy?page=1&edid=1AC93B4F-A32B-A321-D128-F705A9908B4F HTTP/1.1" 200 112499
81.167.26.57 - - [10/Mar/2025:00:34:47 +0100] "GET /ticket2/opencms/dk/sv/buy/?page=1&edid=7DF77E99-8194-C3D0-5A00-8A12D492E581&sortorder=asc&column=section HTTP/1.1" 404 -
40.77.167.4 - - [10/Mar/2025:00:34:47 +0100] "GET /ticket2/opencms/az/buy/?page=1&edid=835618E5-0D1F-48E2-E5CA-E8042B524D8C HTTP/1.1" 200 109072
20.171.207.145 - - [10/Mar/2025:00:34:47 +0100] "GET /ticket2/opencms/uk/sport/kvytky-na-futbol HTTP/1.1" 500 -
40.77.167.4 - - [10/Mar/2025:00:34:48 +0100] "GET /ticket2/opencms/hr/buy/?page=1&edid=72EC4B5C-B2CA-AC72-96A0-7759E1692CB2 HTTP/1.1" 200 110985
5.178.148.87 - - [10/Mar/2025:00:34:52 +0100] "GET /ticket2/opencms/ka/search.html?searchQuery=Psg&submit= HTTP/1.1" 200 97633
5.178.148.87 - - [10/Mar/2025:00:34:52 +0100] "GET /ticket2/opencms/system/modules/com.gridnine.opencms.ticketbrokerage.site/resources/css/ticketbrokerage.css HTTP/1.1" 200 39339
5.178.148.87 - - [10/Mar/2025:00:34:52 +0100] "GET /ticket2/opencms/system/modules/com.gridnine.opencms.ticketbrokerage.site/resources/css/calendar.css HTTP/1.1" 200 6871
5.178.148.87 - - [10/Mar/2025:00:34:53 +0100] "GET /ticket2/opencms/system/modules/com.gridnine.opencms.ticketbrokerage.site/resources/css/standard.css HTTP/1.1" 200 74449
5.178.148.87 - - [10/Mar/2025:00:34:53 +0100] "GET /ticket2/opencms/system/modules/com.gridnine.opencms.ticketbrokerage.site/resources/js/functions.js HTTP/1.1" 200 1583
89.58.16.134 - - [10/Mar/2025:00:34:53 +0100] "GET /ticket2/opencms/mo/sport/bilete-la-fotbal/serie-a/milan HTTP/1.1" 200 99080
5.178.148.87 - - [10/Mar/2025:00:34:53 +0100] "GET /ticket2/opencms/system/modules/com.gridnine.opencms.ticketbrokerage.site/resources/js/calendar.js HTTP/1.1" 200 49229
5.178.148.87 - - [10/Mar/2025:00:34:53 +0100] "GET /ticket2/opencms/system/modules/com.gridnine.opencms.ticketbrokerage.site/resources/js/calendar-en.js HTTP/1.1" 200 3338
5.178.148.87 - - [10/Mar/2025:00:34:53 +0100] "GET /ticket2/opencms/system/modules/com.gridnine.opencms.ticketbrokerage.site/resources/js/calendar-setup.js HTTP/1.1" 200 4923
5.178.148.87 - - [10/Mar/2025:00:34:53 +0100] "GET /ticket2/opencms/system/modules/com.gridnine.opencms.ticketbrokerage.site/resources/js/standard.js HTTP/1.1" 200 3983
81.167.26.57 - - [10/Mar/2025:00:34:53 +0100] "GET /ticket2/opencms/dk/sv/buy/?page=1&edid=7EF10304-98E0-2B58-2938-76F08ACE3694&sortorder=asc&column=price HTTP/1.1" 404 -
5.178.148.87 - - [10/Mar/2025:00:34:53 +0100] "GET /ticket2/opencms/system/modules/com.gridnine.opencms.ticketbrokerage.site/resources/pics/bank_1_nordea.png HTTP/1.1" 200 4807
5.178.148.87 - - [10/Mar/2025:00:34:53 +0100] "GET /ticket2/opencms/system/modules/com.gridnine.opencms.ticketbrokerage.site/resources/pics/bank_2_handelsbanken.png HTTP/1.1" 200 4509
5.178.148.87 - - [10/Mar/2025:00:34:53 +0100] "GET /ticket2/opencms/system/modules/com.gridnine.opencms.ticketbrokerage.site/resources/pics/bank_4_seb.png HTTP/1.1" 200 2487
5.178.148.87 - - [10/Mar/2025:00:34:53 +0100] "GET /ticket2/opencms/system/modules/com.gridnine.opencms.ticketbrokerage.site/resources/pics/bank_3_swedbank.png HTTP/1.1" 200 5740
5.178.148.87 - - [10/Mar/2025:00:34:53 +0100] "GET /ticket2/opencms/system/modules/com.gridnine.opencms.ticketbrokerage.site/resources/pics/bank_5_visa_mastercard.png HTTP/1.1" 200 8196
5.178.148.87 - - [10/Mar/2025:00:34:53 +0100] "GET /ticket2/opencms/system/modules/com.gridnine.opencms.ticketbrokerage.site/resources/pics/bank_6_american_express.png HTTP/1.1" 200 5570
5.178.148.87 - - [10/Mar/2025:00:34:53 +0100] "GET /ticket2/opencms/system/modules/com.gridnine.opencms.ticketbrokerage.site/resources/css/images/ui-bg_flat_75_ffffff_40x100.png HTTP/1.1" 404 -
85.208.96.207 - - [10/Mar/2025:00:34:58 +0100] "GET /ticket2/opencms/be/sport/futbol-kvitki/premier-league/brighton/ HTTP/1.1" 200 103086
81.167.26.57 - - [10/Mar/2025:00:34:59 +0100] "GET /ticket2/opencms/dk/sv/buy/?page=1&edid=7EF10304-98E0-2B58-2938-76F08ACE3694&sortorder=asc&column=row HTTP/1.1" 404 -
5.178.148.87 - - [10/Mar/2025:00:35:01 +0100] "GET /ticket2/opencms/ka/search.html?searchQuery=Psg&submit= HTTP/1.1" 200 97633
5.178.148.87 - - [10/Mar/2025:00:35:02 +0100] "GET /ticket2/opencms/system/modules/com.gridnine.opencms.ticketbrokerage.site/resources/css/ticketbrokerage.css HTTP/1.1" 200 39339
5.178.148.87 - - [10/Mar/2025:00:35:02 +0100] "GET /ticket2/opencms/system/modules/com.gridnine.opencms.ticketbrokerage.site/resources/css/calendar.css HTTP/1.1" 200 6871
5.178.148.87 - - [10/Mar/2025:00:35:02 +0100] "GET /ticket2/opencms/system/modules/com.gridnine.opencms.ticketbrokerage.site/resources/css/standard.css HTTP/1.1" 200 74449
5.178.148.87 - - [10/Mar/2025:00:35:02 +0100] "GET /ticket2/opencms/system/modules/com.gridnine.opencms.ticketbrokerage.site/resources/js/functions.js HTTP/1.1" 200 1583
5.178.148.87 - - [10/Mar/2025:00:35:02 +0100] "GET /ticket2/opencms/system/modules/com.gridnine.opencms.ticketbrokerage.site/resources/js/calendar.js HTTP/1.1" 200 49229
5.178.148.87 - - [10/Mar/2025:00:35:02 +0100] "GET /ticket2/opencms/system/modules/com.gridnine.opencms.ticketbrokerage.site/resources/js/calendar-setup.js HTTP/1.1" 200 4923
5.178.148.87 - - [10/Mar/2025:00:35:02 +0100] "GET /ticket2/opencms/system/modules/com.gridnine.opencms.ticketbrokerage.site/resources/js/calendar-en.js HTTP/1.1" 200 3338
5.178.148.87 - - [10/Mar/2025:00:35:02 +0100] "GET /ticket2/opencms/system/modules/com.gridnine.opencms.ticketbrokerage.site/resources/js/standard.js HTTP/1.1" 200 3983
5.178.148.87 - - [10/Mar/2025:00:35:02 +0100] "GET /ticket2/opencms/system/modules/com.gridnine.opencms.ticketbrokerage.site/resources/css/images/ui-bg_flat_75_ffffff_40x100.png HTTP/1.1" 404 -
81.167.26.57 - - [10/Mar/2025:00:35:05 +0100] "GET /ticket2/opencms/dk/sv/buy/?page=1&edid=7EF10304-98E0-2B58-2938-76F08ACE3694&sortorder=asc&column=section HTTP/1.1" 404 -
114.119.159.129 - - [10/Mar/2025:00:35:09 +0100] "GET /ticket2/opencms/en/buy/?page=1&edid=DF577F04-FB03-EB3F-AF4A-C50AA3F114A6 HTTP/1.1" 200 106954
47.128.44.3 - - [10/Mar/2025:00:35:10 +0100] "GET /ticket2/opencms/fi/venue/?venueid=91735E97-CBE8-0381-C0A7-AFDBBB70E5D4 HTTP/1.1" 200 86956
47.128.36.202 - - [10/Mar/2025:00:35:11 +0100] "GET /ticket2/opencms/sl/buy/?edid=78F53753-F856-B158-388A-6B70B4CA55C8 HTTP/1.1" 200 91604
81.167.26.57 - - [10/Mar/2025:00:35:11 +0100] "GET /ticket2/opencms/dk/sv/buy/?page=1&edid=7EFDE0C1-F2B0-9ADE-B929-783FCCAA4D1D HTTP/1.1" 404 -
47.128.44.3 - - [10/Mar/2025:00:35:11 +0100] "GET /ticket2/opencms/venue/teatro-alla-scala.gif HTTP/1.1" 200 33575
85.208.96.201 - - [10/Mar/2025:00:35:11 +0100] "GET /ticket2/opencms/az/faq HTTP/1.1" 200 90694
