193.70.81.116 - - [10/Mar/2025:01:07:23 +0100] "GET /ticket2/opencms/se/no/buy/?page=1&edid=4961B68B-E2F1-61D5-B295-903400F60330 HTTP/1.1" 404 -
52.167.144.172 - - [10/Mar/2025:01:07:23 +0100] "GET /ticket2/opencms/sv/buy/?page=1&edid=66269336-049A-BDB0-D600-40EA18A6C9C0 HTTP/1.1" 200 108114
52.167.144.168 - - [10/Mar/2025:01:07:24 +0100] "GET /ticket2/opencms/fi/magazine/article?title=chelsea HTTP/1.1" 200 94506
17.241.219.127 - - [10/Mar/2025:01:07:26 +0100] "GET /ticket2/opencms/en/buy/?page=1&edid=C2472D62-5082-1F11-D8B7-FFCB03AF0060 HTTP/1.1" 200 108883
20.171.207.145 - - [10/Mar/2025:01:07:26 +0100] "GET /ticket2/opencms/tr/spor/futbol-biletleri/eredivisie HTTP/1.1" 500 -
193.70.81.116 - - [10/Mar/2025:01:07:27 +0100] "GET /ticket2/opencms/se/no/buy/?page=1&edid=49685073-9544-CDEA-5E21-EAD71D4DB9C3&sortorder=asc&column=row HTTP/1.1" 404 -
66.249.65.196 - - [10/Mar/2025:01:07:29 +0100] "GET /ticket2/opencms/set_aff_cookie.jsp?partner=2E02071B-A8C3-4CBA-3097-C27D61C02ED8&url=%252Fru%252Fbuy%252Findex.html%253Fpage%253D1%2526edid%253D2D210BFD-73B3-FBB7-71E1-6587B60103F1%2526hlv%253D66cf0b06-bff4-4ba1-8612-25050a01000f%2523v1124623896 HTTP/1.1" 200 246
85.208.96.199 - - [10/Mar/2025:01:07:30 +0100] "GET /ticket2/opencms/de/magazine/article?title=brentford-fc HTTP/1.1" 200 93093
42.200.230.171 - - [10/Mar/2025:01:07:31 +0100] "GET /ticket2/opencms/dk/no/buy/?page=1&edid=5704F8FD-9CBB-9159-7288-CA17B9D0D4E2&sortorder=asc&column=price HTTP/1.1" 404 -
193.70.81.116 - - [10/Mar/2025:01:07:32 +0100] "GET /ticket2/opencms/se/no/buy/?page=1&edid=4A7F2526-D1E7-F3F4-D914-86C3B72B4E87&sortorder=desc&column=section HTTP/1.1" 404 -
193.70.81.116 - - [10/Mar/2025:01:07:36 +0100] "GET /ticket2/opencms/se/no/buy/?page=1&edid=4AECE806-ED85-4753-01F5-684957AFF442&sortorder=asc&column=price HTTP/1.1" 404 -
207.46.13.51 - - [10/Mar/2025:01:07:41 +0100] "GET /ticket2/opencms/cs/buy/?page=1&edid=F37F27EF-B877-D2DD-F026-A7C11540EC54 HTTP/1.1" 200 111329
193.70.81.116 - - [10/Mar/2025:01:07:41 +0100] "GET /ticket2/opencms/se/no/buy/?page=1&edid=4AECE806-ED85-4753-01F5-684957AFF442&sortorder=desc&column=section HTTP/1.1" 404 -
42.200.230.171 - - [10/Mar/2025:01:07:43 +0100] "GET /ticket2/opencms/dk/no/buy/?page=1&edid=5704F8FD-9CBB-9159-7288-CA17B9D0D4E2&sortorder=asc&column=row HTTP/1.1" 404 -
95.217.114.173 - - [10/Mar/2025:01:07:44 +0100] "GET /ticket2/opencms/no/buy/?page=1&edid=EB16CA43-9613-F03C-652F-C6E29207D6EB HTTP/1.1" 200 111438
193.70.81.116 - - [10/Mar/2025:01:07:46 +0100] "GET /ticket2/opencms/se/no/buy/?page=1&edid=4C79C702-F201-24E3-E256-9C6145D94338&sortorder=desc&column=section HTTP/1.1" 404 -
154.54.249.216 - - [10/Mar/2025:01:07:49 +0100] "GET /ticket2/opencms/fi/venue/?countryid=2193F5F2-8798-B3BE-FB16-3B568A67DED7 HTTP/1.1" 200 116324
40.77.167.32 - - [10/Mar/2025:01:07:49 +0100] "GET /ticket2/opencms/de/buy?page=1&edid=835E757B-ED79-62EC-2A84-7FEB1EAD27AF HTTP/1.1" 200 111427
85.208.96.200 - - [10/Mar/2025:01:07:50 +0100] "GET /ticket2/opencms/sv/magazine/article?title=manchester-city-vs-queens-park-rangers HTTP/1.1" 200 94616
40.77.167.32 - - [10/Mar/2025:01:07:51 +0100] "GET /ticket2/opencms/lv/buy/?page=1&edid=CB50E5ED-4E55-9EA7-FE3A-EB8925A271F7 HTTP/1.1" 200 112313
114.119.150.86 - - [10/Mar/2025:01:07:51 +0100] "GET /ticket2/opencms/ga/buy?page=1&edid=E1CACBEB-5FB5-F359-D95F-1110648BB53A HTTP/1.1" 200 112699
193.70.81.116 - - [10/Mar/2025:01:07:51 +0100] "GET /ticket2/opencms/se/no/buy/?page=1&edid=4C7CD3B1-B7E1-89E2-C4E7-C4DED146D459&sortorder=desc&column=price HTTP/1.1" 404 -
42.200.230.171 - - [10/Mar/2025:01:07:55 +0100] "GET /ticket2/opencms/dk/no/buy/?page=1&edid=5704F8FD-9CBB-9159-7288-CA17B9D0D4E2&sortorder=asc&column=section HTTP/1.1" 404 -
66.249.74.3 - - [10/Mar/2025:01:07:59 +0100] "GET /ticket2/opencms/et/buy?page=1&edid=10597F35-2AC7-31D2-FB61-15A36BB6D73B HTTP/1.1" 200 135993
193.70.81.116 - - [10/Mar/2025:01:08:01 +0100] "GET /ticket2/opencms/se/no/buy/?page=1&edid=4DD56908-EF50-BCCC-0CFD-53D399B44C58&sortorder=asc&column=row HTTP/1.1" 404 -
40.77.167.55 - - [10/Mar/2025:01:08:01 +0100] "GET /ticket2/opencms/sr/buy/?page=1&edid=791FDD0E-A228-3CC2-8AB8-5B3518CB8D31 HTTP/1.1" 200 112436
193.70.81.116 - - [10/Mar/2025:01:08:05 +0100] "GET /ticket2/opencms/se/no/buy/?page=1&edid=4DD56908-EF50-BCCC-0CFD-53D399B44C58&sortorder=asc&column=section HTTP/1.1" 404 -
54.36.149.26 - - [10/Mar/2025:01:08:07 +0100] "GET /ticket2/opencms/bs/sport/fudbalske-karte/serie-a/roma HTTP/1.1" 200 100107
42.200.230.171 - - [10/Mar/2025:01:08:07 +0100] "GET /ticket2/opencms/dk/no/buy/?page=1&edid=6E64EF54-063D-0F55-A1E7-7781348B9C83&sortorder=desc&column=row HTTP/1.1" 404 -
202.8.41.59 - - [10/Mar/2025:01:08:08 +0100] "GET /ticket2/opencms/system/modules/com.gridnine.opencms.ticketbrokerage.site/resources/css/calendar.css HTTP/1.1" 200 6871
202.8.41.59 - - [10/Mar/2025:01:08:08 +0100] "GET /ticket2/opencms/system/modules/com.gridnine.opencms.ticketbrokerage.site/resources/css/standard.css HTTP/1.1" 200 74449
202.8.41.59 - - [10/Mar/2025:01:08:08 +0100] "GET /ticket2/opencms/system/modules/com.gridnine.opencms.ticketbrokerage.site/resources/css/jquery.fancybox.css HTTP/1.1" 200 4939
202.8.41.59 - - [10/Mar/2025:01:08:08 +0100] "GET /ticket2/opencms/system/modules/com.gridnine.opencms.ticketbrokerage.site/resources/css/ticketbrokerage.css HTTP/1.1" 200 39339
202.8.41.59 - - [10/Mar/2025:01:08:08 +0100] "GET /ticket2/opencms/system/modules/com.gridnine.opencms.ticketbrokerage.site/resources/css/jquery-ui.css HTTP/1.1" 200 33221
202.8.41.59 - - [10/Mar/2025:01:08:08 +0100] "GET /ticket2/opencms/system/modules/com.gridnine.opencms.ticketbrokerage.site/resources/js/jquery/jquery.js HTTP/1.1" 200 93868
202.8.41.59 - - [10/Mar/2025:01:08:08 +0100] "GET /ticket2/opencms/system/modules/com.gridnine.opencms.ticketbrokerage.site/resources/js/functions.js HTTP/1.1" 200 1583
202.8.41.59 - - [10/Mar/2025:01:08:08 +0100] "GET /ticket2/opencms/system/modules/com.gridnine.opencms.ticketbrokerage.site/resources/js/calendar.js HTTP/1.1" 200 49229
202.8.41.59 - - [10/Mar/2025:01:08:08 +0100] "GET /ticket2/opencms/system/modules/com.gridnine.opencms.ticketbrokerage.site/resources/js/calendar-en.js HTTP/1.1" 200 3338
202.8.41.59 - - [10/Mar/2025:01:08:08 +0100] "GET /ticket2/opencms/system/modules/com.gridnine.opencms.ticketbrokerage.site/resources/js/jquery/jquery-ui.js HTTP/1.1" 200 228088
202.8.41.59 - - [10/Mar/2025:01:08:08 +0100] "GET /ticket2/opencms/system/modules/com.gridnine.opencms.ticketbrokerage.site/resources/js/calendar-setup.js HTTP/1.1" 200 4923
202.8.41.59 - - [10/Mar/2025:01:08:08 +0100] "GET /ticket2/opencms/system/modules/com.gridnine.opencms.ticketbrokerage.site/resources/js/jquery.fancybox.pack.js HTTP/1.1" 200 23187
202.8.41.59 - - [10/Mar/2025:01:08:08 +0100] "GET /ticket2/opencms/system/modules/com.gridnine.opencms.ticketbrokerage.site/resources/js/standard.js HTTP/1.1" 200 3983
202.8.41.59 - - [10/Mar/2025:01:08:08 +0100] "GET /ticket2/opencms/system/modules/com.gridnine.opencms.ticketbrokerage.site/resources/js/stickyfill.min.js HTTP/1.1" 200 5672
40.77.167.32 - - [10/Mar/2025:01:08:08 +0100] "GET /ticket2/opencms/fi/buy/?page=1&edid=96F304D6-C838-6229-9C32-849BCF1D1447 HTTP/1.1" 200 90221
202.8.41.59 - - [10/Mar/2025:01:08:08 +0100] "GET /ticket2/opencms/system/modules/com.gridnine.opencms.ticketbrokerage.site/resources/js/jquery.placeholder.min.js HTTP/1.1" 200 1737
202.8.41.59 - - [10/Mar/2025:01:08:08 +0100] "GET /ticket2/opencms/system/modules/com.gridnine.opencms.ticketbrokerage.site/resources/js/common-ajax.js HTTP/1.1" 200 20175
40.77.167.32 - - [10/Mar/2025:01:08:09 +0100] "GET /ticket2/opencms/be/buy?page=1&edid=21CACDC7-0438-FD22-526F-6D42C4B91AF7 HTTP/1.1" 200 91317
66.220.149.14 - - [10/Mar/2025:01:08:10 +0100] "GET /ticket2/opencms/lv/buy/?page=1&edid=C64002B7-B7A3-A646-1770-7E79C914EDA5 HTTP/1.1" 200 135364
66.249.76.167 - - [10/Mar/2025:01:08:10 +0100] "GET /ticket2/opencms/ro/buy?page=1&edid=D582FDF1-C885-7FD8-841B-6D2DEF5C38A4&hlv=666dbc0e-1bf4-414d-8b61-4d610a01000f HTTP/1.1" 200 113178
193.70.81.116 - - [10/Mar/2025:01:08:10 +0100] "GET /ticket2/opencms/se/no/buy/?page=1&edid=9494FC4F-F552-A105-03DC-9240AF0DDC45&sortorder=asc&column=section HTTP/1.1" 404 -
66.249.76.169 - - [10/Mar/2025:01:08:11 +0100] "GET /ticket2/opencms/de/buy/?page=1&edid=52F83580-0FD4-F06F-050A-AE1CCE4A20C1 HTTP/1.1" 200 89886
193.70.81.116 - - [10/Mar/2025:01:08:15 +0100] "GET /ticket2/opencms/se/no/buy/?page=1&edid=D70FA4BD-1396-4999-0353-201780ED1BFA&sortorder=asc&column=price HTTP/1.1" 404 -
85.208.96.199 - - [10/Mar/2025:01:08:17 +0100] "GET /ticket2/opencms/es/deporte/entradas-futbol/serie-a/lazio/ HTTP/1.1" 200 99500
42.200.230.171 - - [10/Mar/2025:01:08:22 +0100] "GET /ticket2/opencms/dk/no/buy/?page=1&edid=6E64EF54-063D-0F55-A1E7-7781348B9C83&sortorder=desc&column=section HTTP/1.1" 404 -
193.70.81.116 - - [10/Mar/2025:01:08:22 +0100] "GET /ticket2/opencms/se/no/buy/?page=1&edid=D70FA4BD-1396-4999-0353-201780ED1BFA&sortorder=asc&column=section HTTP/1.1" 404 -
193.70.81.116 - - [10/Mar/2025:01:08:28 +0100] "GET /ticket2/opencms/se/no/buy/?page=1&edid=D89B3D3A-DD39-9270-8BDC-6E1BD9EC429A HTTP/1.1" 404 -
40.77.167.32 - - [10/Mar/2025:01:08:28 +0100] "GET /ticket2/opencms/fr/buy?page=6&comcatid=A17713B6-D984-201A-4143-ED4DB5ED5C2E&catid=7EF04817-972D-18B1-F941-DE800D088075&eventid=D9489C39-19AD-F0F1-28D6-FC2C67CBD603 HTTP/1.1" 200 105807
20.171.207.145 - - [10/Mar/2025:01:08:30 +0100] "GET /ticket2/opencms/mo/sport/bilete-la-fotbal/eredivisie HTTP/1.1" 500 -
47.128.57.144 - - [10/Mar/2025:01:08:33 +0100] "GET /ticket2/opencms/es/buy/?edid=63D25C1E-F945-3D8C-F981-1BC33FDCD607 HTTP/1.1" 200 91573
185.191.171.8 - - [10/Mar/2025:01:08:34 +0100] "GET /ticket2/opencms/sr/magazine/article?title=abdul-fatawu-ce-propustiti-ostatak-sezone HTTP/1.1" 200 94544
193.70.81.116 - - [10/Mar/2025:01:08:35 +0100] "GET /ticket2/opencms/se/no/buy/?page=1&edid=D8F859FF-4C2A-2436-3BFD-25BEC2E8CC5C&sortorder=asc&column=price HTTP/1.1" 404 -
154.54.249.216 - - [10/Mar/2025:01:08:35 +0100] "GET /ticket2/opencms/fi/venue/?countryid=925A6494-6F30-A898-105B-2B0AB62464E2 HTTP/1.1" 200 116287
42.200.230.171 - - [10/Mar/2025:01:08:35 +0100] "GET /ticket2/opencms/dk/no/buy/?page=1&edid=6EA9C6C1-4A98-9DDB-09DD-280525870AC5&sortorder=desc&column=price HTTP/1.1" 404 -
207.46.13.51 - - [10/Mar/2025:01:08:39 +0100] "GET /ticket2/opencms/fi/buy?page=6&comcatid=97ECA65A-72DA-F9AF-9DBB-245D3CFED1BE&catid=2CCC191C-F37F-B9CA-D41C-1204E575B328 HTTP/1.1" 200 98283
193.70.81.116 - - [10/Mar/2025:01:08:40 +0100] "GET /ticket2/opencms/se/no/buy/?page=1&edid=D94AE43C-36DF-9EFE-9CDF-702DED3992BF&sortorder=asc&column=price HTTP/1.1" 404 -
207.46.13.51 - - [10/Mar/2025:01:08:41 +0100] "GET /ticket2/opencms/bg/buy?page=1&edid=2B090572-A82A-F558-A432-1FEF21B4DEA2 HTTP/1.1" 200 114321
85.208.96.195 - - [10/Mar/2025:01:08:42 +0100] "GET /ticket2/opencms/sq/magazine/article?title=brighton-and-hove-albion HTTP/1.1" 200 93656
47.128.23.198 - - [10/Mar/2025:01:08:42 +0100] "GET /ticket2/opencms/fi/venue/?venueid=978DD78D-7B03-151B-F172-F1013F27C17D HTTP/1.1" 200 86837
202.155.137.41 - - [10/Mar/2025:01:08:44 +0100] "GET /ticket2/opencms/uk/sport/kvytky-na-futbol/la-liga/deportivo_alaves/ HTTP/1.1" 200 103295
207.46.13.51 - - [10/Mar/2025:01:08:44 +0100] "GET /ticket2/opencms/ka/buy/?page=1&edid=12E0AD86-DC28-E34C-4681-77C2F67FD00B HTTP/1.1" 200 114574
185.191.171.10 - - [10/Mar/2025:01:08:44 +0100] "GET /ticket2/opencms/it/magazine/article?title=allsvenskan-il-premier-league-del-calcio-svedese HTTP/1.1" 200 93555
114.119.130.23 - - [10/Mar/2025:01:08:45 +0100] "GET /ticket2/opencms/en/buy/?page=1&edid=D3ED59F6-69C7-E5EC-F202-69DF5BFAD162 HTTP/1.1" 200 106818
193.70.81.116 - - [10/Mar/2025:01:08:45 +0100] "GET /ticket2/opencms/se/no/buy/?page=1&edid=D94AE43C-36DF-9EFE-9CDF-702DED3992BF&sortorder=asc&column=row HTTP/1.1" 404 -
54.36.148.45 - - [10/Mar/2025:01:08:45 +0100] "GET /ticket2/opencms/de/sport/fussball-tickets/bundesliga/koln HTTP/1.1" 500 -
207.46.13.51 - - [10/Mar/2025:01:08:46 +0100] "GET /ticket2/opencms/az/buy?page=1&edid=FFDF5E02-382C-0723-8CA0-3B8408ED60BE HTTP/1.1" 200 111292
42.200.230.171 - - [10/Mar/2025:01:08:47 +0100] "GET /ticket2/opencms/dk/no/buy/?page=1&edid=6EB89E9D-BF45-2307-D154-47CDC64ABF4D&sortorder=asc&column=price HTTP/1.1" 404 -
114.119.141.34 - - [10/Mar/2025:01:08:49 +0100] "GET /ticket2/opencms/en/buy/?page=1&edid=86F78AD2-4081-AEBE-20FE-0F6FC8827748 HTTP/1.1" 200 109913
193.70.81.116 - - [10/Mar/2025:01:08:50 +0100] "GET /ticket2/opencms/se/no/buy/?page=1&edid=D94AE43C-36DF-9EFE-9CDF-702DED3992BF&sortorder=asc&column=section HTTP/1.1" 404 -
85.208.96.199 - - [10/Mar/2025:01:08:54 +0100] "GET /ticket2/opencms/az/about/press HTTP/1.1" 200 89004
193.70.81.116 - - [10/Mar/2025:01:08:56 +0100] "GET /ticket2/opencms/se/no/buy/?page=1&edid=D94AE43C-36DF-9EFE-9CDF-702DED3992BF&sortorder=desc&column=row HTTP/1.1" 404 -
66.249.65.196 - - [10/Mar/2025:01:08:56 +0100] "GET /ticket2/opencms/set_aff_cookie.jsp?partner=5E0CDF29-E7BE-9F6B-6869-7BF66B04006F&url=%252Fno%252Fbuy%252Findex.html%253Fpage%253D1%2526edid%253D0B7E5CA2-F588-894B-B701-64E6B9532C54%2526hlv%253D67a5f045-6f80-46b5-917c-44010a01000f%2523v1772321202 HTTP/1.1" 200 246
85.208.96.201 - - [10/Mar/2025:01:08:59 +0100] "GET /ticket2/opencms/bg/faq HTTP/1.1" 200 92792
193.70.81.116 - - [10/Mar/2025:01:09:00 +0100] "GET /ticket2/opencms/se/no/buy/?page=1&edid=D9590EEA-A3BA-EAE9-0517-4EA431179E08&sortorder=asc&column=price HTTP/1.1" 404 -
42.200.230.171 - - [10/Mar/2025:01:09:02 +0100] "GET /ticket2/opencms/dk/no/buy/?page=1&edid=6EB89E9D-BF45-2307-D154-47CDC64ABF4D&sortorder=asc&column=row HTTP/1.1" 404 -
85.208.96.206 - - [10/Mar/2025:01:09:03 +0100] "GET /ticket2/opencms/fi/urheilu/jalkapallo/bundesliga/bochum/ HTTP/1.1" 200 98749
114.119.154.207 - - [10/Mar/2025:01:09:05 +0100] "GET /ticket2/opencms/es/buy/?page=1&edid=3590293B-3580-7B39-A58A-6ECDB1E34543 HTTP/1.1" 200 134074
193.70.81.116 - - [10/Mar/2025:01:09:05 +0100] "GET /ticket2/opencms/se/no/buy/?page=1&edid=D9590EEA-A3BA-EAE9-0517-4EA431179E08&sortorder=asc&column=row HTTP/1.1" 404 -
114.119.150.86 - - [10/Mar/2025:01:09:05 +0100] "GET /ticket2/opencms/ga/buy?page=1&edid=E0FF39C3-181C-EDEC-0EFB-D8D41D058E59 HTTP/1.1" 200 112306
69.171.249.116 - - [10/Mar/2025:01:09:09 +0100] "GET /ticket2/opencms/az/buy/?page=1&edid=C448ACCE-4E2F-44DD-92FC-D2C00A7DD0E5 HTTP/1.1" 200 111223
193.70.81.116 - - [10/Mar/2025:01:09:10 +0100] "GET /ticket2/opencms/se/no/buy/?page=1&edid=D9590EEA-A3BA-EAE9-0517-4EA431179E08&sortorder=asc&column=section HTTP/1.1" 404 -
185.191.171.4 - - [10/Mar/2025:01:09:11 +0100] "GET /ticket2/opencms/it/magazine/article?title=bergvall-e-kulusevski-impressionano HTTP/1.1" 200 94406
66.249.65.237 - - [10/Mar/2025:01:09:13 +0100] "GET /ticket2/opencms/it/buy/?page=1&edid=3F963FD5-1ED2-6ECC-F4D2-23E1A97126FB HTTP/1.1" 200 111436
42.200.230.171 - - [10/Mar/2025:01:09:15 +0100] "GET /ticket2/opencms/dk/no/buy/?page=1&edid=6EB89E9D-BF45-2307-D154-47CDC64ABF4D&sortorder=asc&column=section HTTP/1.1" 404 -
193.70.81.116 - - [10/Mar/2025:01:09:17 +0100] "GET /ticket2/opencms/se/no/buy/?page=1&edid=D9F3D901-EF0D-5550-64E0-AAA42CF6945A&sortorder=desc&column=price HTTP/1.1" 404 -
40.77.167.32 - - [10/Mar/2025:01:09:17 +0100] "GET /ticket2/opencms/lt/buy/?page=1&edid=39CE598D-FC19-9CD8-F22D-3F7964FACAB9 HTTP/1.1" 200 124952
40.77.167.65 - - [10/Mar/2025:01:09:19 +0100] "GET /ticket2/opencms/ka/magazine/article?title=fotbollis-teknologiis-momavali HTTP/1.1" 200 97689
66.249.76.167 - - [10/Mar/2025:01:09:21 +0100] "GET /ticket2/opencms/mo/buy?page=1&edid=89AC8C22-922C-5C69-19DD-247D667ABB39&hlv=666d6e82-f6bc-4aae-a82d-0c140a01000f HTTP/1.1" 200 113273
185.191.171.6 - - [10/Mar/2025:01:09:21 +0100] "GET /ticket2/opencms/lv/magazine/article?title=bergvalls-un-kulusevski-iespaido HTTP/1.1" 200 94150
193.70.81.116 - - [10/Mar/2025:01:09:22 +0100] "GET /ticket2/opencms/se/no/buy/?page=1&edid=D9F3D901-EF0D-5550-64E0-AAA42CF6945A&sortorder=desc&column=row HTTP/1.1" 404 -
54.36.148.9 - - [10/Mar/2025:01:09:27 +0100] "GET /ticket2/opencms/is/sport/fotbolti/la-liga/las_palmas HTTP/1.1" 200 102300
193.70.81.116 - - [10/Mar/2025:01:09:27 +0100] "GET /ticket2/opencms/se/no/buy/?page=1&edid=D9F3D901-EF0D-5550-64E0-AAA42CF6945A&sortorder=desc&column=section HTTP/1.1" 404 -
42.200.230.171 - - [10/Mar/2025:01:09:27 +0100] "GET /ticket2/opencms/dk/no/buy/?page=1&edid=70AA95CC-0F01-4970-97B9-5BD4C290D6AC&sortorder=asc&column=price HTTP/1.1" 404 -
202.8.40.161 - - [10/Mar/2025:01:09:28 +0100] "GET /ticket2/opencms/system/modules/com.gridnine.opencms.ticketbrokerage.site/resources/css/jquery-ui.css HTTP/1.1" 200 33221
202.8.40.161 - - [10/Mar/2025:01:09:28 +0100] "GET /ticket2/opencms/system/modules/com.gridnine.opencms.ticketbrokerage.site/resources/css/standard.css HTTP/1.1" 200 74449
202.8.40.161 - - [10/Mar/2025:01:09:28 +0100] "GET /ticket2/opencms/system/modules/com.gridnine.opencms.ticketbrokerage.site/resources/css/ticketbrokerage.css HTTP/1.1" 200 39339
202.8.40.161 - - [10/Mar/2025:01:09:28 +0100] "GET /ticket2/opencms/system/modules/com.gridnine.opencms.ticketbrokerage.site/resources/css/calendar.css HTTP/1.1" 200 6871
202.8.40.161 - - [10/Mar/2025:01:09:28 +0100] "GET /ticket2/opencms/system/modules/com.gridnine.opencms.ticketbrokerage.site/resources/css/jquery.fancybox.css HTTP/1.1" 200 4939
202.8.40.161 - - [10/Mar/2025:01:09:28 +0100] "GET /ticket2/opencms/system/modules/com.gridnine.opencms.ticketbrokerage.site/resources/js/calendar.js HTTP/1.1" 200 49229
202.8.40.161 - - [10/Mar/2025:01:09:28 +0100] "GET /ticket2/opencms/system/modules/com.gridnine.opencms.ticketbrokerage.site/resources/js/calendar-en.js HTTP/1.1" 200 3338
202.8.40.161 - - [10/Mar/2025:01:09:28 +0100] "GET /ticket2/opencms/system/modules/com.gridnine.opencms.ticketbrokerage.site/resources/js/calendar-setup.js HTTP/1.1" 200 4923
202.8.40.161 - - [10/Mar/2025:01:09:28 +0100] "GET /ticket2/opencms/system/modules/com.gridnine.opencms.ticketbrokerage.site/resources/js/jquery.fancybox.pack.js HTTP/1.1" 200 23187
202.8.40.161 - - [10/Mar/2025:01:09:28 +0100] "GET /ticket2/opencms/system/modules/com.gridnine.opencms.ticketbrokerage.site/resources/js/stickyfill.min.js HTTP/1.1" 200 5672
202.8.40.161 - - [10/Mar/2025:01:09:28 +0100] "GET /ticket2/opencms/system/modules/com.gridnine.opencms.ticketbrokerage.site/resources/js/jquery/jquery-ui.js HTTP/1.1" 200 228088
202.8.40.161 - - [10/Mar/2025:01:09:28 +0100] "GET /ticket2/opencms/system/modules/com.gridnine.opencms.ticketbrokerage.site/resources/js/jquery/jquery.js HTTP/1.1" 200 93868
202.8.40.161 - - [10/Mar/2025:01:09:28 +0100] "GET /ticket2/opencms/system/modules/com.gridnine.opencms.ticketbrokerage.site/resources/js/standard.js HTTP/1.1" 200 3983
202.8.40.161 - - [10/Mar/2025:01:09:28 +0100] "GET /ticket2/opencms/system/modules/com.gridnine.opencms.ticketbrokerage.site/resources/js/functions.js HTTP/1.1" 200 1583
202.8.40.161 - - [10/Mar/2025:01:09:28 +0100] "GET /ticket2/opencms/system/modules/com.gridnine.opencms.ticketbrokerage.site/resources/js/jquery.placeholder.min.js HTTP/1.1" 200 1737
202.8.40.161 - - [10/Mar/2025:01:09:29 +0100] "GET /ticket2/opencms/system/modules/com.gridnine.opencms.ticketbrokerage.site/resources/js/common-ajax.js HTTP/1.1" 200 20175
193.70.81.116 - - [10/Mar/2025:01:09:31 +0100] "GET /ticket2/opencms/se/no/buy/?page=1&edid=D9F4EA68-CBF1-EC4F-D3CC-583BE0D28E99&sortorder=asc&column=section HTTP/1.1" 404 -
20.171.207.145 - - [10/Mar/2025:01:09:33 +0100] "GET /ticket2/opencms/bg/sport/futbolni-bileti/eredivisie HTTP/1.1" 500 -
193.70.81.116 - - [10/Mar/2025:01:09:36 +0100] "GET /ticket2/opencms/se/no/buy/?page=1&edid=DAD74566-CCEA-5433-F423-A50B082DC66B&sortorder=asc&column=price HTTP/1.1" 404 -
66.249.74.4 - - [10/Mar/2025:01:09:36 +0100] "GET /ticket2/opencms/et/buy?page=1&edid=0C94170C-17F1-0823-E8AC-91EC149F33EC HTTP/1.1" 200 134995
47.128.16.195 - - [10/Mar/2025:01:09:38 +0100] "GET /ticket2/opencms/ga/buy/?edid=14013EF7-6169-73E5-B4B7-580B3204AD77 HTTP/1.1" 200 91763
42.200.230.171 - - [10/Mar/2025:01:09:40 +0100] "GET /ticket2/opencms/dk/no/buy/?page=1&edid=70AA95CC-0F01-4970-97B9-5BD4C290D6AC&sortorder=asc&column=row HTTP/1.1" 404 -
193.70.81.116 - - [10/Mar/2025:01:09:41 +0100] "GET /ticket2/opencms/se/no/buy/?page=1&edid=DBC2FDA7-391E-9027-A160-9B0C7C1D5DD1 HTTP/1.1" 404 -
185.191.171.4 - - [10/Mar/2025:01:09:42 +0100] "GET /ticket2/opencms/az/about/press HTTP/1.1" 200 89107
17.241.227.240 - - [10/Mar/2025:01:09:44 +0100] "GET /ticket2/opencms/en/sport/football-tickets/la-liga/granada/ HTTP/1.1" 500 -
152.53.12.30 - - [10/Mar/2025:01:09:48 +0100] "GET /ticket2/opencms/sq/bli-me-siguri HTTP/1.1" 200 91343
193.70.81.116 - - [10/Mar/2025:01:09:48 +0100] "GET /ticket2/opencms/se/no/buy/?page=1&edid=DBC2FDA7-391E-9027-A160-9B0C7C1D5DD1&sortorder=desc&column=row HTTP/1.1" 404 -
95.217.114.173 - - [10/Mar/2025:01:09:49 +0100] "GET /ticket2/opencms/no/buy/?page=1&edid=EB325D94-B845-7C5E-C6DD-07A624CBD27D HTTP/1.1" 200 109976
85.208.96.198 - - [10/Mar/2025:01:09:51 +0100] "GET /ticket2/opencms/bg/magazine/article?title=nie-sme-naj-loshiyat-otbor-v-istoriyata-na-kluba HTTP/1.1" 200 94835
42.200.230.171 - - [10/Mar/2025:01:09:52 +0100] "GET /ticket2/opencms/dk/no/buy/?page=1&edid=70AA95CC-0F01-4970-97B9-5BD4C290D6AC&sortorder=asc&column=section HTTP/1.1" 404 -
47.128.110.229 - - [10/Mar/2025:01:09:54 +0100] "GET /ticket2/opencms/hr/buy/?catid=E03F2203-3943-A0F0-A47D-D9E7CDA79C6B&comcatid=B41CCF2B-5558-7AEE-3602-09BBDE417D65 HTTP/1.1" 200 95735
114.119.134.48 - - [10/Mar/2025:01:09:55 +0100] "GET /ticket2/opencms/en/buy/?page=1&edid=86F30755-A390-D664-233C-5FD353846875 HTTP/1.1" 200 110672
207.46.13.51 - - [10/Mar/2025:01:09:55 +0100] "GET /ticket2/opencms/sq/magazine HTTP/1.1" 200 156633
207.46.13.51 - - [10/Mar/2025:01:09:57 +0100] "GET /ticket2/opencms/et/buy/?page=1&edid=BA7B077D-41E0-093C-1E58-FE5BDBAE9EE8 HTTP/1.1" 200 121293
114.119.140.111 - - [10/Mar/2025:01:09:58 +0100] "GET /ticket2/opencms/en/buy/?page=1&edid=D3CFC94C-099A-20DC-B2B6-57B9CC37DA19 HTTP/1.1" 200 106839
207.46.13.51 - - [10/Mar/2025:01:09:58 +0100] "GET /ticket2/opencms/ka/buy?page=1&edid=0872CDCC-19F9-14E1-6474-AB6CD6A870A9 HTTP/1.1" 200 117509
42.200.230.171 - - [10/Mar/2025:01:10:04 +0100] "GET /ticket2/opencms/dk/no/buy/?page=1&edid=71063979-8EC0-A41A-F00E-124A141F7124&sortorder=asc&column=price HTTP/1.1" 404 -
207.46.13.51 - - [10/Mar/2025:01:10:04 +0100] "GET /ticket2/opencms/az/buy?page=1&edid=BBC9E6CA-B1D9-1FBB-70CA-BD39F7126BAB HTTP/1.1" 200 112898
207.46.13.51 - - [10/Mar/2025:01:10:07 +0100] "GET /ticket2/opencms/mt/buy?page=1&edid=71863B82-B5BE-2F27-6F80-C518D7EE03F3 HTTP/1.1" 200 108869
114.119.143.233 - - [10/Mar/2025:01:10:07 +0100] "GET /ticket2/opencms/ga/buy?page=1&edid=DDC014E0-57FD-0978-5C99-38BF9021FA56 HTTP/1.1" 200 112241
172.178.141.142 - - [10/Mar/2025:01:10:08 +0100] "GET /ticket2/opencms/it/sport/biglietti-calcio/premier-league HTTP/1.1" 200 104871
185.191.171.9 - - [10/Mar/2025:01:10:08 +0100] "GET /ticket2/opencms/sk/magazine/article?title=prva-vyhra-ipswichu-v-premier-league-po-22-rokoch HTTP/1.1" 200 94058
40.77.167.32 - - [10/Mar/2025:01:10:10 +0100] "GET /ticket2/opencms/it/ HTTP/1.1" 200 103820
173.252.83.10 - - [10/Mar/2025:01:10:10 +0100] "GET /ticket2/opencms/sv/buy/?page=1&edid=E9DB3A42-82BF-9B65-3ED4-EE5A32871388 HTTP/1.1" 200 111903
52.167.144.172 - - [10/Mar/2025:01:10:13 +0100] "GET /ticket2/opencms/de/buy/?page=1&edid=FC797166-D971-D25F-0FB0-A6DA82828914 HTTP/1.1" 200 89923
85.208.96.201 - - [10/Mar/2025:01:10:13 +0100] "GET /ticket2/opencms/lt/magazine/article?title=fulham-fc HTTP/1.1" 200 92271
40.77.167.32 - - [10/Mar/2025:01:10:13 +0100] "GET /ticket2/opencms/nl/?page=6&comcatid=A17713B6-D984-201A-4143-ED4DB5ED5C2E&catid=64756941-02D2-3538-2077-8C2508F4A3A8 HTTP/1.1" 200 101420
66.249.65.196 - - [10/Mar/2025:01:10:15 +0100] "GET /ticket2/opencms/de/buy/?page=1&edid=40635446-3A1B-F16A-9B72-5E5BD25B028F HTTP/1.1" 200 89848
42.200.230.171 - - [10/Mar/2025:01:10:16 +0100] "GET /ticket2/opencms/dk/no/buy/?page=1&edid=71063979-8EC0-A41A-F00E-124A141F7124&sortorder=asc&column=row HTTP/1.1" 404 -
185.191.171.9 - - [10/Mar/2025:01:10:20 +0100] "GET /ticket2/opencms/tr/buying_tickets/ HTTP/1.1" 200 89245
207.46.13.51 - - [10/Mar/2025:01:10:20 +0100] "GET /ticket2/opencms/no/buy?page=1&edid=5704F8FD-9CBB-9159-7288-CA17B9D0D4E2 HTTP/1.1" 200 89864
85.208.96.201 - - [10/Mar/2025:01:10:21 +0100] "GET /ticket2/opencms/de/sport/fussball-tickets/premier_league/chelsea/ HTTP/1.1" 200 102034
66.249.65.196 - - [10/Mar/2025:01:10:23 +0100] "GET /ticket2/opencms/set_aff_cookie.jsp?partner=2E02071B-A8C3-4CBA-3097-C27D61C02ED8&url=%252Fru%252Fbuy%252Findex.html%253Fpage%253D1%2526edid%253D0C94170C-17F1-0823-E8AC-91EC149F33EC%2526hlv%253D666d6f0e-1bc8-4bca-a05c-0c190a01000f%2523v_1582335745 HTTP/1.1" 200 247
185.191.171.15 - - [10/Mar/2025:01:10:26 +0100] "GET /ticket2/opencms/uk/magazine/article?title=swedish-talent-lucas-bergvall-signs-for-tottenham-hotspur HTTP/1.1" 200 96375
42.200.230.171 - - [10/Mar/2025:01:10:28 +0100] "GET /ticket2/opencms/dk/no/buy/?page=1&edid=71063979-8EC0-A41A-F00E-124A141F7124&sortorder=asc&column=section HTTP/1.1" 404 -
68.183.238.15 - - [10/Mar/2025:01:10:28 +0100] "GET /manager/html HTTP/1.1" 404 -
40.77.167.32 - - [10/Mar/2025:01:10:29 +0100] "GET /ticket2/opencms/is/buy?page=1&edid=9BC0336E-4C60-B65A-A40E-F93EF23EB5B8&sortorder=asc&column=row HTTP/1.1" 200 113258
20.171.207.145 - - [10/Mar/2025:01:10:38 +0100] "GET /ticket2/opencms/hr/sport/nogometne-ulaznice/fa-cup HTTP/1.1" 404 -
85.208.96.203 - - [10/Mar/2025:01:10:38 +0100] "GET /ticket2/opencms/mt/buying_tickets/ HTTP/1.1" 200 89276
42.200.230.171 - - [10/Mar/2025:01:10:41 +0100] "GET /ticket2/opencms/dk/no/buy/?page=1&edid=71496077-5B1C-FE48-E8D7-00D3EF8F08C6&sortorder=asc&column=price HTTP/1.1" 404 -
185.191.171.4 - - [10/Mar/2025:01:10:41 +0100] "GET /ticket2/opencms/ga/magazine/article?title=manchester-united-a-p-s-wgye-erik-ten-hag-ma-no-k HTTP/1.1" 200 98824
157.55.39.193 - - [10/Mar/2025:01:10:42 +0100] "GET /ticket2/opencms/nl/buy/?page=1&edid=46387882-96DC-F7A5-D33D-152A1A6DE740 HTTP/1.1" 200 106347
114.119.145.123 - - [10/Mar/2025:01:10:45 +0100] "GET /ticket2/opencms/es/buy/?page=1&edid=348C0D4F-C07E-3755-DFEC-416D881A5AC9 HTTP/1.1" 200 112494
40.77.167.149 - - [10/Mar/2025:01:10:49 +0100] "GET /ticket2/opencms/bs/buy?page=1&edid=05E1AFBD-7E4F-01F4-F420-44A0239A6A60 HTTP/1.1" 200 110541
185.191.171.14 - - [10/Mar/2025:01:10:51 +0100] "GET /ticket2/opencms/robots.txt HTTP/1.1" 200 773
52.167.144.171 - - [10/Mar/2025:01:10:51 +0100] "GET /ticket2/opencms/en/venue/?countryid=7EE0FE36-9C17-F539-5F8E-1F2CFF8A0D7B HTTP/1.1" 200 114682
42.200.230.171 - - [10/Mar/2025:01:10:52 +0100] "GET /ticket2/opencms/dk/no/buy/?page=1&edid=71496077-5B1C-FE48-E8D7-00D3EF8F08C6&sortorder=asc&column=row HTTP/1.1" 404 -
52.167.144.171 - - [10/Mar/2025:01:10:53 +0100] "GET /ticket2/opencms/sk/buy?page=1&edid=10597F35-2AC7-31D2-FB61-15A36BB6D73B HTTP/1.1" 200 136358
185.191.171.11 - - [10/Mar/2025:01:10:53 +0100] "GET /ticket2/opencms/sq/sport/bileta-per-futboll/la-liga/rayo_vallecano/ HTTP/1.1" 200 103263
114.119.153.152 - - [10/Mar/2025:01:10:54 +0100] "GET /ticket2/opencms/ga/buy?page=1&edid=DD26041B-007D-3EE6-A8F7-303AB350D2E4 HTTP/1.1" 200 111318
154.54.249.216 - - [10/Mar/2025:01:10:56 +0100] "GET /ticket2/opencms/fi/venue/?countryid=B54C3B27-273E-C131-E997-905F5C2CDDC3 HTTP/1.1" 200 116247
54.36.148.194 - - [10/Mar/2025:01:10:56 +0100] "GET /ticket2/opencms/nl/sport/voetbal-tickets/bundesliga/bochum HTTP/1.1" 200 96720
202.8.42.177 - - [10/Mar/2025:01:10:57 +0100] "GET /ticket2/opencms/system/modules/com.gridnine.opencms.ticketbrokerage.site/resources/css/jquery-ui.css HTTP/1.1" 200 33221
202.8.42.177 - - [10/Mar/2025:01:10:57 +0100] "GET /ticket2/opencms/system/modules/com.gridnine.opencms.ticketbrokerage.site/resources/css/ticketbrokerage.css HTTP/1.1" 200 39339
202.8.42.177 - - [10/Mar/2025:01:10:57 +0100] "GET /ticket2/opencms/system/modules/com.gridnine.opencms.ticketbrokerage.site/resources/css/calendar.css HTTP/1.1" 200 6871
202.8.42.177 - - [10/Mar/2025:01:10:57 +0100] "GET /ticket2/opencms/system/modules/com.gridnine.opencms.ticketbrokerage.site/resources/css/jquery.fancybox.css HTTP/1.1" 200 4939
202.8.42.177 - - [10/Mar/2025:01:10:57 +0100] "GET /ticket2/opencms/system/modules/com.gridnine.opencms.ticketbrokerage.site/resources/css/standard.css HTTP/1.1" 200 74449
202.8.42.177 - - [10/Mar/2025:01:10:57 +0100] "GET /ticket2/opencms/system/modules/com.gridnine.opencms.ticketbrokerage.site/resources/js/jquery/jquery.js HTTP/1.1" 200 93868
202.8.42.177 - - [10/Mar/2025:01:10:57 +0100] "GET /ticket2/opencms/system/modules/com.gridnine.opencms.ticketbrokerage.site/resources/js/functions.js HTTP/1.1" 200 1583
202.8.42.177 - - [10/Mar/2025:01:10:57 +0100] "GET /ticket2/opencms/system/modules/com.gridnine.opencms.ticketbrokerage.site/resources/js/jquery/jquery-ui.js HTTP/1.1" 200 228088
202.8.42.177 - - [10/Mar/2025:01:10:57 +0100] "GET /ticket2/opencms/system/modules/com.gridnine.opencms.ticketbrokerage.site/resources/js/calendar.js HTTP/1.1" 200 49229
202.8.42.177 - - [10/Mar/2025:01:10:57 +0100] "GET /ticket2/opencms/system/modules/com.gridnine.opencms.ticketbrokerage.site/resources/js/calendar-en.js HTTP/1.1" 200 3338
202.8.42.177 - - [10/Mar/2025:01:10:57 +0100] "GET /ticket2/opencms/system/modules/com.gridnine.opencms.ticketbrokerage.site/resources/js/calendar-setup.js HTTP/1.1" 200 4923
202.8.42.177 - - [10/Mar/2025:01:10:57 +0100] "GET /ticket2/opencms/system/modules/com.gridnine.opencms.ticketbrokerage.site/resources/js/jquery.fancybox.pack.js HTTP/1.1" 200 23187
202.8.42.177 - - [10/Mar/2025:01:10:57 +0100] "GET /ticket2/opencms/system/modules/com.gridnine.opencms.ticketbrokerage.site/resources/js/stickyfill.min.js HTTP/1.1" 200 5672
202.8.42.177 - - [10/Mar/2025:01:10:57 +0100] "GET /ticket2/opencms/system/modules/com.gridnine.opencms.ticketbrokerage.site/resources/js/standard.js HTTP/1.1" 200 3983
202.8.42.177 - - [10/Mar/2025:01:10:57 +0100] "GET /ticket2/opencms/system/modules/com.gridnine.opencms.ticketbrokerage.site/resources/js/jquery.placeholder.min.js HTTP/1.1" 200 1737
202.8.42.177 - - [10/Mar/2025:01:10:57 +0100] "GET /ticket2/opencms/system/modules/com.gridnine.opencms.ticketbrokerage.site/resources/js/common-ajax.js HTTP/1.1" 200 20175
85.208.96.204 - - [10/Mar/2025:01:11:02 +0100] "GET /ticket2/opencms/de/sport/fussball-tickets/premier_league/wolverhampton/ HTTP/1.1" 200 102640
87.121.84.204 - - [10/Mar/2025:01:11:03 +0100] "GET /cgi-bin/luci/;stok=/locale HTTP/1.1" 404 -
42.200.230.171 - - [10/Mar/2025:01:11:04 +0100] "GET /ticket2/opencms/dk/no/buy/?page=1&edid=71496077-5B1C-FE48-E8D7-00D3EF8F08C6&sortorder=asc&column=section HTTP/1.1" 404 -
146.103.10.190 - - [10/Mar/2025:01:11:06 +0100] "GET /ticket2/opencms/be/buy/?edid=C8463748-B145-33AD-CEE6-A9DF95CEBC4A&page=1 HTTP/1.1" 200 124120
173.252.69.2 - - [10/Mar/2025:01:11:07 +0100] "GET /ticket2/opencms/tr/buy?page=1&edid=4660DE29-C3F1-FFBE-5E6B-4C74E874EC91 HTTP/1.1" 200 112460
47.128.33.75 - - [10/Mar/2025:01:11:09 +0100] "GET /ticket2/opencms/sv/magazine/article?title=semifinal-frankrike-vs-spanien HTTP/1.1" 200 95722
154.54.249.216 - - [10/Mar/2025:01:11:11 +0100] "GET /ticket2/opencms/fi/venue/?countryid=A41A8692-50A8-E04F-AB0B-A9766CB2286D HTTP/1.1" 200 116266
193.70.81.116 - - [10/Mar/2025:01:11:13 +0100] "GET /ticket2/opencms/se/no/buy/?page=1&edid=DBC2FDA7-391E-9027-A160-9B0C7C1D5DD1&sortorder=desc&column=section HTTP/1.1" 404 -
103.131.71.35 - - [10/Mar/2025:01:11:14 +0100] "GET /ticket2/opencms/robots.txt HTTP/1.1" 200 773
47.128.111.4 - - [10/Mar/2025:01:11:15 +0100] "GET /ticket2/opencms/hr/buy/?edid=36AF1B5E-5A99-17FA-F2C9-AE0F1234F398 HTTP/1.1" 200 91788
103.131.71.53 - - [10/Mar/2025:01:11:16 +0100] "GET /ticket2/opencms/system/modules/com.gridnine.opencms.ticketbrokerage.site/resources/pics/footer-img.jpg HTTP/1.1" 304 -
42.200.230.171 - - [10/Mar/2025:01:11:16 +0100] "GET /ticket2/opencms/dk/no/buy/?page=1&edid=71F8EE29-FA8F-FD46-7D27-26F4014317BC&sortorder=asc&column=price HTTP/1.1" 404 -
193.70.81.116 - - [10/Mar/2025:01:11:18 +0100] "GET /ticket2/opencms/se/no/buy/?page=1&edid=DC17638A-A464-04D3-43D9-DBC50F531118&sortorder=desc&column=price HTTP/1.1" 404 -
114.119.141.206 - - [10/Mar/2025:01:11:19 +0100] "GET /ticket2/opencms/en/buy/?page=1&edid=D3AC8ED2-9B15-6187-BB41-9830D862CD00 HTTP/1.1" 200 109426
193.70.81.116 - - [10/Mar/2025:01:11:22 +0100] "GET /ticket2/opencms/se/no/buy/?page=6&comcatid=A17713B6-D984-201A-4143-ED4DB5ED5C2E&catid=7EF04817-972D-18B1-F941-DE800D088075&eventid=62F59C98-E449-5968-26D5-00A23D535A52 HTTP/1.1" 404 -
185.191.171.15 - - [10/Mar/2025:01:11:23 +0100] "GET /ticket2/opencms/sv/konsertbiljetter/eminem/ HTTP/1.1" 500 -
114.119.151.50 - - [10/Mar/2025:01:11:25 +0100] "GET /ticket2/opencms/es/buy/?page=1&edid=28316DAE-CC28-C8B1-804B-7C9DA717030D HTTP/1.1" 200 108657
154.54.249.216 - - [10/Mar/2025:01:11:27 +0100] "GET /ticket2/opencms/fi/venue/?countryid=05A16A09-0467-80D8-0CB3-39181A7D930C HTTP/1.1" 200 116239
42.200.230.171 - - [10/Mar/2025:01:11:28 +0100] "GET /ticket2/opencms/dk/no/buy/?page=1&edid=7336D913-08E6-2684-3416-39DC03B1DB86&sortorder=asc&column=price HTTP/1.1" 404 -
193.70.81.116 - - [10/Mar/2025:01:11:29 +0100] "GET /ticket2/opencms/se/no/buy/?page=1&edid=023AD109-F894-EFD4-D5CA-0D6D561D2D6F&sortorder=asc&column=section HTTP/1.1" 404 -
185.191.171.3 - - [10/Mar/2025:01:11:31 +0100] "GET /ticket2/opencms/lv/magazine/article?title=viljams-alens-andre-gabriels-saliba HTTP/1.1" 200 94073
52.167.144.172 - - [10/Mar/2025:01:11:33 +0100] "GET /ticket2/opencms/sv/sport/fotbollsbiljetter/uefa-champions-league/anderlecht/ HTTP/1.1" 500 -
193.70.81.116 - - [10/Mar/2025:01:11:40 +0100] "GET /ticket2/opencms/se/no/buy/?page=1&edid=55CC2792-4CF0-B26E-1719-512C0ABE2886&sortorder=desc&column=price HTTP/1.1" 404 -
42.200.230.171 - - [10/Mar/2025:01:11:41 +0100] "GET /ticket2/opencms/dk/no/buy/?page=1&edid=7336D913-08E6-2684-3416-39DC03B1DB86&sortorder=asc&column=row HTTP/1.1" 404 -
20.171.207.145 - - [10/Mar/2025:01:11:42 +0100] "GET /ticket2/opencms/uk/sport/kvytky-na-futbol/premier-league/west-ham HTTP/1.1" 404 -
114.119.148.14 - - [10/Mar/2025:01:11:44 +0100] "GET /ticket2/opencms/en/buy/?page=1&edid=86936F52-E40C-5F1E-A74E-4F189DCDD7FB HTTP/1.1" 200 110301
193.70.81.116 - - [10/Mar/2025:01:11:47 +0100] "GET /ticket2/opencms/se/no/buy/?page=1&edid=55CC2792-4CF0-B26E-1719-512C0ABE2886&sortorder=desc&column=row HTTP/1.1" 404 -
66.249.65.195 - - [10/Mar/2025:01:11:48 +0100] "GET /ticket2/opencms/be/buy?page=1&edid=0CE3992F-113A-4AAF-7415-FD085D0D02F9 HTTP/1.1" 200 110908
95.217.114.173 - - [10/Mar/2025:01:11:50 +0100] "GET /ticket2/opencms/no/buy/?page=1&edid=EB4B2494-3567-9A05-0532-D6E741B51BE9 HTTP/1.1" 200 110207
42.200.230.171 - - [10/Mar/2025:01:11:52 +0100] "GET /ticket2/opencms/dk/no/buy/?page=1&edid=7336D913-08E6-2684-3416-39DC03B1DB86&sortorder=asc&column=section HTTP/1.1" 404 -
114.119.153.152 - - [10/Mar/2025:01:11:54 +0100] "GET /ticket2/opencms/ga/buy?page=1&edid=CE292CD9-5BD3-4F39-C9ED-AE60D2E7BEF8 HTTP/1.1" 200 112402
47.128.125.245 - - [10/Mar/2025:01:11:55 +0100] "GET /ticket2/opencms/sr/buy/?edid=CE3DD33A-7186-3BFF-79C5-A0B5274832DB HTTP/1.1" 200 91982
193.70.81.116 - - [10/Mar/2025:01:11:59 +0100] "GET /ticket2/opencms/se/no/buy/?page=1&edid=56009166-4EB3-7C98-1EFC-397E936F89B0&sortorder=asc&column=section HTTP/1.1" 404 -
40.77.167.78 - - [10/Mar/2025:01:12:00 +0100] "GET /ticket2/opencms/de/buy/?page=1&edid=02A96DEA-D3ED-1404-8606-3CAABA78A871 HTTP/1.1" 200 108181
42.200.230.171 - - [10/Mar/2025:01:12:04 +0100] "GET /ticket2/opencms/dk/no/buy/?page=1&edid=74AB5A47-FA53-0B09-3D6B-CA67984DC604&sortorder=asc&column=section HTTP/1.1" 404 -
193.70.81.116 - - [10/Mar/2025:01:12:05 +0100] "GET /ticket2/opencms/se/no/buy/?page=1&edid=5704F8FD-9CBB-9159-7288-CA17B9D0D4E2&sortorder=desc&column=price HTTP/1.1" 404 -
69.171.230.113 - - [10/Mar/2025:01:12:06 +0100] "GET /ticket2/opencms/es/deporte/entradas-futbol/la-liga/valladolid HTTP/1.1" 500 -
40.77.167.149 - - [10/Mar/2025:01:12:10 +0100] "GET /ticket2/opencms/hu/buy?page=1&edid=344C12BF-1434-E2E6-3B30-43B5F73B5D44 HTTP/1.1" 200 108850
162.158.222.105 - - [10/Mar/2025:01:12:11 +0100] "GET /ticket2/opencms/de/wordpress/wp-admin/setup-config.php HTTP/1.1" 404 -
193.70.81.116 - - [10/Mar/2025:01:12:12 +0100] "GET /ticket2/opencms/se/no/buy/?page=1&edid=5704F8FD-9CBB-9159-7288-CA17B9D0D4E2&sortorder=desc&column=row HTTP/1.1" 404 -
42.200.230.171 - - [10/Mar/2025:01:12:15 +0100] "GET /ticket2/opencms/dk/no/buy/?page=1&edid=788963AF-9A89-75A3-2D87-6B3C9C1E0D23&sortorder=asc&column=row HTTP/1.1" 404 -
54.36.149.67 - - [10/Mar/2025:01:12:16 +0100] "GET /ticket2/opencms/ga/sport/ticeid-peile/serie-a/roma HTTP/1.1" 200 101289
202.8.40.104 - - [10/Mar/2025:01:12:17 +0100] "GET /ticket2/opencms/system/modules/com.gridnine.opencms.ticketbrokerage.site/resources/css/jquery.fancybox.css HTTP/1.1" 200 4939
202.8.40.104 - - [10/Mar/2025:01:12:17 +0100] "GET /ticket2/opencms/system/modules/com.gridnine.opencms.ticketbrokerage.site/resources/css/jquery-ui.css HTTP/1.1" 200 33221
202.8.40.104 - - [10/Mar/2025:01:12:17 +0100] "GET /ticket2/opencms/system/modules/com.gridnine.opencms.ticketbrokerage.site/resources/css/standard.css HTTP/1.1" 200 74449
202.8.40.104 - - [10/Mar/2025:01:12:17 +0100] "GET /ticket2/opencms/system/modules/com.gridnine.opencms.ticketbrokerage.site/resources/css/calendar.css HTTP/1.1" 200 6871
202.8.40.104 - - [10/Mar/2025:01:12:17 +0100] "GET /ticket2/opencms/system/modules/com.gridnine.opencms.ticketbrokerage.site/resources/css/ticketbrokerage.css HTTP/1.1" 200 39339
202.8.40.104 - - [10/Mar/2025:01:12:17 +0100] "GET /ticket2/opencms/system/modules/com.gridnine.opencms.ticketbrokerage.site/resources/js/functions.js HTTP/1.1" 200 1583
202.8.40.104 - - [10/Mar/2025:01:12:17 +0100] "GET /ticket2/opencms/system/modules/com.gridnine.opencms.ticketbrokerage.site/resources/js/calendar-en.js HTTP/1.1" 200 3338
202.8.40.104 - - [10/Mar/2025:01:12:17 +0100] "GET /ticket2/opencms/system/modules/com.gridnine.opencms.ticketbrokerage.site/resources/js/calendar.js HTTP/1.1" 200 49229
202.8.40.104 - - [10/Mar/2025:01:12:17 +0100] "GET /ticket2/opencms/system/modules/com.gridnine.opencms.ticketbrokerage.site/resources/js/jquery/jquery-ui.js HTTP/1.1" 200 228088
202.8.40.104 - - [10/Mar/2025:01:12:17 +0100] "GET /ticket2/opencms/system/modules/com.gridnine.opencms.ticketbrokerage.site/resources/js/jquery/jquery.js HTTP/1.1" 200 93868
202.8.40.104 - - [10/Mar/2025:01:12:17 +0100] "GET /ticket2/opencms/system/modules/com.gridnine.opencms.ticketbrokerage.site/resources/js/calendar-setup.js HTTP/1.1" 200 4923
202.8.40.104 - - [10/Mar/2025:01:12:17 +0100] "GET /ticket2/opencms/system/modules/com.gridnine.opencms.ticketbrokerage.site/resources/js/jquery.fancybox.pack.js HTTP/1.1" 200 23187
202.8.40.104 - - [10/Mar/2025:01:12:17 +0100] "GET /ticket2/opencms/system/modules/com.gridnine.opencms.ticketbrokerage.site/resources/js/stickyfill.min.js HTTP/1.1" 200 5672
202.8.40.104 - - [10/Mar/2025:01:12:17 +0100] "GET /ticket2/opencms/system/modules/com.gridnine.opencms.ticketbrokerage.site/resources/js/standard.js HTTP/1.1" 200 3983
202.8.40.104 - - [10/Mar/2025:01:12:18 +0100] "GET /ticket2/opencms/system/modules/com.gridnine.opencms.ticketbrokerage.site/resources/js/jquery.placeholder.min.js HTTP/1.1" 200 1737
66.249.65.195 - - [10/Mar/2025:01:12:18 +0100] "GET /ticket2/opencms/de/buy/?page=1&edid=533C9666-8CEC-6A87-EB2B-BCF155BFF94A HTTP/1.1" 200 111442
202.8.40.104 - - [10/Mar/2025:01:12:18 +0100] "GET /ticket2/opencms/system/modules/com.gridnine.opencms.ticketbrokerage.site/resources/js/common-ajax.js HTTP/1.1" 200 20175
66.249.65.196 - - [10/Mar/2025:01:12:18 +0100] "GET /ticket2/opencms/no/konsertbilletter/one_direction/ HTTP/1.1" 500 -
193.70.81.116 - - [10/Mar/2025:01:12:18 +0100] "GET /ticket2/opencms/se/no/buy/?page=1&edid=570D8103-2AE0-C263-3CF4-52F5572B3472&sortorder=desc&column=section HTTP/1.1" 404 -
66.249.76.166 - - [10/Mar/2025:01:12:21 +0100] "GET /ticket2/opencms/et/buy?page=1&edid=7D93CEA8-790B-90BC-58EC-CA5B0CB3CBFB HTTP/1.1" 200 112172
66.249.74.3 - - [10/Mar/2025:01:12:22 +0100] "GET /ticket2/opencms/et/buy?page=1&edid=66C22035-E7EA-E10A-4BFC-2C30733037DC HTTP/1.1" 200 136021
42.200.230.171 - - [10/Mar/2025:01:12:26 +0100] "GET /ticket2/opencms/dk/no/buy/?page=1&edid=7911312C-1225-8A9E-7A3D-35D79ED30B2F&sortorder=desc&column=price HTTP/1.1" 404 -
17.241.75.99 - - [10/Mar/2025:01:12:28 +0100] "GET /ticket2/opencms/en/sport/football-tickets/serie_a/torino/ HTTP/1.1" 500 -
193.70.81.116 - - [10/Mar/2025:01:12:30 +0100] "GET /ticket2/opencms/se/no/buy/?page=1&edid=576FBAF5-DC27-84D2-CEA1-91203E3EDCB9&sortorder=desc&column=row HTTP/1.1" 404 -
193.70.81.116 - - [10/Mar/2025:01:12:36 +0100] "GET /ticket2/opencms/se/no/buy/?page=1&edid=576FBAF5-DC27-84D2-CEA1-91203E3EDCB9&sortorder=desc&column=section HTTP/1.1" 404 -
47.128.31.156 - - [10/Mar/2025:01:12:37 +0100] "GET /ticket2/opencms/hu/buy/?catid=C871EAE3-C584-718A-9795-07CDEF43FA75&comcatid=A17713B6-D984-201A-4143-ED4DB5ED5C2E HTTP/1.1" 200 103470
40.77.167.149 - - [10/Mar/2025:01:12:38 +0100] "GET /ticket2/opencms/sq/buy?page=1&edid=fde2cb1b-737b-857f-7431-bd450e7d3bbb HTTP/1.1" 200 8134
42.200.230.171 - - [10/Mar/2025:01:12:38 +0100] "GET /ticket2/opencms/dk/no/buy/?page=1&edid=7AC6ABB3-09AC-6373-722A-4325330B2FBA&sortorder=asc&column=price HTTP/1.1" 404 -
40.77.167.76 - - [10/Mar/2025:01:12:41 +0100] "GET /ticket2/opencms/en/buy/?page=6&comcatid=B41CCF2B-5558-7AEE-3602-09BBDE417D65 HTTP/1.1" 200 91878
47.128.97.129 - - [10/Mar/2025:01:12:41 +0100] "GET /ticket2/opencms/fi/urheilu/jalkapallo/premier_league/luton/ HTTP/1.1" 500 -
193.70.81.116 - - [10/Mar/2025:01:12:43 +0100] "GET /ticket2/opencms/se/no/buy/?page=1&edid=628F4DF2-B1DD-1FFD-DE4A-2FE8F126DCD2&sortorder=asc&column=row HTTP/1.1" 404 -
114.119.159.129 - - [10/Mar/2025:01:12:44 +0100] "GET /ticket2/opencms/en/buy/?page=1&edid=D3961231-7877-42EF-B532-0CF3B9007345 HTTP/1.1" 200 108901
20.171.207.145 - - [10/Mar/2025:01:12:45 +0100] "GET /ticket2/opencms/lt/sport/futbolo-bilietai/eredivisie HTTP/1.1" 500 -
66.249.74.136 - - [10/Mar/2025:01:12:47 +0100] "GET /ticket2/opencms/pl/buy?page=1&edid=160DAC9A-2A77-6FDC-52B8-296352B1ABF1 HTTP/1.1" 200 137382
40.77.167.149 - - [10/Mar/2025:01:12:49 +0100] "GET /ticket2/opencms/sv/buy/?page=1&edid=F37DBF10-CEEC-1535-C85A-81545161878C&partner=32AEBC49-1CC2-7329-0771-A30B1D5B3D38 HTTP/1.1" 302 -
40.77.167.149 - - [10/Mar/2025:01:12:50 +0100] "GET /ticket2/opencms/set_aff_cookie.jsp?partner=32AEBC49-1CC2-7329-0771-A30B1D5B3D38&url=%2Fsv%2Fbuy%2Findex.html%3Fr%3Dtrue%26edid%3DF37DBF10-CEEC-1535-C85A-81545161878C%26page%3D1 HTTP/1.1" 200 179
193.70.81.116 - - [10/Mar/2025:01:12:50 +0100] "GET /ticket2/opencms/se/no/buy/?page=1&edid=62A92563-39B8-3109-2117-18D000C2EB87&sortorder=asc&column=price HTTP/1.1" 404 -
42.200.230.171 - - [10/Mar/2025:01:12:50 +0100] "GET /ticket2/opencms/dk/no/buy/?page=1&edid=7B03E341-9509-3F55-E619-C4D4BE40A63F&sortorder=asc&column=row HTTP/1.1" 404 -
40.77.167.149 - - [10/Mar/2025:01:12:51 +0100] "GET /ticket2/opencms/sr/buy/?page=1&edid=36AF1B5E-5A99-17FA-F2C9-AE0F1234F398 HTTP/1.1" 200 125159
85.208.96.210 - - [10/Mar/2025:01:12:52 +0100] "GET /ticket2/opencms/tr/magazine/article?title=la-liga-real-madrid-en-cok-sampiyonlugu-kazandi HTTP/1.1" 200 95127
114.119.136.30 - - [10/Mar/2025:01:12:54 +0100] "GET /ticket2/opencms/ga/buy?page=1&edid=C12BC2CD-76A7-8FBF-D429-F776F9982E78 HTTP/1.1" 200 109055
66.249.76.167 - - [10/Mar/2025:01:12:56 +0100] "GET /ticket2/opencms/et/buy?page=1&edid=DCF22239-47F2-2282-C13B-85FCE1D7C913 HTTP/1.1" 200 136103
157.55.39.193 - - [10/Mar/2025:01:12:56 +0100] "GET /ticket2/opencms/en/buy/?page=1&edid=ACD8BB97-D036-9F05-30AE-FB95B40B4D64 HTTP/1.1" 200 108863
52.167.144.20 - - [10/Mar/2025:01:12:56 +0100] "GET /ticket2/opencms/es/magazine/article?title=analisis-cuanto-han-aumentado-los-precios-de-las-entradas-de-la-premier-league-liverpool-y-arsenal-son-los-mas-caros HTTP/1.1" 200 101668
193.70.81.116 - - [10/Mar/2025:01:12:57 +0100] "GET /ticket2/opencms/se/no/buy/?page=1&edid=63CD2C93-E504-2AC8-B8EA-EDE1A007E281&sortorder=asc&column=section HTTP/1.1" 404 -
54.36.149.38 - - [10/Mar/2025:01:13:00 +0100] "GET /ticket2/opencms/uk/sport/kvytky-na-futbol/serie-a/roma HTTP/1.1" 200 101876
202.8.42.228 - - [10/Mar/2025:01:13:02 +0100] "GET /ticket2/opencms/system/modules/com.gridnine.opencms.ticketbrokerage.site/resources/css/calendar.css HTTP/1.1" 200 6871
202.8.42.228 - - [10/Mar/2025:01:13:02 +0100] "GET /ticket2/opencms/system/modules/com.gridnine.opencms.ticketbrokerage.site/resources/css/ticketbrokerage.css HTTP/1.1" 200 39339
202.8.42.228 - - [10/Mar/2025:01:13:02 +0100] "GET /ticket2/opencms/system/modules/com.gridnine.opencms.ticketbrokerage.site/resources/css/jquery-ui.css HTTP/1.1" 200 33221
202.8.42.228 - - [10/Mar/2025:01:13:02 +0100] "GET /ticket2/opencms/system/modules/com.gridnine.opencms.ticketbrokerage.site/resources/css/jquery.fancybox.css HTTP/1.1" 200 4939
202.8.42.228 - - [10/Mar/2025:01:13:02 +0100] "GET /ticket2/opencms/system/modules/com.gridnine.opencms.ticketbrokerage.site/resources/css/standard.css HTTP/1.1" 200 74449
202.8.42.228 - - [10/Mar/2025:01:13:02 +0100] "GET /ticket2/opencms/system/modules/com.gridnine.opencms.ticketbrokerage.site/resources/js/calendar-en.js HTTP/1.1" 200 3338
42.200.230.171 - - [10/Mar/2025:01:13:02 +0100] "GET /ticket2/opencms/dk/no/buy/?page=1&edid=7B45DE91-84F9-B98F-EB69-4E264B587ED4&sortorder=desc&column=section HTTP/1.1" 404 -
202.8.42.228 - - [10/Mar/2025:01:13:02 +0100] "GET /ticket2/opencms/system/modules/com.gridnine.opencms.ticketbrokerage.site/resources/js/jquery.fancybox.pack.js HTTP/1.1" 200 23187
202.8.42.228 - - [10/Mar/2025:01:13:02 +0100] "GET /ticket2/opencms/system/modules/com.gridnine.opencms.ticketbrokerage.site/resources/js/calendar-setup.js HTTP/1.1" 200 4923
202.8.42.228 - - [10/Mar/2025:01:13:02 +0100] "GET /ticket2/opencms/system/modules/com.gridnine.opencms.ticketbrokerage.site/resources/js/stickyfill.min.js HTTP/1.1" 200 5672
202.8.42.228 - - [10/Mar/2025:01:13:02 +0100] "GET /ticket2/opencms/system/modules/com.gridnine.opencms.ticketbrokerage.site/resources/js/jquery/jquery.js HTTP/1.1" 200 93868
202.8.42.228 - - [10/Mar/2025:01:13:02 +0100] "GET /ticket2/opencms/system/modules/com.gridnine.opencms.ticketbrokerage.site/resources/js/jquery/jquery-ui.js HTTP/1.1" 200 228088
202.8.42.228 - - [10/Mar/2025:01:13:02 +0100] "GET /ticket2/opencms/system/modules/com.gridnine.opencms.ticketbrokerage.site/resources/js/calendar.js HTTP/1.1" 200 49229
202.8.42.228 - - [10/Mar/2025:01:13:02 +0100] "GET /ticket2/opencms/system/modules/com.gridnine.opencms.ticketbrokerage.site/resources/js/functions.js HTTP/1.1" 200 1583
202.8.42.228 - - [10/Mar/2025:01:13:02 +0100] "GET /ticket2/opencms/system/modules/com.gridnine.opencms.ticketbrokerage.site/resources/js/standard.js HTTP/1.1" 200 3983
202.8.42.228 - - [10/Mar/2025:01:13:02 +0100] "GET /ticket2/opencms/system/modules/com.gridnine.opencms.ticketbrokerage.site/resources/js/jquery.placeholder.min.js HTTP/1.1" 200 1737
202.8.42.228 - - [10/Mar/2025:01:13:02 +0100] "GET /ticket2/opencms/system/modules/com.gridnine.opencms.ticketbrokerage.site/resources/js/common-ajax.js HTTP/1.1" 200 20175
193.70.81.116 - - [10/Mar/2025:01:13:03 +0100] "GET /ticket2/opencms/se/ru/buy/?page=1&edid=0318FBA9-8FFF-BC30-E67D-5568E5F27D3B&sortorder=asc&column=row HTTP/1.1" 404 -
66.249.76.166 - - [10/Mar/2025:01:13:04 +0100] "GET /ticket2/opencms/et/buy?page=1&edid=697BE447-74B7-A748-152F-A1818DA4BEC9 HTTP/1.1" 200 135068
173.252.83.1 - - [10/Mar/2025:01:13:05 +0100] "GET /ticket2/opencms/sl/buy?page=1&edid=84A5FE5E-FE66-D83A-8A7D-B9483A93F0F3 HTTP/1.1" 200 111487
114.119.146.220 - - [10/Mar/2025:01:13:05 +0100] "GET /ticket2/opencms/en/buy/?page=1&edid=85A46D4A-3BBA-FABF-1612-5AD8302CC5AE HTTP/1.1" 200 108900
193.70.81.116 - - [10/Mar/2025:01:13:11 +0100] "GET /ticket2/opencms/se/ru/buy/?page=1&edid=0318FBA9-8FFF-BC30-E67D-5568E5F27D3B&sortorder=asc&column=section HTTP/1.1" 404 -
173.252.87.15 - - [10/Mar/2025:01:13:11 +0100] "GET /ticket2/opencms/sl/sport/nogometne-vstopnice/bundesliga/wolfsburg HTTP/1.1" 500 -
42.200.230.171 - - [10/Mar/2025:01:13:14 +0100] "GET /ticket2/opencms/dk/no/buy/?page=1&edid=7BDF5FBF-D958-27AA-DC3E-12B0666E0820 HTTP/1.1" 404 -
114.119.135.251 - - [10/Mar/2025:01:13:16 +0100] "GET /ticket2/opencms/es/buy/?comcatid=97ECA65A-72DA-F9AF-9DBB-245D3CFED1BE&catid=1656E964-1E02-9A38-D092-65384E60B6EA HTTP/1.1" 200 98105
66.249.74.2 - - [10/Mar/2025:01:13:17 +0100] "GET /ticket2/opencms/et/buy?page=1&edid=A2A4078E-C8E8-C113-199B-69C1FEB231B0 HTTP/1.1" 200 135418
193.70.81.116 - - [10/Mar/2025:01:13:17 +0100] "GET /ticket2/opencms/se/ru/buy/?page=1&edid=03337102-274E-EF7A-5BBB-8B18B768E4C2&sortorder=asc&column=price HTTP/1.1" 404 -
66.249.65.196 - - [10/Mar/2025:01:13:18 +0100] "GET /ticket2/opencms/hu/buy/?page=1&edid=56E5054E-5548-B4B2-3B06-69861919F409 HTTP/1.1" 200 112595
66.249.76.167 - - [10/Mar/2025:01:13:20 +0100] "GET /ticket2/opencms/de/buy/?page=1&edid=B26325D5-7C37-90D0-9866-C127BDE9586D HTTP/1.1" 200 89806
102.129.130.250 - - [10/Mar/2025:01:13:21 +0100] "GET /ticket2/opencms/be/buy/?comcatid=66708183-7480-3365-06BF-DBF60280AB45 HTTP/1.1" 200 94732
207.46.13.51 - - [10/Mar/2025:01:13:23 +0100] "GET /ticket2/opencms/es/?comcatid=A17713B6-D984-201A-4143-ED4DB5ED5C2E&catid=7ACC33AD-EE7E-AAA7-9050-0F4587759B87 HTTP/1.1" 200 103902
193.70.81.116 - - [10/Mar/2025:01:13:23 +0100] "GET /ticket2/opencms/se/ru/buy/?page=1&edid=AA77BD4E-C2F1-33E9-4851-2BA88F77A335&sortorder=desc&column=section HTTP/1.1" 404 -
