20.171.207.145 - - [10/Mar/2025:04:26:01 +0100] "GET /ticket2/opencms/is/buy/?eventid=8089A138-5EE7-E43F-C342-AAB9352CA1D1&page=10 HTTP/1.1" 200 96233
66.249.65.234 - - [10/Mar/2025:04:26:06 +0100] "GET /ticket2/opencms/mo/magazine/article/???%20Error%20reading%20resource%20from%20path HTTP/1.1" 200 89121
40.77.167.247 - - [10/Mar/2025:04:26:11 +0100] "GET /ticket2/opencms/hr/buy?page=1&edid=C6D4CC33-AAEC-647E-DD83-3DF39108FACF HTTP/1.1" 200 90563
20.171.207.145 - - [10/Mar/2025:04:26:12 +0100] "GET /ticket2/opencms/lv/sell/?edid=18631B4D-241F-1419-AEC9-B2739BCE7CC3 HTTP/1.1" 302 -
40.77.167.247 - - [10/Mar/2025:04:26:13 +0100] "GET /ticket2/opencms/mo/buy/?page=1&edid=BC6432E8-AC63-FDCC-246A-92AF2CD94994 HTTP/1.1" 200 108758
114.119.141.206 - - [10/Mar/2025:04:26:15 +0100] "GET /ticket2/opencms/fr/buy/?page=1&edid=D9483F7A-81C2-71D7-77DF-D2197B102901 HTTP/1.1" 200 108410
20.171.207.145 - - [10/Mar/2025:04:26:16 +0100] "GET /ticket2/opencms/hr/sell/?edid=36AF1B5E-5A99-17FA-F2C9-AE0F1234F398 HTTP/1.1" 302 -
95.217.114.173 - - [10/Mar/2025:04:26:16 +0100] "GET /ticket2/opencms/sv/buy/?page=1&edid=D06F539B-6C6E-B2BD-7ADD-88707F5FFDEE HTTP/1.1" 200 111887
20.171.207.145 - - [10/Mar/2025:04:26:17 +0100] "GET /ticket2/opencms/bg/sell/?edid=36AF1B5E-5A99-17FA-F2C9-AE0F1234F398 HTTP/1.1" 302 -
154.54.249.216 - - [10/Mar/2025:04:26:19 +0100] "GET /ticket2/opencms/fr/buy/?page=1&edid=6CBE2591-0C21-C59A-952D-56E2316290E2 HTTP/1.1" 200 111099
45.132.244.25 - - [10/Mar/2025:04:26:19 +0100] "GET /ticket2/opencms/sq/buy?page=1&edid=3289C097-2261-9433-8644-DF033A9EE354 HTTP/1.1" 200 141570
20.171.207.145 - - [10/Mar/2025:04:26:19 +0100] "GET /ticket2/opencms/ro/sell/?edid=36AF1B5E-5A99-17FA-F2C9-AE0F1234F398 HTTP/1.1" 302 -
114.119.153.152 - - [10/Mar/2025:04:26:20 +0100] "GET /ticket2/opencms/en/buy/?page=10&eventid=0AB9ED07-4372-B1CD-6D1D-CE254F1D7262&venueid=6D8A0FE7-2FEF-4BDE-AC7E-1937EABDAEF4 HTTP/1.1" 200 92761
20.171.207.145 - - [10/Mar/2025:04:26:20 +0100] "GET /ticket2/opencms/en/sell/?edid=18631B4D-241F-1419-AEC9-B2739BCE7CC3 HTTP/1.1" 302 -
20.171.207.145 - - [10/Mar/2025:04:26:22 +0100] "GET /ticket2/opencms/mo/sell/?edid=36AF1B5E-5A99-17FA-F2C9-AE0F1234F398 HTTP/1.1" 302 -
20.171.207.145 - - [10/Mar/2025:04:26:23 +0100] "GET /ticket2/opencms/sl/sell/?edid=36AF1B5E-5A99-17FA-F2C9-AE0F1234F398 HTTP/1.1" 302 -
85.208.96.208 - - [10/Mar/2025:04:26:23 +0100] "GET /ticket2/opencms/sr/magazine/article?title=hugo-larsson-dvadesetogodisnjak-koji-ide-od-uspeha-do-uspeha HTTP/1.1" 200 95836
20.171.207.145 - - [10/Mar/2025:04:26:24 +0100] "GET /ticket2/opencms/be/sell/?edid=18631B4D-241F-1419-AEC9-B2739BCE7CC3 HTTP/1.1" 302 -
114.119.135.251 - - [10/Mar/2025:04:26:24 +0100] "GET /ticket2/opencms/ru/sell?edid=EE72AC60-CA9C-96B1-E30F-3118332B8F09 HTTP/1.1" 302 -
20.171.207.145 - - [10/Mar/2025:04:26:25 +0100] "GET /ticket2/opencms/sl/sell/?edid=18631B4D-241F-1419-AEC9-B2739BCE7CC3 HTTP/1.1" 302 -
114.119.130.154 - - [10/Mar/2025:04:26:26 +0100] "GET /ticket2/opencms/ru/buy/?page=1&edid=87764272-81EA-59CF-68F0-B30F32FF8826 HTTP/1.1" 200 110679
20.171.207.145 - - [10/Mar/2025:04:26:26 +0100] "GET /ticket2/opencms/is/sell/?edid=18631B4D-241F-1419-AEC9-B2739BCE7CC3 HTTP/1.1" 302 -
20.171.207.145 - - [10/Mar/2025:04:26:27 +0100] "GET /ticket2/opencms/mo/sell/?edid=5DBB4F23-1DC6-5854-92A3-8C0AF6152B4D HTTP/1.1" 302 -
20.171.207.145 - - [10/Mar/2025:04:26:29 +0100] "GET /ticket2/opencms/bg/sell/?edid=5DBB4F23-1DC6-5854-92A3-8C0AF6152B4D HTTP/1.1" 302 -
114.119.135.251 - - [10/Mar/2025:04:26:29 +0100] "GET /ticket2/opencms/ru/login/?url=/ru/sell/ HTTP/1.1" 200 87724
20.171.207.145 - - [10/Mar/2025:04:26:30 +0100] "GET /ticket2/opencms/lv/sell/?edid=5DBB4F23-1DC6-5854-92A3-8C0AF6152B4D HTTP/1.1" 302 -
20.171.207.145 - - [10/Mar/2025:04:26:31 +0100] "GET /ticket2/opencms/hr/sell/?edid=5DBB4F23-1DC6-5854-92A3-8C0AF6152B4D HTTP/1.1" 302 -
185.191.171.10 - - [10/Mar/2025:04:26:31 +0100] "GET /ticket2/opencms/cs/magazine/article?title=michail-antonio-zranen-po-autonehode HTTP/1.1" 200 93745
20.171.207.145 - - [10/Mar/2025:04:26:32 +0100] "GET /ticket2/opencms/be/sell/?edid=5DBB4F23-1DC6-5854-92A3-8C0AF6152B4D HTTP/1.1" 302 -
20.171.207.145 - - [10/Mar/2025:04:26:33 +0100] "GET /ticket2/opencms/sk/sell/?edid=5DBB4F23-1DC6-5854-92A3-8C0AF6152B4D HTTP/1.1" 302 -
140.228.23.89 - - [10/Mar/2025:04:26:34 +0100] "GET /ticket2/opencms/hu/sport/focijegyek/bundesliga/bayern-munchen/ HTTP/1.1" 200 102219
207.46.13.126 - - [10/Mar/2025:04:26:34 +0100] "GET /ticket2/opencms/ro/buy?page=1&edid=cc748805-aa77-5d07-7352-96cd97d4f5ac HTTP/1.1" 200 8134
20.171.207.145 - - [10/Mar/2025:04:26:34 +0100] "GET /ticket2/opencms/en/sell/?edid=5DBB4F23-1DC6-5854-92A3-8C0AF6152B4D HTTP/1.1" 302 -
20.171.207.145 - - [10/Mar/2025:04:26:35 +0100] "GET /ticket2/opencms/ro/sell/?edid=5DBB4F23-1DC6-5854-92A3-8C0AF6152B4D HTTP/1.1" 302 -
85.208.96.197 - - [10/Mar/2025:04:26:36 +0100] "GET /ticket2/opencms/mo/magazine/article?title=emirates HTTP/1.1" 200 95941
114.119.148.14 - - [10/Mar/2025:04:26:39 +0100] "GET /ticket2/opencms/pl/buy/?page=1&edid=B26325D5-7C37-90D0-9866-C127BDE9586D HTTP/1.1" 200 108558
68.183.238.15 - - [10/Mar/2025:04:26:47 +0100] "GET /manager/html HTTP/1.1" 404 -
20.171.207.145 - - [10/Mar/2025:04:26:48 +0100] "GET /ticket2/opencms/hr/sell/?edid=0DC29C5C-A273-34CB-58F3-441C87554AF1 HTTP/1.1" 302 -
20.171.207.145 - - [10/Mar/2025:04:26:49 +0100] "GET /ticket2/opencms/en/sell/?edid=0DC29C5C-A273-34CB-58F3-441C87554AF1 HTTP/1.1" 302 -
20.171.207.145 - - [10/Mar/2025:04:26:51 +0100] "GET /ticket2/opencms/cs/buy/?eventid=8089A138-5EE7-E43F-C342-AAB9352CA1D1&page=10 HTTP/1.1" 200 96333
20.171.207.145 - - [10/Mar/2025:04:26:52 +0100] "GET /ticket2/opencms/lv/sell/?edid=36AF1B5E-5A99-17FA-F2C9-AE0F1234F398 HTTP/1.1" 302 -
20.171.207.145 - - [10/Mar/2025:04:26:53 +0100] "GET /ticket2/opencms/be/sell/?edid=0DC29C5C-A273-34CB-58F3-441C87554AF1 HTTP/1.1" 302 -
20.171.207.145 - - [10/Mar/2025:04:26:54 +0100] "GET /ticket2/opencms/sk/sell/?edid=0DC29C5C-A273-34CB-58F3-441C87554AF1 HTTP/1.1" 302 -
66.249.65.237 - - [10/Mar/2025:04:26:54 +0100] "GET /ticket2/opencms/fr/buy/?page=1&edid=E8C34E6F-F034-0C2A-D437-ABD4D0BC81CD HTTP/1.1" 200 111635
207.46.13.126 - - [10/Mar/2025:04:26:55 +0100] "GET /ticket2/opencms/bs/buy/?page=1&edid=47C5221C-D928-A354-3BAB-DBCEA1F436C4 HTTP/1.1" 200 112301
95.217.114.173 - - [10/Mar/2025:04:26:55 +0100] "GET /ticket2/opencms/sv/buy/?page=1&edid=D07DCEFA-35D1-5F34-400B-00D74939FF4F HTTP/1.1" 200 110215
20.171.207.145 - - [10/Mar/2025:04:26:55 +0100] "GET /ticket2/opencms/mo/sell/?edid=0DC29C5C-A273-34CB-58F3-441C87554AF1 HTTP/1.1" 302 -
20.171.207.145 - - [10/Mar/2025:04:26:56 +0100] "GET /ticket2/opencms/bg/sell/?edid=0DC29C5C-A273-34CB-58F3-441C87554AF1 HTTP/1.1" 302 -
20.171.207.145 - - [10/Mar/2025:04:26:57 +0100] "GET /ticket2/opencms/ro/sell/?edid=0DC29C5C-A273-34CB-58F3-441C87554AF1 HTTP/1.1" 302 -
3.145.5.245 - - [10/Mar/2025:04:26:58 +0100] "GET /ticket2/opencms/es/deporte HTTP/1.1" 200 93424
20.171.207.145 - - [10/Mar/2025:04:26:58 +0100] "GET /ticket2/opencms/lv/sell/?edid=0DC29C5C-A273-34CB-58F3-441C87554AF1 HTTP/1.1" 302 -
20.171.207.145 - - [10/Mar/2025:04:27:00 +0100] "GET /ticket2/opencms/en/sell/?edid=36AF1B5E-5A99-17FA-F2C9-AE0F1234F398 HTTP/1.1" 302 -
157.55.39.195 - - [10/Mar/2025:04:27:01 +0100] "GET /ticket2/opencms/fr/buy/?page=1&edid=EBEA3E04-11BD-B8F0-174E-23BE28A878CF HTTP/1.1" 200 111541
20.171.207.145 - - [10/Mar/2025:04:27:01 +0100] "GET /ticket2/opencms/be/sell/?edid=36AF1B5E-5A99-17FA-F2C9-AE0F1234F398 HTTP/1.1" 302 -
47.128.118.5 - - [10/Mar/2025:04:27:05 +0100] "GET /ticket2/opencms/sl/buy/?edid=72DAABB5-5728-E783-69FF-77938E46CA8B HTTP/1.1" 200 91642
207.46.13.126 - - [10/Mar/2025:04:27:05 +0100] "GET /ticket2/opencms/ga/buy/?page=1&edid=61903C96-F8B6-482A-0523-00721D5B62AF HTTP/1.1" 200 109077
195.191.219.131 - - [10/Mar/2025:04:27:05 +0100] "GET /ticket2/opencms/robots.txt HTTP/1.1" 200 773
114.119.132.9 - - [10/Mar/2025:04:27:06 +0100] "GET /ticket2/opencms/fr/buy/?page=1&edid=1DC40ECC-FC78-CDB2-9510-7E73DAAD0489 HTTP/1.1" 200 117664
20.171.207.145 - - [10/Mar/2025:04:27:07 +0100] "GET /ticket2/opencms/sk/sell/?edid=36AF1B5E-5A99-17FA-F2C9-AE0F1234F398 HTTP/1.1" 302 -
195.191.219.131 - - [10/Mar/2025:04:27:07 +0100] "GET /ticket2/opencms/es/ HTTP/1.1" 200 103903
20.171.207.145 - - [10/Mar/2025:04:27:08 +0100] "GET /ticket2/opencms/is/sell/?edid=36AF1B5E-5A99-17FA-F2C9-AE0F1234F398 HTTP/1.1" 302 -
20.171.207.145 - - [10/Mar/2025:04:27:09 +0100] "GET /ticket2/opencms/system/modules/com.gridnine.opencms.ticketbrokerage.site/resources/pics/buy_button_small_is.png HTTP/1.1" 404 -
47.128.29.24 - - [10/Mar/2025:04:27:10 +0100] "GET /ticket2/opencms/el/?comcatid=0A6B8208-FDA4-E929-9D72-5312FD481B76 HTTP/1.1" 200 107063
20.171.207.145 - - [10/Mar/2025:04:27:10 +0100] "GET /ticket2/opencms/system/modules/com.gridnine.opencms.ticketbrokerage.site/resources/pics/buy_button_small_mo.png HTTP/1.1" 404 -
47.128.36.44 - - [10/Mar/2025:04:27:11 +0100] "GET /ticket2/opencms/fi/venue/?venueid=ADC2EAE7-F3B9-5998-1901-D9DA30ACB19A HTTP/1.1" 200 86849
20.171.207.145 - - [10/Mar/2025:04:27:11 +0100] "GET /ticket2/opencms/system/modules/com.gridnine.opencms.ticketbrokerage.site/resources/pics/buy_button_small_be.png HTTP/1.1" 404 -
40.77.167.247 - - [10/Mar/2025:04:27:12 +0100] "GET /ticket2/opencms/dk/buy?page=6&comcatid=A17713B6-D984-201A-4143-ED4DB5ED5C2E&catid=82F804FA-9F69-CB6B-D41D-7BF7C716058B&eventid=55413BC2-71A3-4E36-FCD4-7D7F87A1C19E HTTP/1.1" 200 104245
20.171.207.145 - - [10/Mar/2025:04:27:12 +0100] "GET /ticket2/opencms/system/modules/com.gridnine.opencms.ticketbrokerage.site/resources/pics/buy_button_small_sk.png HTTP/1.1" 404 -
40.77.167.247 - - [10/Mar/2025:04:27:13 +0100] "GET /ticket2/opencms/cs/buy?page=6&comcatid=0A6B8208-FDA4-E929-9D72-5312FD481B76&catid=A05A53F7-423D-23BE-575E-EA7B67DE22D9 HTTP/1.1" 200 97067
20.171.207.145 - - [10/Mar/2025:04:27:14 +0100] "GET /ticket2/opencms/cs/sell/?edid=5DBB4F23-1DC6-5854-92A3-8C0AF6152B4D HTTP/1.1" 302 -
20.171.207.145 - - [10/Mar/2025:04:27:15 +0100] "GET /ticket2/opencms/system/modules/com.gridnine.opencms.ticketbrokerage.site/resources/pics/buy_button_small_hr.png HTTP/1.1" 404 -
20.171.207.145 - - [10/Mar/2025:04:27:16 +0100] "GET /ticket2/opencms/cs/sell/?edid=36AF1B5E-5A99-17FA-F2C9-AE0F1234F398 HTTP/1.1" 302 -
20.171.207.145 - - [10/Mar/2025:04:27:17 +0100] "GET /ticket2/opencms/cs/sell/?edid=0DC29C5C-A273-34CB-58F3-441C87554AF1 HTTP/1.1" 302 -
20.171.207.145 - - [10/Mar/2025:04:27:18 +0100] "GET /ticket2/opencms/system/modules/com.gridnine.opencms.ticketbrokerage.site/resources/pics/buy_button_small_bg.png HTTP/1.1" 404 -
20.171.207.145 - - [10/Mar/2025:04:27:19 +0100] "GET /ticket2/opencms/system/modules/com.gridnine.opencms.ticketbrokerage.site/resources/pics/buy_button_small_cs.png HTTP/1.1" 404 -
20.171.207.145 - - [10/Mar/2025:04:27:20 +0100] "GET /ticket2/opencms/system/modules/com.gridnine.opencms.ticketbrokerage.site/resources/pics/buy_button_small_ro.png HTTP/1.1" 404 -
20.171.207.145 - - [10/Mar/2025:04:27:22 +0100] "GET /ticket2/opencms/system/modules/com.gridnine.opencms.ticketbrokerage.site/resources/pics/buy_button_small_sl.png HTTP/1.1" 404 -
20.171.207.145 - - [10/Mar/2025:04:27:23 +0100] "GET /ticket2/opencms/system/modules/com.gridnine.opencms.ticketbrokerage.site/resources/pics/buy_button_small_lv.png HTTP/1.1" 404 -
185.191.171.4 - - [10/Mar/2025:04:27:23 +0100] "GET /ticket2/opencms/dk/sport/fodboldbilletter/serie-a/salernitana HTTP/1.1" 500 -
40.77.167.60 - - [10/Mar/2025:04:27:32 +0100] "GET /ticket2/opencms/en/buy/?page=1&edid=96E011DF-5241-3266-195A-F1BA5B4FE37C HTTP/1.1" 200 109751
66.249.76.169 - - [10/Mar/2025:04:27:32 +0100] "GET /ticket2/opencms/is/buy/?page=1&edid=553ADDA1-E0D9-E3D6-EC5D-90A14C3A0FAF HTTP/1.1" 200 112420
95.217.114.173 - - [10/Mar/2025:04:27:33 +0100] "GET /ticket2/opencms/sv/buy/?page=1&edid=D08931AA-445E-BC00-3BB5-1EF2DCED50E2 HTTP/1.1" 200 108136
20.171.207.145 - - [10/Mar/2025:04:27:33 +0100] "GET /ticket2/opencms/ro/buy/?catid=A3372871-3019-08B8-80CE-74B78F441ACA&comcatid=A17713B6-D984-201A-4143-ED4DB5ED5C2E HTTP/1.1" 200 104145
20.171.207.145 - - [10/Mar/2025:04:27:35 +0100] "GET /ticket2/opencms/is/buy/?catid=A3372871-3019-08B8-80CE-74B78F441ACA&comcatid=A17713B6-D984-201A-4143-ED4DB5ED5C2E HTTP/1.1" 200 103903
20.171.207.145 - - [10/Mar/2025:04:27:36 +0100] "GET /ticket2/opencms/hu/buy/?eventid=8089A138-5EE7-E43F-C342-AAB9352CA1D1&page=10 HTTP/1.1" 200 96467
154.54.249.216 - - [10/Mar/2025:04:27:37 +0100] "GET /ticket2/opencms/fr/buy/?page=1&edid=5F9726B9-5C92-1C2C-8ACF-AB923040A39F HTTP/1.1" 200 110771
20.171.207.145 - - [10/Mar/2025:04:27:37 +0100] "GET /ticket2/opencms/ga/buy/?eventid=8089A138-5EE7-E43F-C342-AAB9352CA1D1&page=10 HTTP/1.1" 200 96281
114.119.141.178 - - [10/Mar/2025:04:27:38 +0100] "GET /ticket2/opencms/en/buy/?page=1&edid=B2F1A754-C080-4103-4961-BC3EBF5BB7BD HTTP/1.1" 200 108836
66.249.65.195 - - [10/Mar/2025:04:27:38 +0100] "GET /ticket2/opencms/mo/buy/?page=1&edid=553ADDA1-E0D9-E3D6-EC5D-90A14C3A0FAF HTTP/1.1" 200 112412
20.171.207.145 - - [10/Mar/2025:04:27:38 +0100] "GET /ticket2/opencms/nl/buy/?eventid=8089A138-5EE7-E43F-C342-AAB9352CA1D1&page=10 HTTP/1.1" 200 94040
20.171.207.145 - - [10/Mar/2025:04:27:39 +0100] "GET /ticket2/opencms/mt/buy/?eventid=8089A138-5EE7-E43F-C342-AAB9352CA1D1&page=10 HTTP/1.1" 200 96438
20.171.207.145 - - [10/Mar/2025:04:27:41 +0100] "GET /ticket2/opencms/bs/buy/?eventid=8089A138-5EE7-E43F-C342-AAB9352CA1D1&page=10 HTTP/1.1" 200 96165
114.119.153.152 - - [10/Mar/2025:04:27:41 +0100] "GET /ticket2/opencms/ru/buy/?page=1&edid=6B362B16-3138-C077-A4D8-7508DEEA6E81&sortorder=desc&column=row HTTP/1.1" 200 110003
20.171.207.145 - - [10/Mar/2025:04:27:42 +0100] "GET /ticket2/opencms/sv/buy/?eventid=8089A138-5EE7-E43F-C342-AAB9352CA1D1&page=10 HTTP/1.1" 200 95788
20.171.207.145 - - [10/Mar/2025:04:27:43 +0100] "GET /ticket2/opencms/bs/buy/?catid=A3372871-3019-08B8-80CE-74B78F441ACA&comcatid=A17713B6-D984-201A-4143-ED4DB5ED5C2E HTTP/1.1" 200 103910
85.208.96.200 - - [10/Mar/2025:04:27:44 +0100] "GET /ticket2/opencms/sv/sport/fotbollsbiljetter/serie_a/roma/cagliari.html HTTP/1.1" 200 93753
20.171.207.145 - - [10/Mar/2025:04:27:44 +0100] "GET /ticket2/opencms/sl/buy/?catid=A3372871-3019-08B8-80CE-74B78F441ACA&comcatid=A17713B6-D984-201A-4143-ED4DB5ED5C2E HTTP/1.1" 200 103939
114.119.139.202 - - [10/Mar/2025:04:27:44 +0100] "GET /ticket2/opencms/ru/sell/?edid=304B5316-0320-2838-01B8-507789F0700B HTTP/1.1" 302 -
40.77.167.79 - - [10/Mar/2025:04:27:45 +0100] "GET /ticket2/opencms/cs/magazine/article?title=manchester-city-7-zapasu-bez-vitezstvi HTTP/1.1" 200 95691
20.171.207.145 - - [10/Mar/2025:04:27:45 +0100] "GET /ticket2/opencms/et/buy/?catid=A3372871-3019-08B8-80CE-74B78F441ACA&comcatid=A17713B6-D984-201A-4143-ED4DB5ED5C2E HTTP/1.1" 200 103913
20.171.207.145 - - [10/Mar/2025:04:27:46 +0100] "GET /ticket2/opencms/ga/buy/?catid=A3372871-3019-08B8-80CE-74B78F441ACA&comcatid=A17713B6-D984-201A-4143-ED4DB5ED5C2E HTTP/1.1" 200 104104
185.191.171.14 - - [10/Mar/2025:04:27:46 +0100] "GET /ticket2/opencms/hr/magazine/article?title=em-prijenosi HTTP/1.1" 200 93723
20.171.207.145 - - [10/Mar/2025:04:27:47 +0100] "GET /ticket2/opencms/tr/buy/?catid=A3372871-3019-08B8-80CE-74B78F441ACA&comcatid=A17713B6-D984-201A-4143-ED4DB5ED5C2E HTTP/1.1" 200 104170
114.119.139.202 - - [10/Mar/2025:04:27:49 +0100] "GET /ticket2/opencms/ru/login/?url=/ru/sell/ HTTP/1.1" 200 87724
66.249.74.77 - - [10/Mar/2025:04:27:55 +0100] "GET /ticket2/opencms/sv/sport/fotbollsbiljetter/serie_a/frosinone/ HTTP/1.1" 500 -
114.119.148.14 - - [10/Mar/2025:04:27:58 +0100] "GET /ticket2/opencms/pl/buy/?page=1&edid=A8FCDF96-5BE9-3FBC-BBD6-5BFAFD5454D2 HTTP/1.1" 200 108605
54.36.148.184 - - [10/Mar/2025:04:27:59 +0100] "GET /ticket2/opencms/fr/sport/billets-football/serie_a/roma HTTP/1.1" 200 101622
202.8.42.240 - - [10/Mar/2025:04:28:00 +0100] "GET /ticket2/opencms/system/modules/com.gridnine.opencms.ticketbrokerage.site/resources/css/jquery.fancybox.css HTTP/1.1" 200 4939
202.8.42.240 - - [10/Mar/2025:04:28:00 +0100] "GET /ticket2/opencms/system/modules/com.gridnine.opencms.ticketbrokerage.site/resources/css/jquery-ui.css HTTP/1.1" 200 33221
202.8.42.240 - - [10/Mar/2025:04:28:00 +0100] "GET /ticket2/opencms/system/modules/com.gridnine.opencms.ticketbrokerage.site/resources/css/ticketbrokerage.css HTTP/1.1" 200 39339
202.8.42.240 - - [10/Mar/2025:04:28:00 +0100] "GET /ticket2/opencms/system/modules/com.gridnine.opencms.ticketbrokerage.site/resources/css/calendar.css HTTP/1.1" 200 6871
202.8.42.240 - - [10/Mar/2025:04:28:00 +0100] "GET /ticket2/opencms/system/modules/com.gridnine.opencms.ticketbrokerage.site/resources/css/standard.css HTTP/1.1" 200 74449
202.8.42.240 - - [10/Mar/2025:04:28:00 +0100] "GET /ticket2/opencms/system/modules/com.gridnine.opencms.ticketbrokerage.site/resources/js/jquery/jquery.js HTTP/1.1" 200 93868
202.8.42.240 - - [10/Mar/2025:04:28:00 +0100] "GET /ticket2/opencms/system/modules/com.gridnine.opencms.ticketbrokerage.site/resources/js/calendar-en.js HTTP/1.1" 200 3338
202.8.42.240 - - [10/Mar/2025:04:28:00 +0100] "GET /ticket2/opencms/system/modules/com.gridnine.opencms.ticketbrokerage.site/resources/js/calendar.js HTTP/1.1" 200 49229
202.8.42.240 - - [10/Mar/2025:04:28:00 +0100] "GET /ticket2/opencms/system/modules/com.gridnine.opencms.ticketbrokerage.site/resources/js/functions.js HTTP/1.1" 200 1583
202.8.42.240 - - [10/Mar/2025:04:28:00 +0100] "GET /ticket2/opencms/system/modules/com.gridnine.opencms.ticketbrokerage.site/resources/js/jquery/jquery-ui.js HTTP/1.1" 200 228088
202.8.42.240 - - [10/Mar/2025:04:28:01 +0100] "GET /ticket2/opencms/system/modules/com.gridnine.opencms.ticketbrokerage.site/resources/js/calendar-setup.js HTTP/1.1" 200 4923
202.8.42.240 - - [10/Mar/2025:04:28:01 +0100] "GET /ticket2/opencms/system/modules/com.gridnine.opencms.ticketbrokerage.site/resources/js/jquery.fancybox.pack.js HTTP/1.1" 200 23187
202.8.42.240 - - [10/Mar/2025:04:28:01 +0100] "GET /ticket2/opencms/system/modules/com.gridnine.opencms.ticketbrokerage.site/resources/js/stickyfill.min.js HTTP/1.1" 200 5672
202.8.42.240 - - [10/Mar/2025:04:28:01 +0100] "GET /ticket2/opencms/system/modules/com.gridnine.opencms.ticketbrokerage.site/resources/js/standard.js HTTP/1.1" 200 3983
202.8.42.240 - - [10/Mar/2025:04:28:01 +0100] "GET /ticket2/opencms/system/modules/com.gridnine.opencms.ticketbrokerage.site/resources/js/jquery.placeholder.min.js HTTP/1.1" 200 1737
202.8.42.240 - - [10/Mar/2025:04:28:01 +0100] "GET /ticket2/opencms/system/modules/com.gridnine.opencms.ticketbrokerage.site/resources/js/common-ajax.js HTTP/1.1" 200 20175
20.171.207.145 - - [10/Mar/2025:04:28:09 +0100] "GET /ticket2/opencms/nl/sell/?edid=18631B4D-241F-1419-AEC9-B2739BCE7CC3 HTTP/1.1" 302 -
20.171.207.145 - - [10/Mar/2025:04:28:10 +0100] "GET /ticket2/opencms/nl/sell/?edid=5DBB4F23-1DC6-5854-92A3-8C0AF6152B4D HTTP/1.1" 302 -
20.171.207.145 - - [10/Mar/2025:04:28:11 +0100] "GET /ticket2/opencms/bs/sell/?edid=5DBB4F23-1DC6-5854-92A3-8C0AF6152B4D HTTP/1.1" 302 -
20.171.207.145 - - [10/Mar/2025:04:28:13 +0100] "GET /ticket2/opencms/hu/sell/?edid=5DBB4F23-1DC6-5854-92A3-8C0AF6152B4D HTTP/1.1" 302 -
95.217.114.173 - - [10/Mar/2025:04:28:13 +0100] "GET /ticket2/opencms/sv/buy/?page=1&edid=D0922091-3F02-A1A0-C882-D45382E227D8 HTTP/1.1" 200 110876
20.171.207.145 - - [10/Mar/2025:04:28:14 +0100] "GET /ticket2/opencms/ga/sell/?edid=5DBB4F23-1DC6-5854-92A3-8C0AF6152B4D HTTP/1.1" 302 -
85.208.96.210 - - [10/Mar/2025:04:28:14 +0100] "GET /ticket2/opencms/no/sport/fotballsbilletter/champions_league/leipzig/ HTTP/1.1" 500 -
20.171.207.145 - - [10/Mar/2025:04:28:15 +0100] "GET /ticket2/opencms/hu/sell/?edid=36AF1B5E-5A99-17FA-F2C9-AE0F1234F398 HTTP/1.1" 302 -
20.171.207.145 - - [10/Mar/2025:04:28:16 +0100] "GET /ticket2/opencms/sv/sell/?edid=5DBB4F23-1DC6-5854-92A3-8C0AF6152B4D HTTP/1.1" 302 -
66.249.74.3 - - [10/Mar/2025:04:28:16 +0100] "GET /ticket2/opencms/lv/magazine/article?title=arsenal-fc-refleksija HTTP/1.1" 200 93480
20.171.207.145 - - [10/Mar/2025:04:28:17 +0100] "GET /ticket2/opencms/mt/sell/?edid=5DBB4F23-1DC6-5854-92A3-8C0AF6152B4D HTTP/1.1" 302 -
20.171.207.145 - - [10/Mar/2025:04:28:18 +0100] "GET /ticket2/opencms/ga/sell/?edid=36AF1B5E-5A99-17FA-F2C9-AE0F1234F398 HTTP/1.1" 302 -
20.171.207.145 - - [10/Mar/2025:04:28:20 +0100] "GET /ticket2/opencms/mt/sell/?edid=36AF1B5E-5A99-17FA-F2C9-AE0F1234F398 HTTP/1.1" 302 -
154.54.249.216 - - [10/Mar/2025:04:28:23 +0100] "GET /ticket2/opencms/fr/buy/?page=1&edid=94CE4845-FE59-6155-B0B6-D2662A75E0A6 HTTP/1.1" 200 108373
207.46.13.126 - - [10/Mar/2025:04:28:25 +0100] "GET /ticket2/opencms/mo/buy?page=1&edid=0958DA87-37ED-7F94-D151-9C09820627D0 HTTP/1.1" 200 111208
47.128.18.54 - - [10/Mar/2025:04:28:27 +0100] "GET /ticket2/opencms/hu/buy/?edid=FE4DBC25-F1BC-497D-822F-4B54B98D6608 HTTP/1.1" 200 91807
20.171.207.145 - - [10/Mar/2025:04:28:28 +0100] "GET /ticket2/opencms/nl/sell/?edid=36AF1B5E-5A99-17FA-F2C9-AE0F1234F398 HTTP/1.1" 302 -
20.171.207.145 - - [10/Mar/2025:04:28:29 +0100] "GET /ticket2/opencms/bs/sell/?edid=36AF1B5E-5A99-17FA-F2C9-AE0F1234F398 HTTP/1.1" 302 -
20.171.207.145 - - [10/Mar/2025:04:28:30 +0100] "GET /ticket2/opencms/sv/sell/?edid=36AF1B5E-5A99-17FA-F2C9-AE0F1234F398 HTTP/1.1" 302 -
111.119.254.61 - - [10/Mar/2025:04:28:31 +0100] "GET /ticket2/opencms/mt/sell/?edid=20146FB3-A7AB-AA61-9E1A-7C70A530633D HTTP/1.1" 302 -
20.171.207.145 - - [10/Mar/2025:04:28:31 +0100] "GET /ticket2/opencms/system/modules/com.gridnine.opencms.ticketbrokerage.site/resources/pics/buy_button_small_hu.png HTTP/1.1" 404 -
114.119.130.154 - - [10/Mar/2025:04:28:32 +0100] "GET /ticket2/opencms/ru/buy/?page=1&edid=650FDD1F-5A1C-AEA4-D5C4-D336D1D7E3C6&sortorder=asc&column=price HTTP/1.1" 200 110690
20.171.207.145 - - [10/Mar/2025:04:28:32 +0100] "GET /ticket2/opencms/ga/sell/?edid=0DC29C5C-A273-34CB-58F3-441C87554AF1 HTTP/1.1" 302 -
111.119.254.61 - - [10/Mar/2025:04:28:33 +0100] "GET /ticket2/opencms/mt/login/?url=/mt/sell/ HTTP/1.1" 200 91934
185.191.171.5 - - [10/Mar/2025:04:28:33 +0100] "GET /ticket2/opencms/az/login HTTP/1.1" 200 92006
20.171.207.145 - - [10/Mar/2025:04:28:33 +0100] "GET /ticket2/opencms/sv/sell/?edid=0DC29C5C-A273-34CB-58F3-441C87554AF1 HTTP/1.1" 302 -
20.171.207.145 - - [10/Mar/2025:04:28:35 +0100] "GET /ticket2/opencms/bs/sell/?edid=0DC29C5C-A273-34CB-58F3-441C87554AF1 HTTP/1.1" 302 -
20.171.207.145 - - [10/Mar/2025:04:28:36 +0100] "GET /ticket2/opencms/mt/sell/?edid=0DC29C5C-A273-34CB-58F3-441C87554AF1 HTTP/1.1" 302 -
20.171.207.145 - - [10/Mar/2025:04:28:37 +0100] "GET /ticket2/opencms/nl/sell/?edid=0DC29C5C-A273-34CB-58F3-441C87554AF1 HTTP/1.1" 302 -
20.171.207.145 - - [10/Mar/2025:04:28:38 +0100] "GET /ticket2/opencms/system/modules/com.gridnine.opencms.ticketbrokerage.site/resources/pics/buy_button_small_ga.png HTTP/1.1" 404 -
114.119.154.81 - - [10/Mar/2025:04:28:39 +0100] "GET /ticket2/opencms/fr/buy/?page=1&edid=16BA48F9-E787-F00A-EC7D-F97A99AECBFB HTTP/1.1" 200 121152
20.171.207.145 - - [10/Mar/2025:04:28:39 +0100] "GET /ticket2/opencms/hu/sell/?edid=0DC29C5C-A273-34CB-58F3-441C87554AF1 HTTP/1.1" 302 -
20.171.207.145 - - [10/Mar/2025:04:28:40 +0100] "GET /ticket2/opencms/system/modules/com.gridnine.opencms.ticketbrokerage.site/resources/pics/buy_button_small_mt.png HTTP/1.1" 404 -
20.171.207.145 - - [10/Mar/2025:04:28:41 +0100] "GET /ticket2/opencms/system/modules/com.gridnine.opencms.ticketbrokerage.site/resources/pics/buy_button_small_bs.png HTTP/1.1" 404 -
47.128.97.253 - - [10/Mar/2025:04:28:42 +0100] "GET /ticket2/opencms/fi/venue/?venueid=CAA98BF5-BF8C-9F8D-456A-D5DB923FB95B HTTP/1.1" 200 86864
20.171.207.145 - - [10/Mar/2025:04:28:43 +0100] "GET /ticket2/opencms/sk/buy/?catid=A3372871-3019-08B8-80CE-74B78F441ACA&comcatid=A17713B6-D984-201A-4143-ED4DB5ED5C2E HTTP/1.1" 200 104105
20.171.207.145 - - [10/Mar/2025:04:28:44 +0100] "GET /ticket2/opencms/sv/buy/?catid=A3372871-3019-08B8-80CE-74B78F441ACA&comcatid=A17713B6-D984-201A-4143-ED4DB5ED5C2E HTTP/1.1" 200 103643
20.171.207.145 - - [10/Mar/2025:04:28:45 +0100] "GET /ticket2/opencms/hu/buy/?catid=A3372871-3019-08B8-80CE-74B78F441ACA&comcatid=A17713B6-D984-201A-4143-ED4DB5ED5C2E HTTP/1.1" 200 104153
207.46.13.126 - - [10/Mar/2025:04:28:46 +0100] "GET /ticket2/opencms/el/buy?page=1&edid=042B1AE0-B676-9EDF-9B0C-DC5976C2588C HTTP/1.1" 200 115542
20.171.207.145 - - [10/Mar/2025:04:28:46 +0100] "GET /ticket2/opencms/mt/buy/?catid=A3372871-3019-08B8-80CE-74B78F441ACA&comcatid=A17713B6-D984-201A-4143-ED4DB5ED5C2E HTTP/1.1" 200 104087
20.171.207.145 - - [10/Mar/2025:04:28:48 +0100] "GET /ticket2/opencms/az/buy/?catid=A3372871-3019-08B8-80CE-74B78F441ACA&comcatid=A17713B6-D984-201A-4143-ED4DB5ED5C2E HTTP/1.1" 200 104108
20.171.207.145 - - [10/Mar/2025:04:28:49 +0100] "GET /ticket2/opencms/be/buy/?catid=A3372871-3019-08B8-80CE-74B78F441ACA&comcatid=A17713B6-D984-201A-4143-ED4DB5ED5C2E HTTP/1.1" 200 104783
20.171.207.145 - - [10/Mar/2025:04:28:50 +0100] "GET /ticket2/opencms/cs/buy/?catid=A3372871-3019-08B8-80CE-74B78F441ACA&comcatid=A17713B6-D984-201A-4143-ED4DB5ED5C2E HTTP/1.1" 200 104107
146.103.10.167 - - [10/Mar/2025:04:28:51 +0100] "GET /ticket2/opencms/is/sport/fotbolti/champions-league/real-madrid HTTP/1.1" 302 -
20.171.207.145 - - [10/Mar/2025:04:28:51 +0100] "GET /ticket2/opencms/hr/buy/?catid=A3372871-3019-08B8-80CE-74B78F441ACA&comcatid=A17713B6-D984-201A-4143-ED4DB5ED5C2E HTTP/1.1" 200 104252
20.171.207.145 - - [10/Mar/2025:04:28:52 +0100] "GET /ticket2/opencms/ka/buy/?catid=A3372871-3019-08B8-80CE-74B78F441ACA&comcatid=A17713B6-D984-201A-4143-ED4DB5ED5C2E HTTP/1.1" 200 106608
185.191.171.14 - - [10/Mar/2025:04:28:52 +0100] "GET /ticket2/opencms/sv/sport/fotbollsbiljetter/english-championship/ HTTP/1.1" 200 95141
20.171.207.145 - - [10/Mar/2025:04:28:53 +0100] "GET /ticket2/opencms/en/buy/?catid=A3372871-3019-08B8-80CE-74B78F441ACA&comcatid=A17713B6-D984-201A-4143-ED4DB5ED5C2E HTTP/1.1" 200 102242
95.217.114.173 - - [10/Mar/2025:04:28:54 +0100] "GET /ticket2/opencms/sv/buy/?page=1&edid=D0B4A0B2-753A-E734-88B4-0E8CC9DC25BF HTTP/1.1" 200 111938
202.155.137.123 - - [10/Mar/2025:04:28:54 +0100] "GET /ticket2/opencms/is/buy/ HTTP/1.1" 200 90228
20.171.207.145 - - [10/Mar/2025:04:28:54 +0100] "GET /ticket2/opencms/mo/buy/?catid=A3372871-3019-08B8-80CE-74B78F441ACA&comcatid=A17713B6-D984-201A-4143-ED4DB5ED5C2E HTTP/1.1" 200 104063
114.119.130.154 - - [10/Mar/2025:04:28:55 +0100] "GET /ticket2/opencms/ru/buy/?page=1&edid=570BC029-41A3-AC83-7093-0DFFF0210D10&sortorder=desc&column=price HTTP/1.1" 200 110171
20.171.207.145 - - [10/Mar/2025:04:28:56 +0100] "GET /ticket2/opencms/it/buy/?catid=A3372871-3019-08B8-80CE-74B78F441ACA&comcatid=A17713B6-D984-201A-4143-ED4DB5ED5C2E HTTP/1.1" 200 103818
20.171.207.145 - - [10/Mar/2025:04:28:57 +0100] "GET /ticket2/opencms/fr/buy/?catid=A3372871-3019-08B8-80CE-74B78F441ACA&comcatid=A17713B6-D984-201A-4143-ED4DB5ED5C2E HTTP/1.1" 200 103478
114.119.151.93 - - [10/Mar/2025:04:28:58 +0100] "GET /ticket2/opencms/en/buy/?page=1&edid=07DEB2A3-DF25-51E6-57DE-19F2D68F0F1B HTTP/1.1" 200 106776
20.171.207.145 - - [10/Mar/2025:04:28:58 +0100] "GET /ticket2/opencms/fi/buy/?catid=A3372871-3019-08B8-80CE-74B78F441ACA&comcatid=A17713B6-D984-201A-4143-ED4DB5ED5C2E HTTP/1.1" 200 103887
20.171.207.145 - - [10/Mar/2025:04:28:59 +0100] "GET /ticket2/opencms/uk/buy/?catid=A3372871-3019-08B8-80CE-74B78F441ACA&comcatid=A17713B6-D984-201A-4143-ED4DB5ED5C2E HTTP/1.1" 200 104578
20.171.207.145 - - [10/Mar/2025:04:29:00 +0100] "GET /ticket2/opencms/bg/buy/?catid=A3372871-3019-08B8-80CE-74B78F441ACA&comcatid=A17713B6-D984-201A-4143-ED4DB5ED5C2E HTTP/1.1" 200 104935
20.171.207.145 - - [10/Mar/2025:04:29:01 +0100] "GET /ticket2/opencms/dk/buy/?catid=A3372871-3019-08B8-80CE-74B78F441ACA&comcatid=A17713B6-D984-201A-4143-ED4DB5ED5C2E HTTP/1.1" 200 102723
52.167.144.168 - - [10/Mar/2025:04:29:02 +0100] "GET /ticket2/opencms/de/buy?page=1&edid=381DD8CC-712A-5B07-5994-8E1FD053F48A HTTP/1.1" 200 110877
189.1.225.156 - - [10/Mar/2025:04:29:02 +0100] "GET /ticket2/opencms/el/buy/?page=1&edid=DABBB04A-934B-281D-ABA7-8CACF7859BC6 HTTP/1.1" 200 112234
20.171.207.145 - - [10/Mar/2025:04:29:03 +0100] "GET /ticket2/opencms/nl/buy/?catid=A3372871-3019-08B8-80CE-74B78F441ACA&comcatid=A17713B6-D984-201A-4143-ED4DB5ED5C2E HTTP/1.1" 200 101785
20.171.207.145 - - [10/Mar/2025:04:29:04 +0100] "GET /ticket2/opencms/sr/buy/?catid=A3372871-3019-08B8-80CE-74B78F441ACA&comcatid=A17713B6-D984-201A-4143-ED4DB5ED5C2E HTTP/1.1" 200 104475
185.191.171.18 - - [10/Mar/2025:04:29:04 +0100] "GET /ticket2/opencms/de/magazine/article?title=em-spieler-die-herausstechen HTTP/1.1" 200 93066
20.171.207.145 - - [10/Mar/2025:04:29:05 +0100] "GET /ticket2/opencms/lv/buy/?catid=A3372871-3019-08B8-80CE-74B78F441ACA&comcatid=A17713B6-D984-201A-4143-ED4DB5ED5C2E HTTP/1.1" 200 103903
20.171.207.145 - - [10/Mar/2025:04:29:06 +0100] "GET /ticket2/opencms/lt/buy/?catid=A3372871-3019-08B8-80CE-74B78F441ACA&comcatid=A17713B6-D984-201A-4143-ED4DB5ED5C2E HTTP/1.1" 200 104155
20.171.207.145 - - [10/Mar/2025:04:29:07 +0100] "GET /ticket2/opencms/sk/sell/?edid=E283AC65-3197-392C-E040-FCBDD904729E HTTP/1.1" 302 -
20.171.207.145 - - [10/Mar/2025:04:29:08 +0100] "GET /ticket2/opencms/cs/sell/?edid=E283AC65-3197-392C-E040-FCBDD904729E HTTP/1.1" 302 -
20.171.207.145 - - [10/Mar/2025:04:29:09 +0100] "GET /ticket2/opencms/fi/sell/?edid=E283AC65-3197-392C-E040-FCBDD904729E HTTP/1.1" 302 -
20.171.207.145 - - [10/Mar/2025:04:29:10 +0100] "GET /ticket2/opencms/sr/sell/?edid=E283AC65-3197-392C-E040-FCBDD904729E HTTP/1.1" 302 -
66.249.65.195 - - [10/Mar/2025:04:29:11 +0100] "GET /ticket2/opencms/set_aff_cookie.jsp?partner=5E0CDF29-E7BE-9F6B-6869-7BF66B04006F&url=%252Fdk%252Fbuy%252Findex.html%253Fpage%253D1%2526edid%253D2C2E9185-38A8-EBBD-403B-609372D69EE0%2526hlv%253D666ddc1f-c0dc-4972-9161-6a330a01000f%2523v331701750 HTTP/1.1" 200 245
20.171.207.145 - - [10/Mar/2025:04:29:11 +0100] "GET /ticket2/opencms/sv/sell/?edid=E283AC65-3197-392C-E040-FCBDD904729E HTTP/1.1" 302 -
20.171.207.145 - - [10/Mar/2025:04:29:13 +0100] "GET /ticket2/opencms/it/sell/?edid=E283AC65-3197-392C-E040-FCBDD904729E HTTP/1.1" 302 -
20.171.207.145 - - [10/Mar/2025:04:29:14 +0100] "GET /ticket2/opencms/bs/sell/?edid=E283AC65-3197-392C-E040-FCBDD904729E HTTP/1.1" 302 -
17.241.227.224 - - [10/Mar/2025:04:29:15 +0100] "GET /ticket2/opencms/ka/partniori-programa HTTP/1.1" 200 93984
20.171.207.145 - - [10/Mar/2025:04:29:15 +0100] "GET /ticket2/opencms/de/buy/?catid=8732E72C-A028-EA8C-4D4D-DEB44E2A28A8&comcatid=97ECA65A-72DA-F9AF-9DBB-245D3CFED1BE HTTP/1.1" 200 97715
20.171.207.145 - - [10/Mar/2025:04:29:17 +0100] "GET /ticket2/opencms/de/buy/?catid=4C4DADF0-07CC-9B24-D2D9-940EF378BE99&comcatid=97ECA65A-72DA-F9AF-9DBB-245D3CFED1BE HTTP/1.1" 200 97824
20.171.207.145 - - [10/Mar/2025:04:29:18 +0100] "GET /ticket2/opencms/de/buy/?catid=8B6802AF-1ADE-4BE1-A1F7-7671190CFB4F&comcatid=97ECA65A-72DA-F9AF-9DBB-245D3CFED1BE HTTP/1.1" 200 97715
20.171.207.145 - - [10/Mar/2025:04:29:19 +0100] "GET /ticket2/opencms/de/buy/?edid=9BBBC99D-9BE8-492C-BD4A-8B73CDBF11B6&page=1 HTTP/1.1" 200 90025
114.119.145.123 - - [10/Mar/2025:04:29:19 +0100] "GET /ticket2/opencms/ru/buy/?page=10&eventid=48AF97D5-1FDD-A60C-FB09-EB0FE2EC6098&venueid=52FEA340-600C-C2A6-D05C-0B94F2E2DFB9 HTTP/1.1" 200 96805
20.171.207.145 - - [10/Mar/2025:04:29:21 +0100] "GET /ticket2/opencms/hr/magazine/article?title=raphael-varane-zavrsava-svoju-karijeru-u-31-godini HTTP/1.1" 200 93151
20.171.207.145 - - [10/Mar/2025:04:29:22 +0100] "GET /ticket2/opencms/bs/magazine/article?title=raphael-varane-zavrsava-svoju-karijeru-u-31-godini HTTP/1.1" 200 92919
20.171.207.145 - - [10/Mar/2025:04:29:24 +0100] "GET /ticket2/opencms/sq/magazine/article?title=raphael-varane-perfundon-karrieren-e-tij-31-vjec HTTP/1.1" 200 93938
154.54.249.216 - - [10/Mar/2025:04:29:24 +0100] "GET /ticket2/opencms/fr/buy/?page=1&edid=CFE360AF-C3A3-E65E-3123-D315A12D77A9 HTTP/1.1" 200 111516
20.171.207.145 - - [10/Mar/2025:04:29:25 +0100] "GET /ticket2/opencms/hu/magazine/article?title=ipswich-elso-gyozelme-a-premier-league-ben-22-ev-utan HTTP/1.1" 200 94426
20.171.207.145 - - [10/Mar/2025:04:29:26 +0100] "GET /ticket2/opencms/sk/magazine/article?title=raphael-varane-ukoncuje-svoju-karieru-vo-veku-31-rokov HTTP/1.1" 200 93476
207.46.13.126 - - [10/Mar/2025:04:29:26 +0100] "GET /ticket2/opencms/be/buy/?page=1&edid=923DE8C3-A506-18FE-D7E6-0F1B17A33382 HTTP/1.1" 200 110892
47.128.116.185 - - [10/Mar/2025:04:29:26 +0100] "GET /ticket2/opencms/hr/buy/?edid=E724794C-91AD-697E-76E5-8DFED16A69F3 HTTP/1.1" 200 91736
20.171.207.145 - - [10/Mar/2025:04:29:27 +0100] "GET /ticket2/opencms/de/buy/?catid=2DE12DDA-A5FB-C1C6-CB20-FBF873FB032B&comcatid=A17713B6-D984-201A-4143-ED4DB5ED5C2E HTTP/1.1" 200 102895
20.171.207.145 - - [10/Mar/2025:04:29:28 +0100] "GET /ticket2/opencms/de/buy/?catid=70B37487-FE30-D476-CAE7-E6AFEA3153F2&comcatid=A17713B6-D984-201A-4143-ED4DB5ED5C2E HTTP/1.1" 200 102745
20.171.207.145 - - [10/Mar/2025:04:29:29 +0100] "GET /ticket2/opencms/de/buy/?catid=CB847559-7ECA-CC50-D7D2-064AF0C06FB1&comcatid=0A6B8208-FDA4-E929-9D72-5312FD481B76 HTTP/1.1" 200 96429
20.171.207.145 - - [10/Mar/2025:04:29:30 +0100] "GET /ticket2/opencms/de/buy/?catid=A05A53F7-423D-23BE-575E-EA7B67DE22D9&comcatid=0A6B8208-FDA4-E929-9D72-5312FD481B76 HTTP/1.1" 200 96496
20.171.207.145 - - [10/Mar/2025:04:29:32 +0100] "GET /ticket2/opencms/de/buy/?comcatid=0A6B8208-FDA4-E929-9D72-5312FD481B76 HTTP/1.1" 200 105780
20.171.207.145 - - [10/Mar/2025:04:29:32 +0100] "GET /ticket2/opencms/hr/sport/nogometne-ulaznice/fa-cup HTTP/1.1" 404 -
95.217.114.173 - - [10/Mar/2025:04:29:33 +0100] "GET /ticket2/opencms/sv/buy/?page=1&edid=D0F0F7E2-8CA6-3872-417B-8D315F8C2652 HTTP/1.1" 200 111556
20.171.207.145 - - [10/Mar/2025:04:29:34 +0100] "GET /ticket2/opencms/hr/sport/nogometne-ulaznice/premier-league/west-ham HTTP/1.1" 404 -
20.171.207.145 - - [10/Mar/2025:04:29:35 +0100] "GET /ticket2/opencms/bs/sport/fudbalske-karte/ligue-1 HTTP/1.1" 500 -
20.171.207.145 - - [10/Mar/2025:04:29:37 +0100] "GET /ticket2/opencms/hu/sport/focijegyek/eredivisie HTTP/1.1" 500 -
20.171.207.145 - - [10/Mar/2025:04:29:40 +0100] "GET /ticket2/opencms/sk/sport/futbalove-listky/eredivisie HTTP/1.1" 500 -
85.208.96.195 - - [10/Mar/2025:04:29:48 +0100] "GET /ticket2/opencms/cs/sport/fotbalove-listky/serie-a/genoa/ HTTP/1.1" 200 101324
47.128.33.247 - - [10/Mar/2025:04:29:48 +0100] "GET /ticket2/opencms/es/buy/?edid=F2971CC3-8714-3DC4-0355-85018375B4CB HTTP/1.1" 200 91512
157.55.39.195 - - [10/Mar/2025:04:29:50 +0100] "GET /ticket2/opencms/it/buy?page=1&edid=5D321DC0-F322-723C-4DDF-C824F908AD14 HTTP/1.1" 200 111498
20.171.207.145 - - [10/Mar/2025:04:29:50 +0100] "GET /ticket2/opencms/sq/sport/bileta-per-futboll HTTP/1.1" 500 -
66.249.76.1 - - [10/Mar/2025:04:29:51 +0100] "GET /ticket2/opencms/venue/berlin_olympic_stadium.png HTTP/1.1" 200 26738
154.54.249.216 - - [10/Mar/2025:04:29:55 +0100] "GET /ticket2/opencms/fr/buy/?page=1&edid=EBD76EAC-AEC0-E785-3251-70BCD173D524 HTTP/1.1" 200 111084
114.119.132.9 - - [10/Mar/2025:04:29:55 +0100] "GET /ticket2/opencms/pl/magazine/article?title=manchester-city-7-meczow-bez-zwyciestwa HTTP/1.1" 200 94770
66.249.65.236 - - [10/Mar/2025:04:29:57 +0100] "GET /ticket2/opencms/mt/magazine/article?title=nio-rebiet-fgaxar-logbiet HTTP/1.1" 200 92826
114.119.150.22 - - [10/Mar/2025:04:29:57 +0100] "GET /ticket2/opencms/pl/buy/?page=1&edid=87DA8067-258E-93BF-F8B0-6A2011EF3D80 HTTP/1.1" 200 134131
52.167.144.225 - - [10/Mar/2025:04:30:04 +0100] "GET /ticket2/opencms/es/magazine/article/ HTTP/1.1" 200 89142
114.119.151.93 - - [10/Mar/2025:04:30:08 +0100] "GET /ticket2/opencms/ru/buy/?page=1&edid=50C0FE40-B971-378E-B393-EFCC781A0E84&sortorder=desc&column=section HTTP/1.1" 200 111792
95.217.114.173 - - [10/Mar/2025:04:30:12 +0100] "GET /ticket2/opencms/sv/buy/?page=1&edid=D0F215C0-46DD-EABA-EA0D-77155EB4DD38 HTTP/1.1" 200 110848
18.220.176.182 - - [10/Mar/2025:04:30:13 +0100] "GET /ticket2/opencms/is/faq HTTP/1.1" 200 90277
20.171.207.145 - - [10/Mar/2025:04:30:21 +0100] "GET /ticket2/opencms/sk/sport/futbalove-listky/premier-league/west-ham HTTP/1.1" 404 -
68.183.238.15 - - [10/Mar/2025:04:30:21 +0100] "GET /manager/html HTTP/1.1" 404 -
114.119.136.30 - - [10/Mar/2025:04:30:26 +0100] "GET /ticket2/opencms/en/buy/?page=1&edid=3590293B-3580-7B39-A58A-6ECDB1E34543 HTTP/1.1" 200 132289
114.119.135.251 - - [10/Mar/2025:04:30:31 +0100] "GET /ticket2/opencms/ru/buy/?page=1&edid=FF7A30DE-E7E5-5102-32AA-0D3737589347 HTTP/1.1" 200 110313
157.55.39.195 - - [10/Mar/2025:04:30:41 +0100] "GET /ticket2/opencms/ka/buy?page=1&edid=238FA49B-72B2-BE0E-F204-90EDB39CCE4C HTTP/1.1" 200 117475
114.119.140.85 - - [10/Mar/2025:04:30:46 +0100] "GET /ticket2/opencms/pl/buy/?page=1&edid=7568E602-7C67-35D2-952F-D243F8930169 HTTP/1.1" 200 134965
35.81.167.210 - - [10/Mar/2025:04:30:47 +0100] "GET /ticket2/opencms/ HTTP/1.1" 302 -
35.81.167.210 - - [10/Mar/2025:04:30:50 +0100] "GET /ticket2/opencms/en/ HTTP/1.1" 200 102014
95.217.114.173 - - [10/Mar/2025:04:30:50 +0100] "GET /ticket2/opencms/sv/buy/?page=1&edid=D0F26606-9A2B-7F9B-761A-AD94A62F6874 HTTP/1.1" 200 111394
66.249.65.197 - - [10/Mar/2025:04:30:51 +0100] "GET /ticket2/opencms/set_aff_cookie.jsp?partner=2E02071B-A8C3-4CBA-3097-C27D61C02ED8&url=%252Fsv%252Fbuy%252Findex.html%253Fpage%253D1%2526edid%253DFDE2CB1B-737B-857F-7431-BD450E7D3BBB%2526hlv%253D666d6f2e-4070-42e2-8e27-0c190a01000f%2523v_221560744 HTTP/1.1" 200 246
52.167.144.18 - - [10/Mar/2025:04:30:55 +0100] "GET /ticket2/opencms/it/buy/?page=1&edid=077A4D05-90D5-AF2A-B689-A4F52E73EBA2 HTTP/1.1" 200 112126
154.54.249.216 - - [10/Mar/2025:04:30:57 +0100] "GET /ticket2/opencms/fr/buy/?page=1&edid=B0BA2757-8221-E87D-9DEA-439CE1F87613 HTTP/1.1" 200 112138
66.249.73.229 - - [10/Mar/2025:04:30:59 +0100] "GET /ticket2/opencms/hu/buy/?page=1&edid=1D5F9EE1-797F-37B3-641C-E2D7E9D08ACF HTTP/1.1" 200 108660
185.191.171.4 - - [10/Mar/2025:04:30:59 +0100] "GET /ticket2/opencms/es/magazine/article?title=kevin-de-bruyne HTTP/1.1" 200 93325
47.128.24.116 - - [10/Mar/2025:04:31:09 +0100] "GET /ticket2/opencms/hr/buy/?edid=51218E22-B416-8A45-FFDA-8364D5067E03 HTTP/1.1" 200 91706
3.135.241.155 - - [10/Mar/2025:04:31:09 +0100] "GET /ticket2/opencms/ga/sport/ticeid-peile/bundesliga/bayer-leverkusen HTTP/1.1" 200 101823
102.129.130.82 - - [10/Mar/2025:04:31:09 +0100] "GET /ticket2/opencms/it/about/contact HTTP/1.1" 200 89411
114.119.140.111 - - [10/Mar/2025:04:31:10 +0100] "GET /ticket2/opencms/pl/buy/?page=1&edid=D8A9B55B-90B1-065C-5A4F-22204AB6F0EC HTTP/1.1" 200 110250
47.128.32.87 - - [10/Mar/2025:04:31:10 +0100] "GET /ticket2/opencms/fr/magazine/article?title=allsvenskan-la-premier-league-du-football-suedois HTTP/1.1" 200 94056
114.119.150.86 - - [10/Mar/2025:04:31:11 +0100] "GET /ticket2/opencms/ru/buy/?page=1&edid=4CF2DB30-9141-FCE3-5D6B-22878A1E9527 HTTP/1.1" 200 110857
85.208.96.195 - - [10/Mar/2025:04:31:11 +0100] "GET /ticket2/opencms/sv/sport/fotbollsbiljetter/uefa-champions-league/fc_spartak_moscow/ HTTP/1.1" 500 -
66.249.74.3 - - [10/Mar/2025:04:31:11 +0100] "GET /ticket2/opencms/lv/magazine/article?title=declan-rice HTTP/1.1" 200 93076
157.55.39.195 - - [10/Mar/2025:04:31:13 +0100] "GET /ticket2/opencms/tr/buy?page=1&edid=37DFD68F-280A-1D30-F150-17131E8FCDF4 HTTP/1.1" 200 108769
207.46.13.126 - - [10/Mar/2025:04:31:16 +0100] "GET /ticket2/opencms/ro/buy?page=1&edid=9636CC21-8010-6BBA-8D7C-44D13F704065 HTTP/1.1" 200 112005
157.55.39.195 - - [10/Mar/2025:04:31:21 +0100] "GET /ticket2/opencms/az/buy/?page=1&edid=E0FF8058-62EA-4A4E-5FB2-16CDA334A681 HTTP/1.1" 200 111398
20.171.207.145 - - [10/Mar/2025:04:31:26 +0100] "GET /ticket2/opencms/sq/selling_tickets/ HTTP/1.1" 500 -
85.208.96.207 - - [10/Mar/2025:04:31:27 +0100] "GET /ticket2/opencms/lv/magazine/article?title=cristiano-ronaldo HTTP/1.1" 200 93495
95.217.114.173 - - [10/Mar/2025:04:31:30 +0100] "GET /ticket2/opencms/sv/buy/?page=1&edid=D113AD45-81CB-699E-7D46-8A088728DD4D HTTP/1.1" 200 111120
114.119.152.134 - - [10/Mar/2025:04:31:37 +0100] "GET /ticket2/opencms/ru/buy/?page=1&edid=E561DB0E-D1A5-DAD8-3EB4-1648A983060B HTTP/1.1" 200 88752
185.191.171.19 - - [10/Mar/2025:04:31:37 +0100] "GET /ticket2/opencms/mt/magazine/article?title=kif-sejra-l-futur-gal-alexander-isak HTTP/1.1" 200 93122
207.46.13.126 - - [10/Mar/2025:04:31:37 +0100] "GET /ticket2/opencms/ga/buy/?page=1&edid=48D2B664-85D5-13C5-BCEA-EF3B3F7D167C HTTP/1.1" 200 111302
85.208.96.202 - - [10/Mar/2025:04:31:38 +0100] "GET /ticket2/opencms/sv/magazine/article?title=bournemouth HTTP/1.1" 200 93496
85.208.96.195 - - [10/Mar/2025:04:31:38 +0100] "GET /ticket2/opencms/ga/magazine/article?title=maidir-le-arsenal-fc HTTP/1.1" 200 94363
40.77.167.32 - - [10/Mar/2025:04:31:38 +0100] "GET /ticket2/opencms/fi/ HTTP/1.1" 200 103539
157.55.39.195 - - [10/Mar/2025:04:31:41 +0100] "GET /ticket2/opencms/dk/venue/ HTTP/1.1" 200 357224
185.191.171.14 - - [10/Mar/2025:04:31:43 +0100] "GET /ticket2/opencms/mt/magazine/article?title=kif-sejra-l-futur-gal-alexander-isak HTTP/1.1" 200 93022
47.128.46.28 - - [10/Mar/2025:04:31:44 +0100] "GET /ticket2/opencms/mo/buy/?edid=39CE598D-FC19-9CD8-F22D-3F7964FACAB9 HTTP/1.1" 200 91717
40.77.167.75 - - [10/Mar/2025:04:31:51 +0100] "GET /ticket2/opencms/mt/buy/?page=1&edid=50D37B13-6F20-71F9-54D9-90E7B6C8DECF HTTP/1.1" 200 111807
52.167.144.168 - - [10/Mar/2025:04:31:52 +0100] "GET /ticket2/opencms/sl/buy?page=1&edid=3A721DB5-60D2-39FF-F283-980052663505 HTTP/1.1" 200 108551
85.208.96.196 - - [10/Mar/2025:04:31:55 +0100] "GET /ticket2/opencms/az/magazine/article?title=manchester-city-7-oyun-qelebesiz HTTP/1.1" 200 95710
17.241.227.8 - - [10/Mar/2025:04:31:59 +0100] "GET /ticket2/opencms/en/buy/?page=1&edid=FAED712B-522B-34FA-DE6B-5495BF7FC4C3 HTTP/1.1" 200 88691
85.208.96.198 - - [10/Mar/2025:04:32:02 +0100] "GET /ticket2/opencms/de/magazine/article?title=eredivisie HTTP/1.1" 200 95629
207.46.13.126 - - [10/Mar/2025:04:32:08 +0100] "GET /ticket2/opencms/es/magazine/article?title=los-aficionados-del-chelsea-reaccionan-con-frustracion HTTP/1.1" 200 93071
95.217.114.173 - - [10/Mar/2025:04:32:12 +0100] "GET /ticket2/opencms/sv/buy/?page=1&edid=D1232EB3-9D48-1326-7254-05C79A197FDE HTTP/1.1" 200 108126
114.119.130.154 - - [10/Mar/2025:04:32:16 +0100] "GET /ticket2/opencms/ru/buy/?page=1&edid=4956AE31-3942-7A23-9572-C94FABDC2555 HTTP/1.1" 200 106948
40.77.167.10 - - [10/Mar/2025:04:32:23 +0100] "GET /ticket2/opencms/nl/magazine/article?title=over-tottenham-hotspur-stadion HTTP/1.1" 200 96291
185.191.171.15 - - [10/Mar/2025:04:32:26 +0100] "GET /ticket2/opencms/sk/sport/futbalove-listky/la-liga/real-madrid/ HTTP/1.1" 200 96544
114.119.157.43 - - [10/Mar/2025:04:32:28 +0100] "GET /ticket2/opencms/ru/buy/?page=1&edid=37CCBCCA-CDAD-6DBB-02E4-092F4F3842E9 HTTP/1.1" 200 110405
20.171.207.145 - - [10/Mar/2025:04:32:28 +0100] "GET /ticket2/opencms/de/buy/?catid=1DB7F66B-473B-B427-F752-358FEEFE8EC0&comcatid=0A6B8208-FDA4-E929-9D72-5312FD481B76 HTTP/1.1" 200 96377
47.128.56.152 - - [10/Mar/2025:04:32:31 +0100] "GET /ticket2/opencms/es/buy/?edid=AA0CB053-7E44-E554-2B96-FB5320A1DEC1 HTTP/1.1" 200 91560
66.249.65.196 - - [10/Mar/2025:04:32:31 +0100] "GET /ticket2/opencms/bg/buy/?page=1&edid=491FC9A4-044E-32E1-89C8-BEF7533E9A34 HTTP/1.1" 200 111000
114.119.140.85 - - [10/Mar/2025:04:32:32 +0100] "GET /ticket2/opencms/pl/buy/?page=1&edid=719E6B6D-707F-E825-E3AA-0E552980E1EB HTTP/1.1" 200 123851
47.128.35.51 - - [10/Mar/2025:04:32:43 +0100] "GET /ticket2/opencms/fi/venue/?venueid=93DAAAF3-1B74-84EC-84B9-59E298EE51A3 HTTP/1.1" 200 86924
185.191.171.11 - - [10/Mar/2025:04:32:44 +0100] "GET /ticket2/opencms/be/about/contact HTTP/1.1" 200 87147
85.208.96.198 - - [10/Mar/2025:04:32:48 +0100] "GET /ticket2/opencms/es/deporte/entradas-futbol/la-liga/villareal/ HTTP/1.1" 200 102175
114.119.150.49 - - [10/Mar/2025:04:32:49 +0100] "GET /ticket2/opencms/it/magazine/article?title=puo-viktor-gyokeres-lasciare-lo-sporting-prima-del-previsto HTTP/1.1" 200 94078
95.217.114.173 - - [10/Mar/2025:04:32:50 +0100] "GET /ticket2/opencms/sv/buy/?page=1&edid=D137E0B1-A8B4-C9F0-C4C4-CDEE236562CB HTTP/1.1" 200 110825
207.46.13.126 - - [10/Mar/2025:04:32:57 +0100] "GET /ticket2/opencms/et/buy?page=1&edid=0CD6778E-5A18-842D-3E93-245627A38EA4 HTTP/1.1" 200 111823
66.249.73.8 - - [10/Mar/2025:04:33:00 +0100] "GET /ticket2/opencms/be/buy/?page=1&edid=348C0D4F-C07E-3755-DFEC-416D881A5AC9 HTTP/1.1" 200 115127
40.77.167.75 - - [10/Mar/2025:04:33:01 +0100] "GET /ticket2/opencms/dk/magazine/article?title=london-en-verdensklasse-fodboldby HTTP/1.1" 200 91192
178.170.197.187 - - [10/Mar/2025:04:33:04 +0100] "GET /ticket2/opencms/system/modules/com.gridnine.opencms.ticketbrokerage.site/resources/pics/banners/team/la_liga/deportivo.png HTTP/1.1" 200 72623
66.249.73.6 - - [10/Mar/2025:04:33:06 +0100] "GET /ticket2/opencms/system/modules/com.gridnine.opencms.ticketbrokerage.site/resources/js/jquery/jquery.js HTTP/1.1" 200 93868
18.222.217.108 - - [10/Mar/2025:04:33:09 +0100] "GET /ticket2/opencms/robots.txt HTTP/1.1" 200 773
18.222.217.108 - - [10/Mar/2025:04:33:10 +0100] "GET /ticket2/opencms/pl/sport HTTP/1.1" 200 93023
114.119.136.146 - - [10/Mar/2025:04:33:12 +0100] "GET /ticket2/opencms/ru/buy/?page=1&edid=F83ACB1F-A834-FC8E-AC9B-B9250F8FA653 HTTP/1.1" 200 110671
52.167.144.168 - - [10/Mar/2025:04:33:13 +0100] "GET /ticket2/opencms/sk/buy/?page=1&edid=F5E07C4F-F1C7-C6DE-ADCB-3FC66A3066F8 HTTP/1.1" 200 108647
114.119.151.50 - - [10/Mar/2025:04:33:15 +0100] "GET /ticket2/opencms/ru/buy/?page=1&edid=CF6EA115-6C45-986A-A05A-8A614E59548E HTTP/1.1" 200 109208
207.46.13.126 - - [10/Mar/2025:04:33:18 +0100] "GET /ticket2/opencms/mo/buy/?page=1&edid=5CEA98CB-80E1-9ACA-6E51-8C7E3E9275D3 HTTP/1.1" 200 121223
207.46.13.126 - - [10/Mar/2025:04:33:19 +0100] "GET /ticket2/opencms/is/buy?page=1&edid=741828EB-502C-A4B8-6CCE-FED87EC0EA21 HTTP/1.1" 200 108676
202.61.224.210 - - [10/Mar/2025:04:33:23 +0100] "GET /ticket2/opencms/fr/magazine/article?title=manchester-city-7-matchs-sans-victoire HTTP/1.1" 200 95447
85.208.96.193 - - [10/Mar/2025:04:33:24 +0100] "GET /ticket2/opencms/dk/sport/fodboldbilletter/premier-league/tottenham/ HTTP/1.1" 200 92818
114.119.130.154 - - [10/Mar/2025:04:33:26 +0100] "GET /ticket2/opencms/ru/buy/?page=1&edid=01E41408-AB56-3A6A-EAEA-5426D6E9DD0E HTTP/1.1" 200 110660
202.155.137.104 - - [10/Mar/2025:04:33:27 +0100] "GET /ticket2/opencms/lv/sport/futbola-biletes/bundesliga/ HTTP/1.1" 200 102553
95.217.114.173 - - [10/Mar/2025:04:33:29 +0100] "GET /ticket2/opencms/sv/buy/?page=1&edid=D14541CD-D23C-E02C-5A81-1A802A2A0A61 HTTP/1.1" 200 111281
52.167.144.25 - - [10/Mar/2025:04:33:31 +0100] "GET /ticket2/opencms/sv/buy/?page=1&edid=2BF6E643-E634-803F-5E85-36ED669FBD74 HTTP/1.1" 200 111473
114.119.150.22 - - [10/Mar/2025:04:33:36 +0100] "GET /ticket2/opencms/pl/buy/?page=1&edid=6C755BD2-3E40-1F18-AF57-4283F42FB67F HTTP/1.1" 200 111602
216.244.66.238 - - [10/Mar/2025:04:33:43 +0100] "GET /ticket2/opencms/robots.txt HTTP/1.1" 200 773
216.244.66.238 - - [10/Mar/2025:04:33:43 +0100] "GET /ticket2/opencms/robots.txt HTTP/1.1" 200 773
66.249.76.168 - - [10/Mar/2025:04:33:50 +0100] "GET /ticket2/opencms/uk/sell/?edid=0C94170C-17F1-0823-E8AC-91EC149F33EC HTTP/1.1" 302 -
47.128.26.51 - - [10/Mar/2025:04:33:52 +0100] "GET /ticket2/opencms/dk/magazine/article?title=fremtiden-for-teknologi-i-fodbolden HTTP/1.1" 200 94236
136.243.228.181 - - [10/Mar/2025:04:33:55 +0100] "GET /ticket2/opencms/de/robots.txt HTTP/1.1" 404 -
136.243.228.181 - - [10/Mar/2025:04:33:56 +0100] "GET /ticket2/opencms/robots.txt HTTP/1.1" 200 773
66.249.65.195 - - [10/Mar/2025:04:33:59 +0100] "GET /ticket2/opencms/uk/login/?url=/uk/sell/ HTTP/1.1" 200 92280
185.191.171.14 - - [10/Mar/2025:04:33:59 +0100] "GET /ticket2/opencms/hr/magazine/article?title=o-arsenalu-fc HTTP/1.1" 200 93501
114.119.150.49 - - [10/Mar/2025:04:34:00 +0100] "GET /ticket2/opencms/it/buy?page=1&edid=C781C90E-2A4A-BE38-23EB-6039DE2F5FA8 HTTP/1.1" 200 137361
68.183.238.15 - - [10/Mar/2025:04:34:01 +0100] "GET /manager/html HTTP/1.1" 404 -
66.249.65.195 - - [10/Mar/2025:04:34:01 +0100] "GET /ticket2/opencms/dk/buy?page=1&edid=E2D9A408-8935-6A15-C054-9FB347B10142&hlv=66d04ab9-2968-4574-9db5-06230a01000f HTTP/1.1" 200 111948
66.249.76.1 - - [10/Mar/2025:04:34:03 +0100] "GET /ticket2/opencms/is/buy?page=1&edid=3583D5C7-607A-E528-A709-844E6A72DC1B HTTP/1.1" 200 140826
47.128.42.150 - - [10/Mar/2025:04:34:03 +0100] "GET /ticket2/opencms/ka/?comcatid=B41CCF2B-5558-7AEE-3602-09BBDE417D65 HTTP/1.1" 200 108467
95.217.114.173 - - [10/Mar/2025:04:34:10 +0100] "GET /ticket2/opencms/sv/buy/?page=1&edid=D14E786C-C869-8112-70DA-17875583047D HTTP/1.1" 200 110257
66.249.65.195 - - [10/Mar/2025:04:34:11 +0100] "GET /ticket2/opencms/set_aff_cookie.jsp?partner=5E0CDF29-E7BE-9F6B-6869-7BF66B04006F&url=%252Ffi%252Fbuy%252Findex.html%253Fpage%253D1%2526edid%253DFDE2CB1B-737B-857F-7431-BD450E7D3BBB%2526hlv%253D666d6f2d-d2a8-43e7-8f0c-0c190a01000f%2523v759221854 HTTP/1.1" 200 245
66.249.76.168 - - [10/Mar/2025:04:34:14 +0100] "GET /ticket2/opencms/lv/magazine/article?title=izplatiti-jedzieni-futbola HTTP/1.1" 200 95718
85.208.96.202 - - [10/Mar/2025:04:34:20 +0100] "GET /ticket2/opencms/nl/magazine/article?title=hoe-ziet-de-toekomst-eruit-voor-alexander-isak HTTP/1.1" 200 90937
47.238.13.18 - - [10/Mar/2025:04:34:33 +0100] "GET /ticket2/opencms/en/buy/ HTTP/1.1" 200 88374
157.55.39.62 - - [10/Mar/2025:04:34:36 +0100] "GET /ticket2/opencms/lv/buy/?page=1&edid=8A676299-B54E-C301-442A-823ABEA189C5 HTTP/1.1" 200 112164
114.119.153.152 - - [10/Mar/2025:04:34:39 +0100] "GET /ticket2/opencms/ro/buy?page=1&edid=F2903616-E045-95DA-34AC-DA2278424A81 HTTP/1.1" 200 111026
95.217.114.173 - - [10/Mar/2025:04:34:50 +0100] "GET /ticket2/opencms/sv/buy/?page=1&edid=D156993A-4647-FC33-C0C5-32B74F7D48B8 HTTP/1.1" 200 108124
