34.221.77.76 - - [10/Mar/2025:01:19:47 +0100] "GET /ticket2/opencms/img/chat.png HTTP/1.1" 200 416
34.221.77.76 - - [10/Mar/2025:01:19:47 +0100] "GET /ticket2/opencms/img/mail.png HTTP/1.1" 200 403
34.221.77.76 - - [10/Mar/2025:01:19:47 +0100] "GET /ticket2/opencms/img/icons/en.png HTTP/1.1" 200 2415
34.221.77.76 - - [10/Mar/2025:01:19:47 +0100] "GET /ticket2/opencms/img/icons/se.png HTTP/1.1" 200 1258
34.221.77.76 - - [10/Mar/2025:01:19:47 +0100] "GET /ticket2/opencms/img/arrow.png HTTP/1.1" 200 753
34.221.77.76 - - [10/Mar/2025:01:19:47 +0100] "GET /ticket2/opencms/img/banner-ll.jpeg HTTP/1.1" 200 41825
34.221.77.76 - - [10/Mar/2025:01:19:47 +0100] "GET /ticket2/opencms/img/banner-pl.jpeg HTTP/1.1" 200 41818
34.221.77.76 - - [10/Mar/2025:01:19:47 +0100] "GET /ticket2/opencms/img/icons/globe-white.png HTTP/1.1" 200 947
34.221.77.76 - - [10/Mar/2025:01:19:47 +0100] "GET /ticket2/opencms/img/banner-sa.jpeg HTTP/1.1" 200 41270
34.221.77.76 - - [10/Mar/2025:01:19:47 +0100] "GET /ticket2/opencms/img/icons/fi.png HTTP/1.1" 200 1785
34.221.77.76 - - [10/Mar/2025:01:19:47 +0100] "GET /ticket2/opencms/img/icons/no.png HTTP/1.1" 200 1958
34.221.77.76 - - [10/Mar/2025:01:19:47 +0100] "GET /ticket2/opencms/img/icons/dk.png HTTP/1.1" 200 1706
34.221.77.76 - - [10/Mar/2025:01:19:47 +0100] "GET /ticket2/opencms/img/icons/nl.png HTTP/1.1" 200 1255
34.221.77.76 - - [10/Mar/2025:01:19:47 +0100] "GET /ticket2/opencms/img/icons/de.png HTTP/1.1" 200 1124
34.221.77.76 - - [10/Mar/2025:01:19:47 +0100] "GET /ticket2/opencms/img/icons/fr.png HTTP/1.1" 200 1764
34.221.77.76 - - [10/Mar/2025:01:19:47 +0100] "GET /ticket2/opencms/img/icons/es.png HTTP/1.1" 200 1005
34.221.77.76 - - [10/Mar/2025:01:19:48 +0100] "GET /ticket2/opencms/img/icons/it.png HTTP/1.1" 200 2040
34.221.77.76 - - [10/Mar/2025:01:19:48 +0100] "GET /ticket2/opencms/img/icons/pl.png HTTP/1.1" 200 1578
34.221.77.76 - - [10/Mar/2025:01:19:48 +0100] "GET /ticket2/opencms/img/icons/sq.png HTTP/1.1" 200 1619
34.221.77.76 - - [10/Mar/2025:01:19:48 +0100] "GET /ticket2/opencms/img/icons/az.png HTTP/1.1" 200 1445
34.221.77.76 - - [10/Mar/2025:01:19:48 +0100] "GET /ticket2/opencms/img/icons/be.png HTTP/1.1" 200 1663
34.221.77.76 - - [10/Mar/2025:01:19:48 +0100] "GET /ticket2/opencms/img/icons/bs.png HTTP/1.1" 200 1014
34.221.77.76 - - [10/Mar/2025:01:19:48 +0100] "GET /ticket2/opencms/img/icons/bg.png HTTP/1.1" 200 788
34.221.77.76 - - [10/Mar/2025:01:19:48 +0100] "GET /ticket2/opencms/img/icons/hr.png HTTP/1.1" 200 2024
34.221.77.76 - - [10/Mar/2025:01:19:48 +0100] "GET /ticket2/opencms/img/icons/cs.png HTTP/1.1" 200 1883
34.221.77.76 - - [10/Mar/2025:01:19:48 +0100] "GET /ticket2/opencms/img/icons/et.png HTTP/1.1" 200 754
34.221.77.76 - - [10/Mar/2025:01:19:48 +0100] "GET /ticket2/opencms/img/icons/el.png HTTP/1.1" 200 1637
34.221.77.76 - - [10/Mar/2025:01:19:48 +0100] "GET /ticket2/opencms/img/icons/ka.png HTTP/1.1" 200 860
34.221.77.76 - - [10/Mar/2025:01:19:48 +0100] "GET /ticket2/opencms/img/icons/hu.png HTTP/1.1" 200 733
34.221.77.76 - - [10/Mar/2025:01:19:48 +0100] "GET /ticket2/opencms/img/icons/is.png HTTP/1.1" 200 1884
34.221.77.76 - - [10/Mar/2025:01:19:48 +0100] "GET /ticket2/opencms/img/icons/ga.png HTTP/1.1" 200 1759
34.221.77.76 - - [10/Mar/2025:01:19:49 +0100] "GET /ticket2/opencms/img/icons/lv.png HTTP/1.1" 200 716
34.221.77.76 - - [10/Mar/2025:01:19:49 +0100] "GET /ticket2/opencms/img/icons/lt.png HTTP/1.1" 200 733
34.221.77.76 - - [10/Mar/2025:01:19:49 +0100] "GET /ticket2/opencms/img/icons/mt.png HTTP/1.1" 200 920
34.221.77.76 - - [10/Mar/2025:01:19:49 +0100] "GET /ticket2/opencms/img/icons/mo.png HTTP/1.1" 200 1468
34.221.77.76 - - [10/Mar/2025:01:19:49 +0100] "GET /ticket2/opencms/img/icons/ro.png HTTP/1.1" 200 1393
34.221.77.76 - - [10/Mar/2025:01:19:49 +0100] "GET /ticket2/opencms/img/icons/sr.png HTTP/1.1" 200 1602
34.221.77.76 - - [10/Mar/2025:01:19:49 +0100] "GET /ticket2/opencms/img/icons/sk.png HTTP/1.1" 200 1283
34.221.77.76 - - [10/Mar/2025:01:19:49 +0100] "GET /ticket2/opencms/img/icons/uk.png HTTP/1.1" 200 1272
34.221.77.76 - - [10/Mar/2025:01:19:49 +0100] "GET /ticket2/opencms/img/icons/sl.png HTTP/1.1" 200 966
34.221.77.76 - - [10/Mar/2025:01:19:49 +0100] "GET /ticket2/opencms/img/icons/tr.png HTTP/1.1" 200 1636
34.221.77.76 - - [10/Mar/2025:01:19:49 +0100] "GET /ticket2/opencms/img/icons/ticket2.thumbnail.png HTTP/1.1" 200 21519
34.221.77.76 - - [10/Mar/2025:01:19:49 +0100] "GET /ticket2/opencms/system/modules/com.gridnine.opencms.ticketbrokerage.site/resources/js/standard.js HTTP/1.1" 200 3983
193.70.81.116 - - [10/Mar/2025:01:19:50 +0100] "GET /ticket2/opencms/se/ru/buy/?page=1&edid=CCDA7D5E-042D-01E6-E2B9-B6DF8173F8EF&sortorder=desc&column=price HTTP/1.1" 404 -
40.77.167.149 - - [10/Mar/2025:01:19:50 +0100] "GET /ticket2/opencms/az/buy/?page=10&eventid=EB2FE692-3675-80F7-07A1-A2EE94FD6784&venueid=152137BD-51FA-C49F-6002-B503D5181B54 HTTP/1.1" 200 94835
173.252.107.14 - - [10/Mar/2025:01:19:51 +0100] "GET /ticket2/opencms/hu/buy?page=1&edid=C2FB40E1-BEEF-E1A4-6ED5-33C8A69FD5CE HTTP/1.1" 200 111897
54.36.148.108 - - [10/Mar/2025:01:19:53 +0100] "GET /ticket2/opencms/fr/sport/billets-football/serie_a/lecce HTTP/1.1" 500 -
95.217.114.173 - - [10/Mar/2025:01:19:53 +0100] "GET /ticket2/opencms/no/buy/?page=1&edid=EB905FAD-3745-982C-FD14-5842038373B6&sortorder=asc&column=price HTTP/1.1" 200 112672
172.121.209.28 - - [10/Mar/2025:01:19:55 +0100] "GET /ticket2/opencms/en/ HTTP/1.1" 200 102090
42.200.230.171 - - [10/Mar/2025:01:19:55 +0100] "GET /ticket2/opencms/dk/no/buy/?page=1&edid=8ABC9B5C-8205-5074-5868-5C5E5D741195&sortorder=desc&column=price HTTP/1.1" 404 -
193.70.81.116 - - [10/Mar/2025:01:19:57 +0100] "GET /ticket2/opencms/se/ru/buy/?page=1&edid=CCDA7D5E-042D-01E6-E2B9-B6DF8173F8EF&sortorder=desc&column=row HTTP/1.1" 404 -
202.155.137.6 - - [10/Mar/2025:01:19:58 +0100] "GET /ticket2/opencms/bg/magazine/article/ HTTP/1.1" 200 90136
185.191.171.6 - - [10/Mar/2025:01:19:58 +0100] "GET /ticket2/opencms/mo/sport/bilete-la-fotbal/bundesliga/augsburg HTTP/1.1" 200 101436
114.119.153.152 - - [10/Mar/2025:01:19:59 +0100] "GET /ticket2/opencms/ga/buy?page=1&edid=4310A6B3-6F5F-B489-DE7B-50B50ED9DC25 HTTP/1.1" 200 112473
157.55.39.11 - - [10/Mar/2025:01:20:00 +0100] "GET /ticket2/opencms/uk/buy/?page=1&edid=37799B2B-8518-5A90-56C3-3D3AAACD58AB HTTP/1.1" 200 113314
157.55.39.11 - - [10/Mar/2025:01:20:01 +0100] "GET /ticket2/opencms/be/buy?page=1&edid=CE3BDDC1-7BB7-25A0-70B4-42663B970188 HTTP/1.1" 200 111167
193.70.81.116 - - [10/Mar/2025:01:20:03 +0100] "GET /ticket2/opencms/se/ru/buy/?page=1&edid=CCDA7D5E-042D-01E6-E2B9-B6DF8173F8EF&sortorder=desc&column=section HTTP/1.1" 404 -
42.200.230.171 - - [10/Mar/2025:01:20:07 +0100] "GET /ticket2/opencms/dk/no/buy/?page=1&edid=8ACD1E09-FED8-351A-691B-56EF5D589CCC HTTP/1.1" 404 -
85.208.96.205 - - [10/Mar/2025:01:20:07 +0100] "GET /ticket2/opencms/sl/magazine/article?title=maximilian-ibrahimovic-podpisuje-za-drugo-ekipo-ac-milana HTTP/1.1" 200 95237
114.119.150.22 - - [10/Mar/2025:01:20:09 +0100] "GET /ticket2/opencms/en/buy/?page=1&edid=84CA420F-FB27-E133-2C51-8B0EEB53ED47 HTTP/1.1" 200 106886
193.70.81.116 - - [10/Mar/2025:01:20:10 +0100] "GET /ticket2/opencms/se/ru/buy/?page=1&edid=CD3AD857-8EEC-6EA5-99A5-A50D6E3B925C HTTP/1.1" 404 -
20.171.207.145 - - [10/Mar/2025:01:20:10 +0100] "GET /ticket2/opencms/bs/sport/fudbalske-karte/ligue-1 HTTP/1.1" 500 -
114.119.152.134 - - [10/Mar/2025:01:20:12 +0100] "GET /ticket2/opencms/en/venue/?venueid=F92F457D-1B42-E209-CE55-7604B969AAC0 HTTP/1.1" 200 85398
193.70.81.116 - - [10/Mar/2025:01:20:16 +0100] "GET /ticket2/opencms/se/ru/buy/?page=1&edid=CD6EABFF-F2F6-FE26-CC78-420DEA1CEE33&sortorder=desc&column=price HTTP/1.1" 404 -
42.200.230.171 - - [10/Mar/2025:01:20:19 +0100] "GET /ticket2/opencms/dk/no/buy/?page=1&edid=8AD96918-4845-F025-BEBF-8271DEECF8F7&sortorder=desc&column=section HTTP/1.1" 404 -
193.70.81.116 - - [10/Mar/2025:01:20:23 +0100] "GET /ticket2/opencms/se/ru/buy/?page=1&edid=CD6EABFF-F2F6-FE26-CC78-420DEA1CEE33&sortorder=desc&column=row HTTP/1.1" 404 -
40.77.167.150 - - [10/Mar/2025:01:20:23 +0100] "GET /ticket2/opencms/mt/buy/?comcatid=97ECA65A-72DA-F9AF-9DBB-245D3CFED1BE&catid=2E79AED8-FF58-B4E8-AFB0-43E7CEBE7864 HTTP/1.1" 200 98396
193.70.81.116 - - [10/Mar/2025:01:20:29 +0100] "GET /ticket2/opencms/se/ru/buy/?page=1&edid=CD6EABFF-F2F6-FE26-CC78-420DEA1CEE33&sortorder=desc&column=section HTTP/1.1" 404 -
42.200.230.171 - - [10/Mar/2025:01:20:31 +0100] "GET /ticket2/opencms/dk/no/buy/?page=1&edid=8AFE55BD-7AA2-1574-35EE-EA6F1BC5B990&sortorder=asc&column=price HTTP/1.1" 404 -
66.249.76.42 - - [10/Mar/2025:01:20:32 +0100] "GET /ticket2/opencms/nl/buy/?page=1&edid=5013A1E7-6B46-F1F8-6B39-0131EFEB0CDA HTTP/1.1" 200 116239
66.249.65.237 - - [10/Mar/2025:01:20:33 +0100] "GET /ticket2/opencms/bg/buy/?page=1&edid=835618E5-0D1F-48E2-E5CA-E8042B524D8C HTTP/1.1" 200 111081
66.249.65.195 - - [10/Mar/2025:01:20:34 +0100] "GET /ticket2/opencms/set_aff_cookie.jsp?partner=2E02071B-A8C3-4CBA-3097-C27D61C02ED8&url=%252Fen%252Fbuy%252Findex.html%253Fpage%253D1%2526edid%253D0C94170C-17F1-0823-E8AC-91EC149F33EC%2526hlv%253D666d6f11-f008-48fb-ba88-0c190a01000f%2523v2016867216 HTTP/1.1" 200 246
193.70.81.116 - - [10/Mar/2025:01:20:36 +0100] "GET /ticket2/opencms/se/ru/buy/?page=1&edid=CD9CCE5B-E45C-7CA4-806C-47052D704B01 HTTP/1.1" 404 -
85.208.96.209 - - [10/Mar/2025:01:20:37 +0100] "GET /ticket2/opencms/robots.txt HTTP/1.1" 200 773
85.208.96.202 - - [10/Mar/2025:01:20:37 +0100] "GET /ticket2/opencms/sv/sport/fotbollsbiljetter/english-championship/rotherham/ HTTP/1.1" 500 -
54.36.149.68 - - [10/Mar/2025:01:20:42 +0100] "GET /ticket2/opencms/ga/buy?page=1&edid=FF78E5AF-B575-E137-254B-7D951914395E HTTP/1.1" 200 112211
47.128.46.52 - - [10/Mar/2025:01:20:42 +0100] "GET /ticket2/opencms/fi/venue/?venueid=185C55E4-BE26-92A6-03B7-D923D0F500C6 HTTP/1.1" 200 86959
193.70.81.116 - - [10/Mar/2025:01:20:43 +0100] "GET /ticket2/opencms/se/ru/buy/?page=1&edid=CD9CCE5B-E45C-7CA4-806C-47052D704B01&sortorder=desc&column=price HTTP/1.1" 404 -
157.55.39.204 - - [10/Mar/2025:01:20:43 +0100] "GET /ticket2/opencms/sq/buy?page=1&edid=fd52398c-f7d7-f542-dd8c-96dbe2e8ddc3 HTTP/1.1" 200 8134
42.200.230.171 - - [10/Mar/2025:01:20:43 +0100] "GET /ticket2/opencms/dk/no/buy/?page=1&edid=8AFE55BD-7AA2-1574-35EE-EA6F1BC5B990&sortorder=asc&column=row HTTP/1.1" 404 -
47.128.59.27 - - [10/Mar/2025:01:20:44 +0100] "GET /ticket2/opencms/es/buy/?edid=71A5516F-6BB3-FB63-461B-A9493E3B32DA HTTP/1.1" 200 91481
68.183.238.15 - - [10/Mar/2025:01:20:45 +0100] "GET /manager/html HTTP/1.1" 404 -
47.128.46.52 - - [10/Mar/2025:01:20:45 +0100] "GET /ticket2/opencms/venue/agr.png HTTP/1.1" 200 180543
157.55.39.11 - - [10/Mar/2025:01:20:46 +0100] "GET /ticket2/opencms/fr/buy/?page=6&comcatid=A17713B6-D984-201A-4143-ED4DB5ED5C2E&catid=82F804FA-9F69-CB6B-D41D-7BF7C716058B&eventid=6246A7B9-7760-A5B4-1D19-4DF416B28BC3 HTTP/1.1" 200 104961
114.119.157.43 - - [10/Mar/2025:01:20:46 +0100] "GET /ticket2/opencms/ga/buy?page=1&edid=3AC2EA96-52B7-9204-1821-45134415392C HTTP/1.1" 200 109018
114.119.128.102 - - [10/Mar/2025:01:20:49 +0100] "GET /ticket2/opencms/robots.txt HTTP/1.1" 200 773
193.70.81.116 - - [10/Mar/2025:01:20:50 +0100] "GET /ticket2/opencms/se/ru/buy/?page=1&edid=CD9CCE5B-E45C-7CA4-806C-47052D704B01&sortorder=desc&column=row HTTP/1.1" 404 -
42.200.230.171 - - [10/Mar/2025:01:20:55 +0100] "GET /ticket2/opencms/dk/no/buy/?page=1&edid=8AFE55BD-7AA2-1574-35EE-EA6F1BC5B990&sortorder=asc&column=section HTTP/1.1" 404 -
185.191.171.9 - - [10/Mar/2025:01:20:55 +0100] "GET /ticket2/opencms/de/sport/fussball-tickets/serie_a/empoli/ HTTP/1.1" 500 -
114.119.141.34 - - [10/Mar/2025:01:20:55 +0100] "GET /ticket2/opencms/en/buy/?page=1&edid=848CB31F-051E-0C52-99D8-9C591CC87204 HTTP/1.1" 200 106767
193.70.81.116 - - [10/Mar/2025:01:20:56 +0100] "GET /ticket2/opencms/se/ru/buy/?page=1&edid=CD9CCE5B-E45C-7CA4-806C-47052D704B01&sortorder=desc&column=section HTTP/1.1" 404 -
66.220.149.6 - - [10/Mar/2025:01:20:58 +0100] "GET /ticket2/opencms/es/buy/?page=1&edid=7536ED49-D47D-D875-3F14-B754DE19451B HTTP/1.1" 200 108568
40.77.167.22 - - [10/Mar/2025:01:21:01 +0100] "GET /ticket2/opencms/en/buy/?page=1&edid=631B7B95-4A80-92E3-56CC-8C92B2697E4D HTTP/1.1" 200 110642
193.70.81.116 - - [10/Mar/2025:01:21:03 +0100] "GET /ticket2/opencms/se/ru/buy/?page=1&edid=CED6DE10-6695-ABEA-2AE7-19BEAE2C210B&sortorder=desc&column=price HTTP/1.1" 404 -
114.119.130.23 - - [10/Mar/2025:01:21:05 +0100] "GET /ticket2/opencms/en/buy/?page=1&edid=D28674D7-BD38-712E-389D-3A2C16C5CDF5 HTTP/1.1" 200 109586
47.128.118.130 - - [10/Mar/2025:01:21:07 +0100] "GET /ticket2/opencms/fi/venue/?countryid=ACBCEDDC-478F-6F5C-046F-A1A55C83F98D HTTP/1.1" 200 122339
42.200.230.171 - - [10/Mar/2025:01:21:07 +0100] "GET /ticket2/opencms/dk/no/buy/?page=1&edid=8B2FCF6C-8D1F-84BF-9D31-AF31288B9A8B&sortorder=desc&column=price HTTP/1.1" 404 -
193.70.81.116 - - [10/Mar/2025:01:21:10 +0100] "GET /ticket2/opencms/se/ru/buy/?page=1&edid=CED6DE10-6695-ABEA-2AE7-19BEAE2C210B&sortorder=desc&column=row HTTP/1.1" 404 -
185.191.171.8 - - [10/Mar/2025:01:21:10 +0100] "GET /ticket2/opencms/robots.txt HTTP/1.1" 200 773
154.54.249.216 - - [10/Mar/2025:01:21:11 +0100] "GET /ticket2/opencms/dk/buy/?page=1&edid=6F712A11-3182-D7CE-3351-1230EB25AAC4 HTTP/1.1" 200 109834
85.208.96.205 - - [10/Mar/2025:01:21:11 +0100] "GET /ticket2/opencms/sv/magazine/article?title=spelschema-for-premier-league-premier-league-fixtures-20242025 HTTP/1.1" 200 92587
20.171.207.145 - - [10/Mar/2025:01:21:12 +0100] "GET /ticket2/opencms/sr/sport/fudbalske-karte/ligue-1 HTTP/1.1" 500 -
42.200.230.171 - - [10/Mar/2025:01:21:18 +0100] "GET /ticket2/opencms/dk/no/buy/?page=1&edid=8B2FCF6C-8D1F-84BF-9D31-AF31288B9A8B&sortorder=desc&column=row HTTP/1.1" 404 -
193.70.81.116 - - [10/Mar/2025:01:21:21 +0100] "GET /ticket2/opencms/se/ru/buy/?page=1&edid=CF3BDDE8-6C6B-F85B-528C-11C48A316B2B HTTP/1.1" 404 -
157.55.39.204 - - [10/Mar/2025:01:21:21 +0100] "GET /ticket2/opencms/dk/ HTTP/1.1" 200 102491
157.55.39.204 - - [10/Mar/2025:01:21:23 +0100] "GET /ticket2/opencms/ka/buy/?page=1&edid=0477FD06-96DA-B114-0215-1A5B86788F96 HTTP/1.1" 200 117577
157.55.39.204 - - [10/Mar/2025:01:21:24 +0100] "GET /ticket2/opencms/it/buy?page=1&edid=D4257B4D-221F-23FE-F1F6-6C524759B22C HTTP/1.1" 200 111651
157.55.39.56 - - [10/Mar/2025:01:21:24 +0100] "GET /ticket2/opencms/en/venue/?venueid=47F6B838-B4F0-6220-8BE9-FDEF20EF9B46 HTTP/1.1" 200 85330
193.70.81.116 - - [10/Mar/2025:01:21:28 +0100] "GET /ticket2/opencms/se/ru/buy/?page=1&edid=CF3BDDE8-6C6B-F85B-528C-11C48A316B2B&sortorder=desc&column=price HTTP/1.1" 404 -
185.191.171.6 - - [10/Mar/2025:01:21:28 +0100] "GET /ticket2/opencms/lv/magazine/article?title=par-arsenal-fc HTTP/1.1" 200 93367
42.200.230.171 - - [10/Mar/2025:01:21:29 +0100] "GET /ticket2/opencms/dk/no/buy/?page=1&edid=8B2FCF6C-8D1F-84BF-9D31-AF31288B9A8B&sortorder=desc&column=section HTTP/1.1" 404 -
66.249.74.136 - - [10/Mar/2025:01:21:34 +0100] "GET /ticket2/opencms/nl/buy/?page=1&edid=BD719054-11F0-C21F-E1D7-4BD8F12BE51A HTTP/1.1" 200 116235
193.70.81.116 - - [10/Mar/2025:01:21:34 +0100] "GET /ticket2/opencms/se/ru/buy/?page=1&edid=CF3BDDE8-6C6B-F85B-528C-11C48A316B2B&sortorder=desc&column=row HTTP/1.1" 404 -
40.77.167.149 - - [10/Mar/2025:01:21:39 +0100] "GET /ticket2/opencms/is/buy/?page=1&edid=80FE665C-27C4-7FE0-7238-5FC906A2C819 HTTP/1.1" 200 112487
42.200.230.171 - - [10/Mar/2025:01:21:40 +0100] "GET /ticket2/opencms/dk/no/buy/?page=1&edid=8B8CABF1-EC4B-1D85-FDEB-4D562D28DF6F&sortorder=desc&column=price HTTP/1.1" 404 -
40.77.167.149 - - [10/Mar/2025:01:21:40 +0100] "GET /ticket2/opencms/fi/magazine/article?title=maximilian-ibrahimovic-kirjoittaa-sopimuksen-ac-milanin-toisen-joukkueen-kanssa HTTP/1.1" 200 95752
114.119.150.86 - - [10/Mar/2025:01:21:41 +0100] "GET /ticket2/opencms/ga/buy?page=1&edid=3289C097-2261-9433-8644-DF033A9EE354 HTTP/1.1" 200 141569
157.55.39.11 - - [10/Mar/2025:01:21:43 +0100] "GET /ticket2/opencms/uk/buy?page=1&edid=954F41CC-8A2E-1DE5-6E1C-102AD232E927 HTTP/1.1" 200 113201
114.119.130.61 - - [10/Mar/2025:01:21:44 +0100] "GET /ticket2/opencms/ru/buy/?page=6&comcatid=A17713B6-D984-201A-4143-ED4DB5ED5C2E&catid=D8B345C9-F7A5-E620-4B43-C34EB0D6885B&eventid=0137B048-A39F-5961-95E1-C86D940B9F52 HTTP/1.1" 200 112309
193.70.81.116 - - [10/Mar/2025:01:21:46 +0100] "GET /ticket2/opencms/se/ru/buy/?page=1&edid=CF40FD1A-19D1-0A74-EAF0-701C584668C6&sortorder=asc&column=section HTTP/1.1" 404 -
42.200.230.171 - - [10/Mar/2025:01:21:51 +0100] "GET /ticket2/opencms/dk/no/buy/?page=1&edid=8B8CABF1-EC4B-1D85-FDEB-4D562D28DF6F&sortorder=desc&column=row HTTP/1.1" 404 -
193.70.81.116 - - [10/Mar/2025:01:21:53 +0100] "GET /ticket2/opencms/se/ru/buy/?page=1&edid=D14E786C-C869-8112-70DA-17875583047D&sortorder=desc&column=price HTTP/1.1" 404 -
95.217.114.173 - - [10/Mar/2025:01:21:54 +0100] "GET /ticket2/opencms/no/buy/?page=1&edid=EB905FAD-3745-982C-FD14-5842038373B6&sortorder=asc&column=row HTTP/1.1" 200 112533
114.119.130.178 - - [10/Mar/2025:01:21:55 +0100] "GET /ticket2/opencms/en/venue/?venueid=EBFB4757-1947-9B19-888A-253E3264D06D HTTP/1.1" 200 85409
154.54.249.216 - - [10/Mar/2025:01:21:57 +0100] "GET /ticket2/opencms/dk/buy/?page=1&edid=73051667-E602-2484-4334-CACF11D5B0AA HTTP/1.1" 200 107213
66.249.65.197 - - [10/Mar/2025:01:21:57 +0100] "GET /ticket2/opencms/mk/buy?page=1&edid=D08931AA-445E-BC00-3BB5-1EF2DCED50E2 HTTP/1.1" 404 -
193.70.81.116 - - [10/Mar/2025:01:21:59 +0100] "GET /ticket2/opencms/se/ru/buy/?page=1&edid=D14E786C-C869-8112-70DA-17875583047D&sortorder=desc&column=section HTTP/1.1" 404 -
185.191.171.18 - - [10/Mar/2025:01:22:00 +0100] "GET /ticket2/opencms/ka/faq/ HTTP/1.1" 200 96357
42.200.230.171 - - [10/Mar/2025:01:22:03 +0100] "GET /ticket2/opencms/dk/no/buy/?page=1&edid=8C2B67E4-8153-3736-E092-0CE2785F030B&sortorder=desc&column=price HTTP/1.1" 404 -
185.191.171.11 - - [10/Mar/2025:01:22:05 +0100] "GET /ticket2/opencms/it/magazine/article?title=stadio-emirates HTTP/1.1" 200 95140
69.171.230.115 - - [10/Mar/2025:01:22:05 +0100] "GET /ticket2/opencms/sv/tickets/manchester_united/ HTTP/1.1" 200 93213
193.70.81.116 - - [10/Mar/2025:01:22:06 +0100] "GET /ticket2/opencms/se/ru/buy/?page=1&edid=D1B6D814-A677-3D90-03BA-1F7CF35352A4 HTTP/1.1" 404 -
47.128.27.123 - - [10/Mar/2025:01:22:06 +0100] "GET /ticket2/opencms/hu/buy/?edid=7A1DF71C-A099-266B-FA44-13983A11D037 HTTP/1.1" 200 91656
193.70.81.116 - - [10/Mar/2025:01:22:12 +0100] "GET /ticket2/opencms/se/ru/buy/?page=1&edid=D1B6D814-A677-3D90-03BA-1F7CF35352A4&sortorder=desc&column=price HTTP/1.1" 404 -
102.129.130.69 - - [10/Mar/2025:01:22:12 +0100] "GET /ticket2/opencms/de/buy/?edid=CBDF47AD-F7D8-A677-7E8E-783C31186D97&page=1 HTTP/1.1" 200 90019
42.200.230.171 - - [10/Mar/2025:01:22:14 +0100] "GET /ticket2/opencms/dk/no/buy/?page=1&edid=8C2B67E4-8153-3736-E092-0CE2785F030B&sortorder=desc&column=row HTTP/1.1" 404 -
20.171.207.145 - - [10/Mar/2025:01:22:15 +0100] "GET /ticket2/opencms/tr/spor/ HTTP/1.1" 500 -
193.70.81.116 - - [10/Mar/2025:01:22:19 +0100] "GET /ticket2/opencms/se/ru/buy/?page=1&edid=D1B6D814-A677-3D90-03BA-1F7CF35352A4&sortorder=desc&column=row HTTP/1.1" 404 -
42.200.230.171 - - [10/Mar/2025:01:22:25 +0100] "GET /ticket2/opencms/dk/no/buy/?page=1&edid=8C2B67E4-8153-3736-E092-0CE2785F030B&sortorder=desc&column=section HTTP/1.1" 404 -
193.70.81.116 - - [10/Mar/2025:01:22:26 +0100] "GET /ticket2/opencms/se/ru/buy/?page=1&edid=D1F8A3A7-C078-475B-CB20-6510EA9FEBE4&sortorder=asc&column=section HTTP/1.1" 404 -
40.77.167.70 - - [10/Mar/2025:01:22:27 +0100] "GET /ticket2/opencms/mt/buy/?comcatid=97ECA65A-72DA-F9AF-9DBB-245D3CFED1BE&catid=8B6802AF-1ADE-4BE1-A1F7-7671190CFB4F HTTP/1.1" 200 98438
216.244.66.238 - - [10/Mar/2025:01:22:30 +0100] "GET /ticket2/opencms/az/sport/futbol-biletleri/champions-league/arsenal HTTP/1.1" 500 -
34.34.240.114 - - [10/Mar/2025:01:22:30 +0100] "HEAD /ticket2/opencms/ HTTP/1.1" 302 -
34.34.240.114 - - [10/Mar/2025:01:22:32 +0100] "HEAD /ticket2/opencms/en/ HTTP/1.1" 200 -
193.70.81.116 - - [10/Mar/2025:01:22:32 +0100] "GET /ticket2/opencms/se/ru/buy/?page=1&edid=D2281AF2-0CAB-347E-485A-AF9E4C00F32A HTTP/1.1" 404 -
114.119.141.178 - - [10/Mar/2025:01:22:32 +0100] "GET /ticket2/opencms/ga/buy?page=1&edid=225EBDAE-DA43-2249-1F72-914030C7DA59 HTTP/1.1" 200 112331
114.119.140.111 - - [10/Mar/2025:01:22:33 +0100] "GET /ticket2/opencms/en/buy/?page=1&edid=D26F44BA-E875-F594-9FB4-CE27C12E1963 HTTP/1.1" 200 110004
114.119.154.207 - - [10/Mar/2025:01:22:35 +0100] "GET /ticket2/opencms/en/venue/?venueid=E16419C0-E16D-8616-72CD-19175637FF0C HTTP/1.1" 200 85404
114.119.130.91 - - [10/Mar/2025:01:22:35 +0100] "GET /ticket2/opencms/en/buy/?page=1&edid=845586A6-1949-5539-2884-3A46607B22D7 HTTP/1.1" 200 110827
66.249.76.41 - - [10/Mar/2025:01:22:36 +0100] "GET /ticket2/opencms/fr/buy/?page=1&edid=F70FF3E6-2D68-06C1-2E1B-CFF8AEEA395A HTTP/1.1" 200 123420
42.200.230.171 - - [10/Mar/2025:01:22:36 +0100] "GET /ticket2/opencms/dk/no/buy/?page=1&edid=8C9FFD62-1801-D529-A3AE-EDFEA6DD7120&sortorder=desc&column=row HTTP/1.1" 404 -
66.249.74.2 - - [10/Mar/2025:01:22:37 +0100] "GET /ticket2/opencms/et/buy?page=1&edid=FDE2CB1B-737B-857F-7431-BD450E7D3BBB HTTP/1.1" 200 135050
66.249.76.168 - - [10/Mar/2025:01:22:38 +0100] "GET /ticket2/opencms/sv/konsertbiljetter/beyonce/ HTTP/1.1" 500 -
66.249.76.45 - - [10/Mar/2025:01:22:39 +0100] "GET /ticket2/opencms/be/buy/?page=1&edid=11EE072D-8BDA-AD9E-6DE3-4565DECD9282 HTTP/1.1" 200 114243
157.55.39.11 - - [10/Mar/2025:01:22:40 +0100] "GET /ticket2/opencms/uk/buy?page=1&edid=3D3DA07F-41D6-4102-026A-DF2EE5E45526 HTTP/1.1" 200 114371
193.70.81.116 - - [10/Mar/2025:01:22:44 +0100] "GET /ticket2/opencms/se/ru/buy/?page=1&edid=D2281AF2-0CAB-347E-485A-AF9E4C00F32A&sortorder=desc&column=row HTTP/1.1" 404 -
185.191.171.9 - - [10/Mar/2025:01:22:46 +0100] "GET /ticket2/opencms/sk/magazine/article?title=vinicius-jr HTTP/1.1" 200 92663
42.200.230.171 - - [10/Mar/2025:01:22:48 +0100] "GET /ticket2/opencms/dk/no/buy/?page=1&edid=8D19E26A-355C-311F-0622-0C6578AF9C01 HTTP/1.1" 404 -
193.70.81.116 - - [10/Mar/2025:01:22:51 +0100] "GET /ticket2/opencms/se/ru/buy/?page=1&edid=D2281AF2-0CAB-347E-485A-AF9E4C00F32A&sortorder=desc&column=section HTTP/1.1" 404 -
42.200.230.171 - - [10/Mar/2025:01:23:00 +0100] "GET /ticket2/opencms/dk/no/buy/?page=1&edid=8D9FF508-11BB-9C58-205E-370857C0D906 HTTP/1.1" 404 -
193.70.81.116 - - [10/Mar/2025:01:23:02 +0100] "GET /ticket2/opencms/se/ru/buy/?page=1&edid=D3AC8ED2-9B15-6187-BB41-9830D862CD00 HTTP/1.1" 404 -
193.70.81.116 - - [10/Mar/2025:01:23:09 +0100] "GET /ticket2/opencms/se/ru/buy/?page=1&edid=D3AC8ED2-9B15-6187-BB41-9830D862CD00&sortorder=desc&column=price HTTP/1.1" 404 -
47.128.54.93 - - [10/Mar/2025:01:23:09 +0100] "GET /ticket2/opencms/dk/sport/fodboldbilletter/serie-a/cagliari/ HTTP/1.1" 500 -
52.167.144.169 - - [10/Mar/2025:01:23:10 +0100] "GET /ticket2/opencms/tr/magazine/article?title=rodrigo-bentancur-yedi-maclik-bir-sure-boyunca-irkci-bir-aciklama-yaptigi-icin-cezalandirildi HTTP/1.1" 200 94376
42.200.230.171 - - [10/Mar/2025:01:23:12 +0100] "GET /ticket2/opencms/dk/no/buy/?page=1&edid=8DDA9AB9-8E42-6DCF-067E-CFD465659FAC&sortorder=asc&column=price HTTP/1.1" 404 -
69.171.231.116 - - [10/Mar/2025:01:23:13 +0100] "GET /ticket2/opencms/robots.txt HTTP/1.1" 200 773
185.191.171.14 - - [10/Mar/2025:01:23:15 +0100] "GET /ticket2/opencms/sv/sport/fotbollsbiljetter/uefa-champions-league/fc_barcelona/ HTTP/1.1" 500 -
66.220.149.14 - - [10/Mar/2025:01:23:15 +0100] "GET /ticket2/opencms/sl/buy/?page=1&edid=5CBB442D-D365-7F4F-B999-AA88D946C632 HTTP/1.1" 200 140872
193.70.81.116 - - [10/Mar/2025:01:23:15 +0100] "GET /ticket2/opencms/se/ru/buy/?page=1&edid=D3AC8ED2-9B15-6187-BB41-9830D862CD00&sortorder=desc&column=row HTTP/1.1" 404 -
20.171.207.145 - - [10/Mar/2025:01:23:16 +0100] "GET /ticket2/opencms/tr/selling_tickets/ HTTP/1.1" 500 -
42.200.230.171 - - [10/Mar/2025:01:23:23 +0100] "GET /ticket2/opencms/dk/no/buy/?page=1&edid=8DDA9AB9-8E42-6DCF-067E-CFD465659FAC&sortorder=asc&column=row HTTP/1.1" 404 -
47.128.54.54 - - [10/Mar/2025:01:23:24 +0100] "GET /ticket2/opencms/mo/buy/?edid=D9D05721-8C0C-4CB5-6005-A4BE25E9F94F HTTP/1.1" 200 91658
193.70.81.116 - - [10/Mar/2025:01:23:27 +0100] "GET /ticket2/opencms/se/ru/buy/?page=1&edid=D476BBBD-CF0B-7C17-55DD-EB91C312DE17&sortorder=desc&column=price HTTP/1.1" 404 -
47.128.59.193 - - [10/Mar/2025:01:23:27 +0100] "GET /ticket2/opencms/sl/buy/?edid=D402E731-16BD-6054-BEC0-D195836DBFA5 HTTP/1.1" 200 91658
66.249.65.195 - - [10/Mar/2025:01:23:27 +0100] "GET /ticket2/opencms/set_aff_cookie.jsp?partner=2E02071B-A8C3-4CBA-3097-C27D61C02ED8&url=%252Fsv%252Fbuy%252Findex.html%253Fpage%253D1%2526edid%253DFDE2CB1B-737B-857F-7431-BD450E7D3BBB%2526hlv%253D666d6f2d-a3e8-454e-97a0-0c190a01000f%2523v1718609043 HTTP/1.1" 200 246
185.191.171.6 - - [10/Mar/2025:01:23:28 +0100] "GET /ticket2/opencms/nl/magazine/article?title=everton HTTP/1.1" 200 90209
114.119.135.171 - - [10/Mar/2025:01:23:28 +0100] "GET /ticket2/opencms/ru/buy/?page=6&comcatid=A17713B6-D984-201A-4143-ED4DB5ED5C2E&catid=06324577-7173-BAB0-146D-E644C912F7C1&eventid=CF1981BE-D0AD-DC7E-0BC6-4A062B691166 HTTP/1.1" 200 110629
114.119.143.233 - - [10/Mar/2025:01:23:32 +0100] "GET /ticket2/opencms/ga/buy?page=1&edid=1BFB08A7-6566-B113-E321-5228D23CB18B HTTP/1.1" 200 112259
193.70.81.116 - - [10/Mar/2025:01:23:33 +0100] "GET /ticket2/opencms/se/ru/buy/?page=1&edid=D476BBBD-CF0B-7C17-55DD-EB91C312DE17&sortorder=desc&column=row HTTP/1.1" 404 -
42.200.230.171 - - [10/Mar/2025:01:23:35 +0100] "GET /ticket2/opencms/dk/no/buy/?page=1&edid=8DDA9AB9-8E42-6DCF-067E-CFD465659FAC&sortorder=asc&column=section HTTP/1.1" 404 -
85.208.96.195 - - [10/Mar/2025:01:23:38 +0100] "GET /ticket2/opencms/cs/magazine/article?title=nizozemsko-vs-anglie-v-semifinale HTTP/1.1" 200 97457
193.70.81.116 - - [10/Mar/2025:01:23:40 +0100] "GET /ticket2/opencms/se/ru/buy/?page=1&edid=D476BBBD-CF0B-7C17-55DD-EB91C312DE17&sortorder=desc&column=section HTTP/1.1" 404 -
52.167.144.140 - - [10/Mar/2025:01:23:40 +0100] "GET /ticket2/opencms/de/buy?page=1&edid=25666712-CB7E-CDDD-4626-F1CD96C38316 HTTP/1.1" 200 144518
185.191.171.4 - - [10/Mar/2025:01:23:44 +0100] "GET /ticket2/opencms/es/magazine/article?title=villa-park-con-una-capacidad-de-mas-de-42000-espectadores HTTP/1.1" 200 92698
193.70.81.116 - - [10/Mar/2025:01:23:46 +0100] "GET /ticket2/opencms/se/ru/buy/?page=1&edid=D55BD468-305A-E062-3975-F5912C8D3F1B&sortorder=desc&column=price HTTP/1.1" 404 -
42.200.230.171 - - [10/Mar/2025:01:23:47 +0100] "GET /ticket2/opencms/dk/no/buy/?page=1&edid=8DDDC430-644F-ABD0-F4B8-0F72C7101CD0&sortorder=desc&column=price HTTP/1.1" 404 -
66.249.74.135 - - [10/Mar/2025:01:23:49 +0100] "GET /ticket2/opencms/pl/buy?page=1&edid=6F379414-70C4-400F-51D2-AFD37C8F2BC7 HTTP/1.1" 200 135087
54.36.149.2 - - [10/Mar/2025:01:23:53 +0100] "GET /ticket2/opencms/no/sport/fotballsbilletter/premier_league/arsenal/ HTTP/1.1" 200 95579
202.8.40.151 - - [10/Mar/2025:01:23:54 +0100] "GET /ticket2/opencms/system/modules/com.gridnine.opencms.ticketbrokerage.site/resources/css/jquery-ui.css HTTP/1.1" 200 33221
202.8.40.151 - - [10/Mar/2025:01:23:54 +0100] "GET /ticket2/opencms/system/modules/com.gridnine.opencms.ticketbrokerage.site/resources/css/ticketbrokerage.css HTTP/1.1" 200 39339
202.8.40.151 - - [10/Mar/2025:01:23:54 +0100] "GET /ticket2/opencms/system/modules/com.gridnine.opencms.ticketbrokerage.site/resources/css/calendar.css HTTP/1.1" 200 6871
202.8.40.151 - - [10/Mar/2025:01:23:54 +0100] "GET /ticket2/opencms/system/modules/com.gridnine.opencms.ticketbrokerage.site/resources/css/jquery.fancybox.css HTTP/1.1" 200 4939
202.8.40.151 - - [10/Mar/2025:01:23:54 +0100] "GET /ticket2/opencms/system/modules/com.gridnine.opencms.ticketbrokerage.site/resources/css/standard.css HTTP/1.1" 200 74449
202.8.40.151 - - [10/Mar/2025:01:23:54 +0100] "GET /ticket2/opencms/system/modules/com.gridnine.opencms.ticketbrokerage.site/resources/js/jquery/jquery.js HTTP/1.1" 200 93868
202.8.40.151 - - [10/Mar/2025:01:23:54 +0100] "GET /ticket2/opencms/system/modules/com.gridnine.opencms.ticketbrokerage.site/resources/js/jquery/jquery-ui.js HTTP/1.1" 200 228088
202.8.40.151 - - [10/Mar/2025:01:23:54 +0100] "GET /ticket2/opencms/system/modules/com.gridnine.opencms.ticketbrokerage.site/resources/js/functions.js HTTP/1.1" 200 1583
114.119.130.23 - - [10/Mar/2025:01:23:54 +0100] "GET /ticket2/opencms/en/buy/?page=1&edid=D26604D9-10EE-2303-F5CC-4DCCFA55FB7D HTTP/1.1" 200 106783
202.8.40.151 - - [10/Mar/2025:01:23:54 +0100] "GET /ticket2/opencms/system/modules/com.gridnine.opencms.ticketbrokerage.site/resources/js/calendar-en.js HTTP/1.1" 200 3338
202.8.40.151 - - [10/Mar/2025:01:23:54 +0100] "GET /ticket2/opencms/system/modules/com.gridnine.opencms.ticketbrokerage.site/resources/js/calendar.js HTTP/1.1" 200 49229
202.8.40.151 - - [10/Mar/2025:01:23:54 +0100] "GET /ticket2/opencms/system/modules/com.gridnine.opencms.ticketbrokerage.site/resources/js/calendar-setup.js HTTP/1.1" 200 4923
202.8.40.151 - - [10/Mar/2025:01:23:54 +0100] "GET /ticket2/opencms/system/modules/com.gridnine.opencms.ticketbrokerage.site/resources/js/jquery.fancybox.pack.js HTTP/1.1" 200 23187
202.8.40.151 - - [10/Mar/2025:01:23:54 +0100] "GET /ticket2/opencms/system/modules/com.gridnine.opencms.ticketbrokerage.site/resources/js/stickyfill.min.js HTTP/1.1" 200 5672
202.8.40.151 - - [10/Mar/2025:01:23:54 +0100] "GET /ticket2/opencms/system/modules/com.gridnine.opencms.ticketbrokerage.site/resources/js/standard.js HTTP/1.1" 200 3983
202.8.40.151 - - [10/Mar/2025:01:23:54 +0100] "GET /ticket2/opencms/system/modules/com.gridnine.opencms.ticketbrokerage.site/resources/js/jquery.placeholder.min.js HTTP/1.1" 200 1737
202.8.40.151 - - [10/Mar/2025:01:23:54 +0100] "GET /ticket2/opencms/system/modules/com.gridnine.opencms.ticketbrokerage.site/resources/js/common-ajax.js HTTP/1.1" 200 20175
95.217.114.173 - - [10/Mar/2025:01:23:55 +0100] "GET /ticket2/opencms/no/buy/?page=1&edid=EB905FAD-3745-982C-FD14-5842038373B6&sortorder=asc&column=section HTTP/1.1" 200 112665
193.70.81.116 - - [10/Mar/2025:01:23:58 +0100] "GET /ticket2/opencms/se/ru/buy/?page=1&edid=D55BD468-305A-E062-3975-F5912C8D3F1B&sortorder=desc&column=section HTTP/1.1" 404 -
157.55.39.11 - - [10/Mar/2025:01:23:59 +0100] "GET /ticket2/opencms/sl/buy/?page=6&comcatid=A17713B6-D984-201A-4143-ED4DB5ED5C2E&catid=D8B345C9-F7A5-E620-4B43-C34EB0D6885B&eventid=0137B048-A39F-5961-95E1-C86D940B9F52 HTTP/1.1" 200 113390
114.119.133.220 - - [10/Mar/2025:01:24:00 +0100] "GET /ticket2/opencms/en/buy/?page=1&edid=8454FAC7-3814-FAA5-E97E-59C5D4AC9EA9 HTTP/1.1" 200 106825
85.208.96.201 - - [10/Mar/2025:01:24:00 +0100] "GET /ticket2/opencms/sv/magazine/article?title=everton HTTP/1.1" 200 92091
42.200.230.171 - - [10/Mar/2025:01:24:00 +0100] "GET /ticket2/opencms/dk/no/buy/?page=1&edid=8DDDC430-644F-ABD0-F4B8-0F72C7101CD0&sortorder=desc&column=section HTTP/1.1" 404 -
193.70.81.116 - - [10/Mar/2025:01:24:05 +0100] "GET /ticket2/opencms/se/ru/buy/?page=1&edid=D5C4F50D-2A92-D0EC-6476-87E00BCDB682&sortorder=desc&column=price HTTP/1.1" 404 -
85.208.96.205 - - [10/Mar/2025:01:24:06 +0100] "GET /ticket2/opencms/is/magazine/article?title=burnley-fc HTTP/1.1" 200 92504
66.249.65.237 - - [10/Mar/2025:01:24:08 +0100] "GET /ticket2/opencms/sv/venue/?countryid=89A5E86C-3AC3-3EDB-6F03-E6FC6A513BA2 HTTP/1.1" 200 116085
193.70.81.116 - - [10/Mar/2025:01:24:11 +0100] "GET /ticket2/opencms/se/ru/buy/?page=1&edid=D5C4F50D-2A92-D0EC-6476-87E00BCDB682&sortorder=desc&column=row HTTP/1.1" 404 -
47.82.21.233 - - [10/Mar/2025:01:24:12 +0100] "GET /ticket2/opencms/en/venue/?countryid=B8EC120B-4F43-C769-CF6D-BEF2F141BF54 HTTP/1.1" 200 114699
42.200.230.171 - - [10/Mar/2025:01:24:12 +0100] "GET /ticket2/opencms/dk/no/buy/?page=1&edid=8DDE8B67-2000-FC13-BC50-206499AE7292&sortorder=asc&column=price HTTP/1.1" 404 -
66.220.149.18 - - [10/Mar/2025:01:24:14 +0100] "GET /ticket2/opencms/de/buy/?page=1&edid=6212DF4D-4668-E736-5D5B-91D288A2C1AE HTTP/1.1" 200 108332
20.171.207.145 - - [10/Mar/2025:01:24:17 +0100] "GET /ticket2/opencms/sq/selling_tickets/ HTTP/1.1" 500 -
114.119.139.202 - - [10/Mar/2025:01:24:20 +0100] "GET /ticket2/opencms/en/venue/?venueid=D4784E51-1C45-CBDB-BB13-DEF8FB831FB5 HTTP/1.1" 200 85307
114.119.151.93 - - [10/Mar/2025:01:24:21 +0100] "GET /ticket2/opencms/ga/buy?page=1&edid=18631B4D-241F-1419-AEC9-B2739BCE7CC3 HTTP/1.1" 200 124985
68.183.238.15 - - [10/Mar/2025:01:24:23 +0100] "GET /manager/html HTTP/1.1" 404 -
193.70.81.116 - - [10/Mar/2025:01:24:23 +0100] "GET /ticket2/opencms/se/ru/buy/?page=1&edid=D5E74C45-3F08-B240-C54C-249FC09ABDCA HTTP/1.1" 404 -
66.249.65.197 - - [10/Mar/2025:01:24:23 +0100] "GET /ticket2/opencms/bg/buy/?page=1&edid=A32C2CDE-A2F2-054C-C7FE-30BF45814EDA HTTP/1.1" 200 115002
42.200.230.171 - - [10/Mar/2025:01:24:24 +0100] "GET /ticket2/opencms/dk/no/buy/?page=1&edid=8DDE8B67-2000-FC13-BC50-206499AE7292&sortorder=asc&column=row HTTP/1.1" 404 -
45.93.184.151 - - [10/Mar/2025:01:24:24 +0100] "GET /ticket2/opencms/de/sport/fussball-tickets/la_liga/sevilla HTTP/1.1" 200 96273
52.167.144.140 - - [10/Mar/2025:01:24:30 +0100] "GET /ticket2/opencms/sk/magazine/article?title=liga-majstrov-vstupenky-na-ticket2 HTTP/1.1" 200 97866
193.70.81.116 - - [10/Mar/2025:01:24:30 +0100] "GET /ticket2/opencms/se/ru/buy/?page=1&edid=D5E74C45-3F08-B240-C54C-249FC09ABDCA&sortorder=desc&column=price HTTP/1.1" 404 -
42.200.230.171 - - [10/Mar/2025:01:24:36 +0100] "GET /ticket2/opencms/dk/no/buy/?page=1&edid=8DDE8B67-2000-FC13-BC50-206499AE7292&sortorder=asc&column=section HTTP/1.1" 404 -
193.70.81.116 - - [10/Mar/2025:01:24:36 +0100] "GET /ticket2/opencms/se/ru/buy/?page=1&edid=D5E74C45-3F08-B240-C54C-249FC09ABDCA&sortorder=desc&column=section HTTP/1.1" 404 -
66.249.76.4 - - [10/Mar/2025:01:24:41 +0100] "GET /ticket2/opencms/sq HTTP/1.1" 200 104067
47.128.45.212 - - [10/Mar/2025:01:24:42 +0100] "GET /ticket2/opencms/sv/magazine/article?title=arsenal-och-tottenham-delar-i-en-episk-4-4-match-den-29-oktober-2008 HTTP/1.1" 200 95606
193.70.81.116 - - [10/Mar/2025:01:24:43 +0100] "GET /ticket2/opencms/se/ru/buy/?page=1&edid=D5ECBB60-B9DE-C9C5-5B4C-845CEC40C77F&sortorder=desc&column=price HTTP/1.1" 404 -
114.119.143.233 - - [10/Mar/2025:01:24:47 +0100] "GET /ticket2/opencms/fr/buy?page=1&edid=F9CC61FF-2A80-08A8-9D9E-A6BB145A0B57 HTTP/1.1" 200 108348
42.200.230.171 - - [10/Mar/2025:01:24:48 +0100] "GET /ticket2/opencms/dk/no/buy/?page=1&edid=8E93573E-CBFA-AE70-EE04-3E37C53A1E7B&sortorder=desc&column=price HTTP/1.1" 404 -
47.128.118.107 - - [10/Mar/2025:01:24:49 +0100] "GET /ticket2/opencms/sl/buy/?edid=7F2B1FEA-20FE-7448-32AC-111154CA401B HTTP/1.1" 200 91553
193.70.81.116 - - [10/Mar/2025:01:24:50 +0100] "GET /ticket2/opencms/se/ru/buy/?page=1&edid=D5ECBB60-B9DE-C9C5-5B4C-845CEC40C77F&sortorder=desc&column=row HTTP/1.1" 404 -
52.167.144.203 - - [10/Mar/2025:01:24:51 +0100] "GET /ticket2/opencms/fi/buy?page=1&edid=B9B66308-26F4-B42E-B6D1-0EFEC80624A1 HTTP/1.1" 200 111596
66.249.65.197 - - [10/Mar/2025:01:24:54 +0100] "GET /ticket2/opencms/lv/buy/?page=1&edid=591CFC12-3AB5-ED29-1FAF-5E88C8593ADE HTTP/1.1" 200 111465
193.70.81.116 - - [10/Mar/2025:01:24:56 +0100] "GET /ticket2/opencms/se/ru/buy/?page=1&edid=D5ECBB60-B9DE-C9C5-5B4C-845CEC40C77F&sortorder=desc&column=section HTTP/1.1" 404 -
114.119.130.61 - - [10/Mar/2025:01:24:58 +0100] "GET /ticket2/opencms/ru/buy/?page=1&edid=EE1094B0-5F8D-7F5A-3592-6F4F9BDBF532 HTTP/1.1" 200 8488
42.200.230.171 - - [10/Mar/2025:01:24:59 +0100] "GET /ticket2/opencms/dk/no/buy/?page=1&edid=8E93573E-CBFA-AE70-EE04-3E37C53A1E7B&sortorder=desc&column=row HTTP/1.1" 404 -
157.55.39.204 - - [10/Mar/2025:01:25:01 +0100] "GET /ticket2/opencms/de/buy/?page=1&edid=6FB99050-2EB2-BC0F-C20F-EFDA643A2994&sortorder=asc&column=price HTTP/1.1" 200 112309
193.70.81.116 - - [10/Mar/2025:01:25:03 +0100] "GET /ticket2/opencms/se/ru/buy/?page=1&edid=D62B8DD8-B948-8560-6CAF-B9EDB9319F2D&sortorder=desc&column=price HTTP/1.1" 404 -
185.191.171.18 - - [10/Mar/2025:01:25:04 +0100] "GET /ticket2/opencms/es/deporte/entradas-futbol/la-liga/valencia HTTP/1.1" 200 95687
193.70.81.116 - - [10/Mar/2025:01:25:09 +0100] "GET /ticket2/opencms/se/ru/buy/?page=1&edid=D6A1B130-9B06-3599-EB71-2853514A277E HTTP/1.1" 404 -
42.200.230.171 - - [10/Mar/2025:01:25:10 +0100] "GET /ticket2/opencms/dk/no/buy/?page=1&edid=8E93573E-CBFA-AE70-EE04-3E37C53A1E7B&sortorder=desc&column=section HTTP/1.1" 404 -
157.55.39.204 - - [10/Mar/2025:01:25:12 +0100] "GET /ticket2/opencms/is/buy?page=1&edid=B45B9915-2AAF-EACC-9DC7-4BA0AACA42A2 HTTP/1.1" 200 111301
157.55.39.204 - - [10/Mar/2025:01:25:13 +0100] "GET /ticket2/opencms/cs/buy/?page=1&edid=225FD401-1824-1FBE-3961-A1A10F32A311 HTTP/1.1" 200 108582
173.252.69.1 - - [10/Mar/2025:01:25:13 +0100] "GET /ticket2/opencms/bs/buy?page=1&edid=79B5950A-8F2F-84F8-FCAC-0BA8722B353B HTTP/1.1" 200 112270
157.55.39.204 - - [10/Mar/2025:01:25:14 +0100] "GET /ticket2/opencms/hu/buy?page=1&edid=E8FB6514-EFD8-EB72-BE17-25BC8A0EBD80 HTTP/1.1" 200 112096
114.119.141.206 - - [10/Mar/2025:01:25:14 +0100] "GET /ticket2/opencms/en/buy/?page=1&edid=D2281AF2-0CAB-347E-485A-AF9E4C00F32A HTTP/1.1" 200 109817
193.70.81.116 - - [10/Mar/2025:01:25:16 +0100] "GET /ticket2/opencms/se/ru/buy/?page=1&edid=D6A1B130-9B06-3599-EB71-2853514A277E&sortorder=desc&column=price HTTP/1.1" 404 -
52.167.144.186 - - [10/Mar/2025:01:25:16 +0100] "GET /ticket2/opencms/dk/magazine/article?title=fremtiden-for-teknologi-i-fodbolden HTTP/1.1" 200 94143
20.171.207.145 - - [10/Mar/2025:01:25:19 +0100] "GET /ticket2/opencms/pl/selling_tickets/ HTTP/1.1" 500 -
114.119.145.123 - - [10/Mar/2025:01:25:20 +0100] "GET /ticket2/opencms/en/venue/?venueid=C79DDB7B-2402-2CE0-0C28-4601203762A8 HTTP/1.1" 200 85379
193.70.81.116 - - [10/Mar/2025:01:25:22 +0100] "GET /ticket2/opencms/se/ru/buy/?page=1&edid=D6A1B130-9B06-3599-EB71-2853514A277E&sortorder=desc&column=section HTTP/1.1" 404 -
42.200.230.171 - - [10/Mar/2025:01:25:23 +0100] "GET /ticket2/opencms/dk/no/buy/?page=1&edid=8F29AFF6-55D8-93F2-1CB7-F23B23EBC23F&sortorder=desc&column=price HTTP/1.1" 404 -
114.119.130.91 - - [10/Mar/2025:01:25:25 +0100] "GET /ticket2/opencms/en/buy/?page=1&edid=83C40D81-A65B-0302-C9F1-867DC8F49FFC HTTP/1.1" 200 108856
42.200.230.171 - - [10/Mar/2025:01:25:34 +0100] "GET /ticket2/opencms/dk/no/buy/?page=1&edid=8F29AFF6-55D8-93F2-1CB7-F23B23EBC23F&sortorder=desc&column=row HTTP/1.1" 404 -
193.70.81.116 - - [10/Mar/2025:01:25:34 +0100] "GET /ticket2/opencms/se/ru/buy/?page=1&edid=D7E2BA39-62D1-0AEA-D8FA-A3DB5ADD3A51&sortorder=asc&column=price HTTP/1.1" 404 -
114.119.157.43 - - [10/Mar/2025:01:25:36 +0100] "GET /ticket2/opencms/fr/buy?page=1&edid=F5BFC35C-9252-8495-D0AB-4A5E2C07EBBC HTTP/1.1" 200 108358
157.55.39.11 - - [10/Mar/2025:01:25:39 +0100] "GET /ticket2/opencms/lt/buy/?page=1&edid=21310D6B-0C43-F15A-6A58-672A4C81ACEB HTTP/1.1" 200 108724
193.70.81.116 - - [10/Mar/2025:01:25:41 +0100] "GET /ticket2/opencms/se/ru/buy/?page=1&edid=D9B8221E-435C-E272-9385-A8B83760C754 HTTP/1.1" 404 -
47.128.122.45 - - [10/Mar/2025:01:25:42 +0100] "GET /ticket2/opencms/bg/buy/?edid=A613B971-014E-0A66-B74F-2B30F695BCED HTTP/1.1" 200 92552
66.249.74.135 - - [10/Mar/2025:01:25:43 +0100] "GET /ticket2/opencms/nl/buy/?page=1&edid=BD5ED709-E550-ECCC-FE1D-2E85747011DF HTTP/1.1" 200 116240
185.191.171.2 - - [10/Mar/2025:01:25:45 +0100] "GET /ticket2/opencms/hu/buying_tickets HTTP/1.1" 200 89273
42.200.230.171 - - [10/Mar/2025:01:25:46 +0100] "GET /ticket2/opencms/dk/no/buy/?page=1&edid=8F29AFF6-55D8-93F2-1CB7-F23B23EBC23F&sortorder=desc&column=section HTTP/1.1" 404 -
193.70.81.116 - - [10/Mar/2025:01:25:48 +0100] "GET /ticket2/opencms/se/ru/buy/?page=1&edid=D9B8221E-435C-E272-9385-A8B83760C754&sortorder=desc&column=price HTTP/1.1" 404 -
40.77.167.11 - - [10/Mar/2025:01:25:52 +0100] "GET /ticket2/opencms/bs/login/ HTTP/1.1" 200 91765
185.191.171.10 - - [10/Mar/2025:01:25:52 +0100] "GET /ticket2/opencms/lv/magazine/article?title=vinicius-jr HTTP/1.1" 200 92107
114.119.154.13 - - [10/Mar/2025:01:25:55 +0100] "GET /ticket2/opencms/ru/buy/?page=1&edid=B4ED35E0-F6E1-A7C7-5FDD-67B8072FAF0B HTTP/1.1" 200 110667
193.70.81.116 - - [10/Mar/2025:01:25:55 +0100] "GET /ticket2/opencms/se/ru/buy/?page=1&edid=D9B8221E-435C-E272-9385-A8B83760C754&sortorder=desc&column=row HTTP/1.1" 404 -
216.244.66.238 - - [10/Mar/2025:01:25:56 +0100] "GET /ticket2/opencms/es/buy?page=1&edid=22052BBE-C8C3-5D33-161E-882003E3A527 HTTP/1.1" 200 112354
95.217.114.173 - - [10/Mar/2025:01:25:56 +0100] "GET /ticket2/opencms/no/buy/?page=1&edid=EB905FAD-3745-982C-FD14-5842038373B6&sortorder=desc&column=price HTTP/1.1" 200 112687
42.200.230.171 - - [10/Mar/2025:01:25:57 +0100] "GET /ticket2/opencms/dk/no/buy/?page=1&edid=8F4DD3FF-FC88-98BC-E54A-1542B36AD424&sortorder=asc&column=price HTTP/1.1" 404 -
159.138.2.228 - - [10/Mar/2025:01:25:58 +0100] "GET /ticket2/opencms/en/sport/football-tickets/english-championship/ HTTP/1.1" 200 105363
54.36.148.146 - - [10/Mar/2025:01:25:58 +0100] "GET /ticket2/opencms/no/sport/fotballsbilletter/premier_league/ HTTP/1.1" 200 98195
202.8.40.143 - - [10/Mar/2025:01:25:59 +0100] "GET /ticket2/opencms/system/modules/com.gridnine.opencms.ticketbrokerage.site/resources/css/ticketbrokerage.css HTTP/1.1" 200 39339
202.8.40.143 - - [10/Mar/2025:01:25:59 +0100] "GET /ticket2/opencms/system/modules/com.gridnine.opencms.ticketbrokerage.site/resources/css/standard.css HTTP/1.1" 200 74449
202.8.40.143 - - [10/Mar/2025:01:25:59 +0100] "GET /ticket2/opencms/system/modules/com.gridnine.opencms.ticketbrokerage.site/resources/css/jquery.fancybox.css HTTP/1.1" 200 4939
202.8.40.143 - - [10/Mar/2025:01:25:59 +0100] "GET /ticket2/opencms/system/modules/com.gridnine.opencms.ticketbrokerage.site/resources/css/calendar.css HTTP/1.1" 200 6871
202.8.40.143 - - [10/Mar/2025:01:25:59 +0100] "GET /ticket2/opencms/system/modules/com.gridnine.opencms.ticketbrokerage.site/resources/css/jquery-ui.css HTTP/1.1" 200 33221
202.8.40.143 - - [10/Mar/2025:01:25:59 +0100] "GET /ticket2/opencms/system/modules/com.gridnine.opencms.ticketbrokerage.site/resources/js/jquery/jquery-ui.js HTTP/1.1" 200 228088
202.8.40.143 - - [10/Mar/2025:01:25:59 +0100] "GET /ticket2/opencms/system/modules/com.gridnine.opencms.ticketbrokerage.site/resources/js/functions.js HTTP/1.1" 200 1583
202.8.40.143 - - [10/Mar/2025:01:25:59 +0100] "GET /ticket2/opencms/system/modules/com.gridnine.opencms.ticketbrokerage.site/resources/js/calendar.js HTTP/1.1" 200 49229
202.8.40.143 - - [10/Mar/2025:01:25:59 +0100] "GET /ticket2/opencms/system/modules/com.gridnine.opencms.ticketbrokerage.site/resources/js/jquery/jquery.js HTTP/1.1" 200 93868
202.8.40.143 - - [10/Mar/2025:01:25:59 +0100] "GET /ticket2/opencms/system/modules/com.gridnine.opencms.ticketbrokerage.site/resources/js/calendar-en.js HTTP/1.1" 200 3338
202.8.40.143 - - [10/Mar/2025:01:26:00 +0100] "GET /ticket2/opencms/system/modules/com.gridnine.opencms.ticketbrokerage.site/resources/js/calendar-setup.js HTTP/1.1" 200 4923
202.8.40.143 - - [10/Mar/2025:01:26:00 +0100] "GET /ticket2/opencms/system/modules/com.gridnine.opencms.ticketbrokerage.site/resources/js/jquery.fancybox.pack.js HTTP/1.1" 200 23187
202.8.40.143 - - [10/Mar/2025:01:26:00 +0100] "GET /ticket2/opencms/system/modules/com.gridnine.opencms.ticketbrokerage.site/resources/js/stickyfill.min.js HTTP/1.1" 200 5672
202.8.40.143 - - [10/Mar/2025:01:26:00 +0100] "GET /ticket2/opencms/system/modules/com.gridnine.opencms.ticketbrokerage.site/resources/js/standard.js HTTP/1.1" 200 3983
202.8.40.143 - - [10/Mar/2025:01:26:00 +0100] "GET /ticket2/opencms/system/modules/com.gridnine.opencms.ticketbrokerage.site/resources/js/jquery.placeholder.min.js HTTP/1.1" 200 1737
202.8.40.143 - - [10/Mar/2025:01:26:00 +0100] "GET /ticket2/opencms/system/modules/com.gridnine.opencms.ticketbrokerage.site/resources/js/common-ajax.js HTTP/1.1" 200 20175
193.70.81.116 - - [10/Mar/2025:01:26:01 +0100] "GET /ticket2/opencms/se/ru/buy/?page=1&edid=D9B8221E-435C-E272-9385-A8B83760C754&sortorder=desc&column=section HTTP/1.1" 404 -
85.208.96.203 - - [10/Mar/2025:01:26:05 +0100] "GET /ticket2/opencms/fi/urheilu/jalkapallo/la-liga/real_sociedad/ HTTP/1.1" 200 95118
193.70.81.116 - - [10/Mar/2025:01:26:08 +0100] "GET /ticket2/opencms/se/ru/buy/?page=1&edid=D9F3D901-EF0D-5550-64E0-AAA42CF6945A&sortorder=desc&column=price HTTP/1.1" 404 -
42.200.230.171 - - [10/Mar/2025:01:26:08 +0100] "GET /ticket2/opencms/dk/no/buy/?page=1&edid=904A14D5-1C95-B81F-298C-0B73DA9FDE90&sortorder=desc&column=section HTTP/1.1" 404 -
47.128.26.93 - - [10/Mar/2025:01:26:09 +0100] "GET /ticket2/opencms/es/buy/?edid=7C302FE7-A282-8674-91A5-C39354E6B4F5 HTTP/1.1" 200 91555
173.252.69.113 - - [10/Mar/2025:01:26:11 +0100] "GET /ticket2/opencms/bs/buy/?page=1&edid=BC5D7CD2-EB5B-8786-D71A-5AE6232D27A7 HTTP/1.1" 200 111752
193.70.81.116 - - [10/Mar/2025:01:26:14 +0100] "GET /ticket2/opencms/se/ru/buy/?page=1&edid=D9F3D901-EF0D-5550-64E0-AAA42CF6945A&sortorder=desc&column=row HTTP/1.1" 404 -
154.54.249.216 - - [10/Mar/2025:01:26:18 +0100] "GET /ticket2/opencms/dk/venue/?countryid=F4546A23-438C-B8AA-E6C1-C86A24730617 HTTP/1.1" 200 115164
40.77.167.131 - - [10/Mar/2025:01:26:19 +0100] "GET /ticket2/opencms/en/venue/?countryid=C83BD7D3-147E-EEE7-3AB4-19E8D9E56196 HTTP/1.1" 200 114744
66.249.65.197 - - [10/Mar/2025:01:26:19 +0100] "GET /ticket2/opencms/ka/buy?page=1&edid=6491C4B6-5C45-20F3-BDEC-54EE4BA903D5&hlv=66d595d1-4b8c-4118-958a-4fd00a01000f HTTP/1.1" 200 119251
157.55.39.11 - - [10/Mar/2025:01:26:20 +0100] "GET /ticket2/opencms/sl/buy/?page=1&edid=6CE412D5-18A2-63A1-9DCD-E2D0C2704DA8 HTTP/1.1" 200 108445
193.70.81.116 - - [10/Mar/2025:01:26:21 +0100] "GET /ticket2/opencms/se/ru/buy/?page=1&edid=D9F3D901-EF0D-5550-64E0-AAA42CF6945A&sortorder=desc&column=section HTTP/1.1" 404 -
114.119.150.49 - - [10/Mar/2025:01:26:22 +0100] "GET /ticket2/opencms/en/buy/?page=1&edid=D21C145B-8567-0592-DD00-5CB43087855E HTTP/1.1" 200 106822
157.55.39.11 - - [10/Mar/2025:01:26:22 +0100] "GET /ticket2/opencms/is/buy?page=1&edid=D2A45732-043F-9648-F6F1-0FB8A1C1603D HTTP/1.1" 200 111803
20.171.207.145 - - [10/Mar/2025:01:26:22 +0100] "GET /ticket2/opencms/lt/sport/futbolo-bilietai/champions-league/ac-milan HTTP/1.1" 500 -
42.200.230.171 - - [10/Mar/2025:01:26:22 +0100] "GET /ticket2/opencms/dk/no/buy/?page=1&edid=90BCF693-D99F-DEE6-B09B-15BA3E6EB14F HTTP/1.1" 404 -
193.70.81.116 - - [10/Mar/2025:01:26:28 +0100] "GET /ticket2/opencms/se/ru/buy/?page=1&edid=DA544182-AA79-F548-64ED-2C067A356729 HTTP/1.1" 404 -
157.55.39.204 - - [10/Mar/2025:01:26:33 +0100] "GET /ticket2/opencms/el/buy/?page=1&edid=AAA7E280-21B8-F2DF-6BE8-2C941214F0BA HTTP/1.1" 200 112239
193.70.81.116 - - [10/Mar/2025:01:26:34 +0100] "GET /ticket2/opencms/se/ru/buy/?page=1&edid=DA544182-AA79-F548-64ED-2C067A356729&sortorder=desc&column=row HTTP/1.1" 404 -
157.55.39.204 - - [10/Mar/2025:01:26:35 +0100] "GET /ticket2/opencms/fi/buy?comcatid=A17713B6-D984-201A-4143-ED4DB5ED5C2E&catid=08F27F2A-1872-A39F-A97C-63093E77B18A HTTP/1.1" 200 103227
42.200.230.171 - - [10/Mar/2025:01:26:35 +0100] "GET /ticket2/opencms/dk/no/buy/?page=1&edid=90BCF693-D99F-DEE6-B09B-15BA3E6EB14F&sortorder=asc&column=section HTTP/1.1" 404 -
96.62.105.165 - - [10/Mar/2025:01:26:37 +0100] "GET /ticket2/opencms/dk/buy?edid=2684212B-FA50-DC4B-3CFA-1303E9638140&page=1 HTTP/1.1" 200 109916
193.70.81.116 - - [10/Mar/2025:01:26:40 +0100] "GET /ticket2/opencms/se/ru/buy/?page=1&edid=DA544182-AA79-F548-64ED-2C067A356729&sortorder=desc&column=section HTTP/1.1" 404 -
185.191.171.18 - - [10/Mar/2025:01:26:40 +0100] "GET /ticket2/opencms/sv/sport/fotbollsbiljetter/serie_a/ HTTP/1.1" 200 97151
66.249.65.236 - - [10/Mar/2025:01:26:44 +0100] "GET /ticket2/opencms/es/buy/?page=1&edid=58BBF638-5A76-A8D6-7263-FAE40850FA7F HTTP/1.1" 200 90388
193.70.81.116 - - [10/Mar/2025:01:26:47 +0100] "GET /ticket2/opencms/se/ru/buy/?page=1&edid=DA9C4A89-BD59-5860-6E54-5F7B1109ABBF HTTP/1.1" 404 -
42.200.230.171 - - [10/Mar/2025:01:26:48 +0100] "GET /ticket2/opencms/dk/no/buy/?page=1&edid=90C1A66E-428C-A76C-A159-667BE9685E00&sortorder=asc&column=price HTTP/1.1" 404 -
52.167.144.203 - - [10/Mar/2025:01:26:51 +0100] "GET /ticket2/opencms/ga/buy/?page=1&edid=3133B532-2EFF-BEFE-B349-470A22E52FED HTTP/1.1" 200 111398
114.119.141.178 - - [10/Mar/2025:01:26:52 +0100] "GET /ticket2/opencms/fr/buy?page=1&edid=EFCA122E-EFD5-12F8-6F83-6930A0BC1F37 HTTP/1.1" 200 111614
52.167.144.203 - - [10/Mar/2025:01:26:53 +0100] "GET /ticket2/opencms/tr/buy/?page=1&edid=7EF10304-98E0-2B58-2938-76F08ACE3694 HTTP/1.1" 200 111642
193.70.81.116 - - [10/Mar/2025:01:26:53 +0100] "GET /ticket2/opencms/se/ru/buy/?page=1&edid=DA9C4A89-BD59-5860-6E54-5F7B1109ABBF&sortorder=desc&column=price HTTP/1.1" 404 -
114.119.151.50 - - [10/Mar/2025:01:26:55 +0100] "GET /ticket2/opencms/en/venue/?venueid=6F35A585-C7A7-198F-956D-F8F0D81EEC09 HTTP/1.1" 200 86359
40.77.167.63 - - [10/Mar/2025:01:26:55 +0100] "GET /ticket2/opencms/hr/buy?page=1&edid=C781C90E-2A4A-BE38-23EB-6039DE2F5FA8 HTTP/1.1" 200 137673
114.119.133.220 - - [10/Mar/2025:01:26:56 +0100] "GET /ticket2/opencms/en/buy/?page=1&edid=834F13C0-864B-76D7-23BB-C04F7E7BD655 HTTP/1.1" 200 106905
85.208.96.199 - - [10/Mar/2025:01:26:56 +0100] "GET /ticket2/opencms/mo/magazine/article?title=ipswichs-22 HTTP/1.1" 200 92085
47.238.13.9 - - [10/Mar/2025:01:26:56 +0100] "GET /ticket2/opencms/no/buy?page=1&edid=1774DA90-1210-0FE4-2949-90A20E119D0F HTTP/1.1" 200 89886
157.55.39.204 - - [10/Mar/2025:01:26:56 +0100] "GET /ticket2/opencms/fr/buy?page=1&edid=AED19AE5-15C6-7340-D50D-690173EBEF60 HTTP/1.1" 200 108415
40.77.167.78 - - [10/Mar/2025:01:26:57 +0100] "GET /ticket2/opencms/mt/buy?page=1&edid=0F9D6B87-FBA2-98F6-6A11-CBBA4D2A86C1 HTTP/1.1" 200 112635
42.200.230.171 - - [10/Mar/2025:01:27:00 +0100] "GET /ticket2/opencms/dk/no/buy/?page=1&edid=96F30A5D-14BE-BD60-0E2F-BB513D88813E&sortorder=asc&column=section HTTP/1.1" 404 -
