157.55.39.63 - - [10/Mar/2025:05:39:28 +0100] "GET /ticket2/opencms/az/buy/?page=1&edid=06603117-2C22-3913-C308-C9E7E6CCA657 HTTP/1.1" 200 112235
114.119.136.146 - - [10/Mar/2025:05:39:37 +0100] "GET /ticket2/opencms/ru/buy/?page=6&comcatid=A17713B6-D984-201A-4143-ED4DB5ED5C2E&catid=D8B345C9-F7A5-E620-4B43-C34EB0D6885B&eventid=5FF016E6-EE6E-EC4B-33C6-3CE328714E1F HTTP/1.1" 200 111411
66.249.65.195 - - [10/Mar/2025:05:39:44 +0100] "GET /ticket2/opencms/mk/buy?page=1&edid=7E653C31-A788-6271-D9AA-FE8367BFE104 HTTP/1.1" 404 -
114.119.141.178 - - [10/Mar/2025:05:39:52 +0100] "GET /ticket2/opencms/ka/buy?page=1&edid=DEC25760-0789-4D20-D1DC-0FD688090800 HTTP/1.1" 200 113592
85.208.96.202 - - [10/Mar/2025:05:39:52 +0100] "GET /ticket2/opencms/bs/magazine/ HTTP/1.1" 200 153515
95.217.114.173 - - [10/Mar/2025:05:39:58 +0100] "GET /ticket2/opencms/sv/buy/?page=1&edid=D9CE0B59-251A-E38E-8401-FAA2223E06E9 HTTP/1.1" 200 111237
40.77.167.57 - - [10/Mar/2025:05:40:00 +0100] "GET /ticket2/opencms/tr/buy?page=10&eventid=1DE12B0C-480D-36C2-470E-09E495E7559A HTTP/1.1" 200 96090
185.191.171.14 - - [10/Mar/2025:05:40:01 +0100] "GET /ticket2/opencms/sv/magazine/article?title=kevin-de-bruyne HTTP/1.1" 200 93035
216.244.66.196 - - [10/Mar/2025:05:40:08 +0100] "GET /ticket2/opencms/robots.txt HTTP/1.1" 200 773
114.119.135.251 - - [10/Mar/2025:05:40:09 +0100] "GET /ticket2/opencms/it/magazine/sv/sport/fotbollsbiljetter/premier_league/liverpool/ HTTP/1.1" 404 -
47.128.17.33 - - [10/Mar/2025:05:40:15 +0100] "GET /ticket2/opencms/es/buy/?edid=5CF6EA2B-2B90-CEA1-959D-43D59F6F27D8 HTTP/1.1" 200 91513
52.167.144.189 - - [10/Mar/2025:05:40:24 +0100] "GET /ticket2/opencms/sq/ask-form.html HTTP/1.1" 200 3156
114.119.146.36 - - [10/Mar/2025:05:40:27 +0100] "GET /ticket2/opencms/ru/buy/?page=1&edid=89907505-B290-9C62-3837-2005C27DB101 HTTP/1.1" 200 8488
85.208.96.203 - - [10/Mar/2025:05:40:32 +0100] "GET /ticket2/opencms/sv/sport/fotbollsbiljetter/serie_a/cagliari/ HTTP/1.1" 500 -
114.119.130.154 - - [10/Mar/2025:05:40:35 +0100] "GET /ticket2/opencms/ka/buy?page=1&edid=A5D57E5E-D60D-A559-457A-531C536472B8 HTTP/1.1" 200 117456
95.217.114.173 - - [10/Mar/2025:05:40:38 +0100] "GET /ticket2/opencms/sv/buy/?page=1&edid=D9DA7D44-4E78-BE53-8282-03BC0C711C85 HTTP/1.1" 200 108136
47.128.17.64 - - [10/Mar/2025:05:40:38 +0100] "GET /ticket2/opencms/sr/buy/?edid=496CD62B-3F1C-D34A-3597-57C5C053F18F HTTP/1.1" 200 92131
114.119.146.220 - - [10/Mar/2025:05:40:38 +0100] "GET /ticket2/opencms/es/buy/?page=1&edid=6C1ED87B-DDA5-3BB2-3EDA-87860E37D5E0 HTTP/1.1" 200 90354
47.128.53.118 - - [10/Mar/2025:05:40:41 +0100] "GET /ticket2/opencms/de/sport/fussball-tickets/bundesliga/augsburg/ HTTP/1.1" 200 101850
85.208.96.196 - - [10/Mar/2025:05:40:45 +0100] "GET /ticket2/opencms/mt/sport/biljetti-tal-futbol/bundesliga/mainz/ HTTP/1.1" 200 100609
66.249.65.233 - - [10/Mar/2025:05:40:45 +0100] "GET /ticket2/opencms/de/sport/fussball-tickets/ HTTP/1.1" 200 94763
85.208.96.199 - - [10/Mar/2025:05:40:50 +0100] "GET /ticket2/opencms/at/about/press/ HTTP/1.1" 200 85912
154.54.249.216 - - [10/Mar/2025:05:40:51 +0100] "GET /ticket2/opencms/fi/venue/?countryid=6D97DD41-58F8-E86C-8D49-519899AAF206 HTTP/1.1" 200 116252
40.77.167.57 - - [10/Mar/2025:05:40:53 +0100] "GET /ticket2/opencms/sk/buy/?page=1&edid=53761E65-F89B-BBEE-6188-DCF95DA0DC4F HTTP/1.1" 200 111986
40.77.167.57 - - [10/Mar/2025:05:40:53 +0100] "GET /ticket2/opencms/ro/buy?page=1&edid=697be447-74b7-a748-152f-a1818da4bec9 HTTP/1.1" 200 8134
54.36.148.146 - - [10/Mar/2025:05:40:55 +0100] "GET /ticket2/opencms/no/sport/fotballsbilletter/premier_league/arsenal/ HTTP/1.1" 200 95553
40.77.167.71 - - [10/Mar/2025:05:40:55 +0100] "GET /ticket2/opencms/sv/sport/hockeybiljetter/nhl/ HTTP/1.1" 200 98935
202.8.40.151 - - [10/Mar/2025:05:40:56 +0100] "GET /ticket2/opencms/system/modules/com.gridnine.opencms.ticketbrokerage.site/resources/css/calendar.css HTTP/1.1" 200 6871
202.8.40.151 - - [10/Mar/2025:05:40:56 +0100] "GET /ticket2/opencms/system/modules/com.gridnine.opencms.ticketbrokerage.site/resources/css/ticketbrokerage.css HTTP/1.1" 200 39339
202.8.40.151 - - [10/Mar/2025:05:40:56 +0100] "GET /ticket2/opencms/system/modules/com.gridnine.opencms.ticketbrokerage.site/resources/css/standard.css HTTP/1.1" 200 74449
202.8.40.151 - - [10/Mar/2025:05:40:56 +0100] "GET /ticket2/opencms/system/modules/com.gridnine.opencms.ticketbrokerage.site/resources/css/jquery.fancybox.css HTTP/1.1" 200 4939
202.8.40.151 - - [10/Mar/2025:05:40:56 +0100] "GET /ticket2/opencms/system/modules/com.gridnine.opencms.ticketbrokerage.site/resources/css/jquery-ui.css HTTP/1.1" 200 33221
202.8.40.151 - - [10/Mar/2025:05:40:56 +0100] "GET /ticket2/opencms/system/modules/com.gridnine.opencms.ticketbrokerage.site/resources/js/jquery/jquery.js HTTP/1.1" 200 93868
202.8.40.151 - - [10/Mar/2025:05:40:56 +0100] "GET /ticket2/opencms/system/modules/com.gridnine.opencms.ticketbrokerage.site/resources/js/jquery/jquery-ui.js HTTP/1.1" 200 228088
202.8.40.151 - - [10/Mar/2025:05:40:56 +0100] "GET /ticket2/opencms/system/modules/com.gridnine.opencms.ticketbrokerage.site/resources/js/calendar.js HTTP/1.1" 200 49229
202.8.40.151 - - [10/Mar/2025:05:40:56 +0100] "GET /ticket2/opencms/system/modules/com.gridnine.opencms.ticketbrokerage.site/resources/js/functions.js HTTP/1.1" 200 1583
202.8.40.151 - - [10/Mar/2025:05:40:56 +0100] "GET /ticket2/opencms/system/modules/com.gridnine.opencms.ticketbrokerage.site/resources/js/calendar-en.js HTTP/1.1" 200 3338
202.8.40.151 - - [10/Mar/2025:05:40:56 +0100] "GET /ticket2/opencms/system/modules/com.gridnine.opencms.ticketbrokerage.site/resources/js/calendar-setup.js HTTP/1.1" 200 4923
202.8.40.151 - - [10/Mar/2025:05:40:56 +0100] "GET /ticket2/opencms/system/modules/com.gridnine.opencms.ticketbrokerage.site/resources/js/jquery.fancybox.pack.js HTTP/1.1" 200 23187
202.8.40.151 - - [10/Mar/2025:05:40:56 +0100] "GET /ticket2/opencms/system/modules/com.gridnine.opencms.ticketbrokerage.site/resources/js/stickyfill.min.js HTTP/1.1" 200 5672
202.8.40.151 - - [10/Mar/2025:05:40:56 +0100] "GET /ticket2/opencms/system/modules/com.gridnine.opencms.ticketbrokerage.site/resources/js/standard.js HTTP/1.1" 200 3983
202.8.40.151 - - [10/Mar/2025:05:40:57 +0100] "GET /ticket2/opencms/system/modules/com.gridnine.opencms.ticketbrokerage.site/resources/js/jquery.placeholder.min.js HTTP/1.1" 200 1737
202.8.40.151 - - [10/Mar/2025:05:40:57 +0100] "GET /ticket2/opencms/system/modules/com.gridnine.opencms.ticketbrokerage.site/resources/js/common-ajax.js HTTP/1.1" 200 20175
66.249.76.8 - - [10/Mar/2025:05:40:57 +0100] "GET /ticket2/opencms/system/modules/com.gridnine.opencms.ticketbrokerage.site/resources/js/functions.js HTTP/1.1" 200 1583
66.249.65.233 - - [10/Mar/2025:05:41:00 +0100] "GET /ticket2/opencms/system/modules/com.gridnine.opencms.ticketbrokerage.site/resources/js/standard.js HTTP/1.1" 200 3983
114.119.136.146 - - [10/Mar/2025:05:41:01 +0100] "GET /ticket2/opencms/ru/buy/?page=6&comcatid=A17713B6-D984-201A-4143-ED4DB5ED5C2E&catid=6E0E0CA4-3F14-9697-92B9-3687047BE453 HTTP/1.1" 200 102782
54.36.149.84 - - [10/Mar/2025:05:41:04 +0100] "GET /ticket2/opencms/mo/login HTTP/1.1" 200 91813
114.119.141.206 - - [10/Mar/2025:05:41:11 +0100] "GET /ticket2/opencms/es/buy/?page=1&edid=3571A1A0-959E-2767-C9C5-76572809AC2B HTTP/1.1" 200 110476
40.77.167.57 - - [10/Mar/2025:05:41:12 +0100] "GET /ticket2/opencms/dk/buy?page=1&edid=B061022F-B1C8-FCC7-F975-BBF7352866CD HTTP/1.1" 200 109847
157.55.39.195 - - [10/Mar/2025:05:41:16 +0100] "GET /ticket2/opencms/uk/buy/?page=1&edid=923DE8C3-A506-18FE-D7E6-0F1B17A33382 HTTP/1.1" 200 110932
95.217.114.173 - - [10/Mar/2025:05:41:17 +0100] "GET /ticket2/opencms/sv/buy/?page=1&edid=D9F3D901-EF0D-5550-64E0-AAA42CF6945A HTTP/1.1" 200 110665
207.46.13.87 - - [10/Mar/2025:05:41:20 +0100] "GET /ticket2/opencms/sq/buy?page=1&edid=B06AF4F4-E0B4-9C7E-FDA1-698E9F88DF19 HTTP/1.1" 200 109171
207.46.13.87 - - [10/Mar/2025:05:41:21 +0100] "GET /ticket2/opencms/en/buy/?page=1&edid=7286B940-9CC0-F0E9-1B74-D761FA8C7BFD HTTP/1.1" 200 110130
85.208.96.194 - - [10/Mar/2025:05:41:24 +0100] "GET /ticket2/opencms/es/magazine/article?title=puede-viktor-gyokeres-dejar-el-sporting-antes-de-lo-previsto HTTP/1.1" 200 94222
85.208.96.210 - - [10/Mar/2025:05:41:31 +0100] "GET /ticket2/opencms/tr/magazine/ HTTP/1.1" 200 154326
114.119.145.123 - - [10/Mar/2025:05:41:33 +0100] "GET /ticket2/opencms/it/magazine/article?title=michail-antonio-infortunato-dopo-un-incidente-dauto HTTP/1.1" 200 93597
47.128.50.90 - - [10/Mar/2025:05:41:37 +0100] "GET /ticket2/opencms/no/buy/?edid=74430233-0066-0F2D-297C-6BDDB67075CE HTTP/1.1" 200 91109
114.119.130.210 - - [10/Mar/2025:05:41:38 +0100] "GET /ticket2/opencms/ru/buy/?page=1&edid=1046C14E-D95C-B350-CBCD-2ECE5F3DCC46 HTTP/1.1" 200 8488
114.119.150.86 - - [10/Mar/2025:05:41:40 +0100] "GET /ticket2/opencms/ka/buy?page=1&edid=6F22E599-355A-2C2D-46C4-21CB2AEDA726 HTTP/1.1" 200 92947
66.249.73.11 - - [10/Mar/2025:05:41:47 +0100] "GET /ticket2/opencms/no/buy/?page=1&edid=1725DD81-AB30-210C-691A-5E56E0E70527 HTTP/1.1" 200 117217
40.77.167.184 - - [10/Mar/2025:05:41:48 +0100] "GET /ticket2/opencms/robots.txt HTTP/1.1" 200 773
40.77.167.184 - - [10/Mar/2025:05:41:48 +0100] "GET /ticket2/opencms/robots.txt HTTP/1.1" 200 773
52.167.144.22 - - [10/Mar/2025:05:41:49 +0100] "GET /ticket2/opencms/ga/magazine/article?title=brentford-fc-dara-i-championship HTTP/1.1" 200 93821
66.249.74.4 - - [10/Mar/2025:05:41:50 +0100] "GET /ticket2/opencms/sv/buy/?page=1&edid=37459553-F765-6A83-58BB-25CA313B1325 HTTP/1.1" 200 110496
207.46.13.87 - - [10/Mar/2025:05:41:56 +0100] "GET /ticket2/opencms/az/buy/?page=1&edid=885A2607-A223-24CC-17AE-7C8ECDA8D47C HTTP/1.1" 200 134554
95.217.114.173 - - [10/Mar/2025:05:41:56 +0100] "GET /ticket2/opencms/sv/buy/?page=1&edid=D9FF83F3-9927-53D9-77CD-EAC06002E29E HTTP/1.1" 200 108076
85.208.96.194 - - [10/Mar/2025:05:41:58 +0100] "GET /ticket2/opencms/lv/ HTTP/1.1" 200 103716
85.208.96.200 - - [10/Mar/2025:05:41:59 +0100] "GET /ticket2/opencms/is/magazine/article?title=upplifdu-la-liga-beint-kaupadu-mida-a-ticket2 HTTP/1.1" 200 95034
52.167.144.22 - - [10/Mar/2025:05:41:59 +0100] "GET /ticket2/opencms/tr/buy?page=1&edid=1AD4E11C-C792-1721-4D1A-2229101A30FD HTTP/1.1" 200 144947
202.155.137.113 - - [10/Mar/2025:05:42:03 +0100] "GET /ticket2/opencms/sk/buy?edid=1AD4E11C-C792-1721-4D1A-2229101A30FD&page=1 HTTP/1.1" 200 144990
66.249.65.236 - - [10/Mar/2025:05:42:07 +0100] "GET /ticket2/opencms/el/buy/?page=1&edid=ABE0D196-5A84-0064-2AAA-8BE846913E3B HTTP/1.1" 200 139248
154.54.249.216 - - [10/Mar/2025:05:42:07 +0100] "GET /ticket2/opencms/fi/venue/?countryid=869CA27A-97A1-03D4-5D03-7E27F7DE8DED HTTP/1.1" 200 116330
66.249.76.167 - - [10/Mar/2025:05:42:10 +0100] "GET /ticket2/opencms/sv/buy/?page=1&edid=1BEE5A38-DD94-3509-3225-C4A2986A386D HTTP/1.1" 200 110537
66.249.76.166 - - [10/Mar/2025:05:42:11 +0100] "GET /ticket2/opencms/tr/magazine/article?title=declan-rice HTTP/1.1" 200 93295
40.77.167.15 - - [10/Mar/2025:05:42:11 +0100] "GET /ticket2/opencms/it/buy/?page=1&edid=1EC9B49C-3E71-53D7-479D-7C922516D58E HTTP/1.1" 200 112135
52.167.144.25 - - [10/Mar/2025:05:42:11 +0100] "GET /ticket2/opencms/fi/buy?page=1&edid=BE8C7FA0-9E48-EAB3-3A70-9E9F9EA30F95 HTTP/1.1" 200 111691
185.191.171.18 - - [10/Mar/2025:05:42:15 +0100] "GET /ticket2/opencms/ka/affiliateprogram.html HTTP/1.1" 200 89959
114.119.150.22 - - [10/Mar/2025:05:42:15 +0100] "GET /ticket2/opencms/es/buy/?page=1&edid=63D25C1E-F945-3D8C-F981-1BC33FDCD607 HTTP/1.1" 200 90398
114.119.132.9 - - [10/Mar/2025:05:42:16 +0100] "GET /ticket2/opencms/es/buy/?comcatid=A17713B6-D984-201A-4143-ED4DB5ED5C2E&catid=88C381AD-5D76-A34D-AC15-A7129F8EF5BE HTTP/1.1" 200 103242
114.119.141.178 - - [10/Mar/2025:05:42:17 +0100] "GET /ticket2/opencms/ka/buy?page=1&edid=2C628F37-50C8-6D86-55F0-9E385D7A6FB4 HTTP/1.1" 200 117988
85.208.96.196 - - [10/Mar/2025:05:42:19 +0100] "GET /ticket2/opencms/pl/magazine/article?title=mohamed-salah-przedluzyc-umowe-z-liverpoolem HTTP/1.1" 200 95431
154.54.249.216 - - [10/Mar/2025:05:42:23 +0100] "GET /ticket2/opencms/fi/venue/?countryid=87042EBC-41CD-88B3-A5A5-7C6AF4E19F07 HTTP/1.1" 200 116180
68.183.238.15 - - [10/Mar/2025:05:42:25 +0100] "GET /manager/html HTTP/1.1" 404 -
185.191.171.18 - - [10/Mar/2025:05:42:25 +0100] "GET /ticket2/opencms/tr/magazine/article?title=abdul-fatawu-sezonun-geri-kalaninda-forma-giyemeyecek HTTP/1.1" 200 94631
85.208.96.196 - - [10/Mar/2025:05:42:33 +0100] "GET /ticket2/opencms/cs/magazine/article?title=prvni-vitezstvi-ipswiche-v-premier-league-za-22-let HTTP/1.1" 200 94290
95.217.114.173 - - [10/Mar/2025:05:42:35 +0100] "GET /ticket2/opencms/sv/buy/?page=1&edid=DA07BA52-26E1-791C-9836-DF5E238F2D5B HTTP/1.1" 200 111676
66.249.65.196 - - [10/Mar/2025:05:42:40 +0100] "GET /ticket2/opencms/cs/buy/?page=1&edid=A9C20BB8-C5E6-4649-C627-F47A1C7C5D3D HTTP/1.1" 200 111902
66.249.65.195 - - [10/Mar/2025:05:42:44 +0100] "GET /ticket2/opencms/sr/buy/?page=1&edid=1260CE5D-7BE1-B121-0CBF-652705BD383D HTTP/1.1" 200 112378
185.191.171.1 - - [10/Mar/2025:05:42:49 +0100] "GET /ticket2/opencms/ka/magazine/article?title=liverpuli-totenhemi HTTP/1.1" 200 96640
40.77.167.57 - - [10/Mar/2025:05:42:51 +0100] "GET /ticket2/opencms/lv/buy?page=1&edid=BB37D62D-183C-CB3A-FFE3-384DBECF973F HTTP/1.1" 200 111861
85.208.96.204 - - [10/Mar/2025:05:42:53 +0100] "GET /ticket2/opencms/robots.txt HTTP/1.1" 200 773
154.54.249.216 - - [10/Mar/2025:05:42:54 +0100] "GET /ticket2/opencms/fi/venue/?countryid=A120839E-3691-C1CC-A7E6-AFA581C3B971 HTTP/1.1" 200 116254
185.191.171.6 - - [10/Mar/2025:05:42:54 +0100] "GET /ticket2/opencms/hu/magazine/article?title=chelsea-vs-tottenham-2-0 HTTP/1.1" 200 94958
114.119.131.180 - - [10/Mar/2025:05:42:55 +0100] "GET /ticket2/opencms/pl/buy/?comcatid=0A6B8208-FDA4-E929-9D72-5312FD481B76 HTTP/1.1" 200 106351
114.119.129.189 - - [10/Mar/2025:05:42:55 +0100] "GET /ticket2/opencms/it/magazine/article?title=kylian-mbappe-fa-impressione HTTP/1.1" 200 92912
47.128.99.95 - - [10/Mar/2025:05:42:56 +0100] "GET /ticket2/opencms/el/buy/?edid=D712D542-2FD7-63E8-3EB9-EC4508B2CBC4 HTTP/1.1" 200 93187
207.46.13.87 - - [10/Mar/2025:05:42:56 +0100] "GET /ticket2/opencms/bs/buy/?page=1&edid=79806DC5-5FEE-F652-151B-F27234AB7F8D HTTP/1.1" 200 108384
47.128.51.105 - - [10/Mar/2025:05:42:58 +0100] "GET /ticket2/opencms/es/buy/?edid=285C029F-0136-4458-3DAC-D4899E4F1B96 HTTP/1.1" 200 91499
114.119.157.43 - - [10/Mar/2025:05:43:07 +0100] "GET /ticket2/opencms/ka/buy?page=1&edid=12FE9A0A-4E2D-5275-1076-E343F4E21442 HTTP/1.1" 200 117719
85.208.96.205 - - [10/Mar/2025:05:43:08 +0100] "GET /ticket2/opencms/ro/about/press/ HTTP/1.1" 200 89117
47.128.58.183 - - [10/Mar/2025:05:43:10 +0100] "GET /ticket2/opencms/fi/urheilu/jalkapallo/bundesliga/hoffenheim/ HTTP/1.1" 200 92887
47.128.58.183 - - [10/Mar/2025:05:43:11 +0100] "GET /ticket2/opencms/system/modules/com.gridnine.opencms.ticketbrokerage.site/resources/pics/banners/team/bundesliga/1899_hoffenheim.png HTTP/1.1" 200 72210
95.217.114.173 - - [10/Mar/2025:05:43:15 +0100] "GET /ticket2/opencms/sv/buy/?page=1&edid=DA205E04-65EE-7F78-067D-CBCBD424C79F HTTP/1.1" 200 111784
154.54.249.216 - - [10/Mar/2025:05:43:25 +0100] "GET /ticket2/opencms/fi/venue/?countryid=C02FA7EF-C506-8CCA-9C06-722A0E6233D0 HTTP/1.1" 200 116252
95.217.114.173 - - [10/Mar/2025:05:43:25 +0100] "GET /ticket2/opencms/sv/buy/?page=1&edid=DA23603F-DCEF-406B-8F11-DC80F14E03BD HTTP/1.1" 200 111857
85.208.96.199 - - [10/Mar/2025:05:43:26 +0100] "GET /ticket2/opencms/tr/magazine/article?title=luton HTTP/1.1" 200 92717
114.119.150.22 - - [10/Mar/2025:05:43:30 +0100] "GET /ticket2/opencms/es/buy/?page=1&edid=4850D7A2-1335-E7AC-9D3F-41B304FBAA4C HTTP/1.1" 200 131918
95.217.114.173 - - [10/Mar/2025:05:43:35 +0100] "GET /ticket2/opencms/sv/buy/?page=1&edid=DA2C6148-8740-A29A-86BA-E1809618A0DC HTTP/1.1" 200 111820
85.208.96.210 - - [10/Mar/2025:05:43:40 +0100] "GET /ticket2/opencms/sq/magazine/article?title=vinicius-jr HTTP/1.1" 200 93202
114.119.140.111 - - [10/Mar/2025:05:43:42 +0100] "GET /ticket2/opencms/es/buy/?comcatid=A17713B6-D984-201A-4143-ED4DB5ED5C2E&catid=6E0E0CA4-3F14-9697-92B9-3687047BE453 HTTP/1.1" 200 103198
95.217.114.173 - - [10/Mar/2025:05:43:45 +0100] "GET /ticket2/opencms/sv/buy/?page=1&edid=DA2E5195-CDF8-6C8C-C1BB-038D4BF419FF HTTP/1.1" 200 110335
185.191.171.15 - - [10/Mar/2025:05:43:47 +0100] "GET /ticket2/opencms/el/magazine/article?title=thomas-tuchel-ginetai-o-neos-proponhths-ths-agglias HTTP/1.1" 200 96193
66.249.65.196 - - [10/Mar/2025:05:43:50 +0100] "GET /ticket2/opencms/ch/ HTTP/1.1" 200 101207
185.191.171.8 - - [10/Mar/2025:05:43:51 +0100] "GET /ticket2/opencms/it/magazine/article?title=nove-vittorie-in-dieci-partite HTTP/1.1" 200 92798
40.77.167.57 - - [10/Mar/2025:05:43:51 +0100] "GET /ticket2/opencms/az/buy?page=1&edid=AB824FD7-57D3-D9FF-1522-92FB38AA59F9 HTTP/1.1" 200 112217
95.217.114.173 - - [10/Mar/2025:05:43:54 +0100] "GET /ticket2/opencms/sv/buy/?page=1&edid=DA38D894-ABDE-5C82-3ED1-00967E2A8BBB HTTP/1.1" 200 108123
66.249.74.4 - - [10/Mar/2025:05:43:54 +0100] "GET /ticket2/opencms/tr/magazine/article?title=liverpool-tottenham HTTP/1.1" 200 92812
157.55.39.195 - - [10/Mar/2025:05:44:02 +0100] "GET /ticket2/opencms/mt/buy/?page=1&edid=91870084-7155-79A9-A57C-A68AF475B93F HTTP/1.1" 200 111545
95.217.114.173 - - [10/Mar/2025:05:44:03 +0100] "GET /ticket2/opencms/sv/buy/?page=1&edid=DA544182-AA79-F548-64ED-2C067A356729 HTTP/1.1" 200 111054
114.119.130.154 - - [10/Mar/2025:05:44:05 +0100] "GET /ticket2/opencms/it/buy?page=1&edid=D82BB8EB-FD5E-20B1-3328-5E59B4CB46F9 HTTP/1.1" 200 111580
66.249.74.3 - - [10/Mar/2025:05:44:07 +0100] "GET /ticket2/opencms/tr/magazine/article?title=hollanda-ile-ingiltere-yari-finalde HTTP/1.1" 200 96798
152.53.108.155 - - [10/Mar/2025:05:44:09 +0100] "GET /ticket2/opencms/fr/buy?page=1&edid=3583D5C7-607A-E528-A709-844E6A72DC1B HTTP/1.1" 200 140937
95.217.114.173 - - [10/Mar/2025:05:44:11 +0100] "GET /ticket2/opencms/sv/buy/?page=1&edid=DA59FF15-47CF-1CE7-F540-A4CA25201095 HTTP/1.1" 200 110209
207.46.13.87 - - [10/Mar/2025:05:44:16 +0100] "GET /ticket2/opencms/et/buy/?page=1&edid=576B1005-37D6-BEC9-4752-803C7C0DA57E HTTP/1.1" 200 111529
114.119.139.202 - - [10/Mar/2025:05:44:18 +0100] "GET /ticket2/opencms/it/magazine/article?title=em-giocatori-che-spiccano HTTP/1.1" 200 92742
47.128.124.127 - - [10/Mar/2025:05:44:19 +0100] "GET /ticket2/opencms/hu/buy/?edid=1B836A42-4F20-7A0F-05D1-08388A470666 HTTP/1.1" 200 91842
95.217.114.173 - - [10/Mar/2025:05:44:20 +0100] "GET /ticket2/opencms/sv/buy/?page=1&edid=DA6B2098-64A1-C57B-1361-E1F4F593AA34 HTTP/1.1" 200 111371
85.208.96.202 - - [10/Mar/2025:05:44:21 +0100] "GET /ticket2/opencms/tr/magazine/article?title=futbol-nedir HTTP/1.1" 200 95514
114.119.130.154 - - [10/Mar/2025:05:44:23 +0100] "GET /ticket2/opencms/it/buy?page=1&edid=BEA9D3E5-A93E-146C-1904-24495F6A8B39 HTTP/1.1" 200 129626
95.217.114.173 - - [10/Mar/2025:05:44:29 +0100] "GET /ticket2/opencms/sv/buy/?page=1&edid=DA6CFFC3-8EC5-E201-FD73-CCFDC49E297C HTTP/1.1" 200 111423
114.119.146.36 - - [10/Mar/2025:05:44:33 +0100] "GET /ticket2/opencms/en/buy/?page=1&edid=85FEE197-56BE-9C34-A3B3-D08AF509D2AB HTTP/1.1" 200 132790
66.249.76.166 - - [10/Mar/2025:05:44:35 +0100] "GET /ticket2/opencms/fr/magazine/article?title=erling-braut-haaland HTTP/1.1" 200 93708
95.217.114.173 - - [10/Mar/2025:05:44:38 +0100] "GET /ticket2/opencms/sv/buy/?page=1&edid=DA9C4A89-BD59-5860-6E54-5F7B1109ABBF HTTP/1.1" 200 111003
66.249.65.195 - - [10/Mar/2025:05:44:39 +0100] "GET /ticket2/opencms/bs/buy?page=1&edid=4DF0D9FC-63B4-BC0C-C1C6-5A8F2E684398 HTTP/1.1" 200 111137
47.128.21.153 - - [10/Mar/2025:05:44:42 +0100] "GET /ticket2/opencms/fi/venue/?venueid=92233AC7-CC90-63C9-F1D7-B8EB5BC2857C HTTP/1.1" 200 86927
95.217.114.173 - - [10/Mar/2025:05:44:47 +0100] "GET /ticket2/opencms/sv/buy/?page=1&edid=DAAE01DD-AEC2-AF3C-F667-C3DD2DC0B098 HTTP/1.1" 200 111205
85.208.96.196 - - [10/Mar/2025:05:44:49 +0100] "GET /ticket2/opencms/is/buying_tickets HTTP/1.1" 200 89095
66.249.76.169 - - [10/Mar/2025:05:44:51 +0100] "GET /ticket2/opencms/el/magazine/article?title=o-telikos-toy-euro-2024 HTTP/1.1" 200 97333
114.119.148.14 - - [10/Mar/2025:05:44:55 +0100] "GET /ticket2/opencms/en/venue/?venueid=FD61FD0F-7893-095D-0FF7-17503C5C1517 HTTP/1.1" 200 85279
185.191.171.1 - - [10/Mar/2025:05:44:57 +0100] "GET /ticket2/opencms/sr/sport/fudbalske-karte/premier-league/aston_villa HTTP/1.1" 200 101465
95.217.114.173 - - [10/Mar/2025:05:44:59 +0100] "GET /ticket2/opencms/sv/buy/?page=1&edid=DAB33F09-977D-C266-63B3-FBEFFC6E5FE4 HTTP/1.1" 200 110279
207.46.13.87 - - [10/Mar/2025:05:45:06 +0100] "GET /ticket2/opencms/az/buy?page=1&edid=32383021-E0A1-F77B-1AA6-B356381F213B HTTP/1.1" 200 111624
95.217.114.173 - - [10/Mar/2025:05:45:09 +0100] "GET /ticket2/opencms/sv/buy/?page=1&edid=DAB9E068-4556-D327-630A-839EF0CDC403 HTTP/1.1" 200 108123
114.119.132.9 - - [10/Mar/2025:05:45:12 +0100] "GET /ticket2/opencms/es/buy/?comcatid=A17713B6-D984-201A-4143-ED4DB5ED5C2E&catid=061607E6-22B7-6FFA-03FD-A4B8B13A943F HTTP/1.1" 200 103158
154.54.249.216 - - [10/Mar/2025:05:45:13 +0100] "GET /ticket2/opencms/fi/venue/?countryid=44E342A3-ABB4-8C4C-D9AB-B83FB043D424 HTTP/1.1" 200 116339
47.128.54.218 - - [10/Mar/2025:05:45:14 +0100] "GET /ticket2/opencms/sl/buy/?edid=86B4B2B3-495F-6DCC-061F-2AA67B1599F7 HTTP/1.1" 200 91578
95.217.114.173 - - [10/Mar/2025:05:45:17 +0100] "GET /ticket2/opencms/sv/buy/?page=1&edid=DACC7237-3037-15C9-1730-2E38BAB3AE84 HTTP/1.1" 200 108147
202.155.137.188 - - [10/Mar/2025:05:45:23 +0100] "GET /ticket2/opencms/sl/sport/nogometne-vstopnice/serie-a/atalanta HTTP/1.1" 200 101440
95.217.114.173 - - [10/Mar/2025:05:45:26 +0100] "GET /ticket2/opencms/sv/buy/?page=1&edid=DAD18921-7757-7B09-D8E3-909A6B1E7699 HTTP/1.1" 200 110289
114.119.152.134 - - [10/Mar/2025:05:45:30 +0100] "GET /ticket2/opencms/it/magazine/article?title=calendario-delle-partite-della-premier-league-premier-league-fixtures-20242025 HTTP/1.1" 200 92879
95.217.114.173 - - [10/Mar/2025:05:45:36 +0100] "GET /ticket2/opencms/sv/buy/?page=1&edid=DAD5BF8B-1E5F-EDF0-348E-929A9F750267 HTTP/1.1" 200 110944
85.208.96.209 - - [10/Mar/2025:05:45:38 +0100] "GET /ticket2/opencms/sv/magazine/article?title=upptack-la-liga-live-kop-biljetter-pa-ticket2 HTTP/1.1" 200 94311
114.119.153.152 - - [10/Mar/2025:05:45:39 +0100] "GET /ticket2/opencms/it/buy?page=1&edid=8F8AFDA3-3C8B-D87D-FFA3-870721625DCF HTTP/1.1" 200 108503
40.77.167.57 - - [10/Mar/2025:05:45:41 +0100] "GET /ticket2/opencms/hr/buy/?page=1&edid=A45990B9-A12C-0577-BA2E-9F588E99A8DB HTTP/1.1" 200 111860
47.128.116.128 - - [10/Mar/2025:05:45:42 +0100] "GET /ticket2/opencms/no/buy/?catid=0A6C99D2-F5BD-7A18-9A5F-5668827042E0&comcatid=A17713B6-D984-201A-4143-ED4DB5ED5C2E&eventid=AE8A6CAA-9529-DB54-69E5-B3169B36CD6E&page=6 HTTP/1.1" 200 113987
95.217.114.173 - - [10/Mar/2025:05:45:43 +0100] "GET /ticket2/opencms/sv/buy/?page=1&edid=DAE1D142-8E21-0CBD-ED28-2E6B637D45E1 HTTP/1.1" 200 110612
114.119.136.8 - - [10/Mar/2025:05:45:47 +0100] "GET /ticket2/opencms/en/buy?page=1&edid=FA00198D-D50F-CDFF-DB93-CC8DBFA98BAC HTTP/1.1" 200 110073
83.89.5.223 - - [10/Mar/2025:05:45:48 +0100] "GET /ticket2/opencms/ HTTP/1.1" 302 -
95.217.114.173 - - [10/Mar/2025:05:45:52 +0100] "GET /ticket2/opencms/sv/buy/?page=1&edid=DB4A6171-375A-7EBD-95AE-E937E7B36DB7 HTTP/1.1" 200 110656
95.217.114.173 - - [10/Mar/2025:05:46:01 +0100] "GET /ticket2/opencms/sv/buy/?page=1&edid=DB653943-ECFB-7118-47D3-55EBC2A526B9 HTTP/1.1" 200 111820
68.183.238.15 - - [10/Mar/2025:05:46:01 +0100] "GET /manager/html HTTP/1.1" 404 -
95.217.114.173 - - [10/Mar/2025:05:46:09 +0100] "GET /ticket2/opencms/sv/buy/?page=1&edid=DB74A074-E60F-4437-06D0-2DFEE09F95CE HTTP/1.1" 200 110082
185.191.171.17 - - [10/Mar/2025:05:46:10 +0100] "GET /ticket2/opencms/is/about/press/ HTTP/1.1" 200 88801
114.119.148.14 - - [10/Mar/2025:05:46:10 +0100] "GET /ticket2/opencms/en/venue/?venueid=F71B1DE7-11E1-4331-6276-7D92F25D2949 HTTP/1.1" 200 85481
95.217.114.173 - - [10/Mar/2025:05:46:17 +0100] "GET /ticket2/opencms/sv/buy/?page=1&edid=DB844E51-4AEA-1DB6-3740-0D7CB9A74E07 HTTP/1.1" 200 90110
95.217.114.173 - - [10/Mar/2025:05:46:25 +0100] "GET /ticket2/opencms/sv/buy/?page=1&edid=DB8C4F18-75B7-A38E-DC7A-9A06D521BF7E HTTP/1.1" 200 111196
95.217.114.173 - - [10/Mar/2025:05:46:35 +0100] "GET /ticket2/opencms/sv/buy/?page=1&edid=DB8E6B8B-D5E6-2798-B4FA-A83F6B0F61B9 HTTP/1.1" 200 112069
40.77.167.154 - - [10/Mar/2025:05:46:36 +0100] "GET /ticket2/opencms/sl/buy?page=1&edid=CC748805-AA77-5D07-7352-96CD97D4F5AC HTTP/1.1" 200 136783
114.119.141.178 - - [10/Mar/2025:05:46:37 +0100] "GET /ticket2/opencms/it/buy?page=1&edid=73051667-E602-2484-4334-CACF11D5B0AA HTTP/1.1" 200 90213
207.46.13.87 - - [10/Mar/2025:05:46:38 +0100] "GET /ticket2/opencms/lt/buy?page=1&edid=DE73DB51-4178-AA85-D066-1C5C2E4D27B9 HTTP/1.1" 200 110923
66.249.65.197 - - [10/Mar/2025:05:46:40 +0100] "GET /ticket2/opencms/sv/buy/?page=1&edid=FD42DDEF-AA18-D657-26F4-4C5F506AD21E HTTP/1.1" 200 110515
95.217.114.173 - - [10/Mar/2025:05:46:43 +0100] "GET /ticket2/opencms/sv/buy/?page=1&edid=DB9464FB-86A5-10EB-70F4-441EA85AA18E HTTP/1.1" 200 108138
114.119.130.23 - - [10/Mar/2025:05:46:44 +0100] "GET /ticket2/opencms/es/buy/?comcatid=A17713B6-D984-201A-4143-ED4DB5ED5C2E HTTP/1.1" 200 260517
95.217.114.173 - - [10/Mar/2025:05:46:51 +0100] "GET /ticket2/opencms/sv/buy/?page=1&edid=DBA24EC4-064E-38F3-96E4-34C95A0CD27F HTTP/1.1" 200 111439
66.249.74.137 - - [10/Mar/2025:05:46:52 +0100] "GET /ticket2/opencms/nl/buy/?page=1&edid=B63A2D15-1363-3F7D-6FAD-9E0AE65FC077 HTTP/1.1" 200 108502
20.171.207.10 - - [10/Mar/2025:05:46:53 +0100] "GET /ticket2/opencms/cs/buy/?edid=AE6A3F83-5880-348D-74D5-7D0AC94C9D5E&page=1 HTTP/1.1" 200 107927
20.171.207.10 - - [10/Mar/2025:05:46:55 +0100] "GET /ticket2/opencms/mo/buy/?edid=58B537D2-7EDD-B82C-2631-2D9BB6C7315B&page=1 HTTP/1.1" 200 108047
20.171.207.10 - - [10/Mar/2025:05:46:55 +0100] "GET /ticket2/opencms/cs/buy/?edid=58B537D2-7EDD-B82C-2631-2D9BB6C7315B&page=1 HTTP/1.1" 200 108000
20.171.207.10 - - [10/Mar/2025:05:46:57 +0100] "GET /ticket2/opencms/mo/buy/?edid=AE6A3F83-5880-348D-74D5-7D0AC94C9D5E&page=1 HTTP/1.1" 200 108039
20.171.207.10 - - [10/Mar/2025:05:46:58 +0100] "GET /ticket2/opencms/hu/buy/?edid=AE6A3F83-5880-348D-74D5-7D0AC94C9D5E&page=1 HTTP/1.1" 200 108235
66.249.74.2 - - [10/Mar/2025:05:46:58 +0100] "GET /ticket2/opencms/sv/buy/?page=1&edid=650A0D78-456F-EC5A-28FD-BB522C4AB0A0 HTTP/1.1" 200 110543
20.171.207.10 - - [10/Mar/2025:05:46:59 +0100] "GET /ticket2/opencms/dk/buy/?edid=AE6A3F83-5880-348D-74D5-7D0AC94C9D5E&page=1 HTTP/1.1" 200 106585
20.171.207.10 - - [10/Mar/2025:05:47:00 +0100] "GET /ticket2/opencms/en/buy/?edid=AE6A3F83-5880-348D-74D5-7D0AC94C9D5E&page=1 HTTP/1.1" 200 106214
185.191.171.13 - - [10/Mar/2025:05:47:00 +0100] "GET /ticket2/opencms/ro/magazine/article?title=viitoarele-stele HTTP/1.1" 200 93174
20.171.207.10 - - [10/Mar/2025:05:47:01 +0100] "GET /ticket2/opencms/sv/buy/?edid=AE6A3F83-5880-348D-74D5-7D0AC94C9D5E&page=1 HTTP/1.1" 200 107513
95.217.114.173 - - [10/Mar/2025:05:47:01 +0100] "GET /ticket2/opencms/sv/buy/?page=1&edid=DBAFD05C-928A-8ED7-774B-7E320D4BC50F HTTP/1.1" 200 111923
47.128.126.129 - - [10/Mar/2025:05:47:02 +0100] "GET /ticket2/opencms/hr/buy/?edid=B8A6965B-216E-27C8-9A3D-21241346030F HTTP/1.1" 200 91798
20.171.207.10 - - [10/Mar/2025:05:47:02 +0100] "GET /ticket2/opencms/bs/buy/?edid=AE6A3F83-5880-348D-74D5-7D0AC94C9D5E&page=1 HTTP/1.1" 200 107774
66.249.74.3 - - [10/Mar/2025:05:47:04 +0100] "GET /ticket2/opencms/et/magazine/article?title=fulham-fc HTTP/1.1" 200 92328
20.171.207.10 - - [10/Mar/2025:05:47:04 +0100] "GET /ticket2/opencms/et/buy/?edid=AE6A3F83-5880-348D-74D5-7D0AC94C9D5E&page=1 HTTP/1.1" 200 107804
114.119.135.251 - - [10/Mar/2025:05:47:04 +0100] "GET /ticket2/opencms/it/magazine/article?title=alexander-isak-stabilisce-un-record HTTP/1.1" 200 92653
20.171.207.10 - - [10/Mar/2025:05:47:05 +0100] "GET /ticket2/opencms/no/buy/?edid=58B537D2-7EDD-B82C-2631-2D9BB6C7315B&page=1 HTTP/1.1" 200 107368
20.171.207.10 - - [10/Mar/2025:05:47:06 +0100] "GET /ticket2/opencms/tr/buy/?edid=AE6A3F83-5880-348D-74D5-7D0AC94C9D5E&page=1 HTTP/1.1" 200 108162
157.55.39.7 - - [10/Mar/2025:05:47:07 +0100] "GET /ticket2/opencms/lt/magazine/article?title=tottenham-burnley-2024-05-11 HTTP/1.1" 200 91666
20.171.207.10 - - [10/Mar/2025:05:47:07 +0100] "GET /ticket2/opencms/uk/buy/?edid=AE6A3F83-5880-348D-74D5-7D0AC94C9D5E&page=1 HTTP/1.1" 200 110054
20.171.207.10 - - [10/Mar/2025:05:47:08 +0100] "GET /ticket2/opencms/ga/buy/?edid=AE6A3F83-5880-348D-74D5-7D0AC94C9D5E&page=1 HTTP/1.1" 200 108491
20.171.207.10 - - [10/Mar/2025:05:47:09 +0100] "GET /ticket2/opencms/tr/buy/?edid=58B537D2-7EDD-B82C-2631-2D9BB6C7315B&page=1 HTTP/1.1" 200 108299
47.128.33.146 - - [10/Mar/2025:05:47:10 +0100] "GET /ticket2/opencms/fr/buying_tickets/ HTTP/1.1" 200 92382
20.171.207.10 - - [10/Mar/2025:05:47:10 +0100] "GET /ticket2/opencms/lt/buy/?edid=AE6A3F83-5880-348D-74D5-7D0AC94C9D5E&page=1 HTTP/1.1" 200 108089
47.128.33.146 - - [10/Mar/2025:05:47:11 +0100] "GET /ticket2/opencms/system/modules/com.gridnine.opencms.ticketbrokerage.site/resources/css/images/event-banner.png HTTP/1.1" 404 -
95.217.114.173 - - [10/Mar/2025:05:47:11 +0100] "GET /ticket2/opencms/sv/buy/?page=1&edid=DBB4CDC4-5E0E-656F-1181-66C666A0DBB9 HTTP/1.1" 200 110594
47.128.33.146 - - [10/Mar/2025:05:47:11 +0100] "GET /ticket2/opencms/img/chat.png HTTP/1.1" 200 416
66.249.74.2 - - [10/Mar/2025:05:47:11 +0100] "GET /ticket2/opencms/fr/magazine/article?title=fermer-le-marche-des-transferts-plus-tot HTTP/1.1" 200 93148
20.171.207.10 - - [10/Mar/2025:05:47:12 +0100] "GET /ticket2/opencms/sr/buy/?edid=58B537D2-7EDD-B82C-2631-2D9BB6C7315B&page=1 HTTP/1.1" 200 108398
114.119.154.13 - - [10/Mar/2025:05:47:13 +0100] "GET /ticket2/opencms/en/buy/?page=1&edid=0D5116BF-5A00-7CB9-E70D-1494FA14036A HTTP/1.1" 200 108982
20.171.207.10 - - [10/Mar/2025:05:47:13 +0100] "GET /ticket2/opencms/no/buy/?edid=AE6A3F83-5880-348D-74D5-7D0AC94C9D5E&page=1 HTTP/1.1" 200 107345
52.167.144.203 - - [10/Mar/2025:05:47:13 +0100] "GET /ticket2/opencms/ka/buy/?page=1&edid=66EA5353-0EED-D56D-04FB-B3F43B6CCED9 HTTP/1.1" 200 118706
85.208.96.200 - - [10/Mar/2025:05:47:13 +0100] "GET /ticket2/opencms/sl/magazine/article?title=rodrigo-bentancur-suspendiran-za-sedem-tekem-zaradi-rasisticne-izjave HTTP/1.1" 200 93917
20.171.207.10 - - [10/Mar/2025:05:47:14 +0100] "GET /ticket2/opencms/bg/buy/?edid=AE6A3F83-5880-348D-74D5-7D0AC94C9D5E&page=1 HTTP/1.1" 200 110173
20.171.207.10 - - [10/Mar/2025:05:47:15 +0100] "GET /ticket2/opencms/sv/buy/?edid=58B537D2-7EDD-B82C-2631-2D9BB6C7315B&page=1 HTTP/1.1" 200 107475
157.55.39.195 - - [10/Mar/2025:05:47:16 +0100] "GET /ticket2/opencms/tr/buy?page=1&edid=C2943DE7-0FE2-91EA-C91E-C4366BCD7216 HTTP/1.1" 200 108853
114.119.146.220 - - [10/Mar/2025:05:47:16 +0100] "GET /ticket2/opencms/en/venue/?venueid=ECFCC413-6F93-5879-2B81-325F8445CB65 HTTP/1.1" 200 85426
20.171.207.10 - - [10/Mar/2025:05:47:16 +0100] "GET /ticket2/opencms/be/buy/?edid=AE6A3F83-5880-348D-74D5-7D0AC94C9D5E&page=1 HTTP/1.1" 200 110183
20.171.207.10 - - [10/Mar/2025:05:47:17 +0100] "GET /ticket2/opencms/sk/buy/?edid=58B537D2-7EDD-B82C-2631-2D9BB6C7315B&page=1 HTTP/1.1" 200 108045
20.171.207.10 - - [10/Mar/2025:05:47:19 +0100] "GET /ticket2/opencms/mt/buy/?edid=AE6A3F83-5880-348D-74D5-7D0AC94C9D5E&page=1 HTTP/1.1" 200 108182
20.171.207.10 - - [10/Mar/2025:05:47:20 +0100] "GET /ticket2/opencms/hr/buy/?edid=AE6A3F83-5880-348D-74D5-7D0AC94C9D5E&page=1 HTTP/1.1" 200 107988
95.217.114.173 - - [10/Mar/2025:05:47:21 +0100] "GET /ticket2/opencms/sv/buy/?page=1&edid=DBC2FDA7-391E-9027-A160-9B0C7C1D5DD1 HTTP/1.1" 200 110401
66.249.76.166 - - [10/Mar/2025:05:47:21 +0100] "GET /ticket2/opencms/et/magazine/article?title=liverpooli-jalgpalliklubi-kohta HTTP/1.1" 200 95723
20.171.207.10 - - [10/Mar/2025:05:47:21 +0100] "GET /ticket2/opencms/lv/buy/?edid=58B537D2-7EDD-B82C-2631-2D9BB6C7315B&page=1 HTTP/1.1" 200 108075
52.167.144.203 - - [10/Mar/2025:05:47:21 +0100] "GET /ticket2/opencms/dk/buy/?page=1&edid=6C755BD2-3E40-1F18-AF57-4283F42FB67F HTTP/1.1" 200 110207
20.171.207.10 - - [10/Mar/2025:05:47:22 +0100] "GET /ticket2/opencms/sl/buy/?edid=58B537D2-7EDD-B82C-2631-2D9BB6C7315B&page=1 HTTP/1.1" 200 107918
20.171.207.10 - - [10/Mar/2025:05:47:23 +0100] "GET /ticket2/opencms/ro/buy/?edid=AE6A3F83-5880-348D-74D5-7D0AC94C9D5E&page=1 HTTP/1.1" 200 108272
20.171.207.10 - - [10/Mar/2025:05:47:24 +0100] "GET /ticket2/opencms/fr/buy/?edid=58B537D2-7EDD-B82C-2631-2D9BB6C7315B&page=1 HTTP/1.1" 200 107700
20.171.207.10 - - [10/Mar/2025:05:47:26 +0100] "GET /ticket2/opencms/sl/buy/?edid=AE6A3F83-5880-348D-74D5-7D0AC94C9D5E&page=1 HTTP/1.1" 200 107916
20.171.207.10 - - [10/Mar/2025:05:47:27 +0100] "GET /ticket2/opencms/sk/buy/?edid=AE6A3F83-5880-348D-74D5-7D0AC94C9D5E&page=1 HTTP/1.1" 200 108092
20.171.207.10 - - [10/Mar/2025:05:47:28 +0100] "GET /ticket2/opencms/is/buy/?edid=AE6A3F83-5880-348D-74D5-7D0AC94C9D5E&page=1 HTTP/1.1" 200 107920
52.167.144.138 - - [10/Mar/2025:05:47:29 +0100] "GET /ticket2/opencms/az/buy?page=1&edid=9703B4F2-F8EC-4308-4ACF-3E0D3C506430 HTTP/1.1" 200 112795
20.171.207.10 - - [10/Mar/2025:05:47:30 +0100] "GET /ticket2/opencms/it/buy/?edid=AE6A3F83-5880-348D-74D5-7D0AC94C9D5E&page=1 HTTP/1.1" 200 90266
95.217.114.173 - - [10/Mar/2025:05:47:30 +0100] "GET /ticket2/opencms/sv/buy/?page=1&edid=DC0F3611-C833-A6F6-70F7-1A8DE9CE1F0E HTTP/1.1" 200 111332
20.171.207.10 - - [10/Mar/2025:05:47:30 +0100] "GET /ticket2/opencms/az/buy/?edid=AE6A3F83-5880-348D-74D5-7D0AC94C9D5E&page=1 HTTP/1.1" 200 108462
114.119.136.30 - - [10/Mar/2025:05:47:31 +0100] "GET /ticket2/opencms/it/buy?page=1&edid=7122E03D-6477-8F00-8197-FB4687732D5A HTTP/1.1" 200 111698
20.171.207.10 - - [10/Mar/2025:05:47:32 +0100] "GET /ticket2/opencms/lv/buy/?edid=AE6A3F83-5880-348D-74D5-7D0AC94C9D5E&page=1 HTTP/1.1" 200 108004
47.128.99.239 - - [10/Mar/2025:05:47:32 +0100] "GET /ticket2/opencms/hu/buy/?edid=41CD7066-237A-B852-387D-3D5D7B688DF9 HTTP/1.1" 200 91730
85.208.96.207 - - [10/Mar/2025:05:47:32 +0100] "GET /ticket2/opencms/fi/handbook_buyer/ HTTP/1.1" 200 93425
20.171.207.10 - - [10/Mar/2025:05:47:33 +0100] "GET /ticket2/opencms/hr/buy/?edid=58B537D2-7EDD-B82C-2631-2D9BB6C7315B&page=1 HTTP/1.1" 200 107946
20.171.207.10 - - [10/Mar/2025:05:47:34 +0100] "GET /ticket2/opencms/ka/buy/?edid=AE6A3F83-5880-348D-74D5-7D0AC94C9D5E&page=1 HTTP/1.1" 200 113584
20.171.207.10 - - [10/Mar/2025:05:47:35 +0100] "GET /ticket2/opencms/lt/buy/?edid=58B537D2-7EDD-B82C-2631-2D9BB6C7315B&page=1 HTTP/1.1" 200 108017
20.171.207.10 - - [10/Mar/2025:05:47:36 +0100] "GET /ticket2/opencms/mt/buy/?edid=58B537D2-7EDD-B82C-2631-2D9BB6C7315B&page=1 HTTP/1.1" 200 108195
185.191.171.18 - - [10/Mar/2025:05:47:37 +0100] "GET /ticket2/opencms/be/magazine/article?title=manchester-city-risks-relegation HTTP/1.1" 200 93397
95.217.114.173 - - [10/Mar/2025:05:47:37 +0100] "GET /ticket2/opencms/sv/buy/?page=1&edid=DC17638A-A464-04D3-43D9-DBC50F531118 HTTP/1.1" 200 110746
207.46.13.87 - - [10/Mar/2025:05:47:38 +0100] "GET /ticket2/opencms/sq/buy?page=1&edid=5956B73A-B807-7C9A-2F14-46BF41A9289C HTTP/1.1" 200 108998
20.171.207.10 - - [10/Mar/2025:05:47:38 +0100] "GET /ticket2/opencms/ro/buy/?edid=58B537D2-7EDD-B82C-2631-2D9BB6C7315B&page=1 HTTP/1.1" 200 108212
207.46.13.87 - - [10/Mar/2025:05:47:39 +0100] "GET /ticket2/opencms/is/buy/?page=1&edid=3ED65AD6-1279-C02D-A742-75E583A6E3FA HTTP/1.1" 200 111914
20.171.207.10 - - [10/Mar/2025:05:47:39 +0100] "GET /ticket2/opencms/fi/buy/?edid=AE6A3F83-5880-348D-74D5-7D0AC94C9D5E&page=1 HTTP/1.1" 200 107790
20.171.207.10 - - [10/Mar/2025:05:47:40 +0100] "GET /ticket2/opencms/sr/buy/?edid=AE6A3F83-5880-348D-74D5-7D0AC94C9D5E&page=1 HTTP/1.1" 200 108293
20.171.207.10 - - [10/Mar/2025:05:47:41 +0100] "GET /ticket2/opencms/fr/buy/?edid=AE6A3F83-5880-348D-74D5-7D0AC94C9D5E&page=1 HTTP/1.1" 200 107758
66.249.76.167 - - [10/Mar/2025:05:47:42 +0100] "GET /ticket2/opencms/el/sell/?edid=E283AC65-3197-392C-E040-FCBDD904729E HTTP/1.1" 302 -
20.171.207.10 - - [10/Mar/2025:05:47:42 +0100] "GET /ticket2/opencms/bs/buy/?edid=71EE099C-7687-5A08-B204-7EA14D124AB2&page=1 HTTP/1.1" 200 107804
20.171.207.10 - - [10/Mar/2025:05:47:43 +0100] "GET /ticket2/opencms/hr/buy/?edid=71EE099C-7687-5A08-B204-7EA14D124AB2&page=1 HTTP/1.1" 200 107938
20.171.207.10 - - [10/Mar/2025:05:47:44 +0100] "GET /ticket2/opencms/fr/buy/?edid=71EE099C-7687-5A08-B204-7EA14D124AB2&page=1 HTTP/1.1" 200 107748
20.171.207.10 - - [10/Mar/2025:05:47:45 +0100] "GET /ticket2/opencms/cs/buy/?edid=71EE099C-7687-5A08-B204-7EA14D124AB2&page=1 HTTP/1.1" 200 108021
95.217.114.173 - - [10/Mar/2025:05:47:46 +0100] "GET /ticket2/opencms/sv/buy/?page=1&edid=DC8EE561-7731-19D4-6D47-9B5EDFF02C84 HTTP/1.1" 200 110444
20.171.207.10 - - [10/Mar/2025:05:47:47 +0100] "GET /ticket2/opencms/sl/buy/?edid=71EE099C-7687-5A08-B204-7EA14D124AB2&page=1 HTTP/1.1" 200 107922
20.171.207.10 - - [10/Mar/2025:05:47:48 +0100] "GET /ticket2/opencms/fi/buy/?edid=71EE099C-7687-5A08-B204-7EA14D124AB2&page=1 HTTP/1.1" 200 107871
20.171.207.10 - - [10/Mar/2025:05:47:49 +0100] "GET /ticket2/opencms/ro/buy/?edid=71EE099C-7687-5A08-B204-7EA14D124AB2&page=1 HTTP/1.1" 200 108238
66.249.65.195 - - [10/Mar/2025:05:47:50 +0100] "GET /ticket2/opencms/el/login/?url=/el/sell/ HTTP/1.1" 200 93379
52.167.144.203 - - [10/Mar/2025:05:47:50 +0100] "GET /ticket2/opencms/fr/buy/?page=1&edid=73A88563-7759-0E47-FDEF-C8A00CE04F94 HTTP/1.1" 200 111630
20.171.207.10 - - [10/Mar/2025:05:47:50 +0100] "GET /ticket2/opencms/az/buy/?edid=71EE099C-7687-5A08-B204-7EA14D124AB2&page=1 HTTP/1.1" 200 108390
20.171.207.10 - - [10/Mar/2025:05:47:51 +0100] "GET /ticket2/opencms/is/buy/?edid=71EE099C-7687-5A08-B204-7EA14D124AB2&page=1 HTTP/1.1" 200 108039
20.171.207.10 - - [10/Mar/2025:05:47:52 +0100] "GET /ticket2/opencms/lt/buy/?edid=71EE099C-7687-5A08-B204-7EA14D124AB2&page=1 HTTP/1.1" 200 108118
66.249.76.42 - - [10/Mar/2025:05:47:53 +0100] "GET /ticket2/opencms/nl/buy/?page=1&edid=BBDCBF15-1B06-DD9F-49B6-3829D3B56DBC HTTP/1.1" 200 108480
20.171.207.10 - - [10/Mar/2025:05:47:54 +0100] "GET /ticket2/opencms/sr/buy/?edid=71EE099C-7687-5A08-B204-7EA14D124AB2&page=1 HTTP/1.1" 200 108425
114.119.150.86 - - [10/Mar/2025:05:47:55 +0100] "GET /ticket2/opencms/it/buy?page=1&edid=523E9F78-BACB-2166-034C-D68028D3EC00 HTTP/1.1" 200 111167
20.171.207.10 - - [10/Mar/2025:05:47:55 +0100] "GET /ticket2/opencms/be/buy/?edid=71EE099C-7687-5A08-B204-7EA14D124AB2&page=1 HTTP/1.1" 200 110158
95.217.114.173 - - [10/Mar/2025:05:47:56 +0100] "GET /ticket2/opencms/sv/buy/?page=1&edid=DCAD74C0-E117-C164-2FDB-D5075B4F59DF HTTP/1.1" 200 108225
20.171.207.10 - - [10/Mar/2025:05:47:56 +0100] "GET /ticket2/opencms/hu/buy/?edid=71EE099C-7687-5A08-B204-7EA14D124AB2&page=1 HTTP/1.1" 200 108251
20.171.207.10 - - [10/Mar/2025:05:47:57 +0100] "GET /ticket2/opencms/en/buy/?edid=71EE099C-7687-5A08-B204-7EA14D124AB2&page=1 HTTP/1.1" 200 106182
20.171.207.10 - - [10/Mar/2025:05:47:58 +0100] "GET /ticket2/opencms/it/buy/?edid=71EE099C-7687-5A08-B204-7EA14D124AB2&page=1 HTTP/1.1" 200 90252
20.171.207.10 - - [10/Mar/2025:05:47:59 +0100] "GET /ticket2/opencms/ga/buy/?edid=71EE099C-7687-5A08-B204-7EA14D124AB2&page=1 HTTP/1.1" 200 108424
20.171.207.10 - - [10/Mar/2025:05:48:01 +0100] "GET /ticket2/opencms/uk/buy/?edid=71EE099C-7687-5A08-B204-7EA14D124AB2&page=1 HTTP/1.1" 200 110209
20.171.207.10 - - [10/Mar/2025:05:48:02 +0100] "GET /ticket2/opencms/no/buy/?edid=71EE099C-7687-5A08-B204-7EA14D124AB2&page=1 HTTP/1.1" 200 107386
157.55.39.195 - - [10/Mar/2025:05:48:03 +0100] "GET /ticket2/opencms/ro/buy/?page=1&edid=9F80D7E4-C3CD-1252-256F-CE7A7B9BF210 HTTP/1.1" 200 108924
20.171.207.10 - - [10/Mar/2025:05:48:03 +0100] "GET /ticket2/opencms/ka/buy/?edid=71EE099C-7687-5A08-B204-7EA14D124AB2&page=1 HTTP/1.1" 200 113597
20.171.207.10 - - [10/Mar/2025:05:48:04 +0100] "GET /ticket2/opencms/sk/buy/?edid=71EE099C-7687-5A08-B204-7EA14D124AB2&page=1 HTTP/1.1" 200 108165
114.119.141.206 - - [10/Mar/2025:05:48:05 +0100] "GET /ticket2/opencms/es/buy/?page=1&edid=E283AC65-3197-392C-E040-FCBDD904729E HTTP/1.1" 200 121388
20.171.207.10 - - [10/Mar/2025:05:48:05 +0100] "GET /ticket2/opencms/dk/buy/?edid=71EE099C-7687-5A08-B204-7EA14D124AB2&page=1 HTTP/1.1" 200 106654
95.217.114.173 - - [10/Mar/2025:05:48:06 +0100] "GET /ticket2/opencms/sv/buy/?page=1&edid=DCBA862D-C641-83C3-073B-674B49C90711 HTTP/1.1" 200 108196
20.171.207.10 - - [10/Mar/2025:05:48:06 +0100] "GET /ticket2/opencms/mo/buy/?edid=71EE099C-7687-5A08-B204-7EA14D124AB2&page=1 HTTP/1.1" 200 108136
20.171.207.10 - - [10/Mar/2025:05:48:07 +0100] "GET /ticket2/opencms/et/buy/?edid=71EE099C-7687-5A08-B204-7EA14D124AB2&page=1 HTTP/1.1" 200 107885
54.36.148.251 - - [10/Mar/2025:05:48:08 +0100] "GET /ticket2/opencms/bs/buy?page=1&edid=1ABC406A-92BD-FDCF-3BD6-80A52E60B34F HTTP/1.1" 200 145772
20.171.207.10 - - [10/Mar/2025:05:48:09 +0100] "GET /ticket2/opencms/mt/buy/?edid=71EE099C-7687-5A08-B204-7EA14D124AB2&page=1 HTTP/1.1" 200 108128
185.191.171.3 - - [10/Mar/2025:05:48:09 +0100] "GET /ticket2/opencms/az/magazine/article?title=chelsea-vs-tottenham-2-0 HTTP/1.1" 200 94165
20.171.207.10 - - [10/Mar/2025:05:48:10 +0100] "GET /ticket2/opencms/tr/buy/?edid=71EE099C-7687-5A08-B204-7EA14D124AB2&page=1 HTTP/1.1" 200 108131
20.171.207.10 - - [10/Mar/2025:05:48:11 +0100] "GET /ticket2/opencms/sv/buy/?edid=71EE099C-7687-5A08-B204-7EA14D124AB2&page=1 HTTP/1.1" 200 107564
20.171.207.10 - - [10/Mar/2025:05:48:12 +0100] "GET /ticket2/opencms/lv/buy/?edid=71EE099C-7687-5A08-B204-7EA14D124AB2&page=1 HTTP/1.1" 200 108076
20.171.207.10 - - [10/Mar/2025:05:48:13 +0100] "GET /ticket2/opencms/bg/buy/?edid=71EE099C-7687-5A08-B204-7EA14D124AB2&page=1 HTTP/1.1" 200 110258
20.171.207.10 - - [10/Mar/2025:05:48:14 +0100] "GET /ticket2/opencms/fi/buy/?edid=58B537D2-7EDD-B82C-2631-2D9BB6C7315B&page=1 HTTP/1.1" 200 107797
185.191.171.15 - - [10/Mar/2025:05:48:14 +0100] "GET /ticket2/opencms/mo/magazine/article?title=thomas-tuchel-sera-o-novo-treinador-da-selecao-da-inglaterra HTTP/1.1" 200 94855
20.171.207.10 - - [10/Mar/2025:05:48:15 +0100] "GET /ticket2/opencms/et/buy/?edid=58B537D2-7EDD-B82C-2631-2D9BB6C7315B&page=1 HTTP/1.1" 200 107891
114.119.131.180 - - [10/Mar/2025:05:48:16 +0100] "GET /ticket2/opencms/en/buy/?comcatid=97ECA65A-72DA-F9AF-9DBB-245D3CFED1BE&catid=8B6802AF-1ADE-4BE1-A1F7-7671190CFB4F HTTP/1.1" 200 96475
20.171.207.10 - - [10/Mar/2025:05:48:17 +0100] "GET /ticket2/opencms/uk/buy/?edid=58B537D2-7EDD-B82C-2631-2D9BB6C7315B&page=1 HTTP/1.1" 200 110198
95.217.114.173 - - [10/Mar/2025:05:48:18 +0100] "GET /ticket2/opencms/sv/buy/?page=1&edid=DCE3E4CD-1151-6C5F-682C-AD1387C261F1 HTTP/1.1" 200 108122
20.171.207.10 - - [10/Mar/2025:05:48:18 +0100] "GET /ticket2/opencms/hu/buy/?edid=58B537D2-7EDD-B82C-2631-2D9BB6C7315B&page=1 HTTP/1.1" 200 108151
20.171.207.10 - - [10/Mar/2025:05:48:19 +0100] "GET /ticket2/opencms/it/buy/?edid=58B537D2-7EDD-B82C-2631-2D9BB6C7315B&page=1 HTTP/1.1" 200 90278
52.167.144.203 - - [10/Mar/2025:05:48:20 +0100] "GET /ticket2/opencms/lv/buy?page=1&edid=3BC0166D-3334-F436-7AC9-C815C4D456EB HTTP/1.1" 200 111712
20.171.207.10 - - [10/Mar/2025:05:48:20 +0100] "GET /ticket2/opencms/bs/buy/?edid=58B537D2-7EDD-B82C-2631-2D9BB6C7315B&page=1 HTTP/1.1" 200 107834
114.119.152.134 - - [10/Mar/2025:05:48:21 +0100] "GET /ticket2/opencms/it/buy?page=1&edid=10597F35-2AC7-31D2-FB61-15A36BB6D73B HTTP/1.1" 200 135800
20.171.207.10 - - [10/Mar/2025:05:48:21 +0100] "GET /ticket2/opencms/dk/buy/?edid=58B537D2-7EDD-B82C-2631-2D9BB6C7315B&page=1 HTTP/1.1" 200 106573
20.171.207.10 - - [10/Mar/2025:05:48:22 +0100] "GET /ticket2/opencms/ka/buy/?edid=58B537D2-7EDD-B82C-2631-2D9BB6C7315B&page=1 HTTP/1.1" 200 113542
20.171.207.10 - - [10/Mar/2025:05:48:23 +0100] "GET /ticket2/opencms/is/buy/?edid=58B537D2-7EDD-B82C-2631-2D9BB6C7315B&page=1 HTTP/1.1" 200 107963
47.128.39.78 - - [10/Mar/2025:05:48:24 +0100] "GET /ticket2/opencms/hr/buy/?edid=04B0DB48-8735-9FEB-09F8-41C9C1D4D32E HTTP/1.1" 200 91699
20.171.207.10 - - [10/Mar/2025:05:48:24 +0100] "GET /ticket2/opencms/en/buy/?edid=58B537D2-7EDD-B82C-2631-2D9BB6C7315B&page=1 HTTP/1.1" 200 106172
20.171.207.10 - - [10/Mar/2025:05:48:26 +0100] "GET /ticket2/opencms/az/buy/?edid=58B537D2-7EDD-B82C-2631-2D9BB6C7315B&page=1 HTTP/1.1" 200 108291
20.171.207.10 - - [10/Mar/2025:05:48:27 +0100] "GET /ticket2/opencms/de/buy/?edid=71EE099C-7687-5A08-B204-7EA14D124AB2&page=1 HTTP/1.1" 200 107659
20.171.207.10 - - [10/Mar/2025:05:48:28 +0100] "GET /ticket2/opencms/be/buy/?edid=58B537D2-7EDD-B82C-2631-2D9BB6C7315B&page=1 HTTP/1.1" 200 110074
95.217.114.173 - - [10/Mar/2025:05:48:29 +0100] "GET /ticket2/opencms/sv/buy/?page=1&edid=DCF26A96-21C1-4B1A-0BC5-B98292623601 HTTP/1.1" 200 110698
20.171.207.10 - - [10/Mar/2025:05:48:29 +0100] "GET /ticket2/opencms/ga/buy/?edid=58B537D2-7EDD-B82C-2631-2D9BB6C7315B&page=1 HTTP/1.1" 200 108422
20.171.207.10 - - [10/Mar/2025:05:48:30 +0100] "GET /ticket2/opencms/bg/buy/?edid=58B537D2-7EDD-B82C-2631-2D9BB6C7315B&page=1 HTTP/1.1" 200 110214
40.77.167.48 - - [10/Mar/2025:05:48:31 +0100] "GET /ticket2/opencms/en/buy/?page=1&edid=656D28DC-44D7-F9B6-001A-A9537260D01A HTTP/1.1" 200 106899
20.171.207.10 - - [10/Mar/2025:05:48:31 +0100] "GET /ticket2/opencms/sr/sport/fudbalske-karte/ligue-1 HTTP/1.1" 500 -
157.55.39.195 - - [10/Mar/2025:05:48:32 +0100] "GET /ticket2/opencms/hy/buy?page=6&comcatid=B41CCF2B-5558-7AEE-3602-09BBDE417D65&catid=36DC4BE2-91A2-6146-2BE9-47B6F3C44EDB HTTP/1.1" 404 -
20.171.207.10 - - [10/Mar/2025:05:48:33 +0100] "GET /ticket2/opencms/be/sport/futbol-kvitki/ligue-1 HTTP/1.1" 500 -
85.208.96.210 - - [10/Mar/2025:05:48:33 +0100] "GET /ticket2/opencms/lt/magazine/article?title=mohamed-salah-pratesti-sutarti-su-liverpool HTTP/1.1" 200 95157
20.171.207.10 - - [10/Mar/2025:05:48:36 +0100] "GET /ticket2/opencms/lv/sport/futbola-biletes/ligue-1 HTTP/1.1" 500 -
216.244.66.238 - - [10/Mar/2025:05:48:39 +0100] "GET /ticket2/opencms/fr/sport/billets-football/serie_a/empoli HTTP/1.1" 500 -
95.217.114.173 - - [10/Mar/2025:05:48:40 +0100] "GET /ticket2/opencms/sv/buy/?page=1&edid=DD05C9DE-F15C-D08D-1A14-2EB94D8B2931 HTTP/1.1" 200 108020
202.155.137.45 - - [10/Mar/2025:05:48:43 +0100] "GET /ticket2/opencms/uk/sport/kvytky-na-futbol/bundesliga/bayer-leverkusen HTTP/1.1" 200 102259
47.128.109.56 - - [10/Mar/2025:05:48:43 +0100] "GET /ticket2/opencms/fi/venue/?venueid=6D0642BB-05FC-BA80-36B9-6F63B86457CB HTTP/1.1" 200 87018
54.36.148.229 - - [10/Mar/2025:05:48:43 +0100] "GET /ticket2/opencms/ga/buy?page=1&edid=5E608C7A-903B-E4BB-4868-5D83917347B8 HTTP/1.1" 200 112422
185.191.171.17 - - [10/Mar/2025:05:48:43 +0100] "GET /ticket2/opencms/hu/magazine/article?title=a-ballon-dor-ra-jeloltek-listaja HTTP/1.1" 200 95097
95.217.114.173 - - [10/Mar/2025:05:48:50 +0100] "GET /ticket2/opencms/sv/buy/?page=1&edid=DD5B8B5C-4127-5C16-39BD-75C8AA69D4C7 HTTP/1.1" 200 110539
114.119.143.233 - - [10/Mar/2025:05:48:55 +0100] "GET /ticket2/opencms/is/buy?page=6&=A17713B6-D984-201A-4143-ED4DB5ED5C2E&catid=7EF04817-972D-18B1-F941-DE800D088075&eventid=F603D761-976F-00E2-B927-85C4D97104AA HTTP/1.1" 200 95533
52.167.144.203 - - [10/Mar/2025:05:49:02 +0100] "GET /ticket2/opencms/lv/buy?page=1&edid=3F94E8C1-1B5D-345B-3C70-90C22CD1CA49 HTTP/1.1" 200 111743
95.217.114.173 - - [10/Mar/2025:05:49:04 +0100] "GET /ticket2/opencms/sv/buy/?page=1&edid=DD7009E0-BEDD-5FDF-FBEC-9803C9276491 HTTP/1.1" 200 111799
114.119.141.34 - - [10/Mar/2025:05:49:04 +0100] "GET /ticket2/opencms/en/venue/?venueid=E55C8CCF-764B-AF44-280A-0CE7B8680CA3 HTTP/1.1" 200 85326
66.249.74.3 - - [10/Mar/2025:05:49:10 +0100] "GET /ticket2/opencms/fr/magazine/article?title=diffusions-de-leuro HTTP/1.1" 200 94591
114.119.132.9 - - [10/Mar/2025:05:49:10 +0100] "GET /ticket2/opencms/es/buy/?page=1&edid=BD48505E-E559-55E9-6DFD-077C302A0A13 HTTP/1.1" 200 128930
66.249.65.196 - - [10/Mar/2025:05:49:11 +0100] "GET /ticket2/opencms/hr/buy/?page=1&edid=D08931AA-445E-BC00-3BB5-1EF2DCED50E2 HTTP/1.1" 200 108655
95.217.114.173 - - [10/Mar/2025:05:49:14 +0100] "GET /ticket2/opencms/sv/buy/?page=1&edid=DDC40197-C63B-2875-1DBD-858E36E0D61F HTTP/1.1" 200 111182
157.55.39.195 - - [10/Mar/2025:05:49:15 +0100] "GET /ticket2/opencms/mt/buy/?page=1&edid=8DE70B5D-0EED-4B8F-DCC0-5FFB51FC5504 HTTP/1.1" 200 111175
195.191.219.131 - - [10/Mar/2025:05:49:20 +0100] "GET /ticket2/opencms/robots.txt HTTP/1.1" 200 773
195.191.219.131 - - [10/Mar/2025:05:49:22 +0100] "GET /ticket2/opencms/sv/ HTTP/1.1" 200 103571
95.217.114.173 - - [10/Mar/2025:05:49:25 +0100] "GET /ticket2/opencms/sv/buy/?page=1&edid=DE2CE17E-CF4D-EAEA-BC0F-8ECA229303D7 HTTP/1.1" 200 110222
85.208.96.212 - - [10/Mar/2025:05:49:28 +0100] "GET /ticket2/opencms/fr/magazine/article?title=achetez-des-billets-pour-la-bundesliga-sur-ticket2com HTTP/1.1" 200 93106
85.208.96.200 - - [10/Mar/2025:05:49:30 +0100] "GET /ticket2/opencms/hu/sport/focijegyek/bundesliga/union_berlin/ HTTP/1.1" 200 98540
114.119.145.123 - - [10/Mar/2025:05:49:35 +0100] "GET /ticket2/opencms/it/buy/?page=1&edid=E8C34E6F-F034-0C2A-D437-ABD4D0BC81CD HTTP/1.1" 200 111620
95.217.114.173 - - [10/Mar/2025:05:49:36 +0100] "GET /ticket2/opencms/sv/buy/?page=1&edid=DE57F8FA-9219-7B6F-C52C-4E26A1185AB4 HTTP/1.1" 200 110481
183.87.37.149 - - [10/Mar/2025:05:49:36 +0100] "GET /ticket2/opencms/lt/buy?page=1&edid=2684212B-FA50-DC4B-3CFA-1303E9638140 HTTP/1.1" 200 111323
114.119.157.43 - - [10/Mar/2025:05:49:37 +0100] "GET /ticket2/opencms/is/buy?page=1&edid=FD59DED4-6E14-E085-382D-C3619CCA9FA8 HTTP/1.1" 200 112476
47.128.59.240 - - [10/Mar/2025:05:49:45 +0100] "GET /ticket2/opencms/hr/buy/?edid=8B884D00-0090-F7F9-0339-733FDDA065DC HTTP/1.1" 200 91740
52.167.144.168 - - [10/Mar/2025:05:49:46 +0100] "GET /ticket2/opencms/en/magazine/article?title=michail-antonio-injured-after-car-accident HTTP/1.1" 200 91956
