20.171.207.101 - - [12/Mar/2025:03:45:30 +0100] "GET /ticket2/opencms/set_aff_cookie.jsp?partner=6F250EA7-4505-FA01-D601-8847F2573405&url=%252Fno%252Fbuy%252Findex.html%253Fpage%253D1%2526edid%253DF62458EA-DB34-886B-037E-58EA518FDDA0%2526hlv%253D611cd21a-c9b8-4c75-bedb-5e510a01000f%2523v_357663969 HTTP/1.1" 200 246
37.123.143.11 - - [12/Mar/2025:03:45:30 +0100] "GET /ticket2/opencms/system/workplace/views/top_foot.jsp?wpFrame=foot HTTP/1.1" 200 1209
37.123.143.11 - - [12/Mar/2025:03:45:30 +0100] "GET /ticket2/opencms/system/workplace/commons/style/workplace.css HTTP/1.1" 200 14209
20.171.207.101 - - [12/Mar/2025:03:45:34 +0100] "GET /ticket2/opencms/set_aff_cookie.jsp?partner=6F250EA7-4505-FA01-D601-8847F2573405&url=%252Fno%252Fbuy%252Findex.html%253Fpage%253D1%2526edid%253D0E138D6B-EAE4-AAFF-6AB5-84BFB6980E29%2526hlv%253D61154e32-cb28-482b-8ee1-15fa0a01000f%2523v_930453524 HTTP/1.1" 200 246
185.117.225.58 - - [12/Mar/2025:03:45:36 +0100] "GET /ticket2/opencms/robots.txt HTTP/1.1" 200 773
114.119.145.123 - - [12/Mar/2025:03:45:39 +0100] "GET /ticket2/opencms/en/venue/?venueid=EF46960E-40F0-93E3-4C59-3165FC2C860D HTTP/1.1" 200 85305
185.117.225.58 - - [12/Mar/2025:03:45:39 +0100] "GET /ticket2/opencms/ HTTP/1.1" 302 -
185.117.225.58 - - [12/Mar/2025:03:45:41 +0100] "GET /ticket2/opencms/en/ HTTP/1.1" 200 101993
20.171.207.101 - - [12/Mar/2025:03:45:41 +0100] "GET /ticket2/opencms/set_aff_cookie.jsp?partner=6F250EA7-4505-FA01-D601-8847F2573405&url=%252Fno%252Fbuy%252Findex.html%253Fpage%253D1%2526edid%253DE7560AB3-0BA2-E806-DEFE-5D8CC4C6CAA3%2526hlv%253D610bcffc-6288-4e28-8a11-16270a01000f%2523v_859571855 HTTP/1.1" 200 246
185.117.225.58 - - [12/Mar/2025:03:45:42 +0100] "GET /ticket2/opencms/system/modules/com.gridnine.opencms.ticketbrokerage.site/resources/css/ticketbrokerage.css HTTP/1.1" 200 39339
185.117.225.58 - - [12/Mar/2025:03:45:42 +0100] "GET /ticket2/opencms/system/modules/com.gridnine.opencms.ticketbrokerage.site/resources/js/jquery/jquery-ui.js HTTP/1.1" 200 228088
185.117.225.58 - - [12/Mar/2025:03:45:42 +0100] "GET /ticket2/opencms/system/modules/com.gridnine.opencms.ticketbrokerage.site/resources/css/jquery-ui.css HTTP/1.1" 200 33221
185.117.225.58 - - [12/Mar/2025:03:45:42 +0100] "GET /ticket2/opencms/system/modules/com.gridnine.opencms.ticketbrokerage.site/resources/js/functions.js HTTP/1.1" 200 1583
185.117.225.58 - - [12/Mar/2025:03:45:43 +0100] "GET /ticket2/opencms/system/modules/com.gridnine.opencms.ticketbrokerage.site/resources/css/standard.css HTTP/1.1" 200 74449
185.117.225.58 - - [12/Mar/2025:03:45:43 +0100] "GET /ticket2/opencms/system/modules/com.gridnine.opencms.ticketbrokerage.site/resources/css/jquery.fancybox.css HTTP/1.1" 200 4939
185.117.225.58 - - [12/Mar/2025:03:45:43 +0100] "GET /ticket2/opencms/system/modules/com.gridnine.opencms.ticketbrokerage.site/resources/css/calendar.css HTTP/1.1" 200 6871
185.117.225.58 - - [12/Mar/2025:03:45:43 +0100] "GET /ticket2/opencms/system/modules/com.gridnine.opencms.ticketbrokerage.site/resources/js/calendar-en.js HTTP/1.1" 200 3338
185.117.225.58 - - [12/Mar/2025:03:45:43 +0100] "GET /ticket2/opencms/system/modules/com.gridnine.opencms.ticketbrokerage.site/resources/js/stickyfill.min.js HTTP/1.1" 200 5672
185.117.225.58 - - [12/Mar/2025:03:45:43 +0100] "GET /ticket2/opencms/system/modules/com.gridnine.opencms.ticketbrokerage.site/resources/js/jquery/jquery.js HTTP/1.1" 200 93868
185.117.225.58 - - [12/Mar/2025:03:45:43 +0100] "GET /ticket2/opencms/system/modules/com.gridnine.opencms.ticketbrokerage.site/resources/js/calendar.js HTTP/1.1" 200 49229
185.117.225.58 - - [12/Mar/2025:03:45:43 +0100] "GET /ticket2/opencms/system/modules/com.gridnine.opencms.ticketbrokerage.site/resources/js/jquery.fancybox.pack.js HTTP/1.1" 200 23187
185.117.225.58 - - [12/Mar/2025:03:45:43 +0100] "GET /ticket2/opencms/system/modules/com.gridnine.opencms.ticketbrokerage.site/resources/js/calendar-setup.js HTTP/1.1" 200 4923
185.117.225.58 - - [12/Mar/2025:03:45:43 +0100] "GET /ticket2/opencms/system/modules/com.gridnine.opencms.ticketbrokerage.site/resources/js/standard.js HTTP/1.1" 200 3983
185.117.225.58 - - [12/Mar/2025:03:45:43 +0100] "GET /ticket2/opencms/system/modules/com.gridnine.opencms.ticketbrokerage.site/resources/js/jquery.placeholder.min.js HTTP/1.1" 200 1737
185.117.225.58 - - [12/Mar/2025:03:45:43 +0100] "GET /ticket2/opencms/system/modules/com.gridnine.opencms.ticketbrokerage.site/resources/js/common-ajax.js HTTP/1.1" 200 20175
54.36.149.30 - - [12/Mar/2025:03:45:43 +0100] "GET /ticket2/opencms/hr/buy?page=1&edid=6491C4B6-5C45-20F3-BDEC-54EE4BA903D5 HTTP/1.1" 200 111513
185.117.225.58 - - [12/Mar/2025:03:45:43 +0100] "GET /ticket2/opencms/system/modules/com.gridnine.opencms.ticketbrokerage.site/resources/pics/logo-new.png HTTP/1.1" 200 13541
185.117.225.58 - - [12/Mar/2025:03:45:43 +0100] "GET /ticket2/opencms/img/insta.png HTTP/1.1" 200 3967
185.117.225.58 - - [12/Mar/2025:03:45:44 +0100] "GET /ticket2/opencms/img/fb.png HTTP/1.1" 200 1269
185.117.225.58 - - [12/Mar/2025:03:45:44 +0100] "GET /ticket2/opencms/system/modules/com.gridnine.opencms.ticketbrokerage.site/resources/pics/footer-img.jpg HTTP/1.1" 200 67642
185.117.225.58 - - [12/Mar/2025:03:45:44 +0100] "GET /ticket2/opencms/img/check.png HTTP/1.1" 200 548
185.117.225.58 - - [12/Mar/2025:03:45:44 +0100] "GET /ticket2/opencms/img/arrow.png HTTP/1.1" 200 753
185.117.225.58 - - [12/Mar/2025:03:45:44 +0100] "GET /ticket2/opencms/img/chat.png HTTP/1.1" 200 416
185.117.225.58 - - [12/Mar/2025:03:45:44 +0100] "GET /ticket2/opencms/img/mail.png HTTP/1.1" 200 403
20.171.207.101 - - [12/Mar/2025:03:45:45 +0100] "GET /ticket2/opencms/set_aff_cookie.jsp?partner=6F250EA7-4505-FA01-D601-8847F2573405&url=%252Fno%252Fbuy%252Findex.html%253Fpage%253D1%2526edid%253DA2DDA4E4-44CC-604A-D0E5-6CFEACA7D15C%2526hlv%253D612aa865-a348-459d-a945-6d5c0a01000f%2523v_811816959 HTTP/1.1" 200 246
185.117.225.58 - - [12/Mar/2025:03:45:45 +0100] "GET /ticket2/opencms/img/banner-sa.jpeg HTTP/1.1" 200 41270
185.117.225.58 - - [12/Mar/2025:03:45:45 +0100] "GET /ticket2/opencms/img/banner-ll.jpeg HTTP/1.1" 200 41825
185.117.225.58 - - [12/Mar/2025:03:45:45 +0100] "GET /ticket2/opencms/img/banner-pl.jpeg HTTP/1.1" 200 41818
185.117.225.58 - - [12/Mar/2025:03:45:46 +0100] "GET /ticket2/opencms/img/icons/globe-white.png HTTP/1.1" 200 947
185.117.225.58 - - [12/Mar/2025:03:45:46 +0100] "GET /ticket2/opencms/img/icons/se.png HTTP/1.1" 200 1258
185.117.225.58 - - [12/Mar/2025:03:45:46 +0100] "GET /ticket2/opencms/img/icons/en.png HTTP/1.1" 200 2415
85.208.96.204 - - [12/Mar/2025:03:45:46 +0100] "GET /ticket2/opencms/de/sport/fussball-tickets/serie_a/monza/ HTTP/1.1" 500 -
185.117.225.58 - - [12/Mar/2025:03:45:46 +0100] "GET /ticket2/opencms/img/icons/fi.png HTTP/1.1" 200 1785
185.117.225.58 - - [12/Mar/2025:03:45:46 +0100] "GET /ticket2/opencms/img/icons/dk.png HTTP/1.1" 200 1706
185.117.225.58 - - [12/Mar/2025:03:45:46 +0100] "GET /ticket2/opencms/img/icons/no.png HTTP/1.1" 200 1958
185.117.225.58 - - [12/Mar/2025:03:45:46 +0100] "GET /ticket2/opencms/img/icons/nl.png HTTP/1.1" 200 1255
185.117.225.58 - - [12/Mar/2025:03:45:46 +0100] "GET /ticket2/opencms/img/icons/de.png HTTP/1.1" 200 1124
185.117.225.58 - - [12/Mar/2025:03:45:46 +0100] "GET /ticket2/opencms/img/icons/fr.png HTTP/1.1" 200 1764
66.249.65.196 - - [12/Mar/2025:03:45:46 +0100] "GET /ticket2/opencms/is/buy/?page=1&edid=C567B8C9-A2AA-73F3-9D7A-708019914734 HTTP/1.1" 200 111778
207.46.13.111 - - [12/Mar/2025:03:45:47 +0100] "GET /ticket2/opencms/uk/buy/?page=1&edid=DC8C6DF9-1F64-EF64-EDCA-FE833C9E28DD HTTP/1.1" 200 110820
185.117.225.58 - - [12/Mar/2025:03:45:47 +0100] "GET /ticket2/opencms/img/icons/pl.png HTTP/1.1" 200 1578
185.117.225.58 - - [12/Mar/2025:03:45:47 +0100] "GET /ticket2/opencms/img/icons/sq.png HTTP/1.1" 200 1619
185.117.225.58 - - [12/Mar/2025:03:45:47 +0100] "GET /ticket2/opencms/img/icons/es.png HTTP/1.1" 200 1005
185.117.225.58 - - [12/Mar/2025:03:45:47 +0100] "GET /ticket2/opencms/img/icons/be.png HTTP/1.1" 200 1663
185.117.225.58 - - [12/Mar/2025:03:45:47 +0100] "GET /ticket2/opencms/img/icons/az.png HTTP/1.1" 200 1445
185.117.225.58 - - [12/Mar/2025:03:45:47 +0100] "GET /ticket2/opencms/img/icons/it.png HTTP/1.1" 200 2040
185.117.225.58 - - [12/Mar/2025:03:45:47 +0100] "GET /ticket2/opencms/img/icons/hr.png HTTP/1.1" 200 2024
185.117.225.58 - - [12/Mar/2025:03:45:47 +0100] "GET /ticket2/opencms/img/icons/bs.png HTTP/1.1" 200 1014
185.117.225.58 - - [12/Mar/2025:03:45:47 +0100] "GET /ticket2/opencms/img/icons/bg.png HTTP/1.1" 200 788
185.117.225.58 - - [12/Mar/2025:03:45:47 +0100] "GET /ticket2/opencms/img/icons/cs.png HTTP/1.1" 200 1883
185.117.225.58 - - [12/Mar/2025:03:45:47 +0100] "GET /ticket2/opencms/img/icons/el.png HTTP/1.1" 200 1637
185.117.225.58 - - [12/Mar/2025:03:45:47 +0100] "GET /ticket2/opencms/img/icons/et.png HTTP/1.1" 200 754
185.117.225.58 - - [12/Mar/2025:03:45:48 +0100] "GET /ticket2/opencms/img/icons/lv.png HTTP/1.1" 200 716
185.117.225.58 - - [12/Mar/2025:03:45:48 +0100] "GET /ticket2/opencms/img/icons/lt.png HTTP/1.1" 200 733
185.117.225.58 - - [12/Mar/2025:03:45:48 +0100] "GET /ticket2/opencms/img/icons/is.png HTTP/1.1" 200 1884
185.117.225.58 - - [12/Mar/2025:03:45:48 +0100] "GET /ticket2/opencms/img/icons/ga.png HTTP/1.1" 200 1759
185.117.225.58 - - [12/Mar/2025:03:45:48 +0100] "GET /ticket2/opencms/img/icons/ka.png HTTP/1.1" 200 860
185.117.225.58 - - [12/Mar/2025:03:45:48 +0100] "GET /ticket2/opencms/img/icons/hu.png HTTP/1.1" 200 733
185.117.225.58 - - [12/Mar/2025:03:45:49 +0100] "GET /ticket2/opencms/img/icons/sk.png HTTP/1.1" 200 1283
185.117.225.58 - - [12/Mar/2025:03:45:49 +0100] "GET /ticket2/opencms/img/icons/mo.png HTTP/1.1" 200 1468
185.117.225.58 - - [12/Mar/2025:03:45:49 +0100] "GET /ticket2/opencms/img/icons/mt.png HTTP/1.1" 200 920
185.117.225.58 - - [12/Mar/2025:03:45:49 +0100] "GET /ticket2/opencms/img/icons/sr.png HTTP/1.1" 200 1602
185.117.225.58 - - [12/Mar/2025:03:45:49 +0100] "GET /ticket2/opencms/img/icons/ro.png HTTP/1.1" 200 1393
185.117.225.58 - - [12/Mar/2025:03:45:49 +0100] "GET /ticket2/opencms/img/icons/sl.png HTTP/1.1" 200 966
185.117.225.58 - - [12/Mar/2025:03:45:49 +0100] "GET /ticket2/opencms/img/icons/uk.png HTTP/1.1" 200 1272
185.117.225.58 - - [12/Mar/2025:03:45:49 +0100] "GET /ticket2/opencms/img/icons/tr.png HTTP/1.1" 200 1636
185.117.225.58 - - [12/Mar/2025:03:45:49 +0100] "GET /ticket2/opencms/system/modules/com.gridnine.opencms.ticketbrokerage.site/resources/css/ticketbrokerage.css HTTP/1.1" 200 39339
185.117.225.58 - - [12/Mar/2025:03:45:49 +0100] "GET /ticket2/opencms/system/modules/com.gridnine.opencms.ticketbrokerage.site/resources/css/standard.css HTTP/1.1" 200 74449
185.117.225.58 - - [12/Mar/2025:03:45:49 +0100] "GET /ticket2/opencms/system/modules/com.gridnine.opencms.ticketbrokerage.site/resources/css/jquery-ui.css HTTP/1.1" 200 33221
185.117.225.58 - - [12/Mar/2025:03:45:49 +0100] "GET /ticket2/opencms/system/modules/com.gridnine.opencms.ticketbrokerage.site/resources/css/jquery.fancybox.css HTTP/1.1" 200 4939
185.117.225.58 - - [12/Mar/2025:03:45:49 +0100] "GET /ticket2/opencms/system/modules/com.gridnine.opencms.ticketbrokerage.site/resources/css/calendar.css HTTP/1.1" 200 6871
185.117.225.58 - - [12/Mar/2025:03:45:50 +0100] "GET /ticket2/opencms/system/modules/com.gridnine.opencms.ticketbrokerage.site/resources/js/standard.js HTTP/1.1" 200 3983
66.249.65.195 - - [12/Mar/2025:03:45:51 +0100] "GET /ticket2/opencms/nl/buy?page=1&edid=0DB0B92F-3B3A-E824-76FA-F690AF646C74 HTTP/1.1" 200 106188
20.171.207.101 - - [12/Mar/2025:03:45:53 +0100] "GET /ticket2/opencms/set_aff_cookie.jsp?partner=6F250EA7-4505-FA01-D601-8847F2573405&url=%252Fno%252Fbuy%252Findex.html%253Fpage%253D1%2526edid%253DFABCE528-F916-4368-C148-CD3FBF7DABD2%2526hlv%253D61154e3c-a7b8-4dca-b613-15fa0a01000f%2523v_1080359949 HTTP/1.1" 200 247
40.77.167.74 - - [12/Mar/2025:03:45:53 +0100] "GET /ticket2/opencms/en/buy/?page=1&edid=5CF6EA2B-2B90-CEA1-959D-43D59F6F27D8 HTTP/1.1" 200 106813
40.77.167.73 - - [12/Mar/2025:03:45:54 +0100] "GET /ticket2/opencms/sk/buy?page=1&edid=8F6505CC-E196-0DE2-B319-972139D9E7BC HTTP/1.1" 200 108663
20.171.207.101 - - [12/Mar/2025:03:45:57 +0100] "GET /ticket2/opencms/set_aff_cookie.jsp?partner=6F250EA7-4505-FA01-D601-8847F2573405&url=%252Fno%252Fbuy%252Findex.html%253Fpage%253D1%2526edid%253DB12EFA8D-4EC4-DDCD-8B91-E676E87E71DF%2526hlv%253D60f957c0-2d20-407e-8fa6-58a00a01000f%2523v_458695443 HTTP/1.1" 200 246
114.119.157.43 - - [12/Mar/2025:03:46:00 +0100] "GET /ticket2/opencms/uk/buy?page=1&=87DA739E-CCE4-5E9A-8632-3FF85ED04CE7 HTTP/1.1" 200 -
185.191.171.10 - - [12/Mar/2025:03:46:02 +0100] "GET /ticket2/opencms/mt/magazine/article?title=neymar-jera-lura-d-dar HTTP/1.1" 200 92659
102.129.130.110 - - [12/Mar/2025:03:46:03 +0100] "GET /ticket2/opencms/bg/magazine/article?title=mozhe-li-viktor-gokeres-da-napusne-sporting-po-rano-ot-planiranoto HTTP/1.1" 200 95810
207.46.13.141 - - [12/Mar/2025:03:46:05 +0100] "GET /ticket2/opencms/sr/buy?page=1&edid=99B7134F-446F-0A04-2F95-A7B97BC1E95C HTTP/1.1" 200 111206
20.171.207.101 - - [12/Mar/2025:03:46:05 +0100] "GET /ticket2/opencms/set_aff_cookie.jsp?partner=6F250EA7-4505-FA01-D601-8847F2573405&url=%252Fno%252Fbuy%252Findex.html%253Fpage%253D1%2526edid%253D91317E82-1AD8-28B7-A3AC-C5AEE79CB132%2526hlv%253D610bcb2c-d268-4dec-97dd-13ad0a01000f%2523v_1644721078 HTTP/1.1" 200 247
157.55.39.56 - - [12/Mar/2025:03:46:06 +0100] "GET /ticket2/opencms/fi/magazine/article?title=cole-palmer-ratkaisee-ottelun-ja-alexander-isak-on-palannut HTTP/1.1" 200 93551
20.171.207.101 - - [12/Mar/2025:03:46:13 +0100] "GET /ticket2/opencms/set_aff_cookie.jsp?partner=6F250EA7-4505-FA01-D601-8847F2573405&url=%252Fno%252Fbuy%252Findex.html%253Fpage%253D1%2526edid%253DF9BBE6C5-FC76-172B-1A0C-2F0C14E7CDB9%2526hlv%253D60f81b14-da58-416f-afc4-5dc60a01000f%2523v_1394343583 HTTP/1.1" 200 247
54.36.149.33 - - [12/Mar/2025:03:46:17 +0100] "GET /ticket2/opencms/dk/buy?page=1&edid=C9919F63-312E-C4DF-29D6-DA1CE80EC9A2 HTTP/1.1" 200 125617
202.8.43.230 - - [12/Mar/2025:03:46:18 +0100] "GET /ticket2/opencms/system/modules/com.gridnine.opencms.ticketbrokerage.site/resources/css/jquery-ui.css HTTP/1.1" 200 33221
202.8.43.230 - - [12/Mar/2025:03:46:18 +0100] "GET /ticket2/opencms/system/modules/com.gridnine.opencms.ticketbrokerage.site/resources/css/jquery.fancybox.css HTTP/1.1" 200 4939
202.8.43.230 - - [12/Mar/2025:03:46:18 +0100] "GET /ticket2/opencms/system/modules/com.gridnine.opencms.ticketbrokerage.site/resources/css/ticketbrokerage.css HTTP/1.1" 200 39339
202.8.43.230 - - [12/Mar/2025:03:46:18 +0100] "GET /ticket2/opencms/system/modules/com.gridnine.opencms.ticketbrokerage.site/resources/css/standard.css HTTP/1.1" 200 74449
202.8.43.230 - - [12/Mar/2025:03:46:18 +0100] "GET /ticket2/opencms/system/modules/com.gridnine.opencms.ticketbrokerage.site/resources/js/jquery/jquery.js HTTP/1.1" 200 93868
202.8.43.230 - - [12/Mar/2025:03:46:18 +0100] "GET /ticket2/opencms/system/modules/com.gridnine.opencms.ticketbrokerage.site/resources/css/calendar.css HTTP/1.1" 200 6871
202.8.43.230 - - [12/Mar/2025:03:46:18 +0100] "GET /ticket2/opencms/system/modules/com.gridnine.opencms.ticketbrokerage.site/resources/js/jquery/jquery-ui.js HTTP/1.1" 200 228088
202.8.43.230 - - [12/Mar/2025:03:46:18 +0100] "GET /ticket2/opencms/system/modules/com.gridnine.opencms.ticketbrokerage.site/resources/js/calendar.js HTTP/1.1" 200 49229
202.8.43.230 - - [12/Mar/2025:03:46:18 +0100] "GET /ticket2/opencms/system/modules/com.gridnine.opencms.ticketbrokerage.site/resources/js/functions.js HTTP/1.1" 200 1583
202.8.43.230 - - [12/Mar/2025:03:46:18 +0100] "GET /ticket2/opencms/system/modules/com.gridnine.opencms.ticketbrokerage.site/resources/js/calendar-en.js HTTP/1.1" 200 3338
202.8.43.230 - - [12/Mar/2025:03:46:18 +0100] "GET /ticket2/opencms/system/modules/com.gridnine.opencms.ticketbrokerage.site/resources/js/stickyfill.min.js HTTP/1.1" 200 5672
202.8.43.230 - - [12/Mar/2025:03:46:18 +0100] "GET /ticket2/opencms/system/modules/com.gridnine.opencms.ticketbrokerage.site/resources/js/calendar-setup.js HTTP/1.1" 200 4923
202.8.43.230 - - [12/Mar/2025:03:46:18 +0100] "GET /ticket2/opencms/system/modules/com.gridnine.opencms.ticketbrokerage.site/resources/js/jquery.fancybox.pack.js HTTP/1.1" 200 23187
202.8.43.230 - - [12/Mar/2025:03:46:18 +0100] "GET /ticket2/opencms/system/modules/com.gridnine.opencms.ticketbrokerage.site/resources/js/standard.js HTTP/1.1" 200 3983
202.8.43.230 - - [12/Mar/2025:03:46:18 +0100] "GET /ticket2/opencms/system/modules/com.gridnine.opencms.ticketbrokerage.site/resources/js/jquery.placeholder.min.js HTTP/1.1" 200 1737
202.8.43.230 - - [12/Mar/2025:03:46:18 +0100] "GET /ticket2/opencms/system/modules/com.gridnine.opencms.ticketbrokerage.site/resources/js/common-ajax.js HTTP/1.1" 200 20175
202.8.43.230 - - [12/Mar/2025:03:46:18 +0100] "GET /ticket2/opencms/dk/ask-form.html HTTP/1.1" 200 2971
202.8.43.230 - - [12/Mar/2025:03:46:19 +0100] "GET /ticket2/opencms/system/modules/com.gridnine.opencms.ticketbrokerage.site/resources/css/ticketbrokerage.css HTTP/1.1" 200 39339
207.46.13.111 - - [12/Mar/2025:03:46:19 +0100] "GET /ticket2/opencms/fr/buy/?page=1&edid=3C1AA9C0-084D-56FD-71F5-AB68BF8D6A9C HTTP/1.1" 200 108382
47.128.54.186 - - [12/Mar/2025:03:46:20 +0100] "GET /ticket2/opencms/dk/buy/?edid=8B884D00-0090-F7F9-0339-733FDDA065DC HTTP/1.1" 200 90234
47.128.120.132 - - [12/Mar/2025:03:46:20 +0100] "GET /ticket2/opencms/fi/venue/?venueid=3DDFA073-4C38-5EE7-7723-B0FB0CD0E69B HTTP/1.1" 200 86814
66.249.65.235 - - [12/Mar/2025:03:46:21 +0100] "GET /ticket2/opencms/sq/magazine/article?title=manchester-city-7-ndeshje-pa-fitore HTTP/1.1" 200 95866
20.171.207.101 - - [12/Mar/2025:03:46:21 +0100] "GET /ticket2/opencms/set_aff_cookie.jsp?partner=6F250EA7-4505-FA01-D601-8847F2573405&url=%252Fno%252Fbuy%252Findex.html%253Fpage%253D1%2526edid%253D92D9A674-EDB4-A0FB-C5DF-A3BAFA7768AC%2526hlv%253D614497c3-a614-45b8-9cea-79890a01000f%2523v_566586835 HTTP/1.1" 200 246
66.249.65.195 - - [12/Mar/2025:03:46:24 +0100] "GET /ticket2/opencms/be/buy?page=1&edid=0D37E384-2B78-1FC5-2B22-30B553C53918 HTTP/1.1" 200 110815
114.119.141.34 - - [12/Mar/2025:03:46:25 +0100] "GET /ticket2/opencms/en/buy/?page=1&edid=A1A37FC4-1FF6-4D2A-B598-FE1862FE9ADD HTTP/1.1" 200 109890
185.191.171.15 - - [12/Mar/2025:03:46:29 +0100] "GET /ticket2/opencms/hu/magazine/article?title=erling-braut-haaland HTTP/1.1" 200 94092
20.171.207.101 - - [12/Mar/2025:03:46:29 +0100] "GET /ticket2/opencms/set_aff_cookie.jsp?partner=6F250EA7-4505-FA01-D601-8847F2573405&url=%252Fno%252Fbuy%252Findex.html%253Fpage%253D1%2526edid%253DEBB2685E-B5CD-E71D-6D7A-2FAD449CA6CA%2526hlv%253D60f814c2-ef20-4549-a067-5a9d0a01000f%2523v_484623436 HTTP/1.1" 200 246
85.208.96.208 - - [12/Mar/2025:03:46:29 +0100] "GET /ticket2/opencms/sl/magazine/article?title=lionel-messi-eden-izmed-najbolj-zazelenih-talentov-vseh-casov HTTP/1.1" 200 93727
114.119.159.237 - - [12/Mar/2025:03:46:31 +0100] "GET /ticket2/opencms/en/buy/?page=1&edid=DE6EAF1E-F0E3-BCEF-6FE9-789554B2D96C HTTP/1.1" 200 122020
66.249.65.196 - - [12/Mar/2025:03:46:35 +0100] "GET /ticket2/opencms/be/buy/?page=1&edid=EC2D4B4A-A0C7-0522-F532-8706D9BB8618 HTTP/1.1" 200 137680
114.119.152.77 - - [12/Mar/2025:03:46:36 +0100] "GET /ticket2/opencms/en/buy/?page=1&edid=472D775A-CB3D-3059-0E72-CDC2AB0A16FB HTTP/1.1" 200 106835
54.36.149.23 - - [12/Mar/2025:03:46:36 +0100] "GET /ticket2/opencms/system/modules/com.gridnine.opencms.ticketbrokerage.site/resources/pics/content/buy_safety_nl.png HTTP/1.1" 200 15809
20.171.207.101 - - [12/Mar/2025:03:46:39 +0100] "GET /ticket2/opencms/set_aff_cookie.jsp?partner=6F250EA7-4505-FA01-D601-8847F2573405&url=%252Fno%252Fbuy%252Findex.html%253Fpage%253D1%2526edid%253D2F7CCFEA-11D9-C739-94AB-D08CAE52A423%2526hlv%253D60f9600d-c94c-40ce-9ff7-5cc90a01000f%2523v_418804062 HTTP/1.1" 200 246
66.249.65.236 - - [12/Mar/2025:03:46:42 +0100] "GET /ticket2/opencms/de/magazine/article?title=kylian-mbappe-beeindruckt HTTP/1.1" 200 93188
114.119.143.233 - - [12/Mar/2025:03:46:45 +0100] "GET /ticket2/opencms/tr/buy?page=1&=94C5B0A9-45EC-824F-7DFB-E52A893ACA3D HTTP/1.1" 200 -
20.171.207.101 - - [12/Mar/2025:03:46:47 +0100] "GET /ticket2/opencms/set_aff_cookie.jsp?partner=6F250EA7-4505-FA01-D601-8847F2573405&url=%252Fno%252Fbuy%252Findex.html%253Fpage%253D1%2526edid%253D598F3B0A-9912-7BA4-D7AA-A33BDA98D7B4%2526hlv%253D60ca139d-cfb8-4af8-a792-3ad90a01000f%2523v_452222713 HTTP/1.1" 200 246
185.191.171.10 - - [12/Mar/2025:03:46:49 +0100] "GET /ticket2/opencms/uk/magazine/article?title=chelsea-fcs-and-their-fight-for-stability HTTP/1.1" 200 94394
85.208.96.210 - - [12/Mar/2025:03:46:52 +0100] "GET /ticket2/opencms/sr/magazine/article?title=raspored-utakmica-za-premier-ligu-raspored-premier-lige-20242025 HTTP/1.1" 200 93262
20.171.207.101 - - [12/Mar/2025:03:46:54 +0100] "GET /ticket2/opencms/set_aff_cookie.jsp?partner=6F250EA7-4505-FA01-D601-8847F2573405&url=%252Fno%252Fbuy%252Findex.html%253Fpage%253D1%2526edid%253DFABCE528-F916-4368-C148-CD3FBF7DABD2%2526hlv%253D61154e3b-f7f0-4be4-b40d-15fa0a01000f%2523v_1826081662 HTTP/1.1" 200 247
20.171.207.101 - - [12/Mar/2025:03:47:03 +0100] "GET /ticket2/opencms/set_aff_cookie.jsp?partner=6F250EA7-4505-FA01-D601-8847F2573405&url=%252Fno%252Fbuy%252Findex.html%253Fpage%253D1%2526edid%253D4D091DAA-A6FD-9335-E2FA-E89697CE58C9%2526hlv%253D60c9e59d-e2d4-4bac-925c-237e0a01000f%2523v_544411634 HTTP/1.1" 200 246
54.36.148.42 - - [12/Mar/2025:03:47:03 +0100] "GET /ticket2/opencms/tr/buy?page=1&edid=F86B9858-FECA-8B69-0345-5BABEB4E1340 HTTP/1.1" 200 111080
52.167.144.146 - - [12/Mar/2025:03:47:03 +0100] "GET /ticket2/opencms/fi/magazine/article?title=kylian-mbappe-tekee-vaikutuksen HTTP/1.1" 200 93149
207.46.13.141 - - [12/Mar/2025:03:47:04 +0100] "GET /ticket2/opencms/no/sell/?edid=89B5B359-EE8B-A612-E7AF-5A3BFCEDD2B6 HTTP/1.1" 302 -
114.119.139.202 - - [12/Mar/2025:03:47:10 +0100] "GET /ticket2/opencms/en/venue/?venueid=EC472EA6-DB5A-9847-3498-3E97CC377FD4 HTTP/1.1" 200 85292
20.171.207.101 - - [12/Mar/2025:03:47:11 +0100] "GET /ticket2/opencms/set_aff_cookie.jsp?partner=6F250EA7-4505-FA01-D601-8847F2573405&url=%252Fno%252Fbuy%252Findex.html%253Fpage%253D1%2526edid%253DB34FC5D8-17C2-148F-346E-D5A9AE0C7EAA%2526hlv%253D610bcd94-eb8c-451e-a21f-162a0a01000f%2523v_1677260372 HTTP/1.1" 200 247
52.167.144.203 - - [12/Mar/2025:03:47:13 +0100] "GET /ticket2/opencms/sv/sport/fotbollsbiljetter/uefa-champions-league/manchester_city/ HTTP/1.1" 500 -
66.249.76.43 - - [12/Mar/2025:03:47:14 +0100] "GET /ticket2/opencms/ga/magazine/article?title=jude-bellingham HTTP/1.1" 200 93255
40.77.167.11 - - [12/Mar/2025:03:47:16 +0100] "GET /ticket2/opencms/fr/sport/billets-football/premier_league/ HTTP/1.1" 200 105158
157.55.39.56 - - [12/Mar/2025:03:47:17 +0100] "GET /ticket2/opencms/dk/magazine/article?title=la-liga-real-madrid-har-vundet-flest-titler HTTP/1.1" 200 93716
47.243.56.196 - - [12/Mar/2025:03:47:18 +0100] "GET /ticket2/opencms/en/buy/?comcatid=97ECA65A-72DA-F9AF-9DBB-245D3CFED1BE&catid=078F99D4-0B9E-E323-5A07-D7B70F6E8874 HTTP/1.1" 200 96393
47.128.53.124 - - [12/Mar/2025:03:47:18 +0100] "GET /ticket2/opencms/hu/buy/?edid=8E7E988F-0CBB-24A6-EB31-1B5F9AB22CBD HTTP/1.1" 200 91658
66.249.65.196 - - [12/Mar/2025:03:47:20 +0100] "GET /ticket2/opencms/dk/buy?page=1&edid=412FDB60-9870-0CA3-D6DE-428EE343A262&hlv=61127b62-69dc-4c1f-9853-2dbf0a01000f HTTP/1.1" 200 110652
20.171.207.101 - - [12/Mar/2025:03:47:23 +0100] "GET /ticket2/opencms/set_aff_cookie.jsp?partner=6F250EA7-4505-FA01-D601-8847F2573405&url=%252Fno%252Fbuy%252Findex.html%253Fpage%253D1%2526edid%253DF3756B07-2F5C-FFFD-72BE-0A74CDBD5EA0%2526hlv%253D60f5cc52-8538-40ab-a473-20b00a01000f%2523v_578221882 HTTP/1.1" 200 246
54.36.148.40 - - [12/Mar/2025:03:47:24 +0100] "GET /ticket2/opencms/et/buy?page=1&edid=1B6F6A2B-A0DA-FF91-EC4E-3DCAA442C25B HTTP/1.1" 200 136217
66.249.76.167 - - [12/Mar/2025:03:47:25 +0100] "GET /ticket2/opencms/mo/buy?page=1&edid=039D4473-D662-2ED5-D620-F30FCE116F43 HTTP/1.1" 200 111498
52.167.144.171 - - [12/Mar/2025:03:47:30 +0100] "GET /ticket2/opencms/az/magazine/article?title=manchester-united-vs-arsenal HTTP/1.1" 200 93035
66.249.74.137 - - [12/Mar/2025:03:47:31 +0100] "GET /ticket2/opencms/fi/buy?page=1&edid=10597F35-2AC7-31D2-FB61-15A36BB6D73B HTTP/1.1" 200 135911
20.171.207.101 - - [12/Mar/2025:03:47:34 +0100] "GET /ticket2/opencms/set_aff_cookie.jsp?partner=6F250EA7-4505-FA01-D601-8847F2573405&url=%252Fno%252Fbuy%252Findex.html%253Fpage%253D1%2526edid%253D92D9A674-EDB4-A0FB-C5DF-A3BAFA7768AC%2526hlv%253D614ed569-0868-4fa8-8f5c-7b3b0a01000f%2523v_1494625627 HTTP/1.1" 200 247
114.119.141.178 - - [12/Mar/2025:03:47:37 +0100] "GET /ticket2/opencms/tr/buy?page=1&=58CC7CCC-5706-6A72-7DDE-8936B49B8B1F HTTP/1.1" 200 -
185.191.171.2 - - [12/Mar/2025:03:47:37 +0100] "GET /ticket2/opencms/fr/sport/billets-football/ HTTP/1.1" 200 94512
20.171.207.101 - - [12/Mar/2025:03:47:41 +0100] "GET /ticket2/opencms/set_aff_cookie.jsp?partner=6F250EA7-4505-FA01-D601-8847F2573405&url=%252Fno%252Fbuy%252Findex.html%253Fpage%253D1%2526edid%253D30CB7959-9308-5BEA-03F2-ADAC2FC91A64%2526hlv%253D60f844ca-e07c-4bb7-ba6b-6ec40a01000f%2523v_1044928045 HTTP/1.1" 200 247
54.36.148.140 - - [12/Mar/2025:03:47:41 +0100] "GET /ticket2/opencms/en/buy?page=1&edid=B9A56D83-AD94-045F-A8C5-86B02F52A7C5 HTTP/1.1" 200 110018
47.128.27.130 - - [12/Mar/2025:03:47:42 +0100] "GET /ticket2/opencms/hr/buy/?edid=7A1DF71C-A099-266B-FA44-13983A11D037 HTTP/1.1" 200 91604
114.119.130.91 - - [12/Mar/2025:03:47:47 +0100] "GET /ticket2/opencms/en/buy/?page=1&edid=664EB6F0-416A-8A2E-4223-524C1C599C88 HTTP/1.1" 200 106837
66.249.65.196 - - [12/Mar/2025:03:47:48 +0100] "GET /ticket2/opencms/sk/buy?page=1&edid=47721D14-2C82-CD87-6865-EDC5A8129AF3 HTTP/1.1" 200 108593
20.171.207.101 - - [12/Mar/2025:03:47:50 +0100] "GET /ticket2/opencms/set_aff_cookie.jsp?partner=6F250EA7-4505-FA01-D601-8847F2573405&url=%252Fno%252Fbuy%252Findex.html%253Fpage%253D1%2526edid%253DF9BBE6C5-FC76-172B-1A0C-2F0C14E7CDB9%2526hlv%253D60f81b14-d4e4-4e29-961d-5dc60a01000f%2523v_484003181 HTTP/1.1" 200 246
40.77.167.36 - - [12/Mar/2025:03:47:50 +0100] "GET /ticket2/opencms/en/magazine/article?title=ballon-dor-winner-2024 HTTP/1.1" 200 91873
54.36.149.107 - - [12/Mar/2025:03:47:52 +0100] "GET /ticket2/opencms/hu/sport/focijegyek/bundesliga/darmstadt HTTP/1.1" 500 -
185.191.171.13 - - [12/Mar/2025:03:47:52 +0100] "GET /ticket2/opencms/nl/magazine/article?title=manchester-city-loopt-het-risico-op-degradatie HTTP/1.1" 200 90474
66.249.65.237 - - [12/Mar/2025:03:47:57 +0100] "GET /ticket2/opencms/hr/magazine/article?title=kylian-mbappe-impresionira HTTP/1.1" 200 92956
20.171.207.101 - - [12/Mar/2025:03:47:57 +0100] "GET /ticket2/opencms/set_aff_cookie.jsp?partner=6F250EA7-4505-FA01-D601-8847F2573405&url=%252Fno%252Fbuy%252Findex.html%253Fpage%253D1%2526edid%253DA2DDA4E4-44CC-604A-D0E5-6CFEACA7D15C%2526hlv%253D612aa865-a96c-48e4-9413-6d5c0a01000f%2523v_917520043 HTTP/1.1" 200 246
66.249.76.1 - - [12/Mar/2025:03:47:59 +0100] "GET /ticket2/opencms/sq/magazine/article?title=kylian-mbappe-impresionon HTTP/1.1" 200 93570
114.119.130.61 - - [12/Mar/2025:03:48:00 +0100] "GET /ticket2/opencms/en/buy/?page=1&edid=2F23695C-1C28-072A-23EC-D52BA9A7809E HTTP/1.1" 200 110706
20.171.207.101 - - [12/Mar/2025:03:48:01 +0100] "GET /ticket2/opencms/set_aff_cookie.jsp?partner=6F250EA7-4505-FA01-D601-8847F2573405&url=%252Fno%252Fbuy%252Findex.html%253Fpage%253D1%2526edid%253DC4308E58-152A-45A7-B817-E9967A70F7B2%2526hlv%253D611badcd-d2cc-4bfd-a0fc-46da0a01000f%2523v_1560760951 HTTP/1.1" 200 247
114.119.141.206 - - [12/Mar/2025:03:48:01 +0100] "GET /ticket2/opencms/en/buy/?page=1&edid=DBC6C3C3-0E61-BA53-3B8C-572E0D09CD7A HTTP/1.1" 200 108852
66.249.76.8 - - [12/Mar/2025:03:48:05 +0100] "GET /ticket2/opencms/hr/magazine/article?title=prelazak-u-meksicke-rayadose HTTP/1.1" 200 94620
20.171.207.101 - - [12/Mar/2025:03:48:05 +0100] "GET /ticket2/opencms/set_aff_cookie.jsp?partner=6F250EA7-4505-FA01-D601-8847F2573405&url=%252Fno%252Fbuy%252Findex.html%253Fpage%253D1%2526edid%253DBAF8742F-F66A-CAC9-02C4-2E2E5AAE39AF%2526hlv%253D611bc760-cce8-4900-af66-503e0a01000f%2523v_755143588 HTTP/1.1" 200 246
54.36.148.198 - - [12/Mar/2025:03:48:06 +0100] "GET /ticket2/opencms/fr/buy/?page=1&edid=7989D951-D5D2-7F28-EC94-576AD8E37318 HTTP/1.1" 200 114388
68.183.238.15 - - [12/Mar/2025:03:48:07 +0100] "GET /manager/html HTTP/1.1" 404 -
20.171.207.101 - - [12/Mar/2025:03:48:11 +0100] "GET /ticket2/opencms/set_aff_cookie.jsp?partner=6F250EA7-4505-FA01-D601-8847F2573405&url=%252Fno%252Fbuy%252Findex.html%253Fpage%253D1%2526edid%253DBAF8742F-F66A-CAC9-02C4-2E2E5AAE39AF%2526hlv%253D611bc760-bc6c-4380-9b58-503e0a01000f%2523v_476566740 HTTP/1.1" 200 246
213.87.95.224 - - [12/Mar/2025:03:48:13 +0100] "GET /boaform/admin/formLogin?username=adminisp&psd=adminisp HTTP/1.0" 404 -
20.171.207.101 - - [12/Mar/2025:03:48:15 +0100] "GET /ticket2/opencms/set_aff_cookie.jsp?partner=6F250EA7-4505-FA01-D601-8847F2573405&url=%252Fno%252Fbuy%252Findex.html%253Fpage%253D1%2526edid%253D92D9A674-EDB4-A0FB-C5DF-A3BAFA7768AC%2526hlv%253D60ca0dc4-1138-404d-9e7b-38b40a01000f%2523v_2122854100 HTTP/1.1" 200 247
20.171.207.101 - - [12/Mar/2025:03:48:17 +0100] "GET /ticket2/opencms/set_aff_cookie.jsp?partner=6F250EA7-4505-FA01-D601-8847F2573405&url=%252Fno%252Fbuy%252Findex.html%253Fpage%253D1%2526edid%253DF3756B07-2F5C-FFFD-72BE-0A74CDBD5EA0%2526hlv%253D60f5cc52-9f28-419a-85a1-20b00a01000f%2523v_343345793 HTTP/1.1" 200 246
20.171.207.101 - - [12/Mar/2025:03:48:18 +0100] "GET /ticket2/opencms/set_aff_cookie.jsp?partner=6F250EA7-4505-FA01-D601-8847F2573405&url=%252Fno%252Fbuy%252Findex.html%253Fpage%253D1%2526edid%253DD5ECBB60-B9DE-C9C5-5B4C-845CEC40C77F%2526hlv%253D61154e1d-d9a8-44cf-b758-16db0a01000f%2523v_1382566963 HTTP/1.1" 200 247
40.77.167.35 - - [12/Mar/2025:03:48:19 +0100] "GET /ticket2/opencms/sr/buy?page=1&edid=DCF22239-47F2-2282-C13B-85FCE1D7C913 HTTP/1.1" 200 136797
20.171.207.101 - - [12/Mar/2025:03:48:20 +0100] "GET /ticket2/opencms/set_aff_cookie.jsp?partner=6F250EA7-4505-FA01-D601-8847F2573405&url=%252Fno%252Fbuy%252Findex.html%253Fpage%253D1%2526edid%253D9F75CAFF-859B-AF24-5E2C-871DFD0095F5%2526hlv%253D60ca09e2-77d4-42ee-abcf-36280a01000f%2523v_223704247 HTTP/1.1" 200 246
185.191.171.14 - - [12/Mar/2025:03:48:22 +0100] "GET /ticket2/opencms/bg/magazine/article?title=prehod-kum-meksikanskiya-rayados HTTP/1.1" 200 97775
20.171.207.101 - - [12/Mar/2025:03:48:23 +0100] "GET /ticket2/opencms/set_aff_cookie.jsp?partner=6F250EA7-4505-FA01-D601-8847F2573405&url=%252Fno%252Fbuy%252Findex.html%253Fpage%253D1%2526edid%253D5C50ECB1-C172-E904-ECBC-6CD309D8DD4A%2526hlv%253D611bc881-8498-48e6-a0ad-4ffa0a01000f%2523v_273614153 HTTP/1.1" 200 246
54.36.149.39 - - [12/Mar/2025:03:48:25 +0100] "GET /ticket2/opencms/fr/sport/billets-football/bundesliga/borussia-monchengladbach/ HTTP/1.1" 200 102345
114.119.154.207 - - [12/Mar/2025:03:48:25 +0100] "GET /ticket2/opencms/ru/buy/?page=1&edid=90FF4B1C-1D4C-DD77-9411-8E3582C2DCE5 HTTP/1.1" 200 106994
20.171.207.101 - - [12/Mar/2025:03:48:31 +0100] "GET /ticket2/opencms/set_aff_cookie.jsp?partner=6F250EA7-4505-FA01-D601-8847F2573405&url=%252Fno%252Fbuy%252Findex.html%253Fpage%253D1%2526edid%253D025EADBA-4CCB-DA07-4742-9BE67C2EAFE5%2526hlv%253D60f8449e-3cc8-402b-92a9-6ed00a01000f%2523v_1139090991 HTTP/1.1" 200 247
66.249.65.195 - - [12/Mar/2025:03:48:32 +0100] "GET /ticket2/opencms/fi/urheilu/jalkapallo/premier_league HTTP/1.1" 200 97636
114.119.143.233 - - [12/Mar/2025:03:48:32 +0100] "GET /ticket2/opencms/tr/buy?page=1&=219AE79C-6EBE-5673-1927-EBB79F47B995 HTTP/1.1" 200 -
20.171.207.101 - - [12/Mar/2025:03:48:33 +0100] "GET /ticket2/opencms/set_aff_cookie.jsp?partner=6F250EA7-4505-FA01-D601-8847F2573405&url=%252Fno%252Fbuy%252Findex.html%253Fpage%253D1%2526edid%253DBF769C73-E641-C78E-1EAA-79FE7F8D3894%2526hlv%253D60f81aba-cf20-4e93-9fbe-5df60a01000f%2523v_799857060 HTTP/1.1" 200 246
66.249.65.195 - - [12/Mar/2025:03:48:36 +0100] "GET /ticket2/opencms/cs/buy/?page=1&edid=D017627D-6895-48D5-7AF6-3326E738EE9B&hlv=61127aff-6d44-48a3-a246-2e4e0a01000f HTTP/1.1" 200 112098
157.55.39.56 - - [12/Mar/2025:03:48:36 +0100] "GET /ticket2/opencms/dk/magazine/article?title=joel-matip-forlader-liverpool-fc HTTP/1.1" 200 93469
20.171.207.101 - - [12/Mar/2025:03:48:36 +0100] "GET /ticket2/opencms/set_aff_cookie.jsp?partner=6F250EA7-4505-FA01-D601-8847F2573405&url=%252Fno%252Fbuy%252Findex.html%253Fpage%253D1%2526edid%253DD476BBBD-CF0B-7C17-55DD-EB91C312DE17%2526hlv%253D611bd33a-bae4-4303-aaab-57670a01000f%2523v_1423956441 HTTP/1.1" 200 247
185.191.171.17 - - [12/Mar/2025:03:48:37 +0100] "GET /ticket2/opencms/es/magazine/article?title=un-traspaso-a-los-rayados-mexicanos HTTP/1.1" 200 95276
40.77.167.73 - - [12/Mar/2025:03:48:39 +0100] "GET /ticket2/opencms/az/buy?page=1&edid=526E9B7B-D2CF-DFA7-BDD3-64E3D1623615 HTTP/1.1" 200 112186
20.171.207.101 - - [12/Mar/2025:03:48:39 +0100] "GET /ticket2/opencms/set_aff_cookie.jsp?partner=6F250EA7-4505-FA01-D601-8847F2573405&url=%252Fno%252Fbuy%252Findex.html%253Fpage%253D1%2526edid%253DFF27455A-A259-2E61-E278-C658588A9BEE%2526hlv%253D611bac8e-abec-4f9c-bec0-45f50a01000f%2523v_874956736 HTTP/1.1" 200 246
66.249.74.136 - - [12/Mar/2025:03:48:42 +0100] "GET /ticket2/opencms/fi/buy?page=1&edid=EE1094B0-5F8D-7F5A-3592-6F4F9BDBF532 HTTP/1.1" 200 135004
54.36.149.74 - - [12/Mar/2025:03:48:43 +0100] "GET /ticket2/opencms/et/buy?page=1&edid=FDE2CB1B-737B-857F-7431-BD450E7D3BBB HTTP/1.1" 200 134985
66.249.74.137 - - [12/Mar/2025:03:48:44 +0100] "GET /ticket2/opencms/fi/buy?page=1&edid=DCF22239-47F2-2282-C13B-85FCE1D7C913 HTTP/1.1" 200 135985
207.46.13.111 - - [12/Mar/2025:03:48:47 +0100] "GET /ticket2/opencms/be/?page=6&comcatid=A17713B6-D984-201A-4143-ED4DB5ED5C2E&catid=6BD6E0B0-84AF-3A0D-3851-C1357CE9B771 HTTP/1.1" 200 105709
20.171.207.101 - - [12/Mar/2025:03:48:48 +0100] "GET /ticket2/opencms/set_aff_cookie.jsp?partner=6F250EA7-4505-FA01-D601-8847F2573405&url=%252Fno%252Fbuy%252Findex.html%253Fpage%253D1%2526edid%253DBAF8742F-F66A-CAC9-02C4-2E2E5AAE39AF%2526hlv%253D611bc760-65dc-4c21-8d61-503e0a01000f%2523v_786671368 HTTP/1.1" 200 246
194.38.23.16 - - [12/Mar/2025:03:48:50 +0100] "GET /ticket2/opencms/dk/public/plugins/elrte/src/elrte.src.html HTTP/1.1" 404 -
66.249.76.167 - - [12/Mar/2025:03:48:50 +0100] "GET /ticket2/opencms/lv/buy?page=1&edid=8CF7B327-CBF8-6902-00E4-357348B3DB32&hlv=66d5fc8e-e34c-45f6-a951-33de0a01000f HTTP/1.1" 200 113821
20.171.207.101 - - [12/Mar/2025:03:48:51 +0100] "GET /ticket2/opencms/set_aff_cookie.jsp?partner=6F250EA7-4505-FA01-D601-8847F2573405&url=%252Fno%252Fbuy%252Findex.html%253Fpage%253D1%2526edid%253D5C50ECB1-C172-E904-ECBC-6CD309D8DD4A%2526hlv%253D611bc881-e614-4d1a-9a78-4ffa0a01000f%2523v_1603882190 HTTP/1.1" 200 247
66.249.65.237 - - [12/Mar/2025:03:48:52 +0100] "GET /ticket2/opencms/sq/magazine/article?title=nje-kalim-te-rayados-te-meksikes HTTP/1.1" 200 96190
194.38.23.16 - - [12/Mar/2025:03:48:58 +0100] "GET /ticket2/opencms/dk/assets/admin/plugins/elrte/src/elrte.src.html HTTP/1.1" 404 -
20.171.207.101 - - [12/Mar/2025:03:49:00 +0100] "GET /ticket2/opencms/set_aff_cookie.jsp?partner=6F250EA7-4505-FA01-D601-8847F2573405&url=%252Fno%252Fbuy%252Findex.html%253Fpage%253D1%2526edid%253DBAF8742F-F66A-CAC9-02C4-2E2E5AAE39AF%2526hlv%253D611bc760-9f1c-402b-b62b-503e0a01000f%2523v_455383368 HTTP/1.1" 200 246
47.128.43.83 - - [12/Mar/2025:03:49:02 +0100] "GET /ticket2/opencms/es/buy?edid=26D75FC9-685E-F97A-1BAD-C5A5C23D1E62 HTTP/1.1" 200 91511
20.171.207.101 - - [12/Mar/2025:03:49:04 +0100] "GET /ticket2/opencms/set_aff_cookie.jsp?partner=6F250EA7-4505-FA01-D601-8847F2573405&url=%252Fno%252Fbuy%252Findex.html%253Fpage%253D1%2526edid%253DBDDA33F9-4ADC-FC2D-831B-99FEC0DB017D%2526hlv%253D61151fe7-d038-49c8-af10-05f70a01000f%2523v_1975209079 HTTP/1.1" 200 247
207.46.13.141 - - [12/Mar/2025:03:49:05 +0100] "GET /ticket2/opencms/lv/buy/?page=1&edid=16F89E14-C93B-5426-9D05-8B8B52774D6F HTTP/1.1" 200 108661
20.171.207.101 - - [12/Mar/2025:03:49:06 +0100] "GET /ticket2/opencms/set_aff_cookie.jsp?partner=6F250EA7-4505-FA01-D601-8847F2573405&url=%252Fno%252Fbuy%252Findex.html%253Fpage%253D1%2526edid%253DCA3FABDD-43B5-8DDC-6DAC-2917B68B145E%2526hlv%253D60c9f21e-7ee8-4916-bff7-299e0a01000f%2523v_1128717665 HTTP/1.1" 200 247
20.171.207.101 - - [12/Mar/2025:03:49:09 +0100] "GET /ticket2/opencms/set_aff_cookie.jsp?partner=6F250EA7-4505-FA01-D601-8847F2573405&url=%252Fno%252Fbuy%252Findex.html%253Fpage%253D1%2526edid%253DF2C7182B-D237-C2BF-D71F-CBB98BBDC9C7%2526hlv%253D6149ebc2-50e0-40e8-b1a9-1f000a01000f%2523v_500601397 HTTP/1.1" 200 246
114.119.130.91 - - [12/Mar/2025:03:49:10 +0100] "GET /ticket2/opencms/en/buy/?page=1&edid=65C03F06-B4E6-0D65-D535-E007A0321D02 HTTP/1.1" 200 109957
198.235.24.76 - - [12/Mar/2025:03:49:11 +0100] "GET / HTTP/1.1" 404 -
114.119.159.129 - - [12/Mar/2025:03:49:17 +0100] "GET /ticket2/opencms/en/buy/?page=1&edid=DA59FF15-47CF-1CE7-F540-A4CA25201095 HTTP/1.1" 200 108848
47.128.119.128 - - [12/Mar/2025:03:49:18 +0100] "GET /ticket2/opencms/sv/buy?edid=8DC0C209-9D3E-E67A-4B0A-E8E4423948FE HTTP/1.1" 200 91275
54.36.148.192 - - [12/Mar/2025:03:49:19 +0100] "GET /ticket2/opencms/ka/magazine/article?title=momavali-varskvlavebi HTTP/1.1" 200 98048
114.119.136.30 - - [12/Mar/2025:03:49:20 +0100] "GET /ticket2/opencms/tr/buy?page=1&=0B7BC066-8937-0CF0-B2A3-D8294DF6CBFF HTTP/1.1" 200 -
20.171.207.101 - - [12/Mar/2025:03:49:20 +0100] "GET /ticket2/opencms/set_aff_cookie.jsp?partner=6F250EA7-4505-FA01-D601-8847F2573405&url=%252Fno%252Fbuy%252Findex.html%253Fpage%253D1%2526edid%253DF2C7182B-D237-C2BF-D71F-CBB98BBDC9C7%2526hlv%253D60f5c58a-6a6c-48e6-a289-1df10a01000f%2523v_1693478955 HTTP/1.1" 200 247
66.249.74.135 - - [12/Mar/2025:03:49:20 +0100] "GET /ticket2/opencms/fi/buy?page=1&edid=57C8D150-DCBD-4911-196A-160A37952FA8 HTTP/1.1" 200 135077
66.249.65.195 - - [12/Mar/2025:03:49:22 +0100] "GET /ticket2/opencms/fr/buy/?page=10&eventid=5DA5DC18-0429-6963-A61D-B44FBFE19212 HTTP/1.1" 200 92549
20.171.207.101 - - [12/Mar/2025:03:49:25 +0100] "GET /ticket2/opencms/set_aff_cookie.jsp?partner=6F250EA7-4505-FA01-D601-8847F2573405&url=%252Fno%252Fbuy%252Findex.html%253Fpage%253D1%2526edid%253D3754A801-0360-9F1A-6DA4-BE3220BB9FC0%2526hlv%253D60ca1cda-8ac0-4ee9-8fcc-3f5d0a01000f%2523v_218714894 HTTP/1.1" 200 246
114.119.136.8 - - [12/Mar/2025:03:49:27 +0100] "GET /ticket2/opencms/ru/buy/?page=1&edid=94790AB2-B839-2F93-471F-1E7E243A33D6 HTTP/1.1" 200 109576
20.171.207.101 - - [12/Mar/2025:03:49:30 +0100] "GET /ticket2/opencms/set_aff_cookie.jsp?partner=6F250EA7-4505-FA01-D601-8847F2573405&url=%252Fno%252Fbuy%252Findex.html%253Fpage%253D1%2526edid%253D75FF687A-3DBB-F476-3881-CF5D7FFEBAC0%2526hlv%253D60f81f8c-6a88-4eb2-b1d6-5d1e0a01000f%2523v_1334330228 HTTP/1.1" 200 247
66.249.76.41 - - [12/Mar/2025:03:49:33 +0100] "GET /ticket2/opencms/fi/login/ HTTP/1.1" 200 91783
20.171.207.101 - - [12/Mar/2025:03:49:33 +0100] "GET /ticket2/opencms/set_aff_cookie.jsp?partner=6F250EA7-4505-FA01-D601-8847F2573405&url=%252Fno%252Fbuy%252Findex.html%253Fpage%253D1%2526edid%253D9AD4B11B-4601-F5E9-C96F-7BECC055632D%2526hlv%253D60c9e80c-1ccc-4c8e-a7dc-25330a01000f%2523v_652957322 HTTP/1.1" 200 246
20.171.207.101 - - [12/Mar/2025:03:49:35 +0100] "GET /ticket2/opencms/set_aff_cookie.jsp?partner=6F250EA7-4505-FA01-D601-8847F2573405&url=%252Fno%252Fbuy%252Findex.html%253Fpage%253D1%2526edid%253D025EADBA-4CCB-DA07-4742-9BE67C2EAFE5%2526hlv%253D60f8449e-0cd0-40fb-a041-6ed00a01000f%2523v_1106115864 HTTP/1.1" 200 247
47.128.97.45 - - [12/Mar/2025:03:49:37 +0100] "GET /ticket2/opencms/is/buy/?edid=355D3270-70A4-08B0-6A25-52C4305F40B2 HTTP/1.1" 200 91410
20.171.207.101 - - [12/Mar/2025:03:49:39 +0100] "GET /ticket2/opencms/set_aff_cookie.jsp?partner=6F250EA7-4505-FA01-D601-8847F2573405&url=%252Fno%252Fbuy%252Findex.html%253Fpage%253D1%2526edid%253DBFDFE449-D4A2-3EC2-5F36-4B5707D3EE53%2526hlv%253D60ca1297-ace0-453c-9e4d-3b1b0a01000f%2523v_261032953 HTTP/1.1" 200 246
66.249.65.235 - - [12/Mar/2025:03:49:43 +0100] "GET /ticket2/opencms/hr/magazine/article?title=mi-smo-najgori-tim-u-povijesti-kluba HTTP/1.1" 200 93115
20.171.207.101 - - [12/Mar/2025:03:49:46 +0100] "GET /ticket2/opencms/set_aff_cookie.jsp?partner=6F250EA7-4505-FA01-D601-8847F2573405&url=%252Fno%252Fbuy%252Findex.html%253Fpage%253D1%2526edid%253DF3756B07-2F5C-FFFD-72BE-0A74CDBD5EA0%2526hlv%253D6149f8d9-67ac-49ea-8406-28df0a01000f%2523v_1515059725 HTTP/1.1" 200 247
202.155.137.91 - - [12/Mar/2025:03:49:47 +0100] "GET /ticket2/opencms/et/sport/jalgpallipiletid/bundesliga/heidenheim HTTP/1.1" 200 98262
114.119.150.86 - - [12/Mar/2025:03:49:48 +0100] "GET /ticket2/opencms/en/buy/?page=6&comcatid=A17713B6-D984-201A-4143-ED4DB5ED5C2E&catid=7EF04817-972D-18B1-F941-DE800D088075&eventid=CB858627-FD0B-7DB5-96E3-81B2EDFB367F HTTP/1.1" 200 103707
20.171.207.101 - - [12/Mar/2025:03:49:48 +0100] "GET /ticket2/opencms/set_aff_cookie.jsp?partner=6F250EA7-4505-FA01-D601-8847F2573405&url=%252Fno%252Fbuy%252Findex.html%253Fpage%253D1%2526edid%253D8D91D59E-3F0A-3FEA-2B47-5251F7B4BE3B%2526hlv%253D60f80ed0-eff0-4a1c-8de2-57fd0a01000f%2523v_1804323952 HTTP/1.1" 200 247
66.249.65.234 - - [12/Mar/2025:03:49:50 +0100] "GET /ticket2/opencms/ka/magazine/article?title=sheidzinet-biletebi-bundesligaze-ticket2com-ze HTTP/1.1" 200 97464
20.171.207.101 - - [12/Mar/2025:03:49:51 +0100] "GET /ticket2/opencms/set_aff_cookie.jsp?partner=6F250EA7-4505-FA01-D601-8847F2573405&url=%252Fno%252Fbuy%252Findex.html%253Fpage%253D1%2526edid%253DCA01FDD0-CDF6-AC8A-12E5-7A918397496D%2526hlv%253D60f94e39-c9f8-4cdf-91c9-53ff0a01000f%2523v_161543995 HTTP/1.1" 200 246
114.119.135.251 - - [12/Mar/2025:03:49:52 +0100] "GET /ticket2/opencms/ru/buy/?page=1&edid=4753BC1A-7D66-1222-628B-80D696548188 HTTP/1.1" 200 109409
54.36.149.20 - - [12/Mar/2025:03:49:52 +0100] "GET /ticket2/opencms/el/buy?page=1&edid=87B3356E-6F78-7F45-235C-4CD49B95C308 HTTP/1.1" 200 139070
20.171.207.101 - - [12/Mar/2025:03:49:53 +0100] "GET /ticket2/opencms/set_aff_cookie.jsp?partner=6F250EA7-4505-FA01-D601-8847F2573405&url=%252Fno%252Fbuy%252Findex.html%253Fpage%253D1%2526edid%253D4736DF7C-C1C2-2C08-48FA-1D2EB109FC30%2526hlv%253D611cd26c-3aec-48a3-aafa-5e520a01000f%2523v_2097763028 HTTP/1.1" 200 247
20.171.207.101 - - [12/Mar/2025:03:49:55 +0100] "GET /ticket2/opencms/set_aff_cookie.jsp?partner=6F250EA7-4505-FA01-D601-8847F2573405&url=%252Fno%252Fbuy%252Findex.html%253Fpage%253D1%2526edid%253D7B81DA8C-BC62-30BF-75BA-614CF7ADBC43%2526hlv%253D60ca1b34-03dc-490b-ad43-3f260a01000f%2523v_1301774436 HTTP/1.1" 200 247
66.249.65.197 - - [12/Mar/2025:03:49:55 +0100] "GET /ticket2/opencms/et/buy?comcatid=A17713B6-D984-201A-4143-ED4DB5ED5C2E&catid=06324577-7173-BAB0-146D-E644C912F7C1 HTTP/1.1" 200 146491
20.171.207.101 - - [12/Mar/2025:03:50:03 +0100] "GET /ticket2/opencms/set_aff_cookie.jsp?partner=6F250EA7-4505-FA01-D601-8847F2573405&url=%252Fno%252Fbuy%252Findex.html%253Fpage%253D1%2526edid%253D9F75CAFF-859B-AF24-5E2C-871DFD0095F5%2526hlv%253D60ca0e96-fe8c-4eb6-a3f3-36340a01000f%2523v_901215406 HTTP/1.1" 200 246
207.46.13.141 - - [12/Mar/2025:03:50:05 +0100] "GET /ticket2/opencms/et/buy/?page=1&edid=FB1F4DEA-31FA-0C23-0E41-67BE2FD4BB9B HTTP/1.1" 200 111551
185.191.171.9 - - [12/Mar/2025:03:50:05 +0100] "GET /ticket2/opencms/lv/magazine/article?title=iegadajieties-biletes-uz-bundesligu-vietne-ticket2com HTTP/1.1" 200 92637
20.171.207.101 - - [12/Mar/2025:03:50:07 +0100] "GET /ticket2/opencms/set_aff_cookie.jsp?partner=6F250EA7-4505-FA01-D601-8847F2573405&url=%252Fno%252Fbuy%252Findex.html%253Fpage%253D1%2526edid%253DF3756B07-2F5C-FFFD-72BE-0A74CDBD5EA0%2526hlv%253D6149f8d9-5ac4-4264-8c9b-28df0a01000f%2523v_588982782 HTTP/1.1" 200 246
54.36.148.33 - - [12/Mar/2025:03:50:08 +0100] "GET /ticket2/opencms/et/buy?page=1&edid=56B38CDE-C52C-9D5C-A997-D65F4CB742AB HTTP/1.1" 200 112085
207.46.13.111 - - [12/Mar/2025:03:50:09 +0100] "GET /ticket2/opencms/mo/buy/?page=1&edid=78152FF4-AB9B-7692-C7C0-273AF3BC66BC HTTP/1.1" 200 111956
20.171.207.101 - - [12/Mar/2025:03:50:10 +0100] "GET /ticket2/opencms/set_aff_cookie.jsp?partner=6F250EA7-4505-FA01-D601-8847F2573405&url=%252Fno%252Fbuy%252Findex.html%253Fpage%253D1%2526edid%253DBB34AD6D-B775-E1B3-25A5-D38ADD0D1B38%2526hlv%253D610bcb81-cd88-4f76-a4cc-14fe0a01000f%2523v_1211554004 HTTP/1.1" 200 247
114.119.141.178 - - [12/Mar/2025:03:50:10 +0100] "GET /ticket2/opencms/sv/buy?page=1&edid=D99ADA8F-DD19-1ED8-19FA-1322A123D964 HTTP/1.1" 200 108085
20.171.207.101 - - [12/Mar/2025:03:50:14 +0100] "GET /ticket2/opencms/set_aff_cookie.jsp?partner=6F250EA7-4505-FA01-D601-8847F2573405&url=%252Fno%252Fbuy%252Findex.html%253Fpage%253D1%2526edid%253D32AF2F6F-F4AA-C9F3-8E82-B7B8DB065132%2526hlv%253D611bb8ba-d570-47a5-b6c8-4b1b0a01000f%2523v_427121492 HTTP/1.1" 200 246
85.208.96.207 - - [12/Mar/2025:03:50:14 +0100] "GET /ticket2/opencms/cs/buy?page=1 HTTP/1.1" 200 -
85.208.96.201 - - [12/Mar/2025:03:50:16 +0100] "GET /ticket2/opencms/it/magazine/article?title=il-talento-svedese-lucas-bergvall-pronto-per-il-tottenham-hotspur HTTP/1.1" 200 95543
20.171.207.101 - - [12/Mar/2025:03:50:16 +0100] "GET /ticket2/opencms/set_aff_cookie.jsp?partner=6F250EA7-4505-FA01-D601-8847F2573405&url=%252Fno%252Fbuy%252Findex.html%253Fpage%253D1%2526edid%253D8D91D59E-3F0A-3FEA-2B47-5251F7B4BE3B%2526hlv%253D60f80ed0-822c-489a-aa8c-57fd0a01000f%2523v_819286549 HTTP/1.1" 200 246
20.171.207.101 - - [12/Mar/2025:03:50:19 +0100] "GET /ticket2/opencms/set_aff_cookie.jsp?partner=6F250EA7-4505-FA01-D601-8847F2573405&url=%252Fno%252Fbuy%252Findex.html%253Fpage%253D1%2526edid%253DE7560AB3-0BA2-E806-DEFE-5D8CC4C6CAA3%2526hlv%253D610bcffc-db28-4764-8d50-16270a01000f%2523v_1483083211 HTTP/1.1" 200 247
47.128.16.34 - - [12/Mar/2025:03:50:20 +0100] "GET /ticket2/opencms/fi/venue/?venueid=004352C5-E3C9-4789-9D05-F691F3C15650 HTTP/1.1" 200 86813
216.244.66.238 - - [12/Mar/2025:03:50:20 +0100] "GET /ticket2/opencms/robots.txt HTTP/1.1" 200 773
216.244.66.238 - - [12/Mar/2025:03:50:20 +0100] "GET /ticket2/opencms/robots.txt HTTP/1.1" 200 773
54.36.148.127 - - [12/Mar/2025:03:50:21 +0100] "GET /ticket2/opencms/sq/buy?page=1&edid=86016FCC-B629-DB25-1B97-EF7601F07523 HTTP/1.1" 200 109074
66.249.65.196 - - [12/Mar/2025:03:50:22 +0100] "GET /ticket2/opencms/ HTTP/1.1" 302 -
20.171.207.101 - - [12/Mar/2025:03:50:22 +0100] "GET /ticket2/opencms/set_aff_cookie.jsp?partner=6F250EA7-4505-FA01-D601-8847F2573405&url=%252Fno%252Fbuy%252Findex.html%253Fpage%253D1%2526edid%253D92D9A674-EDB4-A0FB-C5DF-A3BAFA7768AC%2526hlv%253D614ed569-b0c4-44c7-8e82-7b3b0a01000f%2523v_1833832880 HTTP/1.1" 200 247
66.249.76.167 - - [12/Mar/2025:03:50:24 +0100] "GET /ticket2/opencms/en/ HTTP/1.1" 200 102047
47.128.26.39 - - [12/Mar/2025:03:50:25 +0100] "GET /ticket2/opencms/nl/buy/?edid=FE0CD987-06E5-1E24-DE22-C166E40B11F9 HTTP/1.1" 200 89295
20.171.207.101 - - [12/Mar/2025:03:50:27 +0100] "GET /ticket2/opencms/set_aff_cookie.jsp?partner=6F250EA7-4505-FA01-D601-8847F2573405&url=%252Fno%252Fbuy%252Findex.html%253Fpage%253D1%2526edid%253DE0E0A92E-E970-D7B2-B5EB-9799FE58777D%2526hlv%253D60f81fcc-584c-45ea-a85b-5d1e0a01000f%2523v_712785709 HTTP/1.1" 200 246
54.36.148.43 - - [12/Mar/2025:03:50:30 +0100] "GET /ticket2/opencms/sv/sport/fotbollsbiljetter/ HTTP/1.1" 200 96107
66.249.65.195 - - [12/Mar/2025:03:50:30 +0100] "GET /ticket2/opencms/el/buy/?page=1&edid=1571DB1B-206B-93FC-5429-333D7E9FCB65 HTTP/1.1" 200 121894
37.123.143.11 - - [12/Mar/2025:03:50:30 +0100] "GET /ticket2/opencms/system/workplace/views/top_foot.jsp?wpFrame=foot HTTP/1.1" 200 1209
37.123.143.11 - - [12/Mar/2025:03:50:30 +0100] "GET /ticket2/opencms/system/workplace/commons/style/workplace.css HTTP/1.1" 200 14209
202.8.43.202 - - [12/Mar/2025:03:50:31 +0100] "GET /ticket2/opencms/system/modules/com.gridnine.opencms.ticketbrokerage.site/resources/css/ticketbrokerage.css HTTP/1.1" 200 39339
202.8.43.202 - - [12/Mar/2025:03:50:31 +0100] "GET /ticket2/opencms/system/modules/com.gridnine.opencms.ticketbrokerage.site/resources/css/calendar.css HTTP/1.1" 200 6871
202.8.43.202 - - [12/Mar/2025:03:50:31 +0100] "GET /ticket2/opencms/system/modules/com.gridnine.opencms.ticketbrokerage.site/resources/css/jquery.fancybox.css HTTP/1.1" 200 4939
202.8.43.202 - - [12/Mar/2025:03:50:31 +0100] "GET /ticket2/opencms/system/modules/com.gridnine.opencms.ticketbrokerage.site/resources/css/jquery-ui.css HTTP/1.1" 200 33221
202.8.43.202 - - [12/Mar/2025:03:50:31 +0100] "GET /ticket2/opencms/system/modules/com.gridnine.opencms.ticketbrokerage.site/resources/css/standard.css HTTP/1.1" 200 74449
202.8.43.202 - - [12/Mar/2025:03:50:31 +0100] "GET /ticket2/opencms/system/modules/com.gridnine.opencms.ticketbrokerage.site/resources/js/jquery/jquery.js HTTP/1.1" 200 93868
202.8.43.202 - - [12/Mar/2025:03:50:31 +0100] "GET /ticket2/opencms/system/modules/com.gridnine.opencms.ticketbrokerage.site/resources/js/functions.js HTTP/1.1" 200 1583
202.8.43.202 - - [12/Mar/2025:03:50:31 +0100] "GET /ticket2/opencms/system/modules/com.gridnine.opencms.ticketbrokerage.site/resources/js/jquery/jquery-ui.js HTTP/1.1" 200 228088
202.8.43.202 - - [12/Mar/2025:03:50:31 +0100] "GET /ticket2/opencms/system/modules/com.gridnine.opencms.ticketbrokerage.site/resources/js/calendar.js HTTP/1.1" 200 49229
202.8.43.202 - - [12/Mar/2025:03:50:31 +0100] "GET /ticket2/opencms/system/modules/com.gridnine.opencms.ticketbrokerage.site/resources/js/calendar-en.js HTTP/1.1" 200 3338
202.8.43.202 - - [12/Mar/2025:03:50:31 +0100] "GET /ticket2/opencms/system/modules/com.gridnine.opencms.ticketbrokerage.site/resources/js/calendar-setup.js HTTP/1.1" 200 4923
202.8.43.202 - - [12/Mar/2025:03:50:31 +0100] "GET /ticket2/opencms/system/modules/com.gridnine.opencms.ticketbrokerage.site/resources/js/stickyfill.min.js HTTP/1.1" 200 5672
202.8.43.202 - - [12/Mar/2025:03:50:31 +0100] "GET /ticket2/opencms/system/modules/com.gridnine.opencms.ticketbrokerage.site/resources/js/jquery.fancybox.pack.js HTTP/1.1" 200 23187
