66.249.65.195 - - [12/Mar/2025:04:08:22 +0100] "GET /ticket2/opencms/dk/buy?page=1&edid=FF0FFBB7-01D1-CC6B-4FB6-722B87EE8E38 HTTP/1.1" 200 109562
207.46.13.31 - - [12/Mar/2025:04:08:23 +0100] "GET /ticket2/opencms/sv/sport/hockeybiljetter/nhl/ny-islanders/ HTTP/1.1" 500 -
65.108.125.120 - - [12/Mar/2025:04:08:24 +0100] "GET /ticket2/opencms/en/login/?edid=7B685D53-E5EF-5917-D0CF-3D8092566FC4 HTTP/1.1" 200 90142
178.151.245.162 - - [12/Mar/2025:04:08:27 +0100] "GET /ticket2/opencms/fi/buy/?page=1&edid=109F549A-9FD7-B1FC-87D6-DB5E9ECA3E58&sortorder=desc&column=section HTTP/1.1" 200 112631
65.108.125.120 - - [12/Mar/2025:04:08:28 +0100] "GET /ticket2/opencms/en/login/?edid=818BFE3F-AC93-486D-C86E-30E2A3081A30 HTTP/1.1" 200 89994
178.151.245.162 - - [12/Mar/2025:04:08:30 +0100] "GET /ticket2/opencms/fi/buy/?page=1&edid=10AAD649-5E5E-EE36-2E17-DDA964C1719C&sortorder=asc&column=price HTTP/1.1" 200 112466
65.108.125.120 - - [12/Mar/2025:04:08:32 +0100] "GET /ticket2/opencms/en/login/?edid=82BD6FF9-3156-636F-72F0-08C841337175 HTTP/1.1" 200 90097
66.249.76.167 - - [12/Mar/2025:04:08:32 +0100] "GET /ticket2/opencms/nl/buy/?page=1&edid=8AEE234E-20C1-5EEC-44A7-091205146968 HTTP/1.1" 200 108364
178.151.245.162 - - [12/Mar/2025:04:08:33 +0100] "GET /ticket2/opencms/fi/buy/?page=1&edid=10D6239A-C87E-F4DB-2756-37EA531CCFE4&sortorder=desc&column=price HTTP/1.1" 200 109266
65.108.125.120 - - [12/Mar/2025:04:08:36 +0100] "GET /ticket2/opencms/en/login/?edid=835E757B-ED79-62EC-2A84-7FEB1EAD27AF HTTP/1.1" 200 90092
114.119.148.14 - - [12/Mar/2025:04:08:36 +0100] "GET /ticket2/opencms/en/buy?page=1&edid=1EABC656-E68C-EB7E-CEB8-306B039FCA53 HTTP/1.1" 200 110100
178.151.245.162 - - [12/Mar/2025:04:08:37 +0100] "GET /ticket2/opencms/fi/buy/?page=1&edid=114E8367-495D-2921-581D-A5757D17A2D8&sortorder=desc&column=price HTTP/1.1" 200 112480
20.171.207.101 - - [12/Mar/2025:04:08:39 +0100] "GET /ticket2/opencms/system/modules/com.gridnine.opencms.ticketbrokerage.site/resources/pics/buy_button_small_sr.png HTTP/1.1" 404 -
65.108.125.120 - - [12/Mar/2025:04:08:41 +0100] "GET /ticket2/opencms/en/login/?edid=84A5FE5E-FE66-D83A-8A7D-B9483A93F0F3 HTTP/1.1" 200 90142
178.151.245.162 - - [12/Mar/2025:04:08:44 +0100] "GET /ticket2/opencms/fi/buy/?page=1&edid=1154DCB7-5A2A-A6AE-4672-BBF2DE0C9EC8 HTTP/1.1" 200 110428
114.119.140.111 - - [12/Mar/2025:04:08:44 +0100] "GET /ticket2/opencms/it/buy/?page=1&edid=B7B5EA21-D0E1-5D4C-90B1-C2CC29A8B7DF HTTP/1.1" 200 90158
66.249.76.167 - - [12/Mar/2025:04:08:45 +0100] "GET /ticket2/opencms/sv/sport/fotbollsbiljetter/ HTTP/1.1" 200 96252
65.108.125.120 - - [12/Mar/2025:04:08:45 +0100] "GET /ticket2/opencms/en/login/?edid=8639D4E1-C0DC-DB58-D9B0-F439F1BE39EE HTTP/1.1" 200 90175
178.151.245.162 - - [12/Mar/2025:04:08:47 +0100] "GET /ticket2/opencms/fi/buy/?page=1&edid=124E8283-E5DC-7FAE-437D-48A8B5EF948C&sortorder=asc&column=row HTTP/1.1" 200 112876
65.108.125.120 - - [12/Mar/2025:04:08:50 +0100] "GET /ticket2/opencms/en/login/?edid=8732C1C6-4A53-46DF-DAC1-C15A12FE5914 HTTP/1.1" 200 90044
216.244.66.238 - - [12/Mar/2025:04:08:53 +0100] "GET /ticket2/opencms/fr/sport/billets-football/bundesliga/augsburg HTTP/1.1" 200 102038
178.151.245.162 - - [12/Mar/2025:04:08:54 +0100] "GET /ticket2/opencms/fi/buy/?page=1&edid=12ACB34A-BBB3-F801-5DD6-AEBE7A59BBA4&sortorder=desc&column=row HTTP/1.1" 200 112410
65.108.125.120 - - [12/Mar/2025:04:08:54 +0100] "GET /ticket2/opencms/en/login/?edid=88A5FA8D-B5B5-F577-3320-20F49E5C73A5 HTTP/1.1" 200 90094
157.55.39.9 - - [12/Mar/2025:04:08:57 +0100] "GET /ticket2/opencms/hu/buy?page=1&edid=6875AE46-58DA-9D07-CD12-63DF9AF5CB06 HTTP/1.1" 200 111339
65.108.125.120 - - [12/Mar/2025:04:08:59 +0100] "GET /ticket2/opencms/en/login/?edid=890CCDBB-BBBF-11B0-1E79-EA111E8EF281 HTTP/1.1" 200 90140
66.249.76.167 - - [12/Mar/2025:04:08:59 +0100] "GET /ticket2/opencms/pl/buy?page=6&comcatid=A17713B6-D984-201A-4143-ED4DB5ED5C2E&catid=D8B345C9-F7A5-E620-4B43-C34EB0D6885B&eventid=7C5A7BA8-D519-1CFD-C238-670704EE7DF9 HTTP/1.1" 200 112552
178.151.245.162 - - [12/Mar/2025:04:09:01 +0100] "GET /ticket2/opencms/fi/buy/?page=1&edid=1360E6F7-8499-827C-3ABB-366991C456E4&sortorder=desc&column=price HTTP/1.1" 200 113073
52.167.144.188 - - [12/Mar/2025:04:09:01 +0100] "GET /ticket2/opencms/bs/buy/?page=1&edid=8C84F5E0-FA25-C5E3-D5D6-2695128F01FC HTTP/1.1" 200 112040
65.108.125.120 - - [12/Mar/2025:04:09:02 +0100] "GET /ticket2/opencms/en/login/?edid=89104551-08D3-D9BB-EFEB-4D500F270FD9 HTTP/1.1" 200 90088
114.119.143.233 - - [12/Mar/2025:04:09:03 +0100] "GET /ticket2/opencms/is/buy?page=1&edid=8D01C916-357E-FA54-5633-1AB3A280726B HTTP/1.1" 200 111225
178.151.245.162 - - [12/Mar/2025:04:09:05 +0100] "GET /ticket2/opencms/fi/buy/?page=1&edid=14B70C43-9D61-6073-3183-2906B9273754&sortorder=desc&column=price HTTP/1.1" 200 112721
65.108.125.120 - - [12/Mar/2025:04:09:06 +0100] "GET /ticket2/opencms/en/login/?edid=8DD5F074-9C3D-F268-0681-07FE736DEB63 HTTP/1.1" 200 90117
207.46.13.54 - - [12/Mar/2025:04:09:07 +0100] "GET /ticket2/opencms/en/buy?page=1&edid=096598FE-DA35-4351-DFEE-DC9ACA0F0EF9 HTTP/1.1" 200 109994
178.151.245.162 - - [12/Mar/2025:04:09:09 +0100] "GET /ticket2/opencms/fi/buy/?page=1&edid=14B70C43-9D61-6073-3183-2906B9273754&sortorder=desc&column=row HTTP/1.1" 200 112729
65.108.125.120 - - [12/Mar/2025:04:09:11 +0100] "GET /ticket2/opencms/en/login/?edid=8F6505CC-E196-0DE2-B319-972139D9E7BC HTTP/1.1" 200 90081
91.124.117.86 - - [12/Mar/2025:04:09:11 +0100] "GET /ticket2/opencms/hr/buy/?edid=7BBDFB0E-EE23-5294-44DC-2CB1E8C1A24F&page=1 HTTP/1.1" 200 120372
178.151.245.162 - - [12/Mar/2025:04:09:14 +0100] "GET /ticket2/opencms/fi/buy/?page=1&edid=14B70C43-9D61-6073-3183-2906B9273754&sortorder=desc&column=section HTTP/1.1" 200 112731
65.108.125.120 - - [12/Mar/2025:04:09:15 +0100] "GET /ticket2/opencms/en/login/?edid=953A294D-6567-BF40-A983-70777896E678 HTTP/1.1" 200 90178
52.167.144.188 - - [12/Mar/2025:04:09:18 +0100] "GET /ticket2/opencms/et/buy/?page=1&edid=2AF1EC6A-A053-50DA-A4C5-C6E00D2010E6 HTTP/1.1" 200 112152
47.128.19.240 - - [12/Mar/2025:04:09:18 +0100] "GET /ticket2/opencms/fi/venue/?venueid=FF21FF50-A37F-0165-85A9-80D1D5F77A6E HTTP/1.1" 200 86838
65.108.125.120 - - [12/Mar/2025:04:09:19 +0100] "GET /ticket2/opencms/en/login/?edid=97449F5A-B517-11C8-8651-D35167D87B92 HTTP/1.1" 200 90039
114.119.145.123 - - [12/Mar/2025:04:09:21 +0100] "GET /ticket2/opencms/en/venue/?venueid=E68A45BC-0CBA-4CB6-8ECD-A427173821D5 HTTP/1.1" 200 85341
178.151.245.162 - - [12/Mar/2025:04:09:21 +0100] "GET /ticket2/opencms/fi/buy/?page=1&edid=242A560A-40C1-4036-A445-6155711765BE&sortorder=desc&column=section HTTP/1.1" 200 111772
207.46.13.36 - - [12/Mar/2025:04:09:21 +0100] "GET /ticket2/opencms/sl/buy/?page=1&edid=905D3BE1-46C8-EA4E-1BA4-270BE7100ACF HTTP/1.1" 200 112152
66.249.90.131 - - [12/Mar/2025:04:09:22 +0100] "GET /ticket2/opencms/sv/sport/fotbollsbiljetter/?gad_source=5&gclid=EAIaIQobChMItsuD8_iWiwMVjZL9Bx2wjjGSEAEYASAAEgImsPD_BwE HTTP/1.1" 200 96162
65.108.125.120 - - [12/Mar/2025:04:09:23 +0100] "GET /ticket2/opencms/en/login/?edid=97DDB571-B938-9619-1C48-40129E0307AC HTTP/1.1" 200 90125
178.151.245.162 - - [12/Mar/2025:04:09:23 +0100] "GET /ticket2/opencms/fi/buy/?page=1&edid=24A282BA-CC6E-1C13-AE23-912C708E8D54 HTTP/1.1" 200 111149
47.128.29.130 - - [12/Mar/2025:04:09:24 +0100] "GET /ticket2/opencms/dk/buy/?edid=F6B52729-D385-1BA8-C061-8869A2499C82 HTTP/1.1" 200 90324
66.249.90.131 - - [12/Mar/2025:04:09:25 +0100] "GET /ticket2/opencms/system/modules/com.gridnine.opencms.ticketbrokerage.site/resources/css/standard.css HTTP/1.1" 200 74449
66.249.90.131 - - [12/Mar/2025:04:09:26 +0100] "GET /ticket2/opencms/system/modules/com.gridnine.opencms.ticketbrokerage.site/resources/js/jquery/jquery-ui.js HTTP/1.1" 200 228088
66.249.90.131 - - [12/Mar/2025:04:09:27 +0100] "GET /ticket2/opencms/system/modules/com.gridnine.opencms.ticketbrokerage.site/resources/css/jquery-ui.css HTTP/1.1" 200 33221
178.151.245.162 - - [12/Mar/2025:04:09:27 +0100] "GET /ticket2/opencms/fi/buy/?page=1&edid=24C6651D-049D-EEC7-C880-1C8505D9B8E1&sortorder=desc&column=row HTTP/1.1" 200 109277
66.249.90.131 - - [12/Mar/2025:04:09:27 +0100] "GET /ticket2/opencms/system/modules/com.gridnine.opencms.ticketbrokerage.site/resources/js/calendar.js HTTP/1.1" 200 49229
65.108.125.120 - - [12/Mar/2025:04:09:28 +0100] "GET /ticket2/opencms/en/login/?edid=9991DCA7-B20E-8F37-74DF-2D15EC3B1DB6 HTTP/1.1" 200 90038
66.249.90.131 - - [12/Mar/2025:04:09:28 +0100] "GET /ticket2/opencms/system/modules/com.gridnine.opencms.ticketbrokerage.site/resources/css/jquery.fancybox.css HTTP/1.1" 200 4939
66.249.90.131 - - [12/Mar/2025:04:09:29 +0100] "GET /ticket2/opencms/system/modules/com.gridnine.opencms.ticketbrokerage.site/resources/js/jquery.fancybox.pack.js HTTP/1.1" 200 23187
185.191.171.1 - - [12/Mar/2025:04:09:29 +0100] "GET /ticket2/opencms/robots.txt HTTP/1.1" 200 773
66.249.90.131 - - [12/Mar/2025:04:09:29 +0100] "GET /ticket2/opencms/system/modules/com.gridnine.opencms.ticketbrokerage.site/resources/js/calendar-en.js HTTP/1.1" 200 3338
178.151.245.162 - - [12/Mar/2025:04:09:30 +0100] "GET /ticket2/opencms/fi/buy/?page=1&edid=2575916B-6579-ECDB-CD33-6F8E4E970260 HTTP/1.1" 200 111656
66.249.90.131 - - [12/Mar/2025:04:09:30 +0100] "GET /ticket2/opencms/system/modules/com.gridnine.opencms.ticketbrokerage.site/resources/css/ticketbrokerage.css HTTP/1.1" 200 39339
85.208.96.205 - - [12/Mar/2025:04:09:30 +0100] "GET /ticket2/opencms/sl/magazine/article?title=kylian-mbappe HTTP/1.1" 200 93471
66.249.90.131 - - [12/Mar/2025:04:09:31 +0100] "GET /ticket2/opencms/system/modules/com.gridnine.opencms.ticketbrokerage.site/resources/js/calendar-setup.js HTTP/1.1" 200 4923
65.108.125.120 - - [12/Mar/2025:04:09:32 +0100] "GET /ticket2/opencms/en/login/?edid=99C77A16-8AF9-4675-97DE-42A41C4ECB4F HTTP/1.1" 200 90033
66.249.90.131 - - [12/Mar/2025:04:09:32 +0100] "GET /ticket2/opencms/system/modules/com.gridnine.opencms.ticketbrokerage.site/resources/js/jquery/jquery.js HTTP/1.1" 200 93868
66.249.90.131 - - [12/Mar/2025:04:09:33 +0100] "GET /ticket2/opencms/system/modules/com.gridnine.opencms.ticketbrokerage.site/resources/js/functions.js HTTP/1.1" 200 1583
20.171.207.101 - - [12/Mar/2025:04:09:33 +0100] "GET /ticket2/opencms/system/modules/com.gridnine.opencms.ticketbrokerage.site/resources/pics/buy_button_small_fr.png HTTP/1.1" 404 -
178.151.245.162 - - [12/Mar/2025:04:09:34 +0100] "GET /ticket2/opencms/fi/buy/?page=1&edid=26318D33-76A2-8F06-B34D-C783FFEA2844&sortorder=desc&column=section HTTP/1.1" 200 112833
66.249.90.131 - - [12/Mar/2025:04:09:34 +0100] "GET /ticket2/opencms/system/modules/com.gridnine.opencms.ticketbrokerage.site/resources/js/stickyfill.min.js HTTP/1.1" 200 5672
54.36.148.231 - - [12/Mar/2025:04:09:34 +0100] "GET /ticket2/opencms/sl/buy?page=1&edid=F7660972-1F1F-59FF-1410-FAEC9F9D74B8 HTTP/1.1" 200 129711
66.249.90.131 - - [12/Mar/2025:04:09:35 +0100] "GET /ticket2/opencms/system/modules/com.gridnine.opencms.ticketbrokerage.site/resources/css/calendar.css HTTP/1.1" 200 6871
66.249.90.131 - - [12/Mar/2025:04:09:35 +0100] "GET /ticket2/opencms/system/modules/com.gridnine.opencms.ticketbrokerage.site/resources/js/standard.js HTTP/1.1" 200 3983
85.208.96.207 - - [12/Mar/2025:04:09:35 +0100] "GET /ticket2/opencms/de/sport/fussball-tickets/bundesliga/rb_leipzig/ HTTP/1.1" 200 95697
157.55.39.9 - - [12/Mar/2025:04:09:36 +0100] "GET /ticket2/opencms/dk/?page=6&comcatid=A17713B6-D984-201A-4143-ED4DB5ED5C2E&catid=E92E6B1B-7CD1-74B1-312C-265A7D8125D0 HTTP/1.1" 200 102569
202.8.42.87 - - [12/Mar/2025:04:09:36 +0100] "GET /ticket2/opencms/system/modules/com.gridnine.opencms.ticketbrokerage.site/resources/css/standard.css HTTP/1.1" 200 74449
202.8.42.87 - - [12/Mar/2025:04:09:36 +0100] "GET /ticket2/opencms/system/modules/com.gridnine.opencms.ticketbrokerage.site/resources/css/jquery.fancybox.css HTTP/1.1" 200 4939
202.8.42.87 - - [12/Mar/2025:04:09:36 +0100] "GET /ticket2/opencms/system/modules/com.gridnine.opencms.ticketbrokerage.site/resources/css/jquery-ui.css HTTP/1.1" 200 33221
202.8.42.87 - - [12/Mar/2025:04:09:36 +0100] "GET /ticket2/opencms/system/modules/com.gridnine.opencms.ticketbrokerage.site/resources/css/calendar.css HTTP/1.1" 200 6871
202.8.42.87 - - [12/Mar/2025:04:09:36 +0100] "GET /ticket2/opencms/system/modules/com.gridnine.opencms.ticketbrokerage.site/resources/js/stickyfill.min.js HTTP/1.1" 200 5672
202.8.42.87 - - [12/Mar/2025:04:09:36 +0100] "GET /ticket2/opencms/system/modules/com.gridnine.opencms.ticketbrokerage.site/resources/css/ticketbrokerage.css HTTP/1.1" 200 39339
202.8.42.87 - - [12/Mar/2025:04:09:36 +0100] "GET /ticket2/opencms/system/modules/com.gridnine.opencms.ticketbrokerage.site/resources/js/jquery/jquery.js HTTP/1.1" 200 93868
202.8.42.87 - - [12/Mar/2025:04:09:36 +0100] "GET /ticket2/opencms/system/modules/com.gridnine.opencms.ticketbrokerage.site/resources/js/jquery/jquery-ui.js HTTP/1.1" 200 228088
202.8.42.87 - - [12/Mar/2025:04:09:36 +0100] "GET /ticket2/opencms/system/modules/com.gridnine.opencms.ticketbrokerage.site/resources/js/calendar.js HTTP/1.1" 200 49229
202.8.42.87 - - [12/Mar/2025:04:09:36 +0100] "GET /ticket2/opencms/system/modules/com.gridnine.opencms.ticketbrokerage.site/resources/js/functions.js HTTP/1.1" 200 1583
202.8.42.87 - - [12/Mar/2025:04:09:36 +0100] "GET /ticket2/opencms/system/modules/com.gridnine.opencms.ticketbrokerage.site/resources/js/calendar-en.js HTTP/1.1" 200 3338
202.8.42.87 - - [12/Mar/2025:04:09:36 +0100] "GET /ticket2/opencms/system/modules/com.gridnine.opencms.ticketbrokerage.site/resources/js/calendar-setup.js HTTP/1.1" 200 4923
202.8.42.87 - - [12/Mar/2025:04:09:36 +0100] "GET /ticket2/opencms/system/modules/com.gridnine.opencms.ticketbrokerage.site/resources/js/jquery.fancybox.pack.js HTTP/1.1" 200 23187
65.108.125.120 - - [12/Mar/2025:04:09:36 +0100] "GET /ticket2/opencms/en/login/?edid=9A922FCB-8506-35ED-C678-7D43144BEDC3 HTTP/1.1" 200 90098
202.8.42.87 - - [12/Mar/2025:04:09:36 +0100] "GET /ticket2/opencms/system/modules/com.gridnine.opencms.ticketbrokerage.site/resources/js/standard.js HTTP/1.1" 200 3983
66.249.90.131 - - [12/Mar/2025:04:09:36 +0100] "GET /ticket2/opencms/system/modules/com.gridnine.opencms.ticketbrokerage.site/resources/js/jquery.placeholder.min.js HTTP/1.1" 200 1737
202.8.42.87 - - [12/Mar/2025:04:09:37 +0100] "GET /ticket2/opencms/system/modules/com.gridnine.opencms.ticketbrokerage.site/resources/js/jquery.placeholder.min.js HTTP/1.1" 200 1737
202.8.42.87 - - [12/Mar/2025:04:09:37 +0100] "GET /ticket2/opencms/sl/ask-form.html HTTP/1.1" 200 3156
202.8.42.87 - - [12/Mar/2025:04:09:37 +0100] "GET /ticket2/opencms/system/modules/com.gridnine.opencms.ticketbrokerage.site/resources/js/common-ajax.js HTTP/1.1" 200 20175
66.249.90.131 - - [12/Mar/2025:04:09:37 +0100] "GET /ticket2/opencms/system/modules/com.gridnine.opencms.ticketbrokerage.site/resources/js/common-ajax.js HTTP/1.1" 200 20175
202.8.42.87 - - [12/Mar/2025:04:09:37 +0100] "GET /ticket2/opencms/system/modules/com.gridnine.opencms.ticketbrokerage.site/resources/css/ticketbrokerage.css HTTP/1.1" 200 39339
178.151.245.162 - - [12/Mar/2025:04:09:38 +0100] "GET /ticket2/opencms/fi/buy/?page=1&edid=26C8B2C6-A707-F683-C614-F836DAE4D61B&sortorder=desc&column=row HTTP/1.1" 200 111378
65.108.125.120 - - [12/Mar/2025:04:09:41 +0100] "GET /ticket2/opencms/en/login/?edid=9ADD6348-BDC2-17B1-D675-135C7F3F55B2 HTTP/1.1" 200 90033
178.151.245.162 - - [12/Mar/2025:04:09:43 +0100] "GET /ticket2/opencms/fi/buy/?page=1&edid=27B25170-F47D-E8B6-FA45-B0D8DFC2462B&sortorder=asc&column=price HTTP/1.1" 200 110221
65.108.125.120 - - [12/Mar/2025:04:09:45 +0100] "GET /ticket2/opencms/en/login/?edid=9C14EF84-079A-4773-8105-DA00B5765C23 HTTP/1.1" 200 90039
66.249.65.195 - - [12/Mar/2025:04:09:47 +0100] "GET /ticket2/opencms/sq/buy/?comcatid=0A6B8208-FDA4-E929-9D72-5312FD481B76 HTTP/1.1" 200 106459
185.191.171.1 - - [12/Mar/2025:04:09:47 +0100] "GET /ticket2/opencms/de/sport/fussball-tickets/la_liga/celta_vigo/ HTTP/1.1" 200 101012
178.151.245.162 - - [12/Mar/2025:04:09:47 +0100] "GET /ticket2/opencms/fi/buy/?page=1&edid=294F17B7-744E-4BB6-3486-8E45BFCF45D8&sortorder=asc&column=section HTTP/1.1" 200 112791
65.108.125.120 - - [12/Mar/2025:04:09:49 +0100] "GET /ticket2/opencms/en/login/?edid=9C1548C2-2CCF-2559-E7B7-7E11B3528A6D HTTP/1.1" 200 90039
65.108.125.120 - - [12/Mar/2025:04:09:53 +0100] "GET /ticket2/opencms/en/login/?edid=9C19696E-AC92-85B8-FCE3-E87F0988DECA HTTP/1.1" 200 90043
114.119.150.86 - - [12/Mar/2025:04:09:55 +0100] "GET /ticket2/opencms/is/buy?page=1&edid=8CF7B327-CBF8-6902-00E4-357348B3DB32 HTTP/1.1" 200 112450
178.151.245.162 - - [12/Mar/2025:04:09:56 +0100] "GET /ticket2/opencms/fi/buy/?page=1&edid=33F56A09-80B7-AAA0-3CD6-4B4F5E173409&sortorder=asc&column=row HTTP/1.1" 200 111840
65.108.125.120 - - [12/Mar/2025:04:09:58 +0100] "GET /ticket2/opencms/en/login/?edid=9C728A72-5F1F-8AC3-C599-42C868D7DE2C HTTP/1.1" 200 90164
178.151.245.162 - - [12/Mar/2025:04:09:59 +0100] "GET /ticket2/opencms/fi/buy/?page=1&edid=3499FEE4-EBAE-2DC8-2BF3-44C7835D2575&sortorder=asc&column=section HTTP/1.1" 200 112551
65.108.125.120 - - [12/Mar/2025:04:10:02 +0100] "GET /ticket2/opencms/en/login/?edid=9CCEE39F-D610-CA60-DF33-9FF51513E64C HTTP/1.1" 200 90140
66.249.65.235 - - [12/Mar/2025:04:10:03 +0100] "GET /ticket2/opencms/sl/buy/?page=1&edid=7E220B35-85A5-A2FD-5BA1-267E725AAC4D HTTP/1.1" 200 111673
66.249.65.195 - - [12/Mar/2025:04:10:04 +0100] "GET /ticket2/opencms/mo/buy/?page=1&edid=8AEE234E-20C1-5EEC-44A7-091205146968 HTTP/1.1" 200 110818
178.151.245.162 - - [12/Mar/2025:04:10:04 +0100] "GET /ticket2/opencms/fi/buy/?page=1&edid=354F36F0-56C8-519D-5CCE-B171FF597541&sortorder=asc&column=price HTTP/1.1" 200 112437
65.108.125.120 - - [12/Mar/2025:04:10:06 +0100] "GET /ticket2/opencms/en/login/?edid=9D2DFDC9-4BC5-EECE-32CF-AF6FA9041457 HTTP/1.1" 200 90117
178.151.245.162 - - [12/Mar/2025:04:10:08 +0100] "GET /ticket2/opencms/fi/buy/?page=1&edid=354F36F0-56C8-519D-5CCE-B171FF597541&sortorder=asc&column=row HTTP/1.1" 200 112333
114.119.159.237 - - [12/Mar/2025:04:10:09 +0100] "GET /ticket2/opencms/it/buy/?comcatid=A17713B6-D984-201A-4143-ED4DB5ED5C2E&catid=FF8D7FE7-4B09-7305-01C7-2D47F7913EB8 HTTP/1.1" 200 103044
114.119.130.91 - - [12/Mar/2025:04:10:10 +0100] "GET /ticket2/opencms/en/buy/?page=1&edid=D4A3116D-04FA-A518-416F-31E8613FC0CB HTTP/1.1" 200 110209
65.108.125.120 - - [12/Mar/2025:04:10:11 +0100] "GET /ticket2/opencms/en/login/?edid=9F79CA3E-C929-3DA5-172A-1CE96884033B HTTP/1.1" 200 90089
207.46.13.155 - - [12/Mar/2025:04:10:11 +0100] "GET /ticket2/opencms/dk/buy/?page=1&edid=58BBF638-5A76-A8D6-7263-FAE40850FA7F HTTP/1.1" 200 116369
178.151.245.162 - - [12/Mar/2025:04:10:15 +0100] "GET /ticket2/opencms/fi/buy/?page=1&edid=354F36F0-56C8-519D-5CCE-B171FF597541&sortorder=asc&column=section HTTP/1.1" 200 112539
65.108.125.120 - - [12/Mar/2025:04:10:15 +0100] "GET /ticket2/opencms/en/login/?edid=A1A37FC4-1FF6-4D2A-B598-FE1862FE9ADD HTTP/1.1" 200 90053
178.151.245.162 - - [12/Mar/2025:04:10:18 +0100] "GET /ticket2/opencms/fi/buy/?page=1&edid=35B50084-B9AA-1B2B-99FE-C3FBA2700019&sortorder=desc&column=price HTTP/1.1" 200 111605
65.108.125.120 - - [12/Mar/2025:04:10:19 +0100] "GET /ticket2/opencms/en/login/?edid=A1B83606-53BD-ACDC-368E-FC5382EB306F HTTP/1.1" 200 90184
185.191.171.13 - - [12/Mar/2025:04:10:19 +0100] "GET /ticket2/opencms/robots.txt HTTP/1.1" 200 773
207.46.13.36 - - [12/Mar/2025:04:10:20 +0100] "GET /ticket2/opencms/de/buy?page=1&edid=CADFC425-50A8-87AD-969A-CE4EDB1D09FF HTTP/1.1" 200 110711
185.191.171.4 - - [12/Mar/2025:04:10:21 +0100] "GET /ticket2/opencms/sv/login/ HTTP/1.1" 200 91602
178.151.245.162 - - [12/Mar/2025:04:10:21 +0100] "GET /ticket2/opencms/fi/buy/?page=1&edid=372A0FFC-4AB9-A697-1800-A9D190BDD83C&sortorder=desc&column=row HTTP/1.1" 200 112467
66.249.65.195 - - [12/Mar/2025:04:10:22 +0100] "GET /ticket2/opencms/az/buy/?page=1&edid=9DBCDD83-DFF7-0F0A-E3AC-44814FB4671B HTTP/1.1" 200 116854
65.108.125.120 - - [12/Mar/2025:04:10:24 +0100] "GET /ticket2/opencms/en/login/?edid=A279CA4F-563C-FA44-9E12-257295BF18EE HTTP/1.1" 200 90125
85.208.96.195 - - [12/Mar/2025:04:10:24 +0100] "GET /ticket2/opencms/dk/sport/fodboldbilletter/serie-a/sassuolo/ HTTP/1.1" 500 -
178.151.245.162 - - [12/Mar/2025:04:10:25 +0100] "GET /ticket2/opencms/fi/buy/?page=1&edid=41B0AD3F-D5B6-C8C5-9D9D-00306E5C1BE4&sortorder=desc&column=price HTTP/1.1" 200 112505
47.128.119.103 - - [12/Mar/2025:04:10:27 +0100] "GET /ticket2/opencms/sl/buy/?edid=61903C96-F8B6-482A-0523-00721D5B62AF HTTP/1.1" 200 91549
65.108.125.120 - - [12/Mar/2025:04:10:28 +0100] "GET /ticket2/opencms/en/login/?edid=A457FF13-7A37-0365-AFA9-2CC7C635642A HTTP/1.1" 200 90113
20.171.207.101 - - [12/Mar/2025:04:10:29 +0100] "GET /ticket2/opencms/system/modules/com.gridnine.opencms.ticketbrokerage.site/resources/pics/buy_button_small_sl.png HTTP/1.1" 404 -
185.191.171.15 - - [12/Mar/2025:04:10:29 +0100] "GET /ticket2/opencms/sq/magazine/article?title=manchester-city-kunder-queens-park-rangers HTTP/1.1" 200 96080
91.124.117.118 - - [12/Mar/2025:04:10:29 +0100] "GET /ticket2/opencms/hr/magazine/article?title=impresivna-utakmica-u-kojoj-svedjanin-kulusevski-nastavlja-s-dostavom HTTP/1.1" 200 94623
178.151.245.162 - - [12/Mar/2025:04:10:29 +0100] "GET /ticket2/opencms/fi/buy/?page=1&edid=41B0AD3F-D5B6-C8C5-9D9D-00306E5C1BE4&sortorder=desc&column=row HTTP/1.1" 200 112495
37.123.143.11 - - [12/Mar/2025:04:10:31 +0100] "GET /ticket2/opencms/system/workplace/views/top_foot.jsp?wpFrame=foot HTTP/1.1" 200 1209
37.123.143.11 - - [12/Mar/2025:04:10:31 +0100] "GET /ticket2/opencms/system/workplace/commons/style/workplace.css HTTP/1.1" 200 14209
65.108.125.120 - - [12/Mar/2025:04:10:32 +0100] "GET /ticket2/opencms/en/login/?edid=A4CA2F1E-95F7-CE47-5A50-DF7E2BC18D85 HTTP/1.1" 200 90140
178.151.245.162 - - [12/Mar/2025:04:10:36 +0100] "GET /ticket2/opencms/fi/login/?edid=149610CA-0F22-02E0-1B00-E20271C813FD HTTP/1.1" 200 91763
65.108.125.120 - - [12/Mar/2025:04:10:36 +0100] "GET /ticket2/opencms/en/login/?edid=A4E0FC85-7C79-F9F5-C18A-2337C0D586CB HTTP/1.1" 200 90125
114.119.130.178 - - [12/Mar/2025:04:10:38 +0100] "GET /ticket2/opencms/tr/magazine/article?title=tottenham-hotspur-stadyumu-hakkinda HTTP/1.1" 200 97653
207.46.13.36 - - [12/Mar/2025:04:10:38 +0100] "GET /ticket2/opencms/nl/buy?page=1&edid=21983A10-3886-6CA4-6C25-A99511BED95C HTTP/1.1" 200 108890
66.249.65.195 - - [12/Mar/2025:04:10:39 +0100] "GET /ticket2/opencms/ HTTP/1.1" 302 -
207.46.13.36 - - [12/Mar/2025:04:10:39 +0100] "GET /ticket2/opencms/sv/buy/?page=1&edid=2B4B21AC-3A39-C63E-397C-084E798BD2FE HTTP/1.1" 200 111750
65.108.125.120 - - [12/Mar/2025:04:10:40 +0100] "GET /ticket2/opencms/en/login/?edid=A9801416-AE3B-7D1A-1B34-1269835EE309 HTTP/1.1" 200 90042
66.249.65.195 - - [12/Mar/2025:04:10:41 +0100] "GET /ticket2/opencms/en/ HTTP/1.1" 200 101938
66.249.65.174 - - [12/Mar/2025:04:10:43 +0100] "GET /ticket2/opencms/ga/buy?page=1&edid=697BE447-74B7-A748-152F-A1818DA4BEC9 HTTP/1.1" 200 135660
207.46.13.36 - - [12/Mar/2025:04:10:43 +0100] "GET /ticket2/opencms/et/buy?page=1&edid=3BC0166D-3334-F436-7AC9-C815C4D456EB HTTP/1.1" 200 111375
65.108.125.120 - - [12/Mar/2025:04:10:44 +0100] "GET /ticket2/opencms/en/login/?edid=ACDEDCDE-AC35-92AB-7B56-0F60F5AB1CF8 HTTP/1.1" 200 90049
114.119.157.43 - - [12/Mar/2025:04:10:45 +0100] "GET /ticket2/opencms/is/buy?page=1&edid=8A139653-3F2A-117F-5226-9B729662EFF1 HTTP/1.1" 200 108640
178.151.245.162 - - [12/Mar/2025:04:10:46 +0100] "GET /ticket2/opencms/fi/login/?edid=19102562-E2A2-AF98-F707-B3F5DB2EE4C3 HTTP/1.1" 200 91799
66.249.65.174 - - [12/Mar/2025:04:10:48 +0100] "GET /ticket2/opencms/ga/ask-form.html HTTP/1.1" 200 3156
65.108.125.120 - - [12/Mar/2025:04:10:49 +0100] "GET /ticket2/opencms/en/login/?edid=B6B8349F-A5AA-C742-11D5-2D7AB719C807 HTTP/1.1" 200 90088
65.108.125.120 - - [12/Mar/2025:04:10:53 +0100] "GET /ticket2/opencms/en/login/?edid=BA7B077D-41E0-093C-1E58-FE5BDBAE9EE8 HTTP/1.1" 200 90069
65.108.125.120 - - [12/Mar/2025:04:10:57 +0100] "GET /ticket2/opencms/en/login/?edid=BC8AFDB6-7EDF-E805-E0A1-B18581E9BD7C HTTP/1.1" 200 90089
178.151.245.162 - - [12/Mar/2025:04:10:57 +0100] "GET /ticket2/opencms/fi/login/?edid=2037F1F4-3AC9-7D0D-D653-6187E617C819 HTTP/1.1" 200 91794
157.55.39.9 - - [12/Mar/2025:04:10:57 +0100] "GET /ticket2/opencms/bs/buy?page=1&edid=5C50ECB1-C172-E904-ECBC-6CD309D8DD4A HTTP/1.1" 200 111530
66.249.74.137 - - [12/Mar/2025:04:10:58 +0100] "GET /ticket2/opencms/ka/magazine/article?title=deklan-raisi HTTP/1.1" 200 96515
65.108.125.120 - - [12/Mar/2025:04:11:01 +0100] "GET /ticket2/opencms/en/login/?edid=BCB4C6BC-01F1-9B82-B9A0-788195DE1926 HTTP/1.1" 200 90039
85.208.96.209 - - [12/Mar/2025:04:11:01 +0100] "GET /ticket2/opencms/hr/sport/nogometne-ulaznice/serie-a/roma HTTP/1.1" 200 100583
178.151.245.162 - - [12/Mar/2025:04:11:03 +0100] "GET /ticket2/opencms/fi/login/?edid=238FA49B-72B2-BE0E-F204-90EDB39CCE4C HTTP/1.1" 200 91799
65.108.125.120 - - [12/Mar/2025:04:11:06 +0100] "GET /ticket2/opencms/en/login/?edid=BD28444D-8483-F179-3965-1E8A674294B4 HTTP/1.1" 200 90142
178.151.245.162 - - [12/Mar/2025:04:11:08 +0100] "GET /ticket2/opencms/fi/login/?edid=29BA797B-C154-F348-7C3D-76E606A128C4 HTTP/1.1" 200 91862
65.108.125.120 - - [12/Mar/2025:04:11:10 +0100] "GET /ticket2/opencms/en/login/?edid=BFAFDC2C-908C-DD1E-38F3-2E405A281188 HTTP/1.1" 200 90078
66.249.76.42 - - [12/Mar/2025:04:11:12 +0100] "GET /ticket2/opencms/system/modules/com.gridnine.opencms.ticketbrokerage.site/resources/js/stickyfill.min.js HTTP/1.1" 200 5672
178.151.245.162 - - [12/Mar/2025:04:11:13 +0100] "GET /ticket2/opencms/fi/login/?edid=2A86C23D-0CE2-C481-2D6B-228BE88993AD HTTP/1.1" 200 91853
65.108.125.120 - - [12/Mar/2025:04:11:15 +0100] "GET /ticket2/opencms/en/login/?edid=D04A2A75-C354-C952-6F83-6468E82B896B HTTP/1.1" 200 90004
66.249.65.196 - - [12/Mar/2025:04:11:17 +0100] "GET /ticket2/opencms/bg/buy/?page=1&edid=1125FC06-6A3C-872B-D830-B5A68C80CEE6 HTTP/1.1" 200 110956
178.151.245.162 - - [12/Mar/2025:04:11:18 +0100] "GET /ticket2/opencms/fi/login/?edid=63084C78-5263-1A7A-C66E-4C63F55B8243 HTTP/1.1" 200 91726
65.108.125.120 - - [12/Mar/2025:04:11:19 +0100] "GET /ticket2/opencms/en/login/?edid=D2ED2DBD-458F-B467-43FF-6A8F96E6D9D1 HTTP/1.1" 200 90097
68.183.238.15 - - [12/Mar/2025:04:11:20 +0100] "GET /manager/html HTTP/1.1" 404 -
65.108.125.120 - - [12/Mar/2025:04:11:23 +0100] "GET /ticket2/opencms/en/login/?edid=D582FDF1-C885-7FD8-841B-6D2DEF5C38A4 HTTP/1.1" 200 90040
66.249.65.195 - - [12/Mar/2025:04:11:23 +0100] "GET /ticket2/opencms/es/buy?page=1&edid=4D569333-A725-AF23-311D-520AB9757B29&hlv=666c920a-d37c-427c-870e-167c0a01000f HTTP/1.1" 200 113201
20.171.207.101 - - [12/Mar/2025:04:11:24 +0100] "GET /ticket2/opencms/system/modules/com.gridnine.opencms.ticketbrokerage.site/resources/pics/buy_button_small_mo.png HTTP/1.1" 404 -
114.119.140.85 - - [12/Mar/2025:04:11:25 +0100] "GET /ticket2/opencms/en/buy/?page=1&edid=C78E4619-1E46-CB27-6BCC-007429A12C31 HTTP/1.1" 200 110013
178.151.245.162 - - [12/Mar/2025:04:11:26 +0100] "GET /ticket2/opencms/fi/login/?edid=63CD2C93-E504-2AC8-B8EA-EDE1A007E281 HTTP/1.1" 200 91862
185.191.171.14 - - [12/Mar/2025:04:11:27 +0100] "GET /ticket2/opencms/fi/urheilu/jalkapallo/serie_a/lecce/ HTTP/1.1" 500 -
65.108.125.120 - - [12/Mar/2025:04:11:27 +0100] "GET /ticket2/opencms/en/login/?edid=D96122AD-C3AA-80F5-DDA8-935E03AE952D HTTP/1.1" 200 90078
114.119.132.9 - - [12/Mar/2025:04:11:30 +0100] "GET /ticket2/opencms/it/buy/?page=1&edid=1725DD81-AB30-210C-691A-5E56E0E70527 HTTP/1.1" 200 117573
178.151.245.162 - - [12/Mar/2025:04:11:32 +0100] "GET /ticket2/opencms/fi/login/?edid=679592A4-F209-DF56-5774-383426253C85 HTTP/1.1" 200 91782
65.108.125.120 - - [12/Mar/2025:04:11:32 +0100] "GET /ticket2/opencms/en/login/?edid=E283AC65-3197-392C-E040-FCBDD904729E HTTP/1.1" 200 90087
65.108.125.120 - - [12/Mar/2025:04:11:36 +0100] "GET /ticket2/opencms/en/login/?edid=E7167E59-9BB5-9B0E-81D0-4B12FFFC8DB8 HTTP/1.1" 200 90092
178.151.245.162 - - [12/Mar/2025:04:11:37 +0100] "GET /ticket2/opencms/fi/login/?edid=709A2CF9-B8E5-0552-2285-BFE6641E87DD HTTP/1.1" 200 91803
65.108.125.120 - - [12/Mar/2025:04:11:40 +0100] "GET /ticket2/opencms/en/login/?edid=EC915888-6311-6923-2713-0E002AAB974F HTTP/1.1" 200 90063
66.249.65.235 - - [12/Mar/2025:04:11:43 +0100] "GET /ticket2/opencms/sl/magazine/article?title=viktor-gyokeres-k-manchester-unitedu HTTP/1.1" 200 92794
65.108.125.120 - - [12/Mar/2025:04:11:44 +0100] "GET /ticket2/opencms/en/login/?edid=ED327E33-FE74-1FCE-5E3B-538993D6B5E2 HTTP/1.1" 200 89994
185.191.171.3 - - [12/Mar/2025:04:11:45 +0100] "GET /ticket2/opencms/az/magazine/article?title=kevin-de-bruyne HTTP/1.1" 200 93727
178.151.245.162 - - [12/Mar/2025:04:11:45 +0100] "GET /ticket2/opencms/fi/login/?edid=74325E21-2E26-BE24-3423-54A1D7F40DB3 HTTP/1.1" 200 91840
216.244.66.238 - - [12/Mar/2025:04:11:45 +0100] "GET /ticket2/opencms/en/buy?page=1&edid=52F83580-0FD4-F06F-050A-AE1CCE4A20C1 HTTP/1.1" 200 110061
157.55.39.9 - - [12/Mar/2025:04:11:48 +0100] "GET /ticket2/opencms/pl/buy?page=1&edid=0872CDCC-19F9-14E1-6474-AB6CD6A870A9 HTTP/1.1" 200 111103
96.62.105.176 - - [12/Mar/2025:04:11:48 +0100] "GET /ticket2/opencms/hr/sport/nogometne-ulaznice/champions-league/dortmund HTTP/1.1" 500 -
65.108.125.120 - - [12/Mar/2025:04:11:48 +0100] "GET /ticket2/opencms/en/login/?edid=EDD921C3-85E0-12A1-A432-98789C28A5CD HTTP/1.1" 200 90118
40.77.167.22 - - [12/Mar/2025:04:11:50 +0100] "GET /ticket2/opencms/en/magazine/article?title=swedish-talent-lucas-bergvall-set-to-join-tottenham-hotspur HTTP/1.1" 200 93617
178.151.245.162 - - [12/Mar/2025:04:11:51 +0100] "GET /ticket2/opencms/fi/login/?edid=75E3823C-6D4F-AA5C-B067-C6F1D0576366 HTTP/1.1" 200 91763
65.108.125.120 - - [12/Mar/2025:04:11:53 +0100] "GET /ticket2/opencms/en/login/?edid=EF258200-AD35-9DFD-2E38-835E58C44B28 HTTP/1.1" 200 90042
66.249.65.236 - - [12/Mar/2025:04:11:54 +0100] "GET /ticket2/opencms/sl/magazine/article?title=please-provide-the-text-you-need-translated-into-slovenian HTTP/1.1" 200 93278
178.151.245.162 - - [12/Mar/2025:04:11:56 +0100] "GET /ticket2/opencms/fi/login/?edid=7899CB15-CC69-037A-749E-1E1E1BEFACB1 HTTP/1.1" 200 91768
114.119.136.30 - - [12/Mar/2025:04:11:57 +0100] "GET /ticket2/opencms/is/buy?page=1&edid=86016FCC-B629-DB25-1B97-EF7601F07523 HTTP/1.1" 200 108618
65.108.125.120 - - [12/Mar/2025:04:11:58 +0100] "GET /ticket2/opencms/en/login/?edid=EF2958B1-A48C-B7EC-265D-770BB975F623 HTTP/1.1" 200 90141
66.249.65.236 - - [12/Mar/2025:04:11:59 +0100] "GET /ticket2/opencms/sq/magazine/article?title=makthi-per-manchester-city HTTP/1.1" 200 96544
65.108.125.120 - - [12/Mar/2025:04:12:02 +0100] "GET /ticket2/opencms/en/login/?edid=F153D6CE-87EF-1EFD-54BE-529DCE593109 HTTP/1.1" 200 90052
178.151.245.162 - - [12/Mar/2025:04:12:03 +0100] "GET /ticket2/opencms/fi/login/?edid=7A5430D9-8A5F-E813-847D-A5F70CDA36B3 HTTP/1.1" 200 91813
66.249.65.196 - - [12/Mar/2025:04:12:03 +0100] "GET /ticket2/opencms/is/buy?page=1&edid=638AB846-B6F5-F25C-3F59-BAFA9BCE86BF HTTP/1.1" 200 111854
66.249.65.233 - - [12/Mar/2025:04:12:06 +0100] "GET /ticket2/opencms/en/magazine/article?title=fulham-fc HTTP/1.1" 200 90738
65.108.125.120 - - [12/Mar/2025:04:12:06 +0100] "GET /ticket2/opencms/en/login/?edid=F26F7624-B3C7-3F2B-5F3B-CAEEB7F1CB7F HTTP/1.1" 200 90039
66.249.65.196 - - [12/Mar/2025:04:12:06 +0100] "GET /ticket2/opencms/ka/buy/?page=1&edid=8AEE234E-20C1-5EEC-44A7-091205146968 HTTP/1.1" 200 116804
114.119.145.123 - - [12/Mar/2025:04:12:07 +0100] "GET /ticket2/opencms/ru/buy/?page=1&edid=394955EB-67DE-1F21-D60F-76346B858D9B HTTP/1.1" 200 110247
54.36.148.205 - - [12/Mar/2025:04:12:07 +0100] "GET /ticket2/opencms/no/sport/fotballsbilletter/la_liga/las_palmas/ HTTP/1.1" 200 99172
178.151.245.162 - - [12/Mar/2025:04:12:09 +0100] "GET /ticket2/opencms/fi/login/?edid=8BD60387-4E3F-89EB-86CE-11AA91ED3E74 HTTP/1.1" 200 91811
65.108.125.120 - - [12/Mar/2025:04:12:10 +0100] "GET /ticket2/opencms/en/login/?edid=F2903616-E045-95DA-34AC-DA2278424A81 HTTP/1.1" 200 90053
85.208.96.205 - - [12/Mar/2025:04:12:13 +0100] "GET /ticket2/opencms/tr/magazine/article?title=emirates-stadyumu HTTP/1.1" 200 95591
65.108.125.120 - - [12/Mar/2025:04:12:14 +0100] "GET /ticket2/opencms/en/login/?edid=F2BB5427-1D4A-AECD-9787-90D94712CD18 HTTP/1.1" 200 90172
178.151.245.162 - - [12/Mar/2025:04:12:14 +0100] "GET /ticket2/opencms/fi/login/?edid=A11B886E-58FD-585E-C844-3A5188D11667 HTTP/1.1" 200 91781
52.167.144.168 - - [12/Mar/2025:04:12:16 +0100] "GET /ticket2/opencms/fi/magazine/article/ HTTP/1.1" 200 89077
65.108.125.120 - - [12/Mar/2025:04:12:19 +0100] "GET /ticket2/opencms/en/login/?edid=F2C7182B-D237-C2BF-D71F-CBB98BBDC9C7 HTTP/1.1" 200 90128
52.230.152.239 - - [12/Mar/2025:04:12:19 +0100] "GET /ticket2/opencms/robots.txt HTTP/1.1" 200 773
178.151.245.162 - - [12/Mar/2025:04:12:21 +0100] "GET /ticket2/opencms/fi/login/?edid=B0342119-7DEE-A961-582D-4DB4FC7F38E6 HTTP/1.1" 200 91799
65.108.125.120 - - [12/Mar/2025:04:12:23 +0100] "GET /ticket2/opencms/en/login/?edid=F78B03FA-4A60-BDC0-B4DA-96975C817683 HTTP/1.1" 200 90136
178.151.245.162 - - [12/Mar/2025:04:12:27 +0100] "GET /ticket2/opencms/fi/login/?edid=B33DD1DC-05CA-B961-4569-DBEA9D57EDE4 HTTP/1.1" 200 91810
65.108.125.120 - - [12/Mar/2025:04:12:27 +0100] "GET /ticket2/opencms/en/login/?edid=F93A2292-3F60-7656-2C0B-2AB157A0BB0B HTTP/1.1" 200 90131
185.147.124.57 - - [12/Mar/2025:04:12:27 +0100] "��/*?�����Cookie: mstshash=Administr " 400 -
114.119.130.154 - - [12/Mar/2025:04:12:30 +0100] "GET /ticket2/opencms/is/buy?page=1&edid=82DAFB8C-2930-7F9D-08E3-A892E55FAAA5 HTTP/1.1" 200 90270
65.108.125.120 - - [12/Mar/2025:04:12:32 +0100] "GET /ticket2/opencms/en/login/?edid=FD4DCA3B-ED43-1043-8648-63C229A27832 HTTP/1.1" 200 90039
178.151.245.162 - - [12/Mar/2025:04:12:33 +0100] "GET /ticket2/opencms/fi/login/?edid=BF642258-F488-099D-EB1B-271BB8539B44 HTTP/1.1" 200 91790
40.77.167.23 - - [12/Mar/2025:04:12:34 +0100] "GET /ticket2/opencms/mt/buy/?comcatid=0A6B8208-FDA4-E929-9D72-5312FD481B76&catid=412DBCF4-025D-8ABC-7A40-D7C760E055FF HTTP/1.1" 200 97001
66.249.65.235 - - [12/Mar/2025:04:12:35 +0100] "GET /ticket2/opencms/en/venue/?venueid=41147811-3555-116B-80FF-96EECC95BFDA HTTP/1.1" 200 85365
65.108.125.120 - - [12/Mar/2025:04:12:36 +0100] "GET /ticket2/opencms/en/login/?edid=FDE29521-3045-A77D-76E2-3AD78B370696 HTTP/1.1" 200 90042
157.55.39.9 - - [12/Mar/2025:04:12:39 +0100] "GET /ticket2/opencms/nl/buy/?page=1&edid=22197FAA-D7C6-8F99-4EF8-595770C5EC77 HTTP/1.1" 200 109732
178.151.245.162 - - [12/Mar/2025:04:12:40 +0100] "GET /ticket2/opencms/fi/login/?edid=E6DB2F6D-C4A2-56D9-F22F-D06C54554EF2 HTTP/1.1" 200 91790
65.108.125.120 - - [12/Mar/2025:04:12:40 +0100] "GET /ticket2/opencms/en/login/?edid=FE3F2782-9F3B-6B97-C2AF-B73FABD8D4B4 HTTP/1.1" 200 90140
66.249.65.236 - - [12/Mar/2025:04:12:42 +0100] "GET /ticket2/opencms/sl/magazine/article?title=neymar-se-vraca-domov HTTP/1.1" 200 92367
65.108.125.120 - - [12/Mar/2025:04:12:44 +0100] "GET /ticket2/opencms/en/login/?edid=FF312D4E-5B6B-8FA5-BA69-635DC61A8F79 HTTP/1.1" 200 90072
66.249.76.167 - - [12/Mar/2025:04:12:44 +0100] "GET /ticket2/opencms/sr/buy?page=1&edid=2C495116-CB98-C9E3-B9E8-389135800397 HTTP/1.1" 200 111387
47.128.18.229 - - [12/Mar/2025:04:12:46 +0100] "GET /ticket2/opencms/be/buy/?edid=890CCDBB-BBBF-11B0-1E79-EA111E8EF281 HTTP/1.1" 200 92620
178.151.245.162 - - [12/Mar/2025:04:12:46 +0100] "GET /ticket2/opencms/fi/login/?edid=F2C7182B-D237-C2BF-D71F-CBB98BBDC9C7 HTTP/1.1" 200 91745
114.119.130.210 - - [12/Mar/2025:04:12:47 +0100] "GET /ticket2/opencms/ru/sell/?edid=DB05D697-A814-B351-28F8-D12625A8BB5E HTTP/1.1" 302 -
114.119.133.220 - - [12/Mar/2025:04:12:48 +0100] "GET /ticket2/opencms/en/buy/?page=1&edid=50375D23-8B44-5172-3FB1-755B660EE76F HTTP/1.1" 200 112810
114.119.130.154 - - [12/Mar/2025:04:12:49 +0100] "GET /ticket2/opencms/en/buy/?page=1&edid=6478F781-65DA-7AAE-BAEE-90B7FCDC7B60 HTTP/1.1" 200 109602
85.208.96.207 - - [12/Mar/2025:04:12:52 +0100] "GET /ticket2/opencms/de/fi/search.html?searchQuery=Nashville HTTP/1.1" 404 -
178.151.245.162 - - [12/Mar/2025:04:12:53 +0100] "GET /ticket2/opencms/fi/login/?edid=F463DFC6-FD0F-0F40-EE84-5419260C1C59 HTTP/1.1" 200 91820
66.249.65.234 - - [12/Mar/2025:04:12:54 +0100] "GET /ticket2/opencms/en/magazine/article?title=arsenal-season-reflection HTTP/1.1" 200 92329
114.119.154.81 - - [12/Mar/2025:04:12:54 +0100] "GET /ticket2/opencms/fr/login/ HTTP/1.1" 200 91679
114.119.130.210 - - [12/Mar/2025:04:12:54 +0100] "GET /ticket2/opencms/ru/login/?url=/ru/sell/ HTTP/1.1" 200 87724
103.131.71.198 - - [12/Mar/2025:04:12:58 +0100] "GET /ticket2/opencms/robots.txt HTTP/1.1" 200 773
66.249.65.235 - - [12/Mar/2025:04:12:59 +0100] "GET /ticket2/opencms/en/magazine/article?title=january-transfer-windows-most-expensive-signings HTTP/1.1" 200 91995
178.151.245.162 - - [12/Mar/2025:04:12:59 +0100] "GET /ticket2/opencms/fi/login/?edid=F4D78D53-5514-188C-B61F-73CDE03BF980 HTTP/1.1" 200 91803
216.244.66.238 - - [12/Mar/2025:04:13:02 +0100] "GET /ticket2/opencms/tr/buy?page=1&edid=FADD67F3-76CC-D117-2ADC-BEBED308D46A HTTP/1.1" 200 111949
66.249.65.196 - - [12/Mar/2025:04:13:03 +0100] "GET /ticket2/opencms/hu/buy/?page=1&edid=8AEE234E-20C1-5EEC-44A7-091205146968 HTTP/1.1" 200 110890
178.151.245.162 - - [12/Mar/2025:04:13:04 +0100] "GET /ticket2/opencms/fi/login/?edid=F55FD46B-77AB-3FD2-8E77-5D8B9DF55395 HTTP/1.1" 200 91813
103.131.71.215 - - [12/Mar/2025:04:13:05 +0100] "GET /ticket2/opencms/favicon.ico HTTP/1.1" 200 15406
178.151.245.162 - - [12/Mar/2025:04:13:11 +0100] "GET /ticket2/opencms/fi/login/?edid=F61A2A71-4492-3768-1967-C586B0069229 HTTP/1.1" 200 91764
47.128.48.2 - - [12/Mar/2025:04:13:18 +0100] "GET /ticket2/opencms/nl/buy?page=1&edid=BE6ABBE8-6DAC-6741-AA1A-CEB7A9B0DCF0 HTTP/1.1" 200 110029
47.128.48.2 - - [12/Mar/2025:04:13:19 +0100] "GET /ticket2/opencms/nl/ask-form.html HTTP/1.1" 200 3015
114.119.141.178 - - [12/Mar/2025:04:13:21 +0100] "GET /ticket2/opencms/uk/buy?page=1&=8A4C7AC3-9F20-8E7F-3D23-EA3DFE7093D0 HTTP/1.1" 200 -
185.191.171.17 - - [12/Mar/2025:04:13:26 +0100] "GET /ticket2/opencms/no/sport/ishockey/nhl/ny-rangers/ HTTP/1.1" 500 -
66.249.65.235 - - [12/Mar/2025:04:13:31 +0100] "GET /ticket2/opencms/en/magazine/article?title=neymar-returns-home HTTP/1.1" 200 90980
114.119.154.207 - - [12/Mar/2025:04:13:33 +0100] "GET /ticket2/opencms/ru/buy/?page=1&edid=32134176-F0AA-BAD2-9EEC-9C7891AB172B HTTP/1.1" 200 110315
66.249.65.195 - - [12/Mar/2025:04:13:33 +0100] "GET /ticket2/opencms/az/buy/?page=1&edid=3AC97E7E-AB64-429B-0C32-1ED0C30F900D HTTP/1.1" 200 108934
66.249.65.235 - - [12/Mar/2025:04:13:46 +0100] "GET /ticket2/opencms/nl/magazine/article?title=alexander-isak-slaat-record HTTP/1.1" 200 90536
40.77.167.23 - - [12/Mar/2025:04:13:58 +0100] "GET /ticket2/opencms/sr/buy?page=1&edid=B73D8B91-10A0-0768-4758-A3AB5852B34E HTTP/1.1" 200 109689
185.191.171.11 - - [12/Mar/2025:04:14:00 +0100] "GET /ticket2/opencms/it/sport/biglietti-calcio/ HTTP/1.1" 200 94578
114.119.150.22 - - [12/Mar/2025:04:14:12 +0100] "GET /ticket2/opencms/en/buy/?page=1&edid=50098D01-AD42-52EC-1548-570B78E3DFC9 HTTP/1.1" 200 110007
114.119.136.30 - - [12/Mar/2025:04:14:12 +0100] "GET /ticket2/opencms/uk/buy?page=1&=86917495-454F-F8D8-29B1-D5B1E65C7C19 HTTP/1.1" 200 -
114.119.159.129 - - [12/Mar/2025:04:14:16 +0100] "GET /ticket2/opencms/es/buy?page=1&edid=299450E2-FDAD-4E2B-0058-6290A7A2B57D HTTP/1.1" 200 111853
66.249.65.195 - - [12/Mar/2025:04:14:17 +0100] "GET /ticket2/opencms/it/buy/?page=1&edid=3AC97E7E-AB64-429B-0C32-1ED0C30F900D HTTP/1.1" 200 108433
66.249.76.167 - - [12/Mar/2025:04:14:18 +0100] "GET /ticket2/opencms/mt/ask-form.html HTTP/1.1" 200 3156
85.208.96.207 - - [12/Mar/2025:04:14:18 +0100] "GET /ticket2/opencms/be/magazine/article?title=manchester-united-vs-arsenal HTTP/1.1" 200 93270
66.249.76.44 - - [12/Mar/2025:04:14:21 +0100] "GET /ticket2/opencms/tr/magazine/article?title=etkileyici-bir-macta-isvecli-kulusevskinin-sergiledigi-performans-devam-ediyor HTTP/1.1" 200 94856
66.249.76.167 - - [12/Mar/2025:04:14:22 +0100] "GET /ticket2/opencms/bg/buy?page=1&edid=FBCB4DB4-95C2-2162-161E-CFE6F76BC5CD HTTP/1.1" 200 110861
96.62.105.123 - - [12/Mar/2025:04:14:29 +0100] "GET /ticket2/opencms/is/sport/fotbolti/champions-league/dynamo-kyiv HTTP/1.1" 500 -
66.249.76.167 - - [12/Mar/2025:04:14:32 +0100] "GET /ticket2/opencms/es/buy/?page=1&edid=8AEE234E-20C1-5EEC-44A7-091205146968 HTTP/1.1" 200 110747
185.191.171.3 - - [12/Mar/2025:04:14:44 +0100] "GET /ticket2/opencms/fi/urheilu/jalkapallo/bundesliga/bochum/ HTTP/1.1" 200 98706
185.191.171.10 - - [12/Mar/2025:04:14:45 +0100] "GET /ticket2/opencms/uk/magazine/article?title=champions-league-tickets-on-ticket2 HTTP/1.1" 200 98106
114.119.130.178 - - [12/Mar/2025:04:14:47 +0100] "GET /ticket2/opencms/it/magazine/article?title=hugo-larsson-il-ventenne-che-va-di-successo-in-successo HTTP/1.1" 200 95826
40.77.167.23 - - [12/Mar/2025:04:14:48 +0100] "GET /ticket2/opencms/mo/buy/?page=1&edid=AFF223F0-6237-658B-ADC3-62E270FAD253 HTTP/1.1" 200 108739
85.208.96.195 - - [12/Mar/2025:04:14:51 +0100] "GET /ticket2/opencms/el/faq/ HTTP/1.1" 200 94305
66.249.65.195 - - [12/Mar/2025:04:14:51 +0100] "GET /ticket2/opencms/sv/buy?page=1&edid=9281054C-8970-84EC-4079-0C8BCDDBCAD4 HTTP/1.1" 200 111843
185.191.171.16 - - [12/Mar/2025:04:14:51 +0100] "GET /ticket2/opencms/fi/search.html?searchQuery=Minnesota%2BWilds HTTP/1.1" 200 98618
66.249.65.195 - - [12/Mar/2025:04:14:58 +0100] "GET /ticket2/opencms/sq/buy?page=6&comcatid=A17713B6-D984-201A-4143-ED4DB5ED5C2E&catid=E92E6B1B-7CD1-74B1-312C-265A7D8125D0 HTTP/1.1" 200 104218
20.171.207.101 - - [12/Mar/2025:04:14:58 +0100] "GET /ticket2/opencms/system/modules/com.gridnine.opencms.ticketbrokerage.site/resources/pics/buy_button_small_ro.png HTTP/1.1" 404 -
85.208.96.195 - - [12/Mar/2025:04:14:59 +0100] "GET /ticket2/opencms/no/sport/fotballsbilletter/la_liga/villareal/ HTTP/1.1" 200 98959
66.249.65.235 - - [12/Mar/2025:04:15:00 +0100] "GET /ticket2/opencms/et/buy/?page=1&edid=BF8D38D6-BFC5-94DC-F957-47D6FB3C9AF0 HTTP/1.1" 200 107682
66.249.76.167 - - [12/Mar/2025:04:15:03 +0100] "GET /ticket2/opencms/sl/buy/?page=1&edid=3AC97E7E-AB64-429B-0C32-1ED0C30F900D HTTP/1.1" 200 108481
114.119.136.30 - - [12/Mar/2025:04:15:03 +0100] "GET /ticket2/opencms/sv/buy?page=1&edid=968A8F10-9514-4104-D078-D446E43D04F7 HTTP/1.1" 200 108148
47.128.31.238 - - [12/Mar/2025:04:15:05 +0100] "GET /ticket2/opencms/lv/buy/?edid=F0EFBD65-77E6-B7AA-81F6-50717F1EFF56 HTTP/1.1" 200 91524
207.46.13.168 - - [12/Mar/2025:04:15:06 +0100] "GET /ticket2/opencms/sv/login/?url=/sv/sell/ HTTP/1.1" 200 91613
68.183.238.15 - - [12/Mar/2025:04:15:09 +0100] "GET /manager/html HTTP/1.1" 404 -
207.46.13.168 - - [12/Mar/2025:04:15:18 +0100] "GET /ticket2/opencms/fi/urheilu/jalkapallo/premier_league/ HTTP/1.1" 200 97636
40.77.167.33 - - [12/Mar/2025:04:15:25 +0100] "GET /ticket2/opencms/no/buy/?page=1&edid=6D6B851D-A5E5-47CB-B1E7-4BAEA7376BDC HTTP/1.1" 200 110508
185.191.171.14 - - [12/Mar/2025:04:15:30 +0100] "GET /ticket2/opencms/ga/magazine/article?title=aistriu-go-rayados-meicsiceo HTTP/1.1" 200 95702
37.123.143.11 - - [12/Mar/2025:04:15:31 +0100] "GET /ticket2/opencms/system/workplace/views/top_foot.jsp?wpFrame=foot HTTP/1.1" 200 1209
37.123.143.11 - - [12/Mar/2025:04:15:31 +0100] "GET /ticket2/opencms/system/workplace/commons/style/workplace.css HTTP/1.1" 200 14209
66.249.65.196 - - [12/Mar/2025:04:15:36 +0100] "GET /ticket2/opencms/fr/buy/?page=1&edid=5B1EBD64-AC5B-1705-53F4-E0FEF8B73423 HTTP/1.1" 200 111628
114.119.130.91 - - [12/Mar/2025:04:15:38 +0100] "GET /ticket2/opencms/en/buy/?page=1&edid=4FF3C1AE-83B3-493A-B1E5-3C7E7F150C9A HTTP/1.1" 200 106784
85.208.96.209 - - [12/Mar/2025:04:15:39 +0100] "GET /ticket2/opencms/it/magazine/article?title=la-nations-league-e-in-pieno-svolgimento HTTP/1.1" 200 94416
216.244.66.238 - - [12/Mar/2025:04:15:39 +0100] "GET /ticket2/opencms/hu/buy?page=1&edid=B7E11C2C-3C6C-DE18-D55E-09DE5B0BD063 HTTP/1.1" 200 108765
52.167.144.24 - - [12/Mar/2025:04:15:39 +0100] "GET /ticket2/opencms/en/buy/?page=1&edid=8E087689-30A7-E7AD-9853-CFBC4F6216DD HTTP/1.1" 200 132182
20.171.207.101 - - [12/Mar/2025:04:15:41 +0100] "GET /ticket2/opencms/system/modules/com.gridnine.opencms.ticketbrokerage.site/resources/pics/buy_button_small_bs.png HTTP/1.1" 404 -
114.119.159.237 - - [12/Mar/2025:04:15:41 +0100] "GET /ticket2/opencms/en/venue/?venueid=D18D6787-79C9-168D-043E-699F3EFDABDE HTTP/1.1" 200 85244
66.249.76.1 - - [12/Mar/2025:04:15:46 +0100] "GET /ticket2/opencms/en/magazine/article?title=alexander-isak-breaks-records HTTP/1.1" 200 90982
96.62.105.244 - - [12/Mar/2025:04:15:48 +0100] "GET /ticket2/opencms/lt/sport/futbolo-bilietai/la-liga/real-madrid HTTP/1.1" 200 95509
114.119.136.30 - - [12/Mar/2025:04:15:54 +0100] "GET /ticket2/opencms/sr/buy?page=1&edid=2E602F15-8DB1-8A7E-BB82-1387A272CE4B HTTP/1.1" 200 112343
185.191.171.10 - - [12/Mar/2025:04:15:54 +0100] "GET /ticket2/opencms/fi/magazine/article?title=suljetaanko-siirtoikkuna-aikaisemmin HTTP/1.1" 200 92837
66.249.65.195 - - [12/Mar/2025:04:16:00 +0100] "GET /ticket2/opencms/bg/buy?page=1&edid=66FFE717-0C93-3F01-2AC8-8E7FC5F9BAB1 HTTP/1.1" 200 120225
40.77.167.23 - - [12/Mar/2025:04:16:09 +0100] "GET /ticket2/opencms/sk/buy/?page=1&edid=F508188E-719A-CB2A-023B-895E8AFF17D1&sortorder=asc&column=row HTTP/1.1" 200 108889
66.249.65.233 - - [12/Mar/2025:04:16:11 +0100] "GET /ticket2/opencms/ka/magazine/article?title=luka-modrichi-rcheba-real-madridshi HTTP/1.1" 200 97586
40.77.167.48 - - [12/Mar/2025:04:16:13 +0100] "GET /ticket2/opencms/ro/magazine/article?title=please-provide-the-text-you-would-like-translated-into-romanian HTTP/1.1" 200 93595
54.36.148.186 - - [12/Mar/2025:04:16:17 +0100] "GET /ticket2/opencms/mo/buy?page=1&edid=C2472D62-5082-1F11-D8B7-FFCB03AF0060 HTTP/1.1" 200 110820
85.208.96.205 - - [12/Mar/2025:04:16:17 +0100] "GET /ticket2/opencms/nl/magazine/article?title=een-seizoensreflectie-van-manchester-united-202324 HTTP/1.1" 200 91557
85.208.96.209 - - [12/Mar/2025:04:16:18 +0100] "GET /ticket2/opencms/hu/about/press/ HTTP/1.1" 200 88985
114.119.129.189 - - [12/Mar/2025:04:16:19 +0100] "GET /ticket2/opencms/it/buy/?page=1&edid=DE7FBF5B-9DCC-CEE2-6DAD-A4ECB73A57FF HTTP/1.1" 200 134718
20.171.207.101 - - [12/Mar/2025:04:16:21 +0100] "GET /ticket2/opencms/system/modules/com.gridnine.opencms.ticketbrokerage.site/resources/pics/buy_button_small_ka.png HTTP/1.1" 404 -
66.249.65.195 - - [12/Mar/2025:04:16:33 +0100] "GET /ticket2/opencms/en/venue/?venueid=DBF697FB-88C2-E56A-2177-E2C114E7E434 HTTP/1.1" 200 85312
216.244.66.196 - - [12/Mar/2025:04:16:44 +0100] "GET /ticket2/opencms/robots.txt HTTP/1.1" 200 773
66.249.65.195 - - [12/Mar/2025:04:16:47 +0100] "GET /ticket2/opencms/sl/magazine/article?title=la-liga-real-madrid-osvojil-najvec-naslovov HTTP/1.1" 200 94535
114.119.143.233 - - [12/Mar/2025:04:16:48 +0100] "GET /ticket2/opencms/sq/buy?page=1&=1DD2FB8C-6182-8BDB-87C5-B8D6E862FA4D HTTP/1.1" 200 -
40.77.167.23 - - [12/Mar/2025:04:16:49 +0100] "GET /ticket2/opencms/no/buy?page=1&edid=030C2C26-3348-47AC-040E-C76D81C8BC68 HTTP/1.1" 200 110125
85.208.96.194 - - [12/Mar/2025:04:16:54 +0100] "GET /ticket2/opencms/sv/sport/fotbollsbiljetter/premier_league/tottenham/west_ham_united.html HTTP/1.1" 200 92846
114.119.146.220 - - [12/Mar/2025:04:17:00 +0100] "GET /ticket2/opencms/en/buy/?page=1&edid=4FB70A70-ED86-D886-F80E-A585E41CEAF0 HTTP/1.1" 200 106787
112.86.225.32 - - [12/Mar/2025:04:17:01 +0100] "GET /ticket2/opencms/ HTTP/1.1" 302 -
66.249.65.235 - - [12/Mar/2025:04:17:02 +0100] "GET /ticket2/opencms/mt/magazine/article???%20Error%20reading%20resource%20from%20path HTTP/1.1" 200 89165
20.171.207.101 - - [12/Mar/2025:04:17:03 +0100] "GET /ticket2/opencms/system/modules/com.gridnine.opencms.ticketbrokerage.site/resources/pics/buy_button_small_is.png HTTP/1.1" 404 -
112.86.225.32 - - [12/Mar/2025:04:17:03 +0100] "GET /ticket2/opencms/en/ HTTP/1.1" 200 101988
172.203.190.128 - - [12/Mar/2025:04:17:08 +0100] "GET /ticket2/opencms/robots.txt HTTP/1.1" 304 -
45.89.148.127 - - [12/Mar/2025:04:17:09 +0100] "GET /ticket2/opencms/lt/sport/futbolo-bilietai/premier-league/fulham/ HTTP/1.1" 200 100911
114.119.132.9 - - [12/Mar/2025:04:17:10 +0100] "GET /ticket2/opencms/en/venue/?venueid=C6D8F33E-E17F-AB76-DAA0-0AEF57419F32 HTTP/1.1" 200 85498
47.128.47.33 - - [12/Mar/2025:04:17:18 +0100] "GET /ticket2/opencms/fr/magazine/article?title=bournemouth HTTP/1.1" 200 93731
85.208.96.196 - - [12/Mar/2025:04:17:18 +0100] "GET /ticket2/opencms/robots.txt HTTP/1.1" 200 773
85.208.96.194 - - [12/Mar/2025:04:17:20 +0100] "GET /ticket2/opencms/fr/magazine/article?title=petas-kylian-mbappe HTTP/1.1" 200 93157
66.249.65.195 - - [12/Mar/2025:04:17:23 +0100] "GET /ticket2/opencms/pl/buy?page=6&comcatid=A17713B6-D984-201A-4143-ED4DB5ED5C2E&catid=E92E6B1B-7CD1-74B1-312C-265A7D8125D0 HTTP/1.1" 200 103981
47.128.33.115 - - [12/Mar/2025:04:17:24 +0100] "GET /ticket2/opencms/sr/buy/?edid=367697E8-9CE6-4DE1-99C6-92AA7A0AA7C2 HTTP/1.1" 200 92052
66.249.65.234 - - [12/Mar/2025:04:17:25 +0100] "GET /ticket2/opencms/sl/buy/?page=1&edid=FE0CD987-06E5-1E24-DE22-C166E40B11F9 HTTP/1.1" 200 108390
157.55.39.7 - - [12/Mar/2025:04:17:27 +0100] "GET /ticket2/opencms/uk/buy/?page=1&edid=F4762C2F-0CD8-5224-A6A2-A149FF2FCF43 HTTP/1.1" 200 114678
40.77.167.23 - - [12/Mar/2025:04:17:31 +0100] "GET /ticket2/opencms/dk/buy/?page=1&edid=5F93E8E8-0A3C-E7C6-799E-7FAC313A5B3D HTTP/1.1" 200 110383
66.249.76.167 - - [12/Mar/2025:04:17:32 +0100] "GET /ticket2/opencms/ga/buy/?page=10&eventid=5DA5DC18-0429-6963-A61D-B44FBFE19212 HTTP/1.1" 200 93129
40.77.167.72 - - [12/Mar/2025:04:17:34 +0100] "GET /ticket2/opencms/en/magazine/article?title=manchester-united-have-chosen-to-sack-erik-ten-hag HTTP/1.1" 200 95618
114.119.135.251 - - [12/Mar/2025:04:17:39 +0100] "GET /ticket2/opencms/es/buy/?page=1&edid=CA9B3B0E-7FD3-E90E-7799-488AC7DDC244 HTTP/1.1" 200 131858
