54.36.149.63 - - [12/Mar/2025:00:09:35 +0100] "GET /ticket2/opencms/mo/buy?page=1&edid=C9919F63-312E-C4DF-29D6-DA1CE80EC9A2 HTTP/1.1" 200 126949
114.119.159.237 - - [12/Mar/2025:00:09:35 +0100] "GET /ticket2/opencms/en/buy/?page=1&edid=E3251761-EB52-79D3-066B-585D4F470E3B HTTP/1.1" 200 116145
202.8.40.221 - - [12/Mar/2025:00:09:36 +0100] "GET /ticket2/opencms/system/modules/com.gridnine.opencms.ticketbrokerage.site/resources/css/standard.css HTTP/1.1" 200 74449
202.8.40.221 - - [12/Mar/2025:00:09:36 +0100] "GET /ticket2/opencms/system/modules/com.gridnine.opencms.ticketbrokerage.site/resources/css/ticketbrokerage.css HTTP/1.1" 200 39339
202.8.40.221 - - [12/Mar/2025:00:09:36 +0100] "GET /ticket2/opencms/system/modules/com.gridnine.opencms.ticketbrokerage.site/resources/css/jquery.fancybox.css HTTP/1.1" 200 4939
202.8.40.221 - - [12/Mar/2025:00:09:36 +0100] "GET /ticket2/opencms/system/modules/com.gridnine.opencms.ticketbrokerage.site/resources/css/calendar.css HTTP/1.1" 200 6871
202.8.40.221 - - [12/Mar/2025:00:09:36 +0100] "GET /ticket2/opencms/system/modules/com.gridnine.opencms.ticketbrokerage.site/resources/css/jquery-ui.css HTTP/1.1" 200 33221
202.8.40.221 - - [12/Mar/2025:00:09:36 +0100] "GET /ticket2/opencms/system/modules/com.gridnine.opencms.ticketbrokerage.site/resources/js/jquery/jquery.js HTTP/1.1" 200 93868
202.8.40.221 - - [12/Mar/2025:00:09:36 +0100] "GET /ticket2/opencms/system/modules/com.gridnine.opencms.ticketbrokerage.site/resources/js/jquery/jquery-ui.js HTTP/1.1" 200 228088
202.8.40.221 - - [12/Mar/2025:00:09:36 +0100] "GET /ticket2/opencms/system/modules/com.gridnine.opencms.ticketbrokerage.site/resources/js/functions.js HTTP/1.1" 200 1583
202.8.40.221 - - [12/Mar/2025:00:09:36 +0100] "GET /ticket2/opencms/system/modules/com.gridnine.opencms.ticketbrokerage.site/resources/js/calendar.js HTTP/1.1" 200 49229
202.8.40.221 - - [12/Mar/2025:00:09:36 +0100] "GET /ticket2/opencms/system/modules/com.gridnine.opencms.ticketbrokerage.site/resources/js/calendar-en.js HTTP/1.1" 200 3338
202.8.40.221 - - [12/Mar/2025:00:09:36 +0100] "GET /ticket2/opencms/system/modules/com.gridnine.opencms.ticketbrokerage.site/resources/js/calendar-setup.js HTTP/1.1" 200 4923
202.8.40.221 - - [12/Mar/2025:00:09:36 +0100] "GET /ticket2/opencms/system/modules/com.gridnine.opencms.ticketbrokerage.site/resources/js/jquery.fancybox.pack.js HTTP/1.1" 200 23187
202.8.40.221 - - [12/Mar/2025:00:09:36 +0100] "GET /ticket2/opencms/system/modules/com.gridnine.opencms.ticketbrokerage.site/resources/js/stickyfill.min.js HTTP/1.1" 200 5672
202.8.40.221 - - [12/Mar/2025:00:09:36 +0100] "GET /ticket2/opencms/system/modules/com.gridnine.opencms.ticketbrokerage.site/resources/js/standard.js HTTP/1.1" 200 3983
202.8.40.221 - - [12/Mar/2025:00:09:36 +0100] "GET /ticket2/opencms/system/modules/com.gridnine.opencms.ticketbrokerage.site/resources/js/jquery.placeholder.min.js HTTP/1.1" 200 1737
202.8.40.221 - - [12/Mar/2025:00:09:36 +0100] "GET /ticket2/opencms/system/modules/com.gridnine.opencms.ticketbrokerage.site/resources/js/common-ajax.js HTTP/1.1" 200 20175
202.8.40.221 - - [12/Mar/2025:00:09:36 +0100] "GET /ticket2/opencms/mo/ask-form.html HTTP/1.1" 200 3156
202.8.40.221 - - [12/Mar/2025:00:09:36 +0100] "GET /ticket2/opencms/system/modules/com.gridnine.opencms.ticketbrokerage.site/resources/css/ticketbrokerage.css HTTP/1.1" 200 39339
20.171.207.252 - - [12/Mar/2025:00:09:36 +0100] "GET /ticket2/opencms/hu/sell/?edid=750C6040-29F7-425D-A24F-51B977F415A3 HTTP/1.1" 302 -
66.249.65.195 - - [12/Mar/2025:00:09:39 +0100] "GET /ticket2/opencms/dk/buy?page=1&edid=E8492630-5817-95C8-DBCF-47EFEEBEB25B HTTP/1.1" 200 110426
47.128.17.139 - - [12/Mar/2025:00:09:40 +0100] "GET /ticket2/opencms/sr/buy/?edid=68509658-F432-C2D3-40D1-EAC6A14AC448 HTTP/1.1" 200 91990
66.249.65.236 - - [12/Mar/2025:00:09:41 +0100] "GET /ticket2/opencms/sr/buy/?page=1&edid=4814AF54-3FC1-5F59-61CB-54A43FF24393 HTTP/1.1" 200 108997
54.36.148.109 - - [12/Mar/2025:00:09:42 +0100] "GET /ticket2/opencms/bs/sport/fudbalske-karte/premier-league/everton/ HTTP/1.1" 200 100861
51.8.102.216 - - [12/Mar/2025:00:09:45 +0100] "GET /ticket2/opencms/de/sport/fussball-tickets/champions-league/celtic HTTP/1.1" 500 -
51.8.102.207 - - [12/Mar/2025:00:09:46 +0100] "GET /ticket2/opencms/de/sport/fussball-tickets/champions-league/celtic HTTP/1.1" 500 -
185.191.171.10 - - [12/Mar/2025:00:09:47 +0100] "GET /ticket2/opencms/et/sport/jalgpallipiletid/english-championship/blackburn/ HTTP/1.1" 200 101993
20.42.10.181 - - [12/Mar/2025:00:09:47 +0100] "GET /ticket2/opencms/de/sport/fussball-tickets/champions-league/celtic HTTP/1.1" 500 -
173.252.83.9 - - [12/Mar/2025:00:09:48 +0100] "GET /ticket2/opencms/en/buy/?page=1&edid=FC821C33-E679-411D-0E2F-045A7A8A9CDD HTTP/1.1" 200 106820
66.249.74.77 - - [12/Mar/2025:00:09:49 +0100] "GET /ticket2/opencms/es/buy/?page=1&edid=719E6B6D-707F-E825-E3AA-0E552980E1EB HTTP/1.1" 200 90259
20.171.207.252 - - [12/Mar/2025:00:09:50 +0100] "GET /ticket2/opencms/el/buy/?catid=BDD8C04C-DD99-1C07-B5F3-F2AB98D157E8&comcatid=A17713B6-D984-201A-4143-ED4DB5ED5C2E HTTP/1.1" 200 104997
52.167.144.236 - - [12/Mar/2025:00:09:53 +0100] "GET /ticket2/opencms/be/buy?page=1&edid=299450E2-FDAD-4E2B-0058-6290A7A2B57D HTTP/1.1" 200 114424
54.36.148.37 - - [12/Mar/2025:00:09:54 +0100] "GET /ticket2/opencms/tr/buy?page=1&edid=921154C3-BF4F-9061-5CFB-8ECC0A8A34AE HTTP/1.1" 200 108790
54.36.148.146 - - [12/Mar/2025:00:09:58 +0100] "GET /ticket2/opencms/el/buy?page=1&edid=7122E03D-6477-8F00-8197-FB4687732D5A HTTP/1.1" 200 115582
157.55.39.195 - - [12/Mar/2025:00:09:59 +0100] "GET /ticket2/opencms/ga/buy/?page=1&edid=97FB3ADF-44F6-36F3-0FD6-7ED950F0421F HTTP/1.1" 200 111355
20.171.207.252 - - [12/Mar/2025:00:10:01 +0100] "GET /ticket2/opencms/el/buy/?catid=C0DF818C-DB21-6E2E-4056-DB751FFE0C41&comcatid=A17713B6-D984-201A-4143-ED4DB5ED5C2E HTTP/1.1" 200 104944
54.36.149.75 - - [12/Mar/2025:00:10:02 +0100] "GET /ticket2/opencms/en/buy?page=1&edid=5BB1055C-4C5F-5A4F-CCFB-6D0F529C929D HTTP/1.1" 200 114592
66.249.76.168 - - [12/Mar/2025:00:10:03 +0100] "GET /ticket2/opencms/es/buy?page=1&edid=17F4FAB1-2218-BA74-7D37-AA0EA115C361 HTTP/1.1" 200 112291
114.119.151.50 - - [12/Mar/2025:00:10:05 +0100] "GET /ticket2/opencms/es/buy/?page=1&edid=2F89DE74-66D3-F2EE-BBA0-20A3C149309A HTTP/1.1" 200 131939
54.36.148.206 - - [12/Mar/2025:00:10:06 +0100] "GET /ticket2/opencms/bs/magazine/article/ HTTP/1.1" 200 88911
66.249.65.234 - - [12/Mar/2025:00:10:06 +0100] "GET /ticket2/opencms/it/buy/?page=1&edid=5DBB4F23-1DC6-5854-92A3-8C0AF6152B4D HTTP/1.1" 200 124111
54.36.148.212 - - [12/Mar/2025:00:10:09 +0100] "GET /ticket2/opencms/sq/sport/bileta-per-futboll/premier-league/everton/ HTTP/1.1" 200 102456
20.171.207.252 - - [12/Mar/2025:00:10:12 +0100] "GET /ticket2/opencms/el/buy/?catid=3A56B1C2-6FFB-C8D1-B229-B3914D5FF8DF&comcatid=0A6B8208-FDA4-E929-9D72-5312FD481B76 HTTP/1.1" 200 98565
114.119.130.154 - - [12/Mar/2025:00:10:13 +0100] "GET /ticket2/opencms/ru/sport/hockey/nhl/toronto-maple-leafs/ HTTP/1.1" 500 -
54.36.148.150 - - [12/Mar/2025:00:10:13 +0100] "GET /ticket2/opencms/sl/buy?page=1&edid=8EF7EC9D-9BC8-1DEC-C27C-0541D5C5F471 HTTP/1.1" 200 126876
157.55.39.6 - - [12/Mar/2025:00:10:14 +0100] "GET /ticket2/opencms/nl/magazine/article?title=pep-guardiolas-voetbalrevolutie-de-invloed-van-een-tactische-meester HTTP/1.1" 200 92262
202.8.43.183 - - [12/Mar/2025:00:10:14 +0100] "GET /ticket2/opencms/system/modules/com.gridnine.opencms.ticketbrokerage.site/resources/css/jquery-ui.css HTTP/1.1" 200 33221
202.8.43.183 - - [12/Mar/2025:00:10:14 +0100] "GET /ticket2/opencms/system/modules/com.gridnine.opencms.ticketbrokerage.site/resources/css/calendar.css HTTP/1.1" 200 6871
202.8.43.183 - - [12/Mar/2025:00:10:14 +0100] "GET /ticket2/opencms/system/modules/com.gridnine.opencms.ticketbrokerage.site/resources/css/standard.css HTTP/1.1" 200 74449
202.8.43.183 - - [12/Mar/2025:00:10:14 +0100] "GET /ticket2/opencms/system/modules/com.gridnine.opencms.ticketbrokerage.site/resources/css/jquery.fancybox.css HTTP/1.1" 200 4939
202.8.43.183 - - [12/Mar/2025:00:10:14 +0100] "GET /ticket2/opencms/system/modules/com.gridnine.opencms.ticketbrokerage.site/resources/css/ticketbrokerage.css HTTP/1.1" 200 39339
202.8.43.183 - - [12/Mar/2025:00:10:14 +0100] "GET /ticket2/opencms/system/modules/com.gridnine.opencms.ticketbrokerage.site/resources/js/jquery/jquery.js HTTP/1.1" 200 93868
202.8.43.183 - - [12/Mar/2025:00:10:14 +0100] "GET /ticket2/opencms/system/modules/com.gridnine.opencms.ticketbrokerage.site/resources/js/jquery/jquery-ui.js HTTP/1.1" 200 228088
202.8.43.183 - - [12/Mar/2025:00:10:14 +0100] "GET /ticket2/opencms/system/modules/com.gridnine.opencms.ticketbrokerage.site/resources/js/functions.js HTTP/1.1" 200 1583
202.8.43.183 - - [12/Mar/2025:00:10:14 +0100] "GET /ticket2/opencms/system/modules/com.gridnine.opencms.ticketbrokerage.site/resources/js/calendar.js HTTP/1.1" 200 49229
202.8.43.183 - - [12/Mar/2025:00:10:14 +0100] "GET /ticket2/opencms/system/modules/com.gridnine.opencms.ticketbrokerage.site/resources/js/calendar-en.js HTTP/1.1" 200 3338
202.8.43.183 - - [12/Mar/2025:00:10:14 +0100] "GET /ticket2/opencms/system/modules/com.gridnine.opencms.ticketbrokerage.site/resources/js/calendar-setup.js HTTP/1.1" 200 4923
202.8.43.183 - - [12/Mar/2025:00:10:14 +0100] "GET /ticket2/opencms/system/modules/com.gridnine.opencms.ticketbrokerage.site/resources/js/jquery.fancybox.pack.js HTTP/1.1" 200 23187
202.8.43.183 - - [12/Mar/2025:00:10:14 +0100] "GET /ticket2/opencms/system/modules/com.gridnine.opencms.ticketbrokerage.site/resources/js/stickyfill.min.js HTTP/1.1" 200 5672
202.8.43.183 - - [12/Mar/2025:00:10:14 +0100] "GET /ticket2/opencms/system/modules/com.gridnine.opencms.ticketbrokerage.site/resources/js/standard.js HTTP/1.1" 200 3983
202.8.43.183 - - [12/Mar/2025:00:10:14 +0100] "GET /ticket2/opencms/system/modules/com.gridnine.opencms.ticketbrokerage.site/resources/js/jquery.placeholder.min.js HTTP/1.1" 200 1737
202.8.43.183 - - [12/Mar/2025:00:10:14 +0100] "GET /ticket2/opencms/system/modules/com.gridnine.opencms.ticketbrokerage.site/resources/js/common-ajax.js HTTP/1.1" 200 20175
202.8.43.183 - - [12/Mar/2025:00:10:14 +0100] "GET /ticket2/opencms/sl/ask-form.html HTTP/1.1" 200 3156
185.191.171.3 - - [12/Mar/2025:00:10:15 +0100] "GET /ticket2/opencms/de/sport/fussball-tickets/bundesliga/augsburg/ HTTP/1.1" 200 101802
202.8.43.183 - - [12/Mar/2025:00:10:15 +0100] "GET /ticket2/opencms/system/modules/com.gridnine.opencms.ticketbrokerage.site/resources/css/ticketbrokerage.css HTTP/1.1" 200 39339
47.128.36.178 - - [12/Mar/2025:00:10:16 +0100] "GET /ticket2/opencms/hr/buy/?edid=F2971CC3-8714-3DC4-0355-85018375B4CB HTTP/1.1" 200 91775
54.36.149.56 - - [12/Mar/2025:00:10:17 +0100] "GET /ticket2/opencms/bs/buy?page=1&edid=54DC2629-FE89-0ED9-A566-828C55EBE838 HTTP/1.1" 200 111564
157.55.39.195 - - [12/Mar/2025:00:10:17 +0100] "GET /ticket2/opencms/az/buy/?page=1&edid=8F1F38C2-E2DB-B13E-FCEA-0A73F3399CCE HTTP/1.1" 200 109060
20.171.207.252 - - [12/Mar/2025:00:10:22 +0100] "GET /ticket2/opencms/el/buy/?catid=1656E964-1E02-9A38-D092-65384E60B6EA&comcatid=97ECA65A-72DA-F9AF-9DBB-245D3CFED1BE HTTP/1.1" 200 99898
54.36.148.235 - - [12/Mar/2025:00:10:24 +0100] "GET /ticket2/opencms/ka/buy?page=1&edid=533C9666-8CEC-6A87-EB2B-BCF155BFF94A HTTP/1.1" 200 117908
154.54.249.216 - - [12/Mar/2025:00:10:24 +0100] "GET /ticket2/opencms/fi/venue/?venueid=CC9A440E-B464-CC4E-06EE-F66092FB8CD7 HTTP/1.1" 200 86817
20.171.207.252 - - [12/Mar/2025:00:10:30 +0100] "GET /ticket2/opencms/el/buy/?catid=24AC1CA6-1C09-0BE5-C04A-9DCCDB15D5E9&comcatid=A17713B6-D984-201A-4143-ED4DB5ED5C2E HTTP/1.1" 200 104870
114.119.154.13 - - [12/Mar/2025:00:10:31 +0100] "GET /ticket2/opencms/en/sell/?edid=059AA6BA-F228-718F-0735-D4AAF72123B5 HTTP/1.1" 302 -
54.36.149.76 - - [12/Mar/2025:00:10:32 +0100] "GET /ticket2/opencms/hr/magazine/article?title=legenda-u-zestokoj-raspravi-s-navijacem HTTP/1.1" 200 94046
114.119.154.13 - - [12/Mar/2025:00:10:34 +0100] "GET /ticket2/opencms/en/login/?url=/en/sell/ HTTP/1.1" 200 90097
40.77.167.241 - - [12/Mar/2025:00:10:35 +0100] "GET /ticket2/opencms/bg/buy/?page=1&edid=2023F726-4311-DF16-2C0C-AE4A78BC8014 HTTP/1.1" 200 110948
54.36.148.98 - - [12/Mar/2025:00:10:36 +0100] "GET /ticket2/opencms/fr/buy?page=1&edid=C9919F63-312E-C4DF-29D6-DA1CE80EC9A2 HTTP/1.1" 200 126959
66.249.73.13 - - [12/Mar/2025:00:10:36 +0100] "GET /ticket2/opencms/no/sport/motor/formel_1/ HTTP/1.1" 200 90688
66.249.65.196 - - [12/Mar/2025:00:10:37 +0100] "GET /ticket2/opencms/set_aff_cookie.jsp?partner=5E0CDF29-E7BE-9F6B-6869-7BF66B04006F&url=%252Ffi%252Fbuy%252Findex.html%253Fpage%253D1%2526edid%253D697BE447-74B7-A748-152F-A1818DA4BEC9%2526hlv%253D666d6f1b-4638-4492-98d4-0c190a01000f%2523v725250357 HTTP/1.1" 200 245
20.171.207.252 - - [12/Mar/2025:00:10:38 +0100] "GET /ticket2/opencms/el/buy/?catid=DA31441B-C568-3C77-D08C-698809032494&comcatid=97ECA65A-72DA-F9AF-9DBB-245D3CFED1BE HTTP/1.1" 200 99859
54.36.149.45 - - [12/Mar/2025:00:10:40 +0100] "GET /ticket2/opencms/sl/buy?page=1&edid=1B6F6A2B-A0DA-FF91-EC4E-3DCAA442C25B HTTP/1.1" 200 136250
54.36.148.114 - - [12/Mar/2025:00:10:45 +0100] "GET /ticket2/opencms/az/magazine/article/ HTTP/1.1" 200 89241
20.171.207.252 - - [12/Mar/2025:00:10:45 +0100] "GET /ticket2/opencms/el/buy/?catid=C48671DB-5AEB-8CE2-928E-38417FFBE085&comcatid=A17713B6-D984-201A-4143-ED4DB5ED5C2E HTTP/1.1" 200 104948
54.36.148.97 - - [12/Mar/2025:00:10:49 +0100] "GET /ticket2/opencms/hu/buy?page=1&edid=D63941C3-9D9D-1874-34EF-F67984762D0B HTTP/1.1" 200 110855
20.171.207.252 - - [12/Mar/2025:00:10:51 +0100] "GET /ticket2/opencms/el/buy/?catid=BE041FBE-C1A7-918C-EB61-99ED02D12F5B&comcatid=A17713B6-D984-201A-4143-ED4DB5ED5C2E HTTP/1.1" 200 104957
66.249.65.195 - - [12/Mar/2025:00:10:52 +0100] "GET /ticket2/opencms/el/buy?page=1&edid=0F1609DC-3333-3ED5-6855-0A373223136E&hlv=66d60189-ac60-4281-b33d-38000a01000f HTTP/1.1" 200 117081
114.119.141.34 - - [12/Mar/2025:00:10:52 +0100] "GET /ticket2/opencms/en/buy/?page=1&edid=BB76B436-1AB5-F125-9DCD-EB347B594121 HTTP/1.1" 200 110010
85.208.96.204 - - [12/Mar/2025:00:10:53 +0100] "GET /ticket2/opencms/is/magazine/article?title=framtidarstjornur HTTP/1.1" 200 93641
54.36.148.233 - - [12/Mar/2025:00:10:55 +0100] "GET /ticket2/opencms/mt/sport/biljetti-tal-futbol/la-liga/espanyol/ HTTP/1.1" 200 100643
20.171.207.252 - - [12/Mar/2025:00:10:57 +0100] "GET /ticket2/opencms/el/buy/?catid=739BFC5D-78FA-6834-D764-6CE64CA5F9EC&comcatid=A17713B6-D984-201A-4143-ED4DB5ED5C2E HTTP/1.1" 200 104860
114.119.132.9 - - [12/Mar/2025:00:10:58 +0100] "GET /ticket2/opencms/en/buy/?page=1&edid=DEBB69BB-3BAB-F0BE-B5F2-8B7120D1A9CB HTTP/1.1" 200 109805
207.46.13.64 - - [12/Mar/2025:00:11:02 +0100] "GET /ticket2/opencms/dk/sport/fodboldbilletter/premier-league/arsenal/ HTTP/1.1" 200 94666
20.171.207.252 - - [12/Mar/2025:00:11:02 +0100] "GET /ticket2/opencms/el/buy/?catid=2FC3D548-EAF9-1354-0CD2-7D7619DA2334&comcatid=A17713B6-D984-201A-4143-ED4DB5ED5C2E HTTP/1.1" 200 104874
54.36.149.40 - - [12/Mar/2025:00:11:04 +0100] "GET /ticket2/opencms/sl/buy?page=1&edid=C2472D62-5082-1F11-D8B7-FFCB03AF0060 HTTP/1.1" 200 110537
66.249.76.45 - - [12/Mar/2025:00:11:06 +0100] "GET /ticket2/opencms/be/buy/?page=1&edid=CCC5617F-257E-D2AC-C3EC-1D14BF51F54A HTTP/1.1" 200 91177
157.55.39.195 - - [12/Mar/2025:00:11:06 +0100] "GET /ticket2/opencms/fi/buy?page=1&edid=4D854EA2-CE46-BFDA-27D0-73633116F0F9 HTTP/1.1" 200 111667
20.171.207.252 - - [12/Mar/2025:00:11:07 +0100] "GET /ticket2/opencms/el/buy/?catid=82F804FA-9F69-CB6B-D41D-7BF7C716058B&comcatid=A17713B6-D984-201A-4143-ED4DB5ED5C2E HTTP/1.1" 200 104821
54.36.149.0 - - [12/Mar/2025:00:11:07 +0100] "GET /ticket2/opencms/sv/buy?page=1&edid=C2FB40E1-BEEF-E1A4-6ED5-33C8A69FD5CE HTTP/1.1" 200 111360
157.55.39.195 - - [12/Mar/2025:00:11:08 +0100] "GET /ticket2/opencms/be/buy?page=1&edid=27BD86C3-7872-0F2C-F4EA-C29B4E4DC0EF HTTP/1.1" 200 114307
114.119.153.152 - - [12/Mar/2025:00:11:08 +0100] "GET /ticket2/opencms/ru/?page=6&comcatid=97ECA65A-72DA-F9AF-9DBB-245D3CFED1BE&catid=E3105E1E-3982-291E-5523-1C1DF161E9B7 HTTP/1.1" 500 -
20.171.207.252 - - [12/Mar/2025:00:11:11 +0100] "GET /ticket2/opencms/el/buy/?catid=573B7747-EE85-D769-C87D-F3F61FB64AA5&comcatid=A17713B6-D984-201A-4143-ED4DB5ED5C2E HTTP/1.1" 200 104905
173.252.83.3 - - [12/Mar/2025:00:11:12 +0100] "GET /ticket2/opencms/es/deporte/entradas-futbol/bundesliga/mainz HTTP/1.1" 200 101649
54.36.149.6 - - [12/Mar/2025:00:11:13 +0100] "GET /ticket2/opencms/sl/buy?page=1&edid=3396D07B-AC6D-141E-71F3-9DE65C0FEDF0 HTTP/1.1" 200 114904
202.8.41.254 - - [12/Mar/2025:00:11:14 +0100] "GET /ticket2/opencms/system/modules/com.gridnine.opencms.ticketbrokerage.site/resources/css/jquery-ui.css HTTP/1.1" 200 33221
202.8.41.254 - - [12/Mar/2025:00:11:14 +0100] "GET /ticket2/opencms/system/modules/com.gridnine.opencms.ticketbrokerage.site/resources/css/standard.css HTTP/1.1" 200 74449
202.8.41.254 - - [12/Mar/2025:00:11:14 +0100] "GET /ticket2/opencms/system/modules/com.gridnine.opencms.ticketbrokerage.site/resources/css/calendar.css HTTP/1.1" 200 6871
202.8.41.254 - - [12/Mar/2025:00:11:14 +0100] "GET /ticket2/opencms/system/modules/com.gridnine.opencms.ticketbrokerage.site/resources/css/jquery.fancybox.css HTTP/1.1" 200 4939
202.8.41.254 - - [12/Mar/2025:00:11:14 +0100] "GET /ticket2/opencms/system/modules/com.gridnine.opencms.ticketbrokerage.site/resources/js/jquery/jquery.js HTTP/1.1" 200 93868
202.8.41.254 - - [12/Mar/2025:00:11:14 +0100] "GET /ticket2/opencms/system/modules/com.gridnine.opencms.ticketbrokerage.site/resources/css/ticketbrokerage.css HTTP/1.1" 200 39339
20.171.207.252 - - [12/Mar/2025:00:11:15 +0100] "GET /ticket2/opencms/el/buy/?catid=FCA7FF95-260A-464B-B6FF-A820FCE7DFEF&comcatid=0A6B8208-FDA4-E929-9D72-5312FD481B76 HTTP/1.1" 200 98619
202.8.41.254 - - [12/Mar/2025:00:11:15 +0100] "GET /ticket2/opencms/system/modules/com.gridnine.opencms.ticketbrokerage.site/resources/js/calendar.js HTTP/1.1" 200 49229
202.8.41.254 - - [12/Mar/2025:00:11:15 +0100] "GET /ticket2/opencms/system/modules/com.gridnine.opencms.ticketbrokerage.site/resources/js/jquery/jquery-ui.js HTTP/1.1" 200 228088
202.8.41.254 - - [12/Mar/2025:00:11:15 +0100] "GET /ticket2/opencms/system/modules/com.gridnine.opencms.ticketbrokerage.site/resources/js/functions.js HTTP/1.1" 200 1583
202.8.41.254 - - [12/Mar/2025:00:11:15 +0100] "GET /ticket2/opencms/system/modules/com.gridnine.opencms.ticketbrokerage.site/resources/js/calendar-en.js HTTP/1.1" 200 3338
202.8.41.254 - - [12/Mar/2025:00:11:15 +0100] "GET /ticket2/opencms/system/modules/com.gridnine.opencms.ticketbrokerage.site/resources/js/jquery.fancybox.pack.js HTTP/1.1" 200 23187
202.8.41.254 - - [12/Mar/2025:00:11:15 +0100] "GET /ticket2/opencms/system/modules/com.gridnine.opencms.ticketbrokerage.site/resources/js/calendar-setup.js HTTP/1.1" 200 4923
202.8.41.254 - - [12/Mar/2025:00:11:15 +0100] "GET /ticket2/opencms/system/modules/com.gridnine.opencms.ticketbrokerage.site/resources/js/stickyfill.min.js HTTP/1.1" 200 5672
202.8.41.254 - - [12/Mar/2025:00:11:15 +0100] "GET /ticket2/opencms/system/modules/com.gridnine.opencms.ticketbrokerage.site/resources/js/standard.js HTTP/1.1" 200 3983
202.8.41.254 - - [12/Mar/2025:00:11:15 +0100] "GET /ticket2/opencms/system/modules/com.gridnine.opencms.ticketbrokerage.site/resources/js/jquery.placeholder.min.js HTTP/1.1" 200 1737
202.8.41.254 - - [12/Mar/2025:00:11:15 +0100] "GET /ticket2/opencms/system/modules/com.gridnine.opencms.ticketbrokerage.site/resources/js/common-ajax.js HTTP/1.1" 200 20175
202.8.41.254 - - [12/Mar/2025:00:11:15 +0100] "GET /ticket2/opencms/sl/ask-form.html HTTP/1.1" 200 3156
202.8.41.254 - - [12/Mar/2025:00:11:15 +0100] "GET /ticket2/opencms/system/modules/com.gridnine.opencms.ticketbrokerage.site/resources/css/ticketbrokerage.css HTTP/1.1" 200 39339
207.46.13.160 - - [12/Mar/2025:00:11:15 +0100] "GET /ticket2/opencms/be/buy?page=1&edid=AC8F7448-8C97-BB58-DCF6-B6425E43C512 HTTP/1.1" 200 111043
17.241.75.36 - - [12/Mar/2025:00:11:17 +0100] "GET /ticket2/opencms/dk/buy/?page=1&edid=5E608C7A-903B-E4BB-4868-5D83917347B8 HTTP/1.1" 200 110509
54.36.149.25 - - [12/Mar/2025:00:11:18 +0100] "GET /ticket2/opencms/de/buy?page=1&edid=660EB9E2-5EAA-DCDE-B75E-74855AFB1F01 HTTP/1.1" 200 108116
20.171.207.252 - - [12/Mar/2025:00:11:18 +0100] "GET /ticket2/opencms/el/buy/?catid=7D3BEF66-5D88-3916-5B89-0E7B139E0169&comcatid=97ECA65A-72DA-F9AF-9DBB-245D3CFED1BE HTTP/1.1" 200 99859
20.171.207.252 - - [12/Mar/2025:00:11:21 +0100] "GET /ticket2/opencms/el/buy/?catid=1DB7F66B-473B-B427-F752-358FEEFE8EC0&comcatid=0A6B8208-FDA4-E929-9D72-5312FD481B76 HTTP/1.1" 200 98533
66.249.65.233 - - [12/Mar/2025:00:11:21 +0100] "GET /ticket2/opencms/sl/buy/?page=1&edid=DB78564C-15B8-80D7-4417-3A2B0F9689F8 HTTP/1.1" 200 111589
185.191.171.19 - - [12/Mar/2025:00:11:22 +0100] "GET /ticket2/opencms/de/magazine/article?title=halbfinale-frankreich-vs-spanien HTTP/1.1" 200 95806
54.36.149.72 - - [12/Mar/2025:00:11:23 +0100] "GET /ticket2/opencms/mt/buy?page=1&edid=C2472D62-5082-1F11-D8B7-FFCB03AF0060 HTTP/1.1" 200 110843
20.171.207.252 - - [12/Mar/2025:00:11:24 +0100] "GET /ticket2/opencms/el/buy/?catid=7CF2D645-F785-0CBB-1B7C-C4711617EAAD&comcatid=A17713B6-D984-201A-4143-ED4DB5ED5C2E HTTP/1.1" 200 105516
157.55.39.195 - - [12/Mar/2025:00:11:25 +0100] "GET /ticket2/opencms/ka/ HTTP/1.1" 200 108303
54.36.149.45 - - [12/Mar/2025:00:11:26 +0100] "GET /ticket2/opencms/sk/buy/?page=1&edid=31FDA527-9BE5-CC0F-08BA-BAC5423FB404 HTTP/1.1" 200 108601
20.171.207.252 - - [12/Mar/2025:00:11:26 +0100] "GET /ticket2/opencms/el/buy/?catid=D8B345C9-F7A5-E620-4B43-C34EB0D6885B&comcatid=A17713B6-D984-201A-4143-ED4DB5ED5C2E HTTP/1.1" 200 183564
45.181.121.30 - - [12/Mar/2025:00:11:27 +0100] "GET /ticket2/opencms/img/shutterstock_1559114345.jpg HTTP/1.1" 200 1583836
45.181.121.30 - - [12/Mar/2025:00:11:27 +0100] "GET /ticket2/opencms/es/magazine/article?title=liverpool-una-ciudad-de-cultura-e-historia HTTP/1.1" 200 93615
45.181.121.30 - - [12/Mar/2025:00:11:28 +0100] "GET /ticket2/opencms/system/modules/com.gridnine.opencms.ticketbrokerage.site/resources/css/ticketbrokerage.css HTTP/1.1" 200 39339
45.181.121.30 - - [12/Mar/2025:00:11:28 +0100] "GET /ticket2/opencms/system/modules/com.gridnine.opencms.ticketbrokerage.site/resources/css/calendar.css HTTP/1.1" 200 6871
45.181.121.30 - - [12/Mar/2025:00:11:28 +0100] "GET /ticket2/opencms/system/modules/com.gridnine.opencms.ticketbrokerage.site/resources/css/jquery-ui.css HTTP/1.1" 200 33221
20.171.207.252 - - [12/Mar/2025:00:11:28 +0100] "GET /ticket2/opencms/el/buy/?catid=0A9E385E-33D9-328E-DC79-CA2C7009C829&comcatid=A17713B6-D984-201A-4143-ED4DB5ED5C2E HTTP/1.1" 200 104986
45.181.121.30 - - [12/Mar/2025:00:11:28 +0100] "GET /ticket2/opencms/system/modules/com.gridnine.opencms.ticketbrokerage.site/resources/css/standard.css HTTP/1.1" 200 74449
114.119.151.50 - - [12/Mar/2025:00:11:28 +0100] "GET /ticket2/opencms/es/buy/?page=1&edid=2CEA0497-8D50-22F6-0E98-33BE3EC14F1E HTTP/1.1" 200 125919
45.181.121.30 - - [12/Mar/2025:00:11:28 +0100] "GET /ticket2/opencms/system/modules/com.gridnine.opencms.ticketbrokerage.site/resources/css/jquery.fancybox.css HTTP/1.1" 200 4939
45.181.121.30 - - [12/Mar/2025:00:11:28 +0100] "GET /ticket2/opencms/system/modules/com.gridnine.opencms.ticketbrokerage.site/resources/js/jquery/jquery.js HTTP/1.1" 200 93868
45.181.121.30 - - [12/Mar/2025:00:11:28 +0100] "GET /ticket2/opencms/system/modules/com.gridnine.opencms.ticketbrokerage.site/resources/js/jquery/jquery-ui.js HTTP/1.1" 200 228088
45.181.121.30 - - [12/Mar/2025:00:11:28 +0100] "GET /ticket2/opencms/system/modules/com.gridnine.opencms.ticketbrokerage.site/resources/js/calendar.js HTTP/1.1" 200 49229
45.181.121.30 - - [12/Mar/2025:00:11:28 +0100] "GET /ticket2/opencms/system/modules/com.gridnine.opencms.ticketbrokerage.site/resources/js/functions.js HTTP/1.1" 200 1583
45.181.121.30 - - [12/Mar/2025:00:11:29 +0100] "GET /ticket2/opencms/system/modules/com.gridnine.opencms.ticketbrokerage.site/resources/js/calendar-en.js HTTP/1.1" 200 3338
45.181.121.30 - - [12/Mar/2025:00:11:29 +0100] "GET /ticket2/opencms/system/modules/com.gridnine.opencms.ticketbrokerage.site/resources/js/calendar-setup.js HTTP/1.1" 200 4923
45.181.121.30 - - [12/Mar/2025:00:11:29 +0100] "GET /ticket2/opencms/system/modules/com.gridnine.opencms.ticketbrokerage.site/resources/js/jquery.fancybox.pack.js HTTP/1.1" 200 23187
68.183.238.15 - - [12/Mar/2025:00:11:29 +0100] "GET /manager/html HTTP/1.1" 404 -
45.181.121.30 - - [12/Mar/2025:00:11:29 +0100] "GET /ticket2/opencms/system/modules/com.gridnine.opencms.ticketbrokerage.site/resources/js/stickyfill.min.js HTTP/1.1" 200 5672
45.181.121.30 - - [12/Mar/2025:00:11:29 +0100] "GET /ticket2/opencms/img/icons/en.png HTTP/1.1" 200 2415
45.181.121.30 - - [12/Mar/2025:00:11:29 +0100] "GET /ticket2/opencms/system/modules/com.gridnine.opencms.ticketbrokerage.site/resources/js/standard.js HTTP/1.1" 200 3983
45.181.121.30 - - [12/Mar/2025:00:11:29 +0100] "GET /ticket2/opencms/system/modules/com.gridnine.opencms.ticketbrokerage.site/resources/js/common-ajax.js HTTP/1.1" 200 20175
45.181.121.30 - - [12/Mar/2025:00:11:29 +0100] "GET /ticket2/opencms/system/modules/com.gridnine.opencms.ticketbrokerage.site/resources/js/jquery.placeholder.min.js HTTP/1.1" 200 1737
45.181.121.30 - - [12/Mar/2025:00:11:29 +0100] "GET /ticket2/opencms/img/icons/se.png HTTP/1.1" 200 1258
45.181.121.30 - - [12/Mar/2025:00:11:29 +0100] "GET /ticket2/opencms/system/modules/com.gridnine.opencms.ticketbrokerage.site/resources/pics/logo-new.png HTTP/1.1" 200 13541
45.181.121.30 - - [12/Mar/2025:00:11:29 +0100] "GET /ticket2/opencms/img/chat.png HTTP/1.1" 200 416
45.181.121.30 - - [12/Mar/2025:00:11:29 +0100] "GET /ticket2/opencms/img/mail.png HTTP/1.1" 200 403
45.181.121.30 - - [12/Mar/2025:00:11:29 +0100] "GET /ticket2/opencms/img/check.png HTTP/1.1" 200 548
45.181.121.30 - - [12/Mar/2025:00:11:30 +0100] "GET /ticket2/opencms/img/insta.png HTTP/1.1" 200 3967
45.181.121.30 - - [12/Mar/2025:00:11:30 +0100] "GET /ticket2/opencms/img/fb.png HTTP/1.1" 200 1269
45.181.121.30 - - [12/Mar/2025:00:11:30 +0100] "GET /ticket2/opencms/system/modules/com.gridnine.opencms.ticketbrokerage.site/resources/pics/footer-img.jpg HTTP/1.1" 200 67642
45.181.121.30 - - [12/Mar/2025:00:11:30 +0100] "GET /ticket2/opencms/img/arrow.png HTTP/1.1" 200 753
185.191.171.18 - - [12/Mar/2025:00:11:30 +0100] "GET /ticket2/opencms/ro/magazine/article?title=eredivisie HTTP/1.1" 200 95480
20.171.207.252 - - [12/Mar/2025:00:11:30 +0100] "GET /ticket2/opencms/el/buy/?catid=8E4972FC-6E2C-77A4-BB9D-D67BD270A641&comcatid=0A6B8208-FDA4-E929-9D72-5312FD481B76 HTTP/1.1" 200 98632
54.36.148.169 - - [12/Mar/2025:00:11:30 +0100] "GET /ticket2/opencms/hr/buy?page=1&edid=533C9666-8CEC-6A87-EB2B-BCF155BFF94A HTTP/1.1" 200 111907
45.181.121.30 - - [12/Mar/2025:00:11:31 +0100] "GET /ticket2/opencms/img/icons/se.png HTTP/1.1" 200 1258
45.181.121.30 - - [12/Mar/2025:00:11:31 +0100] "GET /ticket2/opencms/img/icons/ticket2.thumbnail.png HTTP/1.1" 200 21519
45.181.121.30 - - [12/Mar/2025:00:11:31 +0100] "GET /ticket2/opencms/img/icons/en.png HTTP/1.1" 200 2415
45.181.121.30 - - [12/Mar/2025:00:11:31 +0100] "GET /ticket2/opencms/system/modules/com.gridnine.opencms.ticketbrokerage.site/resources/js/standard.js HTTP/1.1" 200 3983
45.181.121.30 - - [12/Mar/2025:00:11:31 +0100] "GET /ticket2/opencms/img/icons/globe-white.png HTTP/1.1" 200 947
45.181.121.30 - - [12/Mar/2025:00:11:31 +0100] "GET /ticket2/opencms/img/icons/fi.png HTTP/1.1" 200 1785
45.181.121.30 - - [12/Mar/2025:00:11:31 +0100] "GET /ticket2/opencms/img/icons/no.png HTTP/1.1" 200 1958
45.181.121.30 - - [12/Mar/2025:00:11:31 +0100] "GET /ticket2/opencms/img/icons/dk.png HTTP/1.1" 200 1706
45.181.121.30 - - [12/Mar/2025:00:11:31 +0100] "GET /ticket2/opencms/img/icons/nl.png HTTP/1.1" 200 1255
45.181.121.30 - - [12/Mar/2025:00:11:31 +0100] "GET /ticket2/opencms/img/icons/de.png HTTP/1.1" 200 1124
45.181.121.30 - - [12/Mar/2025:00:11:31 +0100] "GET /ticket2/opencms/img/icons/fr.png HTTP/1.1" 200 1764
45.181.121.30 - - [12/Mar/2025:00:11:31 +0100] "GET /ticket2/opencms/img/icons/es.png HTTP/1.1" 200 1005
45.181.121.30 - - [12/Mar/2025:00:11:31 +0100] "GET /ticket2/opencms/img/icons/it.png HTTP/1.1" 200 2040
45.181.121.30 - - [12/Mar/2025:00:11:32 +0100] "GET /ticket2/opencms/img/icons/pl.png HTTP/1.1" 200 1578
45.181.121.30 - - [12/Mar/2025:00:11:32 +0100] "GET /ticket2/opencms/img/icons/sq.png HTTP/1.1" 200 1619
45.181.121.30 - - [12/Mar/2025:00:11:32 +0100] "GET /ticket2/opencms/img/icons/az.png HTTP/1.1" 200 1445
45.181.121.30 - - [12/Mar/2025:00:11:32 +0100] "GET /ticket2/opencms/img/icons/be.png HTTP/1.1" 200 1663
20.171.207.252 - - [12/Mar/2025:00:11:32 +0100] "GET /ticket2/opencms/el/buy/?catid=6BD6E0B0-84AF-3A0D-3851-C1357CE9B771&comcatid=A17713B6-D984-201A-4143-ED4DB5ED5C2E HTTP/1.1" 200 105010
45.181.121.30 - - [12/Mar/2025:00:11:32 +0100] "GET /ticket2/opencms/img/icons/bs.png HTTP/1.1" 200 1014
45.181.121.30 - - [12/Mar/2025:00:11:32 +0100] "GET /ticket2/opencms/img/icons/bg.png HTTP/1.1" 200 788
45.181.121.30 - - [12/Mar/2025:00:11:32 +0100] "GET /ticket2/opencms/img/icons/hr.png HTTP/1.1" 200 2024
45.181.121.30 - - [12/Mar/2025:00:11:32 +0100] "GET /ticket2/opencms/img/icons/cs.png HTTP/1.1" 200 1883
45.181.121.30 - - [12/Mar/2025:00:11:32 +0100] "GET /ticket2/opencms/img/icons/et.png HTTP/1.1" 200 754
45.181.121.30 - - [12/Mar/2025:00:11:32 +0100] "GET /ticket2/opencms/img/icons/el.png HTTP/1.1" 200 1637
45.181.121.30 - - [12/Mar/2025:00:11:32 +0100] "GET /ticket2/opencms/img/icons/ka.png HTTP/1.1" 200 860
45.181.121.30 - - [12/Mar/2025:00:11:33 +0100] "GET /ticket2/opencms/img/icons/hu.png HTTP/1.1" 200 733
45.181.121.30 - - [12/Mar/2025:00:11:33 +0100] "GET /ticket2/opencms/img/icons/is.png HTTP/1.1" 200 1884
45.181.121.30 - - [12/Mar/2025:00:11:33 +0100] "GET /ticket2/opencms/img/icons/ga.png HTTP/1.1" 200 1759
45.181.121.30 - - [12/Mar/2025:00:11:33 +0100] "GET /ticket2/opencms/img/icons/lv.png HTTP/1.1" 200 716
45.181.121.30 - - [12/Mar/2025:00:11:33 +0100] "GET /ticket2/opencms/img/icons/lt.png HTTP/1.1" 200 733
45.181.121.30 - - [12/Mar/2025:00:11:33 +0100] "GET /ticket2/opencms/img/icons/mt.png HTTP/1.1" 200 920
45.181.121.30 - - [12/Mar/2025:00:11:33 +0100] "GET /ticket2/opencms/img/icons/mo.png HTTP/1.1" 200 1468
45.181.121.30 - - [12/Mar/2025:00:11:33 +0100] "GET /ticket2/opencms/img/icons/ro.png HTTP/1.1" 200 1393
45.181.121.30 - - [12/Mar/2025:00:11:33 +0100] "GET /ticket2/opencms/img/icons/sr.png HTTP/1.1" 200 1602
45.181.121.30 - - [12/Mar/2025:00:11:33 +0100] "GET /ticket2/opencms/img/icons/sk.png HTTP/1.1" 200 1283
45.181.121.30 - - [12/Mar/2025:00:11:33 +0100] "GET /ticket2/opencms/img/icons/sl.png HTTP/1.1" 200 966
45.181.121.30 - - [12/Mar/2025:00:11:33 +0100] "GET /ticket2/opencms/img/icons/uk.png HTTP/1.1" 200 1272
20.171.207.252 - - [12/Mar/2025:00:11:33 +0100] "GET /ticket2/opencms/el/buy/?catid=70B37487-FE30-D476-CAE7-E6AFEA3153F2&comcatid=A17713B6-D984-201A-4143-ED4DB5ED5C2E HTTP/1.1" 200 104998
45.181.121.30 - - [12/Mar/2025:00:11:34 +0100] "GET /ticket2/opencms/img/icons/tr.png HTTP/1.1" 200 1636
45.181.121.30 - - [12/Mar/2025:00:11:34 +0100] "GET /ticket2/opencms/img/shutterstock_1559114345.jpg HTTP/1.1" 200 1583836
157.55.39.195 - - [12/Mar/2025:00:11:35 +0100] "GET /ticket2/opencms/bs/buy?page=1&edid=A3EE66CB-E39D-A722-D02A-1C11DB7EB508&sortorder=asc&column=row HTTP/1.1" 200 112139
20.171.207.252 - - [12/Mar/2025:00:11:35 +0100] "GET /ticket2/opencms/el/buy/?catid=E3105E1E-3982-291E-5523-1C1DF161E9B7&comcatid=97ECA65A-72DA-F9AF-9DBB-245D3CFED1BE HTTP/1.1" 200 99870
185.191.171.3 - - [12/Mar/2025:00:11:35 +0100] "GET /ticket2/opencms/bg/magazine/ HTTP/1.1" 200 162987
54.36.148.243 - - [12/Mar/2025:00:11:35 +0100] "GET /ticket2/opencms/sv/buy?page=1&edid=2000B814-5798-93BD-839A-CF4F349DB54F HTTP/1.1" 200 111311
66.249.76.40 - - [12/Mar/2025:00:11:35 +0100] "GET /ticket2/opencms/el/buy?page=1&edid=2B44308E-1778-CFAE-7385-18758823F6EB HTTP/1.1" 200 115745
20.171.207.252 - - [12/Mar/2025:00:11:36 +0100] "GET /ticket2/opencms/el/buy/?catid=B0817F4C-4B6F-A68C-6229-209BB05F84D4&comcatid=A17713B6-D984-201A-4143-ED4DB5ED5C2E HTTP/1.1" 200 104876
20.171.207.252 - - [12/Mar/2025:00:11:37 +0100] "GET /ticket2/opencms/el/buy/?catid=515A9A29-35A0-2DB8-262B-AEF122DB04F6&comcatid=A17713B6-D984-201A-4143-ED4DB5ED5C2E HTTP/1.1" 200 104926
20.171.207.252 - - [12/Mar/2025:00:11:39 +0100] "GET /ticket2/opencms/el/buy/?catid=E92E6B1B-7CD1-74B1-312C-265A7D8125D0&comcatid=A17713B6-D984-201A-4143-ED4DB5ED5C2E HTTP/1.1" 200 104941
40.77.167.241 - - [12/Mar/2025:00:11:39 +0100] "GET /ticket2/opencms/bs/buy/?page=1&edid=D06F539B-6C6E-B2BD-7ADD-88707F5FFDEE HTTP/1.1" 200 112065
54.36.149.98 - - [12/Mar/2025:00:11:39 +0100] "GET /ticket2/opencms/hu/buy?page=1&edid=096598FE-DA35-4351-DFEE-DC9ACA0F0EF9 HTTP/1.1" 200 112018
20.171.207.252 - - [12/Mar/2025:00:11:40 +0100] "GET /ticket2/opencms/el/buy/?catid=412DBCF4-025D-8ABC-7A40-D7C760E055FF&comcatid=0A6B8208-FDA4-E929-9D72-5312FD481B76 HTTP/1.1" 200 98559
40.77.167.241 - - [12/Mar/2025:00:11:40 +0100] "GET /ticket2/opencms/tr/buy/?page=1&edid=C747B503-4F89-B90B-1E3B-B3B4D66B1FA0 HTTP/1.1" 200 112066
85.208.96.207 - - [12/Mar/2025:00:11:41 +0100] "GET /ticket2/opencms/is/magazine/article?title=hvernig-a-manchester-united-ad-takast-a-vid-kreppuna HTTP/1.1" 200 92938
20.171.207.252 - - [12/Mar/2025:00:11:41 +0100] "GET /ticket2/opencms/el/buy/?catid=CB847559-7ECA-CC50-D7D2-064AF0C06FB1&comcatid=0A6B8208-FDA4-E929-9D72-5312FD481B76 HTTP/1.1" 200 98611
20.171.207.252 - - [12/Mar/2025:00:11:42 +0100] "GET /ticket2/opencms/el/buy/?catid=4B941E1B-E4E2-C53E-C693-9FA91BBA9AD5&comcatid=A17713B6-D984-201A-4143-ED4DB5ED5C2E HTTP/1.1" 200 104940
20.171.207.252 - - [12/Mar/2025:00:11:43 +0100] "GET /ticket2/opencms/el/buy/?catid=C871EAE3-C584-718A-9795-07CDEF43FA75&comcatid=A17713B6-D984-201A-4143-ED4DB5ED5C2E HTTP/1.1" 200 104869
20.171.207.252 - - [12/Mar/2025:00:11:44 +0100] "GET /ticket2/opencms/el/buy/?catid=88C381AD-5D76-A34D-AC15-A7129F8EF5BE&comcatid=A17713B6-D984-201A-4143-ED4DB5ED5C2E HTTP/1.1" 200 104834
20.171.207.252 - - [12/Mar/2025:00:11:45 +0100] "GET /ticket2/opencms/el/buy/?catid=E961462E-5AC2-64D6-5850-A310C9DEAA06&comcatid=A17713B6-D984-201A-4143-ED4DB5ED5C2E HTTP/1.1" 200 104958
207.46.13.160 - - [12/Mar/2025:00:11:45 +0100] "GET /ticket2/opencms/pl/buy?page=1&edid=F7285C8B-A3C4-2AD3-AE62-5BC7D6BC7F7A HTTP/1.1" 200 107839
20.171.207.252 - - [12/Mar/2025:00:11:47 +0100] "GET /ticket2/opencms/el/buy/?catid=21C3854B-901E-11F9-7B7D-6838CC6AFAA4&comcatid=A17713B6-D984-201A-4143-ED4DB5ED5C2E HTTP/1.1" 200 140698
20.171.207.252 - - [12/Mar/2025:00:11:48 +0100] "GET /ticket2/opencms/el/buy/?catid=F03B8ADD-988E-AE6A-8DBA-AF502C691C60&comcatid=A17713B6-D984-201A-4143-ED4DB5ED5C2E HTTP/1.1" 200 104894
20.171.207.252 - - [12/Mar/2025:00:11:49 +0100] "GET /ticket2/opencms/el/buy/?catid=FF8D7FE7-4B09-7305-01C7-2D47F7913EB8&comcatid=A17713B6-D984-201A-4143-ED4DB5ED5C2E HTTP/1.1" 200 104938
20.171.207.252 - - [12/Mar/2025:00:11:50 +0100] "GET /ticket2/opencms/ga/sport/ticeid-peile/fa-cup HTTP/1.1" 404 -
66.249.74.137 - - [12/Mar/2025:00:11:50 +0100] "GET /ticket2/opencms/fr/sport/billets-football/ligue_1/paris_saint_germain/ HTTP/1.1" 500 -
103.131.71.214 - - [12/Mar/2025:00:11:51 +0100] "GET /ticket2/opencms/robots.txt HTTP/1.1" 200 773
20.171.207.252 - - [12/Mar/2025:00:11:51 +0100] "GET /ticket2/opencms/set_aff_cookie.jsp?partner=6F250EA7-4505-FA01-D601-8847F2573405&url=%252Fno%252Fbuy%252Findex.html%253Fpage%253D1%2526edid%253DBAF33BAB-F3FE-A596-F7A7-D750C5098FEC%2526hlv%253D60f69928-66c8-4409-8032-64540a01000f%2523v_415280846 HTTP/1.1" 200 246
54.36.148.166 - - [12/Mar/2025:00:11:51 +0100] "GET /ticket2/opencms/cs/buy?page=1&edid=08E96509-F113-0E6A-21FE-AD8C7D1444D0 HTTP/1.1" 200 111818
20.171.207.252 - - [12/Mar/2025:00:11:52 +0100] "GET /ticket2/opencms/set_aff_cookie.jsp?partner=6F250EA7-4505-FA01-D601-8847F2573405&url=%252Fno%252Fbuy%252Findex.html%253Fpage%253D1%2526edid%253D32C84788-8258-761B-31DE-9CBA78728125%2526hlv%253D610bcd75-abec-44dd-9ddf-15670a01000f%2523v_1444878675 HTTP/1.1" 200 247
20.171.207.252 - - [12/Mar/2025:00:11:53 +0100] "GET /ticket2/opencms/set_aff_cookie.jsp?partner=6F250EA7-4505-FA01-D601-8847F2573405&url=%252Fno%252Fbuy%252Findex.html%253Fpage%253D1%2526edid%253D7289F2D1-8B79-467B-FDCD-62F6982659A6%2526hlv%253D60f84bc1-743c-4bcf-a4a4-72280a01000f%2523v_1872393713 HTTP/1.1" 200 247
20.171.207.252 - - [12/Mar/2025:00:11:54 +0100] "GET /ticket2/opencms/set_aff_cookie.jsp?partner=6F250EA7-4505-FA01-D601-8847F2573405&url=%252Fno%252Fbuy%252Findex.html%253Fpage%253D1%2526edid%253DC4308E58-152A-45A7-B817-E9967A70F7B2%2526hlv%253D611badcd-c148-404b-a960-46da0a01000f%2523v_1784002627 HTTP/1.1" 200 247
114.119.136.30 - - [12/Mar/2025:00:11:55 +0100] "GET /ticket2/opencms/ru/buy/?page=1&edid=8726A379-C8DC-9B54-87A3-8A69D71865CA HTTP/1.1" 200 109575
20.171.207.252 - - [12/Mar/2025:00:11:56 +0100] "GET /ticket2/opencms/set_aff_cookie.jsp?partner=6F250EA7-4505-FA01-D601-8847F2573405&url=%252Fno%252Fbuy%252Findex.html%253Fpage%253D1%2526edid%253D038E9D5D-F853-3E62-678F-9F575C0DA65A%2526hlv%253D614495d3-59fc-4e5c-880d-78d70a01000f%2523v_905326068 HTTP/1.1" 200 246
114.119.130.61 - - [12/Mar/2025:00:11:56 +0100] "GET /ticket2/opencms/en/buy/?page=1&edid=DB8E6B8B-D5E6-2798-B4FA-A83F6B0F61B9 HTTP/1.1" 200 110688
173.252.83.4 - - [12/Mar/2025:00:11:56 +0100] "GET /ticket2/opencms/dk/buy/?page=1&edid=FF1B1F16-B60A-CB20-3635-FAA393A69F1C HTTP/1.1" 200 107227
20.171.207.252 - - [12/Mar/2025:00:11:57 +0100] "GET /ticket2/opencms/set_aff_cookie.jsp?partner=6F250EA7-4505-FA01-D601-8847F2573405&url=%252Fno%252Fbuy%252Findex.html%253Fpage%253D1%2526edid%253DF9957417-808C-BFE8-DAF7-21430BD5D954%2526hlv%253D611514e5-fcb0-4d96-b354-7aaa0a01000f%2523v_2077150794 HTTP/1.1" 200 247
54.36.148.45 - - [12/Mar/2025:00:11:57 +0100] "GET /ticket2/opencms/es/buy?page=1&edid=FF079107-CBD4-B70B-EC76-A896DEC733A2 HTTP/1.1" 200 121402
20.171.207.252 - - [12/Mar/2025:00:11:58 +0100] "GET /ticket2/opencms/set_aff_cookie.jsp?partner=6F250EA7-4505-FA01-D601-8847F2573405&url=%252Fno%252Fbuy%252Findex.html%253Fpage%253D1%2526edid%253DD5E74C45-3F08-B240-C54C-249FC09ABDCA%2526hlv%253D61537a0f-5d6c-406b-be77-586d0a01000f%2523v_327000581 HTTP/1.1" 200 246
185.191.171.10 - - [12/Mar/2025:00:11:59 +0100] "GET /ticket2/opencms/robots.txt HTTP/1.1" 200 773
47.128.20.157 - - [12/Mar/2025:00:11:59 +0100] "GET /ticket2/opencms/is/buy/?edid=DEAFC2C2-F426-D691-6E5C-FCBBF4DFF1AF HTTP/1.1" 200 91517
20.171.207.252 - - [12/Mar/2025:00:11:59 +0100] "GET /ticket2/opencms/set_aff_cookie.jsp?partner=6F250EA7-4505-FA01-D601-8847F2573405&url=%252Fno%252Fbuy%252Findex.html%253Fpage%253D1%2526edid%253D4A66E0EE-4010-51F0-E633-A52519A11CEB%2526hlv%253D60f81aaf-3670-42aa-87a1-5dc70a01000f%2523v_2135883201 HTTP/1.1" 200 247
54.36.148.233 - - [12/Mar/2025:00:11:59 +0100] "GET /ticket2/opencms/nl/buy/?page=1&edid=92A56E78-70A5-4E7F-4A0E-86D90A27FA9E HTTP/1.1" 200 115490
66.249.65.196 - - [12/Mar/2025:00:12:00 +0100] "GET /ticket2/opencms/nl/buy?page=1&edid=17F4FAB1-2218-BA74-7D37-AA0EA115C361 HTTP/1.1" 200 109947
185.191.171.9 - - [12/Mar/2025:00:12:00 +0100] "GET /ticket2/opencms/mo/magazine/article?title=nio-vitorias-em-dez-jogos HTTP/1.1" 200 93550
20.171.207.252 - - [12/Mar/2025:00:12:00 +0100] "GET /ticket2/opencms/set_aff_cookie.jsp?partner=6F250EA7-4505-FA01-D601-8847F2573405&url=%252Fno%252Fbuy%252Findex.html%253Fpage%253D1%2526edid%253D50C0023B-61A7-4684-18AF-AEB17F1F3E03%2526hlv%253D610bcf84-19a0-42e7-a71d-16250a01000f%2523v_417014228 HTTP/1.1" 200 246
20.171.207.252 - - [12/Mar/2025:00:12:01 +0100] "GET /ticket2/opencms/set_aff_cookie.jsp?partner=6F250EA7-4505-FA01-D601-8847F2573405&url=%252Fno%252Fbuy%252Findex.html%253Fpage%253D1%2526edid%253D02E70633-B7C9-B546-F009-7238F851DD63%2526hlv%253D6145d4d1-6aec-4de7-997d-6bd20a01000f%2523v_273084953 HTTP/1.1" 200 246
20.171.207.252 - - [12/Mar/2025:00:12:02 +0100] "GET /ticket2/opencms/set_aff_cookie.jsp?partner=6F250EA7-4505-FA01-D601-8847F2573405&url=%252Fno%252Fbuy%252Findex.html%253Fpage%253D1%2526edid%253DF6846B21-DFB1-3342-F8E4-3CC69EE92178%2526hlv%253D60f2a3e4-a6cc-4967-9433-3a1b0a01000f%2523v_561778716 HTTP/1.1" 200 246
20.171.207.252 - - [12/Mar/2025:00:12:04 +0100] "GET /ticket2/opencms/set_aff_cookie.jsp?partner=6F250EA7-4505-FA01-D601-8847F2573405&url=%252Fno%252Fbuy%252Findex.html%253Fpage%253D1%2526edid%253DF6846B21-DFB1-3342-F8E4-3CC69EE92178%2526hlv%253D614ed4f6-9b58-4cc1-818c-7b270a01000f%2523v_1943416623 HTTP/1.1" 200 247
114.119.150.86 - - [12/Mar/2025:00:12:05 +0100] "GET /ticket2/opencms/ru/buy/?comcatid=A17713B6-D984-201A-4143-ED4DB5ED5C2E&catid=7EF04817-972D-18B1-F941-DE800D088075 HTTP/1.1" 200 102156
20.171.207.252 - - [12/Mar/2025:00:12:05 +0100] "GET /ticket2/opencms/set_aff_cookie.jsp?partner=6F250EA7-4505-FA01-D601-8847F2573405&url=%252Fno%252Fbuy%252Findex.html%253Fpage%253D1%2526edid%253D95C100F7-B5CD-CD7A-8304-56237EF6DF6A%2526hlv%253D611cd25b-1dc8-4b3a-98fd-5e520a01000f%2523v_527183308 HTTP/1.1" 200 246
54.36.148.220 - - [12/Mar/2025:00:12:05 +0100] "GET /ticket2/opencms/it/buy?page=1&edid=39CE598D-FC19-9CD8-F22D-3F7964FACAB9 HTTP/1.1" 200 124434
66.249.65.234 - - [12/Mar/2025:00:12:05 +0100] "GET /ticket2/opencms/hr/buy/?page=1&edid=CA09799F-8631-DBFB-6C22-0BF147840F7B HTTP/1.1" 200 108650
20.171.207.252 - - [12/Mar/2025:00:12:06 +0100] "GET /ticket2/opencms/set_aff_cookie.jsp?partner=6F250EA7-4505-FA01-D601-8847F2573405&url=%252Fno%252Fbuy%252Findex.html%253Fpage%253D1%2526edid%253D0710F442-BF1F-3B9D-DE18-E35B12BA53D0%2526hlv%253D6103c61d-c46c-45e5-919b-2fe60a01000f%2523v_1492632541 HTTP/1.1" 200 247
54.36.148.231 - - [12/Mar/2025:00:12:07 +0100] "GET /ticket2/opencms/az/buy?page=1&edid=C9919F63-312E-C4DF-29D6-DA1CE80EC9A2 HTTP/1.1" 200 127390
20.171.207.252 - - [12/Mar/2025:00:12:07 +0100] "GET /ticket2/opencms/sk/magazine/article?title=em-hraci-ktori-vynikaju HTTP/1.1" 200 93254
202.8.41.110 - - [12/Mar/2025:00:12:08 +0100] "GET /ticket2/opencms/system/modules/com.gridnine.opencms.ticketbrokerage.site/resources/css/standard.css HTTP/1.1" 200 74449
202.8.41.110 - - [12/Mar/2025:00:12:08 +0100] "GET /ticket2/opencms/system/modules/com.gridnine.opencms.ticketbrokerage.site/resources/css/calendar.css HTTP/1.1" 200 6871
202.8.41.110 - - [12/Mar/2025:00:12:08 +0100] "GET /ticket2/opencms/system/modules/com.gridnine.opencms.ticketbrokerage.site/resources/css/ticketbrokerage.css HTTP/1.1" 200 39339
66.249.65.233 - - [12/Mar/2025:00:12:08 +0100] "GET /ticket2/opencms/sk/ HTTP/1.1" 200 103835
202.8.41.110 - - [12/Mar/2025:00:12:08 +0100] "GET /ticket2/opencms/system/modules/com.gridnine.opencms.ticketbrokerage.site/resources/css/jquery-ui.css HTTP/1.1" 200 33221
202.8.41.110 - - [12/Mar/2025:00:12:08 +0100] "GET /ticket2/opencms/system/modules/com.gridnine.opencms.ticketbrokerage.site/resources/css/jquery.fancybox.css HTTP/1.1" 200 4939
202.8.41.110 - - [12/Mar/2025:00:12:08 +0100] "GET /ticket2/opencms/system/modules/com.gridnine.opencms.ticketbrokerage.site/resources/js/jquery/jquery-ui.js HTTP/1.1" 200 228088
202.8.41.110 - - [12/Mar/2025:00:12:08 +0100] "GET /ticket2/opencms/system/modules/com.gridnine.opencms.ticketbrokerage.site/resources/js/functions.js HTTP/1.1" 200 1583
202.8.41.110 - - [12/Mar/2025:00:12:08 +0100] "GET /ticket2/opencms/system/modules/com.gridnine.opencms.ticketbrokerage.site/resources/js/jquery/jquery.js HTTP/1.1" 200 93868
202.8.41.110 - - [12/Mar/2025:00:12:08 +0100] "GET /ticket2/opencms/system/modules/com.gridnine.opencms.ticketbrokerage.site/resources/js/calendar.js HTTP/1.1" 200 49229
202.8.41.110 - - [12/Mar/2025:00:12:08 +0100] "GET /ticket2/opencms/system/modules/com.gridnine.opencms.ticketbrokerage.site/resources/js/calendar-en.js HTTP/1.1" 200 3338
202.8.41.110 - - [12/Mar/2025:00:12:08 +0100] "GET /ticket2/opencms/system/modules/com.gridnine.opencms.ticketbrokerage.site/resources/js/calendar-setup.js HTTP/1.1" 200 4923
202.8.41.110 - - [12/Mar/2025:00:12:08 +0100] "GET /ticket2/opencms/system/modules/com.gridnine.opencms.ticketbrokerage.site/resources/js/jquery.fancybox.pack.js HTTP/1.1" 200 23187
202.8.41.110 - - [12/Mar/2025:00:12:08 +0100] "GET /ticket2/opencms/system/modules/com.gridnine.opencms.ticketbrokerage.site/resources/js/stickyfill.min.js HTTP/1.1" 200 5672
20.171.207.252 - - [12/Mar/2025:00:12:08 +0100] "GET /ticket2/opencms/et/sport/jalgpallipiletid/fa-cup HTTP/1.1" 404 -
202.8.41.110 - - [12/Mar/2025:00:12:08 +0100] "GET /ticket2/opencms/system/modules/com.gridnine.opencms.ticketbrokerage.site/resources/js/standard.js HTTP/1.1" 200 3983
202.8.41.110 - - [12/Mar/2025:00:12:08 +0100] "GET /ticket2/opencms/system/modules/com.gridnine.opencms.ticketbrokerage.site/resources/js/jquery.placeholder.min.js HTTP/1.1" 200 1737
202.8.41.110 - - [12/Mar/2025:00:12:08 +0100] "GET /ticket2/opencms/system/modules/com.gridnine.opencms.ticketbrokerage.site/resources/js/common-ajax.js HTTP/1.1" 200 20175
202.8.41.110 - - [12/Mar/2025:00:12:08 +0100] "GET /ticket2/opencms/az/ask-form.html HTTP/1.1" 200 3156
202.8.41.110 - - [12/Mar/2025:00:12:09 +0100] "GET /ticket2/opencms/system/modules/com.gridnine.opencms.ticketbrokerage.site/resources/css/ticketbrokerage.css HTTP/1.1" 200 39339
47.128.122.14 - - [12/Mar/2025:00:12:09 +0100] "GET /ticket2/opencms/en/sport/football-tickets/premier_league/brentford/ HTTP/1.1" 200 91494
20.171.207.252 - - [12/Mar/2025:00:12:10 +0100] "GET /ticket2/opencms/fr/buy/?edid=2F903B76-B444-9E06-66EB-768066A106B0&page=1 HTTP/1.1" 200 108336
47.128.122.14 - - [12/Mar/2025:00:12:10 +0100] "GET /ticket2/opencms/system/modules/com.gridnine.opencms.ticketbrokerage.site/resources/css/calendar.css HTTP/1.1" 200 6871
47.128.122.14 - - [12/Mar/2025:00:12:10 +0100] "GET /ticket2/opencms/system/modules/com.gridnine.opencms.ticketbrokerage.site/resources/pics/banners/sv/football_sv.png HTTP/1.1" 200 13104
47.128.122.14 - - [12/Mar/2025:00:12:11 +0100] "GET /ticket2/opencms/img/chat.png HTTP/1.1" 200 416
20.171.207.252 - - [12/Mar/2025:00:12:11 +0100] "GET /ticket2/opencms/hr/buy/?edid=273354A2-650C-3851-1A58-3030AE27555E&page=1 HTTP/1.1" 200 108714
20.171.207.252 - - [12/Mar/2025:00:12:12 +0100] "GET /ticket2/opencms/nl/buy/?edid=273354A2-650C-3851-1A58-3030AE27555E&page=1 HTTP/1.1" 200 106356
20.171.207.252 - - [12/Mar/2025:00:12:13 +0100] "GET /ticket2/opencms/uk/buy/?edid=176C6667-42C1-1632-7378-F783D5B7C94D&page=1 HTTP/1.1" 200 114258
207.46.13.141 - - [12/Mar/2025:00:12:14 +0100] "GET /ticket2/opencms/ga/magazine/article?title=graham-potter-on-tsualainn-go-dti-an-premier-league HTTP/1.1" 200 95573
54.36.149.102 - - [12/Mar/2025:00:12:14 +0100] "GET /ticket2/opencms/be/buy?page=1&edid=8EF7EC9D-9BC8-1DEC-C27C-0541D5C5F471 HTTP/1.1" 200 129630
20.171.207.252 - - [12/Mar/2025:00:12:15 +0100] "GET /ticket2/opencms/lv/buy/?edid=273354A2-650C-3851-1A58-3030AE27555E&page=1 HTTP/1.1" 200 108685
202.8.41.227 - - [12/Mar/2025:00:12:15 +0100] "GET /ticket2/opencms/system/modules/com.gridnine.opencms.ticketbrokerage.site/resources/css/calendar.css HTTP/1.1" 200 6871
202.8.41.227 - - [12/Mar/2025:00:12:15 +0100] "GET /ticket2/opencms/system/modules/com.gridnine.opencms.ticketbrokerage.site/resources/css/jquery.fancybox.css HTTP/1.1" 200 4939
202.8.41.227 - - [12/Mar/2025:00:12:15 +0100] "GET /ticket2/opencms/system/modules/com.gridnine.opencms.ticketbrokerage.site/resources/css/ticketbrokerage.css HTTP/1.1" 200 39339
202.8.41.227 - - [12/Mar/2025:00:12:15 +0100] "GET /ticket2/opencms/system/modules/com.gridnine.opencms.ticketbrokerage.site/resources/css/jquery-ui.css HTTP/1.1" 200 33221
202.8.41.227 - - [12/Mar/2025:00:12:15 +0100] "GET /ticket2/opencms/system/modules/com.gridnine.opencms.ticketbrokerage.site/resources/css/standard.css HTTP/1.1" 200 74449
202.8.41.227 - - [12/Mar/2025:00:12:15 +0100] "GET /ticket2/opencms/system/modules/com.gridnine.opencms.ticketbrokerage.site/resources/js/calendar-en.js HTTP/1.1" 200 3338
114.119.146.220 - - [12/Mar/2025:00:12:15 +0100] "GET /ticket2/opencms/en/buy/?page=1&edid=BA8D3DA7-D826-AB2B-1B8E-EFBE92B5BF6A HTTP/1.1" 200 109991
202.8.41.227 - - [12/Mar/2025:00:12:15 +0100] "GET /ticket2/opencms/system/modules/com.gridnine.opencms.ticketbrokerage.site/resources/js/jquery/jquery-ui.js HTTP/1.1" 200 228088
202.8.41.227 - - [12/Mar/2025:00:12:15 +0100] "GET /ticket2/opencms/system/modules/com.gridnine.opencms.ticketbrokerage.site/resources/js/functions.js HTTP/1.1" 200 1583
202.8.41.227 - - [12/Mar/2025:00:12:15 +0100] "GET /ticket2/opencms/system/modules/com.gridnine.opencms.ticketbrokerage.site/resources/js/calendar.js HTTP/1.1" 200 49229
202.8.41.227 - - [12/Mar/2025:00:12:15 +0100] "GET /ticket2/opencms/system/modules/com.gridnine.opencms.ticketbrokerage.site/resources/js/jquery/jquery.js HTTP/1.1" 200 93868
202.8.41.227 - - [12/Mar/2025:00:12:15 +0100] "GET /ticket2/opencms/system/modules/com.gridnine.opencms.ticketbrokerage.site/resources/js/calendar-setup.js HTTP/1.1" 200 4923
202.8.41.227 - - [12/Mar/2025:00:12:15 +0100] "GET /ticket2/opencms/system/modules/com.gridnine.opencms.ticketbrokerage.site/resources/js/jquery.fancybox.pack.js HTTP/1.1" 200 23187
202.8.41.227 - - [12/Mar/2025:00:12:15 +0100] "GET /ticket2/opencms/system/modules/com.gridnine.opencms.ticketbrokerage.site/resources/js/stickyfill.min.js HTTP/1.1" 200 5672
202.8.41.227 - - [12/Mar/2025:00:12:15 +0100] "GET /ticket2/opencms/system/modules/com.gridnine.opencms.ticketbrokerage.site/resources/js/standard.js HTTP/1.1" 200 3983
202.8.41.227 - - [12/Mar/2025:00:12:16 +0100] "GET /ticket2/opencms/system/modules/com.gridnine.opencms.ticketbrokerage.site/resources/js/jquery.placeholder.min.js HTTP/1.1" 200 1737
20.171.207.252 - - [12/Mar/2025:00:12:16 +0100] "GET /ticket2/opencms/mt/buy/?edid=2F903B76-B444-9E06-66EB-768066A106B0&page=1 HTTP/1.1" 200 108825
