195.191.219.130 - - [15/Mar/2025:02:36:18 +0100] "GET /ticket2/opencms/dk/dk/buy/?page=1&edid=AD8B286C-A601-B37E-CF61-F8810D020A2B&sortorder=desc&column=section HTTP/1.1" 404 -
114.119.130.23 - - [15/Mar/2025:02:36:18 +0100] "GET /ticket2/opencms/en/buy/?page=1&edid=49490FE3-CDFC-3A61-01C2-2A186AA3DA63 HTTP/1.1" 200 108916
195.191.219.130 - - [15/Mar/2025:02:36:19 +0100] "GET /ticket2/opencms/dk/dk/buy/?page=1&edid=ADA3FA8E-E451-2930-DBC9-79D7BE9FD2EE&sortorder=asc&column=section HTTP/1.1" 404 -
54.36.148.204 - - [15/Mar/2025:02:36:19 +0100] "GET /ticket2/opencms/be/buy?page=1&edid=2A37DE46-FFAE-D698-F339-A3B401DDEB66 HTTP/1.1" 200 110796
195.191.219.130 - - [15/Mar/2025:02:36:20 +0100] "GET /ticket2/opencms/dk/dk/buy/?page=1&edid=AEA7539C-CDCF-5E07-37D0-A655181FBABC&sortorder=asc&column=price HTTP/1.1" 404 -
202.8.41.222 - - [15/Mar/2025:02:36:20 +0100] "GET /ticket2/opencms/system/modules/com.gridnine.opencms.ticketbrokerage.site/resources/css/calendar.css HTTP/1.1" 200 6871
202.8.41.222 - - [15/Mar/2025:02:36:20 +0100] "GET /ticket2/opencms/system/modules/com.gridnine.opencms.ticketbrokerage.site/resources/css/ticketbrokerage.css HTTP/1.1" 200 39339
202.8.41.222 - - [15/Mar/2025:02:36:20 +0100] "GET /ticket2/opencms/system/modules/com.gridnine.opencms.ticketbrokerage.site/resources/css/jquery-ui.css HTTP/1.1" 200 33221
202.8.41.222 - - [15/Mar/2025:02:36:20 +0100] "GET /ticket2/opencms/system/modules/com.gridnine.opencms.ticketbrokerage.site/resources/css/jquery.fancybox.css HTTP/1.1" 200 4939
202.8.41.222 - - [15/Mar/2025:02:36:20 +0100] "GET /ticket2/opencms/system/modules/com.gridnine.opencms.ticketbrokerage.site/resources/css/standard.css HTTP/1.1" 200 74449
202.8.41.222 - - [15/Mar/2025:02:36:20 +0100] "GET /ticket2/opencms/system/modules/com.gridnine.opencms.ticketbrokerage.site/resources/js/jquery/jquery.js HTTP/1.1" 200 93868
202.8.41.222 - - [15/Mar/2025:02:36:20 +0100] "GET /ticket2/opencms/system/modules/com.gridnine.opencms.ticketbrokerage.site/resources/js/jquery/jquery-ui.js HTTP/1.1" 200 228088
202.8.41.222 - - [15/Mar/2025:02:36:20 +0100] "GET /ticket2/opencms/system/modules/com.gridnine.opencms.ticketbrokerage.site/resources/js/calendar.js HTTP/1.1" 200 49229
202.8.41.222 - - [15/Mar/2025:02:36:20 +0100] "GET /ticket2/opencms/system/modules/com.gridnine.opencms.ticketbrokerage.site/resources/js/functions.js HTTP/1.1" 200 1583
202.8.41.222 - - [15/Mar/2025:02:36:20 +0100] "GET /ticket2/opencms/system/modules/com.gridnine.opencms.ticketbrokerage.site/resources/js/calendar-en.js HTTP/1.1" 200 3338
202.8.41.222 - - [15/Mar/2025:02:36:20 +0100] "GET /ticket2/opencms/system/modules/com.gridnine.opencms.ticketbrokerage.site/resources/js/calendar-setup.js HTTP/1.1" 200 4923
202.8.41.222 - - [15/Mar/2025:02:36:20 +0100] "GET /ticket2/opencms/system/modules/com.gridnine.opencms.ticketbrokerage.site/resources/js/stickyfill.min.js HTTP/1.1" 200 5672
202.8.41.222 - - [15/Mar/2025:02:36:20 +0100] "GET /ticket2/opencms/system/modules/com.gridnine.opencms.ticketbrokerage.site/resources/js/jquery.fancybox.pack.js HTTP/1.1" 200 23187
202.8.41.222 - - [15/Mar/2025:02:36:20 +0100] "GET /ticket2/opencms/system/modules/com.gridnine.opencms.ticketbrokerage.site/resources/js/standard.js HTTP/1.1" 200 3983
202.8.41.222 - - [15/Mar/2025:02:36:21 +0100] "GET /ticket2/opencms/system/modules/com.gridnine.opencms.ticketbrokerage.site/resources/js/jquery.placeholder.min.js HTTP/1.1" 200 1737
202.8.41.222 - - [15/Mar/2025:02:36:21 +0100] "GET /ticket2/opencms/system/modules/com.gridnine.opencms.ticketbrokerage.site/resources/js/common-ajax.js HTTP/1.1" 200 20175
202.8.41.222 - - [15/Mar/2025:02:36:21 +0100] "GET /ticket2/opencms/be/ask-form.html HTTP/1.1" 200 3156
202.8.41.222 - - [15/Mar/2025:02:36:21 +0100] "GET /ticket2/opencms/system/modules/com.gridnine.opencms.ticketbrokerage.site/resources/css/ticketbrokerage.css HTTP/1.1" 200 39339
195.191.219.130 - - [15/Mar/2025:02:36:21 +0100] "GET /ticket2/opencms/dk/dk/buy/?page=1&edid=AEA7539C-CDCF-5E07-37D0-A655181FBABC&sortorder=asc&column=row HTTP/1.1" 404 -
185.191.171.9 - - [15/Mar/2025:02:36:21 +0100] "GET /ticket2/opencms/fr/magazine/article?title=la-liste-des-nomines-au-ballon-dor HTTP/1.1" 200 94909
114.119.134.48 - - [15/Mar/2025:02:36:21 +0100] "GET /ticket2/opencms/en/buy/?page=1&edid=3F963FD5-1ED2-6ECC-F4D2-23E1A97126FB HTTP/1.1" 200 109781
195.191.219.130 - - [15/Mar/2025:02:36:22 +0100] "GET /ticket2/opencms/dk/dk/buy/?page=1&edid=AEA7539C-CDCF-5E07-37D0-A655181FBABC&sortorder=asc&column=section HTTP/1.1" 404 -
66.249.74.73 - - [15/Mar/2025:02:36:23 +0100] "GET /ticket2/opencms/nl/buy/?page=1&edid=C2E0FED9-872C-CDB5-EA69-F93F12F9C91F HTTP/1.1" 200 109510
195.191.219.130 - - [15/Mar/2025:02:36:23 +0100] "GET /ticket2/opencms/dk/dk/buy/?page=1&edid=AEE686B1-0F06-BE3A-CE07-98C2BAFB7F71&sortorder=asc&column=price HTTP/1.1" 404 -
66.249.73.225 - - [15/Mar/2025:02:36:23 +0100] "GET /ticket2/opencms/cs/magazine/Liverpool HTTP/1.1" 404 -
195.191.219.130 - - [15/Mar/2025:02:36:24 +0100] "GET /ticket2/opencms/dk/dk/buy/?page=1&edid=BA52E6BA-8388-9B6D-1D93-8E89CD2B0490&sortorder=asc&column=section HTTP/1.1" 404 -
66.249.76.160 - - [15/Mar/2025:02:36:24 +0100] "GET /ticket2/opencms/el/buy?page=1&edid=C4E65DA1-C892-4947-4AE7-08FF89A9ED3F HTTP/1.1" 200 114918
195.191.219.130 - - [15/Mar/2025:02:36:25 +0100] "GET /ticket2/opencms/dk/dk/buy/?page=1&edid=BA52E6BA-8388-9B6D-1D93-8E89CD2B0490&sortorder=desc&column=row HTTP/1.1" 404 -
195.191.219.130 - - [15/Mar/2025:02:36:26 +0100] "GET /ticket2/opencms/dk/dk/buy/?page=1&edid=BAB4C553-42C2-3D6E-9B88-05390DC2546C&sortorder=asc&column=price HTTP/1.1" 404 -
195.191.219.130 - - [15/Mar/2025:02:36:27 +0100] "GET /ticket2/opencms/dk/dk/buy/?page=1&edid=BACAAA47-35FE-A7A6-4A5B-EC89D6F82750&sortorder=desc&column=price HTTP/1.1" 404 -
195.191.219.130 - - [15/Mar/2025:02:36:28 +0100] "GET /ticket2/opencms/dk/dk/buy/?page=1&edid=BACAAA47-35FE-A7A6-4A5B-EC89D6F82750&sortorder=desc&column=row HTTP/1.1" 404 -
195.191.219.130 - - [15/Mar/2025:02:36:29 +0100] "GET /ticket2/opencms/dk/dk/buy/?page=1&edid=BACAAA47-35FE-A7A6-4A5B-EC89D6F82750&sortorder=desc&column=section HTTP/1.1" 404 -
54.36.149.58 - - [15/Mar/2025:02:36:30 +0100] "GET /ticket2/opencms/no/sport/fotballsbilletter/premier_league/crystal_palace/ HTTP/1.1" 200 100018
195.191.219.130 - - [15/Mar/2025:02:36:30 +0100] "GET /ticket2/opencms/dk/dk/buy/?page=1&edid=BBBCA264-5732-E10D-2F77-6078F8DC6D3B&sortorder=asc&column=section HTTP/1.1" 404 -
66.249.76.170 - - [15/Mar/2025:02:36:30 +0100] "GET /ticket2/opencms/set_aff_cookie.jsp?partner=5E0CDF29-E7BE-9F6B-6869-7BF66B04006F&url=%252Fsv%252Fbuy%252Findex.html%253Fpage%253D1%2526edid%253DD9B8221E-435C-E272-9385-A8B83760C754%2526hlv%253D60f8173e-9f74-4443-88d7-5d840a01000f%2523v1294653209 HTTP/1.1" 200 246
54.36.149.107 - - [15/Mar/2025:02:36:31 +0100] "GET /ticket2/opencms/sq/magazine/article?title=kylian-mbappe-impresionon HTTP/1.1" 200 93706
195.191.219.130 - - [15/Mar/2025:02:36:31 +0100] "GET /ticket2/opencms/dk/dk/buy/?page=1&edid=BFDFE449-D4A2-3EC2-5F36-4B5707D3EE53&sortorder=asc&column=section HTTP/1.1" 404 -
114.119.152.134 - - [15/Mar/2025:02:36:31 +0100] "GET /ticket2/opencms/tr/magazine/article?title=chelsea-taraftarlari-hayal-kirikligiyla-tepki-gosteriyor HTTP/1.1" 200 92916
195.191.219.130 - - [15/Mar/2025:02:36:32 +0100] "GET /ticket2/opencms/dk/dk/buy/?page=1&edid=BFF341E7-1CE6-7822-F687-FA8E7D8310D2&sortorder=asc&column=price HTTP/1.1" 404 -
195.191.219.130 - - [15/Mar/2025:02:36:33 +0100] "GET /ticket2/opencms/dk/dk/buy/?page=1&edid=BFFA4A3A-0CE3-21A1-BA67-66012375AD3E&sortorder=asc&column=row HTTP/1.1" 404 -
195.191.219.130 - - [15/Mar/2025:02:36:34 +0100] "GET /ticket2/opencms/dk/dk/buy/?page=1&edid=BFFA4A3A-0CE3-21A1-BA67-66012375AD3E&sortorder=asc&column=section HTTP/1.1" 404 -
31.13.127.115 - - [15/Mar/2025:02:36:35 +0100] "GET /ticket2/opencms/ HTTP/1.1" 302 -
195.191.219.130 - - [15/Mar/2025:02:36:35 +0100] "GET /ticket2/opencms/dk/dk/buy/?page=1&edid=C020E4A1-BE01-3334-92BA-DC9D716297A1&sortorder=asc&column=price HTTP/1.1" 404 -
31.13.127.17 - - [15/Mar/2025:02:36:35 +0100] "GET /ticket2/opencms/en/buying_tickets HTTP/1.1" 200 89883
195.191.219.130 - - [15/Mar/2025:02:36:36 +0100] "GET /ticket2/opencms/dk/dk/buy/?page=1&edid=C020E4A1-BE01-3334-92BA-DC9D716297A1&sortorder=asc&column=section HTTP/1.1" 404 -
195.191.219.130 - - [15/Mar/2025:02:36:37 +0100] "GET /ticket2/opencms/dk/dk/buy/?page=1&edid=C03521F2-41EE-6C48-45C4-DE14E2CF6CA2 HTTP/1.1" 404 -
195.191.219.130 - - [15/Mar/2025:02:36:38 +0100] "GET /ticket2/opencms/dk/dk/buy/?page=1&edid=C07320BB-F54C-AAC6-833F-32CB39CA6CBF&sortorder=desc&column=price HTTP/1.1" 404 -
195.191.219.130 - - [15/Mar/2025:02:36:39 +0100] "GET /ticket2/opencms/dk/dk/buy/?page=1&edid=C07320BB-F54C-AAC6-833F-32CB39CA6CBF&sortorder=desc&column=row HTTP/1.1" 404 -
195.191.219.130 - - [15/Mar/2025:02:36:40 +0100] "GET /ticket2/opencms/dk/dk/buy/?page=1&edid=C07320BB-F54C-AAC6-833F-32CB39CA6CBF&sortorder=desc&column=section HTTP/1.1" 404 -
114.119.132.57 - - [15/Mar/2025:02:36:41 +0100] "GET /ticket2/opencms/ru/buy/?page=1&edid=EEE973BA-8DC4-78CF-0AA2-8C97FEFEA03F HTTP/1.1" 200 110180
195.191.219.130 - - [15/Mar/2025:02:36:41 +0100] "GET /ticket2/opencms/dk/dk/buy/?page=1&edid=C0DADECE-3739-FBB2-2554-F9E21C47A21A HTTP/1.1" 404 -
40.77.167.22 - - [15/Mar/2025:02:36:41 +0100] "GET /ticket2/opencms/en/buy/?page=1&edid=F7607B70-C7D1-859A-AF1D-90ACBF6F99CC HTTP/1.1" 200 110008
54.36.149.41 - - [15/Mar/2025:02:36:42 +0100] "GET /ticket2/opencms/ro/sport/bilete-fotbal/english-championship/coventry HTTP/1.1" 200 101908
195.191.219.130 - - [15/Mar/2025:02:36:42 +0100] "GET /ticket2/opencms/dk/dk/buy/?page=1&edid=C10A9B0F-B042-7860-8EFD-336C4373B53D&sortorder=asc&column=row HTTP/1.1" 404 -
195.191.219.130 - - [15/Mar/2025:02:36:43 +0100] "GET /ticket2/opencms/dk/dk/buy/?page=1&edid=C10A9B0F-B042-7860-8EFD-336C4373B53D&sortorder=asc&column=section HTTP/1.1" 404 -
207.46.13.155 - - [15/Mar/2025:02:36:43 +0100] "GET /ticket2/opencms/en/venue/?venueid=D441DE26-A039-9DEB-7925-37728B4C8DF8 HTTP/1.1" 200 85319
195.191.219.130 - - [15/Mar/2025:02:36:44 +0100] "GET /ticket2/opencms/dk/dk/buy/?page=1&edid=C168AC79-9AE4-687F-692F-70BDD7169AA1&sortorder=asc&column=section HTTP/1.1" 404 -
40.77.167.5 - - [15/Mar/2025:02:36:45 +0100] "GET /ticket2/opencms/sl/buy?page=1&edid=49FEC43E-3E83-185B-C185-BAAB3CE353B1 HTTP/1.1" 200 110584
195.191.219.130 - - [15/Mar/2025:02:36:45 +0100] "GET /ticket2/opencms/dk/dk/buy/?page=1&edid=C1ACE21D-0708-37CC-D211-DDAF5232C408&sortorder=asc&column=section HTTP/1.1" 404 -
195.191.219.130 - - [15/Mar/2025:02:36:46 +0100] "GET /ticket2/opencms/dk/dk/buy/?page=1&edid=C1ACE21D-0708-37CC-D211-DDAF5232C408&sortorder=desc&column=price HTTP/1.1" 404 -
207.46.13.116 - - [15/Mar/2025:02:36:47 +0100] "GET /ticket2/opencms/sr/buy?page=1&edid=CE09E9D6-3CEE-5013-57C1-817C68FF8DA4&sortorder=desc&column=row HTTP/1.1" 200 109231
195.191.219.130 - - [15/Mar/2025:02:36:47 +0100] "GET /ticket2/opencms/dk/dk/buy/?page=1&edid=C1DD80C7-8D4B-6F54-604C-75017AA9D563&sortorder=asc&column=price HTTP/1.1" 404 -
52.167.144.24 - - [15/Mar/2025:02:36:47 +0100] "GET /ticket2/opencms/is/magazine/article?title=em-utsendingar HTTP/1.1" 200 94733
195.191.219.130 - - [15/Mar/2025:02:36:48 +0100] "GET /ticket2/opencms/dk/dk/buy/?page=1&edid=C1DD80C7-8D4B-6F54-604C-75017AA9D563&sortorder=asc&column=row HTTP/1.1" 404 -
114.119.151.93 - - [15/Mar/2025:02:36:48 +0100] "GET /ticket2/opencms/lt/buy?page=1&=8A7F2D0F-A0C7-448E-CAFB-AF8511FF9BF8 HTTP/1.1" 200 -
195.191.219.130 - - [15/Mar/2025:02:36:49 +0100] "GET /ticket2/opencms/dk/dk/buy/?page=1&edid=C1DD80C7-8D4B-6F54-604C-75017AA9D563&sortorder=asc&column=section HTTP/1.1" 404 -
195.191.219.130 - - [15/Mar/2025:02:36:50 +0100] "GET /ticket2/opencms/dk/dk/buy/?page=1&edid=C2973D24-CE10-88F8-D7C2-BC31289E7666 HTTP/1.1" 404 -
195.191.219.130 - - [15/Mar/2025:02:36:51 +0100] "GET /ticket2/opencms/dk/dk/buy/?page=1&edid=C2CD3885-D663-89B2-61C9-751DA9A6EAB2 HTTP/1.1" 404 -
195.191.219.130 - - [15/Mar/2025:02:36:52 +0100] "GET /ticket2/opencms/dk/dk/buy/?page=1&edid=C2EAC35C-806F-010C-DE25-D13971AC8E7C HTTP/1.1" 404 -
195.191.219.130 - - [15/Mar/2025:02:36:53 +0100] "GET /ticket2/opencms/dk/dk/buy/?page=1&edid=CEE54570-4667-7A33-F8E6-E66FA64FE27D&sortorder=desc&column=price HTTP/1.1" 404 -
195.191.219.130 - - [15/Mar/2025:02:36:54 +0100] "GET /ticket2/opencms/dk/dk/buy/?page=1&edid=CF141FDE-B68D-3D6C-3452-11484731F326&sortorder=desc&column=price HTTP/1.1" 404 -
195.191.219.130 - - [15/Mar/2025:02:36:55 +0100] "GET /ticket2/opencms/dk/dk/buy/?page=1&edid=CF141FDE-B68D-3D6C-3452-11484731F326&sortorder=desc&column=row HTTP/1.1" 404 -
195.191.219.130 - - [15/Mar/2025:02:36:56 +0100] "GET /ticket2/opencms/dk/dk/buy/?page=1&edid=CF141FDE-B68D-3D6C-3452-11484731F326&sortorder=desc&column=section HTTP/1.1" 404 -
195.191.219.130 - - [15/Mar/2025:02:36:57 +0100] "GET /ticket2/opencms/dk/dk/buy/?page=1&edid=CF3BDDE8-6C6B-F85B-528C-11C48A316B2B&sortorder=desc&column=row HTTP/1.1" 404 -
195.191.219.130 - - [15/Mar/2025:02:36:58 +0100] "GET /ticket2/opencms/dk/dk/buy/?page=1&edid=CF9AADF6-6503-0852-B1B5-AC280A05E729&sortorder=asc&column=price HTTP/1.1" 404 -
195.191.219.130 - - [15/Mar/2025:02:36:59 +0100] "GET /ticket2/opencms/dk/dk/buy/?page=1&edid=CFA7B791-9078-B078-FFE1-6B59C4CC5805 HTTP/1.1" 404 -
195.191.219.130 - - [15/Mar/2025:02:37:00 +0100] "GET /ticket2/opencms/dk/dk/buy/?page=1&edid=CFA7B791-9078-B078-FFE1-6B59C4CC5805&sortorder=asc&column=price HTTP/1.1" 404 -
195.191.219.130 - - [15/Mar/2025:02:37:01 +0100] "GET /ticket2/opencms/dk/dk/buy/?page=1&edid=D737459F-8C33-1A07-DB7F-17A3C6E8F82A&sortorder=asc&column=section HTTP/1.1" 404 -
195.191.219.130 - - [15/Mar/2025:02:37:02 +0100] "GET /ticket2/opencms/dk/dk/buy/?page=1&edid=F8F46E23-7D11-DB64-2DCC-CFF43B2094D4&sortorder=asc&column=section HTTP/1.1" 404 -
185.191.171.13 - - [15/Mar/2025:02:37:02 +0100] "GET /ticket2/opencms/be/magazine/article?title=champions-league-tickets-auf-ticket2 HTTP/1.1" 200 96799
195.191.219.130 - - [15/Mar/2025:02:37:03 +0100] "GET /ticket2/opencms/dk/en/buy/?page=1&edid=3BBD975B-CD80-19CD-39B3-6B02A79DC4AD&sortorder=desc&column=section HTTP/1.1" 404 -
195.191.219.130 - - [15/Mar/2025:02:37:04 +0100] "GET /ticket2/opencms/dk/fi/buy/?page=1&edid=76BCEBC6-C91E-E768-F618-A1104A58DDCD HTTP/1.1" 404 -
54.36.148.172 - - [15/Mar/2025:02:37:04 +0100] "GET /ticket2/opencms/sv/buy?page=1&edid=78314AF0-4634-069B-617B-0BA727735BF7 HTTP/1.1" 200 108262
195.191.219.130 - - [15/Mar/2025:02:37:05 +0100] "GET /ticket2/opencms/dk/fi/buy/?page=1&edid=76BCEBC6-C91E-E768-F618-A1104A58DDCD&sortorder=asc&column=row HTTP/1.1" 404 -
195.191.219.130 - - [15/Mar/2025:02:37:06 +0100] "GET /ticket2/opencms/dk/fi/buy/?page=1&edid=76BCEBC6-C91E-E768-F618-A1104A58DDCD&sortorder=asc&column=section HTTP/1.1" 404 -
195.191.219.130 - - [15/Mar/2025:02:37:07 +0100] "GET /ticket2/opencms/dk/fi/buy/?page=1&edid=7A61688A-DFBC-E477-0BA5-C628E320A31C&sortorder=asc&column=price HTTP/1.1" 404 -
195.191.219.130 - - [15/Mar/2025:02:37:08 +0100] "GET /ticket2/opencms/dk/fi/buy/?page=1&edid=7E17F6C1-856B-78BE-EE22-EF6E2CE39DF7&sortorder=desc&column=price HTTP/1.1" 404 -
195.191.219.130 - - [15/Mar/2025:02:37:09 +0100] "GET /ticket2/opencms/dk/fi/buy/?page=1&edid=A085E427-DD8F-07BE-32FF-6299B3204D0D&sortorder=desc&column=price HTTP/1.1" 404 -
195.191.219.130 - - [15/Mar/2025:02:37:10 +0100] "GET /ticket2/opencms/dk/fi/buy/?page=1&edid=A3612E88-4050-B025-CDC5-84A31ADF0639&sortorder=asc&column=row HTTP/1.1" 404 -
195.191.219.130 - - [15/Mar/2025:02:37:11 +0100] "GET /ticket2/opencms/dk/fi/buy/?page=1&edid=A628DE2E-E8BC-4979-1454-875CE45B7B93&sortorder=asc&column=row HTTP/1.1" 404 -
195.191.219.130 - - [15/Mar/2025:02:37:12 +0100] "GET /ticket2/opencms/dk/fi/buy/?page=1&edid=A628DE2E-E8BC-4979-1454-875CE45B7B93&sortorder=asc&column=section HTTP/1.1" 404 -
195.191.219.130 - - [15/Mar/2025:02:37:13 +0100] "GET /ticket2/opencms/dk/fi/buy/?page=1&edid=A628DE2E-E8BC-4979-1454-875CE45B7B93&sortorder=desc&column=row HTTP/1.1" 404 -
43.134.26.191 - - [15/Mar/2025:02:37:14 +0100] "GET /ticket2/opencms/it/about/press HTTP/1.1" 200 91326
43.134.26.191 - - [15/Mar/2025:02:37:14 +0100] "GET /ticket2/opencms/mo/magazine/article?title= HTTP/1.1" 200 89181
195.191.219.130 - - [15/Mar/2025:02:37:14 +0100] "GET /ticket2/opencms/dk/fi/buy/?page=1&edid=A628DE2E-E8BC-4979-1454-875CE45B7B93&sortorder=desc&column=section HTTP/1.1" 404 -
173.252.83.4 - - [15/Mar/2025:02:37:14 +0100] "GET /ticket2/opencms/es/deporte/entradas-futbol/premier-league HTTP/1.1" 200 105050
195.191.219.130 - - [15/Mar/2025:02:37:15 +0100] "GET /ticket2/opencms/dk/fi/buy/?page=1&edid=AA0D6F45-B5DD-F979-5C14-EC6AE31A425F&sortorder=asc&column=price HTTP/1.1" 404 -
195.191.219.130 - - [15/Mar/2025:02:37:16 +0100] "GET /ticket2/opencms/dk/fi/buy/?page=1&edid=AA0D6F45-B5DD-F979-5C14-EC6AE31A425F&sortorder=asc&column=row HTTP/1.1" 404 -
195.191.219.130 - - [15/Mar/2025:02:37:17 +0100] "GET /ticket2/opencms/dk/fi/buy/?page=1&edid=AA846239-9C01-F79F-429F-223A194A604D&sortorder=asc&column=price HTTP/1.1" 404 -
66.249.74.71 - - [15/Mar/2025:02:37:17 +0100] "GET /ticket2/opencms/nl/buy/?page=1&edid=E0DA4C4E-70A8-AB6F-171E-3FF387E35F29 HTTP/1.1" 200 109554
195.191.219.130 - - [15/Mar/2025:02:37:18 +0100] "GET /ticket2/opencms/dk/fi/buy/?page=1&edid=AA846239-9C01-F79F-429F-223A194A604D&sortorder=asc&column=section HTTP/1.1" 404 -
66.249.74.78 - - [15/Mar/2025:02:37:18 +0100] "GET /ticket2/opencms/fr/buy/?page=1&edid=63D25C1E-F945-3D8C-F981-1BC33FDCD607 HTTP/1.1" 200 117671
54.36.149.37 - - [15/Mar/2025:02:37:18 +0100] "GET /ticket2/opencms/az/buy/?page=1&edid=9905BE36-3483-E35C-D446-E28B848EF37B HTTP/1.1" 200 122141
195.191.219.130 - - [15/Mar/2025:02:37:19 +0100] "GET /ticket2/opencms/dk/fi/buy/?page=1&edid=ABD71631-87BB-6A7C-FC5E-66817F361F35&sortorder=asc&column=price HTTP/1.1" 404 -
185.191.171.15 - - [15/Mar/2025:02:37:20 +0100] "GET /ticket2/opencms/it/magazine/article?title=un-trasferimento-ai-rayados-messicani HTTP/1.1" 200 95047
195.191.219.130 - - [15/Mar/2025:02:37:20 +0100] "GET /ticket2/opencms/dk/fi/buy/?page=1&edid=ABD71631-87BB-6A7C-FC5E-66817F361F35&sortorder=asc&column=row HTTP/1.1" 404 -
47.128.25.215 - - [15/Mar/2025:02:37:20 +0100] "GET /ticket2/opencms/is/buy/?edid=59EE7C1E-928C-0B67-F8CD-0935739262E0 HTTP/1.1" 200 91485
195.191.219.130 - - [15/Mar/2025:02:37:21 +0100] "GET /ticket2/opencms/dk/fi/buy/?page=1&edid=ABD71631-87BB-6A7C-FC5E-66817F361F35&sortorder=asc&column=section HTTP/1.1" 404 -
195.191.219.130 - - [15/Mar/2025:02:37:22 +0100] "GET /ticket2/opencms/dk/fi/buy/?page=1&edid=B12EFA8D-4EC4-DDCD-8B91-E676E87E71DF&sortorder=asc&column=price HTTP/1.1" 404 -
195.191.219.130 - - [15/Mar/2025:02:37:23 +0100] "GET /ticket2/opencms/dk/fi/buy/?page=1&edid=B12EFA8D-4EC4-DDCD-8B91-E676E87E71DF&sortorder=asc&column=row HTTP/1.1" 404 -
40.77.167.5 - - [15/Mar/2025:02:37:24 +0100] "GET /ticket2/opencms/sr/buy/?page=1&edid=4D42F38E-C360-0F66-3439-4A9B151DF3D8 HTTP/1.1" 200 112266
195.191.219.130 - - [15/Mar/2025:02:37:24 +0100] "GET /ticket2/opencms/dk/fi/buy/?page=1&edid=B12EFA8D-4EC4-DDCD-8B91-E676E87E71DF&sortorder=asc&column=section HTTP/1.1" 404 -
40.77.167.5 - - [15/Mar/2025:02:37:25 +0100] "GET /ticket2/opencms/el/buy/?page=1&edid=4E0AADC4-4D44-D7AE-60D3-9D033D9A48AD HTTP/1.1" 200 112147
195.191.219.130 - - [15/Mar/2025:02:37:25 +0100] "GET /ticket2/opencms/dk/fi/buy/?page=1&edid=B6D0A9AB-69A7-9419-F7A9-AFE901370F8E&sortorder=asc&column=price HTTP/1.1" 404 -
195.191.219.130 - - [15/Mar/2025:02:37:26 +0100] "GET /ticket2/opencms/dk/fi/buy/?page=1&edid=B6D0A9AB-69A7-9419-F7A9-AFE901370F8E&sortorder=asc&column=row HTTP/1.1" 404 -
195.191.219.130 - - [15/Mar/2025:02:37:27 +0100] "GET /ticket2/opencms/dk/fi/buy/?page=1&edid=B6D0A9AB-69A7-9419-F7A9-AFE901370F8E&sortorder=asc&column=section HTTP/1.1" 404 -
195.191.219.130 - - [15/Mar/2025:02:37:28 +0100] "GET /ticket2/opencms/dk/fi/buy/?page=1&edid=BE3989E9-E417-FEC1-0DE3-5B20F52B6312&sortorder=desc&column=price HTTP/1.1" 404 -
195.191.219.130 - - [15/Mar/2025:02:37:29 +0100] "GET /ticket2/opencms/dk/fi/buy/?page=1&edid=BE3989E9-E417-FEC1-0DE3-5B20F52B6312&sortorder=desc&column=row HTTP/1.1" 404 -
195.191.219.130 - - [15/Mar/2025:02:37:30 +0100] "GET /ticket2/opencms/dk/fi/buy/?page=1&edid=C103B91E-4180-349A-E188-44D8316BFCC7&sortorder=asc&column=section HTTP/1.1" 404 -
185.191.171.9 - - [15/Mar/2025:02:37:30 +0100] "GET /ticket2/opencms/bs/sport/fudbalske-karte/english-championship/preston-north-end/ HTTP/1.1" 200 101844
47.128.20.233 - - [15/Mar/2025:02:37:31 +0100] "GET /ticket2/opencms/et/?comcatid=66708183-7480-3365-06BF-DBF60280AB45 HTTP/1.1" 200 103538
195.191.219.130 - - [15/Mar/2025:02:37:31 +0100] "GET /ticket2/opencms/dk/fi/buy/?page=1&edid=C3DECC82-3913-4A09-A7B2-D4DC592CF8F8&sortorder=desc&column=price HTTP/1.1" 404 -
195.191.219.130 - - [15/Mar/2025:02:37:32 +0100] "GET /ticket2/opencms/dk/fi/buy/?page=1&edid=C601E922-6CF2-8C03-3687-E9E1DBD1FC31&sortorder=asc&column=row HTTP/1.1" 404 -
195.191.219.130 - - [15/Mar/2025:02:37:33 +0100] "GET /ticket2/opencms/dk/fi/buy/?page=1&edid=C601E922-6CF2-8C03-3687-E9E1DBD1FC31&sortorder=desc&column=row HTTP/1.1" 404 -
54.36.149.97 - - [15/Mar/2025:02:37:33 +0100] "GET /ticket2/opencms/sr/buy?page=1&edid=0C1979DA-50CA-ECE7-2406-93F50E7E04D2 HTTP/1.1" 200 108982
195.191.219.130 - - [15/Mar/2025:02:37:34 +0100] "GET /ticket2/opencms/dk/fi/buy/?page=1&edid=CAE92924-3FB7-0134-A118-0CF45131D58E&sortorder=desc&column=price HTTP/1.1" 404 -
114.119.130.154 - - [15/Mar/2025:02:37:34 +0100] "GET /ticket2/opencms/ka/buy?page=1&edid=B9A56D83-AD94-045F-A8C5-86B02F52A7C5 HTTP/1.1" 200 118025
195.191.219.130 - - [15/Mar/2025:02:37:35 +0100] "GET /ticket2/opencms/dk/fi/buy/?page=1&edid=CAE92924-3FB7-0134-A118-0CF45131D58E&sortorder=desc&column=row HTTP/1.1" 404 -
195.191.219.130 - - [15/Mar/2025:02:37:36 +0100] "GET /ticket2/opencms/dk/fi/buy/?page=1&edid=CAE92924-3FB7-0134-A118-0CF45131D58E&sortorder=desc&column=section HTTP/1.1" 404 -
195.191.219.130 - - [15/Mar/2025:02:37:37 +0100] "GET /ticket2/opencms/dk/fi/buy/?page=1&edid=CC5DF088-62DD-1368-F42E-D266F3812B5F&sortorder=desc&column=price HTTP/1.1" 404 -
195.191.219.130 - - [15/Mar/2025:02:37:38 +0100] "GET /ticket2/opencms/dk/fi/buy/?page=1&edid=CC5DF088-62DD-1368-F42E-D266F3812B5F&sortorder=desc&column=section HTTP/1.1" 404 -
195.191.219.130 - - [15/Mar/2025:02:37:39 +0100] "GET /ticket2/opencms/dk/fi/buy/?page=1&edid=CD9CCE5B-E45C-7CA4-806C-47052D704B01&sortorder=asc&column=price HTTP/1.1" 404 -
66.249.65.167 - - [15/Mar/2025:02:37:39 +0100] "GET /ticket2/opencms/system/modules/com.gridnine.opencms.ticketbrokerage.site/resources/css/jquery.fancybox.css HTTP/1.1" 200 4939
195.191.219.130 - - [15/Mar/2025:02:37:40 +0100] "GET /ticket2/opencms/dk/fi/buy/?page=1&edid=CD9CCE5B-E45C-7CA4-806C-47052D704B01&sortorder=asc&column=row HTTP/1.1" 404 -
207.46.13.116 - - [15/Mar/2025:02:37:40 +0100] "GET /ticket2/opencms/sl/buy?page=1&edid=FF6930DF-3497-767B-9FFA-2906DD469574 HTTP/1.1" 200 111671
195.191.219.130 - - [15/Mar/2025:02:37:41 +0100] "GET /ticket2/opencms/dk/fi/buy/?page=1&edid=CD9CCE5B-E45C-7CA4-806C-47052D704B01&sortorder=asc&column=section HTTP/1.1" 404 -
195.191.219.130 - - [15/Mar/2025:02:37:42 +0100] "GET /ticket2/opencms/dk/fi/buy/?page=1&edid=D1232EB3-9D48-1326-7254-05C79A197FDE&sortorder=asc&column=price HTTP/1.1" 404 -
195.191.219.130 - - [15/Mar/2025:02:37:43 +0100] "GET /ticket2/opencms/dk/fi/buy/?page=1&edid=D1232EB3-9D48-1326-7254-05C79A197FDE&sortorder=desc&column=price HTTP/1.1" 404 -
195.191.219.130 - - [15/Mar/2025:02:37:44 +0100] "GET /ticket2/opencms/dk/fi/buy/?page=1&edid=D4E63332-9FAC-DBFC-3219-0B8144B70879&sortorder=asc&column=price HTTP/1.1" 404 -
114.119.148.14 - - [15/Mar/2025:02:37:44 +0100] "GET /ticket2/opencms/en/buy/?page=1&edid=32A8E2A1-D0A3-E55E-8DC6-8CAE3FA6B550 HTTP/1.1" 200 106750
195.191.219.130 - - [15/Mar/2025:02:37:45 +0100] "GET /ticket2/opencms/dk/fi/buy/?page=1&edid=D4E63332-9FAC-DBFC-3219-0B8144B70879&sortorder=asc&column=section HTTP/1.1" 404 -
195.191.219.130 - - [15/Mar/2025:02:37:46 +0100] "GET /ticket2/opencms/dk/fi/buy/?page=1&edid=FF3DA28B-4575-B41C-4A40-DA5E05530770&sortorder=asc&column=price HTTP/1.1" 404 -
195.191.219.130 - - [15/Mar/2025:02:37:47 +0100] "GET /ticket2/opencms/dk/fi/buy/?page=1&edid=1964B21D-BF30-22BC-8931-DEC6C4EDF1DE&sortorder=asc&column=price HTTP/1.1" 404 -
195.191.219.130 - - [15/Mar/2025:02:37:48 +0100] "GET /ticket2/opencms/dk/fi/buy/?page=1&edid=1964B21D-BF30-22BC-8931-DEC6C4EDF1DE&sortorder=asc&column=row HTTP/1.1" 404 -
54.36.149.106 - - [15/Mar/2025:02:37:48 +0100] "GET /ticket2/opencms/ro/buy?page=1&edid=4583F62C-F880-E6C3-C3F7-F692CC3F1DC2 HTTP/1.1" 200 116677
114.119.154.81 - - [15/Mar/2025:02:37:49 +0100] "GET /ticket2/opencms/en/buy/?page=1&edid=490A3EB7-122E-45F6-B34E-808127A7B906 HTTP/1.1" 200 110067
195.191.219.130 - - [15/Mar/2025:02:37:49 +0100] "GET /ticket2/opencms/dk/fi/buy/?page=1&edid=1964B21D-BF30-22BC-8931-DEC6C4EDF1DE&sortorder=asc&column=section HTTP/1.1" 404 -
195.191.219.130 - - [15/Mar/2025:02:37:50 +0100] "GET /ticket2/opencms/dk/fi/buy/?page=1&edid=19C49911-D96E-9B7C-6316-E149EFD71C8E&sortorder=desc&column=price HTTP/1.1" 404 -
195.191.219.130 - - [15/Mar/2025:02:37:51 +0100] "GET /ticket2/opencms/dk/fi/buy/?page=1&edid=19C49911-D96E-9B7C-6316-E149EFD71C8E&sortorder=desc&column=row HTTP/1.1" 404 -
195.191.219.130 - - [15/Mar/2025:02:37:52 +0100] "GET /ticket2/opencms/dk/fi/buy/?page=1&edid=19C49911-D96E-9B7C-6316-E149EFD71C8E&sortorder=desc&column=section HTTP/1.1" 404 -
114.119.155.118 - - [15/Mar/2025:02:37:52 +0100] "GET /ticket2/opencms/en/venue/?venueid=52FEA340-600C-C2A6-D05C-0B94F2E2DFB9 HTTP/1.1" 200 85250
195.191.219.130 - - [15/Mar/2025:02:37:53 +0100] "GET /ticket2/opencms/dk/fi/buy/?page=1&edid=1A8318F4-54FD-CF28-6FE4-70A4EF1323B0&sortorder=asc&column=price HTTP/1.1" 404 -
195.191.219.130 - - [15/Mar/2025:02:37:54 +0100] "GET /ticket2/opencms/dk/fi/buy/?page=1&edid=1B2497C9-50FD-C481-B810-5D82DC9B4FE5&sortorder=asc&column=price HTTP/1.1" 404 -
213.180.203.179 - - [15/Mar/2025:02:37:54 +0100] "GET /ticket2/opencms/en/buy/?comcatid=97ECA65A-72DA-F9AF-9DBB-245D3CFED1BE&catid=43171577-14C8-6B19-25D9-DF372BFFCBFA HTTP/1.1" 200 96427
195.191.219.130 - - [15/Mar/2025:02:37:55 +0100] "GET /ticket2/opencms/dk/fi/buy/?page=1&edid=1B4751CF-7EC8-0480-D476-44B919D20500&sortorder=asc&column=price HTTP/1.1" 404 -
195.191.219.130 - - [15/Mar/2025:02:37:56 +0100] "GET /ticket2/opencms/dk/fi/buy/?page=1&edid=1B4751CF-7EC8-0480-D476-44B919D20500&sortorder=asc&column=section HTTP/1.1" 404 -
213.180.203.124 - - [15/Mar/2025:02:37:56 +0100] "GET /ticket2/opencms/system/modules/com.gridnine.opencms.ticketbrokerage.site/resources/js/jquery/jquery.js HTTP/1.1" 200 93868
195.191.219.130 - - [15/Mar/2025:02:37:57 +0100] "GET /ticket2/opencms/dk/fi/buy/?page=1&edid=1B897E9D-E533-44D1-184E-05DEA8EB4FEB&sortorder=asc&column=price HTTP/1.1" 404 -
195.191.219.130 - - [15/Mar/2025:02:37:58 +0100] "GET /ticket2/opencms/dk/fi/buy/?page=1&edid=26946324-80EA-5BC2-A081-74A9001A9422&sortorder=asc&column=section HTTP/1.1" 404 -
195.191.219.130 - - [15/Mar/2025:02:37:59 +0100] "GET /ticket2/opencms/dk/fi/buy/?page=1&edid=26FF4CAE-0AB1-26F3-524A-CA6FA2A5B775&sortorder=asc&column=row HTTP/1.1" 404 -
195.191.219.130 - - [15/Mar/2025:02:38:00 +0100] "GET /ticket2/opencms/dk/fi/buy/?page=1&edid=2C92A3B0-FEC1-5ECE-B821-5CAD902DA0E1&sortorder=desc&column=price HTTP/1.1" 404 -
195.191.219.130 - - [15/Mar/2025:02:38:01 +0100] "GET /ticket2/opencms/dk/fi/buy/?page=1&edid=2EE5FE6D-D48C-F366-EBEF-C207DB7D5BC0&sortorder=asc&column=section HTTP/1.1" 404 -
173.252.69.113 - - [15/Mar/2025:02:38:01 +0100] "GET /ticket2/opencms/mo/buy/?page=1&edid=57449F59-3EAF-BBAB-4AC9-B7A456A32485 HTTP/1.1" 200 111990
216.244.66.238 - - [15/Mar/2025:02:38:02 +0100] "GET /ticket2/opencms/bs/buy?page=1&edid=F6B5910D-137B-6FBA-4DDB-D9924D16BF6F HTTP/1.1" 200 110866
195.191.219.130 - - [15/Mar/2025:02:38:02 +0100] "GET /ticket2/opencms/dk/fi/buy/?page=1&edid=33CC4948-6558-3EC2-FACA-6AF19D354AA8&sortorder=asc&column=price HTTP/1.1" 404 -
195.191.219.130 - - [15/Mar/2025:02:38:03 +0100] "GET /ticket2/opencms/dk/fi/buy/?page=1&edid=33CC4948-6558-3EC2-FACA-6AF19D354AA8&sortorder=asc&column=row HTTP/1.1" 404 -
195.191.219.130 - - [15/Mar/2025:02:38:04 +0100] "GET /ticket2/opencms/dk/fi/buy/?page=1&edid=33CC4948-6558-3EC2-FACA-6AF19D354AA8&sortorder=asc&column=section HTTP/1.1" 404 -
114.119.130.178 - - [15/Mar/2025:02:38:04 +0100] "GET /ticket2/opencms/pl/magazine/article?title=pilka-nozna HTTP/1.1" 200 94255
87.250.224.249 - - [15/Mar/2025:02:38:05 +0100] "GET /ticket2/opencms/tr/spor/futbol-biletleri/serie-a/sassuolo HTTP/1.1" 500 -
195.191.219.130 - - [15/Mar/2025:02:38:05 +0100] "GET /ticket2/opencms/dk/fi/buy/?page=1&edid=3549536B-5431-B4B9-9C70-24B661A63E68&sortorder=asc&column=price HTTP/1.1" 404 -
85.208.96.209 - - [15/Mar/2025:02:38:05 +0100] "GET /ticket2/opencms/robots.txt HTTP/1.1" 200 773
195.191.219.130 - - [15/Mar/2025:02:38:06 +0100] "GET /ticket2/opencms/dk/fi/buy/?page=1&edid=3549536B-5431-B4B9-9C70-24B661A63E68&sortorder=asc&column=section HTTP/1.1" 404 -
185.191.171.11 - - [15/Mar/2025:02:38:06 +0100] "GET /ticket2/opencms/et/magazine/article?title=ipswichi-esimene-voit-premier-leagueis-22-aasta-jooksul HTTP/1.1" 200 93680
195.191.219.130 - - [15/Mar/2025:02:38:07 +0100] "GET /ticket2/opencms/dk/fi/buy/?page=1&edid=367C01C8-55E8-5761-77A6-1E1A5784FE1B&sortorder=asc&column=row HTTP/1.1" 404 -
85.208.96.196 - - [15/Mar/2025:02:38:07 +0100] "GET /ticket2/opencms/uk/buying_tickets HTTP/1.1" 200 89680
54.36.148.195 - - [15/Mar/2025:02:38:07 +0100] "GET /ticket2/opencms/sr/sport/fudbalske-karte/english-championship/coventry HTTP/1.1" 200 101593
195.191.219.130 - - [15/Mar/2025:02:38:08 +0100] "GET /ticket2/opencms/dk/fi/buy/?page=1&edid=3724421D-8712-70E6-408D-D3669BC23C72&sortorder=asc&column=price HTTP/1.1" 404 -
85.208.96.197 - - [15/Mar/2025:02:38:08 +0100] "GET /ticket2/opencms/bs/magazine/article?title=navijaci-chelseaja-reaguju-s-frustracijom HTTP/1.1" 200 92405
195.191.219.130 - - [15/Mar/2025:02:38:09 +0100] "GET /ticket2/opencms/dk/fi/buy/?page=1&edid=3724421D-8712-70E6-408D-D3669BC23C72&sortorder=asc&column=section HTTP/1.1" 404 -
216.244.66.238 - - [15/Mar/2025:02:38:09 +0100] "GET /ticket2/opencms/pl/buy?page=1&edid=EA00FCBA-5B6E-62D4-1F16-BFE669B6AE6B HTTP/1.1" 200 111201
195.191.219.130 - - [15/Mar/2025:02:38:10 +0100] "GET /ticket2/opencms/dk/fi/buy/?page=1&edid=3830122A-8C0B-09CA-A7F9-62032F84F3E5&sortorder=asc&column=price HTTP/1.1" 404 -
195.191.219.130 - - [15/Mar/2025:02:38:11 +0100] "GET /ticket2/opencms/dk/fi/buy/?page=1&edid=3830122A-8C0B-09CA-A7F9-62032F84F3E5&sortorder=asc&column=row HTTP/1.1" 404 -
185.191.171.8 - - [15/Mar/2025:02:38:11 +0100] "GET /ticket2/opencms/dk/sport/fodboldbilletter/premier-league/bournemouth/ HTTP/1.1" 200 97865
195.191.219.130 - - [15/Mar/2025:02:38:12 +0100] "GET /ticket2/opencms/dk/fi/buy/?page=1&edid=3830122A-8C0B-09CA-A7F9-62032F84F3E5&sortorder=asc&column=section HTTP/1.1" 404 -
66.249.76.8 - - [15/Mar/2025:02:38:12 +0100] "GET /ticket2/opencms/es/buy/?page=1&edid=F7660972-1F1F-59FF-1410-FAEC9F9D74B8 HTTP/1.1" 200 129870
195.191.219.130 - - [15/Mar/2025:02:38:13 +0100] "GET /ticket2/opencms/dk/fi/buy/?page=1&edid=3830122A-8C0B-09CA-A7F9-62032F84F3E5&sortorder=desc&column=price HTTP/1.1" 404 -
195.191.219.130 - - [15/Mar/2025:02:38:14 +0100] "GET /ticket2/opencms/dk/fi/buy/?page=1&edid=3830122A-8C0B-09CA-A7F9-62032F84F3E5&sortorder=desc&column=row HTTP/1.1" 404 -
195.191.219.130 - - [15/Mar/2025:02:38:15 +0100] "GET /ticket2/opencms/dk/fi/buy/?page=1&edid=3830122A-8C0B-09CA-A7F9-62032F84F3E5&sortorder=desc&column=section HTTP/1.1" 404 -
216.244.66.238 - - [15/Mar/2025:02:38:16 +0100] "GET /ticket2/opencms/sv/buy?page=1&edid=F2B75FFE-B503-FA6C-066A-879F06B1D185 HTTP/1.1" 200 108213
195.191.219.130 - - [15/Mar/2025:02:38:16 +0100] "GET /ticket2/opencms/dk/fi/buy/?page=1&edid=39168B9C-E36E-857F-42A1-E431E428BADA&sortorder=desc&column=price HTTP/1.1" 404 -
195.191.219.130 - - [15/Mar/2025:02:38:17 +0100] "GET /ticket2/opencms/dk/fi/buy/?page=1&edid=39168B9C-E36E-857F-42A1-E431E428BADA&sortorder=desc&column=row HTTP/1.1" 404 -
195.191.219.130 - - [15/Mar/2025:02:38:18 +0100] "GET /ticket2/opencms/dk/fi/buy/?page=1&edid=39168B9C-E36E-857F-42A1-E431E428BADA&sortorder=desc&column=section HTTP/1.1" 404 -
185.191.171.1 - - [15/Mar/2025:02:38:19 +0100] "GET /ticket2/opencms/it/magazine/article?title=semifinale-francia-vs-spagna HTTP/1.1" 200 95448
195.191.219.130 - - [15/Mar/2025:02:38:19 +0100] "GET /ticket2/opencms/dk/fi/buy/?page=1&edid=39947EE1-5244-7BF5-DC67-7D9149B9EB15&sortorder=asc&column=price HTTP/1.1" 404 -
195.191.219.130 - - [15/Mar/2025:02:38:20 +0100] "GET /ticket2/opencms/dk/fi/buy/?page=1&edid=39947EE1-5244-7BF5-DC67-7D9149B9EB15&sortorder=asc&column=row HTTP/1.1" 404 -
54.36.148.107 - - [15/Mar/2025:02:38:20 +0100] "GET /ticket2/opencms/hr/faq HTTP/1.1" 200 90377
195.191.219.130 - - [15/Mar/2025:02:38:21 +0100] "GET /ticket2/opencms/dk/fi/buy/?page=1&edid=39947EE1-5244-7BF5-DC67-7D9149B9EB15&sortorder=asc&column=section HTTP/1.1" 404 -
195.191.219.130 - - [15/Mar/2025:02:38:22 +0100] "GET /ticket2/opencms/dk/fi/buy/?page=1&edid=399D5857-E3F3-B9C2-E01C-0D17705EC245&sortorder=asc&column=price HTTP/1.1" 404 -
216.244.66.238 - - [15/Mar/2025:02:38:23 +0100] "GET /ticket2/opencms/tr/buy?page=1&edid=F71823CC-F687-3618-A9A5-95AE0EE67E20 HTTP/1.1" 200 111627
195.191.219.130 - - [15/Mar/2025:02:38:23 +0100] "GET /ticket2/opencms/dk/fi/buy/?page=1&edid=399D5857-E3F3-B9C2-E01C-0D17705EC245&sortorder=asc&column=row HTTP/1.1" 404 -
193.186.4.151 - - [15/Mar/2025:02:38:23 +0100] "GET /ticket2/opencms/ HTTP/1.1" 302 -
195.191.219.130 - - [15/Mar/2025:02:38:24 +0100] "GET /ticket2/opencms/dk/fi/buy/?page=1&edid=399D5857-E3F3-B9C2-E01C-0D17705EC245&sortorder=asc&column=section HTTP/1.1" 404 -
195.191.219.130 - - [15/Mar/2025:02:38:25 +0100] "GET /ticket2/opencms/dk/fi/buy/?page=1&edid=399D5857-E3F3-B9C2-E01C-0D17705EC245&sortorder=desc&column=section HTTP/1.1" 404 -
193.186.4.151 - - [15/Mar/2025:02:38:25 +0100] "GET /ticket2/opencms/en/ HTTP/1.1" 200 102012
195.191.219.130 - - [15/Mar/2025:02:38:26 +0100] "GET /ticket2/opencms/dk/fi/buy/?page=1&edid=39B326AB-21FF-74B7-0EC9-A295A721BD30&sortorder=asc&column=price HTTP/1.1" 404 -
195.191.219.130 - - [15/Mar/2025:02:38:27 +0100] "GET /ticket2/opencms/dk/fi/buy/?page=1&edid=39B326AB-21FF-74B7-0EC9-A295A721BD30&sortorder=asc&column=row HTTP/1.1" 404 -
85.208.96.199 - - [15/Mar/2025:02:38:28 +0100] "GET /ticket2/opencms/lv/magazine/article?title=kiljans-mbape HTTP/1.1" 200 93531
195.191.219.130 - - [15/Mar/2025:02:38:28 +0100] "GET /ticket2/opencms/dk/fi/buy/?page=1&edid=4003BBF4-D7D1-CEBE-15DE-37E8051B187F&sortorder=asc&column=price HTTP/1.1" 404 -
195.191.219.130 - - [15/Mar/2025:02:38:29 +0100] "GET /ticket2/opencms/dk/fi/buy/?page=1&edid=4003BBF4-D7D1-CEBE-15DE-37E8051B187F&sortorder=asc&column=section HTTP/1.1" 404 -
195.191.219.130 - - [15/Mar/2025:02:38:30 +0100] "GET /ticket2/opencms/dk/fi/buy/?page=1&edid=F90DC262-1A9F-4FB5-A462-84BFB9E077F0&sortorder=desc&column=price HTTP/1.1" 404 -
69.171.230.10 - - [15/Mar/2025:02:38:30 +0100] "GET /ticket2/opencms/mo/sport/bilete-la-fotbal/bundesliga/heidenheim/ HTTP/1.1" 200 97897
195.191.219.130 - - [15/Mar/2025:02:38:31 +0100] "GET /ticket2/opencms/dk/fi/login/?edid=133C755F-7180-13CC-FCBB-7D53D7F560DC HTTP/1.1" 404 -
195.191.219.130 - - [15/Mar/2025:02:38:32 +0100] "GET /ticket2/opencms/dk/fi/login/?edid=15EB8492-E613-A503-0EBC-61EBB18066B8 HTTP/1.1" 404 -
195.191.219.130 - - [15/Mar/2025:02:38:33 +0100] "GET /ticket2/opencms/dk/nl/buy/?page=1&edid=14282964-6CA4-5901-3C6E-0281FDF44872&sortorder=asc&column=row HTTP/1.1" 404 -
54.36.148.114 - - [15/Mar/2025:02:38:33 +0100] "GET /ticket2/opencms/pl/magazine/article?title=najdrozsze-transfery-okienka-styczniowego HTTP/1.1" 200 93311
195.191.219.130 - - [15/Mar/2025:02:38:34 +0100] "GET /ticket2/opencms/dk/nl/buy/?page=1&edid=1FA535E7-ABD1-A557-7111-CA936ED0D42F&sortorder=asc&column=row HTTP/1.1" 404 -
195.191.219.130 - - [15/Mar/2025:02:38:35 +0100] "GET /ticket2/opencms/dk/nl/buy/?page=1&edid=2E4F8B90-0A99-D872-0996-CB4BBB296F52&sortorder=asc&column=row HTTP/1.1" 404 -
185.191.171.10 - - [15/Mar/2025:02:38:35 +0100] "GET /ticket2/opencms/es/deporte/entradas-futbol/premier-league/ HTTP/1.1" 200 105011
66.249.65.167 - - [15/Mar/2025:02:38:35 +0100] "GET /ticket2/opencms/system/modules/com.gridnine.opencms.ticketbrokerage.site/resources/css/jquery.fancybox.css HTTP/1.1" 200 4939
195.191.219.130 - - [15/Mar/2025:02:38:36 +0100] "GET /ticket2/opencms/dk/nl/buy/?page=1&edid=2E4F8B90-0A99-D872-0996-CB4BBB296F52&sortorder=asc&column=section HTTP/1.1" 404 -
52.167.144.150 - - [15/Mar/2025:02:38:36 +0100] "GET /ticket2/opencms/dk/magazine/article?title=vi-er-det-darligste-hold-i-klubbens-historie HTTP/1.1" 200 91986
195.191.219.130 - - [15/Mar/2025:02:38:37 +0100] "GET /ticket2/opencms/dk/nl/buy/?page=1&edid=2F880491-42B3-B2CF-F49A-9DDCD43581D2&sortorder=asc&column=price HTTP/1.1" 404 -
114.119.136.30 - - [15/Mar/2025:02:38:38 +0100] "GET /ticket2/opencms/ka/buy?page=1&=FF312D4E-5B6B-8FA5-BA69-635DC61A8F79 HTTP/1.1" 200 -
195.191.219.130 - - [15/Mar/2025:02:38:38 +0100] "GET /ticket2/opencms/dk/nl/buy/?page=1&edid=2F880491-42B3-B2CF-F49A-9DDCD43581D2&sortorder=asc&column=row HTTP/1.1" 404 -
195.191.219.130 - - [15/Mar/2025:02:38:39 +0100] "GET /ticket2/opencms/dk/nl/buy/?page=1&edid=2F880491-42B3-B2CF-F49A-9DDCD43581D2&sortorder=asc&column=section HTTP/1.1" 404 -
195.191.219.130 - - [15/Mar/2025:02:38:40 +0100] "GET /ticket2/opencms/dk/nl/buy/?page=1&edid=381EAD1A-035D-6D85-7293-91E69E6AF5D5&sortorder=asc&column=price HTTP/1.1" 404 -
195.191.219.130 - - [15/Mar/2025:02:38:41 +0100] "GET /ticket2/opencms/dk/nl/buy/?page=1&edid=381EAD1A-035D-6D85-7293-91E69E6AF5D5&sortorder=asc&column=row HTTP/1.1" 404 -
66.249.65.167 - - [15/Mar/2025:02:38:41 +0100] "GET /ticket2/opencms/set_aff_cookie.jsp?partner=5E0CDF29-E7BE-9F6B-6869-7BF66B04006F&url=%252Fsv%252Fbuy%252Findex.html%253Fpage%253D1%2526edid%253D544F9932-EE47-A783-F07C-2D3DCD93C6A7%2526hlv%253D60c9e002-6010-4530-8bbd-21d70a01000f%2523v_1943820272 HTTP/1.1" 200 247
195.191.219.130 - - [15/Mar/2025:02:38:42 +0100] "GET /ticket2/opencms/dk/nl/buy/?page=1&edid=381EAD1A-035D-6D85-7293-91E69E6AF5D5&sortorder=asc&column=section HTTP/1.1" 404 -
195.191.219.130 - - [15/Mar/2025:02:38:43 +0100] "GET /ticket2/opencms/dk/nl/buy/?page=1&edid=52027545-9C2A-2375-C723-4D44DAF32FED HTTP/1.1" 404 -
195.191.219.130 - - [15/Mar/2025:02:38:44 +0100] "GET /ticket2/opencms/dk/nl/buy/?page=1&edid=528D87B5-5CB7-420B-8599-7ECD4AE1B624&sortorder=desc&column=price HTTP/1.1" 404 -
195.191.219.130 - - [15/Mar/2025:02:38:45 +0100] "GET /ticket2/opencms/dk/nl/buy/?page=1&edid=52B111F0-640E-2ACD-E064-19F4F4D5EF2A&sortorder=asc&column=section HTTP/1.1" 404 -
195.191.219.130 - - [15/Mar/2025:02:38:46 +0100] "GET /ticket2/opencms/dk/nl/buy/?page=1&edid=53202693-7DA4-5446-E3D3-0719CDDBB705&sortorder=asc&column=section HTTP/1.1" 404 -
195.191.219.130 - - [15/Mar/2025:02:38:47 +0100] "GET /ticket2/opencms/dk/nl/buy/?page=1&edid=532372F3-CD24-8B47-ABFE-5DFDFC4BEFF5&sortorder=asc&column=section HTTP/1.1" 404 -
47.128.49.9 - - [15/Mar/2025:02:38:47 +0100] "GET /ticket2/opencms/fi/magazine/article?title=tammikuun-siirtoikkunan-kalleimmat-hankinnat HTTP/1.1" 200 93542
195.191.219.130 - - [15/Mar/2025:02:38:48 +0100] "GET /ticket2/opencms/dk/nl/buy/?page=1&edid=54438A24-FAAD-D7D8-7791-4ECF99430675 HTTP/1.1" 404 -
54.36.148.159 - - [15/Mar/2025:02:38:48 +0100] "GET /ticket2/opencms/sq/magazine/article?title=alexander-isak-thyen-rekord HTTP/1.1" 200 93194
66.249.65.167 - - [15/Mar/2025:02:38:49 +0100] "GET /ticket2/opencms/is/buy?page=1&edid=0FDE0AF4-9670-B36A-AA4D-4052EE1D47FE HTTP/1.1" 200 111735
195.191.219.130 - - [15/Mar/2025:02:38:49 +0100] "GET /ticket2/opencms/dk/nl/buy/?page=1&edid=548026E2-BF8F-C035-BA3B-7427C4B9DF73 HTTP/1.1" 404 -
52.167.144.140 - - [15/Mar/2025:02:38:49 +0100] "GET /ticket2/opencms/no/magazine/article?title=en-overgang-til-meksikanske-rayados HTTP/1.1" 200 94397
195.191.219.130 - - [15/Mar/2025:02:38:50 +0100] "GET /ticket2/opencms/dk/nl/buy/?page=1&edid=55F51C37-6A3B-7859-5027-982FB55ED7B9 HTTP/1.1" 404 -
195.191.219.130 - - [15/Mar/2025:02:38:51 +0100] "GET /ticket2/opencms/dk/nl/buy/?page=1&edid=584367C6-C982-1D87-F86D-1201BC650E10&sortorder=asc&column=section HTTP/1.1" 404 -
47.128.49.9 - - [15/Mar/2025:02:38:51 +0100] "GET /ticket2/opencms/img/jhon_duran_small.jpg HTTP/1.1" 200 123701
47.128.63.87 - - [15/Mar/2025:02:38:51 +0100] "GET /ticket2/opencms/et/buy/?catid=C871EAE3-C584-718A-9795-07CDEF43FA75&comcatid=A17713B6-D984-201A-4143-ED4DB5ED5C2E HTTP/1.1" 200 103227
195.191.219.130 - - [15/Mar/2025:02:38:52 +0100] "GET /ticket2/opencms/dk/nl/buy/?page=1&edid=641CA65E-6B6F-BD6B-0286-A4DF4BE623A9&sortorder=asc&column=row HTTP/1.1" 404 -
195.191.219.130 - - [15/Mar/2025:02:38:53 +0100] "GET /ticket2/opencms/dk/nl/buy/?page=1&edid=641CA65E-6B6F-BD6B-0286-A4DF4BE623A9&sortorder=asc&column=section HTTP/1.1" 404 -
195.191.219.130 - - [15/Mar/2025:02:38:54 +0100] "GET /ticket2/opencms/dk/nl/buy/?page=1&edid=87A51714-96A1-04FD-E0F4-DE0FAA1F8DB7&sortorder=desc&column=section HTTP/1.1" 404 -
195.191.219.130 - - [15/Mar/2025:02:38:55 +0100] "GET /ticket2/opencms/dk/nl/buy/?page=1&edid=87E80F4E-52AF-C9C5-B2CC-F679C938B071&sortorder=asc&column=price HTTP/1.1" 404 -
195.191.219.130 - - [15/Mar/2025:02:38:56 +0100] "GET /ticket2/opencms/dk/no/buy/?page=1&edid=216BD13C-1C5D-1537-D6A7-092E68FD6924&sortorder=asc&column=price HTTP/1.1" 404 -
195.191.219.130 - - [15/Mar/2025:02:38:57 +0100] "GET /ticket2/opencms/dk/no/buy/?page=1&edid=4EB29A38-A62A-4BD0-B6B6-5B151A6FEC1F&sortorder=asc&column=section HTTP/1.1" 404 -
52.167.144.24 - - [15/Mar/2025:02:38:57 +0100] "GET /ticket2/opencms/nl/magazine/article?title=kylian-mbappe-maakt-indruk HTTP/1.1" 200 90895
195.191.219.130 - - [15/Mar/2025:02:38:58 +0100] "GET /ticket2/opencms/dk/no/buy/?page=1&edid=4F1B6DF5-628F-F25D-981B-BD9489467C6D&sortorder=desc&column=price HTTP/1.1" 404 -
195.191.219.130 - - [15/Mar/2025:02:38:59 +0100] "GET /ticket2/opencms/dk/no/buy/?page=1&edid=579ACF7A-8DEA-BD3D-2CD9-53FEA2499F63&sortorder=asc&column=price HTTP/1.1" 404 -
111.119.196.37 - - [15/Mar/2025:02:38:59 +0100] "GET /ticket2/opencms/nl/?comcatid=0A6B8208-FDA4-E929-9D72-5312FD481B76&catid=A05A53F7-423D-23BE-575E-EA7B67DE22D9 HTTP/1.1" 200 101331
195.191.219.130 - - [15/Mar/2025:02:39:00 +0100] "GET /ticket2/opencms/dk/no/buy/?page=1&edid=7A61688A-DFBC-E477-0BA5-C628E320A31C&sortorder=asc&column=row HTTP/1.1" 404 -
195.191.219.130 - - [15/Mar/2025:02:39:01 +0100] "GET /ticket2/opencms/dk/ru/buy/?page=1&edid=9261FAEC-63AE-50D4-BB76-C4DEAD54BAED&sortorder=desc&column=price HTTP/1.1" 404 -
195.191.219.130 - - [15/Mar/2025:02:39:02 +0100] "GET /ticket2/opencms/dk/ru/buy/?page=1&edid=92D9A674-EDB4-A0FB-C5DF-A3BAFA7768AC&sortorder=asc&column=price HTTP/1.1" 404 -
114.119.148.14 - - [15/Mar/2025:02:39:02 +0100] "GET /ticket2/opencms/en/buy/?page=1&=053724EC-F913-F028-9927-6CC91E5C80DC HTTP/1.1" 200 -
185.191.171.10 - - [15/Mar/2025:02:39:02 +0100] "GET /ticket2/opencms/is/affiliateprogram.html HTTP/1.1" 200 87492
54.36.149.83 - - [15/Mar/2025:02:39:02 +0100] "GET /ticket2/opencms/en/venue/?countryid=EFE62657-ED88-7045-031D-E16EFB5F4910 HTTP/1.1" 200 114676
195.191.219.130 - - [15/Mar/2025:02:39:03 +0100] "GET /ticket2/opencms/dk/ru/buy/?page=1&edid=92D9A674-EDB4-A0FB-C5DF-A3BAFA7768AC&sortorder=asc&column=row HTTP/1.1" 404 -
54.36.148.169 - - [15/Mar/2025:02:39:03 +0100] "GET /ticket2/opencms/ga/buy?page=1&edid=0C1979DA-50CA-ECE7-2406-93F50E7E04D2 HTTP/1.1" 200 108895
195.191.219.130 - - [15/Mar/2025:02:39:04 +0100] "GET /ticket2/opencms/dk/ru/buy/?page=1&edid=92D9A674-EDB4-A0FB-C5DF-A3BAFA7768AC&sortorder=asc&column=section HTTP/1.1" 404 -
195.191.219.130 - - [15/Mar/2025:02:39:05 +0100] "GET /ticket2/opencms/dk/ru/buy/?page=1&edid=932CFDF1-C8A9-5F7B-5BD7-A07313354469&sortorder=asc&column=price HTTP/1.1" 404 -
195.191.219.130 - - [15/Mar/2025:02:39:06 +0100] "GET /ticket2/opencms/dk/ru/buy/?page=1&edid=932CFDF1-C8A9-5F7B-5BD7-A07313354469&sortorder=asc&column=row HTTP/1.1" 404 -
195.191.219.130 - - [15/Mar/2025:02:39:07 +0100] "GET /ticket2/opencms/dk/ru/buy/?page=1&edid=9424D23C-F445-9898-F3CF-99CAD58F851B&sortorder=asc&column=price HTTP/1.1" 404 -
195.191.219.130 - - [15/Mar/2025:02:39:08 +0100] "GET /ticket2/opencms/dk/ru/buy/?page=1&edid=9494FC4F-F552-A105-03DC-9240AF0DDC45&sortorder=asc&column=price HTTP/1.1" 404 -
85.208.96.206 - - [15/Mar/2025:02:39:08 +0100] "GET /ticket2/opencms/be/magazine/article?title=aston-villa-one-of-the-oldest-clubs-in-the-premier-league HTTP/1.1" 200 95079
195.191.219.130 - - [15/Mar/2025:02:39:09 +0100] "GET /ticket2/opencms/dk/ru/buy/?page=1&edid=97270EF2-C112-2A86-7AFB-2AD9638F7CA8&sortorder=asc&column=section HTTP/1.1" 404 -
114.119.141.206 - - [15/Mar/2025:02:39:10 +0100] "GET /ticket2/opencms/en/buy/?page=1&edid=490280ED-96FA-5EC6-1DCC-A75EC34A3EFC HTTP/1.1" 200 88648
66.249.65.167 - - [15/Mar/2025:02:39:11 +0100] "GET /ticket2/opencms/set_aff_cookie.jsp?partner=5E0CDF29-E7BE-9F6B-6869-7BF66B04006F&url=%252Fsv%252Fbuy%252Findex.html%253Fpage%253D1%2526edid%253DDEC5FD59-47B9-C401-93D5-AF9656E4B9E7%2526hlv%253D61154cd5-a094-48d0-836c-15fa0a01000f%2523v_1144180540 HTTP/1.1" 200 247
66.249.65.167 - - [15/Mar/2025:02:39:15 +0100] "GET /ticket2/opencms/dk/magazine/article?title=luka-modric-bliver-i-real-madrid HTTP/1.1" 200 93727
114.119.145.123 - - [15/Mar/2025:02:39:16 +0100] "GET /ticket2/opencms/it/buy/?page=1&edid=E8BA54CC-B112-3D61-BE02-1B4D1E4F63D1 HTTP/1.1" 200 133720
54.36.149.45 - - [15/Mar/2025:02:39:20 +0100] "GET /ticket2/opencms/sq/magazine/article?title=dergesat-me-te-shtrenjta-te-dritares-se-janarit HTTP/1.1" 200 94199
47.128.18.2 - - [15/Mar/2025:02:39:26 +0100] "GET /ticket2/opencms/fi/venue/?venueid=A2DA50D6-BCAE-498A-9037-86B27666A07C HTTP/1.1" 200 86864
54.36.148.214 - - [15/Mar/2025:02:39:32 +0100] "GET /ticket2/opencms/sr/search.html HTTP/1.1" 200 97204
40.77.167.5 - - [15/Mar/2025:02:39:34 +0100] "GET /ticket2/opencms/it/buy?page=6&comcatid=A17713B6-D984-201A-4143-ED4DB5ED5C2E&catid=82F804FA-9F69-CB6B-D41D-7BF7C716058B&eventid=AD8806A3-78A3-C85C-FD76-9A847D684299 HTTP/1.1" 200 105247
47.128.17.219 - - [15/Mar/2025:02:39:39 +0100] "GET /ticket2/opencms/ga/buy/?edid=CFE3AD1D-4887-F2C9-CE30-778894EF867F HTTP/1.1" 200 91597
27.106.107.25 - - [15/Mar/2025:02:39:40 +0100] "GET /ticket2/opencms/nl/sport/voetbal-tickets/premier_league/tottenham/ HTTP/1.1" 200 91995
66.249.65.167 - - [15/Mar/2025:02:39:41 +0100] "GET /ticket2/opencms/mt/buy/?page=1&edid=B0342119-7DEE-A961-582D-4DB4FC7F38E6&hlv=6149f0b3-032c-4096-b80e-22fd0a01000f HTTP/1.1" 200 91786
40.77.167.59 - - [15/Mar/2025:02:39:41 +0100] "GET /ticket2/opencms/no/buy/?page=1&edid=353A8607-D64B-76FC-86CE-3A4804789969 HTTP/1.1" 200 107937
54.36.148.43 - - [15/Mar/2025:02:39:43 +0100] "GET /ticket2/opencms/mo/buy?page=1&edid=2A37DE46-FFAE-D698-F339-A3B401DDEB66 HTTP/1.1" 200 108745
202.8.42.30 - - [15/Mar/2025:02:39:44 +0100] "GET /ticket2/opencms/system/modules/com.gridnine.opencms.ticketbrokerage.site/resources/css/ticketbrokerage.css HTTP/1.1" 200 39339
202.8.42.30 - - [15/Mar/2025:02:39:44 +0100] "GET /ticket2/opencms/system/modules/com.gridnine.opencms.ticketbrokerage.site/resources/css/jquery-ui.css HTTP/1.1" 200 33221
202.8.42.30 - - [15/Mar/2025:02:39:44 +0100] "GET /ticket2/opencms/system/modules/com.gridnine.opencms.ticketbrokerage.site/resources/css/calendar.css HTTP/1.1" 200 6871
202.8.42.30 - - [15/Mar/2025:02:39:44 +0100] "GET /ticket2/opencms/system/modules/com.gridnine.opencms.ticketbrokerage.site/resources/css/jquery.fancybox.css HTTP/1.1" 200 4939
202.8.42.30 - - [15/Mar/2025:02:39:44 +0100] "GET /ticket2/opencms/system/modules/com.gridnine.opencms.ticketbrokerage.site/resources/css/standard.css HTTP/1.1" 200 74449
202.8.42.30 - - [15/Mar/2025:02:39:44 +0100] "GET /ticket2/opencms/system/modules/com.gridnine.opencms.ticketbrokerage.site/resources/js/jquery/jquery.js HTTP/1.1" 200 93868
202.8.42.30 - - [15/Mar/2025:02:39:45 +0100] "GET /ticket2/opencms/system/modules/com.gridnine.opencms.ticketbrokerage.site/resources/js/functions.js HTTP/1.1" 200 1583
202.8.42.30 - - [15/Mar/2025:02:39:45 +0100] "GET /ticket2/opencms/system/modules/com.gridnine.opencms.ticketbrokerage.site/resources/js/jquery/jquery-ui.js HTTP/1.1" 200 228088
202.8.42.30 - - [15/Mar/2025:02:39:45 +0100] "GET /ticket2/opencms/system/modules/com.gridnine.opencms.ticketbrokerage.site/resources/js/calendar.js HTTP/1.1" 200 49229
202.8.42.30 - - [15/Mar/2025:02:39:45 +0100] "GET /ticket2/opencms/system/modules/com.gridnine.opencms.ticketbrokerage.site/resources/js/calendar-en.js HTTP/1.1" 200 3338
202.8.42.30 - - [15/Mar/2025:02:39:45 +0100] "GET /ticket2/opencms/system/modules/com.gridnine.opencms.ticketbrokerage.site/resources/js/calendar-setup.js HTTP/1.1" 200 4923
202.8.42.30 - - [15/Mar/2025:02:39:45 +0100] "GET /ticket2/opencms/system/modules/com.gridnine.opencms.ticketbrokerage.site/resources/js/jquery.fancybox.pack.js HTTP/1.1" 200 23187
202.8.42.30 - - [15/Mar/2025:02:39:45 +0100] "GET /ticket2/opencms/system/modules/com.gridnine.opencms.ticketbrokerage.site/resources/js/stickyfill.min.js HTTP/1.1" 200 5672
202.8.42.30 - - [15/Mar/2025:02:39:45 +0100] "GET /ticket2/opencms/system/modules/com.gridnine.opencms.ticketbrokerage.site/resources/js/standard.js HTTP/1.1" 200 3983
202.8.42.30 - - [15/Mar/2025:02:39:45 +0100] "GET /ticket2/opencms/system/modules/com.gridnine.opencms.ticketbrokerage.site/resources/js/jquery.placeholder.min.js HTTP/1.1" 200 1737
