185.191.171.4 - - [15/Mar/2025:01:36:11 +0100] "GET /ticket2/opencms/sq/magazine/article?title=crystal-palace-tifozet-me-te-mire-te-premier-league HTTP/1.1" 200 96015
192.99.37.132 - - [15/Mar/2025:01:36:12 +0100] "GET /ticket2/opencms/se/no/buy/?page=1&edid=0EF8B22E-BE68-12EF-B463-EE507CBF5141&sortorder=asc&column=price HTTP/1.1" 404 -
114.119.136.30 - - [15/Mar/2025:01:36:13 +0100] "GET /ticket2/opencms/lt/buy?page=1&=5660FC95-DEFD-E31A-427A-FEF42882AD54 HTTP/1.1" 200 -
207.46.13.78 - - [15/Mar/2025:01:36:13 +0100] "GET /ticket2/opencms/lt/magazine/article?title=neymar-grizta-namo HTTP/1.1" 200 92630
40.77.167.24 - - [15/Mar/2025:01:36:14 +0100] "GET /ticket2/opencms/fr/buy/?page=1&edid=7536ED49-D47D-D875-3F14-B754DE19451B HTTP/1.1" 200 108322
207.46.13.78 - - [15/Mar/2025:01:36:14 +0100] "GET /ticket2/opencms/sl/buy/?page=1&edid=19D8DF2D-F98F-516A-0C52-7520D8E30285 HTTP/1.1" 200 111909
54.36.149.13 - - [15/Mar/2025:01:36:17 +0100] "GET /ticket2/opencms/is/sport/fotbolti/english-championship/blackburn HTTP/1.1" 200 101844
207.46.13.78 - - [15/Mar/2025:01:36:18 +0100] "GET /ticket2/opencms/fi/buy/?page=1&edid=92DF4928-935F-6F67-3394-E1ED2A861E35 HTTP/1.1" 200 111614
47.128.43.203 - - [15/Mar/2025:01:36:20 +0100] "GET /ticket2/opencms/hu/magazine/article?title=hollandia-vs-anglia-az-elodontoben HTTP/1.1" 200 98568
52.167.144.230 - - [15/Mar/2025:01:36:20 +0100] "GET /ticket2/opencms/lv/buy/?page=1&edid=A8F677E6-A548-E0DF-93F9-55173D9897A9 HTTP/1.1" 200 112489
185.191.171.9 - - [15/Mar/2025:01:36:21 +0100] "GET /ticket2/opencms/sv/sport/fotbollsbiljetter/premier_league/everton/ HTTP/1.1" 200 99411
192.99.37.132 - - [15/Mar/2025:01:36:21 +0100] "GET /ticket2/opencms/se/no/buy/?page=1&edid=11CA2095-DE4E-F08C-CA73-D1F7DF0C2455 HTTP/1.1" 404 -
185.191.171.14 - - [15/Mar/2025:01:36:23 +0100] "GET /ticket2/opencms/dk/sport/fodboldbilletter/bundesliga/dortmund/ HTTP/1.1" 200 97437
207.46.13.126 - - [15/Mar/2025:01:36:25 +0100] "GET /ticket2/opencms/bs/magazine/article?title=graham-potter-od-svedske-do-premier-lige HTTP/1.1" 200 96537
173.252.87.2 - - [15/Mar/2025:01:36:26 +0100] "GET /ticket2/opencms/nl/magazine/article?title=anfield-liverpools-thuisstadion HTTP/1.1" 200 89368
54.36.149.80 - - [15/Mar/2025:01:36:30 +0100] "GET /ticket2/opencms/fr/sport/billets-football/serie_a/udinese/ HTTP/1.1" 500 -
114.119.140.111 - - [15/Mar/2025:01:36:31 +0100] "GET /ticket2/opencms/en/buy/?page=1&edid=5F7C8862-A9C4-6630-23D0-41C58E85A5C4 HTTP/1.1" 200 109602
192.99.37.132 - - [15/Mar/2025:01:36:31 +0100] "GET /ticket2/opencms/se/no/buy/?page=1&edid=124781BD-55D1-347C-3E0C-E088BD538B9A&sortorder=desc&column=price HTTP/1.1" 404 -
40.77.167.24 - - [15/Mar/2025:01:36:36 +0100] "GET /ticket2/opencms/cs/buy/?page=1&edid=5B0C2172-2B83-5482-88E3-7AC90635B3F8 HTTP/1.1" 200 108590
66.249.65.169 - - [15/Mar/2025:01:36:36 +0100] "GET /ticket2/opencms/set_aff_cookie.jsp?partner=2E02071B-A8C3-4CBA-3097-C27D61C02ED8&url=%252Fno%252Fbuy%252Findex.html%253Fpage%253D1%2526edid%253D5CC4C245-B3B0-1B51-B1DB-D9E8D9C1C476%2526hlv%253D66c38db3-55dc-4a99-8a1c-6f5f0a01000f%2523v599053769 HTTP/1.1" 200 245
66.249.76.42 - - [15/Mar/2025:01:36:39 +0100] "GET /ticket2/opencms/fr/ask-form.html HTTP/1.1" 200 3156
114.119.151.50 - - [15/Mar/2025:01:36:41 +0100] "GET /ticket2/opencms/es/buy/?page=1&edid=9239880C-C5C0-5076-4AD5-4881F5EBAC4A HTTP/1.1" 200 135041
192.99.37.132 - - [15/Mar/2025:01:36:44 +0100] "GET /ticket2/opencms/se/no/buy/?page=1&edid=124781BD-55D1-347C-3E0C-E088BD538B9A&sortorder=desc&column=row HTTP/1.1" 404 -
51.8.102.196 - - [15/Mar/2025:01:36:46 +0100] "GET /ticket2/opencms/ro/sport/bilete-fotbal/champions-league/tottenham HTTP/1.1" 500 -
51.8.102.134 - - [15/Mar/2025:01:36:47 +0100] "GET /ticket2/opencms/ro/sport/bilete-fotbal/champions-league/tottenham HTTP/1.1" 500 -
20.42.10.180 - - [15/Mar/2025:01:36:47 +0100] "GET /ticket2/opencms/ro/sport/bilete-fotbal/champions-league/tottenham HTTP/1.1" 500 -
51.8.102.5 - - [15/Mar/2025:01:36:48 +0100] "GET /ticket2/opencms/ro/sport/bilete-fotbal/champions-league/tottenham HTTP/1.1" 500 -
54.36.148.153 - - [15/Mar/2025:01:36:49 +0100] "GET /ticket2/opencms/hu/sport/focijegyek/english-championship/blackburn HTTP/1.1" 200 102345
192.99.37.132 - - [15/Mar/2025:01:36:57 +0100] "GET /ticket2/opencms/se/no/buy/?page=1&edid=124781BD-55D1-347C-3E0C-E088BD538B9A&sortorder=desc&column=section HTTP/1.1" 404 -
40.77.167.24 - - [15/Mar/2025:01:37:04 +0100] "GET /ticket2/opencms/no/buy?page=1&edid=2D5C43A1-8CDF-1FA0-6F72-C4895B7B53DE HTTP/1.1" 200 107973
40.77.167.29 - - [15/Mar/2025:01:37:05 +0100] "GET /ticket2/opencms/en/buy/?page=1&edid=A2A4078E-C8E8-C113-199B-69C1FEB231B0 HTTP/1.1" 200 133606
207.46.13.52 - - [15/Mar/2025:01:37:05 +0100] "GET /ticket2/opencms/de/buy?page=1&edid=0C94170C-17F1-0823-E8AC-91EC149F33EC HTTP/1.1" 200 134617
114.119.139.78 - - [15/Mar/2025:01:37:07 +0100] "GET /ticket2/opencms/ru/buy/?page=1&edid=380D9DCE-9F52-6635-EF3F-C6491C4BBEEF HTTP/1.1" 200 110206
40.77.167.24 - - [15/Mar/2025:01:37:07 +0100] "GET /ticket2/opencms/is/?page=6&comcatid=A17713B6-D984-201A-4143-ED4DB5ED5C2E&catid=A7674DEA-B39E-502C-2F76-760AE08947E9 HTTP/1.1" 200 103249
192.99.37.132 - - [15/Mar/2025:01:37:07 +0100] "GET /ticket2/opencms/se/no/buy/?page=1&edid=1262C5E9-4459-6D63-F273-010CB7E37FF2 HTTP/1.1" 404 -
47.128.54.157 - - [15/Mar/2025:01:37:08 +0100] "GET /ticket2/opencms/ka/buy/?edid=4D95C4E4-B7FF-C71E-110D-D09544A9044A HTTP/1.1" 200 93962
173.252.87.11 - - [15/Mar/2025:01:37:10 +0100] "GET /ticket2/opencms/az/buy/?page=1&edid=84A5FE5E-FE66-D83A-8A7D-B9483A93F0F3 HTTP/1.1" 200 111993
47.128.45.111 - - [15/Mar/2025:01:37:12 +0100] "GET /ticket2/opencms/no/sport/ HTTP/1.1" 200 89096
209.85.238.73 - - [15/Mar/2025:01:37:12 +0100] "GET /ticket2/opencms/sv/presentkort/ HTTP/1.1" 500 -
47.128.45.111 - - [15/Mar/2025:01:37:13 +0100] "GET /ticket2/opencms/system/modules/com.gridnine.opencms.ticketbrokerage.site/resources/css/images/event-banner.png HTTP/1.1" 404 -
47.128.45.111 - - [15/Mar/2025:01:37:13 +0100] "GET /ticket2/opencms/system/modules/com.gridnine.opencms.ticketbrokerage.site/resources/pics/banners/no/sports_no.png HTTP/1.1" 200 74949
209.85.238.72 - - [15/Mar/2025:01:37:17 +0100] "GET /ticket2/opencms/sv/konsertbiljetter/AC_DC/ HTTP/1.1" 500 -
192.99.37.132 - - [15/Mar/2025:01:37:18 +0100] "GET /ticket2/opencms/se/no/buy/?page=1&edid=133C755F-7180-13CC-FCBB-7D53D7F560DC&sortorder=asc&column=price HTTP/1.1" 404 -
124.243.189.159 - - [15/Mar/2025:01:37:19 +0100] "GET /ticket2/opencms/es/buy_safety HTTP/1.1" 200 92497
114.119.148.14 - - [15/Mar/2025:01:37:20 +0100] "GET /ticket2/opencms/en/buy/?page=1&=64554C44-9C37-5251-0A79-57D66D6EA4A7 HTTP/1.1" 200 -
54.36.148.51 - - [15/Mar/2025:01:37:20 +0100] "GET /ticket2/opencms/sq/sport/bileta-per-futboll/bundesliga/hoffenheim HTTP/1.1" 200 102019
74.125.217.78 - - [15/Mar/2025:01:37:21 +0100] "GET /ticket2/opencms/sv/magazine/article?title=vad-ar-fotboll HTTP/1.1" 200 95768
202.8.40.19 - - [15/Mar/2025:01:37:21 +0100] "GET /ticket2/opencms/system/modules/com.gridnine.opencms.ticketbrokerage.site/resources/css/ticketbrokerage.css HTTP/1.1" 200 39339
202.8.40.19 - - [15/Mar/2025:01:37:21 +0100] "GET /ticket2/opencms/system/modules/com.gridnine.opencms.ticketbrokerage.site/resources/css/jquery-ui.css HTTP/1.1" 200 33221
202.8.40.19 - - [15/Mar/2025:01:37:21 +0100] "GET /ticket2/opencms/system/modules/com.gridnine.opencms.ticketbrokerage.site/resources/css/calendar.css HTTP/1.1" 200 6871
202.8.40.19 - - [15/Mar/2025:01:37:21 +0100] "GET /ticket2/opencms/system/modules/com.gridnine.opencms.ticketbrokerage.site/resources/css/jquery.fancybox.css HTTP/1.1" 200 4939
202.8.40.19 - - [15/Mar/2025:01:37:21 +0100] "GET /ticket2/opencms/system/modules/com.gridnine.opencms.ticketbrokerage.site/resources/css/standard.css HTTP/1.1" 200 74449
202.8.40.19 - - [15/Mar/2025:01:37:21 +0100] "GET /ticket2/opencms/system/modules/com.gridnine.opencms.ticketbrokerage.site/resources/js/jquery/jquery.js HTTP/1.1" 200 93868
202.8.40.19 - - [15/Mar/2025:01:37:21 +0100] "GET /ticket2/opencms/system/modules/com.gridnine.opencms.ticketbrokerage.site/resources/js/functions.js HTTP/1.1" 200 1583
202.8.40.19 - - [15/Mar/2025:01:37:21 +0100] "GET /ticket2/opencms/system/modules/com.gridnine.opencms.ticketbrokerage.site/resources/js/jquery/jquery-ui.js HTTP/1.1" 200 228088
202.8.40.19 - - [15/Mar/2025:01:37:21 +0100] "GET /ticket2/opencms/system/modules/com.gridnine.opencms.ticketbrokerage.site/resources/js/calendar.js HTTP/1.1" 200 49229
202.8.40.19 - - [15/Mar/2025:01:37:21 +0100] "GET /ticket2/opencms/system/modules/com.gridnine.opencms.ticketbrokerage.site/resources/js/calendar-en.js HTTP/1.1" 200 3338
202.8.40.19 - - [15/Mar/2025:01:37:21 +0100] "GET /ticket2/opencms/system/modules/com.gridnine.opencms.ticketbrokerage.site/resources/js/calendar-setup.js HTTP/1.1" 200 4923
202.8.40.19 - - [15/Mar/2025:01:37:21 +0100] "GET /ticket2/opencms/system/modules/com.gridnine.opencms.ticketbrokerage.site/resources/js/jquery.fancybox.pack.js HTTP/1.1" 200 23187
202.8.40.19 - - [15/Mar/2025:01:37:21 +0100] "GET /ticket2/opencms/system/modules/com.gridnine.opencms.ticketbrokerage.site/resources/js/stickyfill.min.js HTTP/1.1" 200 5672
202.8.40.19 - - [15/Mar/2025:01:37:21 +0100] "GET /ticket2/opencms/system/modules/com.gridnine.opencms.ticketbrokerage.site/resources/js/standard.js HTTP/1.1" 200 3983
202.8.40.19 - - [15/Mar/2025:01:37:22 +0100] "GET /ticket2/opencms/system/modules/com.gridnine.opencms.ticketbrokerage.site/resources/js/jquery.placeholder.min.js HTTP/1.1" 200 1737
202.8.40.19 - - [15/Mar/2025:01:37:22 +0100] "GET /ticket2/opencms/system/modules/com.gridnine.opencms.ticketbrokerage.site/resources/js/common-ajax.js HTTP/1.1" 200 20175
114.119.157.43 - - [15/Mar/2025:01:37:24 +0100] "GET /ticket2/opencms/lt/buy?page=1&=3CD487B4-E613-C078-AE8C-674999572B44 HTTP/1.1" 200 -
209.85.238.71 - - [15/Mar/2025:01:37:25 +0100] "GET /ticket2/opencms/dk/sport/fodboldbilletter/serie-a/ac_roma/ HTTP/1.1" 200 97228
185.191.171.4 - - [15/Mar/2025:01:37:27 +0100] "GET /ticket2/opencms/lt/sport/futbolo-bilietai/english-championship/ipswich-town HTTP/1.1" 500 -
192.99.37.132 - - [15/Mar/2025:01:37:28 +0100] "GET /ticket2/opencms/se/no/buy/?page=1&edid=133C755F-7180-13CC-FCBB-7D53D7F560DC&sortorder=asc&column=row HTTP/1.1" 404 -
207.46.13.78 - - [15/Mar/2025:01:37:31 +0100] "GET /ticket2/opencms/sq/buy?page=1&edid=A279CA4F-563C-FA44-9E12-257295BF18EE HTTP/1.1" 200 111422
185.191.171.18 - - [15/Mar/2025:01:37:36 +0100] "GET /ticket2/opencms/az/magazine/article?title=chelsea-vs-tottenham-2-0 HTTP/1.1" 200 94137
66.249.74.167 - - [15/Mar/2025:01:37:38 +0100] "GET /ticket2/opencms/robots.txt HTTP/1.1" 200 773
66.249.74.167 - - [15/Mar/2025:01:37:39 +0100] "GET /ticket2/opencms/mt/magazine/article?title=lionel-messi-wieed-mill-aktar-talenti-mfittxija-tul-iz-zminijiet HTTP/1.1" 200 94075
40.77.167.241 - - [15/Mar/2025:01:37:39 +0100] "GET /ticket2/opencms/it/buy/?comcatid=97ECA65A-72DA-F9AF-9DBB-245D3CFED1BE&catid=43171577-14C8-6B19-25D9-DF372BFFCBFA HTTP/1.1" 200 98018
192.99.37.132 - - [15/Mar/2025:01:37:39 +0100] "GET /ticket2/opencms/se/no/buy/?page=1&edid=133C755F-7180-13CC-FCBB-7D53D7F560DC&sortorder=asc&column=section HTTP/1.1" 404 -
47.128.59.154 - - [15/Mar/2025:01:37:42 +0100] "GET /ticket2/opencms/fi/?catid=3A56B1C2-6FFB-C8D1-B229-B3914D5FF8DF&comcatid=0A6B8208-FDA4-E929-9D72-5312FD481B76 HTTP/1.1" 200 103557
66.249.65.167 - - [15/Mar/2025:01:37:42 +0100] "GET /ticket2/opencms/set_aff_cookie.jsp?partner=5E0CDF29-E7BE-9F6B-6869-7BF66B04006F&url=%252Fsv%252Fbuy%252Findex.html%253Fpage%253D1%2526edid%253D544F9932-EE47-A783-F07C-2D3DCD93C6A7%2526hlv%253D60c9dd99-35c0-4cc2-9d06-1df20a01000f%2523v2090087509 HTTP/1.1" 200 246
185.191.171.16 - - [15/Mar/2025:01:37:46 +0100] "GET /ticket2/opencms/dk/sport/fodboldbilletter/champions_league/final/ HTTP/1.1" 500 -
66.249.65.193 - - [15/Mar/2025:01:37:46 +0100] "GET /ticket2/opencms/system/modules/com.gridnine.opencms.ticketbrokerage.site/resources/js/stickyfill.min.js HTTP/1.1" 200 5672
40.77.167.24 - - [15/Mar/2025:01:37:47 +0100] "GET /ticket2/opencms/sv/venue/?venueid=91735E97-CBE8-0381-C0A7-AFDBBB70E5D4 HTTP/1.1" 200 87132
192.99.37.132 - - [15/Mar/2025:01:37:51 +0100] "GET /ticket2/opencms/se/no/buy/?page=1&edid=135439EE-24C6-CFFE-A3F6-AD08F6CB1A03 HTTP/1.1" 404 -
31.13.127.8 - - [15/Mar/2025:01:37:53 +0100] "GET /ticket2/opencms/meta.json HTTP/1.1" 404 -
31.13.127.6 - - [15/Mar/2025:01:37:53 +0100] "GET /ticket2/opencms/ HTTP/1.1" 302 -
31.13.127.1 - - [15/Mar/2025:01:37:53 +0100] "GET /ticket2/opencms/ HTTP/1.1" 302 -
114.119.141.206 - - [15/Mar/2025:01:37:54 +0100] "GET /ticket2/opencms/en/buy/?page=1&edid=59C05F18-21F2-267C-D1EB-43CE0819C99D HTTP/1.1" 200 109618
85.208.96.195 - - [15/Mar/2025:01:37:55 +0100] "GET /ticket2/opencms/lt/magazine/article?title=luka-modricius-lieka-real-madrid HTTP/1.1" 200 95036
31.13.127.11 - - [15/Mar/2025:01:37:55 +0100] "GET /ticket2/opencms/en/ HTTP/1.1" 200 102041
31.13.127.5 - - [15/Mar/2025:01:37:55 +0100] "GET /ticket2/opencms/en/ HTTP/1.1" 200 102041
54.36.148.148 - - [15/Mar/2025:01:37:58 +0100] "GET /ticket2/opencms/cs/sport/fotbalove-listky/english-championship/blackburn HTTP/1.1" 200 102080
207.46.13.78 - - [15/Mar/2025:01:38:01 +0100] "GET /ticket2/opencms/hr/buy/?page=1&edid=FF78E5AF-B575-E137-254B-7D951914395E HTTP/1.1" 200 111879
172.203.190.132 - - [15/Mar/2025:01:38:01 +0100] "GET /ticket2/opencms/robots.txt HTTP/1.1" 304 -
185.191.171.2 - - [15/Mar/2025:01:38:02 +0100] "GET /ticket2/opencms/sk/magazine/article?title=ruben-amorim-sa-stal-novym-trenerom-manchester-united HTTP/1.1" 200 93941
192.99.37.132 - - [15/Mar/2025:01:38:04 +0100] "GET /ticket2/opencms/se/no/buy/?page=1&edid=151CC0D8-0351-C859-2F0C-08FDFAB76DE7 HTTP/1.1" 404 -
114.119.129.189 - - [15/Mar/2025:01:38:05 +0100] "GET /ticket2/opencms/es/buy/?page=1&edid=80629047-5380-DFBF-02A3-7565A4409F20 HTTP/1.1" 200 90242
173.252.107.4 - - [15/Mar/2025:01:38:07 +0100] "GET /ticket2/opencms/de/buy/?page=1&edid=0637523A-01E7-1EC6-C82E-6B403F8C3BC7 HTTP/1.1" 200 108101
66.249.65.169 - - [15/Mar/2025:01:38:12 +0100] "GET /ticket2/opencms/set_aff_cookie.jsp?partner=5E0CDF29-E7BE-9F6B-6869-7BF66B04006F&url=%252Fsv%252Fbuy%252Findex.html%253Fpage%253D1%2526edid%253D9CCC60F1-4795-760A-258E-C29F7C9B1FCF%2526hlv%253D61154d32-4fc8-4813-978d-15fa0a01000f%2523v_729068982 HTTP/1.1" 200 246
40.77.167.24 - - [15/Mar/2025:01:38:14 +0100] "GET /ticket2/opencms/ro/buy?page=1&edid=CEC3CC84-E2A0-FA7E-2440-748B95840967 HTTP/1.1" 200 112024
52.167.144.164 - - [15/Mar/2025:01:38:14 +0100] "GET /ticket2/opencms/sv/sport/fotbollsbiljetter/uefa-champions-league/malaga/ HTTP/1.1" 500 -
192.99.37.132 - - [15/Mar/2025:01:38:15 +0100] "GET /ticket2/opencms/se/no/buy/?page=1&edid=156562D2-0263-CCAA-DF54-9314F5D26523 HTTP/1.1" 404 -
217.208.146.37 - - [15/Mar/2025:01:38:17 +0100] "GET /ticket2/opencms/sv/sport/?gad_source=5&gclid=EAIaIQobChMIt5Xr-uyKjAMVW0eRBR35RidtEAAYAiACEgJwBPD_BwE HTTP/1.1" 200 96154
217.208.146.37 - - [15/Mar/2025:01:38:17 +0100] "GET /ticket2/opencms/system/modules/com.gridnine.opencms.ticketbrokerage.site/resources/css/ticketbrokerage.css HTTP/1.1" 200 39339
51.8.102.247 - - [15/Mar/2025:01:38:17 +0100] "GET /ticket2/opencms/es/buy?edid=096598FE-DA35-4351-DFEE-DC9ACA0F0EF9&page=1 HTTP/1.1" 200 111775
217.208.146.37 - - [15/Mar/2025:01:38:17 +0100] "GET /ticket2/opencms/system/modules/com.gridnine.opencms.ticketbrokerage.site/resources/css/calendar.css HTTP/1.1" 200 6871
217.208.146.37 - - [15/Mar/2025:01:38:17 +0100] "GET /ticket2/opencms/system/modules/com.gridnine.opencms.ticketbrokerage.site/resources/css/jquery.fancybox.css HTTP/1.1" 200 4939
217.208.146.37 - - [15/Mar/2025:01:38:17 +0100] "GET /ticket2/opencms/system/modules/com.gridnine.opencms.ticketbrokerage.site/resources/css/jquery-ui.css HTTP/1.1" 200 33221
217.208.146.37 - - [15/Mar/2025:01:38:18 +0100] "GET /ticket2/opencms/system/modules/com.gridnine.opencms.ticketbrokerage.site/resources/js/jquery/jquery.js HTTP/1.1" 200 93868
217.208.146.37 - - [15/Mar/2025:01:38:18 +0100] "GET /ticket2/opencms/system/modules/com.gridnine.opencms.ticketbrokerage.site/resources/js/jquery/jquery-ui.js HTTP/1.1" 200 228088
217.208.146.37 - - [15/Mar/2025:01:38:18 +0100] "GET /ticket2/opencms/system/modules/com.gridnine.opencms.ticketbrokerage.site/resources/css/standard.css HTTP/1.1" 200 74449
217.208.146.37 - - [15/Mar/2025:01:38:18 +0100] "GET /ticket2/opencms/system/modules/com.gridnine.opencms.ticketbrokerage.site/resources/js/functions.js HTTP/1.1" 200 1583
217.208.146.37 - - [15/Mar/2025:01:38:18 +0100] "GET /ticket2/opencms/system/modules/com.gridnine.opencms.ticketbrokerage.site/resources/js/calendar.js HTTP/1.1" 200 49229
217.208.146.37 - - [15/Mar/2025:01:38:18 +0100] "GET /ticket2/opencms/system/modules/com.gridnine.opencms.ticketbrokerage.site/resources/js/calendar-en.js HTTP/1.1" 200 3338
217.208.146.37 - - [15/Mar/2025:01:38:18 +0100] "GET /ticket2/opencms/system/modules/com.gridnine.opencms.ticketbrokerage.site/resources/js/jquery.fancybox.pack.js HTTP/1.1" 200 23187
217.208.146.37 - - [15/Mar/2025:01:38:18 +0100] "GET /ticket2/opencms/system/modules/com.gridnine.opencms.ticketbrokerage.site/resources/js/stickyfill.min.js HTTP/1.1" 200 5672
217.208.146.37 - - [15/Mar/2025:01:38:18 +0100] "GET /ticket2/opencms/system/modules/com.gridnine.opencms.ticketbrokerage.site/resources/js/calendar-setup.js HTTP/1.1" 200 4923
217.208.146.37 - - [15/Mar/2025:01:38:18 +0100] "GET /ticket2/opencms/system/modules/com.gridnine.opencms.ticketbrokerage.site/resources/js/standard.js HTTP/1.1" 200 3983
217.208.146.37 - - [15/Mar/2025:01:38:18 +0100] "GET /ticket2/opencms/system/modules/com.gridnine.opencms.ticketbrokerage.site/resources/js/common-ajax.js HTTP/1.1" 200 20175
217.208.146.37 - - [15/Mar/2025:01:38:18 +0100] "GET /ticket2/opencms/system/modules/com.gridnine.opencms.ticketbrokerage.site/resources/js/jquery.placeholder.min.js HTTP/1.1" 200 1737
217.208.146.37 - - [15/Mar/2025:01:38:18 +0100] "GET /ticket2/opencms/system/modules/com.gridnine.opencms.ticketbrokerage.site/resources/pics/logo-new.png HTTP/1.1" 200 13541
217.208.146.37 - - [15/Mar/2025:01:38:18 +0100] "GET /ticket2/opencms/system/modules/com.gridnine.opencms.ticketbrokerage.site/resources/pics/banners/sv/sports_sv.png HTTP/1.1" 200 11252
217.208.146.37 - - [15/Mar/2025:01:38:18 +0100] "GET /ticket2/opencms/img/insta.png HTTP/1.1" 200 3967
217.208.146.37 - - [15/Mar/2025:01:38:18 +0100] "GET /ticket2/opencms/img/fb.png HTTP/1.1" 200 1269
217.208.146.37 - - [15/Mar/2025:01:38:18 +0100] "GET /ticket2/opencms/system/modules/com.gridnine.opencms.ticketbrokerage.site/resources/pics/footer-img.jpg HTTP/1.1" 200 67642
217.208.146.37 - - [15/Mar/2025:01:38:18 +0100] "GET /ticket2/opencms/img/check.png HTTP/1.1" 200 548
217.208.146.37 - - [15/Mar/2025:01:38:18 +0100] "GET /ticket2/opencms/img/mail.png HTTP/1.1" 200 403
217.208.146.37 - - [15/Mar/2025:01:38:18 +0100] "GET /ticket2/opencms/img/chat.png HTTP/1.1" 200 416
217.208.146.37 - - [15/Mar/2025:01:38:18 +0100] "GET /ticket2/opencms/img/arrow.png HTTP/1.1" 200 753
217.208.146.37 - - [15/Mar/2025:01:38:18 +0100] "GET /ticket2/opencms/img/icons/globe-white.png HTTP/1.1" 200 947
217.208.146.37 - - [15/Mar/2025:01:38:18 +0100] "GET /ticket2/opencms/img/icons/en.png HTTP/1.1" 200 2415
217.208.146.37 - - [15/Mar/2025:01:38:18 +0100] "GET /ticket2/opencms/img/icons/se.png HTTP/1.1" 200 1258
217.208.146.37 - - [15/Mar/2025:01:38:18 +0100] "GET /ticket2/opencms/img/icons/dk.png HTTP/1.1" 200 1706
217.208.146.37 - - [15/Mar/2025:01:38:18 +0100] "GET /ticket2/opencms/img/icons/fi.png HTTP/1.1" 200 1785
217.208.146.37 - - [15/Mar/2025:01:38:18 +0100] "GET /ticket2/opencms/img/icons/no.png HTTP/1.1" 200 1958
217.208.146.37 - - [15/Mar/2025:01:38:19 +0100] "GET /ticket2/opencms/img/icons/es.png HTTP/1.1" 200 1005
217.208.146.37 - - [15/Mar/2025:01:38:19 +0100] "GET /ticket2/opencms/img/icons/nl.png HTTP/1.1" 200 1255
217.208.146.37 - - [15/Mar/2025:01:38:19 +0100] "GET /ticket2/opencms/img/icons/fr.png HTTP/1.1" 200 1764
217.208.146.37 - - [15/Mar/2025:01:38:19 +0100] "GET /ticket2/opencms/img/icons/it.png HTTP/1.1" 200 2040
217.208.146.37 - - [15/Mar/2025:01:38:19 +0100] "GET /ticket2/opencms/img/icons/de.png HTTP/1.1" 200 1124
217.208.146.37 - - [15/Mar/2025:01:38:19 +0100] "GET /ticket2/opencms/img/icons/pl.png HTTP/1.1" 200 1578
217.208.146.37 - - [15/Mar/2025:01:38:19 +0100] "GET /ticket2/opencms/img/icons/az.png HTTP/1.1" 200 1445
217.208.146.37 - - [15/Mar/2025:01:38:19 +0100] "GET /ticket2/opencms/img/icons/sq.png HTTP/1.1" 200 1619
217.208.146.37 - - [15/Mar/2025:01:38:19 +0100] "GET /ticket2/opencms/img/icons/be.png HTTP/1.1" 200 1663
217.208.146.37 - - [15/Mar/2025:01:38:19 +0100] "GET /ticket2/opencms/img/icons/hr.png HTTP/1.1" 200 2024
217.208.146.37 - - [15/Mar/2025:01:38:19 +0100] "GET /ticket2/opencms/img/icons/bs.png HTTP/1.1" 200 1014
217.208.146.37 - - [15/Mar/2025:01:38:19 +0100] "GET /ticket2/opencms/img/icons/bg.png HTTP/1.1" 200 788
217.208.146.37 - - [15/Mar/2025:01:38:19 +0100] "GET /ticket2/opencms/img/icons/et.png HTTP/1.1" 200 754
217.208.146.37 - - [15/Mar/2025:01:38:19 +0100] "GET /ticket2/opencms/img/icons/hu.png HTTP/1.1" 200 733
217.208.146.37 - - [15/Mar/2025:01:38:19 +0100] "GET /ticket2/opencms/img/icons/el.png HTTP/1.1" 200 1637
217.208.146.37 - - [15/Mar/2025:01:38:19 +0100] "GET /ticket2/opencms/img/icons/ka.png HTTP/1.1" 200 860
217.208.146.37 - - [15/Mar/2025:01:38:19 +0100] "GET /ticket2/opencms/img/icons/is.png HTTP/1.1" 200 1884
217.208.146.37 - - [15/Mar/2025:01:38:19 +0100] "GET /ticket2/opencms/img/icons/cs.png HTTP/1.1" 200 1883
217.208.146.37 - - [15/Mar/2025:01:38:19 +0100] "GET /ticket2/opencms/img/icons/lv.png HTTP/1.1" 200 716
217.208.146.37 - - [15/Mar/2025:01:38:19 +0100] "GET /ticket2/opencms/img/icons/ga.png HTTP/1.1" 200 1759
217.208.146.37 - - [15/Mar/2025:01:38:19 +0100] "GET /ticket2/opencms/img/icons/lt.png HTTP/1.1" 200 733
217.208.146.37 - - [15/Mar/2025:01:38:19 +0100] "GET /ticket2/opencms/img/icons/mt.png HTTP/1.1" 200 920
217.208.146.37 - - [15/Mar/2025:01:38:19 +0100] "GET /ticket2/opencms/img/icons/mo.png HTTP/1.1" 200 1468
217.208.146.37 - - [15/Mar/2025:01:38:19 +0100] "GET /ticket2/opencms/img/icons/ro.png HTTP/1.1" 200 1393
217.208.146.37 - - [15/Mar/2025:01:38:19 +0100] "GET /ticket2/opencms/img/icons/sr.png HTTP/1.1" 200 1602
217.208.146.37 - - [15/Mar/2025:01:38:19 +0100] "GET /ticket2/opencms/img/icons/sk.png HTTP/1.1" 200 1283
217.208.146.37 - - [15/Mar/2025:01:38:19 +0100] "GET /ticket2/opencms/img/icons/sl.png HTTP/1.1" 200 966
217.208.146.37 - - [15/Mar/2025:01:38:19 +0100] "GET /ticket2/opencms/img/icons/uk.png HTTP/1.1" 200 1272
217.208.146.37 - - [15/Mar/2025:01:38:19 +0100] "GET /ticket2/opencms/img/icons/tr.png HTTP/1.1" 200 1636
217.208.146.37 - - [15/Mar/2025:01:38:19 +0100] "GET /ticket2/opencms/img/icons/ticket2.thumbnail.png HTTP/1.1" 200 21519
217.208.146.37 - - [15/Mar/2025:01:38:19 +0100] "GET /ticket2/opencms/system/modules/com.gridnine.opencms.ticketbrokerage.site/resources/js/standard.js HTTP/1.1" 200 3983
173.252.107.1 - - [15/Mar/2025:01:38:22 +0100] "GET /ticket2/opencms/it/sport/biglietti-calcio/la-liga/real-sociedad/ HTTP/1.1" 200 101708
185.191.171.13 - - [15/Mar/2025:01:38:24 +0100] "GET /ticket2/opencms/is/magazine/article?title=um-tottenham-hotspur-leikvanginn HTTP/1.1" 200 98271
192.99.37.132 - - [15/Mar/2025:01:38:24 +0100] "GET /ticket2/opencms/se/no/buy/?page=1&edid=15AF8D2B-EC86-F832-6A25-EDE861BB730F&sortorder=asc&column=row HTTP/1.1" 404 -
119.8.232.50 - - [15/Mar/2025:01:38:25 +0100] "GET /ticket2/opencms/mt/magazine/article?title=allsvenskan-il-premier-league-tal-futbol-zvediz HTTP/1.1" 200 93522
54.36.148.43 - - [15/Mar/2025:01:38:29 +0100] "GET /ticket2/opencms/no/buy?page=1&edid=FCEB71A3-C27D-C49F-469F-2CB5939452EE HTTP/1.1" 200 133411
202.8.43.51 - - [15/Mar/2025:01:38:30 +0100] "GET /ticket2/opencms/system/modules/com.gridnine.opencms.ticketbrokerage.site/resources/css/calendar.css HTTP/1.1" 200 6871
202.8.43.51 - - [15/Mar/2025:01:38:30 +0100] "GET /ticket2/opencms/system/modules/com.gridnine.opencms.ticketbrokerage.site/resources/css/ticketbrokerage.css HTTP/1.1" 200 39339
202.8.43.51 - - [15/Mar/2025:01:38:30 +0100] "GET /ticket2/opencms/system/modules/com.gridnine.opencms.ticketbrokerage.site/resources/css/jquery-ui.css HTTP/1.1" 200 33221
202.8.43.51 - - [15/Mar/2025:01:38:30 +0100] "GET /ticket2/opencms/system/modules/com.gridnine.opencms.ticketbrokerage.site/resources/css/jquery.fancybox.css HTTP/1.1" 200 4939
202.8.43.51 - - [15/Mar/2025:01:38:30 +0100] "GET /ticket2/opencms/system/modules/com.gridnine.opencms.ticketbrokerage.site/resources/css/standard.css HTTP/1.1" 200 74449
202.8.43.51 - - [15/Mar/2025:01:38:30 +0100] "GET /ticket2/opencms/system/modules/com.gridnine.opencms.ticketbrokerage.site/resources/js/jquery/jquery.js HTTP/1.1" 200 93868
202.8.43.51 - - [15/Mar/2025:01:38:30 +0100] "GET /ticket2/opencms/system/modules/com.gridnine.opencms.ticketbrokerage.site/resources/js/jquery/jquery-ui.js HTTP/1.1" 200 228088
202.8.43.51 - - [15/Mar/2025:01:38:30 +0100] "GET /ticket2/opencms/system/modules/com.gridnine.opencms.ticketbrokerage.site/resources/js/functions.js HTTP/1.1" 200 1583
202.8.43.51 - - [15/Mar/2025:01:38:30 +0100] "GET /ticket2/opencms/system/modules/com.gridnine.opencms.ticketbrokerage.site/resources/js/calendar.js HTTP/1.1" 200 49229
202.8.43.51 - - [15/Mar/2025:01:38:30 +0100] "GET /ticket2/opencms/system/modules/com.gridnine.opencms.ticketbrokerage.site/resources/js/calendar-en.js HTTP/1.1" 200 3338
202.8.43.51 - - [15/Mar/2025:01:38:31 +0100] "GET /ticket2/opencms/system/modules/com.gridnine.opencms.ticketbrokerage.site/resources/js/calendar-setup.js HTTP/1.1" 200 4923
202.8.43.51 - - [15/Mar/2025:01:38:31 +0100] "GET /ticket2/opencms/system/modules/com.gridnine.opencms.ticketbrokerage.site/resources/js/stickyfill.min.js HTTP/1.1" 200 5672
202.8.43.51 - - [15/Mar/2025:01:38:31 +0100] "GET /ticket2/opencms/system/modules/com.gridnine.opencms.ticketbrokerage.site/resources/js/jquery.fancybox.pack.js HTTP/1.1" 200 23187
202.8.43.51 - - [15/Mar/2025:01:38:31 +0100] "GET /ticket2/opencms/system/modules/com.gridnine.opencms.ticketbrokerage.site/resources/js/standard.js HTTP/1.1" 200 3983
202.8.43.51 - - [15/Mar/2025:01:38:31 +0100] "GET /ticket2/opencms/system/modules/com.gridnine.opencms.ticketbrokerage.site/resources/js/jquery.placeholder.min.js HTTP/1.1" 200 1737
202.8.43.51 - - [15/Mar/2025:01:38:31 +0100] "GET /ticket2/opencms/system/modules/com.gridnine.opencms.ticketbrokerage.site/resources/js/common-ajax.js HTTP/1.1" 200 20175
202.8.43.51 - - [15/Mar/2025:01:38:31 +0100] "GET /ticket2/opencms/no/ask-form.html HTTP/1.1" 200 2919
202.8.43.51 - - [15/Mar/2025:01:38:31 +0100] "GET /ticket2/opencms/system/modules/com.gridnine.opencms.ticketbrokerage.site/resources/css/ticketbrokerage.css HTTP/1.1" 200 39339
192.99.37.132 - - [15/Mar/2025:01:38:33 +0100] "GET /ticket2/opencms/se/no/buy/?page=1&edid=15AF8D2B-EC86-F832-6A25-EDE861BB730F&sortorder=asc&column=section HTTP/1.1" 404 -
173.252.83.5 - - [15/Mar/2025:01:38:36 +0100] "GET /ticket2/opencms/en/buy?page=1&edid=696D5B95-E686-DB57-A55C-2EEBDCC864DE HTTP/1.1" 200 109738
40.77.167.24 - - [15/Mar/2025:01:38:36 +0100] "GET /ticket2/opencms/mo/buy/?page=1&edid=523501E5-3030-71B1-ED39-97EA81BD353D HTTP/1.1" 200 111881
114.119.150.86 - - [15/Mar/2025:01:38:39 +0100] "GET /ticket2/opencms/ka/buy?page=1&edid=E32CB158-4010-F4CB-7CEA-BC61CA678038 HTTP/1.1" 200 118111
52.167.144.230 - - [15/Mar/2025:01:38:40 +0100] "GET /ticket2/opencms/lv/buy/?page=1&edid=1A528A59-AD98-4A90-3FE1-F1B5268050E9 HTTP/1.1" 200 111953
192.99.37.132 - - [15/Mar/2025:01:38:41 +0100] "GET /ticket2/opencms/se/no/buy/?page=1&edid=15EB8492-E613-A503-0EBC-61EBB18066B8 HTTP/1.1" 404 -
66.249.73.227 - - [15/Mar/2025:01:38:42 +0100] "GET /ticket2/opencms/mo/buy?page=1&edid=57C8D150-DCBD-4911-196A-160A37952FA8 HTTP/1.1" 200 135204
114.119.141.34 - - [15/Mar/2025:01:38:44 +0100] "GET /ticket2/opencms/en/buy/?page=1&=5160EF60-35C4-C5A3-CB79-9915EF9DD088 HTTP/1.1" 200 -
192.99.37.132 - - [15/Mar/2025:01:38:49 +0100] "GET /ticket2/opencms/se/no/buy/?page=1&edid=1704DC47-D333-EEEA-B66A-BC4C3DDB8A1C HTTP/1.1" 404 -
69.171.249.6 - - [15/Mar/2025:01:38:50 +0100] "GET /ticket2/opencms/sq/magazine/article?title=yjet-e-em-se-qe-kerkohen-me-shume-ne-google-dhe-jane-me-te-medhenj-ne-instagram HTTP/1.1" 200 100005
52.167.144.164 - - [15/Mar/2025:01:38:55 +0100] "GET /ticket2/opencms/ka/ HTTP/1.1" 200 108386
192.99.37.132 - - [15/Mar/2025:01:38:58 +0100] "GET /ticket2/opencms/se/no/buy/?page=1&edid=17173721-29ED-E7D9-9C19-AF2AC3847802&sortorder=asc&column=row HTTP/1.1" 404 -
54.36.149.83 - - [15/Mar/2025:01:38:59 +0100] "GET /ticket2/opencms/sv/sport/fotbollsbiljetter/bundesliga/ HTTP/1.1" 200 102661
102.129.130.37 - - [15/Mar/2025:01:39:01 +0100] "GET /ticket2/opencms/de/sport/fussball-tickets/premier_league/liverpool/ HTTP/1.1" 200 95966
47.128.54.163 - - [15/Mar/2025:01:39:02 +0100] "GET /ticket2/opencms/mo/buy?edid=21BADD47-9DF1-089A-9149-B7D8F893FCB4 HTTP/1.1" 200 91618
192.99.37.132 - - [15/Mar/2025:01:39:06 +0100] "GET /ticket2/opencms/se/no/buy/?page=1&edid=17173721-29ED-E7D9-9C19-AF2AC3847802&sortorder=asc&column=section HTTP/1.1" 404 -
209.85.238.72 - - [15/Mar/2025:01:39:14 +0100] "GET /ticket2/opencms/dk/ HTTP/1.1" 200 102445
114.119.139.78 - - [15/Mar/2025:01:39:15 +0100] "GET /ticket2/opencms/it/buy?page=1&edid=66C22035-E7EA-E10A-4BFC-2C30733037DC HTTP/1.1" 200 135785
192.99.37.132 - - [15/Mar/2025:01:39:15 +0100] "GET /ticket2/opencms/se/no/buy/?page=1&edid=17644B1D-96B7-5921-016D-CFFC93315595&sortorder=asc&column=price HTTP/1.1" 404 -
209.85.238.71 - - [15/Mar/2025:01:39:17 +0100] "GET /ticket2/opencms/sv/konsertbiljetter/AC_DC/ HTTP/1.1" 500 -
54.36.148.98 - - [15/Mar/2025:01:39:20 +0100] "GET /ticket2/opencms/en/venue/?countryid=278F1901-B821-DEE9-D6D6-BF49B756C52A HTTP/1.1" 200 114688
114.119.154.81 - - [15/Mar/2025:01:39:22 +0100] "GET /ticket2/opencms/pl/buy/?page=1&edid=D8A9B55B-90B1-065C-5A4F-22204AB6F0EC HTTP/1.1" 200 110197
207.46.13.78 - - [15/Mar/2025:01:39:24 +0100] "GET /ticket2/opencms/no/buy/?page=1&edid=6C65D9CC-9B89-C95A-A424-46CA69CBD3BE HTTP/1.1" 200 107952
192.99.37.132 - - [15/Mar/2025:01:39:24 +0100] "GET /ticket2/opencms/se/no/buy/?page=1&edid=17644B1D-96B7-5921-016D-CFFC93315595&sortorder=asc&column=row HTTP/1.1" 404 -
54.36.148.48 - - [15/Mar/2025:01:39:25 +0100] "GET /ticket2/opencms/bs/sport/fudbalske-karte/bundesliga/bochum/ HTTP/1.1" 200 96745
40.77.167.70 - - [15/Mar/2025:01:39:27 +0100] "GET /ticket2/opencms/dk/buy/?page=1&edid=890CCDBB-BBBF-11B0-1E79-EA111E8EF281 HTTP/1.1" 200 118864
47.128.120.49 - - [15/Mar/2025:01:39:27 +0100] "GET /ticket2/opencms/fi/venue/?venueid=6B6CD597-19E3-DE91-73C1-62D0A84F1A85 HTTP/1.1" 200 86750
47.128.49.73 - - [15/Mar/2025:01:39:27 +0100] "GET /ticket2/opencms/is/buy/?edid=91822FE2-DE87-A84A-2822-E8AA69FE74C1 HTTP/1.1" 200 91474
114.119.129.189 - - [15/Mar/2025:01:39:31 +0100] "GET /ticket2/opencms/es/buy/?page=1&edid=71BCEC0A-D8F2-3C62-D68C-0DCA751BB9B9 HTTP/1.1" 200 108519
192.99.37.132 - - [15/Mar/2025:01:39:37 +0100] "GET /ticket2/opencms/se/no/buy/?page=1&edid=17644B1D-96B7-5921-016D-CFFC93315595&sortorder=asc&column=section HTTP/1.1" 404 -
114.119.146.36 - - [15/Mar/2025:01:39:43 +0100] "GET /ticket2/opencms/pl/buy/?page=1&edid=5222C7D8-8DAE-E54F-3083-BC30D29D0922 HTTP/1.1" 200 110568
66.249.65.167 - - [15/Mar/2025:01:39:44 +0100] "GET /ticket2/opencms/be/magazine/article?title=hugo-larsson-the-20-year-old-who-goes-from-strength-to-strength HTTP/1.1" 200 96469
40.77.167.71 - - [15/Mar/2025:01:39:45 +0100] "GET /ticket2/opencms/it/magazine/article?title=arsenal-e-tottenham-pareggiano-in-una-epica-partita-4-4-il-29-ottobre-2008 HTTP/1.1" 200 95288
52.167.144.230 - - [15/Mar/2025:01:39:48 +0100] "GET /ticket2/opencms/sl/buy/?page=1&edid=C54B0D5C-ACD2-E60A-7D9D-220ABE238387 HTTP/1.1" 200 108474
192.99.37.132 - - [15/Mar/2025:01:39:49 +0100] "GET /ticket2/opencms/se/no/buy/?page=1&edid=17644B1D-96B7-5921-016D-CFFC93315595&sortorder=desc&column=row HTTP/1.1" 404 -
185.191.171.19 - - [15/Mar/2025:01:39:54 +0100] "GET /ticket2/opencms/es/about/contact HTTP/1.1" 200 89478
114.119.153.152 - - [15/Mar/2025:01:39:54 +0100] "GET /ticket2/opencms/ga/buy?page=1&edid=6B1C747D-2234-E897-0F34-AC6F796C34A5 HTTP/1.1" 200 111729
54.36.148.223 - - [15/Mar/2025:01:39:59 +0100] "GET /ticket2/opencms/it/magazine/article?title=arsenal-si-avvicina-a-liverpool HTTP/1.1" 200 93001
192.99.37.132 - - [15/Mar/2025:01:40:00 +0100] "GET /ticket2/opencms/se/no/buy/?page=1&edid=17A4C5EE-2B91-231E-F4BB-23D3CBAC7196&sortorder=asc&column=price HTTP/1.1" 404 -
185.191.171.4 - - [15/Mar/2025:01:40:04 +0100] "GET /ticket2/opencms/lv/magazine/article?title=em-finals-2024 HTTP/1.1" 200 94271
114.119.141.34 - - [15/Mar/2025:01:40:06 +0100] "GET /ticket2/opencms/pl/buy/?comcatid=A17713B6-D984-201A-4143-ED4DB5ED5C2E&catid=08F27F2A-1872-A39F-A97C-63093E77B18A HTTP/1.1" 200 103269
188.239.9.240 - - [15/Mar/2025:01:40:08 +0100] "GET /ticket2/opencms/de/magazine/article?title=alexander-isak-bricht-rekorde HTTP/1.1" 200 92646
192.99.37.132 - - [15/Mar/2025:01:40:10 +0100] "GET /ticket2/opencms/se/no/buy/?page=1&edid=17A4C5EE-2B91-231E-F4BB-23D3CBAC7196&sortorder=asc&column=row HTTP/1.1" 404 -
185.191.171.5 - - [15/Mar/2025:01:40:11 +0100] "GET /ticket2/opencms/bg/magazine/article?title=programa-za-premiur-liga-premiur-liga-fiksturi-20242025 HTTP/1.1" 200 94069
85.208.96.200 - - [15/Mar/2025:01:40:13 +0100] "GET /ticket2/opencms/fr/magazine/article?title=la-liga-le-real-madrid-a-remporte-le-plus-de-titres HTTP/1.1" 200 95540
40.77.167.224 - - [15/Mar/2025:01:40:17 +0100] "GET /ticket2/opencms/en/buy/?page=1&edid=353A8607-D64B-76FC-86CE-3A4804789969 HTTP/1.1" 200 106824
185.191.171.17 - - [15/Mar/2025:01:40:17 +0100] "GET /ticket2/opencms/robots.txt HTTP/1.1" 200 773
52.167.144.213 - - [15/Mar/2025:01:40:18 +0100] "GET /ticket2/opencms/ro/magazine/article?title=luton HTTP/1.1" 200 92566
185.191.171.4 - - [15/Mar/2025:01:40:18 +0100] "GET /ticket2/opencms/de/magazine/article?title=kevin-de-bruyne HTTP/1.1" 200 93553
192.99.37.132 - - [15/Mar/2025:01:40:19 +0100] "GET /ticket2/opencms/se/no/buy/?page=1&edid=17A4C5EE-2B91-231E-F4BB-23D3CBAC7196&sortorder=asc&column=section HTTP/1.1" 404 -
85.208.96.194 - - [15/Mar/2025:01:40:19 +0100] "GET /ticket2/opencms/tr/magazine/article?title=la-liga-real-madrid-en-cok-sampiyonlugu-kazandi HTTP/1.1" 200 95010
66.249.65.167 - - [15/Mar/2025:01:40:22 +0100] "GET /ticket2/opencms/set_aff_cookie.jsp?partner=5E0CDF29-E7BE-9F6B-6869-7BF66B04006F&url=%252Fsv%252Fbuy%252Findex.html%253Fpage%253D1%2526edid%253DCF9AADF6-6503-0852-B1B5-AC280A05E729%2526hlv%253D60f81896-1db8-41a6-8cb0-5dc90a01000f%2523v292076301 HTTP/1.1" 200 245
47.128.127.131 - - [15/Mar/2025:01:40:23 +0100] "GET /ticket2/opencms/bs/buy?edid=8DA9D1EA-2F7E-8136-071B-749FF836435A HTTP/1.1" 200 91400
217.208.146.37 - - [15/Mar/2025:01:40:24 +0100] "GET /ticket2/opencms/sv/faq?gad_source=5&gclid=EAIaIQobChMIway3t-2KjAMV5EKRBR0jiQrZEAAYAiADEgIkkfD_BwE HTTP/1.1" 200 93298
217.208.146.37 - - [15/Mar/2025:01:40:25 +0100] "GET /ticket2/opencms/system/modules/com.gridnine.opencms.ticketbrokerage.site/resources/css/ticketbrokerage.css HTTP/1.1" 200 39339
217.208.146.37 - - [15/Mar/2025:01:40:25 +0100] "GET /ticket2/opencms/system/modules/com.gridnine.opencms.ticketbrokerage.site/resources/css/calendar.css HTTP/1.1" 200 6871
217.208.146.37 - - [15/Mar/2025:01:40:25 +0100] "GET /ticket2/opencms/system/modules/com.gridnine.opencms.ticketbrokerage.site/resources/css/jquery-ui.css HTTP/1.1" 200 33221
217.208.146.37 - - [15/Mar/2025:01:40:25 +0100] "GET /ticket2/opencms/system/modules/com.gridnine.opencms.ticketbrokerage.site/resources/css/jquery.fancybox.css HTTP/1.1" 200 4939
217.208.146.37 - - [15/Mar/2025:01:40:25 +0100] "GET /ticket2/opencms/system/modules/com.gridnine.opencms.ticketbrokerage.site/resources/css/standard.css HTTP/1.1" 200 74449
217.208.146.37 - - [15/Mar/2025:01:40:25 +0100] "GET /ticket2/opencms/system/modules/com.gridnine.opencms.ticketbrokerage.site/resources/js/jquery/jquery.js HTTP/1.1" 200 93868
217.208.146.37 - - [15/Mar/2025:01:40:25 +0100] "GET /ticket2/opencms/system/modules/com.gridnine.opencms.ticketbrokerage.site/resources/js/jquery/jquery-ui.js HTTP/1.1" 200 228088
217.208.146.37 - - [15/Mar/2025:01:40:25 +0100] "GET /ticket2/opencms/system/modules/com.gridnine.opencms.ticketbrokerage.site/resources/js/functions.js HTTP/1.1" 200 1583
217.208.146.37 - - [15/Mar/2025:01:40:25 +0100] "GET /ticket2/opencms/system/modules/com.gridnine.opencms.ticketbrokerage.site/resources/js/calendar.js HTTP/1.1" 200 49229
217.208.146.37 - - [15/Mar/2025:01:40:25 +0100] "GET /ticket2/opencms/system/modules/com.gridnine.opencms.ticketbrokerage.site/resources/js/calendar-en.js HTTP/1.1" 200 3338
217.208.146.37 - - [15/Mar/2025:01:40:25 +0100] "GET /ticket2/opencms/system/modules/com.gridnine.opencms.ticketbrokerage.site/resources/js/calendar-setup.js HTTP/1.1" 200 4923
217.208.146.37 - - [15/Mar/2025:01:40:25 +0100] "GET /ticket2/opencms/system/modules/com.gridnine.opencms.ticketbrokerage.site/resources/js/stickyfill.min.js HTTP/1.1" 200 5672
217.208.146.37 - - [15/Mar/2025:01:40:25 +0100] "GET /ticket2/opencms/system/modules/com.gridnine.opencms.ticketbrokerage.site/resources/js/jquery.fancybox.pack.js HTTP/1.1" 200 23187
217.208.146.37 - - [15/Mar/2025:01:40:25 +0100] "GET /ticket2/opencms/img/icons/en.png HTTP/1.1" 200 2415
217.208.146.37 - - [15/Mar/2025:01:40:25 +0100] "GET /ticket2/opencms/img/icons/se.png HTTP/1.1" 200 1258
217.208.146.37 - - [15/Mar/2025:01:40:25 +0100] "GET /ticket2/opencms/img/icons/fi.png HTTP/1.1" 200 1785
217.208.146.37 - - [15/Mar/2025:01:40:25 +0100] "GET /ticket2/opencms/img/icons/no.png HTTP/1.1" 200 1958
217.208.146.37 - - [15/Mar/2025:01:40:25 +0100] "GET /ticket2/opencms/system/modules/com.gridnine.opencms.ticketbrokerage.site/resources/js/standard.js HTTP/1.1" 200 3983
217.208.146.37 - - [15/Mar/2025:01:40:25 +0100] "GET /ticket2/opencms/system/modules/com.gridnine.opencms.ticketbrokerage.site/resources/js/common-ajax.js HTTP/1.1" 200 20175
217.208.146.37 - - [15/Mar/2025:01:40:25 +0100] "GET /ticket2/opencms/system/modules/com.gridnine.opencms.ticketbrokerage.site/resources/js/jquery.placeholder.min.js HTTP/1.1" 200 1737
217.208.146.37 - - [15/Mar/2025:01:40:25 +0100] "GET /ticket2/opencms/system/modules/com.gridnine.opencms.ticketbrokerage.site/resources/pics/logo-new.png HTTP/1.1" 200 13541
217.208.146.37 - - [15/Mar/2025:01:40:25 +0100] "GET /ticket2/opencms/img/insta.png HTTP/1.1" 200 3967
217.208.146.37 - - [15/Mar/2025:01:40:25 +0100] "GET /ticket2/opencms/img/fb.png HTTP/1.1" 200 1269
217.208.146.37 - - [15/Mar/2025:01:40:25 +0100] "GET /ticket2/opencms/system/modules/com.gridnine.opencms.ticketbrokerage.site/resources/pics/footer-img.jpg HTTP/1.1" 200 67642
217.208.146.37 - - [15/Mar/2025:01:40:25 +0100] "GET /ticket2/opencms/img/icons/dk.png HTTP/1.1" 200 1706
217.208.146.37 - - [15/Mar/2025:01:40:25 +0100] "GET /ticket2/opencms/img/icons/globe-white.png HTTP/1.1" 200 947
217.208.146.37 - - [15/Mar/2025:01:40:25 +0100] "GET /ticket2/opencms/img/icons/nl.png HTTP/1.1" 200 1255
217.208.146.37 - - [15/Mar/2025:01:40:25 +0100] "GET /ticket2/opencms/img/icons/de.png HTTP/1.1" 200 1124
217.208.146.37 - - [15/Mar/2025:01:40:25 +0100] "GET /ticket2/opencms/img/icons/es.png HTTP/1.1" 200 1005
217.208.146.37 - - [15/Mar/2025:01:40:25 +0100] "GET /ticket2/opencms/img/icons/fr.png HTTP/1.1" 200 1764
217.208.146.37 - - [15/Mar/2025:01:40:26 +0100] "GET /ticket2/opencms/img/icons/it.png HTTP/1.1" 200 2040
217.208.146.37 - - [15/Mar/2025:01:40:26 +0100] "GET /ticket2/opencms/img/icons/pl.png HTTP/1.1" 200 1578
217.208.146.37 - - [15/Mar/2025:01:40:26 +0100] "GET /ticket2/opencms/img/check.png HTTP/1.1" 200 548
217.208.146.37 - - [15/Mar/2025:01:40:26 +0100] "GET /ticket2/opencms/img/mail.png HTTP/1.1" 200 403
217.208.146.37 - - [15/Mar/2025:01:40:26 +0100] "GET /ticket2/opencms/img/chat.png HTTP/1.1" 200 416
217.208.146.37 - - [15/Mar/2025:01:40:26 +0100] "GET /ticket2/opencms/img/arrow.png HTTP/1.1" 200 753
217.208.146.37 - - [15/Mar/2025:01:40:26 +0100] "GET /ticket2/opencms/img/icons/globe-white.png HTTP/1.1" 200 947
217.208.146.37 - - [15/Mar/2025:01:40:26 +0100] "GET /ticket2/opencms/img/icons/nl.png HTTP/1.1" 200 1255
217.208.146.37 - - [15/Mar/2025:01:40:26 +0100] "GET /ticket2/opencms/img/icons/it.png HTTP/1.1" 200 2040
217.208.146.37 - - [15/Mar/2025:01:40:26 +0100] "GET /ticket2/opencms/img/icons/pl.png HTTP/1.1" 200 1578
217.208.146.37 - - [15/Mar/2025:01:40:26 +0100] "GET /ticket2/opencms/img/icons/sq.png HTTP/1.1" 200 1619
217.208.146.37 - - [15/Mar/2025:01:40:26 +0100] "GET /ticket2/opencms/img/icons/az.png HTTP/1.1" 200 1445
217.208.146.37 - - [15/Mar/2025:01:40:26 +0100] "GET /ticket2/opencms/img/icons/be.png HTTP/1.1" 200 1663
217.208.146.37 - - [15/Mar/2025:01:40:26 +0100] "GET /ticket2/opencms/img/icons/bs.png HTTP/1.1" 200 1014
217.208.146.37 - - [15/Mar/2025:01:40:26 +0100] "GET /ticket2/opencms/img/icons/hr.png HTTP/1.1" 200 2024
217.208.146.37 - - [15/Mar/2025:01:40:26 +0100] "GET /ticket2/opencms/img/icons/cs.png HTTP/1.1" 200 1883
217.208.146.37 - - [15/Mar/2025:01:40:26 +0100] "GET /ticket2/opencms/img/icons/bg.png HTTP/1.1" 200 788
217.208.146.37 - - [15/Mar/2025:01:40:26 +0100] "GET /ticket2/opencms/img/icons/el.png HTTP/1.1" 200 1637
217.208.146.37 - - [15/Mar/2025:01:40:26 +0100] "GET /ticket2/opencms/img/icons/et.png HTTP/1.1" 200 754
217.208.146.37 - - [15/Mar/2025:01:40:26 +0100] "GET /ticket2/opencms/img/icons/ka.png HTTP/1.1" 200 860
217.208.146.37 - - [15/Mar/2025:01:40:26 +0100] "GET /ticket2/opencms/img/icons/hu.png HTTP/1.1" 200 733
217.208.146.37 - - [15/Mar/2025:01:40:26 +0100] "GET /ticket2/opencms/img/icons/ga.png HTTP/1.1" 200 1759
217.208.146.37 - - [15/Mar/2025:01:40:26 +0100] "GET /ticket2/opencms/img/icons/is.png HTTP/1.1" 200 1884
217.208.146.37 - - [15/Mar/2025:01:40:26 +0100] "GET /ticket2/opencms/img/icons/lv.png HTTP/1.1" 200 716
217.208.146.37 - - [15/Mar/2025:01:40:26 +0100] "GET /ticket2/opencms/img/icons/lt.png HTTP/1.1" 200 733
217.208.146.37 - - [15/Mar/2025:01:40:27 +0100] "GET /ticket2/opencms/img/icons/mt.png HTTP/1.1" 200 920
217.208.146.37 - - [15/Mar/2025:01:40:27 +0100] "GET /ticket2/opencms/img/icons/mo.png HTTP/1.1" 200 1468
217.208.146.37 - - [15/Mar/2025:01:40:27 +0100] "GET /ticket2/opencms/img/icons/ro.png HTTP/1.1" 200 1393
217.208.146.37 - - [15/Mar/2025:01:40:27 +0100] "GET /ticket2/opencms/img/icons/sk.png HTTP/1.1" 200 1283
217.208.146.37 - - [15/Mar/2025:01:40:27 +0100] "GET /ticket2/opencms/img/icons/sr.png HTTP/1.1" 200 1602
217.208.146.37 - - [15/Mar/2025:01:40:27 +0100] "GET /ticket2/opencms/img/icons/sl.png HTTP/1.1" 200 966
217.208.146.37 - - [15/Mar/2025:01:40:27 +0100] "GET /ticket2/opencms/img/icons/uk.png HTTP/1.1" 200 1272
217.208.146.37 - - [15/Mar/2025:01:40:27 +0100] "GET /ticket2/opencms/img/icons/tr.png HTTP/1.1" 200 1636
40.77.167.24 - - [15/Mar/2025:01:40:27 +0100] "GET /ticket2/opencms/nl/buy?page=1&edid=AB824FD7-57D3-D9FF-1522-92FB38AA59F9 HTTP/1.1" 200 109413
85.208.96.197 - - [15/Mar/2025:01:40:28 +0100] "GET /ticket2/opencms/mo/sport/bilete-la-fotbal/english-championship/leicester-city HTTP/1.1" 500 -
173.252.87.9 - - [15/Mar/2025:01:40:28 +0100] "GET /ticket2/opencms/be/magazine/article?title=discover-la-liga-live-buy-tickets-at-ticket2 HTTP/1.1" 200 95087
217.208.146.37 - - [15/Mar/2025:01:40:29 +0100] "GET /ticket2/opencms/img/icons/ticket2.thumbnail.png HTTP/1.1" 200 21519
40.77.167.24 - - [15/Mar/2025:01:40:29 +0100] "GET /ticket2/opencms/dk/buy?page=1&edid=94D791E2-A2F6-C0D4-E68D-72D6DE252AC9 HTTP/1.1" 200 109305
217.208.146.37 - - [15/Mar/2025:01:40:29 +0100] "GET /ticket2/opencms/system/modules/com.gridnine.opencms.ticketbrokerage.site/resources/js/standard.js HTTP/1.1" 200 3983
192.99.37.132 - - [15/Mar/2025:01:40:29 +0100] "GET /ticket2/opencms/se/no/buy/?page=1&edid=17ABEF83-A306-7DC9-F266-4B55FF85626E&sortorder=asc&column=price HTTP/1.1" 404 -
52.167.144.170 - - [15/Mar/2025:01:40:38 +0100] "GET /ticket2/opencms/fr/buy/?page=1&edid=C567B8C9-A2AA-73F3-9D7A-708019914734 HTTP/1.1" 200 111507
192.99.37.132 - - [15/Mar/2025:01:40:38 +0100] "GET /ticket2/opencms/se/no/buy/?page=1&edid=17ABEF83-A306-7DC9-F266-4B55FF85626E&sortorder=asc&column=row HTTP/1.1" 404 -
114.119.140.111 - - [15/Mar/2025:01:40:41 +0100] "GET /ticket2/opencms/pl/buy/?page=1&edid=6BB08CE9-0D81-41FE-EE1F-F84E2D4B4721 HTTP/1.1" 200 110197
66.249.76.170 - - [15/Mar/2025:01:40:45 +0100] "GET /ticket2/opencms/sl/buy?page=1&edid=1EC9B49C-3E71-53D7-479D-7C922516D58E&hlv=66d5b5b5-79b4-4c05-9703-6fa90a01000f HTTP/1.1" 200 113550
66.249.65.167 - - [15/Mar/2025:01:40:46 +0100] "GET /ticket2/opencms/be/buy/?page=1&edid=60F178DE-34D0-F541-48CD-E75B1D1E51B1 HTTP/1.1" 200 111019
85.208.96.206 - - [15/Mar/2025:01:40:47 +0100] "GET /ticket2/opencms/tr/spor/futbol-biletleri/bundesliga HTTP/1.1" 200 103259
192.99.37.132 - - [15/Mar/2025:01:40:49 +0100] "GET /ticket2/opencms/se/no/buy/?page=1&edid=17ABEF83-A306-7DC9-F266-4B55FF85626E&sortorder=asc&column=section HTTP/1.1" 404 -
114.119.139.202 - - [15/Mar/2025:01:40:50 +0100] "GET /ticket2/opencms/es/buy/?page=1&edid=00111C9B-5E02-77E7-9B39-8EFC1235AF29 HTTP/1.1" 200 112024
85.208.96.196 - - [15/Mar/2025:01:40:58 +0100] "GET /ticket2/opencms/lv/magazine/article?title=manchester-city-pret-queens-park-rangers HTTP/1.1" 200 94453
54.36.148.229 - - [15/Mar/2025:01:40:59 +0100] "GET /ticket2/opencms/ro/login/ HTTP/1.1" 200 91876
192.99.37.132 - - [15/Mar/2025:01:40:59 +0100] "GET /ticket2/opencms/se/no/buy/?page=1&edid=1876C975-2219-B424-5832-564A46DA440A&sortorder=desc&column=section HTTP/1.1" 404 -
40.77.167.24 - - [15/Mar/2025:01:41:04 +0100] "GET /ticket2/opencms/sk/buy?page=1&edid=CCDA29B0-07D8-8856-B626-F621E13D91E3 HTTP/1.1" 200 110645
40.77.167.70 - - [15/Mar/2025:01:41:06 +0100] "GET /ticket2/opencms/en/magazine/article?title=neymar-returns-home HTTP/1.1" 200 90933
192.99.37.132 - - [15/Mar/2025:01:41:08 +0100] "GET /ticket2/opencms/se/no/buy/?page=1&edid=1944070F-2A5D-1909-DE14-B309AE8F4483 HTTP/1.1" 404 -
114.119.143.233 - - [15/Mar/2025:01:41:11 +0100] "GET /ticket2/opencms/ga/buy?page=1&=28EEA809-83B7-F20D-974C-7AF203EF7720 HTTP/1.1" 200 -
47.128.120.204 - - [15/Mar/2025:01:41:11 +0100] "GET /ticket2/opencms/sv/sport/fotbollsbiljetter/bundesliga/bayer-leverkusen/ HTTP/1.1" 200 98775
47.128.120.204 - - [15/Mar/2025:01:41:13 +0100] "GET /ticket2/opencms/img/check.png HTTP/1.1" 200 548
192.99.37.132 - - [15/Mar/2025:01:41:19 +0100] "GET /ticket2/opencms/se/no/buy/?page=1&edid=196C73A2-C103-7891-912D-D8CB8619F5B2&sortorder=asc&column=row HTTP/1.1" 404 -
157.55.39.9 - - [15/Mar/2025:01:41:19 +0100] "GET /ticket2/opencms/dk/buy/?page=1&edid=2C538FDD-3C52-6C4F-20BD-65D603C9DD1A HTTP/1.1" 200 109513
173.252.69.2 - - [15/Mar/2025:01:41:22 +0100] "GET /ticket2/opencms/uk/sport/kvytky-na-futbol/premier-league HTTP/1.1" 200 106576
52.167.144.230 - - [15/Mar/2025:01:41:25 +0100] "GET /ticket2/opencms/ka/buy/?page=1&edid=BA3841B4-B967-0CC0-2ACF-1704781B7EA7 HTTP/1.1" 200 114381
52.167.144.230 - - [15/Mar/2025:01:41:27 +0100] "GET /ticket2/opencms/bs/buy/?page=1&edid=E002021C-E3C1-0283-3111-31CEFD0571C3 HTTP/1.1" 200 111484
192.99.37.132 - - [15/Mar/2025:01:41:27 +0100] "GET /ticket2/opencms/se/no/buy/?page=1&edid=197FC2D3-DD51-5963-00AB-841E5325644D&sortorder=asc&column=price HTTP/1.1" 404 -
52.167.144.145 - - [15/Mar/2025:01:41:28 +0100] "GET /ticket2/opencms/mo/buy/?comcatid=A17713B6-D984-201A-4143-ED4DB5ED5C2E&catid=82F804FA-9F69-CB6B-D41D-7BF7C716058B HTTP/1.1" 200 103428
217.208.146.37 - - [15/Mar/2025:01:41:30 +0100] "GET /ticket2/opencms/sv/sport/fotbollsbiljetter/?gad_source=5&gclid=EAIaIQobChMIzKr-1u2KjAMVmgqiAx1KNzEvEAAYAyAAEgL2qfD_BwE HTTP/1.1" 200 96347
217.208.146.37 - - [15/Mar/2025:01:41:30 +0100] "GET /ticket2/opencms/system/modules/com.gridnine.opencms.ticketbrokerage.site/resources/css/ticketbrokerage.css HTTP/1.1" 200 39339
217.208.146.37 - - [15/Mar/2025:01:41:30 +0100] "GET /ticket2/opencms/system/modules/com.gridnine.opencms.ticketbrokerage.site/resources/css/jquery-ui.css HTTP/1.1" 200 33221
217.208.146.37 - - [15/Mar/2025:01:41:30 +0100] "GET /ticket2/opencms/system/modules/com.gridnine.opencms.ticketbrokerage.site/resources/css/calendar.css HTTP/1.1" 200 6871
217.208.146.37 - - [15/Mar/2025:01:41:31 +0100] "GET /ticket2/opencms/system/modules/com.gridnine.opencms.ticketbrokerage.site/resources/css/standard.css HTTP/1.1" 200 74449
217.208.146.37 - - [15/Mar/2025:01:41:31 +0100] "GET /ticket2/opencms/system/modules/com.gridnine.opencms.ticketbrokerage.site/resources/css/jquery.fancybox.css HTTP/1.1" 200 4939
217.208.146.37 - - [15/Mar/2025:01:41:31 +0100] "GET /ticket2/opencms/system/modules/com.gridnine.opencms.ticketbrokerage.site/resources/js/jquery/jquery.js HTTP/1.1" 200 93868
217.208.146.37 - - [15/Mar/2025:01:41:31 +0100] "GET /ticket2/opencms/system/modules/com.gridnine.opencms.ticketbrokerage.site/resources/js/jquery/jquery-ui.js HTTP/1.1" 200 228088
217.208.146.37 - - [15/Mar/2025:01:41:31 +0100] "GET /ticket2/opencms/system/modules/com.gridnine.opencms.ticketbrokerage.site/resources/js/functions.js HTTP/1.1" 200 1583
217.208.146.37 - - [15/Mar/2025:01:41:31 +0100] "GET /ticket2/opencms/system/modules/com.gridnine.opencms.ticketbrokerage.site/resources/js/calendar.js HTTP/1.1" 200 49229
217.208.146.37 - - [15/Mar/2025:01:41:31 +0100] "GET /ticket2/opencms/system/modules/com.gridnine.opencms.ticketbrokerage.site/resources/js/calendar-en.js HTTP/1.1" 200 3338
217.208.146.37 - - [15/Mar/2025:01:41:31 +0100] "GET /ticket2/opencms/system/modules/com.gridnine.opencms.ticketbrokerage.site/resources/js/calendar-setup.js HTTP/1.1" 200 4923
