188.165.241.181 - - [06/Nov/2024:00:00:00 +0100] "GET /ticket2/opencms/no/buy/?page=1&edid=075E9D69-E3B7-A8A2-8C46-F8FA3B9B7184 HTTP/1.1" 200 100772
35.82.16.243 - - [06/Nov/2024:00:00:02 +0100] "GET /ticket2/opencms/sl/buy?page=1&edid=06839E1C-8CA0-2766-B39C-B161E06D9E51 HTTP/1.1" 200 125087
81.167.26.57 - - [06/Nov/2024:00:00:03 +0100] "GET /ticket2/opencms/en/login/?edid=D0922091-3F02-A1A0-C882-D45382E227D8 HTTP/1.1" 200 81865
72.14.199.232 - - [06/Nov/2024:00:00:03 +0100] "GET /ticket2/opencms/img/icons/sr.png HTTP/1.1" 200 1602
44.195.145.102 - - [06/Nov/2024:00:00:03 +0100] "GET /ticket2/opencms/is/buy/?edid=CC748805-AA77-5D07-7352-96CD97D4F5AC&page=1 HTTP/1.1" 200 128948
37.123.143.11 - - [06/Nov/2024:00:00:03 +0100] "GET /ticket2/opencms/sk/faq/ HTTP/1.1" 200 82174
37.123.143.11 - - [06/Nov/2024:00:00:03 +0100] "GET /ticket2/opencms/system/modules/com.gridnine.opencms.ticketbrokerage.site/resources/css/ticketbrokerage.css HTTP/1.1" 200 39339
37.123.143.11 - - [06/Nov/2024:00:00:03 +0100] "GET /ticket2/opencms/system/modules/com.gridnine.opencms.ticketbrokerage.site/resources/css/calendar.css HTTP/1.1" 200 6871
37.123.143.11 - - [06/Nov/2024:00:00:03 +0100] "GET /ticket2/opencms/system/modules/com.gridnine.opencms.ticketbrokerage.site/resources/js/calendar-setup.js HTTP/1.1" 200 4923
37.123.143.11 - - [06/Nov/2024:00:00:03 +0100] "GET /ticket2/opencms/system/modules/com.gridnine.opencms.ticketbrokerage.site/resources/js/functions.js HTTP/1.1" 200 1583
37.123.143.11 - - [06/Nov/2024:00:00:03 +0100] "GET /ticket2/opencms/system/modules/com.gridnine.opencms.ticketbrokerage.site/resources/css/standard.css HTTP/1.1" 200 73073
37.123.143.11 - - [06/Nov/2024:00:00:03 +0100] "GET /ticket2/opencms/system/modules/com.gridnine.opencms.ticketbrokerage.site/resources/js/calendar-en.js HTTP/1.1" 200 3338
37.123.143.11 - - [06/Nov/2024:00:00:03 +0100] "GET /ticket2/opencms/system/modules/com.gridnine.opencms.ticketbrokerage.site/resources/js/calendar.js HTTP/1.1" 200 49229
37.123.143.11 - - [06/Nov/2024:00:00:03 +0100] "GET /ticket2/opencms/system/modules/com.gridnine.opencms.ticketbrokerage.site/resources/js/standard.js HTTP/1.1" 200 3978
37.123.143.11 - - [06/Nov/2024:00:00:04 +0100] "GET /ticket2/opencms/system/modules/com.gridnine.opencms.ticketbrokerage.site/resources/css/images/ui-bg_flat_75_ffffff_40x100.png HTTP/1.1" 404 -
81.167.26.57 - - [06/Nov/2024:00:00:06 +0100] "GET /ticket2/opencms/en/login/?edid=D4255A3F-2F8B-4985-F818-B5C578B0FF1C HTTP/1.1" 200 81865
34.193.2.57 - - [06/Nov/2024:00:00:06 +0100] "GET /ticket2/opencms/is/buy/?edid=2DF71579-8539-9953-A2E8-0E8B3100119A&page=1 HTTP/1.1" 200 98823
188.165.241.181 - - [06/Nov/2024:00:00:07 +0100] "GET /ticket2/opencms/no/buy/?page=1&edid=07EA412C-3486-2D43-F1B9-FDEC67DDE38E&sortorder=asc&column=row HTTP/1.1" 200 101743
37.123.143.11 - - [06/Nov/2024:00:00:09 +0100] "GET /ticket2/opencms/sk/faq HTTP/1.1" 200 82174
37.123.143.11 - - [06/Nov/2024:00:00:09 +0100] "GET /ticket2/opencms/system/modules/com.gridnine.opencms.ticketbrokerage.site/resources/css/ticketbrokerage.css HTTP/1.1" 200 39339
37.123.143.11 - - [06/Nov/2024:00:00:09 +0100] "GET /ticket2/opencms/system/modules/com.gridnine.opencms.ticketbrokerage.site/resources/css/calendar.css HTTP/1.1" 200 6871
37.123.143.11 - - [06/Nov/2024:00:00:09 +0100] "GET /ticket2/opencms/system/modules/com.gridnine.opencms.ticketbrokerage.site/resources/css/standard.css HTTP/1.1" 200 73073
37.123.143.11 - - [06/Nov/2024:00:00:09 +0100] "GET /ticket2/opencms/system/modules/com.gridnine.opencms.ticketbrokerage.site/resources/js/calendar-en.js HTTP/1.1" 200 3338
37.123.143.11 - - [06/Nov/2024:00:00:09 +0100] "GET /ticket2/opencms/system/modules/com.gridnine.opencms.ticketbrokerage.site/resources/js/calendar-setup.js HTTP/1.1" 200 4923
37.123.143.11 - - [06/Nov/2024:00:00:09 +0100] "GET /ticket2/opencms/system/modules/com.gridnine.opencms.ticketbrokerage.site/resources/js/functions.js HTTP/1.1" 200 1583
37.123.143.11 - - [06/Nov/2024:00:00:09 +0100] "GET /ticket2/opencms/system/modules/com.gridnine.opencms.ticketbrokerage.site/resources/js/standard.js HTTP/1.1" 200 3978
37.123.143.11 - - [06/Nov/2024:00:00:09 +0100] "GET /ticket2/opencms/system/modules/com.gridnine.opencms.ticketbrokerage.site/resources/js/calendar.js HTTP/1.1" 200 49229
37.123.143.11 - - [06/Nov/2024:00:00:09 +0100] "GET /ticket2/opencms/system/modules/com.gridnine.opencms.ticketbrokerage.site/resources/css/images/ui-bg_flat_75_ffffff_40x100.png HTTP/1.1" 404 -
81.167.26.57 - - [06/Nov/2024:00:00:09 +0100] "GET /ticket2/opencms/en/login/?edid=D476BBBD-CF0B-7C17-55DD-EB91C312DE17 HTTP/1.1" 200 81865
35.82.16.243 - - [06/Nov/2024:00:00:10 +0100] "GET /ticket2/opencms/fi/buy?page=1&edid=11EFBC55-130A-2310-B776-C5D86878BDAB HTTP/1.1" 200 130259
52.7.13.143 - - [06/Nov/2024:00:00:11 +0100] "GET /ticket2/opencms/is/buy/?edid=5CF6EA2B-2B90-CEA1-959D-43D59F6F27D8&page=1 HTTP/1.1" 200 98802
81.167.26.57 - - [06/Nov/2024:00:00:13 +0100] "GET /ticket2/opencms/en/login/?edid=D4C7AC0F-4655-637F-6856-019F194DAF52 HTTP/1.1" 200 81865
188.165.241.181 - - [06/Nov/2024:00:00:13 +0100] "GET /ticket2/opencms/no/buy/?page=1&edid=07EA412C-3486-2D43-F1B9-FDEC67DDE38E&sortorder=asc&column=section HTTP/1.1" 200 101927
100.29.107.38 - - [06/Nov/2024:00:00:15 +0100] "GET /ticket2/opencms/is/buy/?edid=FF78E5AF-B575-E137-254B-7D951914395E&page=1 HTTP/1.1" 200 102111
81.167.26.57 - - [06/Nov/2024:00:00:16 +0100] "GET /ticket2/opencms/en/login/?edid=D737459F-8C33-1A07-DB7F-17A3C6E8F82A HTTP/1.1" 200 81865
52.200.58.199 - - [06/Nov/2024:00:00:19 +0100] "GET /ticket2/opencms/is/buy/?edid=DC067A0C-CE36-3D9C-899A-867F582FFC90&page=1 HTTP/1.1" 200 124314
47.128.57.123 - - [06/Nov/2024:00:00:19 +0100] "GET /ticket2/opencms/be/buy?edid=7BD09287-6936-CE68-B356-5961050B6456 HTTP/1.1" 200 82069
81.167.26.57 - - [06/Nov/2024:00:00:19 +0100] "GET /ticket2/opencms/en/login/?edid=E275F4DB-5037-C69A-55F4-19118BC84B0A HTTP/1.1" 200 81865
188.165.241.181 - - [06/Nov/2024:00:00:21 +0100] "GET /ticket2/opencms/no/buy/?page=1&edid=07EA412C-3486-2D43-F1B9-FDEC67DDE38E&sortorder=desc&column=section HTTP/1.1" 200 101972
35.82.16.243 - - [06/Nov/2024:00:00:21 +0100] "GET /ticket2/opencms/sr/buy?page=1&edid=11EFBC55-130A-2310-B776-C5D86878BDAB HTTP/1.1" 200 130740
54.36.149.71 - - [06/Nov/2024:00:00:22 +0100] "GET /ticket2/opencms/no/sport/fotballsbilletter/premier_league/wolverhampton HTTP/1.1" 200 94961
52.205.222.214 - - [06/Nov/2024:00:00:22 +0100] "GET /ticket2/opencms/is/buy/?edid=DC8C6DF9-1F64-EF64-EDCA-FE833C9E28DD&page=1 HTTP/1.1" 200 98811
81.167.26.57 - - [06/Nov/2024:00:00:23 +0100] "GET /ticket2/opencms/en/login/?edid=F8EBFE76-BA3C-5F31-F845-68F2755A60CB HTTP/1.1" 200 81865
168.119.64.251 - - [06/Nov/2024:00:00:23 +0100] "GET /ticket2/opencms/system/modules/com.gridnine.opencms.ticketbrokerage.site/resources/css/jquery.fancybox.css HTTP/1.1" 200 4939
168.119.64.251 - - [06/Nov/2024:00:00:23 +0100] "GET /ticket2/opencms/system/modules/com.gridnine.opencms.ticketbrokerage.site/resources/css/jquery-ui.css HTTP/1.1" 200 33221
168.119.64.251 - - [06/Nov/2024:00:00:23 +0100] "GET /ticket2/opencms/system/modules/com.gridnine.opencms.ticketbrokerage.site/resources/css/standard.css HTTP/1.1" 200 73073
168.119.64.251 - - [06/Nov/2024:00:00:23 +0100] "GET /ticket2/opencms/system/modules/com.gridnine.opencms.ticketbrokerage.site/resources/css/calendar.css HTTP/1.1" 200 6871
168.119.64.251 - - [06/Nov/2024:00:00:23 +0100] "GET /ticket2/opencms/system/modules/com.gridnine.opencms.ticketbrokerage.site/resources/js/jquery/jquery-ui.js HTTP/1.1" 200 228088
168.119.64.251 - - [06/Nov/2024:00:00:23 +0100] "GET /ticket2/opencms/system/modules/com.gridnine.opencms.ticketbrokerage.site/resources/css/ticketbrokerage.css HTTP/1.1" 200 39339
168.119.64.251 - - [06/Nov/2024:00:00:23 +0100] "GET /ticket2/opencms/system/modules/com.gridnine.opencms.ticketbrokerage.site/resources/js/functions.js HTTP/1.1" 200 1583
168.119.64.251 - - [06/Nov/2024:00:00:23 +0100] "GET /ticket2/opencms/system/modules/com.gridnine.opencms.ticketbrokerage.site/resources/js/calendar.js HTTP/1.1" 200 49229
168.119.64.251 - - [06/Nov/2024:00:00:23 +0100] "GET /ticket2/opencms/system/modules/com.gridnine.opencms.ticketbrokerage.site/resources/js/calendar-en.js HTTP/1.1" 200 3338
168.119.64.251 - - [06/Nov/2024:00:00:23 +0100] "GET /ticket2/opencms/system/modules/com.gridnine.opencms.ticketbrokerage.site/resources/js/jquery.fancybox.pack.js HTTP/1.1" 200 23187
168.119.64.251 - - [06/Nov/2024:00:00:23 +0100] "GET /ticket2/opencms/system/modules/com.gridnine.opencms.ticketbrokerage.site/resources/js/calendar-setup.js HTTP/1.1" 200 4923
168.119.64.251 - - [06/Nov/2024:00:00:23 +0100] "GET /ticket2/opencms/system/modules/com.gridnine.opencms.ticketbrokerage.site/resources/js/stickyfill.min.js HTTP/1.1" 200 5672
168.119.64.251 - - [06/Nov/2024:00:00:23 +0100] "GET /ticket2/opencms/system/modules/com.gridnine.opencms.ticketbrokerage.site/resources/js/standard.js HTTP/1.1" 200 3978
168.119.64.251 - - [06/Nov/2024:00:00:23 +0100] "GET /ticket2/opencms/system/modules/com.gridnine.opencms.ticketbrokerage.site/resources/js/jquery/jquery.js HTTP/1.1" 200 93868
168.119.64.251 - - [06/Nov/2024:00:00:23 +0100] "GET /ticket2/opencms/system/modules/com.gridnine.opencms.ticketbrokerage.site/resources/js/jquery.placeholder.min.js HTTP/1.1" 200 1737
168.119.64.251 - - [06/Nov/2024:00:00:23 +0100] "GET /ticket2/opencms/system/modules/com.gridnine.opencms.ticketbrokerage.site/resources/js/common-ajax.js HTTP/1.1" 200 20175
168.119.64.251 - - [06/Nov/2024:00:00:23 +0100] "GET /ticket2/opencms/system/modules/com.gridnine.opencms.ticketbrokerage.site/resources/js/standard.js HTTP/1.1" 200 3978
81.167.26.57 - - [06/Nov/2024:00:00:26 +0100] "GET /ticket2/opencms/fi/login/?edid=01F2A948-87CA-060B-030E-779FF6FBE9B2 HTTP/1.1" 200 83593
52.3.102.51 - - [06/Nov/2024:00:00:27 +0100] "GET /ticket2/opencms/is/buy/?edid=6CF16ABF-31A5-8D51-A63B-3077208955EB&page=1 HTTP/1.1" 200 119559
188.165.241.181 - - [06/Nov/2024:00:00:27 +0100] "GET /ticket2/opencms/no/buy/?page=1&edid=0874A86E-EC5A-2746-01C0-7A1F437ED7E1&sortorder=desc&column=price HTTP/1.1" 200 103225
81.167.26.57 - - [06/Nov/2024:00:00:29 +0100] "GET /ticket2/opencms/fi/login/?edid=9B811E9B-3C95-EFED-B35F-7CEE6EE5AD36 HTTP/1.1" 200 83593
35.82.16.243 - - [06/Nov/2024:00:00:30 +0100] "GET /ticket2/opencms/dk/buy?page=1&edid=11EFBC55-130A-2310-B776-C5D86878BDAB HTTP/1.1" 200 128853
34.197.28.78 - - [06/Nov/2024:00:00:30 +0100] "GET /ticket2/opencms/is/buy/?edid=E9F0B041-BF0A-CE11-045F-89CD49D4FA7D&page=1 HTTP/1.1" 200 104826
81.167.26.57 - - [06/Nov/2024:00:00:33 +0100] "GET /ticket2/opencms/fi/login/?edid=9BC0336E-4C60-B65A-A40E-F93EF23EB5B8 HTTP/1.1" 200 83593
34.230.124.21 - - [06/Nov/2024:00:00:34 +0100] "GET /ticket2/opencms/is/buy/?edid=CA915B50-9092-CC2A-1D54-906B1D5B9927&page=1 HTTP/1.1" 200 98810
188.165.241.181 - - [06/Nov/2024:00:00:36 +0100] "GET /ticket2/opencms/no/buy/?page=1&edid=0874A86E-EC5A-2746-01C0-7A1F437ED7E1&sortorder=desc&column=row HTTP/1.1" 200 103133
81.167.26.57 - - [06/Nov/2024:00:00:36 +0100] "GET /ticket2/opencms/fi/login/?edid=9BFD33FB-B8A2-EC01-EA11-796DE788898D HTTP/1.1" 200 83593
52.54.95.127 - - [06/Nov/2024:00:00:39 +0100] "GET /ticket2/opencms/is/buy/?edid=7BBDFB0E-EE23-5294-44DC-2CB1E8C1A24F&page=1 HTTP/1.1" 200 110563
81.167.26.57 - - [06/Nov/2024:00:00:39 +0100] "GET /ticket2/opencms/fi/login/?edid=9C4836A1-BD2A-4D85-1156-08B8E0333D34 HTTP/1.1" 200 83593
37.123.143.11 - - [06/Nov/2024:00:00:40 +0100] "GET /ticket2/opencms/hu/faq HTTP/1.1" 200 82144
35.82.16.243 - - [06/Nov/2024:00:00:40 +0100] "GET /ticket2/opencms/sv/buy?page=1&edid=11EFBC55-130A-2310-B776-C5D86878BDAB HTTP/1.1" 200 129167
47.128.55.97 - - [06/Nov/2024:00:00:41 +0100] "GET /ticket2/opencms/nl/buy/?catid=FCA7FF95-260A-464B-B6FF-A820FCE7DFEF&comcatid=0A6B8208-FDA4-E929-9D72-5312FD481B76 HTTP/1.1" 200 85293
54.157.84.74 - - [06/Nov/2024:00:00:43 +0100] "GET /ticket2/opencms/is/buy/?edid=7E220B35-85A5-A2FD-5BA1-267E725AAC4D&page=1 HTTP/1.1" 200 102076
81.167.26.57 - - [06/Nov/2024:00:00:43 +0100] "GET /ticket2/opencms/fi/login/?edid=9C6ADA50-0505-3824-87CA-8991C148B798 HTTP/1.1" 200 83593
188.165.241.181 - - [06/Nov/2024:00:00:43 +0100] "GET /ticket2/opencms/no/buy/?page=1&edid=0ADDE807-1F64-7C42-2B95-2EDB1EF373D1&sortorder=asc&column=section HTTP/1.1" 200 99542
66.249.79.102 - - [06/Nov/2024:00:00:44 +0100] "GET /ticket2/opencms/is/login HTTP/1.1" 200 83299
81.167.26.57 - - [06/Nov/2024:00:00:46 +0100] "GET /ticket2/opencms/fi/login/?edid=9C91C697-B406-6838-E8EE-67CCBD777A69 HTTP/1.1" 200 83593
3.213.85.234 - - [06/Nov/2024:00:00:46 +0100] "GET /ticket2/opencms/is/buy/?edid=C8B54E4D-ACCA-9CAC-8303-90318E9CF170&page=1 HTTP/1.1" 200 101869
81.167.26.57 - - [06/Nov/2024:00:00:49 +0100] "GET /ticket2/opencms/fi/login/?edid=A0FF03C8-8420-0877-2FE6-0C9E8902BC6D HTTP/1.1" 200 83593
34.236.135.14 - - [06/Nov/2024:00:00:50 +0100] "GET /ticket2/opencms/is/buy/?edid=58BBF638-5A76-A8D6-7263-FAE40850FA7F&page=1 HTTP/1.1" 200 108026
188.165.241.181 - - [06/Nov/2024:00:00:52 +0100] "GET /ticket2/opencms/no/buy/?page=1&edid=0C3824AA-A8DC-8601-308D-FCE0BC3A1BA7&sortorder=asc&column=price HTTP/1.1" 200 102040
54.36.148.186 - - [06/Nov/2024:00:00:52 +0100] "GET /ticket2/opencms/fr/sport/billets-football/la_liga/mallorca HTTP/1.1" 200 96384
195.154.123.92 - - [06/Nov/2024:00:00:52 +0100] "GET /ticket2/opencms/system/modules/com.gridnine.opencms.ticketbrokerage.site/resources/css/jquery.fancybox.css HTTP/1.1" 200 4939
195.154.123.92 - - [06/Nov/2024:00:00:52 +0100] "GET /ticket2/opencms/system/modules/com.gridnine.opencms.ticketbrokerage.site/resources/css/jquery-ui.css HTTP/1.1" 200 33221
195.154.123.92 - - [06/Nov/2024:00:00:52 +0100] "GET /ticket2/opencms/system/modules/com.gridnine.opencms.ticketbrokerage.site/resources/css/ticketbrokerage.css HTTP/1.1" 200 39339
195.154.123.92 - - [06/Nov/2024:00:00:52 +0100] "GET /ticket2/opencms/system/modules/com.gridnine.opencms.ticketbrokerage.site/resources/css/standard.css HTTP/1.1" 200 73073
195.154.123.92 - - [06/Nov/2024:00:00:52 +0100] "GET /ticket2/opencms/system/modules/com.gridnine.opencms.ticketbrokerage.site/resources/js/jquery/jquery.js HTTP/1.1" 200 93868
195.154.123.92 - - [06/Nov/2024:00:00:52 +0100] "GET /ticket2/opencms/system/modules/com.gridnine.opencms.ticketbrokerage.site/resources/css/calendar.css HTTP/1.1" 200 6871
81.167.26.57 - - [06/Nov/2024:00:00:52 +0100] "GET /ticket2/opencms/fi/login/?edid=A2EBEE55-0F02-EF65-FACF-A4CB04DC02EA HTTP/1.1" 200 83593
195.154.123.92 - - [06/Nov/2024:00:00:52 +0100] "GET /ticket2/opencms/system/modules/com.gridnine.opencms.ticketbrokerage.site/resources/js/jquery/jquery-ui.js HTTP/1.1" 200 228088
195.154.123.92 - - [06/Nov/2024:00:00:52 +0100] "GET /ticket2/opencms/system/modules/com.gridnine.opencms.ticketbrokerage.site/resources/js/functions.js HTTP/1.1" 200 1583
195.154.123.92 - - [06/Nov/2024:00:00:52 +0100] "GET /ticket2/opencms/system/modules/com.gridnine.opencms.ticketbrokerage.site/resources/js/calendar.js HTTP/1.1" 200 49229
195.154.123.92 - - [06/Nov/2024:00:00:52 +0100] "GET /ticket2/opencms/system/modules/com.gridnine.opencms.ticketbrokerage.site/resources/js/calendar-en.js HTTP/1.1" 200 3338
195.154.123.92 - - [06/Nov/2024:00:00:53 +0100] "GET /ticket2/opencms/system/modules/com.gridnine.opencms.ticketbrokerage.site/resources/js/calendar-setup.js HTTP/1.1" 200 4923
195.154.123.92 - - [06/Nov/2024:00:00:53 +0100] "GET /ticket2/opencms/system/modules/com.gridnine.opencms.ticketbrokerage.site/resources/js/jquery.fancybox.pack.js HTTP/1.1" 200 23187
195.154.123.92 - - [06/Nov/2024:00:00:53 +0100] "GET /ticket2/opencms/system/modules/com.gridnine.opencms.ticketbrokerage.site/resources/js/stickyfill.min.js HTTP/1.1" 200 5672
195.154.123.92 - - [06/Nov/2024:00:00:53 +0100] "GET /ticket2/opencms/system/modules/com.gridnine.opencms.ticketbrokerage.site/resources/js/standard.js HTTP/1.1" 200 3978
195.154.123.92 - - [06/Nov/2024:00:00:53 +0100] "GET /ticket2/opencms/system/modules/com.gridnine.opencms.ticketbrokerage.site/resources/js/jquery.placeholder.min.js HTTP/1.1" 200 1737
195.154.123.92 - - [06/Nov/2024:00:00:53 +0100] "GET /ticket2/opencms/system/modules/com.gridnine.opencms.ticketbrokerage.site/resources/js/common-ajax.js HTTP/1.1" 200 20175
195.154.123.92 - - [06/Nov/2024:00:00:54 +0100] "GET /ticket2/opencms/system/modules/com.gridnine.opencms.ticketbrokerage.site/resources/js/standard.js HTTP/1.1" 200 3978
35.82.16.243 - - [06/Nov/2024:00:00:55 +0100] "GET /ticket2/opencms/uk HTTP/1.1" 200 97398
54.86.59.155 - - [06/Nov/2024:00:00:55 +0100] "GET /ticket2/opencms/is/buy/?edid=FCF728A3-440F-219A-F294-671476E9F932&page=1 HTTP/1.1" 200 104808
81.167.26.57 - - [06/Nov/2024:00:00:56 +0100] "GET /ticket2/opencms/fi/login/?edid=AD39096E-3EA5-643E-0039-C25A5267917A HTTP/1.1" 200 83593
18.213.240.226 - - [06/Nov/2024:00:00:59 +0100] "GET /ticket2/opencms/is/buy/?edid=D5993B62-7816-676A-D732-F9106CE20C20&page=1 HTTP/1.1" 200 98824
188.165.241.181 - - [06/Nov/2024:00:00:59 +0100] "GET /ticket2/opencms/no/buy/?page=1&edid=0FCCF9C5-3BD3-D317-E8F8-3BA4C8FD57CE&sortorder=asc&column=price HTTP/1.1" 200 99440
81.167.26.57 - - [06/Nov/2024:00:00:59 +0100] "GET /ticket2/opencms/fi/login/?edid=AE716F73-508D-DEB7-E6E2-5D76473CBEAD HTTP/1.1" 200 83593
35.82.16.243 - - [06/Nov/2024:00:01:01 +0100] "GET /ticket2/opencms/uk/about/contact HTTP/1.1" 200 78371
3.221.244.28 - - [06/Nov/2024:00:01:02 +0100] "GET /ticket2/opencms/is/buy/?edid=E0DCB6F1-32E5-4B69-7659-12DFC9BB0380&page=1 HTTP/1.1" 200 100963
81.167.26.57 - - [06/Nov/2024:00:01:02 +0100] "GET /ticket2/opencms/fi/login/?edid=AFC32FFD-1720-90C6-B617-5D601DF0900B HTTP/1.1" 200 83593
81.167.26.57 - - [06/Nov/2024:00:01:06 +0100] "GET /ticket2/opencms/fi/login/?edid=B0039853-0FD8-C84B-1730-6B53C69DB496 HTTP/1.1" 200 83593
207.46.13.124 - - [06/Nov/2024:00:01:06 +0100] "GET /ticket2/opencms/sl/buy?page=1&edid=BE8C7FA0-9E48-EAB3-3A70-9E9F9EA30F95 HTTP/1.1" 200 136145
44.215.235.20 - - [06/Nov/2024:00:01:07 +0100] "GET /ticket2/opencms/is/buy/?edid=EE1094B0-5F8D-7F5A-3592-6F4F9BDBF532&page=1 HTTP/1.1" 200 130272
81.167.26.57 - - [06/Nov/2024:00:01:09 +0100] "GET /ticket2/opencms/fi/login/?edid=B3FFE65A-30FC-32DE-3E3C-769263593BC1 HTTP/1.1" 200 83593
3.220.70.171 - - [06/Nov/2024:00:01:11 +0100] "GET /ticket2/opencms/is/buy/?edid=750C6040-29F7-425D-A24F-51B977F415A3&page=1 HTTP/1.1" 200 126248
157.55.39.200 - - [06/Nov/2024:00:01:12 +0100] "GET /ticket2/opencms/es/buy/?page=1&edid=78152FF4-AB9B-7692-C7C0-273AF3BC66BC HTTP/1.1" 200 125042
81.167.26.57 - - [06/Nov/2024:00:01:12 +0100] "GET /ticket2/opencms/fi/login/?edid=B4030CF5-B314-5DDA-40F9-72DC7FBE18CD HTTP/1.1" 200 83593
157.55.39.200 - - [06/Nov/2024:00:01:13 +0100] "GET /ticket2/opencms/it/buy/?page=10&eventid=4B18A7B4-78F2-8303-779E-CFFE95028B0D&venueid=4D10F6C7-6483-15E8-A9F8-BBF15C7E14A8 HTTP/1.1" 200 84771
3.213.85.234 - - [06/Nov/2024:00:01:15 +0100] "GET /ticket2/opencms/is/buy/?edid=D9F2239E-EF6A-EAF8-CB00-12A5392DA498&page=1 HTTP/1.1" 200 121712
81.167.26.57 - - [06/Nov/2024:00:01:16 +0100] "GET /ticket2/opencms/fi/login/?edid=B44FDB64-52B9-2FED-89FD-31A7E0881296 HTTP/1.1" 200 83593
188.165.241.181 - - [06/Nov/2024:00:01:16 +0100] "GET /ticket2/opencms/no/buy/?page=1&edid=0FCCF9C5-3BD3-D317-E8F8-3BA4C8FD57CE&sortorder=asc&column=section HTTP/1.1" 200 99532
81.167.26.57 - - [06/Nov/2024:00:01:19 +0100] "GET /ticket2/opencms/fi/login/?edid=B4BD099B-7D6F-CF54-660B-2BD9058BD000 HTTP/1.1" 200 83593
23.23.212.212 - - [06/Nov/2024:00:01:19 +0100] "GET /ticket2/opencms/is/buy/?edid=10597F35-2AC7-31D2-FB61-15A36BB6D73B&page=1 HTTP/1.1" 200 126409
172.225.210.200 - - [06/Nov/2024:00:01:21 +0100] "GET /ticket2/opencms/sv/sport/fotbollsbiljetter/premier_league/tottenham/?gad_source=1&gbraid=0AAAAADlS-t9sfDTVPa-onV_ms67zr3eJK&gclid=EAIaIQobChMI1p-wganGiQMVXGmRBR1b-zwxEAAYASAAEgLeNfD_BwE HTTP/1.1" 200 97494
35.82.16.243 - - [06/Nov/2024:00:01:21 +0100] "GET /ticket2/opencms/mt/about/contact HTTP/1.1" 200 77827
72.14.199.233 - - [06/Nov/2024:00:01:21 +0100] "GET /ticket2/opencms/system/modules/com.gridnine.opencms.ticketbrokerage.site/resources/css/images/ui-bg_flat_75_ffffff_40x100.png HTTP/1.1" 404 -
172.225.210.200 - - [06/Nov/2024:00:01:21 +0100] "GET /ticket2/opencms/system/modules/com.gridnine.opencms.ticketbrokerage.site/resources/css/ticketbrokerage.css HTTP/1.1" 200 39339
172.225.210.200 - - [06/Nov/2024:00:01:21 +0100] "GET /ticket2/opencms/system/modules/com.gridnine.opencms.ticketbrokerage.site/resources/js/jquery/jquery-ui.js HTTP/1.1" 200 228088
172.225.210.200 - - [06/Nov/2024:00:01:21 +0100] "GET /ticket2/opencms/system/modules/com.gridnine.opencms.ticketbrokerage.site/resources/css/standard.css HTTP/1.1" 200 73073
172.225.210.200 - - [06/Nov/2024:00:01:21 +0100] "GET /ticket2/opencms/system/modules/com.gridnine.opencms.ticketbrokerage.site/resources/js/functions.js HTTP/1.1" 200 1583
172.225.210.200 - - [06/Nov/2024:00:01:21 +0100] "GET /ticket2/opencms/system/modules/com.gridnine.opencms.ticketbrokerage.site/resources/css/jquery-ui.css HTTP/1.1" 200 33221
172.225.210.200 - - [06/Nov/2024:00:01:21 +0100] "GET /ticket2/opencms/system/modules/com.gridnine.opencms.ticketbrokerage.site/resources/css/jquery.fancybox.css HTTP/1.1" 200 4939
172.225.210.200 - - [06/Nov/2024:00:01:21 +0100] "GET /ticket2/opencms/system/modules/com.gridnine.opencms.ticketbrokerage.site/resources/js/jquery/jquery.js HTTP/1.1" 200 93868
172.225.210.200 - - [06/Nov/2024:00:01:21 +0100] "GET /ticket2/opencms/system/modules/com.gridnine.opencms.ticketbrokerage.site/resources/css/calendar.css HTTP/1.1" 200 6871
172.225.210.200 - - [06/Nov/2024:00:01:21 +0100] "GET /ticket2/opencms/system/modules/com.gridnine.opencms.ticketbrokerage.site/resources/js/calendar.js HTTP/1.1" 200 49229
172.225.210.200 - - [06/Nov/2024:00:01:21 +0100] "GET /ticket2/opencms/system/modules/com.gridnine.opencms.ticketbrokerage.site/resources/js/calendar-en.js HTTP/1.1" 200 3338
172.225.210.200 - - [06/Nov/2024:00:01:21 +0100] "GET /ticket2/opencms/system/modules/com.gridnine.opencms.ticketbrokerage.site/resources/js/calendar-setup.js HTTP/1.1" 200 4923
172.225.210.200 - - [06/Nov/2024:00:01:21 +0100] "GET /ticket2/opencms/system/modules/com.gridnine.opencms.ticketbrokerage.site/resources/js/stickyfill.min.js HTTP/1.1" 200 5672
172.225.210.200 - - [06/Nov/2024:00:01:21 +0100] "GET /ticket2/opencms/system/modules/com.gridnine.opencms.ticketbrokerage.site/resources/js/jquery.fancybox.pack.js HTTP/1.1" 200 23187
172.225.210.200 - - [06/Nov/2024:00:01:21 +0100] "GET /ticket2/opencms/system/modules/com.gridnine.opencms.ticketbrokerage.site/resources/js/standard.js HTTP/1.1" 200 3978
172.225.210.200 - - [06/Nov/2024:00:01:21 +0100] "GET /ticket2/opencms/system/modules/com.gridnine.opencms.ticketbrokerage.site/resources/js/jquery.placeholder.min.js HTTP/1.1" 200 1737
172.225.210.200 - - [06/Nov/2024:00:01:21 +0100] "GET /ticket2/opencms/system/modules/com.gridnine.opencms.ticketbrokerage.site/resources/js/common-ajax.js HTTP/1.1" 200 20175
172.225.210.200 - - [06/Nov/2024:00:01:21 +0100] "GET /ticket2/opencms/img/icons/globe-white.png HTTP/1.1" 200 947
172.225.210.200 - - [06/Nov/2024:00:01:21 +0100] "GET /ticket2/opencms/img/insta.png HTTP/1.1" 200 3967
172.225.210.200 - - [06/Nov/2024:00:01:21 +0100] "GET /ticket2/opencms/system/modules/com.gridnine.opencms.ticketbrokerage.site/resources/pics/logo-new.png HTTP/1.1" 200 13541
172.225.210.200 - - [06/Nov/2024:00:01:22 +0100] "GET /ticket2/opencms/img/fb.png HTTP/1.1" 200 1269
172.225.210.200 - - [06/Nov/2024:00:01:22 +0100] "GET /ticket2/opencms/system/modules/com.gridnine.opencms.ticketbrokerage.site/resources/pics/banners/Tottenham.jpg HTTP/1.1" 200 13797
172.225.210.200 - - [06/Nov/2024:00:01:22 +0100] "GET /ticket2/opencms/img/icons/se.png HTTP/1.1" 200 1258
172.225.210.200 - - [06/Nov/2024:00:01:22 +0100] "GET /ticket2/opencms/img/icons/en.png HTTP/1.1" 200 2415
172.225.210.200 - - [06/Nov/2024:00:01:22 +0100] "GET /ticket2/opencms/system/modules/com.gridnine.opencms.ticketbrokerage.site/resources/pics/footer-img.jpg HTTP/1.1" 200 67642
172.225.210.200 - - [06/Nov/2024:00:01:22 +0100] "GET /ticket2/opencms/img/icons/fr.png HTTP/1.1" 200 1764
172.225.210.200 - - [06/Nov/2024:00:01:22 +0100] "GET /ticket2/opencms/img/check.png HTTP/1.1" 200 548
172.225.210.200 - - [06/Nov/2024:00:01:22 +0100] "GET /ticket2/opencms/img/mail.png HTTP/1.1" 200 403
172.225.210.200 - - [06/Nov/2024:00:01:22 +0100] "GET /ticket2/opencms/img/icons/fi.png HTTP/1.1" 200 1785
172.225.210.200 - - [06/Nov/2024:00:01:22 +0100] "GET /ticket2/opencms/img/icons/no.png HTTP/1.1" 200 1958
172.225.210.200 - - [06/Nov/2024:00:01:22 +0100] "GET /ticket2/opencms/img/chat.png HTTP/1.1" 200 416
172.225.210.200 - - [06/Nov/2024:00:01:22 +0100] "GET /ticket2/opencms/img/arrow.png HTTP/1.1" 200 753
172.225.210.200 - - [06/Nov/2024:00:01:22 +0100] "GET /ticket2/opencms/img/icons/dk.png HTTP/1.1" 200 1706
172.225.210.200 - - [06/Nov/2024:00:01:22 +0100] "GET /ticket2/opencms/img/icons/de.png HTTP/1.1" 200 1124
172.225.210.200 - - [06/Nov/2024:00:01:22 +0100] "GET /ticket2/opencms/img/icons/it.png HTTP/1.1" 200 2040
172.225.210.200 - - [06/Nov/2024:00:01:22 +0100] "GET /ticket2/opencms/img/icons/es.png HTTP/1.1" 200 1005
172.225.210.200 - - [06/Nov/2024:00:01:22 +0100] "GET /ticket2/opencms/img/icons/pl.png HTTP/1.1" 200 1578
172.225.210.200 - - [06/Nov/2024:00:01:22 +0100] "GET /ticket2/opencms/img/icons/sq.png HTTP/1.1" 200 1619
81.167.26.57 - - [06/Nov/2024:00:01:22 +0100] "GET /ticket2/opencms/fi/login/?edid=B962C40E-5239-1A70-6077-E9EDC5F09084 HTTP/1.1" 200 83593
172.225.210.200 - - [06/Nov/2024:00:01:22 +0100] "GET /ticket2/opencms/img/icons/az.png HTTP/1.1" 200 1445
172.225.210.200 - - [06/Nov/2024:00:01:22 +0100] "GET /ticket2/opencms/img/icons/be.png HTTP/1.1" 200 1663
172.225.210.200 - - [06/Nov/2024:00:01:22 +0100] "GET /ticket2/opencms/img/icons/bs.png HTTP/1.1" 200 1014
172.225.210.200 - - [06/Nov/2024:00:01:22 +0100] "GET /ticket2/opencms/img/icons/bg.png HTTP/1.1" 200 788
172.225.210.200 - - [06/Nov/2024:00:01:22 +0100] "GET /ticket2/opencms/img/icons/hr.png HTTP/1.1" 200 2024
172.225.210.200 - - [06/Nov/2024:00:01:23 +0100] "GET /ticket2/opencms/img/icons/cs.png HTTP/1.1" 200 1883
172.225.210.200 - - [06/Nov/2024:00:01:23 +0100] "GET /ticket2/opencms/img/icons/et.png HTTP/1.1" 200 754
172.225.210.200 - - [06/Nov/2024:00:01:23 +0100] "GET /ticket2/opencms/img/icons/el.png HTTP/1.1" 200 1637
172.225.210.200 - - [06/Nov/2024:00:01:23 +0100] "GET /ticket2/opencms/img/icons/ka.png HTTP/1.1" 200 860
172.225.210.200 - - [06/Nov/2024:00:01:23 +0100] "GET /ticket2/opencms/img/icons/hu.png HTTP/1.1" 200 733
172.225.210.200 - - [06/Nov/2024:00:01:23 +0100] "GET /ticket2/opencms/img/icons/is.png HTTP/1.1" 200 1884
172.225.210.200 - - [06/Nov/2024:00:01:23 +0100] "GET /ticket2/opencms/img/icons/ga.png HTTP/1.1" 200 1759
172.225.210.200 - - [06/Nov/2024:00:01:23 +0100] "GET /ticket2/opencms/img/icons/lt.png HTTP/1.1" 200 733
172.225.210.200 - - [06/Nov/2024:00:01:23 +0100] "GET /ticket2/opencms/img/icons/lv.png HTTP/1.1" 200 716
34.231.77.232 - - [06/Nov/2024:00:01:23 +0100] "GET /ticket2/opencms/is/buy/?edid=7B357C96-D15A-7330-3CD7-9115EBD86CB2&page=1 HTTP/1.1" 200 124316
172.225.210.200 - - [06/Nov/2024:00:01:23 +0100] "GET /ticket2/opencms/img/icons/mt.png HTTP/1.1" 200 920
172.225.210.200 - - [06/Nov/2024:00:01:23 +0100] "GET /ticket2/opencms/img/icons/sk.png HTTP/1.1" 200 1283
172.225.210.200 - - [06/Nov/2024:00:01:23 +0100] "GET /ticket2/opencms/img/icons/sl.png HTTP/1.1" 200 966
172.225.210.200 - - [06/Nov/2024:00:01:23 +0100] "GET /ticket2/opencms/img/icons/ro.png HTTP/1.1" 200 1393
172.225.210.200 - - [06/Nov/2024:00:01:23 +0100] "GET /ticket2/opencms/img/icons/mo.png HTTP/1.1" 200 1468
172.225.210.200 - - [06/Nov/2024:00:01:23 +0100] "GET /ticket2/opencms/img/icons/uk.png HTTP/1.1" 200 1272
172.225.210.200 - - [06/Nov/2024:00:01:23 +0100] "GET /ticket2/opencms/img/icons/tr.png HTTP/1.1" 200 1636
172.225.210.200 - - [06/Nov/2024:00:01:23 +0100] "GET /ticket2/opencms/img/icons/nl.png HTTP/1.1" 200 1255
172.225.210.200 - - [06/Nov/2024:00:01:24 +0100] "GET /ticket2/opencms/img/icons/sr.png HTTP/1.1" 200 1602
172.225.210.200 - - [06/Nov/2024:00:01:24 +0100] "GET /ticket2/opencms/system/modules/com.gridnine.opencms.ticketbrokerage.site/resources/js/standard.js HTTP/1.1" 200 3978
172.225.210.200 - - [06/Nov/2024:00:01:24 +0100] "GET /ticket2/opencms/img/icons/ticket2.thumbnail.png HTTP/1.1" 200 21519
172.225.210.200 - - [06/Nov/2024:00:01:25 +0100] "GET /ticket2/opencms/system/modules/com.gridnine.opencms.ticketbrokerage.site/resources/css/images/ui-bg_flat_75_ffffff_40x100.png HTTP/1.1" 404 -
188.165.241.181 - - [06/Nov/2024:00:01:25 +0100] "GET /ticket2/opencms/no/buy/?page=1&edid=0FCCF9C5-3BD3-D317-E8F8-3BA4C8FD57CE&sortorder=desc&column=price HTTP/1.1" 200 99485
81.167.26.57 - - [06/Nov/2024:00:01:25 +0100] "GET /ticket2/opencms/fi/login/?edid=BC1EC1ED-9DF8-C987-E2D9-7659501E4FC2 HTTP/1.1" 200 83593
44.207.69.106 - - [06/Nov/2024:00:01:26 +0100] "GET /ticket2/opencms/is/buy/?edid=7D705009-28C3-DAA4-6025-94ED0AAA4FB6&page=1 HTTP/1.1" 200 98810
54.36.148.252 - - [06/Nov/2024:00:01:28 +0100] "GET /ticket2/opencms/az/buy?page=6&comcatid=97ECA65A-72DA-F9AF-9DBB-245D3CFED1BE&catid=F7F89B9B-6697-7881-54AE-4C39276BF1B8 HTTP/1.1" 200 88971
81.167.26.57 - - [06/Nov/2024:00:01:29 +0100] "GET /ticket2/opencms/fi/login/?edid=D5F77514-6365-CD51-9AFB-D0DD3E873E69 HTTP/1.1" 200 83593
116.203.223.22 - - [06/Nov/2024:00:01:30 +0100] "GET /ticket2/opencms/hu/faq HTTP/1.1" 200 82144
98.83.8.142 - - [06/Nov/2024:00:01:32 +0100] "GET /ticket2/opencms/is/buy/?edid=9239880C-C5C0-5076-4AD5-4881F5EBAC4A&page=1 HTTP/1.1" 200 125483
116.203.223.22 - - [06/Nov/2024:00:01:33 +0100] "GET /ticket2/opencms/sv/faq HTTP/1.1" 200 84351
66.249.78.7 - - [06/Nov/2024:00:01:33 +0100] "GET /ticket2/opencms/venue/Wembley_stadium.jpg HTTP/1.1" 200 134034
116.203.223.22 - - [06/Nov/2024:00:01:33 +0100] "GET /ticket2/opencms/dk/faq HTTP/1.1" 200 84674
116.203.223.22 - - [06/Nov/2024:00:01:33 +0100] "GET /ticket2/opencms/mo/faq HTTP/1.1" 200 82246
116.203.223.22 - - [06/Nov/2024:00:01:33 +0100] "GET /ticket2/opencms/sl/faq HTTP/1.1" 200 81973
116.203.223.22 - - [06/Nov/2024:00:01:33 +0100] "GET /ticket2/opencms/de/faq HTTP/1.1" 200 82782
116.203.223.22 - - [06/Nov/2024:00:01:34 +0100] "GET /ticket2/opencms/sq/faq HTTP/1.1" 200 81968
116.203.223.22 - - [06/Nov/2024:00:01:34 +0100] "GET /ticket2/opencms/sk/faq HTTP/1.1" 200 82174
116.203.223.22 - - [06/Nov/2024:00:01:34 +0100] "GET /ticket2/opencms/sr/faq HTTP/1.1" 200 82428
116.203.223.22 - - [06/Nov/2024:00:01:34 +0100] "GET /ticket2/opencms/ga/faq HTTP/1.1" 200 82299
116.203.223.22 - - [06/Nov/2024:00:01:34 +0100] "GET /ticket2/opencms/hr/faq HTTP/1.1" 200 81817
116.203.223.22 - - [06/Nov/2024:00:01:34 +0100] "GET /ticket2/opencms/fi/faq HTTP/1.1" 200 86770
116.203.223.22 - - [06/Nov/2024:00:01:34 +0100] "GET /ticket2/opencms/lt/faq HTTP/1.1" 200 82023
116.203.223.22 - - [06/Nov/2024:00:01:34 +0100] "GET /ticket2/opencms/bs/faq HTTP/1.1" 200 81714
116.203.223.22 - - [06/Nov/2024:00:01:34 +0100] "GET /ticket2/opencms/lv/faq HTTP/1.1" 500 -
116.203.223.22 - - [06/Nov/2024:00:01:34 +0100] "GET /ticket2/opencms/uk/faq HTTP/1.1" 200 83974
116.203.223.22 - - [06/Nov/2024:00:01:34 +0100] "GET /ticket2/opencms/ka/faq HTTP/1.1" 200 86609
116.203.223.22 - - [06/Nov/2024:00:01:34 +0100] "GET /ticket2/opencms/be/faq HTTP/1.1" 200 83845
116.203.223.22 - - [06/Nov/2024:00:01:34 +0100] "GET /ticket2/opencms/bg/faq HTTP/1.1" 200 83878
116.203.223.22 - - [06/Nov/2024:00:01:34 +0100] "GET /ticket2/opencms/fr/faq HTTP/1.1" 200 85599
81.167.26.57 - - [06/Nov/2024:00:01:34 +0100] "GET /ticket2/opencms/fi/login/?edid=D7C3AD84-A63D-4BF3-F25A-FE60AC4BA077 HTTP/1.1" 200 83593
35.82.16.243 - - [06/Nov/2024:00:01:34 +0100] "GET /ticket2/opencms/mt/buying_tickets HTTP/1.1" 200 80646
116.203.223.22 - - [06/Nov/2024:00:01:34 +0100] "GET /ticket2/opencms/no/faq HTTP/1.1" 200 85054
34.196.237.236 - - [06/Nov/2024:00:01:35 +0100] "GET /ticket2/opencms/is/buy/?edid=1C663B38-AAE8-15E5-78AB-F7247D2C67D4&page=1 HTTP/1.1" 200 124226
81.167.26.57 - - [06/Nov/2024:00:01:37 +0100] "GET /ticket2/opencms/fi/login/?edid=DCA09323-0C36-57F1-07F7-45EEFB637B16 HTTP/1.1" 200 83593
72.14.199.232 - - [06/Nov/2024:00:01:37 +0100] "GET /ticket2/opencms/dk/sport/fodboldbilletter/la-liga/ HTTP/1.1" 200 87057
107.20.181.148 - - [06/Nov/2024:00:01:39 +0100] "GET /ticket2/opencms/is/buy/?edid=CDC8380D-9E34-4AA8-C5EB-B98118612E7B&page=1 HTTP/1.1" 200 111630
81.167.26.57 - - [06/Nov/2024:00:01:41 +0100] "GET /ticket2/opencms/fi/login/?edid=DD99BFEC-4846-922C-64A2-1661CA2CB452 HTTP/1.1" 200 83593
188.165.241.181 - - [06/Nov/2024:00:01:42 +0100] "GET /ticket2/opencms/no/buy/?page=1&edid=0FD8C94D-BC20-A9A1-B75F-6B50E0D9D5B1&sortorder=asc&column=price HTTP/1.1" 200 103177
3.213.213.161 - - [06/Nov/2024:00:01:42 +0100] "GET /ticket2/opencms/is/buy/?edid=E0AE80B3-D973-1C4A-1E4A-4F34E588C3A0&page=1 HTTP/1.1" 200 98802
47.128.99.104 - - [06/Nov/2024:00:01:42 +0100] "GET /ticket2/opencms/be/buy?edid=3F245B75-1DCF-320F-93F3-D63AC2E239C1 HTTP/1.1" 200 82069
116.203.223.22 - - [06/Nov/2024:00:01:42 +0100] "GET /ticket2/opencms/es/faq HTTP/1.1" 200 85268
35.82.16.243 - - [06/Nov/2024:00:01:43 +0100] "GET /ticket2/opencms/fr/buy?page=1&edid=11EFBC55-130A-2310-B776-C5D86878BDAB HTTP/1.1" 200 130195
81.167.26.57 - - [06/Nov/2024:00:01:44 +0100] "GET /ticket2/opencms/fi/login/?edid=DE57F8FA-9219-7B6F-C52C-4E26A1185AB4 HTTP/1.1" 200 83593
91.90.143.7 - - [06/Nov/2024:00:01:45 +0100] "GET /ticket2/opencms/ HTTP/1.1" 302 -
3.223.181.32 - - [06/Nov/2024:00:01:46 +0100] "GET /ticket2/opencms/is/buy/?edid=6DC3E8B1-EB9E-3B74-1E36-CDC7B60DF336&page=1 HTTP/1.1" 200 98815
91.90.143.7 - - [06/Nov/2024:00:01:47 +0100] "GET /ticket2/opencms/en/ HTTP/1.1" 200 95178
81.167.26.57 - - [06/Nov/2024:00:01:47 +0100] "GET /ticket2/opencms/fi/login/?edid=DEACFAB8-52B7-0ED7-C8A1-CE3BDA23BC3C HTTP/1.1" 200 83593
47.128.120.175 - - [06/Nov/2024:00:01:49 +0100] "GET /ticket2/opencms/sl/buy/?edid=8C15C2A6-6F0D-F124-996B-0D6AF34B41CB HTTP/1.1" 200 81396
81.167.26.57 - - [06/Nov/2024:00:01:51 +0100] "GET /ticket2/opencms/fi/login/?edid=DEE44496-B556-FDDA-3CED-164195E286E3 HTTP/1.1" 200 83593
3.226.34.98 - - [06/Nov/2024:00:01:51 +0100] "GET /ticket2/opencms/is/buy/?edid=E283AC65-3197-392C-E040-FCBDD904729E&page=1 HTTP/1.1" 200 111631
35.82.16.243 - - [06/Nov/2024:00:01:52 +0100] "GET /ticket2/opencms/mt/buy?page=1&edid=11EFBC55-130A-2310-B776-C5D86878BDAB HTTP/1.1" 200 130367
81.167.26.57 - - [06/Nov/2024:00:01:54 +0100] "GET /ticket2/opencms/fi/login/?edid=DF0EBD62-AC7E-AE6F-60EC-741827E53620 HTTP/1.1" 200 83593
3.232.82.72 - - [06/Nov/2024:00:01:54 +0100] "GET /ticket2/opencms/is/buy/?edid=17260F4F-A849-5FCD-F08C-3E4A05EF4080&page=1 HTTP/1.1" 200 98823
81.167.26.57 - - [06/Nov/2024:00:01:57 +0100] "GET /ticket2/opencms/fi/login/?edid=E0EDFA49-4B2E-09BD-E753-18FE8749E494 HTTP/1.1" 200 83593
116.203.223.22 - - [06/Nov/2024:00:01:57 +0100] "GET /ticket2/opencms/tr/faq HTTP/1.1" 200 82149
116.203.223.22 - - [06/Nov/2024:00:01:58 +0100] "GET /ticket2/opencms/nl/faq HTTP/1.1" 200 84309
98.82.38.120 - - [06/Nov/2024:00:01:58 +0100] "GET /ticket2/opencms/is/buy/?edid=2CEA0497-8D50-22F6-0E98-33BE3EC14F1E&page=1 HTTP/1.1" 200 116069
188.165.241.181 - - [06/Nov/2024:00:01:59 +0100] "GET /ticket2/opencms/no/buy/?page=1&edid=0FD8C94D-BC20-A9A1-B75F-6B50E0D9D5B1&sortorder=desc&column=price HTTP/1.1" 200 103222
81.167.26.57 - - [06/Nov/2024:00:02:00 +0100] "GET /ticket2/opencms/fi/login/?edid=E381DB65-F270-37B3-006A-65A82309F0C9 HTTP/1.1" 200 83593
52.0.105.244 - - [06/Nov/2024:00:02:03 +0100] "GET /ticket2/opencms/is/buy/?edid=1AD4E11C-C792-1721-4D1A-2229101A30FD&page=1 HTTP/1.1" 200 135250
116.203.223.22 - - [06/Nov/2024:00:02:03 +0100] "GET /ticket2/opencms/en/faq HTTP/1.1" 200 82350
35.82.16.243 - - [06/Nov/2024:00:02:03 +0100] "GET /ticket2/opencms/no/buy?page=1&edid=11EFBC55-130A-2310-B776-C5D86878BDAB HTTP/1.1" 200 129628
81.167.26.57 - - [06/Nov/2024:00:02:04 +0100] "GET /ticket2/opencms/fi/login/?edid=E462A33E-CFF3-5A74-C9A7-96B6A6F1D497 HTTP/1.1" 200 83593
116.203.223.22 - - [06/Nov/2024:00:02:04 +0100] "GET /ticket2/opencms/cs/faq HTTP/1.1" 200 81985
52.4.229.9 - - [06/Nov/2024:00:02:06 +0100] "GET /ticket2/opencms/is/buy/?edid=4A2B37C9-3D90-F2FE-13EA-D5249A2BEA8E&page=1 HTTP/1.1" 200 98828
54.36.148.227 - - [06/Nov/2024:00:02:07 +0100] "GET /ticket2/opencms/be/buy?page=6&comcatid=97ECA65A-72DA-F9AF-9DBB-245D3CFED1BE&catid=F7F89B9B-6697-7881-54AE-4C39276BF1B8 HTTP/1.1" 200 89534
81.167.26.57 - - [06/Nov/2024:00:02:07 +0100] "GET /ticket2/opencms/fi/login/?edid=E61B3D3B-0D83-E96C-2DE4-851DA573A893 HTTP/1.1" 200 83593
116.203.223.22 - - [06/Nov/2024:00:02:09 +0100] "GET /ticket2/opencms/el/faq HTTP/1.1" 200 85041
116.203.223.22 - - [06/Nov/2024:00:02:10 +0100] "GET /ticket2/opencms/it/faq HTTP/1.1" 200 85132
81.167.26.57 - - [06/Nov/2024:00:02:10 +0100] "GET /ticket2/opencms/sv/login/?edid=01A43DF5-256F-8380-5389-DDDBFA700A48 HTTP/1.1" 200 82688
35.169.119.108 - - [06/Nov/2024:00:02:10 +0100] "GET /ticket2/opencms/is/buy/?edid=52097123-D272-930E-ACDD-5F9218EDFF4D&page=1 HTTP/1.1" 200 98800
116.203.223.22 - - [06/Nov/2024:00:02:11 +0100] "GET /ticket2/opencms/az/faq HTTP/1.1" 200 82170
35.82.16.243 - - [06/Nov/2024:00:02:11 +0100] "GET /ticket2/opencms/pl/buy?page=1&edid=11EFBC55-130A-2310-B776-C5D86878BDAB HTTP/1.1" 200 130252
116.203.223.22 - - [06/Nov/2024:00:02:12 +0100] "GET /ticket2/opencms/mt/faq HTTP/1.1" 200 82379
81.167.26.57 - - [06/Nov/2024:00:02:14 +0100] "GET /ticket2/opencms/sv/login/?edid=01DD425C-71FC-9420-A51A-5A241A767D4B HTTP/1.1" 200 82688
116.203.223.22 - - [06/Nov/2024:00:02:14 +0100] "GET /ticket2/opencms/ro/faq HTTP/1.1" 200 82166
116.203.223.22 - - [06/Nov/2024:00:02:15 +0100] "GET /ticket2/opencms/et/faq HTTP/1.1" 200 81926
34.234.197.175 - - [06/Nov/2024:00:02:15 +0100] "GET /ticket2/opencms/is/buy/?edid=5ED2EB91-C7BF-DB4E-E8CC-C708B8706497&page=1 HTTP/1.1" 200 98806
188.165.241.181 - - [06/Nov/2024:00:02:16 +0100] "GET /ticket2/opencms/no/buy/?page=1&edid=0FD8C94D-BC20-A9A1-B75F-6B50E0D9D5B1&sortorder=desc&column=row HTTP/1.1" 200 103130
116.203.223.22 - - [06/Nov/2024:00:02:16 +0100] "GET /ticket2/opencms/pl/faq HTTP/1.1" 200 81732
81.167.26.57 - - [06/Nov/2024:00:02:17 +0100] "GET /ticket2/opencms/sv/login/?edid=02D28468-4D7A-7D03-08EA-E937B040CBA6 HTTP/1.1" 200 82688
116.203.223.22 - - [06/Nov/2024:00:02:17 +0100] "GET /ticket2/opencms/is/faq HTTP/1.1" 200 81893
44.205.180.155 - - [06/Nov/2024:00:02:18 +0100] "GET /ticket2/opencms/is/buy/?edid=650A0D78-456F-EC5A-28FD-BB522C4AB0A0&page=1 HTTP/1.1" 200 101239
37.123.143.11 - - [06/Nov/2024:00:02:19 +0100] "GET /ticket2/opencms/system/workplace/views/top_foot.jsp?wpFrame=foot HTTP/1.1" 200 1210
37.123.143.11 - - [06/Nov/2024:00:02:19 +0100] "GET /ticket2/opencms/system/workplace/commons/style/workplace.css HTTP/1.1" 200 14209
81.167.26.57 - - [06/Nov/2024:00:02:21 +0100] "GET /ticket2/opencms/sv/login/?edid=0306EA8D-7D3E-21D9-0DB2-710D55C856B4 HTTP/1.1" 200 82688
52.4.213.199 - - [06/Nov/2024:00:02:22 +0100] "GET /ticket2/opencms/is/buy/?edid=37E2A4DD-118F-C378-83A2-20232412AB9C&page=1 HTTP/1.1" 200 101018
35.82.16.243 - - [06/Nov/2024:00:02:23 +0100] "GET /ticket2/opencms/sq/buy?page=1&edid=11EFBC55-130A-2310-B776-C5D86878BDAB HTTP/1.1" 200 130339
81.167.26.57 - - [06/Nov/2024:00:02:24 +0100] "GET /ticket2/opencms/sv/login/?edid=0340F86A-564D-570D-4FB5-34A17BDFADC6 HTTP/1.1" 200 82688
188.165.241.181 - - [06/Nov/2024:00:02:25 +0100] "GET /ticket2/opencms/no/buy/?page=1&edid=0FDA018D-B8AF-3F2B-04D5-9F590D681B22&sortorder=asc&column=price HTTP/1.1" 200 101574
81.167.26.57 - - [06/Nov/2024:00:02:27 +0100] "GET /ticket2/opencms/sv/login/?edid=04D45083-5BEA-6FC8-74F9-B6EE79D662E0 HTTP/1.1" 200 82688
44.208.193.63 - - [06/Nov/2024:00:02:27 +0100] "GET /ticket2/opencms/is/buy/?edid=3289C097-2261-9433-8644-DF033A9EE354&page=1 HTTP/1.1" 200 131035
81.167.26.57 - - [06/Nov/2024:00:02:31 +0100] "GET /ticket2/opencms/sv/login/?edid=07676057-0B4C-F0BB-865A-B1FCE6895C34 HTTP/1.1" 200 82688
3.213.213.161 - - [06/Nov/2024:00:02:31 +0100] "GET /ticket2/opencms/is/buy/?edid=9AA6E90F-1A8F-8723-F266-C4056D23056B&page=1 HTTP/1.1" 200 114193
52.167.144.216 - - [06/Nov/2024:00:02:32 +0100] "GET /ticket2/opencms/en/sell/?edid=D1C94440-C098-45B7-EE01-8D23F04FFEA1 HTTP/1.1" 302 -
81.167.26.57 - - [06/Nov/2024:00:02:34 +0100] "GET /ticket2/opencms/sv/login/?edid=0958DA87-37ED-7F94-D151-9C09820627D0 HTTP/1.1" 200 82688
54.147.238.89 - - [06/Nov/2024:00:02:35 +0100] "GET /ticket2/opencms/is/buy/?edid=BB2F3A74-7E9F-DB09-2C3F-D2D8CE32979C&page=1 HTTP/1.1" 200 108083
81.167.26.57 - - [06/Nov/2024:00:02:37 +0100] "GET /ticket2/opencms/sv/login/?edid=0F60B66B-BC13-3DDD-6F41-72152A17A68C HTTP/1.1" 200 82688
54.36.149.46 - - [06/Nov/2024:00:02:38 +0100] "GET /ticket2/opencms/bg/buy?page=6&comcatid=97ECA65A-72DA-F9AF-9DBB-245D3CFED1BE&catid=F7F89B9B-6697-7881-54AE-4C39276BF1B8 HTTP/1.1" 200 89368
44.195.50.71 - - [06/Nov/2024:00:02:39 +0100] "GET /ticket2/opencms/is/buy/?edid=ED6B033E-FAAE-D3A6-3006-A43EA8437C62&page=1 HTTP/1.1" 200 106760
47.128.18.56 - - [06/Nov/2024:00:02:39 +0100] "GET /ticket2/opencms/robots.txt HTTP/1.1" 200 773
188.165.241.181 - - [06/Nov/2024:00:02:40 +0100] "GET /ticket2/opencms/no/buy/?page=1&edid=0FDA018D-B8AF-3F2B-04D5-9F590D681B22&sortorder=asc&column=row HTTP/1.1" 200 101482
52.167.144.216 - - [06/Nov/2024:00:02:40 +0100] "GET /ticket2/opencms/en/login/?url=/en/sell/ HTTP/1.1" 200 81865
81.167.26.57 - - [06/Nov/2024:00:02:41 +0100] "GET /ticket2/opencms/sv/login/?edid=0F666ECC-8AD1-77F8-E428-D61A18623454 HTTP/1.1" 200 82688
34.225.243.131 - - [06/Nov/2024:00:02:43 +0100] "GET /ticket2/opencms/is/buy/?edid=463B85F1-158C-B9D0-587B-5FBBABC2ECA2&page=1 HTTP/1.1" 200 125320
81.167.26.57 - - [06/Nov/2024:00:02:44 +0100] "GET /ticket2/opencms/sv/login/?edid=0FAA28E4-2A12-36A8-FA05-AEED6A9E529B HTTP/1.1" 200 82688
3.90.73.206 - - [06/Nov/2024:00:02:47 +0100] "GET /ticket2/opencms/is/buy/?edid=A0FFAF50-E61F-DDD9-D6DC-77947313B0DE&page=1 HTTP/1.1" 200 108851
81.167.26.57 - - [06/Nov/2024:00:02:47 +0100] "GET /ticket2/opencms/sv/login/?edid=100B7BEC-24E7-7E43-4295-F9FDC77048A6 HTTP/1.1" 200 82688
81.167.26.57 - - [06/Nov/2024:00:02:50 +0100] "GET /ticket2/opencms/sv/login/?edid=121DA4FD-9F51-4C8D-2520-CC77E007474A HTTP/1.1" 200 82688
54.235.172.108 - - [06/Nov/2024:00:02:50 +0100] "GET /ticket2/opencms/is/buy/?edid=2EB15005-07E4-0DB7-1EF8-52C1740D2595&page=1 HTTP/1.1" 200 108389
35.82.16.243 - - [06/Nov/2024:00:02:53 +0100] "GET /ticket2/opencms/tr/about/press HTTP/1.1" 200 80357
81.167.26.57 - - [06/Nov/2024:00:02:54 +0100] "GET /ticket2/opencms/sv/login/?edid=1432157A-B263-4513-C3E0-79C3B9ACB4CD HTTP/1.1" 200 82688
98.82.59.253 - - [06/Nov/2024:00:02:55 +0100] "GET /ticket2/opencms/is/buy/?edid=8E565EE5-A6F4-D9ED-994A-676DC5E87EA7&page=1 HTTP/1.1" 200 98842
81.167.26.57 - - [06/Nov/2024:00:02:57 +0100] "GET /ticket2/opencms/sv/login/?edid=2B090572-A82A-F558-A432-1FEF21B4DEA2 HTTP/1.1" 200 82688
188.165.241.181 - - [06/Nov/2024:00:02:57 +0100] "GET /ticket2/opencms/no/buy/?page=1&edid=0FDA018D-B8AF-3F2B-04D5-9F590D681B22&sortorder=asc&column=section HTTP/1.1" 200 101666
3.89.170.186 - - [06/Nov/2024:00:02:58 +0100] "GET /ticket2/opencms/is/buy/?edid=8513AB1B-B933-9792-1D4C-C887E0E5F59A&page=1 HTTP/1.1" 200 98806
81.167.26.57 - - [06/Nov/2024:00:03:00 +0100] "GET /ticket2/opencms/sv/login/?edid=2EFD2627-895E-361A-639F-C8A896660F7C HTTP/1.1" 200 82688
54.235.125.129 - - [06/Nov/2024:00:03:03 +0100] "GET /ticket2/opencms/is/buy/?edid=1291CD6B-4651-52CC-8D36-B0FB58FEEDFA&page=1 HTTP/1.1" 200 120119
81.167.26.57 - - [06/Nov/2024:00:03:04 +0100] "GET /ticket2/opencms/sv/login/?edid=304B5316-0320-2838-01B8-507789F0700B HTTP/1.1" 200 82688
35.82.16.243 - - [06/Nov/2024:00:03:05 +0100] "GET /ticket2/opencms/tr/buy_safety HTTP/1.1" 200 81017
47.128.40.53 - - [06/Nov/2024:00:03:06 +0100] "GET /ticket2/opencms/az/buy?edid=7F2B1FEA-20FE-7448-32AC-111154CA401B HTTP/1.1" 200 81540
107.23.62.75 - - [06/Nov/2024:00:03:06 +0100] "GET /ticket2/opencms/is/buy/?edid=5BB1055C-4C5F-5A4F-CCFB-6D0F529C929D&page=1 HTTP/1.1" 200 106642
81.167.26.57 - - [06/Nov/2024:00:03:07 +0100] "GET /ticket2/opencms/sv/login/?edid=4617CD2B-7E67-6DAD-11BD-51C4ACE66266 HTTP/1.1" 200 82688
81.167.26.57 - - [06/Nov/2024:00:03:10 +0100] "GET /ticket2/opencms/sv/login/?edid=526E9B7B-D2CF-DFA7-BDD3-64E3D1623615 HTTP/1.1" 200 82688
52.203.152.231 - - [06/Nov/2024:00:03:10 +0100] "GET /ticket2/opencms/is/buy/?edid=2C4B9446-424B-066B-918D-EBEB23C16CCA&page=1 HTTP/1.1" 200 102079
54.36.149.57 - - [06/Nov/2024:00:03:12 +0100] "GET /ticket2/opencms/bs/buy?page=6&comcatid=97ECA65A-72DA-F9AF-9DBB-245D3CFED1BE&catid=F7F89B9B-6697-7881-54AE-4C39276BF1B8 HTTP/1.1" 200 88859
81.167.26.57 - - [06/Nov/2024:00:03:13 +0100] "GET /ticket2/opencms/sv/login/?edid=62CBCFCE-73FC-4032-B8DE-55B860E31698 HTTP/1.1" 200 82688
35.82.16.243 - - [06/Nov/2024:00:03:13 +0100] "GET /ticket2/opencms/hy/buy?page=1&edid=11EFBC55-130A-2310-B776-C5D86878BDAB HTTP/1.1" 404 -
3.226.34.98 - - [06/Nov/2024:00:03:15 +0100] "GET /ticket2/opencms/is/buy/?edid=66FFE717-0C93-3F01-2AC8-8E7FC5F9BAB1&page=1 HTTP/1.1" 200 108081
35.82.16.243 - - [06/Nov/2024:00:03:15 +0100] "GET /ticket2/opencms/mk/buy?page=1&edid=11EFBC55-130A-2310-B776-C5D86878BDAB HTTP/1.1" 404 -
81.167.26.57 - - [06/Nov/2024:00:03:16 +0100] "GET /ticket2/opencms/sv/login/?edid=65351025-5BC0-55C2-C214-BB8E62D801B4 HTTP/1.1" 200 82688
188.165.241.181 - - [06/Nov/2024:00:03:19 +0100] "GET /ticket2/opencms/no/buy/?page=1&edid=0FDA018D-B8AF-3F2B-04D5-9F590D681B22&sortorder=desc&column=price HTTP/1.1" 200 101619
184.73.47.24 - - [06/Nov/2024:00:03:19 +0100] "GET /ticket2/opencms/is/buy/?edid=EC9F155C-D7A4-D175-1C63-F69B97D44FFB&page=1 HTTP/1.1" 200 122070
81.167.26.57 - - [06/Nov/2024:00:03:20 +0100] "GET /ticket2/opencms/sv/login/?edid=66AEFB2B-11CE-C2DC-A8E0-CC61F6A3EA8E HTTP/1.1" 200 82688
3.232.102.111 - - [06/Nov/2024:00:03:23 +0100] "GET /ticket2/opencms/is/buy/?edid=1725DD81-AB30-210C-691A-5E56E0E70527&page=1 HTTP/1.1" 200 108139
81.167.26.57 - - [06/Nov/2024:00:03:23 +0100] "GET /ticket2/opencms/sv/login/?edid=678E1728-8C4D-BAD2-C8F4-D5B6B5551104 HTTP/1.1" 200 82688
81.167.26.57 - - [06/Nov/2024:00:03:26 +0100] "GET /ticket2/opencms/sv/login/?edid=699E3B74-E84A-34B1-07F3-15583241586E HTTP/1.1" 200 82688
18.214.251.19 - - [06/Nov/2024:00:03:27 +0100] "GET /ticket2/opencms/is/buy/?edid=3F2D99A8-7547-83C1-C9EB-9D79E7CF5003&page=1 HTTP/1.1" 200 125347
81.167.26.57 - - [06/Nov/2024:00:03:30 +0100] "GET /ticket2/opencms/sv/login/?edid=70200FED-4146-E5B6-C824-FD0F0C956695 HTTP/1.1" 200 82688
44.196.118.6 - - [06/Nov/2024:00:03:31 +0100] "GET /ticket2/opencms/is/buy/?edid=871D7AC8-C2FD-89A7-A9D7-71A8AD06F3BB&page=1 HTTP/1.1" 200 98786
188.165.241.181 - - [06/Nov/2024:00:03:31 +0100] "GET /ticket2/opencms/no/buy/?page=1&edid=0FDA018D-B8AF-3F2B-04D5-9F590D681B22&sortorder=desc&column=row HTTP/1.1" 200 101527
54.36.149.9 - - [06/Nov/2024:00:03:32 +0100] "GET /ticket2/opencms/lv/ HTTP/1.1" 200 96657
81.167.26.57 - - [06/Nov/2024:00:03:33 +0100] "GET /ticket2/opencms/sv/login/?edid=735C7233-8799-7280-ECEB-745C88ABD30E HTTP/1.1" 200 82688
35.82.16.243 - - [06/Nov/2024:00:03:33 +0100] "GET /ticket2/opencms/el/buy?page=1&edid=11EFBC55-130A-2310-B776-C5D86878BDAB HTTP/1.1" 200 133343
207.90.51.242 - - [06/Nov/2024:00:03:34 +0100] "GET /ticket2/opencms/sr/partnerski-program HTTP/1.1" 200 81940
3.218.103.254 - - [06/Nov/2024:00:03:34 +0100] "GET /ticket2/opencms/is/buy/?edid=81800969-8323-7DD5-2FF1-1DA61540AE9E&page=1 HTTP/1.1" 200 98801
81.167.26.57 - - [06/Nov/2024:00:03:36 +0100] "GET /ticket2/opencms/sv/login/?edid=74F5CA8C-BD27-25EC-A7A0-3ACFA1730E20 HTTP/1.1" 200 82688
72.14.199.233 - - [06/Nov/2024:00:03:38 +0100] "GET /ticket2/opencms/sv/magazine/article?title=fotbolls-em-2024 HTTP/1.1" 200 80024
34.194.95.99 - - [06/Nov/2024:00:03:38 +0100] "GET /ticket2/opencms/is/buy/?edid=C4A85847-D040-EB89-2141-54F1A8B66277&page=1 HTTP/1.1" 200 104860
81.167.26.57 - - [06/Nov/2024:00:03:40 +0100] "GET /ticket2/opencms/sv/login/?edid=7910B041-C477-3F57-DDE6-EC22BEFED5C1 HTTP/1.1" 200 82688
54.197.178.107 - - [06/Nov/2024:00:03:42 +0100] "GET /ticket2/opencms/is/buy/?edid=5CEA98CB-80E1-9ACA-6E51-8C7E3E9275D3&page=1 HTTP/1.1" 200 111333
81.167.26.57 - - [06/Nov/2024:00:03:43 +0100] "GET /ticket2/opencms/sv/login/?edid=7F8C8657-1175-5E36-90F1-A19607745DA5 HTTP/1.1" 200 82688
54.36.148.228 - - [06/Nov/2024:00:03:45 +0100] "GET /ticket2/opencms/cs/buy?page=6&comcatid=97ECA65A-72DA-F9AF-9DBB-245D3CFED1BE&catid=F7F89B9B-6697-7881-54AE-4C39276BF1B8 HTTP/1.1" 200 88917
35.82.16.243 - - [06/Nov/2024:00:03:46 +0100] "GET /ticket2/opencms/ro/buy?page=1&edid=11EFBC55-130A-2310-B776-C5D86878BDAB HTTP/1.1" 200 130384
81.167.26.57 - - [06/Nov/2024:00:03:46 +0100] "GET /ticket2/opencms/sv/login/?edid=80017310-82F3-998C-4F5F-DFBBB9C0DF8F HTTP/1.1" 200 82688
23.21.175.228 - - [06/Nov/2024:00:03:46 +0100] "GET /ticket2/opencms/is/buy/?edid=63B3C27F-3402-BA64-D032-5846FD6DB5B5&page=1 HTTP/1.1" 200 101848
188.165.241.181 - - [06/Nov/2024:00:03:46 +0100] "GET /ticket2/opencms/no/buy/?page=1&edid=0FDA018D-B8AF-3F2B-04D5-9F590D681B22&sortorder=desc&column=section HTTP/1.1" 200 101711
81.167.26.57 - - [06/Nov/2024:00:03:50 +0100] "GET /ticket2/opencms/sv/login/?edid=826B0A5E-4823-F5E0-DF6F-DEBCDC75938F HTTP/1.1" 200 82688
52.205.113.104 - - [06/Nov/2024:00:03:50 +0100] "GET /ticket2/opencms/is/buy/?edid=1B1B1FC4-4D35-11C5-5D85-DF2C3A11720F&page=1 HTTP/1.1" 200 101015
81.167.26.57 - - [06/Nov/2024:00:03:53 +0100] "GET /ticket2/opencms/sv/login/?edid=830EDC92-4B16-CDC6-6C3E-65134AF2D57E HTTP/1.1" 200 82688
