188.165.241.181 - - [06/Nov/2024:00:09:11 +0100] "GET /ticket2/opencms/no/buy/?page=1&edid=19E6AA26-8C71-91B2-57B1-FE9ADF08994E&sortorder=desc&column=section HTTP/1.1" 200 102190
54.36.148.169 - - [06/Nov/2024:00:09:12 +0100] "GET /ticket2/opencms/is/buy?page=6&comcatid=97ECA65A-72DA-F9AF-9DBB-245D3CFED1BE&catid=F7F89B9B-6697-7881-54AE-4C39276BF1B8 HTTP/1.1" 200 88924
66.249.79.103 - - [06/Nov/2024:00:09:12 +0100] "GET /ticket2/opencms/el/buy?page=1&edid=830F2AEC-7FB6-11C1-AD11-54BD6744D648 HTTP/1.1" 200 123616
188.165.241.181 - - [06/Nov/2024:00:09:15 +0100] "GET /ticket2/opencms/no/buy/?page=1&edid=1A0D0579-4E59-3474-5A13-81F3BA1DEBCE&sortorder=asc&column=price HTTP/1.1" 200 103173
107.22.208.39 - - [06/Nov/2024:00:09:15 +0100] "GET /ticket2/opencms/is/buy/?edid=779DCE22-7865-5C8E-54FB-44794C9B955F&page=1 HTTP/1.1" 200 122070
52.45.92.83 - - [06/Nov/2024:00:09:19 +0100] "GET /ticket2/opencms/is/buy/?edid=2B4D80E3-665D-28EB-9306-0D3E928A752F&page=1 HTTP/1.1" 200 98823
35.82.16.243 - - [06/Nov/2024:00:09:20 +0100] "GET /ticket2/opencms/fi/login HTTP/1.1" 200 83593
188.165.241.181 - - [06/Nov/2024:00:09:20 +0100] "GET /ticket2/opencms/no/buy/?page=1&edid=1A0D0579-4E59-3474-5A13-81F3BA1DEBCE&sortorder=asc&column=row HTTP/1.1" 200 103081
35.82.16.243 - - [06/Nov/2024:00:09:22 +0100] "GET /ticket2/opencms/en/sell/ HTTP/1.1" 302 -
52.203.152.231 - - [06/Nov/2024:00:09:23 +0100] "GET /ticket2/opencms/is/buy/?edid=4F823A18-A71D-F820-FD7B-2CC78F9C9CC8&page=1 HTTP/1.1" 200 122091
188.165.241.181 - - [06/Nov/2024:00:09:24 +0100] "GET /ticket2/opencms/no/buy/?page=1&edid=1A0D0579-4E59-3474-5A13-81F3BA1DEBCE&sortorder=asc&column=section HTTP/1.1" 200 103265
114.119.148.14 - - [06/Nov/2024:00:09:25 +0100] "GET /ticket2/opencms/en/sell/?edid=FB919A6A-DE02-1353-FDB8-CEDFF340E9B7 HTTP/1.1" 302 -
54.80.185.200 - - [06/Nov/2024:00:09:27 +0100] "GET /ticket2/opencms/is/buy/?edid=31B9C446-A8DC-95DD-A849-35A34B746A74&page=1 HTTP/1.1" 200 122077
188.165.241.181 - - [06/Nov/2024:00:09:28 +0100] "GET /ticket2/opencms/no/buy/?page=1&edid=1A0D0579-4E59-3474-5A13-81F3BA1DEBCE&sortorder=desc&column=price HTTP/1.1" 200 103218
124.220.24.137 - - [06/Nov/2024:00:09:29 +0100] "GET /ticket2/opencms/ HTTP/1.1" 302 -
54.85.126.86 - - [06/Nov/2024:00:09:31 +0100] "GET /ticket2/opencms/is/buy/?edid=A8F677E6-A548-E0DF-93F9-55173D9897A9&page=1 HTTP/1.1" 200 108841
114.119.148.14 - - [06/Nov/2024:00:09:31 +0100] "GET /ticket2/opencms/en/login/?url=/en/sell/ HTTP/1.1" 200 81865
35.82.16.243 - - [06/Nov/2024:00:09:32 +0100] "GET /ticket2/opencms/de/buy?page=1&edid=5E608C7A-903B-E4BB-4868-5D83917347B8 HTTP/1.1" 200 133854
188.165.241.181 - - [06/Nov/2024:00:09:33 +0100] "GET /ticket2/opencms/no/buy/?page=1&edid=1A0D0579-4E59-3474-5A13-81F3BA1DEBCE&sortorder=desc&column=row HTTP/1.1" 200 103126
44.207.207.36 - - [06/Nov/2024:00:09:35 +0100] "GET /ticket2/opencms/is/buy/?edid=76AC12AC-4686-41BA-93AB-CDA5668851B1&page=1 HTTP/1.1" 200 108353
188.165.241.181 - - [06/Nov/2024:00:09:37 +0100] "GET /ticket2/opencms/no/buy/?page=1&edid=1B4F6C5B-BAFB-1ABF-BC73-B86FEBD8CF90&sortorder=desc&column=price HTTP/1.1" 200 99506
116.203.223.22 - - [06/Nov/2024:00:09:37 +0100] "GET /ticket2/opencms/sitemap.xml HTTP/1.1" 200 715529
35.82.16.243 - - [06/Nov/2024:00:09:38 +0100] "GET /ticket2/opencms/el/buy?page=1&edid=5E608C7A-903B-E4BB-4868-5D83917347B8 HTTP/1.1" 200 137738
54.243.63.52 - - [06/Nov/2024:00:09:39 +0100] "GET /ticket2/opencms/is/buy/?edid=8A676299-B54E-C301-442A-823ABEA189C5&page=1 HTTP/1.1" 200 108388
116.203.223.22 - - [06/Nov/2024:00:09:39 +0100] "GET /ticket2/opencms/sv/sport/fotbollsbiljetter/premier_league/ HTTP/1.1" 200 89882
116.203.223.22 - - [06/Nov/2024:00:09:40 +0100] "GET /ticket2/opencms/sv/sport/fotbollsbiljetter/ HTTP/1.1" 200 87658
116.203.223.22 - - [06/Nov/2024:00:09:40 +0100] "GET /ticket2/opencms/sv/sport/fotbollsbiljetter/premier_league/birmingham/ HTTP/1.1" 200 78100
116.203.223.22 - - [06/Nov/2024:00:09:40 +0100] "GET /ticket2/opencms/sv/sport/fotbollsbiljetter/premier_league/wigan/ HTTP/1.1" 200 79569
116.203.223.22 - - [06/Nov/2024:00:09:40 +0100] "GET /ticket2/opencms/sv/sport/fotbollsbiljetter/premier_league/burnley/ HTTP/1.1" 200 79071
116.203.223.22 - - [06/Nov/2024:00:09:40 +0100] "GET /ticket2/opencms/sv/sport/fotbollsbiljetter/premier_league/blackburn_rovers/ HTTP/1.1" 200 80004
116.203.223.22 - - [06/Nov/2024:00:09:41 +0100] "GET /ticket2/opencms/sv/sport/fotbollsbiljetter/premier_league/liverpool/ HTTP/1.1" 200 96665
116.203.223.22 - - [06/Nov/2024:00:09:41 +0100] "GET /ticket2/opencms/sv/sport/fotbollsbiljetter/premier_league/sunderland/ HTTP/1.1" 200 80035
116.203.223.22 - - [06/Nov/2024:00:09:41 +0100] "GET /ticket2/opencms/sv/sport/fotbollsbiljetter/premier_league/stoke/ HTTP/1.1" 200 79623
116.203.223.22 - - [06/Nov/2024:00:09:41 +0100] "GET /ticket2/opencms/sv/sport/fotbollsbiljetter/premier_league/bolton_wanderers/ HTTP/1.1" 200 79540
188.165.241.181 - - [06/Nov/2024:00:09:42 +0100] "GET /ticket2/opencms/no/buy/?page=1&edid=1DBF14B5-C823-5399-D365-712859C1D3D3&sortorder=desc&column=price HTTP/1.1" 200 102960
18.205.127.11 - - [06/Nov/2024:00:09:42 +0100] "GET /ticket2/opencms/is/buy/?edid=80629047-5380-DFBF-02A3-7565A4409F20&page=1 HTTP/1.1" 200 98800
114.119.129.189 - - [06/Nov/2024:00:09:43 +0100] "GET /ticket2/opencms/en/venue/?venueid=B3BE141E-CF3F-F6A7-8B12-1986445931C5 HTTP/1.1" 200 77005
116.203.223.22 - - [06/Nov/2024:00:09:43 +0100] "GET /ticket2/opencms/sv/sport/fotbollsbiljetter/premier_league/chelsea/ HTTP/1.1" 200 96149
116.203.223.22 - - [06/Nov/2024:00:09:43 +0100] "GET /ticket2/opencms/sv/sport/fotbollsbiljetter/premier_league/wolverhampton/ HTTP/1.1" 200 94766
116.203.223.22 - - [06/Nov/2024:00:09:43 +0100] "GET /ticket2/opencms/sv/sport/fotbollsbiljetter/premier_league/manchester_united/ HTTP/1.1" 200 97660
35.82.16.243 - - [06/Nov/2024:00:09:44 +0100] "GET /ticket2/opencms/mt/buy?page=1&edid=5E608C7A-903B-E4BB-4868-5D83917347B8 HTTP/1.1" 200 134679
116.203.223.22 - - [06/Nov/2024:00:09:45 +0100] "GET /ticket2/opencms/sv/sport/fotbollsbiljetter/premier_league/arsenal/ HTTP/1.1" 200 97976
116.203.223.22 - - [06/Nov/2024:00:09:45 +0100] "GET /ticket2/opencms/sv/sport/fotbollsbiljetter/premier_league/everton/ HTTP/1.1" 200 94505
116.203.223.22 - - [06/Nov/2024:00:09:46 +0100] "GET /ticket2/opencms/sv/sport/fotbollsbiljetter/premier_league/aston_villa/ HTTP/1.1" 200 94961
116.203.223.22 - - [06/Nov/2024:00:09:46 +0100] "GET /ticket2/opencms/sv/sport/fotbollsbiljetter/premier_league/manchester_city/ HTTP/1.1" 200 97453
116.203.223.22 - - [06/Nov/2024:00:09:46 +0100] "GET /ticket2/opencms/sv/sport/fotbollsbiljetter/premier_league/west_ham_united/ HTTP/1.1" 200 95931
3.222.85.38 - - [06/Nov/2024:00:09:47 +0100] "GET /ticket2/opencms/is/buy/?edid=BCB4C6BC-01F1-9B82-B9A0-788195DE1926&page=1 HTTP/1.1" 200 110571
54.36.149.76 - - [06/Nov/2024:00:09:47 +0100] "GET /ticket2/opencms/ka/buy?page=6&comcatid=97ECA65A-72DA-F9AF-9DBB-245D3CFED1BE&catid=F7F89B9B-6697-7881-54AE-4C39276BF1B8 HTTP/1.1" 200 90298
188.165.241.181 - - [06/Nov/2024:00:09:47 +0100] "GET /ticket2/opencms/no/buy/?page=1&edid=32D997E3-A24F-C86C-83A0-CCE54BCFCF23&sortorder=desc&column=row HTTP/1.1" 200 99378
116.203.223.22 - - [06/Nov/2024:00:09:47 +0100] "GET /ticket2/opencms/sv/sport/fotbollsbiljetter/premier_league/tottenham/ HTTP/1.1" 200 97494
116.203.223.22 - - [06/Nov/2024:00:09:48 +0100] "GET /ticket2/opencms/sv/ HTTP/1.1" 200 95952
35.82.16.243 - - [06/Nov/2024:00:09:49 +0100] "GET /ticket2/opencms/no/buy?page=1&edid=5E608C7A-903B-E4BB-4868-5D83917347B8 HTTP/1.1" 200 133938
34.192.67.98 - - [06/Nov/2024:00:09:51 +0100] "GET /ticket2/opencms/is/buy/?edid=24A843F5-AE99-1BDD-5A34-93381BE14187&page=1 HTTP/1.1" 200 104815
114.119.140.111 - - [06/Nov/2024:00:09:51 +0100] "GET /ticket2/opencms/en/sell/?edid=C745FD9C-E4F5-85D2-2C02-6F7F28487B47 HTTP/1.1" 302 -
116.203.223.22 - - [06/Nov/2024:00:09:52 +0100] "GET /ticket2/opencms/sv/sport/fotbollsbiljetter/la_liga/ HTTP/1.1" 200 88588
188.165.241.181 - - [06/Nov/2024:00:09:52 +0100] "GET /ticket2/opencms/no/buy/?page=1&edid=32E593F0-DAB2-EBDA-D7C2-9EF9A183088B&sortorder=desc&column=price HTTP/1.1" 200 101686
116.203.223.22 - - [06/Nov/2024:00:09:52 +0100] "GET /ticket2/opencms/sv/sport/fotbollsbiljetter/la_liga/atletico-madrid/ HTTP/1.1" 200 95154
37.123.143.11 - - [06/Nov/2024:00:09:54 +0100] "POST /ticket2/opencms/system/workplace/views/top_head.jsp HTTP/1.1" 200 8577
37.123.143.11 - - [06/Nov/2024:00:09:54 +0100] "GET /ticket2/opencms/system/workplace/commons/style/workplace.css HTTP/1.1" 200 14209
37.123.143.11 - - [06/Nov/2024:00:09:54 +0100] "GET /ticket2/opencms/system/workplace/views/explorer/explorer_fs.jsp HTTP/1.1" 200 448
37.123.143.11 - - [06/Nov/2024:00:09:54 +0100] "GET /ticket2/opencms/system/workplace/views/explorer/explorer_body_fs.jsp HTTP/1.1" 200 400
34.225.24.180 - - [06/Nov/2024:00:09:54 +0100] "GET /ticket2/opencms/is/buy/?edid=21D2AFB5-938E-EEAC-97B2-16852695CE24&page=1 HTTP/1.1" 200 98783
37.123.143.11 - - [06/Nov/2024:00:09:54 +0100] "GET /ticket2/opencms/system/workplace/views/explorer/tree_fs.jsp HTTP/1.1" 200 3861
37.123.143.11 - - [06/Nov/2024:00:09:54 +0100] "GET /ticket2/opencms/system/workplace/views/explorer/explorer_files.jsp?mode=explorerview HTTP/1.1" 200 1123
37.123.143.11 - - [06/Nov/2024:00:09:55 +0100] "GET /ticket2/opencms/system/workplace/views/explorer/tree_files.jsp?resource=/ HTTP/1.1" 200 3335
37.123.143.11 - - [06/Nov/2024:00:09:55 +0100] "GET /ticket2/opencms/system/workplace/commons/style/workplace.css HTTP/1.1" 200 14209
35.82.16.243 - - [06/Nov/2024:00:09:56 +0100] "GET /ticket2/opencms/sl/buy?page=1&edid=0F9D6B87-FBA2-98F6-6A11-CBBA4D2A86C1 HTTP/1.1" 200 132737
37.123.143.11 - - [06/Nov/2024:00:09:56 +0100] "POST /ticket2/opencms/system/workplace/views/explorer/contextmenu.jsp HTTP/1.1" 200 4485
114.119.140.111 - - [06/Nov/2024:00:09:56 +0100] "GET /ticket2/opencms/en/login/?url=/en/sell/ HTTP/1.1" 200 81865
116.203.223.22 - - [06/Nov/2024:00:09:56 +0100] "GET /ticket2/opencms/sv/sport/fotbollsbiljetter/la_liga/deportivo-de-la-coruna/ HTTP/1.1" 200 79209
37.123.143.11 - - [06/Nov/2024:00:09:56 +0100] "POST /ticket2/opencms/system/workplace/editors/editor.jsp HTTP/1.1" 200 960
37.123.143.11 - - [06/Nov/2024:00:09:56 +0100] "GET /ticket2/opencms/system/workplace/views/top_foot.jsp HTTP/1.1" 200 1210
37.123.143.11 - - [06/Nov/2024:00:09:56 +0100] "GET /ticket2/opencms/system/workplace/editors/editor_main.jsp?resourcelist=&resource=%2Fsystem%2Fmodules%2Fcom.gridnine.opencms.ticketbrokerage.site%2Felements%2Fseo%2Fsitemap-generator.jsp HTTP/1.1" 200 23842
37.123.143.11 - - [06/Nov/2024:00:09:56 +0100] "GET /ticket2/opencms/system/workplace/commons/style/workplace.css HTTP/1.1" 200 14209
37.123.143.11 - - [06/Nov/2024:00:09:56 +0100] "GET /ticket2/opencms/system/workplace/commons/style/workplace.css HTTP/1.1" 200 14209
188.165.241.181 - - [06/Nov/2024:00:09:57 +0100] "GET /ticket2/opencms/no/buy/?page=1&edid=3724421D-8712-70E6-408D-D3669BC23C72&sortorder=desc&column=price HTTP/1.1" 200 103421
3.212.205.90 - - [06/Nov/2024:00:09:59 +0100] "GET /ticket2/opencms/is/buy/?edid=6C967880-E08B-3121-25D0-F145A5542A49&page=1 HTTP/1.1" 200 117192
116.203.223.22 - - [06/Nov/2024:00:10:00 +0100] "GET /ticket2/opencms/sv/sport/fotbollsbiljetter/premier_league/west-bromwich-albion/ HTTP/1.1" 200 80440
35.82.16.243 - - [06/Nov/2024:00:10:00 +0100] "GET /ticket2/opencms/sl/sport/nogometne-vstopnice/bundesliga HTTP/1.1" 200 84779
47.128.60.99 - - [06/Nov/2024:00:10:01 +0100] "GET /ticket2/opencms/be/buy?edid=951287E4-3388-8292-36EB-2A2F3CE27B48 HTTP/1.1" 200 82069
188.165.241.181 - - [06/Nov/2024:00:10:01 +0100] "GET /ticket2/opencms/no/buy/?page=1&edid=3724421D-8712-70E6-408D-D3669BC23C72&sortorder=desc&column=row HTTP/1.1" 200 103329
54.197.82.195 - - [06/Nov/2024:00:10:02 +0100] "GET /ticket2/opencms/is/buy/?edid=59510E33-7947-2FED-CC14-F0612B76476A&page=1 HTTP/1.1" 200 104856
116.203.223.22 - - [06/Nov/2024:00:10:04 +0100] "GET /ticket2/opencms/mo/sport/bilete-la-fotbal/premier-league HTTP/1.1" 200 94989
188.165.241.181 - - [06/Nov/2024:00:10:05 +0100] "GET /ticket2/opencms/no/buy/?page=1&edid=3724421D-8712-70E6-408D-D3669BC23C72&sortorder=desc&column=section HTTP/1.1" 200 103513
35.82.16.243 - - [06/Nov/2024:00:10:06 +0100] "GET /ticket2/opencms/sl/sport/nogometne-vstopnice/ligue-1 HTTP/1.1" 500 -
116.203.223.22 - - [06/Nov/2024:00:10:06 +0100] "GET /ticket2/opencms/sr/sport/fudbalske-karte/premier-league HTTP/1.1" 200 95298
18.205.91.101 - - [06/Nov/2024:00:10:07 +0100] "GET /ticket2/opencms/is/buy/?edid=2F903B76-B444-9E06-66EB-768066A106B0&page=1 HTTP/1.1" 200 98824
116.203.223.22 - - [06/Nov/2024:00:10:07 +0100] "GET /ticket2/opencms/uk/sport/kvytky-na-futbol/premier-league HTTP/1.1" 200 95477
116.203.223.22 - - [06/Nov/2024:00:10:07 +0100] "GET /ticket2/opencms/sv/sport/fotbollsbiljetter/la_liga/athletic-bilbao/ HTTP/1.1" 200 86430
188.165.241.181 - - [06/Nov/2024:00:10:09 +0100] "GET /ticket2/opencms/no/buy/?page=1&edid=372BCEBA-73D9-CD96-AB91-B58F0B5EBDCF&sortorder=asc&column=row HTTP/1.1" 200 100395
98.83.8.142 - - [06/Nov/2024:00:10:11 +0100] "GET /ticket2/opencms/is/buy/?edid=7E364FB9-5265-5297-954B-387D331A0D6F&page=1 HTTP/1.1" 200 103445
116.203.223.22 - - [06/Nov/2024:00:10:11 +0100] "GET /ticket2/opencms/sk/sport/futbalove-listky/premier-league HTTP/1.1" 200 94934
188.165.241.181 - - [06/Nov/2024:00:10:14 +0100] "GET /ticket2/opencms/no/buy/?page=1&edid=37A4DAAB-625B-DF72-E6EA-4F4DA29403EA&sortorder=asc&column=price HTTP/1.1" 200 101822
116.203.223.22 - - [06/Nov/2024:00:10:14 +0100] "GET /ticket2/opencms/sv/sport/fotbollsbiljetter/la_liga/almeria/ HTTP/1.1" 200 79468
116.203.223.22 - - [06/Nov/2024:00:10:14 +0100] "GET /ticket2/opencms/sv/sport/fotbollsbiljetter/la_liga/real_madrid/ HTTP/1.1" 200 95519
44.193.115.232 - - [06/Nov/2024:00:10:14 +0100] "GET /ticket2/opencms/is/buy/?edid=ACE9CA7D-7806-FEA9-5C42-376512A5CAAD&page=1 HTTP/1.1" 200 100967
35.82.16.243 - - [06/Nov/2024:00:10:15 +0100] "GET /ticket2/opencms/sl/sport/nogometne-vstopnice/premier-league HTTP/1.1" 200 94854
188.165.241.181 - - [06/Nov/2024:00:10:18 +0100] "GET /ticket2/opencms/no/buy/?page=1&edid=37A4DAAB-625B-DF72-E6EA-4F4DA29403EA&sortorder=asc&column=row HTTP/1.1" 200 101730
116.203.223.22 - - [06/Nov/2024:00:10:18 +0100] "GET /ticket2/opencms/hu/sport/focijegyek/premier-league HTTP/1.1" 200 94897
116.203.223.22 - - [06/Nov/2024:00:10:18 +0100] "GET /ticket2/opencms/sv/sport/fotbollsbiljetter/la_liga/barcelona/ HTTP/1.1" 200 96550
52.4.76.156 - - [06/Nov/2024:00:10:18 +0100] "GET /ticket2/opencms/is/buy/?edid=812FD49D-304A-7328-3A5E-992562A1F44A&page=1 HTTP/1.1" 200 102110
116.203.223.22 - - [06/Nov/2024:00:10:20 +0100] "GET /ticket2/opencms/sq/sport/bileta-per-futboll/premier-league HTTP/1.1" 200 94907
116.203.223.22 - - [06/Nov/2024:00:10:20 +0100] "GET /ticket2/opencms/hr/sport/nogometne-ulaznice/premier-league HTTP/1.1" 200 94878
116.203.223.22 - - [06/Nov/2024:00:10:20 +0100] "GET /ticket2/opencms/ka/sport/pekhburti-biletebi/premier-league HTTP/1.1" 200 96115
116.203.223.22 - - [06/Nov/2024:00:10:20 +0100] "GET /ticket2/opencms/fi/urheilu/jalkapallo/premier_league HTTP/1.1" 200 89493
54.36.149.103 - - [06/Nov/2024:00:10:21 +0100] "GET /ticket2/opencms/lt/buy?page=6&comcatid=97ECA65A-72DA-F9AF-9DBB-245D3CFED1BE&catid=F7F89B9B-6697-7881-54AE-4C39276BF1B8 HTTP/1.1" 200 88926
188.165.241.181 - - [06/Nov/2024:00:10:21 +0100] "GET /ticket2/opencms/no/buy/?page=1&edid=37A4DAAB-625B-DF72-E6EA-4F4DA29403EA&sortorder=asc&column=section HTTP/1.1" 200 101914
116.203.223.22 - - [06/Nov/2024:00:10:23 +0100] "GET /ticket2/opencms/sl/sport/nogometne-vstopnice/premier-league HTTP/1.1" 200 94854
116.203.223.22 - - [06/Nov/2024:00:10:23 +0100] "GET /ticket2/opencms/sv/sport/fotbollsbiljetter/la_liga/espanyol/ HTTP/1.1" 200 92881
52.73.142.41 - - [06/Nov/2024:00:10:23 +0100] "GET /ticket2/opencms/is/buy/?edid=57449F59-3EAF-BBAB-4AC9-B7A456A32485&page=1 HTTP/1.1" 200 114139
116.203.223.22 - - [06/Nov/2024:00:10:26 +0100] "GET /ticket2/opencms/lv/sport/futbola-biletes/premier-league HTTP/1.1" 200 94894
54.157.99.244 - - [06/Nov/2024:00:10:26 +0100] "GET /ticket2/opencms/is/buy/?edid=CBDF47AD-F7D8-A677-7E8E-783C31186D97&page=1 HTTP/1.1" 200 98814
116.203.223.22 - - [06/Nov/2024:00:10:26 +0100] "GET /ticket2/opencms/bs/sport/fudbalske-karte/premier-league HTTP/1.1" 200 94860
188.165.241.181 - - [06/Nov/2024:00:10:27 +0100] "GET /ticket2/opencms/no/buy/?page=1&edid=37CCBCCA-CDAD-6DBB-02E4-092F4F3842E9&sortorder=desc&column=price HTTP/1.1" 200 102961
40.77.167.7 - - [06/Nov/2024:00:10:27 +0100] "GET /ticket2/opencms/mo/buy?page=1&edid=8EE24D2F-4BF0-A103-6944-36103BCA6278 HTTP/1.1" 200 112639
116.203.223.22 - - [06/Nov/2024:00:10:28 +0100] "GET /ticket2/opencms/sv/sport/fotbollsbiljetter/premier_league/london/ HTTP/1.1" 200 83834
116.203.223.22 - - [06/Nov/2024:00:10:28 +0100] "GET /ticket2/opencms/de/sport/fussball-tickets/premier_league HTTP/1.1" 200 94495
35.82.16.243 - - [06/Nov/2024:00:10:29 +0100] "GET /ticket2/opencms/cs/buy?page=1&edid=5E608C7A-903B-E4BB-4868-5D83917347B8 HTTP/1.1" 200 134773
54.145.82.217 - - [06/Nov/2024:00:10:31 +0100] "GET /ticket2/opencms/is/buy/?edid=2B44308E-1778-CFAE-7385-18758823F6EB&page=1 HTTP/1.1" 200 135247
116.203.223.22 - - [06/Nov/2024:00:10:31 +0100] "GET /ticket2/opencms/ga/sport/ticeid-peile/premier-league HTTP/1.1" 200 94950
188.165.241.181 - - [06/Nov/2024:00:10:31 +0100] "GET /ticket2/opencms/no/buy/?page=1&edid=37CCBCCA-CDAD-6DBB-02E4-092F4F3842E9&sortorder=desc&column=row HTTP/1.1" 200 102869
35.82.16.243 - - [06/Nov/2024:00:10:32 +0100] "GET /ticket2/opencms/hr/buy?page=1&edid=5E608C7A-903B-E4BB-4868-5D83917347B8 HTTP/1.1" 200 134269
116.203.223.22 - - [06/Nov/2024:00:10:33 +0100] "GET /ticket2/opencms/ro/sport/bilete-fotbal/premier-league HTTP/1.1" 200 94601
116.203.223.22 - - [06/Nov/2024:00:10:34 +0100] "GET /ticket2/opencms/be/sport/futbol-kvitki/premier-league HTTP/1.1" 200 95471
184.73.47.24 - - [06/Nov/2024:00:10:35 +0100] "GET /ticket2/opencms/is/buy/?edid=12E0AD86-DC28-E34C-4681-77C2F67FD00B&page=1 HTTP/1.1" 200 98830
188.165.241.181 - - [06/Nov/2024:00:10:36 +0100] "GET /ticket2/opencms/no/buy/?page=1&edid=37CCBCCA-CDAD-6DBB-02E4-092F4F3842E9&sortorder=desc&column=section HTTP/1.1" 200 103053
116.203.223.22 - - [06/Nov/2024:00:10:36 +0100] "GET /ticket2/opencms/sq/sport/bileta-per-futboll HTTP/1.1" 500 -
35.82.16.243 - - [06/Nov/2024:00:10:37 +0100] "GET /ticket2/opencms/mk/buy?page=1&edid=5E608C7A-903B-E4BB-4868-5D83917347B8 HTTP/1.1" 404 -
47.128.27.17 - - [06/Nov/2024:00:10:38 +0100] "GET /ticket2/opencms/nl/buy/?catid=6CD184E8-C8D4-E1CC-33D0-6F47E3751240&comcatid=97ECA65A-72DA-F9AF-9DBB-245D3CFED1BE&page=6 HTTP/1.1" 200 86738
116.203.223.22 - - [06/Nov/2024:00:10:38 +0100] "GET /ticket2/opencms/lt/sport/futbolo-bilietai/premier-league HTTP/1.1" 200 94929
188.165.241.181 - - [06/Nov/2024:00:10:40 +0100] "GET /ticket2/opencms/no/buy/?page=1&edid=380A647D-D09F-827D-7B94-EB033087B198&sortorder=desc&column=price HTTP/1.1" 200 103421
18.215.49.176 - - [06/Nov/2024:00:10:40 +0100] "GET /ticket2/opencms/is/buy/?edid=BBDCBF15-1B06-DD9F-49B6-3829D3B56DBC&page=1 HTTP/1.1" 200 101025
116.203.223.22 - - [06/Nov/2024:00:10:40 +0100] "GET /ticket2/opencms/dk/sport/fodboldbilletter/premier-league HTTP/1.1" 200 89331
35.82.16.243 - - [06/Nov/2024:00:10:41 +0100] "GET /ticket2/opencms/fr/buy?page=1&edid=5E608C7A-903B-E4BB-4868-5D83917347B8 HTTP/1.1" 200 134389
116.203.223.22 - - [06/Nov/2024:00:10:42 +0100] "GET /ticket2/opencms/bg/sport/futbolni-bileti/premier-league HTTP/1.1" 200 95344
188.165.241.181 - - [06/Nov/2024:00:10:43 +0100] "GET /ticket2/opencms/no/buy/?page=1&edid=380A647D-D09F-827D-7B94-EB033087B198&sortorder=desc&column=row HTTP/1.1" 200 103329
116.203.223.22 - - [06/Nov/2024:00:10:43 +0100] "GET /ticket2/opencms/mo/sport/bilete-la-fotbal HTTP/1.1" 200 88212
3.93.211.16 - - [06/Nov/2024:00:10:43 +0100] "GET /ticket2/opencms/is/buy/?edid=52F83580-0FD4-F06F-050A-AE1CCE4A20C1&page=1 HTTP/1.1" 200 111632
116.203.223.22 - - [06/Nov/2024:00:10:45 +0100] "GET /ticket2/opencms/sr/sport/fudbalske-karte HTTP/1.1" 200 88693
116.203.223.22 - - [06/Nov/2024:00:10:45 +0100] "GET /ticket2/opencms/uk/sport/kvytky-na-futbol HTTP/1.1" 500 -
35.82.16.243 - - [06/Nov/2024:00:10:45 +0100] "GET /ticket2/opencms/ka/buy?page=1&edid=5E608C7A-903B-E4BB-4868-5D83917347B8 HTTP/1.1" 200 140127
188.165.241.181 - - [06/Nov/2024:00:10:47 +0100] "GET /ticket2/opencms/no/buy/?page=1&edid=381EAD1A-035D-6D85-7293-91E69E6AF5D5&sortorder=asc&column=price HTTP/1.1" 200 102915
116.203.223.22 - - [06/Nov/2024:00:10:48 +0100] "GET /ticket2/opencms/cs/sport/fotbalove-listky/premier-league HTTP/1.1" 200 94906
116.203.223.22 - - [06/Nov/2024:00:10:48 +0100] "GET /ticket2/opencms/hu/sport/focijegyek HTTP/1.1" 200 88059
3.221.50.71 - - [06/Nov/2024:00:10:48 +0100] "GET /ticket2/opencms/is/buy/?edid=B12376C6-BA7F-3D61-F970-EF51106430AB&page=1 HTTP/1.1" 200 120111
116.203.223.22 - - [06/Nov/2024:00:10:49 +0100] "GET /ticket2/opencms/ka/sport/pekhburti-biletebi HTTP/1.1" 200 90467
116.203.223.22 - - [06/Nov/2024:00:10:50 +0100] "GET /ticket2/opencms/sk/sport/futbalove-listky HTTP/1.1" 200 88198
52.4.213.199 - - [06/Nov/2024:00:10:51 +0100] "GET /ticket2/opencms/is/buy/?edid=9CB65BAE-DCD8-2D95-397D-813CF31BA500&page=1 HTTP/1.1" 200 125125
188.165.241.181 - - [06/Nov/2024:00:10:51 +0100] "GET /ticket2/opencms/no/buy/?page=1&edid=381EAD1A-035D-6D85-7293-91E69E6AF5D5&sortorder=asc&column=row HTTP/1.1" 200 102823
35.82.16.243 - - [06/Nov/2024:00:10:52 +0100] "GET /ticket2/opencms/sl/buy?page=1&edid=19422468-9239-E426-DB02-7FA0504E2BEC HTTP/1.1" 200 129982
34.225.24.180 - - [06/Nov/2024:00:10:55 +0100] "GET /ticket2/opencms/is/buy/?edid=207C2646-D7DC-44FF-090D-40B991F2D67E&page=1 HTTP/1.1" 200 98808
116.203.223.22 - - [06/Nov/2024:00:10:56 +0100] "GET /ticket2/opencms/no/sport/fotballsbilletter/premier_league HTTP/1.1" 200 90059
188.165.241.181 - - [06/Nov/2024:00:10:56 +0100] "GET /ticket2/opencms/no/buy/?page=1&edid=381EAD1A-035D-6D85-7293-91E69E6AF5D5&sortorder=asc&column=section HTTP/1.1" 200 103007
35.82.16.243 - - [06/Nov/2024:00:10:57 +0100] "GET /ticket2/opencms/sl/buy?page=1&edid=8EE24D2F-4BF0-A103-6944-36103BCA6278 HTTP/1.1" 200 112343
116.203.223.22 - - [06/Nov/2024:00:10:57 +0100] "GET /ticket2/opencms/tr/spor/futbol-biletleri/premier-league HTTP/1.1" 404 -
116.203.223.22 - - [06/Nov/2024:00:10:57 +0100] "GET /ticket2/opencms/et/sport/jalgpallipiletid/premier-league HTTP/1.1" 200 94878
54.36.148.167 - - [06/Nov/2024:00:10:59 +0100] "GET /ticket2/opencms/lv/buy?page=6&comcatid=97ECA65A-72DA-F9AF-9DBB-245D3CFED1BE&catid=F7F89B9B-6697-7881-54AE-4C39276BF1B8 HTTP/1.1" 200 88906
184.73.239.35 - - [06/Nov/2024:00:10:59 +0100] "GET /ticket2/opencms/is/buy/?edid=F1463EBE-6C18-CF49-B2AE-F79868BCA4F5&page=1 HTTP/1.1" 200 131034
188.165.241.181 - - [06/Nov/2024:00:11:00 +0100] "GET /ticket2/opencms/no/buy/?page=1&edid=38C5F8C8-F6C2-BA94-BDF5-C45BF1FEC28E&sortorder=asc&column=price HTTP/1.1" 200 103343
116.203.223.22 - - [06/Nov/2024:00:11:03 +0100] "GET /ticket2/opencms/en/sport/football-tickets/premier_league HTTP/1.1" 200 88094
116.203.223.22 - - [06/Nov/2024:00:11:03 +0100] "GET /ticket2/opencms/sl/sport/nogometne-vstopnice HTTP/1.1" 200 88224
3.213.85.234 - - [06/Nov/2024:00:11:03 +0100] "GET /ticket2/opencms/is/buy/?edid=6A920F16-DD42-2262-3AA2-B83D5743F13A&page=1 HTTP/1.1" 200 130275
116.203.223.22 - - [06/Nov/2024:00:11:04 +0100] "GET /ticket2/opencms/is/sport/fotbolti/premier-league HTTP/1.1" 200 94880
47.128.120.12 - - [06/Nov/2024:00:11:05 +0100] "GET /ticket2/opencms/is/buy/?edid=3706597D-01C1-24D2-0A1C-59FBD9F8851C HTTP/1.1" 200 81480
188.165.241.181 - - [06/Nov/2024:00:11:05 +0100] "GET /ticket2/opencms/no/buy/?page=1&edid=38C5F8C8-F6C2-BA94-BDF5-C45BF1FEC28E&sortorder=asc&column=row HTTP/1.1" 200 103251
35.82.16.243 - - [06/Nov/2024:00:11:05 +0100] "GET /ticket2/opencms/sl/sport/nogometne-vstopnice/premier-league/west-ham HTTP/1.1" 404 -
116.203.223.22 - - [06/Nov/2024:00:11:05 +0100] "GET /ticket2/opencms/hr/sport/nogometne-ulaznice HTTP/1.1" 200 88151
116.203.223.22 - - [06/Nov/2024:00:11:05 +0100] "GET /ticket2/opencms/fr/sport/billets-football/premier_league HTTP/1.1" 200 95100
116.203.223.22 - - [06/Nov/2024:00:11:07 +0100] "GET /ticket2/opencms/az/sport/futbol-biletleri/premier-league HTTP/1.1" 200 94252
18.214.138.148 - - [06/Nov/2024:00:11:07 +0100] "GET /ticket2/opencms/is/buy/?edid=F83ACB1F-A834-FC8E-AC9B-B9250F8FA653&page=1 HTTP/1.1" 200 114761
188.165.241.181 - - [06/Nov/2024:00:11:09 +0100] "GET /ticket2/opencms/no/buy/?page=1&edid=396E73A1-46EC-AE78-6AE7-B586CDD32038&sortorder=desc&column=section HTTP/1.1" 200 102290
116.203.223.22 - - [06/Nov/2024:00:11:09 +0100] "GET /ticket2/opencms/sq/sport/bileta-per-futboll/premier-league/liverpool HTTP/1.1" 200 97734
116.203.223.22 - - [06/Nov/2024:00:11:10 +0100] "GET /ticket2/opencms/mt/sport/biljetti-tal-futbol/premier-league HTTP/1.1" 200 94940
52.3.127.170 - - [06/Nov/2024:00:11:11 +0100] "GET /ticket2/opencms/is/buy/?edid=B089B4B8-933D-AB70-BE65-2A133877E5AC&page=1 HTTP/1.1" 200 126411
116.203.223.22 - - [06/Nov/2024:00:11:12 +0100] "GET /ticket2/opencms/it/sport/biglietti-calcio/premier-league HTTP/1.1" 200 94626
35.82.16.243 - - [06/Nov/2024:00:11:13 +0100] "GET /ticket2/opencms/uk/ HTTP/1.1" 200 97398
116.203.223.22 - - [06/Nov/2024:00:11:13 +0100] "GET /ticket2/opencms/ga/sport/ticeid-peile HTTP/1.1" 200 88135
116.203.223.22 - - [06/Nov/2024:00:11:13 +0100] "GET /ticket2/opencms/el/athlitismos/eisitiria-podosfairou/premier-league HTTP/1.1" 200 95734
188.165.241.181 - - [06/Nov/2024:00:11:14 +0100] "GET /ticket2/opencms/no/buy/?page=1&edid=398C31D5-5ABC-38AA-D716-23C97AFD2D61&sortorder=asc&column=price HTTP/1.1" 200 101667
52.167.144.173 - - [06/Nov/2024:00:11:14 +0100] "GET /ticket2/opencms/et/?comcatid=97ECA65A-72DA-F9AF-9DBB-245D3CFED1BE&catid=4C4DADF0-07CC-9B24-D2D9-940EF378BE99 HTTP/1.1" 200 96513
23.23.103.31 - - [06/Nov/2024:00:11:15 +0100] "GET /ticket2/opencms/is/buy/?edid=FF312D4E-5B6B-8FA5-BA69-635DC61A8F79&page=1 HTTP/1.1" 200 124717
44.223.232.55 - - [06/Nov/2024:00:11:19 +0100] "GET /ticket2/opencms/is/buy/?edid=4E7205D6-706A-C532-7304-E1DEEF899767&page=1 HTTP/1.1" 200 98812
116.203.223.22 - - [06/Nov/2024:00:11:19 +0100] "GET /ticket2/opencms/nl/sport/voetbal-tickets HTTP/1.1" 200 84480
188.165.241.181 - - [06/Nov/2024:00:11:19 +0100] "GET /ticket2/opencms/no/buy/?page=1&edid=3A37BCE8-6529-D527-7A05-B4A6F4329BC8 HTTP/1.1" 200 100996
116.203.223.22 - - [06/Nov/2024:00:11:20 +0100] "GET /ticket2/opencms/sk/sport/futbalove-listky/premier-league/liverpool HTTP/1.1" 200 97553
116.203.223.22 - - [06/Nov/2024:00:11:22 +0100] "GET /ticket2/opencms/es/deporte/entradas-futbol/premier-league HTTP/1.1" 200 94837
44.209.89.189 - - [06/Nov/2024:00:11:23 +0100] "GET /ticket2/opencms/is/buy/?edid=20146FB3-A7AB-AA61-9E1A-7C70A530633D&page=1 HTTP/1.1" 200 115514
47.128.117.1 - - [06/Nov/2024:00:11:24 +0100] "GET /ticket2/opencms/be/buy?edid=BF4FD546-C4DE-EDCA-D8F8-B2B17DB7AC99 HTTP/1.1" 200 82069
188.165.241.181 - - [06/Nov/2024:00:11:24 +0100] "GET /ticket2/opencms/no/buy/?page=1&edid=3ABB49E1-D37A-AB42-B430-1287E5A59D8D&sortorder=asc&column=row HTTP/1.1" 200 103286
35.82.16.243 - - [06/Nov/2024:00:11:25 +0100] "GET /ticket2/opencms/az/buy?page=1&edid=5E608C7A-903B-E4BB-4868-5D83917347B8 HTTP/1.1" 200 134788
116.203.223.22 - - [06/Nov/2024:00:11:25 +0100] "GET /ticket2/opencms/be/sport/futbol-kvitki HTTP/1.1" 200 88757
116.203.223.22 - - [06/Nov/2024:00:11:25 +0100] "GET /ticket2/opencms/mo/sport/bilete-la-fotbal/premier-league/liverpool HTTP/1.1" 200 97602
116.203.223.22 - - [06/Nov/2024:00:11:26 +0100] "GET /ticket2/opencms/sr/sport/fudbalske-karte/premier-league/liverpool HTTP/1.1" 200 97358
116.203.223.22 - - [06/Nov/2024:00:11:27 +0100] "GET /ticket2/opencms/sl/sport/nogometne-vstopnice/premier-league/liverpool HTTP/1.1" 200 96647
44.213.202.136 - - [06/Nov/2024:00:11:27 +0100] "GET /ticket2/opencms/is/buy/?edid=8551F24F-7E36-E365-707B-96D4F958640A&page=1 HTTP/1.1" 200 111334
116.203.223.22 - - [06/Nov/2024:00:11:27 +0100] "GET /ticket2/opencms/tr/spor/futbol-biletleri HTTP/1.1" 404 -
116.203.223.22 - - [06/Nov/2024:00:11:27 +0100] "GET /ticket2/opencms/lv/sport/futbola-biletes HTTP/1.1" 500 -
116.203.223.22 - - [06/Nov/2024:00:11:27 +0100] "GET /ticket2/opencms/bs/sport/fudbalske-karte HTTP/1.1" 200 88008
205.237.92.255 - - [06/Nov/2024:00:11:28 +0100] "GET /ticket2/opencms/nl/sell/ HTTP/1.1" 302 -
188.165.241.181 - - [06/Nov/2024:00:11:28 +0100] "GET /ticket2/opencms/no/buy/?page=1&edid=3B21FEBD-7D61-A4C3-8530-DE5492A7E3B2&sortorder=asc&column=section HTTP/1.1" 200 101661
116.203.223.22 - - [06/Nov/2024:00:11:29 +0100] "GET /ticket2/opencms/pl/sport/bilety-futbol HTTP/1.1" 200 87993
35.82.16.243 - - [06/Nov/2024:00:11:29 +0100] "GET /ticket2/opencms/hu/buy?page=1&edid=5E608C7A-903B-E4BB-4868-5D83917347B8 HTTP/1.1" 200 134684
54.197.178.107 - - [06/Nov/2024:00:11:31 +0100] "GET /ticket2/opencms/is/buy/?edid=DD26041B-007D-3EE6-A8F7-303AB350D2E4&page=1 HTTP/1.1" 200 124313
188.165.241.181 - - [06/Nov/2024:00:11:32 +0100] "GET /ticket2/opencms/no/buy/?page=1&edid=3BF089D2-CA6A-D5BF-ED58-5522099ECEE1&sortorder=desc&column=price HTTP/1.1" 200 102316
116.203.223.22 - - [06/Nov/2024:00:11:33 +0100] "GET /ticket2/opencms/pl/sport/bilety-futbol/premier-league HTTP/1.1" 200 94866
116.203.223.22 - - [06/Nov/2024:00:11:33 +0100] "GET /ticket2/opencms/et/sport/jalgpallipiletid HTTP/1.1" 200 88106
35.82.16.243 - - [06/Nov/2024:00:11:34 +0100] "GET /ticket2/opencms/nl/buy?page=1&edid=5E608C7A-903B-E4BB-4868-5D83917347B8 HTTP/1.1" 200 132197
34.194.226.74 - - [06/Nov/2024:00:11:34 +0100] "GET /ticket2/opencms/is/buy/?edid=8302A2CB-D3FF-EC40-FAFE-E99E29DF82E1&page=1 HTTP/1.1" 200 98808
116.203.223.22 - - [06/Nov/2024:00:11:35 +0100] "GET /ticket2/opencms/fi/urheilu/jalkapallo HTTP/1.1" 200 87560
188.165.241.181 - - [06/Nov/2024:00:11:36 +0100] "GET /ticket2/opencms/no/buy/?page=1&edid=3BF089D2-CA6A-D5BF-ED58-5522099ECEE1&sortorder=desc&column=row HTTP/1.1" 200 102224
35.82.16.243 - - [06/Nov/2024:00:11:36 +0100] "GET /ticket2/opencms/fr/buy?page=1&edid=BE8C7FA0-9E48-EAB3-3A70-9E9F9EA30F95 HTTP/1.1" 200 136260
35.82.16.243 - - [06/Nov/2024:00:11:37 +0100] "GET /ticket2/opencms/fr/buy?page=1&edid=C8E47E46-ADCD-586A-7BE4-CF1C96256B2D HTTP/1.1" 200 126317
116.203.223.22 - - [06/Nov/2024:00:11:38 +0100] "GET /ticket2/opencms/lt/sport/futbolo-bilietai HTTP/1.1" 200 88140
52.204.253.129 - - [06/Nov/2024:00:11:39 +0100] "GET /ticket2/opencms/is/buy/?edid=BB439D2C-76B4-AD0C-0FC4-79A0CD539AA0&page=1 HTTP/1.1" 200 124428
116.203.223.22 - - [06/Nov/2024:00:11:39 +0100] "GET /ticket2/opencms/ka/sport/pekhburti-biletebi/premier-league/liverpool HTTP/1.1" 200 97304
116.203.223.22 - - [06/Nov/2024:00:11:40 +0100] "GET /ticket2/opencms/no/sport/fotballsbilletter HTTP/1.1" 200 86811
116.203.223.22 - - [06/Nov/2024:00:11:40 +0100] "GET /ticket2/opencms/ga/sport/ticeid-peile/premier-league/liverpool HTTP/1.1" 200 97916
35.82.16.243 - - [06/Nov/2024:00:11:41 +0100] "GET /ticket2/opencms/sl/buy?page=1&edid=BE8C7FA0-9E48-EAB3-3A70-9E9F9EA30F95 HTTP/1.1" 200 136145
188.165.241.181 - - [06/Nov/2024:00:11:41 +0100] "GET /ticket2/opencms/no/buy/?page=1&edid=3BF089D2-CA6A-D5BF-ED58-5522099ECEE1&sortorder=desc&column=section HTTP/1.1" 200 102408
54.36.148.151 - - [06/Nov/2024:00:11:42 +0100] "GET /ticket2/opencms/mo/buy?page=6&comcatid=97ECA65A-72DA-F9AF-9DBB-245D3CFED1BE&catid=F7F89B9B-6697-7881-54AE-4C39276BF1B8 HTTP/1.1" 200 88962
52.3.104.214 - - [06/Nov/2024:00:11:42 +0100] "GET /ticket2/opencms/is/buy/?edid=E0D6851F-40BC-0E9D-F3C3-0714A83BDBF3&page=1 HTTP/1.1" 200 98838
116.203.223.22 - - [06/Nov/2024:00:11:46 +0100] "GET /ticket2/opencms/en/sport/football-tickets HTTP/1.1" 200 83788
188.165.241.181 - - [06/Nov/2024:00:11:47 +0100] "GET /ticket2/opencms/no/buy/?page=1&edid=3C0F40BA-E681-E9C3-E631-F5DA03305327&sortorder=desc&column=section HTTP/1.1" 200 101772
54.221.203.24 - - [06/Nov/2024:00:11:47 +0100] "GET /ticket2/opencms/is/buy/?edid=3F2482EE-6B7A-310D-17CE-1C7E3CC58C7F&page=1 HTTP/1.1" 200 111995
116.203.223.22 - - [06/Nov/2024:00:11:48 +0100] "GET /ticket2/opencms/sk/sport/futbalove-listky/premier-league/chelsea HTTP/1.1" 200 97626
116.203.223.22 - - [06/Nov/2024:00:11:48 +0100] "GET /ticket2/opencms/sq/sport/bileta-per-futboll/premier-league/chelsea HTTP/1.1" 200 97736
116.203.223.22 - - [06/Nov/2024:00:11:50 +0100] "GET /ticket2/opencms/de/sport/fussball-tickets HTTP/1.1" 200 88084
188.165.241.181 - - [06/Nov/2024:00:11:50 +0100] "GET /ticket2/opencms/no/buy/?page=1&edid=3C9AD879-960E-ACE5-C66E-FD35A4D61246&sortorder=asc&column=price HTTP/1.1" 200 99453
35.82.16.243 - - [06/Nov/2024:00:11:51 +0100] "GET /ticket2/opencms/dk/ HTTP/1.1" 200 95753
34.206.193.60 - - [06/Nov/2024:00:11:51 +0100] "GET /ticket2/opencms/is/buy/?edid=10404C2E-90F1-82CF-4642-1D2B3FC97049&page=1 HTTP/1.1" 200 108109
116.203.223.22 - - [06/Nov/2024:00:11:51 +0100] "GET /ticket2/opencms/bg/sport/futbolni-bileti HTTP/1.1" 200 88965
35.82.16.243 - - [06/Nov/2024:00:11:52 +0100] "GET /ticket2/opencms/ka/ HTTP/1.1" 200 99825
188.165.241.181 - - [06/Nov/2024:00:11:54 +0100] "GET /ticket2/opencms/no/buy/?page=1&edid=3C9AD879-960E-ACE5-C66E-FD35A4D61246&sortorder=asc&column=section HTTP/1.1" 200 99545
116.203.223.22 - - [06/Nov/2024:00:11:54 +0100] "GET /ticket2/opencms/sr/sport/fudbalske-karte/premier-league/chelsea HTTP/1.1" 200 97464
23.22.59.87 - - [06/Nov/2024:00:11:56 +0100] "GET /ticket2/opencms/is/buy/?edid=192B2692-9E9C-E45B-C641-B3FED8E2B94F&page=1 HTTP/1.1" 200 108383
116.203.223.22 - - [06/Nov/2024:00:11:56 +0100] "GET /ticket2/opencms/fr/sport/billets-football HTTP/1.1" 200 88282
35.82.16.243 - - [06/Nov/2024:00:11:57 +0100] "GET /ticket2/opencms/sq/ HTTP/1.1" 200 96542
116.203.223.22 - - [06/Nov/2024:00:11:57 +0100] "GET /ticket2/opencms/nl/sport/voetbal-tickets/premier_league/liverpool HTTP/1.1" 200 92904
188.165.241.181 - - [06/Nov/2024:00:11:58 +0100] "GET /ticket2/opencms/no/buy/?page=1&edid=3CC17989-3033-10BE-F5C3-D729834B05F5&sortorder=asc&column=price HTTP/1.1" 200 102250
116.203.223.22 - - [06/Nov/2024:00:11:58 +0100] "GET /ticket2/opencms/sl/sport/nogometne-vstopnice/premier-league/chelsea HTTP/1.1" 200 96514
100.29.107.38 - - [06/Nov/2024:00:11:59 +0100] "GET /ticket2/opencms/is/buy/?edid=00111C9B-5E02-77E7-9B39-8EFC1235AF29&page=1 HTTP/1.1" 200 108358
116.203.223.22 - - [06/Nov/2024:00:12:01 +0100] "GET /ticket2/opencms/dk/sport/fodboldbilletter HTTP/1.1" 200 86162
116.203.223.22 - - [06/Nov/2024:00:12:02 +0100] "GET /ticket2/opencms/sv/sport/fotbollsbiljetter HTTP/1.1" 200 87658
116.203.223.22 - - [06/Nov/2024:00:12:02 +0100] "GET /ticket2/opencms/hr/sport/nogometne-ulaznice/premier-league/liverpool HTTP/1.1" 200 96762
54.152.163.42 - - [06/Nov/2024:00:12:02 +0100] "GET /ticket2/opencms/is/buy/?edid=9D89B626-BE34-D0AA-2430-149AC630E583&page=1 HTTP/1.1" 200 98823
188.165.241.181 - - [06/Nov/2024:00:12:03 +0100] "GET /ticket2/opencms/no/buy/?page=1&edid=3CC17989-3033-10BE-F5C3-D729834B05F5&sortorder=asc&column=row HTTP/1.1" 200 102158
116.203.223.22 - - [06/Nov/2024:00:12:04 +0100] "GET /ticket2/opencms/mt/sport/biljetti-tal-futbol HTTP/1.1" 500 -
116.203.223.22 - - [06/Nov/2024:00:12:04 +0100] "GET /ticket2/opencms/mo/sport/bilete-la-fotbal/premier-league/chelsea HTTP/1.1" 200 97244
35.82.16.243 - - [06/Nov/2024:00:12:05 +0100] "GET /ticket2/opencms/fr/buy?page=1&edid=FD4DCA3B-ED43-1043-8648-63C229A27832 HTTP/1.1" 200 130048
116.203.223.22 - - [06/Nov/2024:00:12:06 +0100] "GET /ticket2/opencms/ro/sport/bilete-fotbal HTTP/1.1" 500 -
34.196.6.199 - - [06/Nov/2024:00:12:06 +0100] "GET /ticket2/opencms/is/buy/?edid=49599CA7-0844-E2DA-A659-546B6DDC9473&page=1 HTTP/1.1" 200 98803
116.203.223.22 - - [06/Nov/2024:00:12:07 +0100] "GET /ticket2/opencms/hu/sport/focijegyek/premier-league/liverpool HTTP/1.1" 200 98244
116.203.223.22 - - [06/Nov/2024:00:12:08 +0100] "GET /ticket2/opencms/cs/sport/fotbalove-listky HTTP/1.1" 200 88127
116.203.223.22 - - [06/Nov/2024:00:12:08 +0100] "GET /ticket2/opencms/uk/sport/kvytky-na-futbol/premier-league/liverpool HTTP/1.1" 200 98077
188.165.241.181 - - [06/Nov/2024:00:12:08 +0100] "GET /ticket2/opencms/no/buy/?page=1&edid=3CDF5C47-F119-044A-E023-A8203DA7A174&sortorder=asc&column=row HTTP/1.1" 200 102607
35.82.16.243 - - [06/Nov/2024:00:12:10 +0100] "GET /ticket2/opencms/fr/buy_safety HTTP/1.1" 200 82426
54.84.147.79 - - [06/Nov/2024:00:12:11 +0100] "GET /ticket2/opencms/is/buy/?edid=E02CECDE-C73F-D2CB-A0E2-52EF212A9F2B&page=1 HTTP/1.1" 200 100963
116.203.223.22 - - [06/Nov/2024:00:12:12 +0100] "GET /ticket2/opencms/ga/sport/ticeid-peile/premier-league/chelsea HTTP/1.1" 200 97855
188.165.241.181 - - [06/Nov/2024:00:12:13 +0100] "GET /ticket2/opencms/no/buy/?page=1&edid=3CDF5C47-F119-044A-E023-A8203DA7A174&sortorder=asc&column=section HTTP/1.1" 200 102791
52.167.144.173 - - [06/Nov/2024:00:12:13 +0100] "GET /ticket2/opencms/mo/buy/?page=1&edid=9EC5AE33-287A-CC49-3DDC-A59FEEE111B7 HTTP/1.1" 200 111164
52.204.174.139 - - [06/Nov/2024:00:12:15 +0100] "GET /ticket2/opencms/is/buy/?edid=ACFE5269-826A-FF79-28D4-8876A969800F&page=1 HTTP/1.1" 200 108024
35.82.16.243 - - [06/Nov/2024:00:12:15 +0100] "GET /ticket2/opencms/fr/sport/billets-football/la_liga/barcelona HTTP/1.1" 200 97135
116.203.223.22 - - [06/Nov/2024:00:12:16 +0100] "GET /ticket2/opencms/it/sport/biglietti-calcio HTTP/1.1" 200 88113
116.203.223.22 - - [06/Nov/2024:00:12:17 +0100] "GET /ticket2/opencms/es/deporte/entradas-futbol HTTP/1.1" 200 88209
116.203.223.22 - - [06/Nov/2024:00:12:18 +0100] "GET /ticket2/opencms/sr/sport/fudbalske-karte/premier-league/wolverhampton HTTP/1.1" 200 97961
35.82.16.243 - - [06/Nov/2024:00:12:18 +0100] "GET /ticket2/opencms/fr/sport/billets-football/la_liga/real-madrid HTTP/1.1" 404 -
188.165.241.181 - - [06/Nov/2024:00:12:18 +0100] "GET /ticket2/opencms/no/buy/?page=1&edid=3D7F27A3-7CEB-322E-05F6-AF6624B81BC2&sortorder=asc&column=price HTTP/1.1" 200 103340
116.203.223.22 - - [06/Nov/2024:00:12:18 +0100] "GET /ticket2/opencms/no/sport/fotballsbilletter/premier_league/liverpool HTTP/1.1" 200 96025
3.93.211.16 - - [06/Nov/2024:00:12:19 +0100] "GET /ticket2/opencms/is/buy/?edid=88EDF4A9-5E03-F703-C548-F2017B42179F&page=1 HTTP/1.1" 200 103447
116.203.223.22 - - [06/Nov/2024:00:12:20 +0100] "GET /ticket2/opencms/be/sport/futbol-kvitki/premier-league/liverpool HTTP/1.1" 200 97856
54.36.149.42 - - [06/Nov/2024:00:12:20 +0100] "GET /ticket2/opencms/mt/buy?page=6&comcatid=97ECA65A-72DA-F9AF-9DBB-245D3CFED1BE&catid=F7F89B9B-6697-7881-54AE-4C39276BF1B8 HTTP/1.1" 200 88937
116.203.223.22 - - [06/Nov/2024:00:12:21 +0100] "GET /ticket2/opencms/is/sport/fotbolti HTTP/1.1" 200 87832
35.82.16.243 - - [06/Nov/2024:00:12:21 +0100] "GET /ticket2/opencms/es/deporte/entradas-futbol/bundesliga HTTP/1.1" 200 85432
188.165.241.181 - - [06/Nov/2024:00:12:22 +0100] "GET /ticket2/opencms/no/buy/?page=1&edid=3DD93626-388E-B658-D6F1-23C401A796FB&sortorder=asc&column=price HTTP/1.1" 200 103343
52.73.142.41 - - [06/Nov/2024:00:12:23 +0100] "GET /ticket2/opencms/is/buy/?edid=EFCA122E-EFD5-12F8-6F83-6930A0BC1F37&page=1 HTTP/1.1" 200 114145
116.203.223.22 - - [06/Nov/2024:00:12:23 +0100] "GET /ticket2/opencms/az/sport/futbol-biletleri HTTP/1.1" 200 88311
188.165.241.181 - - [06/Nov/2024:00:12:26 +0100] "GET /ticket2/opencms/no/buy/?page=1&edid=3DD93626-388E-B658-D6F1-23C401A796FB&sortorder=asc&column=row HTTP/1.1" 200 103251
35.174.141.243 - - [06/Nov/2024:00:12:26 +0100] "GET /ticket2/opencms/is/buy/?edid=601F2318-7477-7FC8-2487-EFF4A82C960F&page=1 HTTP/1.1" 200 98813
116.203.223.22 - - [06/Nov/2024:00:12:28 +0100] "GET /ticket2/opencms/sk/sport/futbalove-listky/premier-league/wolverhampton HTTP/1.1" 200 98097
116.203.223.22 - - [06/Nov/2024:00:12:29 +0100] "GET /ticket2/opencms/ka/sport/pekhburti-biletebi/premier-league/chelsea HTTP/1.1" 200 97260
116.203.223.22 - - [06/Nov/2024:00:12:29 +0100] "GET /ticket2/opencms/sq/sport/bileta-per-futboll/premier-league/wolverhampton HTTP/1.1" 200 98210
188.113.80.64 - - [06/Nov/2024:00:12:29 +0100] "GET /ticket2/opencms/set_aff_cookie.jsp?partner=53673ED6-1455-FA54-818F-B1F67121E37C&url=/no/buy/index.html%3Fpage%3D1%26edid%3D10597F35-2AC7-31D2-FB61-15A36BB6D73B%26hlv%3D66d090d1-4234-43cf-a089-49590a01000f%23v_875204044 HTTP/1.1" 200 225
188.113.80.64 - - [06/Nov/2024:00:12:30 +0100] "GET /ticket2/opencms/no/buy/?page=1&edid=10597F35-2AC7-31D2-FB61-15A36BB6D73B&hlv=66d090d1-4234-43cf-a089-49590a01000f HTTP/1.1" 200 127549
188.113.80.64 - - [06/Nov/2024:00:12:30 +0100] "GET /ticket2/opencms/system/modules/com.gridnine.opencms.ticketbrokerage.site/resources/css/ticketbrokerage.css HTTP/1.1" 200 39339
188.113.80.64 - - [06/Nov/2024:00:12:30 +0100] "GET /ticket2/opencms/system/modules/com.gridnine.opencms.ticketbrokerage.site/resources/css/calendar.css HTTP/1.1" 200 6871
188.165.241.181 - - [06/Nov/2024:00:12:30 +0100] "GET /ticket2/opencms/no/buy/?page=1&edid=41044044-C5F8-F8C2-1991-FDE42C24C5E5&sortorder=desc&column=section HTTP/1.1" 200 103519
188.113.80.64 - - [06/Nov/2024:00:12:30 +0100] "GET /ticket2/opencms/system/modules/com.gridnine.opencms.ticketbrokerage.site/resources/css/standard.css HTTP/1.1" 200 73073
188.113.80.64 - - [06/Nov/2024:00:12:30 +0100] "GET /ticket2/opencms/system/modules/com.gridnine.opencms.ticketbrokerage.site/resources/js/functions.js HTTP/1.1" 200 1583
188.113.80.64 - - [06/Nov/2024:00:12:30 +0100] "GET /ticket2/opencms/system/modules/com.gridnine.opencms.ticketbrokerage.site/resources/js/calendar.js HTTP/1.1" 200 49229
188.113.80.64 - - [06/Nov/2024:00:12:30 +0100] "GET /ticket2/opencms/system/modules/com.gridnine.opencms.ticketbrokerage.site/resources/js/calendar-en.js HTTP/1.1" 200 3338
188.113.80.64 - - [06/Nov/2024:00:12:30 +0100] "GET /ticket2/opencms/system/modules/com.gridnine.opencms.ticketbrokerage.site/resources/js/calendar-setup.js HTTP/1.1" 200 4923
188.113.80.64 - - [06/Nov/2024:00:12:30 +0100] "GET /ticket2/opencms/system/modules/com.gridnine.opencms.ticketbrokerage.site/resources/js/standard.js HTTP/1.1" 200 3978
188.113.80.64 - - [06/Nov/2024:00:12:30 +0100] "GET /ticket2/opencms/venue/stamford_bridge.png HTTP/1.1" 200 51972
188.113.80.64 - - [06/Nov/2024:00:12:30 +0100] "GET /ticket2/opencms/no/ask-form.html HTTP/1.1" 200 2919
188.113.80.64 - - [06/Nov/2024:00:12:30 +0100] "GET /ticket2/opencms/system/modules/com.gridnine.opencms.ticketbrokerage.site/resources/css/images/ui-bg_flat_75_ffffff_40x100.png HTTP/1.1" 404 -
188.113.80.64 - - [06/Nov/2024:00:12:31 +0100] "GET /ticket2/opencms/system/modules/com.gridnine.opencms.ticketbrokerage.site/resources/css/ticketbrokerage.css HTTP/1.1" 200 39339
116.203.223.22 - - [06/Nov/2024:00:12:31 +0100] "GET /ticket2/opencms/el/athlitismos/eisitiria-podosfairou HTTP/1.1" 200 89911
116.203.223.22 - - [06/Nov/2024:00:12:33 +0100] "GET /ticket2/opencms/dk/sport/fodboldbilletter/premier-league/liverpool HTTP/1.1" 200 95559
188.165.241.181 - - [06/Nov/2024:00:12:34 +0100] "GET /ticket2/opencms/no/buy/?page=1&edid=42626DA9-0BC1-838B-BAE0-C165FD91963D&sortorder=asc&column=row HTTP/1.1" 200 101482
116.203.223.22 - - [06/Nov/2024:00:12:34 +0100] "GET /ticket2/opencms/et/sport/jalgpallipiletid/premier-league/liverpool HTTP/1.1" 200 97161
54.163.136.244 - - [06/Nov/2024:00:12:34 +0100] "GET /ticket2/opencms/is/buy/?edid=DCF8A7C5-61E0-96AC-DB14-A34E73853787&page=1 HTTP/1.1" 200 101849
3.212.86.97 - - [06/Nov/2024:00:12:35 +0100] "GET /ticket2/opencms/is/buy/?edid=D8011C50-93A6-4225-F35F-417FEFE3121C&page=1 HTTP/1.1" 200 98825
188.165.241.181 - - [06/Nov/2024:00:12:37 +0100] "GET /ticket2/opencms/no/buy/?page=1&edid=42626DA9-0BC1-838B-BAE0-C165FD91963D&sortorder=asc&column=section HTTP/1.1" 200 101666
116.203.223.22 - - [06/Nov/2024:00:12:37 +0100] "GET /ticket2/opencms/pl/sport/bilety-futbol/premier-league/liverpool HTTP/1.1" 200 96997
116.203.223.22 - - [06/Nov/2024:00:12:38 +0100] "GET /ticket2/opencms/bg/sport/futbolni-bileti/premier-league/liverpool HTTP/1.1" 200 98198
116.203.223.22 - - [06/Nov/2024:00:12:38 +0100] "GET /ticket2/opencms/sl/sport/nogometne-vstopnice/premier-league/wolverhampton HTTP/1.1" 200 97299
34.225.24.180 - - [06/Nov/2024:00:12:39 +0100] "GET /ticket2/opencms/is/buy/?edid=FC797166-D971-D25F-0FB0-A6DA82828914&page=1 HTTP/1.1" 200 114975
35.82.16.243 - - [06/Nov/2024:00:12:39 +0100] "GET /ticket2/opencms/no/buy?page=1&edid=3289C097-2261-9433-8644-DF033A9EE354 HTTP/1.1" 200 130383
188.165.241.181 - - [06/Nov/2024:00:12:41 +0100] "GET /ticket2/opencms/no/buy/?page=1&edid=42626DA9-0BC1-838B-BAE0-C165FD91963D&sortorder=desc&column=price HTTP/1.1" 200 101619
47.128.97.162 - - [06/Nov/2024:00:12:41 +0100] "GET /ticket2/opencms/fi/about/ HTTP/1.1" 200 -
44.223.232.55 - - [06/Nov/2024:00:12:43 +0100] "GET /ticket2/opencms/is/buy/?edid=EF89CCE1-4D67-63A5-1697-6B7EBB76F5C8&page=1 HTTP/1.1" 200 104823
116.203.223.22 - - [06/Nov/2024:00:12:43 +0100] "GET /ticket2/opencms/fi/urheilu/jalkapallo/premier_league/liverpool HTTP/1.1" 200 95052
116.203.223.22 - - [06/Nov/2024:00:12:43 +0100] "GET /ticket2/opencms/ga/sport/ticeid-peile/premier-league/wolverhampton HTTP/1.1" 200 98349
116.203.223.22 - - [06/Nov/2024:00:12:43 +0100] "GET /ticket2/opencms/mo/sport/bilete-la-fotbal/premier-league/wolverhampton HTTP/1.1" 200 98168
116.203.223.22 - - [06/Nov/2024:00:12:46 +0100] "GET /ticket2/opencms/bs/sport/fudbalske-karte/premier-league/liverpool HTTP/1.1" 200 96826
116.203.223.22 - - [06/Nov/2024:00:12:46 +0100] "GET /ticket2/opencms/sv/sport/fotbollsbiljetter/premier_league/liverpool HTTP/1.1" 200 96665
34.236.41.241 - - [06/Nov/2024:00:12:46 +0100] "GET /ticket2/opencms/is/buy/?edid=820E820B-37CC-F66B-02F7-31FA2470012D&page=1 HTTP/1.1" 200 102072
47.128.111.188 - - [06/Nov/2024:00:12:47 +0100] "GET /ticket2/opencms/be/buy?edid=192B2692-9E9C-E45B-C641-B3FED8E2B94F HTTP/1.1" 200 82069
188.165.241.181 - - [06/Nov/2024:00:12:47 +0100] "GET /ticket2/opencms/no/buy/?page=1&edid=4651B641-1BF4-5B93-B666-F19E86CE32C8&sortorder=asc&column=row HTTP/1.1" 200 102378
54.36.148.12 - - [06/Nov/2024:00:12:47 +0100] "GET /ticket2/opencms/pl/buy?page=6&comcatid=97ECA65A-72DA-F9AF-9DBB-245D3CFED1BE&catid=F7F89B9B-6697-7881-54AE-4C39276BF1B8 HTTP/1.1" 200 88906
35.82.16.243 - - [06/Nov/2024:00:12:48 +0100] "GET /ticket2/opencms/lt/buy?page=1&edid=F1463EBE-6C18-CF49-B2AE-F79868BCA4F5 HTTP/1.1" 200 131110
116.203.223.22 - - [06/Nov/2024:00:12:48 +0100] "GET /ticket2/opencms/tr/spor/futbol-biletleri/premier-league/liverpool HTTP/1.1" 404 -
116.203.223.22 - - [06/Nov/2024:00:12:48 +0100] "GET /ticket2/opencms/lt/sport/futbolo-bilietai/premier-league/liverpool HTTP/1.1" 200 96683
116.203.223.22 - - [06/Nov/2024:00:12:48 +0100] "GET /ticket2/opencms/lv/sport/futbola-biletes/premier-league/liverpool HTTP/1.1" 200 96625
3.212.219.113 - - [06/Nov/2024:00:12:50 +0100] "GET /ticket2/opencms/is/buy/?edid=F56E127D-A378-06F4-84E7-3510C0A2494A&page=1 HTTP/1.1" 200 98784
188.165.241.181 - - [06/Nov/2024:00:12:50 +0100] "GET /ticket2/opencms/no/buy/?page=1&edid=4A1E541D-A2F7-F553-9244-C365DA9D6313&sortorder=asc&column=row HTTP/1.1" 200 102580
35.82.16.243 - - [06/Nov/2024:00:12:52 +0100] "GET /ticket2/opencms/sv/buy?page=1&edid=F1463EBE-6C18-CF49-B2AE-F79868BCA4F5 HTTP/1.1" 200 129946
116.203.223.22 - - [06/Nov/2024:00:12:53 +0100] "GET /ticket2/opencms/hu/sport/focijegyek/premier-league/chelsea HTTP/1.1" 200 98155
35.171.117.160 - - [06/Nov/2024:00:12:54 +0100] "GET /ticket2/opencms/is/buy/?edid=E5A432C8-DA4B-0B1D-D158-7FE1F332A199&page=1 HTTP/1.1" 200 98820
35.82.16.243 - - [06/Nov/2024:00:12:55 +0100] "GET /ticket2/opencms/et/ HTTP/1.1" 200 96513
116.203.223.22 - - [06/Nov/2024:00:12:55 +0100] "GET /ticket2/opencms/fr/sport/billets-football/premier_league/liverpool HTTP/1.1" 200 97488
37.123.143.11 - - [06/Nov/2024:00:12:56 +0100] "GET /ticket2/opencms/bg/magazine/article?title=posledniyat-sezon-na-lionel-mesi HTTP/1.1" 200 84628
188.165.241.181 - - [06/Nov/2024:00:12:57 +0100] "GET /ticket2/opencms/no/buy/?page=1&edid=4A1E541D-A2F7-F553-9244-C365DA9D6313&sortorder=asc&column=section HTTP/1.1" 200 102764
37.123.143.11 - - [06/Nov/2024:00:12:57 +0100] "GET /ticket2/opencms/system/modules/com.gridnine.opencms.ticketbrokerage.site/resources/css/ticketbrokerage.css HTTP/1.1" 200 39339
37.123.143.11 - - [06/Nov/2024:00:12:57 +0100] "GET /ticket2/opencms/system/modules/com.gridnine.opencms.ticketbrokerage.site/resources/css/calendar.css HTTP/1.1" 200 6871
37.123.143.11 - - [06/Nov/2024:00:12:57 +0100] "GET /ticket2/opencms/system/modules/com.gridnine.opencms.ticketbrokerage.site/resources/css/standard.css HTTP/1.1" 200 73073
37.123.143.11 - - [06/Nov/2024:00:12:57 +0100] "GET /ticket2/opencms/system/modules/com.gridnine.opencms.ticketbrokerage.site/resources/js/functions.js HTTP/1.1" 200 1583
37.123.143.11 - - [06/Nov/2024:00:12:57 +0100] "GET /ticket2/opencms/system/modules/com.gridnine.opencms.ticketbrokerage.site/resources/js/calendar-en.js HTTP/1.1" 200 3338
37.123.143.11 - - [06/Nov/2024:00:12:57 +0100] "GET /ticket2/opencms/system/modules/com.gridnine.opencms.ticketbrokerage.site/resources/js/calendar-setup.js HTTP/1.1" 200 4923
37.123.143.11 - - [06/Nov/2024:00:12:57 +0100] "GET /ticket2/opencms/system/modules/com.gridnine.opencms.ticketbrokerage.site/resources/js/calendar.js HTTP/1.1" 200 49229
37.123.143.11 - - [06/Nov/2024:00:12:57 +0100] "GET /ticket2/opencms/system/modules/com.gridnine.opencms.ticketbrokerage.site/resources/js/standard.js HTTP/1.1" 200 3978
37.123.143.11 - - [06/Nov/2024:00:12:57 +0100] "GET /ticket2/opencms/system/modules/com.gridnine.opencms.ticketbrokerage.site/resources/css/images/ui-bg_flat_75_ffffff_40x100.png HTTP/1.1" 404 -
37.123.143.11 - - [06/Nov/2024:00:12:57 +0100] "GET /ticket2/opencms/img/shutterstock_2432710581.jpg HTTP/1.1" 200 156682
