188.165.241.181 - - [06/Nov/2024:00:25:28 +0100] "GET /ticket2/opencms/sv/buy/?page=1&edid=493237D4-AB57-51F1-CDB9-F1D0A9269619&sortorder=asc&column=price HTTP/1.1" 200 101383
35.82.16.243 - - [06/Nov/2024:00:25:29 +0100] "GET /ticket2/opencms/sl/sport/nogometne-vstopnice/la-liga HTTP/1.1" 200 93881
35.82.16.243 - - [06/Nov/2024:00:25:29 +0100] "GET /ticket2/opencms/sl/sport/ HTTP/1.1" 200 86878
35.82.16.243 - - [06/Nov/2024:00:25:30 +0100] "GET /ticket2/opencms/es/deporte/entradas-futbol/premier-league/brighton HTTP/1.1" 200 97199
34.231.45.47 - - [06/Nov/2024:00:25:31 +0100] "GET /ticket2/opencms/is/buy/?edid=1B05BB04-EDFF-893A-3423-98B4A4A95E64&page=1 HTTP/1.1" 200 98803
157.55.39.15 - - [06/Nov/2024:00:25:31 +0100] "GET /ticket2/opencms/en/venue/?venueid=C1C3AD36-D0CD-15F9-9ECB-C1BCEE4FC056 HTTP/1.1" 200 76998
116.203.223.22 - - [06/Nov/2024:00:25:31 +0100] "GET /ticket2/opencms/sv/sport/fotbollsbiljetter/la_liga/espanyol HTTP/1.1" 200 92881
116.203.223.22 - - [06/Nov/2024:00:25:31 +0100] "GET /ticket2/opencms/hr/sport/nogometne-ulaznice/la-liga/barcelona HTTP/1.1" 200 96514
188.165.241.181 - - [06/Nov/2024:00:25:34 +0100] "GET /ticket2/opencms/sv/buy/?page=1&edid=493237D4-AB57-51F1-CDB9-F1D0A9269619&sortorder=asc&column=row HTTP/1.1" 200 101291
34.233.114.237 - - [06/Nov/2024:00:25:35 +0100] "GET /ticket2/opencms/is/buy/?edid=E123F66C-0D4C-91CD-D0A4-BF13FE729FE0&page=1 HTTP/1.1" 200 108841
116.203.223.22 - - [06/Nov/2024:00:25:35 +0100] "GET /ticket2/opencms/bs/sport/fudbalske-karte/la-liga/espanyol HTTP/1.1" 200 95471
116.203.223.22 - - [06/Nov/2024:00:25:36 +0100] "GET /ticket2/opencms/de/sport/fussball-tickets/la_liga/barcelona HTTP/1.1" 200 96986
35.82.16.243 - - [06/Nov/2024:00:25:37 +0100] "GET /ticket2/opencms/be/buy?page=1&edid=19422468-9239-E426-DB02-7FA0504E2BEC HTTP/1.1" 200 132277
116.203.223.22 - - [06/Nov/2024:00:25:38 +0100] "GET /ticket2/opencms/az/sport/futbol-biletleri/la-liga/espanyol HTTP/1.1" 200 95948
188.165.241.181 - - [06/Nov/2024:00:25:39 +0100] "GET /ticket2/opencms/sv/buy/?page=1&edid=493237D4-AB57-51F1-CDB9-F1D0A9269619&sortorder=asc&column=section HTTP/1.1" 200 101475
35.82.16.243 - - [06/Nov/2024:00:25:39 +0100] "GET /ticket2/opencms/es/deporte/entradas-futbol/premier-league/newcastle-united HTTP/1.1" 200 98170
35.82.16.243 - - [06/Nov/2024:00:25:39 +0100] "GET /ticket2/opencms/es/deporte/entradas-futbol/premier-league/crystal_palace HTTP/1.1" 200 97960
54.84.169.196 - - [06/Nov/2024:00:25:39 +0100] "GET /ticket2/opencms/is/buy/?edid=E289F96B-BF69-A88E-30C1-E3CA6BC29D6C&page=1 HTTP/1.1" 200 114140
116.203.223.22 - - [06/Nov/2024:00:25:40 +0100] "GET /ticket2/opencms/hu/sport/focijegyek/la-liga/espanyol HTTP/1.1" 200 96996
116.203.223.22 - - [06/Nov/2024:00:25:41 +0100] "GET /ticket2/opencms/lv/sport/futbola-biletes/la-liga/real-madrid HTTP/1.1" 200 95769
116.203.223.22 - - [06/Nov/2024:00:25:42 +0100] "GET /ticket2/opencms/en/sport/football-tickets/la-liga/atletico-madrid HTTP/1.1" 404 -
18.232.12.157 - - [06/Nov/2024:00:25:43 +0100] "GET /ticket2/opencms/is/buy/?edid=D63941C3-9D9D-1874-34EF-F67984762D0B&page=1 HTTP/1.1" 200 100965
188.165.241.181 - - [06/Nov/2024:00:25:43 +0100] "GET /ticket2/opencms/sv/buy/?page=1&edid=493BFF9D-41BF-4273-9D96-F5B05DF9477B&sortorder=asc&column=price HTTP/1.1" 200 98965
116.203.223.22 - - [06/Nov/2024:00:25:44 +0100] "GET /ticket2/opencms/bg/sport/futbolni-bileti/la-liga/espanyol HTTP/1.1" 200 97356
18.214.238.178 - - [06/Nov/2024:00:25:46 +0100] "GET /ticket2/opencms/is/buy/?edid=F96EC4CB-A7BC-CFD8-70A7-924DB40FAA5B&page=1 HTTP/1.1" 200 98798
35.82.16.243 - - [06/Nov/2024:00:25:47 +0100] "GET /ticket2/opencms/bg/buy?page=1&edid=19422468-9239-E426-DB02-7FA0504E2BEC HTTP/1.1" 200 132496
35.82.16.243 - - [06/Nov/2024:00:25:47 +0100] "GET /ticket2/opencms/sv/buy?page=1&edid=19422468-9239-E426-DB02-7FA0504E2BEC HTTP/1.1" 200 129159
35.82.16.243 - - [06/Nov/2024:00:25:47 +0100] "GET /ticket2/opencms/de/buy?page=1&edid=19422468-9239-E426-DB02-7FA0504E2BEC HTTP/1.1" 200 129604
116.203.223.22 - - [06/Nov/2024:00:25:47 +0100] "GET /ticket2/opencms/ro/sport/bilete-fotbal/la-liga/espanyol HTTP/1.1" 200 95864
188.165.241.181 - - [06/Nov/2024:00:25:48 +0100] "GET /ticket2/opencms/sv/buy/?page=1&edid=493BFF9D-41BF-4273-9D96-F5B05DF9477B&sortorder=asc&column=row HTTP/1.1" 200 98873
34.192.125.239 - - [06/Nov/2024:00:25:50 +0100] "GET /ticket2/opencms/is/buy/?edid=DEA5A428-3980-E113-48A8-EB44E7BFB16B&page=1 HTTP/1.1" 200 98783
188.165.241.181 - - [06/Nov/2024:00:25:52 +0100] "GET /ticket2/opencms/sv/buy/?page=1&edid=493BFF9D-41BF-4273-9D96-F5B05DF9477B&sortorder=asc&column=section HTTP/1.1" 200 99057
116.203.223.22 - - [06/Nov/2024:00:25:53 +0100] "GET /ticket2/opencms/pl/sport/bilety-futbol/la-liga/espanyol HTTP/1.1" 200 95950
116.203.223.22 - - [06/Nov/2024:00:25:53 +0100] "GET /ticket2/opencms/et/sport/jalgpallipiletid/la-liga/barcelona HTTP/1.1" 200 96670
35.82.16.243 - - [06/Nov/2024:00:25:53 +0100] "GET /ticket2/opencms/sl/affiliateprogram.html HTTP/1.1" 200 79027
116.203.223.22 - - [06/Nov/2024:00:25:53 +0100] "GET /ticket2/opencms/be/sport/futbol-kvitki/la-liga/real-madrid HTTP/1.1" 200 97172
116.203.223.22 - - [06/Nov/2024:00:25:54 +0100] "GET /ticket2/opencms/lt/sport/futbolo-bilietai/la-liga/barcelona HTTP/1.1" 200 96203
35.82.16.243 - - [06/Nov/2024:00:25:54 +0100] "GET /ticket2/opencms/nl/buy?page=1&edid=0F9D6B87-FBA2-98F6-6A11-CBBA4D2A86C1 HTTP/1.1" 200 130625
35.82.16.243 - - [06/Nov/2024:00:25:54 +0100] "GET /ticket2/opencms/lt/buy?page=1&edid=19422468-9239-E426-DB02-7FA0504E2BEC HTTP/1.1" 200 130379
44.210.204.255 - - [06/Nov/2024:00:25:54 +0100] "GET /ticket2/opencms/is/buy/?edid=21B44A76-F6AD-9457-4190-937757888EEA&page=1 HTTP/1.1" 200 104808
116.203.223.22 - - [06/Nov/2024:00:25:55 +0100] "GET /ticket2/opencms/mt/sport/biljetti-tal-futbol/la-liga/espanyol HTTP/1.1" 200 95505
116.203.223.22 - - [06/Nov/2024:00:25:55 +0100] "GET /ticket2/opencms/el/athlitismos/eisitiria-podosfairou/la-liga/barcelona HTTP/1.1" 200 97436
188.165.241.181 - - [06/Nov/2024:00:25:56 +0100] "GET /ticket2/opencms/sv/buy/?page=1&edid=49C08FA0-ED06-3265-70AE-3BEE76F3DD9E&sortorder=asc&column=price HTTP/1.1" 200 101390
54.36.149.8 - - [06/Nov/2024:00:25:58 +0100] "GET /ticket2/opencms/is/sport/fotbolti/premier-league/wolverhampton HTTP/1.1" 200 98283
54.87.62.248 - - [06/Nov/2024:00:25:58 +0100] "GET /ticket2/opencms/is/buy/?edid=A4CA2F1E-95F7-CE47-5A50-DF7E2BC18D85&page=1 HTTP/1.1" 200 110572
195.154.122.20 - - [06/Nov/2024:00:25:59 +0100] "GET /ticket2/opencms/system/modules/com.gridnine.opencms.ticketbrokerage.site/resources/css/calendar.css HTTP/1.1" 200 6871
195.154.122.20 - - [06/Nov/2024:00:25:59 +0100] "GET /ticket2/opencms/system/modules/com.gridnine.opencms.ticketbrokerage.site/resources/css/jquery-ui.css HTTP/1.1" 200 33221
195.154.122.20 - - [06/Nov/2024:00:25:59 +0100] "GET /ticket2/opencms/system/modules/com.gridnine.opencms.ticketbrokerage.site/resources/css/ticketbrokerage.css HTTP/1.1" 200 39339
195.154.122.20 - - [06/Nov/2024:00:25:59 +0100] "GET /ticket2/opencms/system/modules/com.gridnine.opencms.ticketbrokerage.site/resources/css/jquery.fancybox.css HTTP/1.1" 200 4939
195.154.122.20 - - [06/Nov/2024:00:25:59 +0100] "GET /ticket2/opencms/system/modules/com.gridnine.opencms.ticketbrokerage.site/resources/js/stickyfill.min.js HTTP/1.1" 200 5672
195.154.122.20 - - [06/Nov/2024:00:25:59 +0100] "GET /ticket2/opencms/system/modules/com.gridnine.opencms.ticketbrokerage.site/resources/css/standard.css HTTP/1.1" 200 73073
195.154.122.20 - - [06/Nov/2024:00:25:59 +0100] "GET /ticket2/opencms/system/modules/com.gridnine.opencms.ticketbrokerage.site/resources/js/jquery/jquery.js HTTP/1.1" 200 93868
195.154.122.20 - - [06/Nov/2024:00:25:59 +0100] "GET /ticket2/opencms/system/modules/com.gridnine.opencms.ticketbrokerage.site/resources/js/jquery/jquery-ui.js HTTP/1.1" 200 228088
195.154.122.20 - - [06/Nov/2024:00:25:59 +0100] "GET /ticket2/opencms/system/modules/com.gridnine.opencms.ticketbrokerage.site/resources/js/functions.js HTTP/1.1" 200 1583
195.154.122.20 - - [06/Nov/2024:00:25:59 +0100] "GET /ticket2/opencms/system/modules/com.gridnine.opencms.ticketbrokerage.site/resources/js/calendar-setup.js HTTP/1.1" 200 4923
195.154.122.20 - - [06/Nov/2024:00:25:59 +0100] "GET /ticket2/opencms/system/modules/com.gridnine.opencms.ticketbrokerage.site/resources/js/calendar-en.js HTTP/1.1" 200 3338
195.154.122.20 - - [06/Nov/2024:00:25:59 +0100] "GET /ticket2/opencms/system/modules/com.gridnine.opencms.ticketbrokerage.site/resources/js/calendar.js HTTP/1.1" 200 49229
195.154.122.20 - - [06/Nov/2024:00:25:59 +0100] "GET /ticket2/opencms/system/modules/com.gridnine.opencms.ticketbrokerage.site/resources/js/jquery.fancybox.pack.js HTTP/1.1" 200 23187
195.154.122.20 - - [06/Nov/2024:00:25:59 +0100] "GET /ticket2/opencms/system/modules/com.gridnine.opencms.ticketbrokerage.site/resources/js/standard.js HTTP/1.1" 200 3978
195.154.122.20 - - [06/Nov/2024:00:25:59 +0100] "GET /ticket2/opencms/system/modules/com.gridnine.opencms.ticketbrokerage.site/resources/js/jquery.placeholder.min.js HTTP/1.1" 200 1737
195.154.122.20 - - [06/Nov/2024:00:25:59 +0100] "GET /ticket2/opencms/system/modules/com.gridnine.opencms.ticketbrokerage.site/resources/js/common-ajax.js HTTP/1.1" 200 20175
188.165.241.181 - - [06/Nov/2024:00:26:01 +0100] "GET /ticket2/opencms/sv/buy/?page=1&edid=49C08FA0-ED06-3265-70AE-3BEE76F3DD9E&sortorder=asc&column=row HTTP/1.1" 200 101298
66.249.79.5 - - [06/Nov/2024:00:26:01 +0100] "GET /ticket2/opencms/nl/ HTTP/1.1" 200 94553
195.154.122.20 - - [06/Nov/2024:00:26:01 +0100] "GET /ticket2/opencms/system/modules/com.gridnine.opencms.ticketbrokerage.site/resources/js/standard.js HTTP/1.1" 200 3978
35.82.16.243 - - [06/Nov/2024:00:26:02 +0100] "GET /ticket2/opencms/sq/buy?page=1&edid=19422468-9239-E426-DB02-7FA0504E2BEC HTTP/1.1" 200 130331
44.212.145.46 - - [06/Nov/2024:00:26:02 +0100] "GET /ticket2/opencms/is/buy/?edid=BAABB633-B2E8-EF46-E62A-5B4F0947927C&page=1 HTTP/1.1" 200 102109
116.203.223.22 - - [06/Nov/2024:00:26:03 +0100] "GET /ticket2/opencms/hr/sport/nogometne-ulaznice/la-liga/espanyol HTTP/1.1" 200 95703
116.203.223.22 - - [06/Nov/2024:00:26:04 +0100] "GET /ticket2/opencms/is/sport/fotbolti/la-liga/espanyol HTTP/1.1" 200 96383
188.165.241.181 - - [06/Nov/2024:00:26:04 +0100] "GET /ticket2/opencms/sv/buy/?page=1&edid=4A17BBC2-262A-6387-78E3-BFD77AB91FC3&sortorder=asc&column=price HTTP/1.1" 200 102255
35.82.16.243 - - [06/Nov/2024:00:26:04 +0100] "GET /ticket2/opencms/dk/buy?page=1&edid=0F9D6B87-FBA2-98F6-6A11-CBBA4D2A86C1 HTTP/1.1" 200 131595
35.82.16.243 - - [06/Nov/2024:00:26:06 +0100] "GET /ticket2/opencms/ga/buy?page=1&edid=0F9D6B87-FBA2-98F6-6A11-CBBA4D2A86C1 HTTP/1.1" 200 133495
23.23.214.190 - - [06/Nov/2024:00:26:06 +0100] "GET /ticket2/opencms/is/buy/?edid=C2FB40E1-BEEF-E1A4-6ED5-33C8A69FD5CE&page=1 HTTP/1.1" 200 102065
35.82.16.243 - - [06/Nov/2024:00:26:07 +0100] "GET /ticket2/opencms/hr/buy?page=1&edid=0F9D6B87-FBA2-98F6-6A11-CBBA4D2A86C1 HTTP/1.1" 200 132683
116.203.223.22 - - [06/Nov/2024:00:26:07 +0100] "GET /ticket2/opencms/es/deporte/entradas-futbol/la-liga/barcelona HTTP/1.1" 200 97426
116.203.223.22 - - [06/Nov/2024:00:26:08 +0100] "GET /ticket2/opencms/cs/sport/fotbalove-listky/la-liga/real-madrid HTTP/1.1" 200 96922
188.165.241.181 - - [06/Nov/2024:00:26:09 +0100] "GET /ticket2/opencms/sv/buy/?page=1&edid=4A17BBC2-262A-6387-78E3-BFD77AB91FC3&sortorder=asc&column=section HTTP/1.1" 200 102347
116.203.223.22 - - [06/Nov/2024:00:26:10 +0100] "GET /ticket2/opencms/en/sport/football-tickets/la-liga/real-madrid HTTP/1.1" 404 -
52.70.209.13 - - [06/Nov/2024:00:26:11 +0100] "GET /ticket2/opencms/is/buy/?edid=CE14821B-D021-D288-1C4B-D1BD4F4FA42F&page=1 HTTP/1.1" 200 101852
35.82.16.243 - - [06/Nov/2024:00:26:12 +0100] "GET /ticket2/opencms/az/buy?page=1&edid=19422468-9239-E426-DB02-7FA0504E2BEC HTTP/1.1" 200 130516
188.165.241.181 - - [06/Nov/2024:00:26:13 +0100] "GET /ticket2/opencms/sv/buy/?page=1&edid=4A17BBC2-262A-6387-78E3-BFD77AB91FC3&sortorder=desc&column=section HTTP/1.1" 200 102392
116.203.223.22 - - [06/Nov/2024:00:26:13 +0100] "GET /ticket2/opencms/et/sport/jalgpallipiletid/la-liga/espanyol HTTP/1.1" 200 95630
116.203.223.22 - - [06/Nov/2024:00:26:13 +0100] "GET /ticket2/opencms/de/sport/fussball-tickets/la_liga/espanyol HTTP/1.1" 200 96084
35.82.16.243 - - [06/Nov/2024:00:26:15 +0100] "GET /ticket2/opencms/et/buy?page=1&edid=19422468-9239-E426-DB02-7FA0504E2BEC HTTP/1.1" 200 130121
52.201.155.215 - - [06/Nov/2024:00:26:15 +0100] "GET /ticket2/opencms/is/buy/?edid=66C24011-32A3-EE83-DB81-98818915F278&page=1 HTTP/1.1" 200 101863
35.82.16.243 - - [06/Nov/2024:00:26:17 +0100] "GET /ticket2/opencms/lv/buy?page=1&edid=19422468-9239-E426-DB02-7FA0504E2BEC HTTP/1.1" 200 130291
116.203.223.22 - - [06/Nov/2024:00:26:17 +0100] "GET /ticket2/opencms/be/sport/futbol-kvitki/la-liga/barcelona HTTP/1.1" 200 98144
188.165.241.181 - - [06/Nov/2024:00:26:17 +0100] "GET /ticket2/opencms/sv/buy/?page=1&edid=4D9E9B53-D6C2-EBD3-ECBD-EC61B335C986&sortorder=asc&column=row HTTP/1.1" 200 102592
44.195.50.71 - - [06/Nov/2024:00:26:19 +0100] "GET /ticket2/opencms/is/buy/?edid=7D35F583-5000-190C-B2DC-8632905AF321&page=1 HTTP/1.1" 200 117184
116.203.223.22 - - [06/Nov/2024:00:26:20 +0100] "GET /ticket2/opencms/lt/sport/futbolo-bilietai/la-liga/espanyol HTTP/1.1" 200 95450
116.203.223.22 - - [06/Nov/2024:00:26:21 +0100] "GET /ticket2/opencms/el/athlitismos/eisitiria-podosfairou/la-liga/espanyol HTTP/1.1" 200 96711
188.165.241.181 - - [06/Nov/2024:00:26:21 +0100] "GET /ticket2/opencms/sv/buy/?page=1&edid=4DC6F9D0-4CFB-1AC2-2B69-BFAEC7725855&sortorder=asc&column=row HTTP/1.1" 200 101033
116.203.223.22 - - [06/Nov/2024:00:26:21 +0100] "GET /ticket2/opencms/lv/sport/futbola-biletes/la-liga/barcelona HTTP/1.1" 200 96082
3.213.106.226 - - [06/Nov/2024:00:26:23 +0100] "GET /ticket2/opencms/is/buy/?edid=4A20FC8C-AAFC-FDF0-B2AF-D242A54B9394&page=1 HTTP/1.1" 200 108080
35.82.16.243 - - [06/Nov/2024:00:26:24 +0100] "GET /ticket2/opencms/bg/buy?page=1&edid=0F9D6B87-FBA2-98F6-6A11-CBBA4D2A86C1 HTTP/1.1" 200 135214
35.82.16.243 - - [06/Nov/2024:00:26:24 +0100] "GET /ticket2/opencms/ro/buy?page=1&edid=19422468-9239-E426-DB02-7FA0504E2BEC HTTP/1.1" 200 130376
35.82.16.243 - - [06/Nov/2024:00:26:24 +0100] "GET /ticket2/opencms/ro/buy?page=1&edid=0F9D6B87-FBA2-98F6-6A11-CBBA4D2A86C1 HTTP/1.1" 200 133150
188.165.241.181 - - [06/Nov/2024:00:26:25 +0100] "GET /ticket2/opencms/sv/buy/?page=1&edid=4DC6F9D0-4CFB-1AC2-2B69-BFAEC7725855&sortorder=asc&column=section HTTP/1.1" 200 101217
116.203.223.22 - - [06/Nov/2024:00:26:26 +0100] "GET /ticket2/opencms/es/deporte/entradas-futbol/la-liga/espanyol HTTP/1.1" 200 96240
107.23.62.75 - - [06/Nov/2024:00:26:26 +0100] "GET /ticket2/opencms/is/buy/?edid=6FB1B961-213D-A498-EACB-FFF2ED7E731F&page=1 HTTP/1.1" 200 101870
116.203.223.22 - - [06/Nov/2024:00:26:28 +0100] "GET /ticket2/opencms/en/sport/football-tickets/la-liga/barcelona HTTP/1.1" 200 93126
116.203.223.22 - - [06/Nov/2024:00:26:28 +0100] "GET /ticket2/opencms/cs/sport/fotbalove-listky/la-liga/barcelona HTTP/1.1" 200 97629
54.36.149.42 - - [06/Nov/2024:00:26:29 +0100] "GET /ticket2/opencms/ro/ HTTP/1.1" 200 96708
188.165.241.181 - - [06/Nov/2024:00:26:29 +0100] "GET /ticket2/opencms/sv/buy/?page=1&edid=4DC6F9D0-4CFB-1AC2-2B69-BFAEC7725855&sortorder=desc&column=row HTTP/1.1" 200 101078
35.82.16.243 - - [06/Nov/2024:00:26:31 +0100] "GET /ticket2/opencms/nl/buy?page=1&edid=8EE24D2F-4BF0-A103-6944-36103BCA6278 HTTP/1.1" 200 110261
35.82.16.243 - - [06/Nov/2024:00:26:31 +0100] "GET /ticket2/opencms/sl/buy_safety HTTP/1.1" 200 80893
35.82.16.243 - - [06/Nov/2024:00:26:31 +0100] "GET /ticket2/opencms/sl/sport/nogometne-vstopnice/ligue-1/paris-saint-germain HTTP/1.1" 200 89210
18.214.138.148 - - [06/Nov/2024:00:26:32 +0100] "GET /ticket2/opencms/is/buy/?edid=72EC4B5C-B2CA-AC72-96A0-7759E1692CB2&page=1 HTTP/1.1" 200 115160
116.203.223.22 - - [06/Nov/2024:00:26:32 +0100] "GET /ticket2/opencms/be/sport/futbol-kvitki/la-liga/espanyol HTTP/1.1" 200 96363
116.203.223.22 - - [06/Nov/2024:00:26:33 +0100] "GET /ticket2/opencms/lv/sport/futbola-biletes/la-liga/espanyol HTTP/1.1" 200 95389
188.165.241.181 - - [06/Nov/2024:00:26:34 +0100] "GET /ticket2/opencms/sv/buy/?page=1&edid=4E7F34FE-BC2D-0B9C-02D2-EBA83566303D&sortorder=asc&column=row HTTP/1.1" 200 101034
168.151.58.54 - - [06/Nov/2024:00:26:35 +0100] "GET /ticket2/opencms/is/samstarfsverkefni HTTP/1.1" 200 81338
54.198.33.233 - - [06/Nov/2024:00:26:35 +0100] "GET /ticket2/opencms/is/buy/?edid=D814CF62-738F-086E-5F89-CA83500DBA7B&page=1 HTTP/1.1" 200 108021
116.203.223.22 - - [06/Nov/2024:00:26:36 +0100] "GET /ticket2/opencms/en/sport/football-tickets/la-liga/espanyol HTTP/1.1" 404 -
116.203.223.22 - - [06/Nov/2024:00:26:36 +0100] "GET /ticket2/opencms/cs/sport/fotbalove-listky/la-liga/espanyol HTTP/1.1" 200 96593
47.128.111.64 - - [06/Nov/2024:00:26:37 +0100] "GET /ticket2/opencms/be/buy?edid=069EC406-6DFD-08ED-B6CC-A7E203415919 HTTP/1.1" 200 82069
54.36.149.76 - - [06/Nov/2024:00:26:37 +0100] "GET /ticket2/opencms/ka/sport/pekhburti-biletebi/premier-league/wolverhampton HTTP/1.1" 200 97765
47.128.22.166 - - [06/Nov/2024:00:26:38 +0100] "GET /ticket2/opencms/pl/buy/?comcatid=A17713B6-D984-201A-4143-ED4DB5ED5C2E&catid=A4D9EA9A-192D-0274-BF26-9C98D8B902AB HTTP/1.1" 200 113541
195.154.123.70 - - [06/Nov/2024:00:26:38 +0100] "GET /ticket2/opencms/system/modules/com.gridnine.opencms.ticketbrokerage.site/resources/css/jquery.fancybox.css HTTP/1.1" 200 4939
195.154.123.70 - - [06/Nov/2024:00:26:38 +0100] "GET /ticket2/opencms/system/modules/com.gridnine.opencms.ticketbrokerage.site/resources/css/jquery-ui.css HTTP/1.1" 200 33221
195.154.123.70 - - [06/Nov/2024:00:26:38 +0100] "GET /ticket2/opencms/system/modules/com.gridnine.opencms.ticketbrokerage.site/resources/css/ticketbrokerage.css HTTP/1.1" 200 39339
195.154.123.70 - - [06/Nov/2024:00:26:38 +0100] "GET /ticket2/opencms/system/modules/com.gridnine.opencms.ticketbrokerage.site/resources/css/standard.css HTTP/1.1" 200 73073
195.154.123.70 - - [06/Nov/2024:00:26:38 +0100] "GET /ticket2/opencms/system/modules/com.gridnine.opencms.ticketbrokerage.site/resources/css/calendar.css HTTP/1.1" 200 6871
195.154.123.70 - - [06/Nov/2024:00:26:38 +0100] "GET /ticket2/opencms/system/modules/com.gridnine.opencms.ticketbrokerage.site/resources/js/jquery/jquery-ui.js HTTP/1.1" 200 228088
195.154.123.70 - - [06/Nov/2024:00:26:38 +0100] "GET /ticket2/opencms/system/modules/com.gridnine.opencms.ticketbrokerage.site/resources/js/jquery.fancybox.pack.js HTTP/1.1" 200 23187
195.154.123.70 - - [06/Nov/2024:00:26:38 +0100] "GET /ticket2/opencms/system/modules/com.gridnine.opencms.ticketbrokerage.site/resources/js/stickyfill.min.js HTTP/1.1" 200 5672
195.154.123.70 - - [06/Nov/2024:00:26:38 +0100] "GET /ticket2/opencms/system/modules/com.gridnine.opencms.ticketbrokerage.site/resources/js/jquery/jquery.js HTTP/1.1" 200 93868
195.154.123.70 - - [06/Nov/2024:00:26:38 +0100] "GET /ticket2/opencms/system/modules/com.gridnine.opencms.ticketbrokerage.site/resources/js/functions.js HTTP/1.1" 200 1583
195.154.123.70 - - [06/Nov/2024:00:26:38 +0100] "GET /ticket2/opencms/system/modules/com.gridnine.opencms.ticketbrokerage.site/resources/js/calendar-en.js HTTP/1.1" 200 3338
195.154.123.70 - - [06/Nov/2024:00:26:38 +0100] "GET /ticket2/opencms/system/modules/com.gridnine.opencms.ticketbrokerage.site/resources/js/calendar.js HTTP/1.1" 200 49229
195.154.123.70 - - [06/Nov/2024:00:26:38 +0100] "GET /ticket2/opencms/system/modules/com.gridnine.opencms.ticketbrokerage.site/resources/js/calendar-setup.js HTTP/1.1" 200 4923
195.154.123.70 - - [06/Nov/2024:00:26:38 +0100] "GET /ticket2/opencms/system/modules/com.gridnine.opencms.ticketbrokerage.site/resources/js/standard.js HTTP/1.1" 200 3978
195.154.123.70 - - [06/Nov/2024:00:26:38 +0100] "GET /ticket2/opencms/system/modules/com.gridnine.opencms.ticketbrokerage.site/resources/js/jquery.placeholder.min.js HTTP/1.1" 200 1737
195.154.123.70 - - [06/Nov/2024:00:26:38 +0100] "GET /ticket2/opencms/system/modules/com.gridnine.opencms.ticketbrokerage.site/resources/js/common-ajax.js HTTP/1.1" 200 20175
44.206.65.8 - - [06/Nov/2024:00:26:39 +0100] "GET /ticket2/opencms/is/buy/?edid=DDC014E0-57FD-0978-5C99-38BF9021FA56&page=1 HTTP/1.1" 200 108139
35.82.16.243 - - [06/Nov/2024:00:26:39 +0100] "GET /ticket2/opencms/dk/buy?page=1&edid=19422468-9239-E426-DB02-7FA0504E2BEC HTTP/1.1" 200 128847
35.82.16.243 - - [06/Nov/2024:00:26:39 +0100] "GET /ticket2/opencms/sr/buy?page=1&edid=19422468-9239-E426-DB02-7FA0504E2BEC HTTP/1.1" 200 130732
35.82.16.243 - - [06/Nov/2024:00:26:39 +0100] "GET /ticket2/opencms/es/buy?page=1&edid=19422468-9239-E426-DB02-7FA0504E2BEC HTTP/1.1" 200 129961
188.165.241.181 - - [06/Nov/2024:00:26:39 +0100] "GET /ticket2/opencms/sv/buy/?page=1&edid=4ED1D41C-065F-1D11-B819-2131F1EB0BBC&sortorder=asc&column=price HTTP/1.1" 200 102693
195.154.123.70 - - [06/Nov/2024:00:26:40 +0100] "GET /ticket2/opencms/system/modules/com.gridnine.opencms.ticketbrokerage.site/resources/js/standard.js HTTP/1.1" 200 3978
35.82.16.243 - - [06/Nov/2024:00:26:42 +0100] "GET /ticket2/opencms/de/about/press HTTP/1.1" 200 82280
44.217.255.167 - - [06/Nov/2024:00:26:43 +0100] "GET /ticket2/opencms/is/buy/?edid=490280ED-96FA-5EC6-1DCC-A75EC34A3EFC&page=1 HTTP/1.1" 200 111382
35.82.16.243 - - [06/Nov/2024:00:26:44 +0100] "GET /ticket2/opencms/sl/kupite-varno HTTP/1.1" 200 82320
188.165.241.181 - - [06/Nov/2024:00:26:45 +0100] "GET /ticket2/opencms/sv/buy/?page=1&edid=4ED1D41C-065F-1D11-B819-2131F1EB0BBC&sortorder=asc&column=section HTTP/1.1" 200 102785
52.204.253.129 - - [06/Nov/2024:00:26:46 +0100] "GET /ticket2/opencms/is/buy/?edid=E0DA4C4E-70A8-AB6F-171E-3FF387E35F29&page=1 HTTP/1.1" 200 102111
188.165.241.181 - - [06/Nov/2024:00:26:49 +0100] "GET /ticket2/opencms/sv/buy/?page=1&edid=4F5F2F24-80BD-6547-D9D6-BCF29FE11E3D&sortorder=asc&column=row HTTP/1.1" 200 101286
18.214.124.6 - - [06/Nov/2024:00:26:50 +0100] "GET /ticket2/opencms/is/buy/?edid=FBDD6D75-E50D-E656-DD0D-140A87A57CDC&page=1 HTTP/1.1" 200 101848
35.82.16.243 - - [06/Nov/2024:00:26:51 +0100] "GET /ticket2/opencms/es/deporte/entradas-futbol/la-liga/real-madrid HTTP/1.1" 200 96828
188.165.241.181 - - [06/Nov/2024:00:26:53 +0100] "GET /ticket2/opencms/sv/buy/?page=1&edid=52F96119-8DE8-02DF-9B26-6EB899FEED96 HTTP/1.1" 200 97716
54.225.199.17 - - [06/Nov/2024:00:26:55 +0100] "GET /ticket2/opencms/is/buy/?edid=C3C2958F-64DF-91F9-F3D9-8F3CEBC7A797&page=1 HTTP/1.1" 200 108082
35.82.16.243 - - [06/Nov/2024:00:26:56 +0100] "GET /ticket2/opencms/de/affiliateprogram.html HTTP/1.1" 200 82161
35.82.16.243 - - [06/Nov/2024:00:26:56 +0100] "GET /ticket2/opencms/de/buy/ HTTP/1.1" 200 78842
188.165.241.181 - - [06/Nov/2024:00:26:56 +0100] "GET /ticket2/opencms/sv/buy/?page=1&edid=531FEBC2-24ED-CF99-1E76-EA7A9C29B82E HTTP/1.1" 200 97708
3.212.205.90 - - [06/Nov/2024:00:26:58 +0100] "GET /ticket2/opencms/is/buy/?edid=3F245B75-1DCF-320F-93F3-D63AC2E239C1&page=1 HTTP/1.1" 200 108139
35.82.16.243 - - [06/Nov/2024:00:26:59 +0100] "GET /ticket2/opencms/de/magazine/ HTTP/1.1" 200 137889
188.165.241.181 - - [06/Nov/2024:00:27:00 +0100] "GET /ticket2/opencms/sv/buy/?page=1&edid=531FEBC2-24ED-CF99-1E76-EA7A9C29B82E&sortorder=desc&column=section HTTP/1.1" 200 99123
35.82.16.243 - - [06/Nov/2024:00:27:00 +0100] "GET /ticket2/opencms/de/sport/fussball-tickets/la_liga/ HTTP/1.1" 200 93878
3.94.157.25 - - [06/Nov/2024:00:27:02 +0100] "GET /ticket2/opencms/is/buy/?edid=5660FC95-DEFD-E31A-427A-FEF42882AD54&page=1 HTTP/1.1" 200 98782
188.165.241.181 - - [06/Nov/2024:00:27:04 +0100] "GET /ticket2/opencms/sv/buy/?page=1&edid=53202693-7DA4-5446-E3D3-0719CDDBB705&sortorder=desc&column=price HTTP/1.1" 200 102295
52.22.64.232 - - [06/Nov/2024:00:27:07 +0100] "GET /ticket2/opencms/is/buy/?edid=5605B728-A815-14DD-9E19-09BABDE81131&page=1 HTTP/1.1" 200 125127
35.82.16.243 - - [06/Nov/2024:00:27:07 +0100] "GET /ticket2/opencms/bs/buying_tickets HTTP/1.1" 200 80588
35.82.16.243 - - [06/Nov/2024:00:27:08 +0100] "GET /ticket2/opencms/de/sport/fussball-tickets/premier_league/arsenal/ HTTP/1.1" 200 97064
54.36.148.4 - - [06/Nov/2024:00:27:09 +0100] "GET /ticket2/opencms/lt/sport/futbolo-bilietai/premier-league/wolverhampton HTTP/1.1" 200 97194
35.82.16.243 - - [06/Nov/2024:00:27:10 +0100] "GET /ticket2/opencms/hy/buy?page=1&edid=8EE24D2F-4BF0-A103-6944-36103BCA6278 HTTP/1.1" 404 -
35.82.16.243 - - [06/Nov/2024:00:27:11 +0100] "GET /ticket2/opencms/uk/buy?page=1&edid=8EE24D2F-4BF0-A103-6944-36103BCA6278 HTTP/1.1" 200 114806
34.236.135.14 - - [06/Nov/2024:00:27:11 +0100] "GET /ticket2/opencms/is/buy/?edid=1A6DF76F-066D-5DDA-945D-30F59CAC86E5&page=1 HTTP/1.1" 200 98817
35.82.16.243 - - [06/Nov/2024:00:27:13 +0100] "GET /ticket2/opencms/lv/buy?page=1&edid=6491C4B6-5C45-20F3-BDEC-54EE4BA903D5 HTTP/1.1" 200 125820
3.94.199.128 - - [06/Nov/2024:00:27:14 +0100] "GET /ticket2/opencms/is/buy/?edid=D9DFA8C8-D977-C463-EF54-2526B55523A3&page=1 HTTP/1.1" 200 98794
188.165.241.181 - - [06/Nov/2024:00:27:15 +0100] "GET /ticket2/opencms/sv/buy/?page=1&edid=538ADCEC-BA2D-A5F3-6842-ECA3A579461B&sortorder=desc&column=price HTTP/1.1" 200 101849
35.82.16.243 - - [06/Nov/2024:00:27:15 +0100] "GET /ticket2/opencms/lv/sport/futbola-biletes/la-liga/barcelona HTTP/1.1" 200 96082
47.128.113.187 - - [06/Nov/2024:00:27:17 +0100] "GET /ticket2/opencms/hu/buy/?edid=5B1EBD64-AC5B-1705-53F4-E0FEF8B73423 HTTP/1.1" 200 81485
52.45.194.165 - - [06/Nov/2024:00:27:18 +0100] "GET /ticket2/opencms/is/buy/?edid=D3BB5206-D09C-E9EC-0247-A3E56EA24028&page=1 HTTP/1.1" 200 102071
35.82.16.243 - - [06/Nov/2024:00:27:21 +0100] "GET /ticket2/opencms/de/sport/fussball-tickets/fa_cup/ HTTP/1.1" 500 -
35.82.16.243 - - [06/Nov/2024:00:27:22 +0100] "GET /ticket2/opencms/de/sport/fussball-tickets/ligue_1/paris_saint_germain/ HTTP/1.1" 200 89465
66.249.79.5 - - [06/Nov/2024:00:27:23 +0100] "GET /ticket2/opencms/nl/ HTTP/1.1" 200 94553
3.213.46.222 - - [06/Nov/2024:00:27:23 +0100] "GET /ticket2/opencms/is/buy/?edid=E1CACBEB-5FB5-F359-D95F-1110648BB53A&page=1 HTTP/1.1" 200 126516
35.82.16.243 - - [06/Nov/2024:00:27:24 +0100] "GET /ticket2/opencms/de/sport/fussball-tickets/premier_league/ HTTP/1.1" 200 94495
35.82.16.243 - - [06/Nov/2024:00:27:24 +0100] "GET /ticket2/opencms/de/sport/fussball-tickets/uefa-champions-league/ HTTP/1.1" 500 -
188.165.241.181 - - [06/Nov/2024:00:27:27 +0100] "GET /ticket2/opencms/sv/buy/?page=1&edid=53961AD4-D55A-8918-B670-53DC1158D060&sortorder=desc&column=section HTTP/1.1" 200 100140
18.205.91.101 - - [06/Nov/2024:00:27:27 +0100] "GET /ticket2/opencms/is/buy/?edid=84ABEF98-5B99-FE9A-F3A3-E305A7E3217D&page=1 HTTP/1.1" 200 124292
54.87.95.7 - - [06/Nov/2024:00:27:31 +0100] "GET /ticket2/opencms/is/buy/?edid=66269336-049A-BDB0-D600-40EA18A6C9C0&page=1 HTTP/1.1" 200 98828
54.36.149.101 - - [06/Nov/2024:00:27:35 +0100] "GET /ticket2/opencms/mo/sport/bilete-la-fotbal/premier-league/wolverhampton HTTP/1.1" 200 98168
168.119.65.115 - - [06/Nov/2024:00:27:35 +0100] "GET /ticket2/opencms/system/modules/com.gridnine.opencms.ticketbrokerage.site/resources/css/jquery.fancybox.css HTTP/1.1" 200 4939
168.119.65.115 - - [06/Nov/2024:00:27:35 +0100] "GET /ticket2/opencms/system/modules/com.gridnine.opencms.ticketbrokerage.site/resources/css/jquery-ui.css HTTP/1.1" 200 33221
168.119.65.115 - - [06/Nov/2024:00:27:35 +0100] "GET /ticket2/opencms/system/modules/com.gridnine.opencms.ticketbrokerage.site/resources/css/calendar.css HTTP/1.1" 200 6871
168.119.65.115 - - [06/Nov/2024:00:27:35 +0100] "GET /ticket2/opencms/system/modules/com.gridnine.opencms.ticketbrokerage.site/resources/js/functions.js HTTP/1.1" 200 1583
168.119.65.115 - - [06/Nov/2024:00:27:35 +0100] "GET /ticket2/opencms/system/modules/com.gridnine.opencms.ticketbrokerage.site/resources/css/standard.css HTTP/1.1" 200 73073
168.119.65.115 - - [06/Nov/2024:00:27:35 +0100] "GET /ticket2/opencms/system/modules/com.gridnine.opencms.ticketbrokerage.site/resources/css/ticketbrokerage.css HTTP/1.1" 200 39339
18.211.39.188 - - [06/Nov/2024:00:27:35 +0100] "GET /ticket2/opencms/is/buy/?edid=9E373ADE-B8EE-38F8-BBD8-DA1CB52F113B&page=1 HTTP/1.1" 200 125373
168.119.65.115 - - [06/Nov/2024:00:27:35 +0100] "GET /ticket2/opencms/system/modules/com.gridnine.opencms.ticketbrokerage.site/resources/js/calendar.js HTTP/1.1" 200 49229
168.119.65.115 - - [06/Nov/2024:00:27:35 +0100] "GET /ticket2/opencms/system/modules/com.gridnine.opencms.ticketbrokerage.site/resources/js/calendar-en.js HTTP/1.1" 200 3338
168.119.65.115 - - [06/Nov/2024:00:27:35 +0100] "GET /ticket2/opencms/system/modules/com.gridnine.opencms.ticketbrokerage.site/resources/js/jquery.fancybox.pack.js HTTP/1.1" 200 23187
168.119.65.115 - - [06/Nov/2024:00:27:35 +0100] "GET /ticket2/opencms/system/modules/com.gridnine.opencms.ticketbrokerage.site/resources/js/jquery/jquery.js HTTP/1.1" 200 93868
168.119.65.115 - - [06/Nov/2024:00:27:35 +0100] "GET /ticket2/opencms/system/modules/com.gridnine.opencms.ticketbrokerage.site/resources/js/stickyfill.min.js HTTP/1.1" 200 5672
168.119.65.115 - - [06/Nov/2024:00:27:35 +0100] "GET /ticket2/opencms/system/modules/com.gridnine.opencms.ticketbrokerage.site/resources/js/calendar-setup.js HTTP/1.1" 200 4923
168.119.65.115 - - [06/Nov/2024:00:27:35 +0100] "GET /ticket2/opencms/system/modules/com.gridnine.opencms.ticketbrokerage.site/resources/js/jquery/jquery-ui.js HTTP/1.1" 200 228088
168.119.65.115 - - [06/Nov/2024:00:27:35 +0100] "GET /ticket2/opencms/system/modules/com.gridnine.opencms.ticketbrokerage.site/resources/js/standard.js HTTP/1.1" 200 3978
168.119.65.115 - - [06/Nov/2024:00:27:35 +0100] "GET /ticket2/opencms/system/modules/com.gridnine.opencms.ticketbrokerage.site/resources/js/jquery.placeholder.min.js HTTP/1.1" 200 1737
168.119.65.115 - - [06/Nov/2024:00:27:35 +0100] "GET /ticket2/opencms/system/modules/com.gridnine.opencms.ticketbrokerage.site/resources/js/common-ajax.js HTTP/1.1" 200 20175
168.119.65.115 - - [06/Nov/2024:00:27:35 +0100] "GET /ticket2/opencms/system/modules/com.gridnine.opencms.ticketbrokerage.site/resources/js/standard.js HTTP/1.1" 200 3978
35.82.16.243 - - [06/Nov/2024:00:27:36 +0100] "GET /ticket2/opencms/lv/buy/ HTTP/1.1" 200 79544
35.82.16.243 - - [06/Nov/2024:00:27:36 +0100] "GET /ticket2/opencms/lv/about/contact HTTP/1.1" 200 77807
35.82.16.243 - - [06/Nov/2024:00:27:36 +0100] "GET /ticket2/opencms/sl/standard/ HTTP/1.1" 500 -
52.2.191.202 - - [06/Nov/2024:00:27:39 +0100] "GET /ticket2/opencms/is/buy/?edid=1B66F7E9-6D68-7258-D0DB-383034F8302F&page=1 HTTP/1.1" 200 125428
34.195.248.30 - - [06/Nov/2024:00:27:43 +0100] "GET /ticket2/opencms/is/buy/?edid=2FC0C730-CDF2-92B9-F11A-5B4B69410553&page=1 HTTP/1.1" 200 114766
35.82.16.243 - - [06/Nov/2024:00:27:45 +0100] "GET /ticket2/opencms/lv HTTP/1.1" 200 96657
35.82.16.243 - - [06/Nov/2024:00:27:45 +0100] "GET /ticket2/opencms/cs HTTP/1.1" 200 96602
18.205.127.11 - - [06/Nov/2024:00:27:46 +0100] "GET /ticket2/opencms/is/buy/?edid=355D3270-70A4-08B0-6A25-52C4305F40B2&page=1 HTTP/1.1" 200 98808
216.244.66.237 - - [06/Nov/2024:00:27:49 +0100] "GET /ticket2/opencms/dk/robots.txt HTTP/1.1" 404 -
216.244.66.237 - - [06/Nov/2024:00:27:49 +0100] "GET /ticket2/opencms/dk/robots.txt HTTP/1.1" 404 -
188.165.241.181 - - [06/Nov/2024:00:27:49 +0100] "GET /ticket2/opencms/sv/buy/?page=1&edid=85C1463C-C6EC-8FA2-656A-0E74E524F5AE&sortorder=asc&column=price HTTP/1.1" 200 100488
52.3.127.170 - - [06/Nov/2024:00:27:51 +0100] "GET /ticket2/opencms/is/buy/?edid=84C1C15E-A3CC-07A1-AA6A-061FC4B03894&page=1 HTTP/1.1" 200 125354
35.82.16.243 - - [06/Nov/2024:00:27:52 +0100] "GET /ticket2/opencms/lv/par-mums HTTP/1.1" 200 81105
35.82.16.243 - - [06/Nov/2024:00:27:52 +0100] "GET /ticket2/opencms/lv/sazinieties-ar-mums HTTP/1.1" 200 80812
35.82.16.243 - - [06/Nov/2024:00:27:52 +0100] "GET /ticket2/opencms/lv/buy?page=1&edid=8D916C6C-0A69-41F7-4678-427710F013C6 HTTP/1.1" 200 128325
40.77.167.76 - - [06/Nov/2024:00:27:52 +0100] "GET /ticket2/opencms/sv/buy/?page=1&edid=1E7AFBDB-B9E9-CF51-FB2A-8AD63A1AF949 HTTP/1.1" 200 97718
18.207.79.144 - - [06/Nov/2024:00:27:54 +0100] "GET /ticket2/opencms/is/buy/?edid=F6B52729-D385-1BA8-C061-8869A2499C82&page=1 HTTP/1.1" 200 98792
188.165.241.181 - - [06/Nov/2024:00:27:58 +0100] "GET /ticket2/opencms/sv/buy/?page=1&edid=85C1463C-C6EC-8FA2-656A-0E74E524F5AE&sortorder=asc&column=section HTTP/1.1" 200 100580
35.82.16.243 - - [06/Nov/2024:00:27:58 +0100] "GET /ticket2/opencms/lv/sport/futbola-biletes/fa-cup HTTP/1.1" 404 -
52.54.157.23 - - [06/Nov/2024:00:27:58 +0100] "GET /ticket2/opencms/is/buy/?edid=B4EC420A-C31F-BB54-840D-5C41F8E7FC1C&page=1 HTTP/1.1" 200 98826
47.128.40.4 - - [06/Nov/2024:00:28:00 +0100] "GET /ticket2/opencms/el/buy?comcatid=A17713B6-D984-201A-4143-ED4DB5ED5C2E&npage=1 HTTP/1.1" 200 253326
35.82.16.243 - - [06/Nov/2024:00:28:01 +0100] "GET /ticket2/opencms/hr/buy_safety HTTP/1.1" 200 80927
35.82.16.243 - - [06/Nov/2024:00:28:01 +0100] "GET /ticket2/opencms/hr HTTP/1.1" 200 96650
35.82.16.243 - - [06/Nov/2024:00:28:03 +0100] "GET /ticket2/opencms/fr/sport/billets-football/premier_league/london/ HTTP/1.1" 500 -
3.210.223.61 - - [06/Nov/2024:00:28:03 +0100] "GET /ticket2/opencms/is/buy/?edid=D3AB0CA8-3C40-1AB9-8BEC-7D01F349EB4E&page=1 HTTP/1.1" 200 126442
35.82.16.243 - - [06/Nov/2024:00:28:04 +0100] "GET /ticket2/opencms/sl/sell/ HTTP/1.1" 302 -
35.82.16.243 - - [06/Nov/2024:00:28:05 +0100] "GET /ticket2/opencms/es/buy?page=1&edid=0F9D6B87-FBA2-98F6-6A11-CBBA4D2A86C1 HTTP/1.1" 200 132735
184.72.95.195 - - [06/Nov/2024:00:28:06 +0100] "GET /ticket2/opencms/is/buy/?edid=F267BE64-0678-3C51-6F26-6987170C70AB&page=1 HTTP/1.1" 200 98825
54.36.149.5 - - [06/Nov/2024:00:28:07 +0100] "GET /ticket2/opencms/mt/sport/biljetti-tal-futbol/premier-league/wolverhampton HTTP/1.1" 200 97078
168.119.68.182 - - [06/Nov/2024:00:28:07 +0100] "GET /ticket2/opencms/system/modules/com.gridnine.opencms.ticketbrokerage.site/resources/css/calendar.css HTTP/1.1" 200 6871
168.119.68.182 - - [06/Nov/2024:00:28:07 +0100] "GET /ticket2/opencms/system/modules/com.gridnine.opencms.ticketbrokerage.site/resources/css/standard.css HTTP/1.1" 200 73073
168.119.68.182 - - [06/Nov/2024:00:28:07 +0100] "GET /ticket2/opencms/system/modules/com.gridnine.opencms.ticketbrokerage.site/resources/css/jquery-ui.css HTTP/1.1" 200 33221
168.119.68.182 - - [06/Nov/2024:00:28:07 +0100] "GET /ticket2/opencms/system/modules/com.gridnine.opencms.ticketbrokerage.site/resources/css/ticketbrokerage.css HTTP/1.1" 200 39339
168.119.68.182 - - [06/Nov/2024:00:28:07 +0100] "GET /ticket2/opencms/system/modules/com.gridnine.opencms.ticketbrokerage.site/resources/css/jquery.fancybox.css HTTP/1.1" 200 4939
168.119.68.182 - - [06/Nov/2024:00:28:07 +0100] "GET /ticket2/opencms/system/modules/com.gridnine.opencms.ticketbrokerage.site/resources/js/functions.js HTTP/1.1" 200 1583
168.119.68.182 - - [06/Nov/2024:00:28:07 +0100] "GET /ticket2/opencms/system/modules/com.gridnine.opencms.ticketbrokerage.site/resources/js/calendar.js HTTP/1.1" 200 49229
168.119.68.182 - - [06/Nov/2024:00:28:07 +0100] "GET /ticket2/opencms/system/modules/com.gridnine.opencms.ticketbrokerage.site/resources/js/jquery/jquery.js HTTP/1.1" 200 93868
168.119.68.182 - - [06/Nov/2024:00:28:07 +0100] "GET /ticket2/opencms/system/modules/com.gridnine.opencms.ticketbrokerage.site/resources/js/calendar-en.js HTTP/1.1" 200 3338
168.119.68.182 - - [06/Nov/2024:00:28:07 +0100] "GET /ticket2/opencms/system/modules/com.gridnine.opencms.ticketbrokerage.site/resources/js/jquery/jquery-ui.js HTTP/1.1" 200 228088
168.119.68.182 - - [06/Nov/2024:00:28:07 +0100] "GET /ticket2/opencms/system/modules/com.gridnine.opencms.ticketbrokerage.site/resources/js/jquery.fancybox.pack.js HTTP/1.1" 200 23187
168.119.68.182 - - [06/Nov/2024:00:28:07 +0100] "GET /ticket2/opencms/system/modules/com.gridnine.opencms.ticketbrokerage.site/resources/js/calendar-setup.js HTTP/1.1" 200 4923
168.119.68.182 - - [06/Nov/2024:00:28:07 +0100] "GET /ticket2/opencms/system/modules/com.gridnine.opencms.ticketbrokerage.site/resources/js/stickyfill.min.js HTTP/1.1" 200 5672
168.119.68.182 - - [06/Nov/2024:00:28:07 +0100] "GET /ticket2/opencms/system/modules/com.gridnine.opencms.ticketbrokerage.site/resources/js/standard.js HTTP/1.1" 200 3978
168.119.68.182 - - [06/Nov/2024:00:28:07 +0100] "GET /ticket2/opencms/system/modules/com.gridnine.opencms.ticketbrokerage.site/resources/js/jquery.placeholder.min.js HTTP/1.1" 200 1737
168.119.68.182 - - [06/Nov/2024:00:28:07 +0100] "GET /ticket2/opencms/system/modules/com.gridnine.opencms.ticketbrokerage.site/resources/js/common-ajax.js HTTP/1.1" 200 20175
168.119.68.182 - - [06/Nov/2024:00:28:08 +0100] "GET /ticket2/opencms/system/modules/com.gridnine.opencms.ticketbrokerage.site/resources/js/standard.js HTTP/1.1" 200 3978
35.82.16.243 - - [06/Nov/2024:00:28:08 +0100] "GET /ticket2/opencms/lv/buy?page=1&edid=1AD4E11C-C792-1721-4D1A-2229101A30FD HTTP/1.1" 200 135233
188.165.241.181 - - [06/Nov/2024:00:28:10 +0100] "GET /ticket2/opencms/sv/buy/?page=1&edid=85C1463C-C6EC-8FA2-656A-0E74E524F5AE&sortorder=desc&column=section HTTP/1.1" 200 100625
34.236.41.241 - - [06/Nov/2024:00:28:10 +0100] "GET /ticket2/opencms/is/buy/?edid=467AD8BD-9746-1FC6-18BE-8BFA3E2345DF&page=1 HTTP/1.1" 200 98811
35.82.16.243 - - [06/Nov/2024:00:28:11 +0100] "GET /ticket2/opencms/lv/buy?page=1&edid=2197E523-8740-2A01-BD5D-12E3C3F2DBFE HTTP/1.1" 200 136420
35.82.16.243 - - [06/Nov/2024:00:28:11 +0100] "GET /ticket2/opencms/lv/buy?page=1&edid=6C0AA1CC-8488-7981-DA23-AD8E06F80ABD HTTP/1.1" 200 125397
35.82.16.243 - - [06/Nov/2024:00:28:12 +0100] "GET /ticket2/opencms/lv/buy?page=1&edid=DE6EAF1E-F0E3-BCEF-6FE9-789554B2D96C HTTP/1.1" 200 114096
44.205.192.249 - - [06/Nov/2024:00:28:15 +0100] "GET /ticket2/opencms/is/buy/?edid=E1890C55-BB29-2521-0846-5A33B1490A2E&page=1 HTTP/1.1" 200 124369
52.71.46.142 - - [06/Nov/2024:00:28:19 +0100] "GET /ticket2/opencms/is/buy/?edid=B22DFFFD-27DD-8BC9-9860-876B64180B5D&page=1 HTTP/1.1" 200 101237
35.82.16.243 - - [06/Nov/2024:00:28:19 +0100] "GET /ticket2/opencms/lv/sport/futbola-biletes/eredivisie HTTP/1.1" 500 -
35.82.16.243 - - [06/Nov/2024:00:28:22 +0100] "GET /ticket2/opencms/es/buy?page=1&edid=6C0AA1CC-8488-7981-DA23-AD8E06F80ABD HTTP/1.1" 200 125123
52.204.71.8 - - [06/Nov/2024:00:28:23 +0100] "GET /ticket2/opencms/is/buy/?edid=FEE25E36-04D3-46C8-6D56-05013D91539C&page=1 HTTP/1.1" 200 98814
188.165.241.181 - - [06/Nov/2024:00:28:23 +0100] "GET /ticket2/opencms/sv/buy/?page=1&edid=85C49B56-0E7B-16F6-66E3-E0CA735F0D13&sortorder=desc&column=price HTTP/1.1" 200 102722
35.82.16.243 - - [06/Nov/2024:00:28:23 +0100] "GET /ticket2/opencms/es/buy?page=1&edid=B7C31852-4938-05B8-A23C-0248E7A3D5BA HTTP/1.1" 200 123190
107.20.255.194 - - [06/Nov/2024:00:28:27 +0100] "GET /ticket2/opencms/is/buy/?edid=4CA369BE-7848-7A9B-1CC8-A6F58FD34D24&page=1 HTTP/1.1" 200 113353
35.82.16.243 - - [06/Nov/2024:00:28:30 +0100] "GET /ticket2/opencms/es/buy?page=1&edid=CCC52869-7D07-37D3-E716-0EF1AC21BCE4 HTTP/1.1" 200 123098
35.82.16.243 - - [06/Nov/2024:00:28:30 +0100] "GET /ticket2/opencms/es/buy?page=1&edid=DD14CC82-883B-BD06-4306-EBD494AA1804 HTTP/1.1" 200 126035
3.89.170.186 - - [06/Nov/2024:00:28:31 +0100] "GET /ticket2/opencms/is/buy/?edid=AA8C5089-9B5D-0C1A-1662-169B0C579120&page=1 HTTP/1.1" 200 111603
52.167.144.186 - - [06/Nov/2024:00:28:31 +0100] "GET /ticket2/opencms/sv/sport/fotbollsbiljetter/ligue_1/paris_saint_germain/ HTTP/1.1" 200 87121
66.249.79.233 - - [06/Nov/2024:00:28:31 +0100] "GET /ticket2/opencms/robots.txt HTTP/1.1" 200 773
188.165.241.181 - - [06/Nov/2024:00:28:34 +0100] "GET /ticket2/opencms/sv/buy/?page=1&edid=85C49B56-0E7B-16F6-66E3-E0CA735F0D13&sortorder=desc&column=row HTTP/1.1" 200 102630
44.220.2.97 - - [06/Nov/2024:00:28:34 +0100] "GET /ticket2/opencms/is/buy/?edid=3624BB9D-BDA3-C6BF-E8FF-2DF1F5C3F73A&page=1 HTTP/1.1" 200 98805
35.82.16.243 - - [06/Nov/2024:00:28:37 +0100] "GET /ticket2/opencms/be/buy?page=1&edid=830F2AEC-7FB6-11C1-AD11-54BD6744D648 HTTP/1.1" 200 122614
35.82.16.243 - - [06/Nov/2024:00:28:37 +0100] "GET /ticket2/opencms/lv/buy?page=1&edid=830F2AEC-7FB6-11C1-AD11-54BD6744D648 HTTP/1.1" 200 120614
35.82.16.243 - - [06/Nov/2024:00:28:37 +0100] "GET /ticket2/opencms/lv/buy?page=1&edid=DD14CC82-883B-BD06-4306-EBD494AA1804 HTTP/1.1" 200 126304
18.204.89.56 - - [06/Nov/2024:00:28:39 +0100] "GET /ticket2/opencms/is/buy/?edid=2684212B-FA50-DC4B-3CFA-1303E9638140&page=1 HTTP/1.1" 200 120667
37.123.143.11 - - [06/Nov/2024:00:28:40 +0100] "GET /ticket2/opencms/system/workplace/views/top_foot.jsp?wpFrame=foot HTTP/1.1" 200 1210
37.123.143.11 - - [06/Nov/2024:00:28:40 +0100] "GET /ticket2/opencms/system/workplace/commons/style/workplace.css HTTP/1.1" 200 14209
54.36.148.40 - - [06/Nov/2024:00:28:42 +0100] "GET /ticket2/opencms/pl/sport/bilety-futbol/premier-league/wolverhampton HTTP/1.1" 200 97272
195.154.123.48 - - [06/Nov/2024:00:28:42 +0100] "GET /ticket2/opencms/system/modules/com.gridnine.opencms.ticketbrokerage.site/resources/css/ticketbrokerage.css HTTP/1.1" 200 39339
195.154.123.48 - - [06/Nov/2024:00:28:42 +0100] "GET /ticket2/opencms/system/modules/com.gridnine.opencms.ticketbrokerage.site/resources/css/jquery-ui.css HTTP/1.1" 200 33221
195.154.123.48 - - [06/Nov/2024:00:28:42 +0100] "GET /ticket2/opencms/system/modules/com.gridnine.opencms.ticketbrokerage.site/resources/css/jquery.fancybox.css HTTP/1.1" 200 4939
195.154.123.48 - - [06/Nov/2024:00:28:42 +0100] "GET /ticket2/opencms/system/modules/com.gridnine.opencms.ticketbrokerage.site/resources/js/jquery/jquery-ui.js HTTP/1.1" 200 228088
195.154.123.48 - - [06/Nov/2024:00:28:42 +0100] "GET /ticket2/opencms/system/modules/com.gridnine.opencms.ticketbrokerage.site/resources/css/standard.css HTTP/1.1" 200 73073
195.154.123.48 - - [06/Nov/2024:00:28:42 +0100] "GET /ticket2/opencms/system/modules/com.gridnine.opencms.ticketbrokerage.site/resources/css/calendar.css HTTP/1.1" 200 6871
195.154.123.48 - - [06/Nov/2024:00:28:42 +0100] "GET /ticket2/opencms/system/modules/com.gridnine.opencms.ticketbrokerage.site/resources/js/functions.js HTTP/1.1" 200 1583
195.154.123.48 - - [06/Nov/2024:00:28:42 +0100] "GET /ticket2/opencms/system/modules/com.gridnine.opencms.ticketbrokerage.site/resources/js/jquery/jquery.js HTTP/1.1" 200 93868
195.154.123.48 - - [06/Nov/2024:00:28:42 +0100] "GET /ticket2/opencms/system/modules/com.gridnine.opencms.ticketbrokerage.site/resources/js/jquery.fancybox.pack.js HTTP/1.1" 200 23187
195.154.123.48 - - [06/Nov/2024:00:28:42 +0100] "GET /ticket2/opencms/system/modules/com.gridnine.opencms.ticketbrokerage.site/resources/js/calendar.js HTTP/1.1" 200 49229
195.154.123.48 - - [06/Nov/2024:00:28:42 +0100] "GET /ticket2/opencms/system/modules/com.gridnine.opencms.ticketbrokerage.site/resources/js/calendar-en.js HTTP/1.1" 200 3338
195.154.123.48 - - [06/Nov/2024:00:28:42 +0100] "GET /ticket2/opencms/system/modules/com.gridnine.opencms.ticketbrokerage.site/resources/js/stickyfill.min.js HTTP/1.1" 200 5672
195.154.123.48 - - [06/Nov/2024:00:28:42 +0100] "GET /ticket2/opencms/system/modules/com.gridnine.opencms.ticketbrokerage.site/resources/js/calendar-setup.js HTTP/1.1" 200 4923
195.154.123.48 - - [06/Nov/2024:00:28:42 +0100] "GET /ticket2/opencms/system/modules/com.gridnine.opencms.ticketbrokerage.site/resources/js/standard.js HTTP/1.1" 200 3978
195.154.123.48 - - [06/Nov/2024:00:28:42 +0100] "GET /ticket2/opencms/system/modules/com.gridnine.opencms.ticketbrokerage.site/resources/js/jquery.placeholder.min.js HTTP/1.1" 200 1737
52.200.54.136 - - [06/Nov/2024:00:28:42 +0100] "GET /ticket2/opencms/is/buy/?edid=8637C090-8488-5902-952D-020E3ADF8CC0&page=1 HTTP/1.1" 200 98821
195.154.123.48 - - [06/Nov/2024:00:28:42 +0100] "GET /ticket2/opencms/system/modules/com.gridnine.opencms.ticketbrokerage.site/resources/js/common-ajax.js HTTP/1.1" 200 20175
47.128.56.28 - - [06/Nov/2024:00:28:43 +0100] "GET /ticket2/opencms/nl/buy/?catid=AD8E612F-0F0B-03C9-5236-E4F8B6523945&comcatid=0A6B8208-FDA4-E929-9D72-5312FD481B76&page=7 HTTP/1.1" 200 85616
195.154.123.48 - - [06/Nov/2024:00:28:43 +0100] "GET /ticket2/opencms/system/modules/com.gridnine.opencms.ticketbrokerage.site/resources/js/standard.js HTTP/1.1" 200 3978
35.82.16.243 - - [06/Nov/2024:00:28:44 +0100] "GET /ticket2/opencms/bg/buy?page=1&edid=830F2AEC-7FB6-11C1-AD11-54BD6744D648 HTTP/1.1" 200 122706
35.82.16.243 - - [06/Nov/2024:00:28:44 +0100] "GET /ticket2/opencms/it/buy?page=1&edid=830F2AEC-7FB6-11C1-AD11-54BD6744D648 HTTP/1.1" 200 119999
35.82.16.243 - - [06/Nov/2024:00:28:44 +0100] "GET /ticket2/opencms/es/buy?page=1&edid=6491C4B6-5C45-20F3-BDEC-54EE4BA903D5 HTTP/1.1" 200 125486
188.165.241.181 - - [06/Nov/2024:00:28:46 +0100] "GET /ticket2/opencms/sv/buy/?page=1&edid=85C49B56-0E7B-16F6-66E3-E0CA735F0D13&sortorder=desc&column=section HTTP/1.1" 200 102814
34.192.67.98 - - [06/Nov/2024:00:28:46 +0100] "GET /ticket2/opencms/is/buy/?edid=A1978D3B-15EE-9B98-13D3-4A0276E452D7&page=1 HTTP/1.1" 200 114765
98.82.38.120 - - [06/Nov/2024:00:28:50 +0100] "GET /ticket2/opencms/is/buy/?edid=C5E6BD6B-6997-F99C-5497-F6687FA84598&page=1 HTTP/1.1" 200 98790
35.82.16.243 - - [06/Nov/2024:00:28:51 +0100] "GET /ticket2/opencms/et/partnerprogramm HTTP/1.1" 200 81390
35.82.16.243 - - [06/Nov/2024:00:28:52 +0100] "GET /ticket2/opencms/sv/sport/fotbollsbiljetter/premier_league/arsenal/ HTTP/1.1" 200 97976
66.249.79.232 - - [06/Nov/2024:00:28:53 +0100] "GET /ticket2/opencms/ HTTP/1.1" 302 -
3.213.85.234 - - [06/Nov/2024:00:28:55 +0100] "GET /ticket2/opencms/is/buy/?edid=4DFADB48-D949-97F7-B374-193C167D2333&page=1 HTTP/1.1" 200 101236
188.165.241.181 - - [06/Nov/2024:00:28:56 +0100] "GET /ticket2/opencms/sv/buy/?page=1&edid=85D85DE7-7E33-49D9-3EB3-5BCB430E9732&sortorder=asc&column=row HTTP/1.1" 200 101924
35.82.16.243 - - [06/Nov/2024:00:28:59 +0100] "GET /ticket2/opencms/uk/buy?page=1&edid=830F2AEC-7FB6-11C1-AD11-54BD6744D648 HTTP/1.1" 200 122752
35.82.16.243 - - [06/Nov/2024:00:28:59 +0100] "GET /ticket2/opencms/ga/buy?page=1&edid=830F2AEC-7FB6-11C1-AD11-54BD6744D648 HTTP/1.1" 200 120992
3.216.227.216 - - [06/Nov/2024:00:28:59 +0100] "GET /ticket2/opencms/is/buy/?edid=47EBAE6F-817A-37A2-D93C-48B4FE4F8A77&page=1 HTTP/1.1" 200 125476
54.225.199.17 - - [06/Nov/2024:00:29:03 +0100] "GET /ticket2/opencms/is/buy/?edid=F2BB5427-1D4A-AECD-9787-90D94712CD18&page=1 HTTP/1.1" 200 124997
188.165.241.181 - - [06/Nov/2024:00:29:03 +0100] "GET /ticket2/opencms/sv/buy/?page=1&edid=86051172-33AA-535B-82C3-135EDEECEB5C&sortorder=asc&column=section HTTP/1.1" 200 102830
35.82.16.243 - - [06/Nov/2024:00:29:05 +0100] "GET /ticket2/opencms/et/sport/jalgpallipiletid/ligue-1 HTTP/1.1" 500 -
52.70.123.241 - - [06/Nov/2024:00:29:07 +0100] "GET /ticket2/opencms/is/buy/?edid=8D58C9DD-E967-B351-A76A-68EF419B5A93&page=1 HTTP/1.1" 200 120112
66.249.79.231 - - [06/Nov/2024:00:29:10 +0100] "GET /ticket2/opencms/en/ HTTP/1.1" 200 95178
52.1.157.90 - - [06/Nov/2024:00:29:10 +0100] "GET /ticket2/opencms/is/buy/?edid=8E60715C-679D-D409-2BE9-46EB77599BF4&page=1 HTTP/1.1" 200 115529
188.165.241.181 - - [06/Nov/2024:00:29:11 +0100] "GET /ticket2/opencms/sv/buy/?page=1&edid=9B375AEE-764B-503F-3F66-4B53C8619B09&sortorder=desc&column=price HTTP/1.1" 200 101668
35.82.16.243 - - [06/Nov/2024:00:29:12 +0100] "GET /ticket2/opencms/es/buying_tickets HTTP/1.1" 200 83432
35.82.16.243 - - [06/Nov/2024:00:29:12 +0100] "GET /ticket2/opencms/cs/buy?page=1&edid=830F2AEC-7FB6-11C1-AD11-54BD6744D648 HTTP/1.1" 200 120738
35.82.16.243 - - [06/Nov/2024:00:29:13 +0100] "GET /ticket2/opencms/nl/buy?page=1&edid=830F2AEC-7FB6-11C1-AD11-54BD6744D648 HTTP/1.1" 200 118250
100.29.63.24 - - [06/Nov/2024:00:29:15 +0100] "GET /ticket2/opencms/is/buy/?edid=1FC397CE-A835-91DE-8251-09DE1CD1F661&page=1 HTTP/1.1" 200 122074
35.82.16.243 - - [06/Nov/2024:00:29:16 +0100] "GET /ticket2/opencms/pl/buy?page=1&edid=830F2AEC-7FB6-11C1-AD11-54BD6744D648 HTTP/1.1" 200 120545
35.82.16.243 - - [06/Nov/2024:00:29:17 +0100] "GET /ticket2/opencms/bs/partnerski-program/ HTTP/1.1" 200 81319
66.249.79.231 - - [06/Nov/2024:00:29:18 +0100] "GET /ticket2/opencms/system/modules/com.gridnine.opencms.ticketbrokerage.site/resources/js/stickyfill.min.js HTTP/1.1" 200 5672
188.165.241.181 - - [06/Nov/2024:00:29:18 +0100] "GET /ticket2/opencms/sv/buy/?page=1&edid=9B375AEE-764B-503F-3F66-4B53C8619B09&sortorder=desc&column=row HTTP/1.1" 200 101576
3.208.156.9 - - [06/Nov/2024:00:29:19 +0100] "GET /ticket2/opencms/is/buy/?edid=27317885-98E3-8F4E-1524-D258BC93981D&page=1 HTTP/1.1" 200 98815
35.82.16.243 - - [06/Nov/2024:00:29:20 +0100] "GET /ticket2/opencms/et/buy?page=1&edid=11EFBC55-130A-2310-B776-C5D86878BDAB HTTP/1.1" 200 130129
35.82.16.243 - - [06/Nov/2024:00:29:20 +0100] "GET /ticket2/opencms/et/buy?page=1&edid=F1463EBE-6C18-CF49-B2AE-F79868BCA4F5 HTTP/1.1" 200 130896
35.82.16.243 - - [06/Nov/2024:00:29:21 +0100] "GET /ticket2/opencms/et/osta HTTP/1.1" 200 81610
52.167.144.186 - - [06/Nov/2024:00:29:22 +0100] "GET /ticket2/opencms/ga/buy?comcatid=0A6B8208-FDA4-E929-9D72-5312FD481B76 HTTP/1.1" 200 96292
3.231.193.38 - - [06/Nov/2024:00:29:23 +0100] "GET /ticket2/opencms/is/buy/?edid=B9A56D83-AD94-045F-A8C5-86B02F52A7C5&page=1 HTTP/1.1" 200 135245
47.128.120.72 - - [06/Nov/2024:00:29:24 +0100] "GET /ticket2/opencms/lv/buy/?edid=FB619D25-A569-B2D3-A138-064ED3A662B4 HTTP/1.1" 200 81476
54.36.148.159 - - [06/Nov/2024:00:29:24 +0100] "GET /ticket2/opencms/sk/sport/futbalove-listky/premier-league/wolverhampton HTTP/1.1" 200 98097
195.154.122.185 - - [06/Nov/2024:00:29:24 +0100] "GET /ticket2/opencms/system/modules/com.gridnine.opencms.ticketbrokerage.site/resources/css/jquery-ui.css HTTP/1.1" 200 33221
195.154.122.185 - - [06/Nov/2024:00:29:24 +0100] "GET /ticket2/opencms/system/modules/com.gridnine.opencms.ticketbrokerage.site/resources/css/calendar.css HTTP/1.1" 200 6871
