185.229.154.215 - - [06/Nov/2024:00:06:15 +0100] "GET /ticket2/opencms/img/icons/sl.png HTTP/1.1" 200 966
185.229.154.215 - - [06/Nov/2024:00:06:15 +0100] "GET /ticket2/opencms/img/icons/uk.png HTTP/1.1" 200 1272
35.82.16.243 - - [06/Nov/2024:00:06:15 +0100] "GET /ticket2/opencms/bs/sport/fudbalske-karte/premier-league/tottenham HTTP/1.1" 200 97083
185.229.154.215 - - [06/Nov/2024:00:06:16 +0100] "GET /ticket2/opencms/system/modules/com.gridnine.opencms.ticketbrokerage.site/resources/js/standard.js HTTP/1.1" 200 3978
185.229.154.215 - - [06/Nov/2024:00:06:17 +0100] "GET /ticket2/opencms/system/modules/com.gridnine.opencms.ticketbrokerage.site/resources/css/images/ui-bg_flat_75_ffffff_40x100.png HTTP/1.1" 404 -
54.83.56.1 - - [06/Nov/2024:00:06:19 +0100] "GET /ticket2/opencms/is/buy/?edid=E66B1558-C5A6-CDDD-B7DD-6060381B0F38&page=1 HTTP/1.1" 200 111992
52.45.77.169 - - [06/Nov/2024:00:06:23 +0100] "GET /ticket2/opencms/is/buy/?edid=76EAECA7-64F4-2580-38CA-B14BCC95A1C5&page=1 HTTP/1.1" 200 108108
217.144.190.55 - - [06/Nov/2024:00:06:24 +0100] "GET /ticket2/opencms/RDWeb/Pages/ HTTP/1.1" 404 -
188.165.241.181 - - [06/Nov/2024:00:06:24 +0100] "GET /ticket2/opencms/no/buy/?page=1&edid=16D8D8B6-E3B7-19D1-2440-03B3A2E90B73&sortorder=desc&column=row HTTP/1.1" 200 98743
35.82.16.243 - - [06/Nov/2024:00:06:24 +0100] "GET /ticket2/opencms/fr/sport/billets-football/la_liga/real_madrid/ HTTP/1.1" 200 90652
217.144.190.55 - - [06/Nov/2024:00:06:24 +0100] "GET /ticket2/opencms/RDWeb/Pages/ HTTP/1.1" 404 -
217.144.190.55 - - [06/Nov/2024:00:06:24 +0100] "GET /ticket2/opencms/RDWeb/Pages/ HTTP/1.1" 404 -
217.144.190.55 - - [06/Nov/2024:00:06:24 +0100] "GET /ticket2/opencms/RDWeb/Pages/ HTTP/1.1" 404 -
217.144.190.55 - - [06/Nov/2024:00:06:24 +0100] "GET /ticket2/opencms/RDWeb/Pages/ HTTP/1.1" 404 -
217.144.190.55 - - [06/Nov/2024:00:06:24 +0100] "GET /ticket2/opencms/RDWeb/Pages/ HTTP/1.1" 404 -
34.196.6.199 - - [06/Nov/2024:00:06:27 +0100] "GET /ticket2/opencms/is/buy/?edid=2ACCB388-CC5F-1368-2FF5-1F1630B8D295&page=1 HTTP/1.1" 200 108387
47.128.122.47 - - [06/Nov/2024:00:06:27 +0100] "GET /ticket2/opencms/sl/buy/?edid=5B1EBD64-AC5B-1705-53F4-E0FEF8B73423 HTTP/1.1" 200 81396
44.221.105.234 - - [06/Nov/2024:00:06:30 +0100] "GET /ticket2/opencms/is/buy/?edid=86016FCC-B629-DB25-1B97-EF7601F07523&page=1 HTTP/1.1" 200 98826
35.82.16.243 - - [06/Nov/2024:00:06:34 +0100] "GET /ticket2/opencms/bg/buy?page=1&edid=E9DB3A42-82BF-9B65-3ED4-EE5A32871388 HTTP/1.1" 200 123850
98.83.94.113 - - [06/Nov/2024:00:06:34 +0100] "GET /ticket2/opencms/is/buy/?edid=51218E22-B416-8A45-FFDA-8364D5067E03&page=1 HTTP/1.1" 200 101855
47.128.18.68 - - [06/Nov/2024:00:06:38 +0100] "GET /ticket2/opencms/ga/faq/ HTTP/1.1" 200 82299
44.207.69.106 - - [06/Nov/2024:00:06:38 +0100] "GET /ticket2/opencms/is/buy/?edid=B07556EE-85E6-A902-E46B-ABCA49980DB1&page=1 HTTP/1.1" 200 102063
52.0.63.151 - - [06/Nov/2024:00:06:43 +0100] "GET /ticket2/opencms/is/buy/?edid=DABBB04A-934B-281D-ABA7-8CACF7859BC6&page=1 HTTP/1.1" 200 98806
54.36.148.114 - - [06/Nov/2024:00:06:44 +0100] "GET /ticket2/opencms/et/buy?page=6&comcatid=97ECA65A-72DA-F9AF-9DBB-245D3CFED1BE&catid=F7F89B9B-6697-7881-54AE-4C39276BF1B8 HTTP/1.1" 200 88887
35.82.16.243 - - [06/Nov/2024:00:06:44 +0100] "GET /ticket2/opencms/dk/buy?page=1&edid=E9DB3A42-82BF-9B65-3ED4-EE5A32871388 HTTP/1.1" 200 120245
44.193.102.198 - - [06/Nov/2024:00:06:46 +0100] "GET /ticket2/opencms/is/buy/?edid=0C675B35-F010-2227-D951-9B816929F720&page=1 HTTP/1.1" 200 108090
188.165.241.181 - - [06/Nov/2024:00:06:49 +0100] "GET /ticket2/opencms/no/buy/?page=1&edid=17229D35-3D33-BA4B-D9CE-ADD5520AE6FB&sortorder=asc&column=price HTTP/1.1" 200 101576
216.244.66.196 - - [06/Nov/2024:00:06:50 +0100] "GET /ticket2/opencms/es/login HTTP/1.1" 200 83209
23.20.178.124 - - [06/Nov/2024:00:06:50 +0100] "GET /ticket2/opencms/is/buy/?edid=46F37BE7-B2F6-BEA5-12C9-E1FFD36B0DD0&page=1 HTTP/1.1" 200 108020
35.82.16.243 - - [06/Nov/2024:00:06:54 +0100] "GET /ticket2/opencms/mt/buy?page=1&edid=E9DB3A42-82BF-9B65-3ED4-EE5A32871388 HTTP/1.1" 200 121785
87.248.17.16 - - [06/Nov/2024:00:06:56 +0100] "GET /ticket2/opencms/no/sport/fotballsbilletter/premier_league/arsenal/?gad_source=2&gclid=Cj0KCQiAoae5BhCNARIsADVLzZf3gFhDYp6oCOIOw9JHeOzDsD8kbRDqjpkkc59eVK0kGTCijnnLMe4aAtC_EALw_wcB HTTP/1.1" 200 96616
87.248.17.16 - - [06/Nov/2024:00:06:56 +0100] "GET /ticket2/opencms/system/modules/com.gridnine.opencms.ticketbrokerage.site/resources/css/ticketbrokerage.css HTTP/1.1" 200 39339
87.248.17.16 - - [06/Nov/2024:00:06:57 +0100] "GET /ticket2/opencms/system/modules/com.gridnine.opencms.ticketbrokerage.site/resources/js/jquery/jquery.js HTTP/1.1" 200 93868
87.248.17.16 - - [06/Nov/2024:00:06:57 +0100] "GET /ticket2/opencms/system/modules/com.gridnine.opencms.ticketbrokerage.site/resources/css/jquery.fancybox.css HTTP/1.1" 200 4939
87.248.17.16 - - [06/Nov/2024:00:06:57 +0100] "GET /ticket2/opencms/system/modules/com.gridnine.opencms.ticketbrokerage.site/resources/css/jquery-ui.css HTTP/1.1" 200 33221
87.248.17.16 - - [06/Nov/2024:00:06:57 +0100] "GET /ticket2/opencms/system/modules/com.gridnine.opencms.ticketbrokerage.site/resources/css/standard.css HTTP/1.1" 200 73073
87.248.17.16 - - [06/Nov/2024:00:06:57 +0100] "GET /ticket2/opencms/system/modules/com.gridnine.opencms.ticketbrokerage.site/resources/css/calendar.css HTTP/1.1" 200 6871
87.248.17.16 - - [06/Nov/2024:00:06:57 +0100] "GET /ticket2/opencms/system/modules/com.gridnine.opencms.ticketbrokerage.site/resources/js/calendar-en.js HTTP/1.1" 200 3338
87.248.17.16 - - [06/Nov/2024:00:06:57 +0100] "GET /ticket2/opencms/system/modules/com.gridnine.opencms.ticketbrokerage.site/resources/js/calendar-setup.js HTTP/1.1" 200 4923
87.248.17.16 - - [06/Nov/2024:00:06:57 +0100] "GET /ticket2/opencms/system/modules/com.gridnine.opencms.ticketbrokerage.site/resources/js/functions.js HTTP/1.1" 200 1583
87.248.17.16 - - [06/Nov/2024:00:06:57 +0100] "GET /ticket2/opencms/system/modules/com.gridnine.opencms.ticketbrokerage.site/resources/js/calendar.js HTTP/1.1" 200 49229
87.248.17.16 - - [06/Nov/2024:00:06:57 +0100] "GET /ticket2/opencms/system/modules/com.gridnine.opencms.ticketbrokerage.site/resources/js/jquery/jquery-ui.js HTTP/1.1" 200 228088
87.248.17.16 - - [06/Nov/2024:00:06:57 +0100] "GET /ticket2/opencms/system/modules/com.gridnine.opencms.ticketbrokerage.site/resources/js/jquery.fancybox.pack.js HTTP/1.1" 200 23187
87.248.17.16 - - [06/Nov/2024:00:06:57 +0100] "GET /ticket2/opencms/system/modules/com.gridnine.opencms.ticketbrokerage.site/resources/js/stickyfill.min.js HTTP/1.1" 200 5672
87.248.17.16 - - [06/Nov/2024:00:06:57 +0100] "GET /ticket2/opencms/img/icons/en.png HTTP/1.1" 200 2415
87.248.17.16 - - [06/Nov/2024:00:06:57 +0100] "GET /ticket2/opencms/img/icons/se.png HTTP/1.1" 200 1258
98.82.59.253 - - [06/Nov/2024:00:06:59 +0100] "GET /ticket2/opencms/is/buy/?edid=2F959FEF-0277-463A-7AA1-8B479CA506D8&page=1 HTTP/1.1" 200 98811
35.168.238.50 - - [06/Nov/2024:00:06:59 +0100] "GET /ticket2/opencms/is/buy/?edid=866ED0B0-A67C-9147-4D6A-B6162F21CEF8&page=1 HTTP/1.1" 200 104827
3.229.95.193 - - [06/Nov/2024:00:07:02 +0100] "GET /ticket2/opencms/is/buy/?edid=9E48B87F-688E-01AE-F864-C3FCC26B3C24&page=1 HTTP/1.1" 200 101208
35.82.16.243 - - [06/Nov/2024:00:07:05 +0100] "GET /ticket2/opencms/sv/buy?page=1&edid=E9DB3A42-82BF-9B65-3ED4-EE5A32871388 HTTP/1.1" 200 120567
188.113.80.64 - - [06/Nov/2024:00:07:05 +0100] "GET /ticket2/opencms/no/buy?page=2&sodvid=666cb145-d7f0-4af2-a800-3b820a01000f HTTP/1.1" 200 112783
188.113.80.64 - - [06/Nov/2024:00:07:05 +0100] "GET /ticket2/opencms/system/modules/com.gridnine.opencms.ticketbrokerage.site/resources/css/calendar.css HTTP/1.1" 200 6871
188.113.80.64 - - [06/Nov/2024:00:07:05 +0100] "GET /ticket2/opencms/system/modules/com.gridnine.opencms.ticketbrokerage.site/resources/css/ticketbrokerage.css HTTP/1.1" 200 39339
188.113.80.64 - - [06/Nov/2024:00:07:05 +0100] "GET /ticket2/opencms/system/modules/com.gridnine.opencms.ticketbrokerage.site/resources/css/standard.css HTTP/1.1" 200 73073
188.113.80.64 - - [06/Nov/2024:00:07:05 +0100] "GET /ticket2/opencms/system/modules/com.gridnine.opencms.ticketbrokerage.site/resources/js/functions.js HTTP/1.1" 200 1583
188.113.80.64 - - [06/Nov/2024:00:07:05 +0100] "GET /ticket2/opencms/system/modules/com.gridnine.opencms.ticketbrokerage.site/resources/js/calendar-en.js HTTP/1.1" 200 3338
188.113.80.64 - - [06/Nov/2024:00:07:05 +0100] "GET /ticket2/opencms/system/modules/com.gridnine.opencms.ticketbrokerage.site/resources/js/calendar.js HTTP/1.1" 200 49229
188.113.80.64 - - [06/Nov/2024:00:07:05 +0100] "GET /ticket2/opencms/system/modules/com.gridnine.opencms.ticketbrokerage.site/resources/js/calendar-setup.js HTTP/1.1" 200 4923
188.113.80.64 - - [06/Nov/2024:00:07:05 +0100] "GET /ticket2/opencms/system/modules/com.gridnine.opencms.ticketbrokerage.site/resources/js/standard.js HTTP/1.1" 200 3978
18.205.213.231 - - [06/Nov/2024:00:07:06 +0100] "GET /ticket2/opencms/is/buy/?edid=DA6CC5BF-D136-7366-202C-2FA8DA7045EB&page=1 HTTP/1.1" 200 98783
54.83.23.103 - - [06/Nov/2024:00:07:11 +0100] "GET /ticket2/opencms/is/buy/?edid=7DA6AFD0-1F4E-627C-789E-E465BB16D2D7&page=1 HTTP/1.1" 200 111396
188.165.241.181 - - [06/Nov/2024:00:07:12 +0100] "GET /ticket2/opencms/no/buy/?page=1&edid=17229D35-3D33-BA4B-D9CE-ADD5520AE6FB&sortorder=asc&column=section HTTP/1.1" 200 101668
35.82.16.243 - - [06/Nov/2024:00:07:14 +0100] "GET /ticket2/opencms/tr/buy?page=1&edid=E9DB3A42-82BF-9B65-3ED4-EE5A32871388 HTTP/1.1" 200 121754
47.128.124.205 - - [06/Nov/2024:00:07:14 +0100] "GET /ticket2/opencms/be/buy?edid=F6926B54-D901-FAF0-8126-EB0D6BB39E8E HTTP/1.1" 200 82069
52.7.33.248 - - [06/Nov/2024:00:07:15 +0100] "GET /ticket2/opencms/is/buy/?edid=F7607B70-C7D1-859A-AF1D-90ACBF6F99CC&page=1 HTTP/1.1" 200 108144
3.211.105.134 - - [06/Nov/2024:00:07:18 +0100] "GET /ticket2/opencms/is/buy/?edid=07DEB2A3-DF25-51E6-57DE-19F2D68F0F1B&page=1 HTTP/1.1" 200 98789
37.123.143.11 - - [06/Nov/2024:00:07:19 +0100] "GET /ticket2/opencms/system/workplace/views/top_foot.jsp?wpFrame=foot HTTP/1.1" 200 1210
37.123.143.11 - - [06/Nov/2024:00:07:19 +0100] "GET /ticket2/opencms/system/workplace/commons/style/workplace.css HTTP/1.1" 200 14209
54.36.148.112 - - [06/Nov/2024:00:07:20 +0100] "GET /ticket2/opencms/fr/buy?page=6&comcatid=97ECA65A-72DA-F9AF-9DBB-245D3CFED1BE&catid=F7F89B9B-6697-7881-54AE-4C39276BF1B8 HTTP/1.1" 200 88328
54.87.62.248 - - [06/Nov/2024:00:07:22 +0100] "GET /ticket2/opencms/is/buy/?edid=F7378244-15B7-A239-317C-1FF50D66CBB3&page=1 HTTP/1.1" 200 98818
35.82.16.243 - - [06/Nov/2024:00:07:25 +0100] "GET /ticket2/opencms/fr/buying_tickets HTTP/1.1" 200 83885
184.72.84.154 - - [06/Nov/2024:00:07:27 +0100] "GET /ticket2/opencms/is/buy/?edid=CA9B3B0E-7FD3-E90E-7799-488AC7DDC244&page=1 HTTP/1.1" 200 122066
188.165.241.181 - - [06/Nov/2024:00:07:28 +0100] "GET /ticket2/opencms/no/buy/?page=1&edid=17229D35-3D33-BA4B-D9CE-ADD5520AE6FB&sortorder=desc&column=price HTTP/1.1" 200 101621
98.83.10.183 - - [06/Nov/2024:00:07:31 +0100] "GET /ticket2/opencms/is/buy/?edid=98E89286-AD3E-3470-6C68-64A56A1CECBA&page=1 HTTP/1.1" 200 102076
95.214.27.169 - - [06/Nov/2024:00:07:33 +0100] "GET / HTTP/1.1" 404 -
95.214.27.169 - - [06/Nov/2024:00:07:34 +0100] "CONNECT example.com:443 HTTP/1.1" 400 -
95.214.27.169 - - [06/Nov/2024:00:07:34 +0100] "GET / HTTP/1.1" 404 -
95.214.27.169 - - [06/Nov/2024:00:07:34 +0100] "CONNECT example.com:443 HTTP/1.1" 400 -
44.206.65.8 - - [06/Nov/2024:00:07:35 +0100] "GET /ticket2/opencms/is/buy/?edid=6ED08D04-7263-AC79-DA04-AFB97DC97A00&page=1 HTTP/1.1" 200 125347
35.82.16.243 - - [06/Nov/2024:00:07:35 +0100] "GET /ticket2/opencms/fr/sport/billets-football/premier_league/west_ham_united/ HTTP/1.1" 200 97413
188.113.80.64 - - [06/Nov/2024:00:07:37 +0100] "GET /ticket2/opencms/no/sell/ HTTP/1.1" 302 -
188.113.80.64 - - [06/Nov/2024:00:07:38 +0100] "GET /ticket2/opencms/no/login/?url=/no/sell/ HTTP/1.1" 200 83159
188.113.80.64 - - [06/Nov/2024:00:07:38 +0100] "GET /ticket2/opencms/system/modules/com.gridnine.opencms.ticketbrokerage.site/resources/css/ticketbrokerage.css HTTP/1.1" 200 39339
188.113.80.64 - - [06/Nov/2024:00:07:38 +0100] "GET /ticket2/opencms/system/modules/com.gridnine.opencms.ticketbrokerage.site/resources/css/calendar.css HTTP/1.1" 200 6871
188.113.80.64 - - [06/Nov/2024:00:07:38 +0100] "GET /ticket2/opencms/system/modules/com.gridnine.opencms.ticketbrokerage.site/resources/js/functions.js HTTP/1.1" 200 1583
188.113.80.64 - - [06/Nov/2024:00:07:38 +0100] "GET /ticket2/opencms/system/modules/com.gridnine.opencms.ticketbrokerage.site/resources/css/standard.css HTTP/1.1" 200 73073
188.113.80.64 - - [06/Nov/2024:00:07:38 +0100] "GET /ticket2/opencms/system/modules/com.gridnine.opencms.ticketbrokerage.site/resources/js/calendar-en.js HTTP/1.1" 200 3338
188.113.80.64 - - [06/Nov/2024:00:07:38 +0100] "GET /ticket2/opencms/system/modules/com.gridnine.opencms.ticketbrokerage.site/resources/js/calendar.js HTTP/1.1" 200 49229
188.113.80.64 - - [06/Nov/2024:00:07:38 +0100] "GET /ticket2/opencms/system/modules/com.gridnine.opencms.ticketbrokerage.site/resources/js/calendar-setup.js HTTP/1.1" 200 4923
188.113.80.64 - - [06/Nov/2024:00:07:38 +0100] "GET /ticket2/opencms/system/modules/com.gridnine.opencms.ticketbrokerage.site/resources/js/standard.js HTTP/1.1" 200 3978
157.55.39.56 - - [06/Nov/2024:00:07:38 +0100] "GET /ticket2/opencms/es/login/?url=/hr/sell/ HTTP/1.1" 200 83209
3.210.114.189 - - [06/Nov/2024:00:07:38 +0100] "GET /ticket2/opencms/is/buy/?edid=A9140ADD-E008-579D-7865-3C1E6B6E78F6&page=1 HTTP/1.1" 200 101247
52.167.144.216 - - [06/Nov/2024:00:07:41 +0100] "GET /ticket2/opencms/pl/buy?comcatid=A17713B6-D984-201A-4143-ED4DB5ED5C2E&catid=82F804FA-9F69-CB6B-D41D-7BF7C716058B HTTP/1.1" 200 93802
52.207.47.227 - - [06/Nov/2024:00:07:43 +0100] "GET /ticket2/opencms/is/buy/?edid=2623FB3F-281B-22C8-3425-BF900A46AC08&page=1 HTTP/1.1" 200 98793
188.165.241.181 - - [06/Nov/2024:00:07:43 +0100] "GET /ticket2/opencms/no/buy/?page=1&edid=17229D35-3D33-BA4B-D9CE-ADD5520AE6FB&sortorder=desc&column=section HTTP/1.1" 200 101713
35.82.16.243 - - [06/Nov/2024:00:07:44 +0100] "GET /ticket2/opencms/fr/sport/billets-football/uefa-champions-league/ HTTP/1.1" 500 -
52.167.144.206 - - [06/Nov/2024:00:07:46 +0100] "GET /ticket2/opencms/sv/magazine/article?title=emirates-stadium HTTP/1.1" 200 83287
54.91.122.193 - - [06/Nov/2024:00:07:47 +0100] "GET /ticket2/opencms/is/buy/?edid=FF079107-CBD4-B70B-EC76-A896DEC733A2&page=1 HTTP/1.1" 200 111610
188.165.241.181 - - [06/Nov/2024:00:07:47 +0100] "GET /ticket2/opencms/no/buy/?page=1&edid=17362151-FA4A-523D-48A8-CAEB83F89370&sortorder=desc&column=row HTTP/1.1" 200 99404
52.70.138.176 - - [06/Nov/2024:00:07:50 +0100] "GET /ticket2/opencms/is/buy/?edid=8704A6FC-1DE4-C984-AB65-851DF73AC6FC&page=1 HTTP/1.1" 200 98808
188.165.241.181 - - [06/Nov/2024:00:07:51 +0100] "GET /ticket2/opencms/no/buy/?page=1&edid=1774DA90-1210-0FE4-2949-90A20E119D0F&sortorder=asc&column=price HTTP/1.1" 200 102676
54.36.149.23 - - [06/Nov/2024:00:07:52 +0100] "GET /ticket2/opencms/ga/buy?page=6&comcatid=97ECA65A-72DA-F9AF-9DBB-245D3CFED1BE&catid=F7F89B9B-6697-7881-54AE-4C39276BF1B8 HTTP/1.1" 200 88967
52.205.113.104 - - [06/Nov/2024:00:07:55 +0100] "GET /ticket2/opencms/is/buy/?edid=2A37DE46-FFAE-D698-F339-A3B401DDEB66&page=1 HTTP/1.1" 200 98808
35.82.16.243 - - [06/Nov/2024:00:07:55 +0100] "GET /ticket2/opencms/fr/sport/billets-football/la_liga/barcelona/ HTTP/1.1" 200 97135
188.165.241.181 - - [06/Nov/2024:00:07:55 +0100] "GET /ticket2/opencms/no/buy/?page=1&edid=1774DA90-1210-0FE4-2949-90A20E119D0F&sortorder=asc&column=row HTTP/1.1" 200 102584
84.211.61.240 - - [06/Nov/2024:00:07:58 +0100] "GET /ticket2/opencms/set_aff_cookie.jsp?partner=53673ED6-1455-FA54-818F-B1F67121E37C&url=/no/buy/index.html%3Fpage%3D1%26edid%3D2684212B-FA50-DC4B-3CFA-1303E9638140%26hlv%3D66cdc00a-2d9c-45b1-8bfa-4fec0a01000f%23v_680556602 HTTP/1.1" 200 225
193.212.4.132 - - [06/Nov/2024:00:07:58 +0100] "GET /ticket2/opencms/no/sport/fotballsbilletter/premier_league/?wbraid={wbraid}&gclid=EAIaIQobChMIvK-FvarGiQMVpMw7Ah3PXR-zEAEYASAAEgINOvD_BwE HTTP/1.1" 200 90059
193.212.4.132 - - [06/Nov/2024:00:07:58 +0100] "GET /ticket2/opencms/system/modules/com.gridnine.opencms.ticketbrokerage.site/resources/css/ticketbrokerage.css HTTP/1.1" 200 39339
193.212.4.132 - - [06/Nov/2024:00:07:58 +0100] "GET /ticket2/opencms/system/modules/com.gridnine.opencms.ticketbrokerage.site/resources/css/calendar.css HTTP/1.1" 200 6871
188.165.241.181 - - [06/Nov/2024:00:07:59 +0100] "GET /ticket2/opencms/no/buy/?page=1&edid=1774DA90-1210-0FE4-2949-90A20E119D0F&sortorder=asc&column=section HTTP/1.1" 200 102768
193.212.4.132 - - [06/Nov/2024:00:07:59 +0100] "GET /ticket2/opencms/system/modules/com.gridnine.opencms.ticketbrokerage.site/resources/css/jquery-ui.css HTTP/1.1" 200 33221
84.211.61.240 - - [06/Nov/2024:00:07:59 +0100] "GET /ticket2/opencms/no/buy/?page=1&edid=2684212B-FA50-DC4B-3CFA-1303E9638140&hlv=66cdc00a-2d9c-45b1-8bfa-4fec0a01000f HTTP/1.1" 200 121844
84.211.61.240 - - [06/Nov/2024:00:07:59 +0100] "GET /ticket2/opencms/system/modules/com.gridnine.opencms.ticketbrokerage.site/resources/css/ticketbrokerage.css HTTP/1.1" 200 39339
193.212.4.132 - - [06/Nov/2024:00:07:59 +0100] "GET /ticket2/opencms/system/modules/com.gridnine.opencms.ticketbrokerage.site/resources/js/jquery/jquery.js HTTP/1.1" 200 93868
84.211.61.240 - - [06/Nov/2024:00:07:59 +0100] "GET /ticket2/opencms/system/modules/com.gridnine.opencms.ticketbrokerage.site/resources/js/jquery/jquery-ui.js HTTP/1.1" 200 228088
193.212.4.132 - - [06/Nov/2024:00:07:59 +0100] "GET /ticket2/opencms/system/modules/com.gridnine.opencms.ticketbrokerage.site/resources/css/jquery.fancybox.css HTTP/1.1" 200 4939
193.212.4.132 - - [06/Nov/2024:00:07:59 +0100] "GET /ticket2/opencms/system/modules/com.gridnine.opencms.ticketbrokerage.site/resources/css/standard.css HTTP/1.1" 200 73073
84.211.61.240 - - [06/Nov/2024:00:07:59 +0100] "GET /ticket2/opencms/system/modules/com.gridnine.opencms.ticketbrokerage.site/resources/js/functions.js HTTP/1.1" 200 1583
193.212.4.132 - - [06/Nov/2024:00:07:59 +0100] "GET /ticket2/opencms/system/modules/com.gridnine.opencms.ticketbrokerage.site/resources/js/calendar.js HTTP/1.1" 200 49229
193.212.4.132 - - [06/Nov/2024:00:07:59 +0100] "GET /ticket2/opencms/system/modules/com.gridnine.opencms.ticketbrokerage.site/resources/js/functions.js HTTP/1.1" 200 1583
193.212.4.132 - - [06/Nov/2024:00:07:59 +0100] "GET /ticket2/opencms/system/modules/com.gridnine.opencms.ticketbrokerage.site/resources/js/jquery/jquery-ui.js HTTP/1.1" 200 228088
84.211.61.240 - - [06/Nov/2024:00:07:59 +0100] "GET /ticket2/opencms/system/modules/com.gridnine.opencms.ticketbrokerage.site/resources/js/calendar.js HTTP/1.1" 200 49229
84.211.61.240 - - [06/Nov/2024:00:07:59 +0100] "GET /ticket2/opencms/system/modules/com.gridnine.opencms.ticketbrokerage.site/resources/js/calendar-en.js HTTP/1.1" 200 3338
84.211.61.240 - - [06/Nov/2024:00:07:59 +0100] "GET /ticket2/opencms/system/modules/com.gridnine.opencms.ticketbrokerage.site/resources/js/calendar-setup.js HTTP/1.1" 200 4923
84.211.61.240 - - [06/Nov/2024:00:07:59 +0100] "GET /ticket2/opencms/system/modules/com.gridnine.opencms.ticketbrokerage.site/resources/css/jquery-ui.css HTTP/1.1" 200 33221
193.212.4.132 - - [06/Nov/2024:00:07:59 +0100] "GET /ticket2/opencms/system/modules/com.gridnine.opencms.ticketbrokerage.site/resources/js/calendar-en.js HTTP/1.1" 200 3338
84.211.61.240 - - [06/Nov/2024:00:07:59 +0100] "GET /ticket2/opencms/system/modules/com.gridnine.opencms.ticketbrokerage.site/resources/js/jquery.fancybox.pack.js HTTP/1.1" 200 23187
193.212.4.132 - - [06/Nov/2024:00:07:59 +0100] "GET /ticket2/opencms/system/modules/com.gridnine.opencms.ticketbrokerage.site/resources/js/calendar-setup.js HTTP/1.1" 200 4923
84.211.61.240 - - [06/Nov/2024:00:07:59 +0100] "GET /ticket2/opencms/system/modules/com.gridnine.opencms.ticketbrokerage.site/resources/js/stickyfill.min.js HTTP/1.1" 200 5672
193.212.4.132 - - [06/Nov/2024:00:07:59 +0100] "GET /ticket2/opencms/system/modules/com.gridnine.opencms.ticketbrokerage.site/resources/js/jquery.fancybox.pack.js HTTP/1.1" 200 23187
84.211.61.240 - - [06/Nov/2024:00:07:59 +0100] "GET /ticket2/opencms/system/modules/com.gridnine.opencms.ticketbrokerage.site/resources/js/standard.js HTTP/1.1" 200 3978
84.211.61.240 - - [06/Nov/2024:00:07:59 +0100] "GET /ticket2/opencms/system/modules/com.gridnine.opencms.ticketbrokerage.site/resources/js/jquery.placeholder.min.js HTTP/1.1" 200 1737
84.211.61.240 - - [06/Nov/2024:00:07:59 +0100] "GET /ticket2/opencms/system/modules/com.gridnine.opencms.ticketbrokerage.site/resources/js/common-ajax.js HTTP/1.1" 200 20175
193.212.4.132 - - [06/Nov/2024:00:07:59 +0100] "GET /ticket2/opencms/system/modules/com.gridnine.opencms.ticketbrokerage.site/resources/js/stickyfill.min.js HTTP/1.1" 200 5672
44.212.145.46 - - [06/Nov/2024:00:07:59 +0100] "GET /ticket2/opencms/is/buy/?edid=71F3FE54-10D0-F1E8-DD77-D63D4BE2C9CF&page=1 HTTP/1.1" 200 127229
193.212.4.132 - - [06/Nov/2024:00:07:59 +0100] "GET /ticket2/opencms/img/icons/en.png HTTP/1.1" 200 2415
193.212.4.132 - - [06/Nov/2024:00:07:59 +0100] "GET /ticket2/opencms/img/icons/se.png HTTP/1.1" 200 1258
84.211.61.240 - - [06/Nov/2024:00:07:59 +0100] "GET /ticket2/opencms/system/modules/com.gridnine.opencms.ticketbrokerage.site/resources/css/standard.css HTTP/1.1" 200 73073
193.212.4.132 - - [06/Nov/2024:00:08:00 +0100] "GET /ticket2/opencms/img/icons/fi.png HTTP/1.1" 200 1785
193.212.4.132 - - [06/Nov/2024:00:08:00 +0100] "GET /ticket2/opencms/img/icons/no.png HTTP/1.1" 200 1958
193.212.4.132 - - [06/Nov/2024:00:08:00 +0100] "GET /ticket2/opencms/system/modules/com.gridnine.opencms.ticketbrokerage.site/resources/js/standard.js HTTP/1.1" 200 3978
193.212.4.132 - - [06/Nov/2024:00:08:00 +0100] "GET /ticket2/opencms/img/icons/dk.png HTTP/1.1" 200 1706
84.211.61.240 - - [06/Nov/2024:00:08:00 +0100] "GET /ticket2/opencms/system/modules/com.gridnine.opencms.ticketbrokerage.site/resources/css/jquery.fancybox.css HTTP/1.1" 200 4939
84.211.61.240 - - [06/Nov/2024:00:08:00 +0100] "GET /ticket2/opencms/system/modules/com.gridnine.opencms.ticketbrokerage.site/resources/css/calendar.css HTTP/1.1" 200 6871
84.211.61.240 - - [06/Nov/2024:00:08:00 +0100] "GET /ticket2/opencms/system/modules/com.gridnine.opencms.ticketbrokerage.site/resources/pics/logo-new.png HTTP/1.1" 200 13541
84.211.61.240 - - [06/Nov/2024:00:08:00 +0100] "GET /ticket2/opencms/img/insta.png HTTP/1.1" 200 3967
84.211.61.240 - - [06/Nov/2024:00:08:00 +0100] "GET /ticket2/opencms/img/fb.png HTTP/1.1" 200 1269
84.211.61.240 - - [06/Nov/2024:00:08:00 +0100] "GET /ticket2/opencms/venue/etihad_stadium.png HTTP/1.1" 200 50176
84.211.61.240 - - [06/Nov/2024:00:08:00 +0100] "GET /ticket2/opencms/system/modules/com.gridnine.opencms.ticketbrokerage.site/resources/pics/0.gif HTTP/1.1" 200 43
84.211.61.240 - - [06/Nov/2024:00:08:00 +0100] "GET /ticket2/opencms/system/modules/com.gridnine.opencms.ticketbrokerage.site/resources/pics/two_man.png HTTP/1.1" 200 3407
84.211.61.240 - - [06/Nov/2024:00:08:00 +0100] "GET /ticket2/opencms/system/modules/com.gridnine.opencms.ticketbrokerage.site/resources/pics/ticket_info_button.png HTTP/1.1" 200 3820
84.211.61.240 - - [06/Nov/2024:00:08:00 +0100] "GET /ticket2/opencms/system/modules/com.gridnine.opencms.ticketbrokerage.site/resources/pics/footer-img.jpg HTTP/1.1" 200 67642
193.212.4.132 - - [06/Nov/2024:00:08:01 +0100] "GET /ticket2/opencms/system/modules/com.gridnine.opencms.ticketbrokerage.site/resources/js/jquery.placeholder.min.js HTTP/1.1" 200 1737
84.211.61.240 - - [06/Nov/2024:00:08:01 +0100] "GET /ticket2/opencms/system/modules/com.gridnine.opencms.ticketbrokerage.site/resources/js/jquery/jquery.js HTTP/1.1" 200 93868
193.212.4.132 - - [06/Nov/2024:00:08:01 +0100] "GET /ticket2/opencms/system/modules/com.gridnine.opencms.ticketbrokerage.site/resources/js/common-ajax.js HTTP/1.1" 200 20175
84.211.61.240 - - [06/Nov/2024:00:08:01 +0100] "GET /ticket2/opencms/img/mail.png HTTP/1.1" 200 403
84.211.61.240 - - [06/Nov/2024:00:08:01 +0100] "GET /ticket2/opencms/img/check.png HTTP/1.1" 200 548
84.211.61.240 - - [06/Nov/2024:00:08:01 +0100] "GET /ticket2/opencms/img/arrow.png HTTP/1.1" 200 753
84.211.61.240 - - [06/Nov/2024:00:08:01 +0100] "GET /ticket2/opencms/img/chat.png HTTP/1.1" 200 416
84.211.61.240 - - [06/Nov/2024:00:08:01 +0100] "GET /ticket2/opencms/no/ask-form.html HTTP/1.1" 200 2919
84.211.61.240 - - [06/Nov/2024:00:08:01 +0100] "GET /ticket2/opencms/system/modules/com.gridnine.opencms.ticketbrokerage.site/resources/pics/arrow.gif HTTP/1.1" 200 344
84.211.61.240 - - [06/Nov/2024:00:08:01 +0100] "GET /ticket2/opencms/system/modules/com.gridnine.opencms.ticketbrokerage.site/resources/pics/form_marker.gif HTTP/1.1" 200 43
84.211.61.240 - - [06/Nov/2024:00:08:01 +0100] "GET /ticket2/opencms/system/modules/com.gridnine.opencms.ticketbrokerage.site/resources/css/ticketbrokerage.css HTTP/1.1" 200 39339
84.211.61.240 - - [06/Nov/2024:00:08:01 +0100] "GET /ticket2/opencms/system/modules/com.gridnine.opencms.ticketbrokerage.site/resources/pics/button1_left.gif HTTP/1.1" 200 232
84.211.61.240 - - [06/Nov/2024:00:08:01 +0100] "GET /ticket2/opencms/system/modules/com.gridnine.opencms.ticketbrokerage.site/resources/pics/button1_center.gif HTTP/1.1" 200 66
84.211.61.240 - - [06/Nov/2024:00:08:01 +0100] "GET /ticket2/opencms/system/modules/com.gridnine.opencms.ticketbrokerage.site/resources/pics/button1_right.gif HTTP/1.1" 200 232
84.211.61.240 - - [06/Nov/2024:00:08:02 +0100] "GET /ticket2/opencms/img/icons/globe-white.png HTTP/1.1" 200 947
84.211.61.240 - - [06/Nov/2024:00:08:02 +0100] "GET /ticket2/opencms/img/icons/se.png HTTP/1.1" 200 1258
84.211.61.240 - - [06/Nov/2024:00:08:02 +0100] "GET /ticket2/opencms/img/icons/it.png HTTP/1.1" 200 2040
84.211.61.240 - - [06/Nov/2024:00:08:02 +0100] "GET /ticket2/opencms/img/icons/hy.png HTTP/1.1" 200 1170
84.211.61.240 - - [06/Nov/2024:00:08:02 +0100] "GET /ticket2/opencms/img/icons/az.png HTTP/1.1" 200 1445
84.211.61.240 - - [06/Nov/2024:00:08:02 +0100] "GET /ticket2/opencms/img/icons/be.png HTTP/1.1" 200 1663
84.211.61.240 - - [06/Nov/2024:00:08:02 +0100] "GET /ticket2/opencms/img/icons/bs.png HTTP/1.1" 200 1014
84.211.61.240 - - [06/Nov/2024:00:08:02 +0100] "GET /ticket2/opencms/img/icons/bg.png HTTP/1.1" 200 788
84.211.61.240 - - [06/Nov/2024:00:08:02 +0100] "GET /ticket2/opencms/img/icons/hr.png HTTP/1.1" 200 2024
84.211.61.240 - - [06/Nov/2024:00:08:02 +0100] "GET /ticket2/opencms/img/icons/cs.png HTTP/1.1" 200 1883
84.211.61.240 - - [06/Nov/2024:00:08:02 +0100] "GET /ticket2/opencms/img/icons/et.png HTTP/1.1" 200 754
84.211.61.240 - - [06/Nov/2024:00:08:02 +0100] "GET /ticket2/opencms/img/icons/el.png HTTP/1.1" 200 1637
84.211.61.240 - - [06/Nov/2024:00:08:02 +0100] "GET /ticket2/opencms/img/icons/ka.png HTTP/1.1" 200 860
84.211.61.240 - - [06/Nov/2024:00:08:02 +0100] "GET /ticket2/opencms/img/icons/hu.png HTTP/1.1" 200 733
84.211.61.240 - - [06/Nov/2024:00:08:02 +0100] "GET /ticket2/opencms/img/icons/is.png HTTP/1.1" 200 1884
84.211.61.240 - - [06/Nov/2024:00:08:02 +0100] "GET /ticket2/opencms/img/icons/en.png HTTP/1.1" 200 2415
84.211.61.240 - - [06/Nov/2024:00:08:02 +0100] "GET /ticket2/opencms/img/icons/ga.png HTTP/1.1" 200 1759
84.211.61.240 - - [06/Nov/2024:00:08:02 +0100] "GET /ticket2/opencms/img/icons/lv.png HTTP/1.1" 200 716
84.211.61.240 - - [06/Nov/2024:00:08:02 +0100] "GET /ticket2/opencms/img/icons/fi.png HTTP/1.1" 200 1785
84.211.61.240 - - [06/Nov/2024:00:08:02 +0100] "GET /ticket2/opencms/img/icons/lt.png HTTP/1.1" 200 733
84.211.61.240 - - [06/Nov/2024:00:08:02 +0100] "GET /ticket2/opencms/img/icons/es.png HTTP/1.1" 200 1005
84.211.61.240 - - [06/Nov/2024:00:08:02 +0100] "GET /ticket2/opencms/img/icons/pl.png HTTP/1.1" 200 1578
84.211.61.240 - - [06/Nov/2024:00:08:02 +0100] "GET /ticket2/opencms/img/icons/mk.png HTTP/1.1" 200 1405
84.211.61.240 - - [06/Nov/2024:00:08:02 +0100] "GET /ticket2/opencms/img/icons/mo.png HTTP/1.1" 200 1468
84.211.61.240 - - [06/Nov/2024:00:08:02 +0100] "GET /ticket2/opencms/img/icons/mt.png HTTP/1.1" 200 920
84.211.61.240 - - [06/Nov/2024:00:08:02 +0100] "GET /ticket2/opencms/img/icons/ro.png HTTP/1.1" 200 1393
84.211.61.240 - - [06/Nov/2024:00:08:02 +0100] "GET /ticket2/opencms/img/icons/sr.png HTTP/1.1" 200 1602
84.211.61.240 - - [06/Nov/2024:00:08:02 +0100] "GET /ticket2/opencms/img/icons/sk.png HTTP/1.1" 200 1283
84.211.61.240 - - [06/Nov/2024:00:08:02 +0100] "GET /ticket2/opencms/img/icons/sl.png HTTP/1.1" 200 966
84.211.61.240 - - [06/Nov/2024:00:08:02 +0100] "GET /ticket2/opencms/img/icons/tr.png HTTP/1.1" 200 1636
84.211.61.240 - - [06/Nov/2024:00:08:02 +0100] "GET /ticket2/opencms/img/icons/uk.png HTTP/1.1" 200 1272
84.211.61.240 - - [06/Nov/2024:00:08:02 +0100] "GET /ticket2/opencms/img/arrow-down.png HTTP/1.1" 200 192
84.211.61.240 - - [06/Nov/2024:00:08:02 +0100] "GET /ticket2/opencms/img/icons/dk.png HTTP/1.1" 200 1706
84.211.61.240 - - [06/Nov/2024:00:08:02 +0100] "GET /ticket2/opencms/img/icons/de.png HTTP/1.1" 200 1124
84.211.61.240 - - [06/Nov/2024:00:08:02 +0100] "GET /ticket2/opencms/img/icons/fr.png HTTP/1.1" 200 1764
84.211.61.240 - - [06/Nov/2024:00:08:02 +0100] "GET /ticket2/opencms/img/icons/nl.png HTTP/1.1" 200 1255
193.212.4.132 - - [06/Nov/2024:00:08:02 +0100] "GET /ticket2/opencms/img/icons/globe-white.png HTTP/1.1" 200 947
193.212.4.132 - - [06/Nov/2024:00:08:03 +0100] "GET /ticket2/opencms/img/icons/nl.png HTTP/1.1" 200 1255
193.212.4.132 - - [06/Nov/2024:00:08:03 +0100] "GET /ticket2/opencms/img/icons/de.png HTTP/1.1" 200 1124
84.211.61.240 - - [06/Nov/2024:00:08:03 +0100] "GET /ticket2/opencms/img/icons/sq.png HTTP/1.1" 200 1619
84.211.61.240 - - [06/Nov/2024:00:08:03 +0100] "GET /ticket2/opencms/img/icons/ticket2.thumbnail.png HTTP/1.1" 200 21519
84.211.61.240 - - [06/Nov/2024:00:08:03 +0100] "GET /ticket2/opencms/system/modules/com.gridnine.opencms.ticketbrokerage.site/resources/js/standard.js HTTP/1.1" 200 3978
193.212.4.132 - - [06/Nov/2024:00:08:03 +0100] "GET /ticket2/opencms/img/icons/fr.png HTTP/1.1" 200 1764
193.212.4.132 - - [06/Nov/2024:00:08:03 +0100] "GET /ticket2/opencms/img/icons/es.png HTTP/1.1" 200 1005
193.212.4.132 - - [06/Nov/2024:00:08:04 +0100] "GET /ticket2/opencms/img/icons/it.png HTTP/1.1" 200 2040
193.212.4.132 - - [06/Nov/2024:00:08:04 +0100] "GET /ticket2/opencms/img/icons/pl.png HTTP/1.1" 200 1578
188.165.241.181 - - [06/Nov/2024:00:08:04 +0100] "GET /ticket2/opencms/no/buy/?page=1&edid=17ABEF83-A306-7DC9-F266-4B55FF85626E&sortorder=asc&column=price HTTP/1.1" 200 102274
193.212.4.132 - - [06/Nov/2024:00:08:04 +0100] "GET /ticket2/opencms/img/icons/sq.png HTTP/1.1" 200 1619
193.212.4.132 - - [06/Nov/2024:00:08:04 +0100] "GET /ticket2/opencms/img/icons/az.png HTTP/1.1" 200 1445
84.211.61.240 - - [06/Nov/2024:00:08:04 +0100] "GET /ticket2/opencms/system/modules/com.gridnine.opencms.ticketbrokerage.site/resources/css/images/ui-bg_flat_75_ffffff_40x100.png HTTP/1.1" 404 -
193.212.4.132 - - [06/Nov/2024:00:08:04 +0100] "GET /ticket2/opencms/img/icons/be.png HTTP/1.1" 200 1663
193.212.4.132 - - [06/Nov/2024:00:08:04 +0100] "GET /ticket2/opencms/img/icons/bs.png HTTP/1.1" 200 1014
34.206.212.24 - - [06/Nov/2024:00:08:04 +0100] "GET /ticket2/opencms/is/buy/?edid=EEE973BA-8DC4-78CF-0AA2-8C97FEFEA03F&page=1 HTTP/1.1" 200 125288
193.212.4.132 - - [06/Nov/2024:00:08:05 +0100] "GET /ticket2/opencms/img/icons/bg.png HTTP/1.1" 200 788
193.212.4.132 - - [06/Nov/2024:00:08:05 +0100] "GET /ticket2/opencms/img/icons/hr.png HTTP/1.1" 200 2024
193.212.4.132 - - [06/Nov/2024:00:08:05 +0100] "GET /ticket2/opencms/img/icons/cs.png HTTP/1.1" 200 1883
193.212.4.132 - - [06/Nov/2024:00:08:05 +0100] "GET /ticket2/opencms/img/icons/et.png HTTP/1.1" 200 754
193.212.4.132 - - [06/Nov/2024:00:08:05 +0100] "GET /ticket2/opencms/img/icons/el.png HTTP/1.1" 200 1637
193.212.4.132 - - [06/Nov/2024:00:08:05 +0100] "GET /ticket2/opencms/img/icons/ka.png HTTP/1.1" 200 860
35.82.16.243 - - [06/Nov/2024:00:08:06 +0100] "GET /ticket2/opencms/fr/sport/billets-football/premier_league/tottenham/ HTTP/1.1" 200 97850
193.212.4.132 - - [06/Nov/2024:00:08:06 +0100] "GET /ticket2/opencms/img/icons/hu.png HTTP/1.1" 200 733
193.212.4.132 - - [06/Nov/2024:00:08:06 +0100] "GET /ticket2/opencms/img/icons/is.png HTTP/1.1" 200 1884
193.212.4.132 - - [06/Nov/2024:00:08:06 +0100] "GET /ticket2/opencms/img/icons/ga.png HTTP/1.1" 200 1759
193.212.4.132 - - [06/Nov/2024:00:08:06 +0100] "GET /ticket2/opencms/img/icons/lv.png HTTP/1.1" 200 716
193.212.4.132 - - [06/Nov/2024:00:08:06 +0100] "GET /ticket2/opencms/img/icons/lt.png HTTP/1.1" 200 733
52.203.237.170 - - [06/Nov/2024:00:08:06 +0100] "GET /ticket2/opencms/is/buy/?edid=959254C8-9F5F-6179-1CA1-062F7936CA77&page=1 HTTP/1.1" 200 98801
193.212.4.132 - - [06/Nov/2024:00:08:06 +0100] "GET /ticket2/opencms/img/icons/mt.png HTTP/1.1" 200 920
188.113.80.64 - - [06/Nov/2024:00:08:07 +0100] "GET /ticket2/opencms/no/standard/ HTTP/1.1" 200 91592
188.113.80.64 - - [06/Nov/2024:00:08:07 +0100] "GET /ticket2/opencms/system/modules/com.gridnine.opencms.ticketbrokerage.site/resources/css/calendar.css HTTP/1.1" 200 6871
188.113.80.64 - - [06/Nov/2024:00:08:07 +0100] "GET /ticket2/opencms/system/modules/com.gridnine.opencms.ticketbrokerage.site/resources/css/ticketbrokerage.css HTTP/1.1" 200 39339
188.113.80.64 - - [06/Nov/2024:00:08:07 +0100] "GET /ticket2/opencms/system/modules/com.gridnine.opencms.ticketbrokerage.site/resources/css/standard.css HTTP/1.1" 200 73073
188.113.80.64 - - [06/Nov/2024:00:08:07 +0100] "GET /ticket2/opencms/system/modules/com.gridnine.opencms.ticketbrokerage.site/resources/js/functions.js HTTP/1.1" 200 1583
188.113.80.64 - - [06/Nov/2024:00:08:07 +0100] "GET /ticket2/opencms/system/modules/com.gridnine.opencms.ticketbrokerage.site/resources/js/calendar.js HTTP/1.1" 200 49229
188.113.80.64 - - [06/Nov/2024:00:08:07 +0100] "GET /ticket2/opencms/system/modules/com.gridnine.opencms.ticketbrokerage.site/resources/js/calendar-en.js HTTP/1.1" 200 3338
188.113.80.64 - - [06/Nov/2024:00:08:07 +0100] "GET /ticket2/opencms/system/modules/com.gridnine.opencms.ticketbrokerage.site/resources/js/calendar-setup.js HTTP/1.1" 200 4923
188.113.80.64 - - [06/Nov/2024:00:08:07 +0100] "GET /ticket2/opencms/system/modules/com.gridnine.opencms.ticketbrokerage.site/resources/js/standard.js HTTP/1.1" 200 3978
193.212.4.132 - - [06/Nov/2024:00:08:07 +0100] "GET /ticket2/opencms/img/icons/mo.png HTTP/1.1" 200 1468
193.212.4.132 - - [06/Nov/2024:00:08:07 +0100] "GET /ticket2/opencms/img/icons/ro.png HTTP/1.1" 200 1393
193.212.4.132 - - [06/Nov/2024:00:08:07 +0100] "GET /ticket2/opencms/img/icons/sr.png HTTP/1.1" 200 1602
193.212.4.132 - - [06/Nov/2024:00:08:07 +0100] "GET /ticket2/opencms/img/icons/sk.png HTTP/1.1" 200 1283
193.212.4.132 - - [06/Nov/2024:00:08:08 +0100] "GET /ticket2/opencms/img/icons/sl.png HTTP/1.1" 200 966
193.212.4.132 - - [06/Nov/2024:00:08:08 +0100] "GET /ticket2/opencms/img/icons/uk.png HTTP/1.1" 200 1272
193.212.4.132 - - [06/Nov/2024:00:08:08 +0100] "GET /ticket2/opencms/system/modules/com.gridnine.opencms.ticketbrokerage.site/resources/pics/logo-new.png HTTP/1.1" 200 13541
193.212.4.132 - - [06/Nov/2024:00:08:08 +0100] "GET /ticket2/opencms/img/icons/tr.png HTTP/1.1" 200 1636
193.212.4.132 - - [06/Nov/2024:00:08:08 +0100] "GET /ticket2/opencms/img/insta.png HTTP/1.1" 200 3967
193.212.4.132 - - [06/Nov/2024:00:08:08 +0100] "GET /ticket2/opencms/system/modules/com.gridnine.opencms.ticketbrokerage.site/resources/pics/banners/sv/premier_league_sv.png HTTP/1.1" 200 13518
193.212.4.132 - - [06/Nov/2024:00:08:08 +0100] "GET /ticket2/opencms/img/fb.png HTTP/1.1" 200 1269
193.212.4.132 - - [06/Nov/2024:00:08:08 +0100] "GET /ticket2/opencms/system/modules/com.gridnine.opencms.ticketbrokerage.site/resources/pics/footer-img.jpg HTTP/1.1" 200 67642
193.212.4.132 - - [06/Nov/2024:00:08:09 +0100] "GET /ticket2/opencms/img/mail.png HTTP/1.1" 200 403
193.212.4.132 - - [06/Nov/2024:00:08:09 +0100] "GET /ticket2/opencms/img/check.png HTTP/1.1" 200 548
193.212.4.132 - - [06/Nov/2024:00:08:09 +0100] "GET /ticket2/opencms/img/chat.png HTTP/1.1" 200 416
193.212.4.132 - - [06/Nov/2024:00:08:09 +0100] "GET /ticket2/opencms/img/arrow.png HTTP/1.1" 200 753
188.165.241.181 - - [06/Nov/2024:00:08:09 +0100] "GET /ticket2/opencms/no/buy/?page=1&edid=17ABEF83-A306-7DC9-F266-4B55FF85626E&sortorder=asc&column=row HTTP/1.1" 200 102182
114.119.136.146 - - [06/Nov/2024:00:08:10 +0100] "GET /ticket2/opencms/en/venue/?venueid=0B6647D6-AF36-CFCA-FE75-9D696BBAFD20 HTTP/1.1" 200 77043
54.156.124.2 - - [06/Nov/2024:00:08:11 +0100] "GET /ticket2/opencms/is/buy/?edid=2B9FDAA5-4F91-9556-CB1B-77F0011A2F02&page=1 HTTP/1.1" 200 126446
84.211.61.240 - - [06/Nov/2024:00:08:13 +0100] "GET /ticket2/opencms/no/buy?page=2&sodvid=666d3be6-6f54-4dfe-a35e-5c070a01000f HTTP/1.1" 200 112806
193.212.4.132 - - [06/Nov/2024:00:08:13 +0100] "GET /ticket2/opencms/system/modules/com.gridnine.opencms.ticketbrokerage.site/resources/js/standard.js HTTP/1.1" 200 3978
84.211.61.240 - - [06/Nov/2024:00:08:13 +0100] "GET /ticket2/opencms/system/modules/com.gridnine.opencms.ticketbrokerage.site/resources/css/ticketbrokerage.css HTTP/1.1" 200 39339
84.211.61.240 - - [06/Nov/2024:00:08:13 +0100] "GET /ticket2/opencms/system/modules/com.gridnine.opencms.ticketbrokerage.site/resources/js/calendar-setup.js HTTP/1.1" 200 4923
84.211.61.240 - - [06/Nov/2024:00:08:13 +0100] "GET /ticket2/opencms/system/modules/com.gridnine.opencms.ticketbrokerage.site/resources/js/standard.js HTTP/1.1" 200 3978
84.211.61.240 - - [06/Nov/2024:00:08:13 +0100] "GET /ticket2/opencms/system/modules/com.gridnine.opencms.ticketbrokerage.site/resources/css/calendar.css HTTP/1.1" 200 6871
84.211.61.240 - - [06/Nov/2024:00:08:13 +0100] "GET /ticket2/opencms/system/modules/com.gridnine.opencms.ticketbrokerage.site/resources/css/standard.css HTTP/1.1" 200 73073
84.211.61.240 - - [06/Nov/2024:00:08:13 +0100] "GET /ticket2/opencms/system/modules/com.gridnine.opencms.ticketbrokerage.site/resources/js/functions.js HTTP/1.1" 200 1583
84.211.61.240 - - [06/Nov/2024:00:08:13 +0100] "GET /ticket2/opencms/system/modules/com.gridnine.opencms.ticketbrokerage.site/resources/js/calendar.js HTTP/1.1" 200 49229
84.211.61.240 - - [06/Nov/2024:00:08:13 +0100] "GET /ticket2/opencms/system/modules/com.gridnine.opencms.ticketbrokerage.site/resources/js/calendar-en.js HTTP/1.1" 200 3338
84.211.61.240 - - [06/Nov/2024:00:08:13 +0100] "GET /ticket2/opencms/system/modules/com.gridnine.opencms.ticketbrokerage.site/resources/css/images/ui-bg_flat_75_ffffff_40x100.png HTTP/1.1" 404 -
188.165.241.181 - - [06/Nov/2024:00:08:13 +0100] "GET /ticket2/opencms/no/buy/?page=1&edid=17ABEF83-A306-7DC9-F266-4B55FF85626E&sortorder=asc&column=section HTTP/1.1" 200 102366
35.82.16.243 - - [06/Nov/2024:00:08:14 +0100] "GET /ticket2/opencms/az/buy?page=1&edid=E9DB3A42-82BF-9B65-3ED4-EE5A32871388 HTTP/1.1" 200 121915
193.212.4.132 - - [06/Nov/2024:00:08:15 +0100] "GET /ticket2/opencms/system/modules/com.gridnine.opencms.ticketbrokerage.site/resources/css/images/ui-bg_flat_75_ffffff_40x100.png HTTP/1.1" 404 -
50.16.248.61 - - [06/Nov/2024:00:08:15 +0100] "GET /ticket2/opencms/is/buy/?edid=096598FE-DA35-4351-DFEE-DC9ACA0F0EF9&page=1 HTTP/1.1" 200 125430
188.165.241.181 - - [06/Nov/2024:00:08:18 +0100] "GET /ticket2/opencms/no/buy/?page=1&edid=17ABEF83-A306-7DC9-F266-4B55FF85626E&sortorder=desc&column=price HTTP/1.1" 200 102319
84.211.61.240 - - [06/Nov/2024:00:08:19 +0100] "GET /ticket2/opencms/set_aff_cookie.jsp?partner=53673ED6-1455-FA54-818F-B1F67121E37C&url=/no/buy/index.html%3Fpage%3D1%26edid%3D2684212B-FA50-DC4B-3CFA-1303E9638140%26hlv%3D66cdc00a-2d9c-45b1-8bfa-4fec0a01000f%23v_680556602 HTTP/1.1" 200 225
52.2.58.41 - - [06/Nov/2024:00:08:19 +0100] "GET /ticket2/opencms/is/buy/?edid=8085E80D-BC8F-CDCF-7CC8-2F497FE082D3&page=1 HTTP/1.1" 200 126514
84.211.61.240 - - [06/Nov/2024:00:08:19 +0100] "GET /ticket2/opencms/no/buy/?page=1&edid=2684212B-FA50-DC4B-3CFA-1303E9638140&hlv=66cdc00a-2d9c-45b1-8bfa-4fec0a01000f HTTP/1.1" 200 121844
100.28.118.16 - - [06/Nov/2024:00:08:22 +0100] "GET /ticket2/opencms/is/buy/?edid=42E8617D-7ECE-B375-F977-D5B4ED32BE05&page=1 HTTP/1.1" 200 98811
188.165.241.181 - - [06/Nov/2024:00:08:23 +0100] "GET /ticket2/opencms/no/buy/?page=1&edid=17ABEF83-A306-7DC9-F266-4B55FF85626E&sortorder=desc&column=section HTTP/1.1" 200 102411
84.211.61.240 - - [06/Nov/2024:00:08:23 +0100] "GET /ticket2/opencms/set_aff_cookie.jsp?partner=53673ED6-1455-FA54-818F-B1F67121E37C&url=/no/buy/index.html%3Fpage%3D1%26edid%3D2684212B-FA50-DC4B-3CFA-1303E9638140%26hlv%3D66cdc00a-2d9c-45b1-8bfa-4fec0a01000f%23v_680556602 HTTP/1.1" 200 225
84.211.61.240 - - [06/Nov/2024:00:08:23 +0100] "GET /ticket2/opencms/no/buy/?page=1&edid=2684212B-FA50-DC4B-3CFA-1303E9638140&hlv=66cdc00a-2d9c-45b1-8bfa-4fec0a01000f HTTP/1.1" 200 121844
84.211.61.240 - - [06/Nov/2024:00:08:23 +0100] "GET /ticket2/opencms/system/modules/com.gridnine.opencms.ticketbrokerage.site/resources/js/calendar-setup.js HTTP/1.1" 200 4923
84.211.61.240 - - [06/Nov/2024:00:08:23 +0100] "GET /ticket2/opencms/system/modules/com.gridnine.opencms.ticketbrokerage.site/resources/css/ticketbrokerage.css HTTP/1.1" 200 39339
84.211.61.240 - - [06/Nov/2024:00:08:23 +0100] "GET /ticket2/opencms/system/modules/com.gridnine.opencms.ticketbrokerage.site/resources/css/calendar.css HTTP/1.1" 200 6871
84.211.61.240 - - [06/Nov/2024:00:08:23 +0100] "GET /ticket2/opencms/system/modules/com.gridnine.opencms.ticketbrokerage.site/resources/css/standard.css HTTP/1.1" 200 73073
84.211.61.240 - - [06/Nov/2024:00:08:23 +0100] "GET /ticket2/opencms/system/modules/com.gridnine.opencms.ticketbrokerage.site/resources/js/functions.js HTTP/1.1" 200 1583
84.211.61.240 - - [06/Nov/2024:00:08:23 +0100] "GET /ticket2/opencms/system/modules/com.gridnine.opencms.ticketbrokerage.site/resources/js/calendar-en.js HTTP/1.1" 200 3338
84.211.61.240 - - [06/Nov/2024:00:08:23 +0100] "GET /ticket2/opencms/system/modules/com.gridnine.opencms.ticketbrokerage.site/resources/js/standard.js HTTP/1.1" 200 3978
84.211.61.240 - - [06/Nov/2024:00:08:23 +0100] "GET /ticket2/opencms/system/modules/com.gridnine.opencms.ticketbrokerage.site/resources/css/ticketbrokerage.css HTTP/1.1" 200 39339
84.211.61.240 - - [06/Nov/2024:00:08:23 +0100] "GET /ticket2/opencms/system/modules/com.gridnine.opencms.ticketbrokerage.site/resources/css/calendar.css HTTP/1.1" 200 6871
84.211.61.240 - - [06/Nov/2024:00:08:23 +0100] "GET /ticket2/opencms/system/modules/com.gridnine.opencms.ticketbrokerage.site/resources/css/standard.css HTTP/1.1" 200 73073
84.211.61.240 - - [06/Nov/2024:00:08:23 +0100] "GET /ticket2/opencms/system/modules/com.gridnine.opencms.ticketbrokerage.site/resources/js/calendar.js HTTP/1.1" 200 49229
84.211.61.240 - - [06/Nov/2024:00:08:23 +0100] "GET /ticket2/opencms/system/modules/com.gridnine.opencms.ticketbrokerage.site/resources/js/calendar-setup.js HTTP/1.1" 200 4923
84.211.61.240 - - [06/Nov/2024:00:08:23 +0100] "GET /ticket2/opencms/system/modules/com.gridnine.opencms.ticketbrokerage.site/resources/js/functions.js HTTP/1.1" 200 1583
84.211.61.240 - - [06/Nov/2024:00:08:23 +0100] "GET /ticket2/opencms/system/modules/com.gridnine.opencms.ticketbrokerage.site/resources/js/calendar-en.js HTTP/1.1" 200 3338
84.211.61.240 - - [06/Nov/2024:00:08:23 +0100] "GET /ticket2/opencms/system/modules/com.gridnine.opencms.ticketbrokerage.site/resources/js/standard.js HTTP/1.1" 200 3978
84.211.61.240 - - [06/Nov/2024:00:08:23 +0100] "GET /ticket2/opencms/system/modules/com.gridnine.opencms.ticketbrokerage.site/resources/js/calendar.js HTTP/1.1" 200 49229
84.211.61.240 - - [06/Nov/2024:00:08:23 +0100] "GET /ticket2/opencms/system/modules/com.gridnine.opencms.ticketbrokerage.site/resources/css/images/ui-bg_flat_75_ffffff_40x100.png HTTP/1.1" 404 -
84.211.61.240 - - [06/Nov/2024:00:08:23 +0100] "GET /ticket2/opencms/no/ask-form.html HTTP/1.1" 200 2919
84.211.61.240 - - [06/Nov/2024:00:08:24 +0100] "GET /ticket2/opencms/system/modules/com.gridnine.opencms.ticketbrokerage.site/resources/css/ticketbrokerage.css HTTP/1.1" 200 39339
35.82.16.243 - - [06/Nov/2024:00:08:24 +0100] "GET /ticket2/opencms/lv/buy?page=1&edid=E9DB3A42-82BF-9B65-3ED4-EE5A32871388 HTTP/1.1" 200 121689
54.36.149.102 - - [06/Nov/2024:00:08:27 +0100] "GET /ticket2/opencms/hr/buy?page=6&comcatid=97ECA65A-72DA-F9AF-9DBB-245D3CFED1BE&catid=F7F89B9B-6697-7881-54AE-4C39276BF1B8 HTTP/1.1" 200 88866
188.165.241.181 - - [06/Nov/2024:00:08:27 +0100] "GET /ticket2/opencms/no/buy/?page=1&edid=17E24C11-FC8F-D475-1B0A-332A9CB78F89&sortorder=desc&column=price HTTP/1.1" 200 103240
207.90.61.93 - - [06/Nov/2024:00:08:27 +0100] "GET /ticket2/opencms/ga/clar-cleamhnaithe HTTP/1.1" 200 81598
44.217.177.142 - - [06/Nov/2024:00:08:27 +0100] "GET /ticket2/opencms/is/buy/?edid=F26F7624-B3C7-3F2B-5F3B-CAEEB7F1CB7F&page=1 HTTP/1.1" 200 124932
18.215.49.176 - - [06/Nov/2024:00:08:30 +0100] "GET /ticket2/opencms/is/buy/?edid=24658CB7-0503-4139-A73F-444B9F961692&page=1 HTTP/1.1" 200 98804
188.165.241.181 - - [06/Nov/2024:00:08:32 +0100] "GET /ticket2/opencms/no/buy/?page=1&edid=17E24C11-FC8F-D475-1B0A-332A9CB78F89&sortorder=desc&column=row HTTP/1.1" 200 103148
35.82.16.243 - - [06/Nov/2024:00:08:34 +0100] "GET /ticket2/opencms/sl/buy?page=1&edid=E9DB3A42-82BF-9B65-3ED4-EE5A32871388 HTTP/1.1" 200 121418
44.218.170.184 - - [06/Nov/2024:00:08:35 +0100] "GET /ticket2/opencms/is/buy/?edid=1BEE5A38-DD94-3509-3225-C4A2986A386D&page=1 HTTP/1.1" 200 101241
188.165.241.181 - - [06/Nov/2024:00:08:36 +0100] "GET /ticket2/opencms/no/buy/?page=1&edid=1922F4C1-0D89-1ACA-A50D-EFC3C58AA17B HTTP/1.1" 200 101392
47.128.124.175 - - [06/Nov/2024:00:08:38 +0100] "GET /ticket2/opencms/lv/buy/?edid=2FC0C730-CDF2-92B9-F11A-5B4B69410553 HTTP/1.1" 200 81476
52.203.68.145 - - [06/Nov/2024:00:08:39 +0100] "GET /ticket2/opencms/is/buy/?edid=93838642-5250-2673-0C4C-CF34056B55BD&page=1 HTTP/1.1" 200 105155
188.165.241.181 - - [06/Nov/2024:00:08:41 +0100] "GET /ticket2/opencms/no/buy/?page=1&edid=1922F4C1-0D89-1ACA-A50D-EFC3C58AA17B&sortorder=desc&column=price HTTP/1.1" 200 102715
47.128.19.3 - - [06/Nov/2024:00:08:42 +0100] "GET /ticket2/opencms/no/buy/?page=1&edid=EA00FCBA-5B6E-62D4-1F16-BFE669B6AE6B HTTP/1.1" 200 100968
47.128.19.3 - - [06/Nov/2024:00:08:43 +0100] "GET /ticket2/opencms/venue/allianz_arena.png HTTP/1.1" 200 55702
52.203.152.231 - - [06/Nov/2024:00:08:43 +0100] "GET /ticket2/opencms/is/buy/?edid=DC4F64BB-84C6-452C-2BFD-138DC45E79DD&page=1 HTTP/1.1" 200 124228
35.82.16.243 - - [06/Nov/2024:00:08:43 +0100] "GET /ticket2/opencms/ka/buy?page=1&edid=E9DB3A42-82BF-9B65-3ED4-EE5A32871388 HTTP/1.1" 200 127154
47.128.19.3 - - [06/Nov/2024:00:08:44 +0100] "GET /ticket2/opencms/no/ask-form.html HTTP/1.1" 200 2919
47.128.19.3 - - [06/Nov/2024:00:08:44 +0100] "GET /ticket2/opencms/system/modules/com.gridnine.opencms.ticketbrokerage.site/resources/pics/two_man.png HTTP/1.1" 200 3407
188.165.241.181 - - [06/Nov/2024:00:08:46 +0100] "GET /ticket2/opencms/no/buy/?page=1&edid=1922F4C1-0D89-1ACA-A50D-EFC3C58AA17B&sortorder=desc&column=row HTTP/1.1" 200 102623
34.202.88.37 - - [06/Nov/2024:00:08:47 +0100] "GET /ticket2/opencms/is/buy/?edid=40635446-3A1B-F16A-9B72-5E5BD25B028F&page=1 HTTP/1.1" 200 98811
54.36.148.248 - - [06/Nov/2024:00:08:47 +0100] "GET /ticket2/opencms/hu/buy?page=6&comcatid=97ECA65A-72DA-F9AF-9DBB-245D3CFED1BE&catid=F7F89B9B-6697-7881-54AE-4C39276BF1B8 HTTP/1.1" 200 88919
47.128.34.153 - - [06/Nov/2024:00:08:47 +0100] "GET /ticket2/opencms/sl/buy/?edid=B753AC58-8832-296F-1C07-92C9F45E2BCE HTTP/1.1" 200 81396
98.83.177.42 - - [06/Nov/2024:00:08:51 +0100] "GET /ticket2/opencms/is/buy/?edid=382200F9-A319-F215-14F8-C7B4677A39A9&page=1 HTTP/1.1" 200 98845
188.165.241.181 - - [06/Nov/2024:00:08:51 +0100] "GET /ticket2/opencms/no/buy/?page=1&edid=1922F4C1-0D89-1ACA-A50D-EFC3C58AA17B&sortorder=desc&column=section HTTP/1.1" 200 102807
35.82.16.243 - - [06/Nov/2024:00:08:52 +0100] "GET /ticket2/opencms/en/login/ HTTP/1.1" 200 81865
188.165.241.181 - - [06/Nov/2024:00:08:54 +0100] "GET /ticket2/opencms/no/buy/?page=1&edid=19C49911-D96E-9B7C-6316-E149EFD71C8E HTTP/1.1" 200 100531
52.204.37.237 - - [06/Nov/2024:00:08:55 +0100] "GET /ticket2/opencms/is/buy/?edid=380D9DCE-9F52-6635-EF3F-C6491C4BBEEF&page=1 HTTP/1.1" 200 125317
54.159.18.27 - - [06/Nov/2024:00:08:58 +0100] "GET /ticket2/opencms/is/buy/?edid=076317A2-E374-F6BE-C2AE-88F75CAA72F3&page=1 HTTP/1.1" 200 98814
188.165.241.181 - - [06/Nov/2024:00:08:59 +0100] "GET /ticket2/opencms/no/buy/?page=1&edid=19C49911-D96E-9B7C-6316-E149EFD71C8E&sortorder=desc&column=row HTTP/1.1" 200 101762
35.82.16.243 - - [06/Nov/2024:00:09:02 +0100] "GET /ticket2/opencms/fr/magazine/ HTTP/1.1" 200 138777
54.84.147.79 - - [06/Nov/2024:00:09:02 +0100] "GET /ticket2/opencms/is/buy/?edid=54DC2629-FE89-0ED9-A566-828C55EBE838&page=1 HTTP/1.1" 200 102116
188.165.241.181 - - [06/Nov/2024:00:09:03 +0100] "GET /ticket2/opencms/no/buy/?page=1&edid=19C49911-D96E-9B7C-6316-E149EFD71C8E&sortorder=desc&column=section HTTP/1.1" 200 101946
44.207.252.58 - - [06/Nov/2024:00:09:06 +0100] "GET /ticket2/opencms/is/buy/?edid=53230D30-911E-6420-06CB-53E53CF4F63A&page=1 HTTP/1.1" 200 98783
188.165.241.181 - - [06/Nov/2024:00:09:07 +0100] "GET /ticket2/opencms/no/buy/?page=1&edid=19E38F9D-861E-8A2A-C1DB-C0C055563625&sortorder=asc&column=row HTTP/1.1" 200 101970
40.77.167.58 - - [06/Nov/2024:00:09:09 +0100] "GET /ticket2/opencms/ga/buy?page=1&edid=12ACB34A-BBB3-F801-5DD6-AEBE7A59BBA4 HTTP/1.1" 200 102377
44.223.116.149 - - [06/Nov/2024:00:09:11 +0100] "GET /ticket2/opencms/is/buy/?edid=14427B33-9BB8-BBB7-1EBA-73EE86A692A4&page=1 HTTP/1.1" 200 108074
35.82.16.243 - - [06/Nov/2024:00:09:11 +0100] "GET /ticket2/opencms/fi/urheilu/hockey/nhl/ny-islanders/ HTTP/1.1" 200 81188
