65.108.227.178 - - [04/Dec/2024:00:26:22 +0100] "GET /ticket2/opencms/sv/buy/?page=1&edid=36201147-954C-4D2B-4404-34AB77C306B3&sortorder=asc&column=price HTTP/1.1" 200 106435
54.36.149.63 - - [04/Dec/2024:00:26:24 +0100] "GET /ticket2/opencms/fi/buy/?page=1&edid=88EDF4A9-5E03-F703-C548-F2017B42179F HTTP/1.1" 200 106192
47.128.50.168 - - [04/Dec/2024:00:26:25 +0100] "GET /ticket2/opencms/ga/buy?catid=06324577-7173-BAB0-146D-E644C912F7C1&comcatid=A17713B6-D984-201A-4143-ED4DB5ED5C2E&eventid=F6265060-8333-20CB-0429-405892258667&page=7 HTTP/1.1" 200 6410
65.108.227.178 - - [04/Dec/2024:00:26:26 +0100] "GET /ticket2/opencms/sv/buy/?page=1&edid=3A2C20BD-B176-205A-D392-221F9F943892 HTTP/1.1" 200 103260
54.36.148.208 - - [04/Dec/2024:00:26:30 +0100] "GET /ticket2/opencms/es/buy/?page=1&edid=8E10E53D-20CB-D950-05F1-34EA3BA03F55 HTTP/1.1" 200 101394
185.191.171.5 - - [04/Dec/2024:00:26:31 +0100] "GET /ticket2/opencms/nl/sport/ijshockeytickets/ HTTP/1.1" 200 75593
94.154.239.69 - - [04/Dec/2024:00:26:32 +0100] "GET /ticket2/opencms/sv/buy/?page=1&edid=A4C82ECE-1EEE-CF6A-88E6-0E45082B1861&sortorder=asc&column=price HTTP/1.1" 200 104725
65.108.227.178 - - [04/Dec/2024:00:26:32 +0100] "GET /ticket2/opencms/sv/buy/?page=1&edid=3A2C20BD-B176-205A-D392-221F9F943892&sortorder=asc&column=price HTTP/1.1" 200 105132
65.108.227.178 - - [04/Dec/2024:00:26:37 +0100] "GET /ticket2/opencms/sv/buy/?page=1&edid=3A2C20BD-B176-205A-D392-221F9F943892&sortorder=asc&column=row HTTP/1.1" 200 104996
157.55.39.194 - - [04/Dec/2024:00:26:38 +0100] "GET /ticket2/opencms/sl/buy?page=1&edid=D62723EE-1857-617C-CCAD-CE486EF9BB11 HTTP/1.1" 200 101444
54.36.148.224 - - [04/Dec/2024:00:26:39 +0100] "GET /ticket2/opencms/es/buy/?page=1&edid=7B7E167E-93EF-43D8-C91C-9CC46677C829 HTTP/1.1" 200 104672
54.36.148.50 - - [04/Dec/2024:00:26:41 +0100] "GET /ticket2/opencms/en/buy_safety HTTP/1.1" 200 80657
66.249.76.225 - - [04/Dec/2024:00:26:42 +0100] "GET /ticket2/opencms/sk/buy?page=1&edid=2684212B-FA50-DC4B-3CFA-1303E9638140 HTTP/1.1" 200 123659
65.108.227.178 - - [04/Dec/2024:00:26:43 +0100] "GET /ticket2/opencms/sv/buy/?page=1&edid=3A2C20BD-B176-205A-D392-221F9F943892&sortorder=asc&column=section HTTP/1.1" 200 105268
66.249.76.238 - - [04/Dec/2024:00:26:47 +0100] "GET /ticket2/opencms/ga/buy?page=1&edid=24DA4365-06A3-2349-F7E6-CA02D31FCB88 HTTP/1.1" 200 105087
54.36.148.22 - - [04/Dec/2024:00:26:48 +0100] "GET /ticket2/opencms/es/buy/?page=1&edid=98E89286-AD3E-3470-6C68-64A56A1CECBA HTTP/1.1" 200 104673
65.108.227.178 - - [04/Dec/2024:00:26:48 +0100] "GET /ticket2/opencms/sv/buy/?page=1&edid=3A2C20BD-B176-205A-D392-221F9F943892&sortorder=desc&column=price HTTP/1.1" 200 105199
66.249.68.68 - - [04/Dec/2024:00:26:50 +0100] "GET /ticket2/opencms/sv/buy?page=1&edid=68B485F7-9483-6E4F-656D-602EE2AC621D HTTP/1.1" 200 128141
124.243.191.104 - - [04/Dec/2024:00:26:51 +0100] "GET /ticket2/opencms/bg/sport/futbolni-bileti/english-championship/blackburn-rovers HTTP/1.1" 404 -
94.154.239.69 - - [04/Dec/2024:00:26:51 +0100] "GET /ticket2/opencms/sv/buy/?page=1&edid=A4C82ECE-1EEE-CF6A-88E6-0E45082B1861&sortorder=asc&column=row HTTP/1.1" 200 104589
95.91.104.62 - - [04/Dec/2024:00:26:53 +0100] "GET /ticket2/opencms/robots.txt HTTP/1.1" 200 773
173.252.83.113 - - [04/Dec/2024:00:26:53 +0100] "GET /ticket2/opencms/de/sport/fussball-tickets/bundesliga/bayer-leverkusen HTTP/1.1" 200 95112
141.98.11.48 - - [04/Dec/2024:00:26:55 +0100] "CONNECT google.com:443 HTTP/1.1" 400 -
65.108.227.178 - - [04/Dec/2024:00:26:56 +0100] "GET /ticket2/opencms/sv/buy/?page=1&edid=3A2C20BD-B176-205A-D392-221F9F943892&sortorder=desc&column=row HTTP/1.1" 200 105063
95.91.104.62 - - [04/Dec/2024:00:26:57 +0100] "GET /ticket2/opencms/en/buy/?page=1&edid=1AC93B4F-A32B-A321-D128-F705A9908B4F&sortorder=asc&column=section HTTP/1.1" 200 105750
54.36.148.88 - - [04/Dec/2024:00:26:57 +0100] "GET /ticket2/opencms/bg/buy?comcatid=97ECA65A-72DA-F9AF-9DBB-245D3CFED1BE&catid=F7F89B9B-6697-7881-54AE-4C39276BF1B8 HTTP/1.1" 200 6410
95.91.104.62 - - [04/Dec/2024:00:27:01 +0100] "GET /ticket2/opencms/en/buy/?page=1&edid=1AC93B4F-A32B-A321-D128-F705A9908B4F&sortorder=desc&column=price HTTP/1.1" 200 105681
65.108.227.178 - - [04/Dec/2024:00:27:01 +0100] "GET /ticket2/opencms/sv/buy/?page=1&edid=3A2C20BD-B176-205A-D392-221F9F943892&sortorder=desc&column=section HTTP/1.1" 200 105335
94.154.239.69 - - [04/Dec/2024:00:27:04 +0100] "GET /ticket2/opencms/sv/buy/?page=1&edid=A4C82ECE-1EEE-CF6A-88E6-0E45082B1861&sortorder=asc&column=section HTTP/1.1" 200 104861
54.36.148.120 - - [04/Dec/2024:00:27:05 +0100] "GET /ticket2/opencms/de/buy/?page=1&edid=8EE24D2F-4BF0-A103-6944-36103BCA6278 HTTP/1.1" 200 114997
65.108.227.178 - - [04/Dec/2024:00:27:06 +0100] "GET /ticket2/opencms/sv/buy/?page=1&edid=3B27AD89-9F82-3E38-96F3-9D7DBA03001A&sortorder=desc&column=price HTTP/1.1" 200 105589
85.208.96.193 - - [04/Dec/2024:00:27:08 +0100] "GET /ticket2/opencms/no/sport/fotballsbilletter/champions_league/dortmund/ HTTP/1.1" 200 80430
95.91.104.62 - - [04/Dec/2024:00:27:09 +0100] "GET /ticket2/opencms/en/buy/?page=1&edid=1AC93B4F-A32B-A321-D128-F705A9908B4F&sortorder=desc&column=row HTTP/1.1" 200 105545
85.208.96.194 - - [04/Dec/2024:00:27:09 +0100] "GET /ticket2/opencms/nl/sport/voetbal-tickets/bundesliga/stuttgart/ HTTP/1.1" 200 90373
54.36.148.4 - - [04/Dec/2024:00:27:11 +0100] "GET /ticket2/opencms/fi/buy?page=1&edid=14427B33-9BB8-BBB7-1EBA-73EE86A692A4 HTTP/1.1" 200 110846
202.8.40.4 - - [04/Dec/2024:00:27:12 +0100] "GET /ticket2/opencms/system/modules/com.gridnine.opencms.ticketbrokerage.site/resources/css/jquery.fancybox.css HTTP/1.1" 200 4939
202.8.40.4 - - [04/Dec/2024:00:27:12 +0100] "GET /ticket2/opencms/system/modules/com.gridnine.opencms.ticketbrokerage.site/resources/css/standard.css HTTP/1.1" 200 73073
202.8.40.4 - - [04/Dec/2024:00:27:12 +0100] "GET /ticket2/opencms/system/modules/com.gridnine.opencms.ticketbrokerage.site/resources/js/stickyfill.min.js HTTP/1.1" 200 5672
202.8.40.4 - - [04/Dec/2024:00:27:12 +0100] "GET /ticket2/opencms/system/modules/com.gridnine.opencms.ticketbrokerage.site/resources/css/ticketbrokerage.css HTTP/1.1" 200 39339
202.8.40.4 - - [04/Dec/2024:00:27:12 +0100] "GET /ticket2/opencms/system/modules/com.gridnine.opencms.ticketbrokerage.site/resources/css/calendar.css HTTP/1.1" 200 6871
202.8.40.4 - - [04/Dec/2024:00:27:12 +0100] "GET /ticket2/opencms/system/modules/com.gridnine.opencms.ticketbrokerage.site/resources/css/jquery-ui.css HTTP/1.1" 200 33221
202.8.40.4 - - [04/Dec/2024:00:27:12 +0100] "GET /ticket2/opencms/system/modules/com.gridnine.opencms.ticketbrokerage.site/resources/js/jquery.fancybox.pack.js HTTP/1.1" 200 23187
202.8.40.4 - - [04/Dec/2024:00:27:12 +0100] "GET /ticket2/opencms/system/modules/com.gridnine.opencms.ticketbrokerage.site/resources/js/calendar-setup.js HTTP/1.1" 200 4923
202.8.40.4 - - [04/Dec/2024:00:27:12 +0100] "GET /ticket2/opencms/system/modules/com.gridnine.opencms.ticketbrokerage.site/resources/js/calendar-en.js HTTP/1.1" 200 3338
202.8.40.4 - - [04/Dec/2024:00:27:12 +0100] "GET /ticket2/opencms/system/modules/com.gridnine.opencms.ticketbrokerage.site/resources/js/jquery/jquery.js HTTP/1.1" 200 93868
202.8.40.4 - - [04/Dec/2024:00:27:12 +0100] "GET /ticket2/opencms/system/modules/com.gridnine.opencms.ticketbrokerage.site/resources/js/jquery/jquery-ui.js HTTP/1.1" 200 228088
202.8.40.4 - - [04/Dec/2024:00:27:12 +0100] "GET /ticket2/opencms/system/modules/com.gridnine.opencms.ticketbrokerage.site/resources/js/calendar.js HTTP/1.1" 200 49229
202.8.40.4 - - [04/Dec/2024:00:27:12 +0100] "GET /ticket2/opencms/system/modules/com.gridnine.opencms.ticketbrokerage.site/resources/js/functions.js HTTP/1.1" 200 1583
202.8.40.4 - - [04/Dec/2024:00:27:12 +0100] "GET /ticket2/opencms/system/modules/com.gridnine.opencms.ticketbrokerage.site/resources/js/standard.js HTTP/1.1" 200 3978
202.8.40.4 - - [04/Dec/2024:00:27:12 +0100] "GET /ticket2/opencms/system/modules/com.gridnine.opencms.ticketbrokerage.site/resources/js/jquery.placeholder.min.js HTTP/1.1" 200 1737
202.8.40.4 - - [04/Dec/2024:00:27:12 +0100] "GET /ticket2/opencms/system/modules/com.gridnine.opencms.ticketbrokerage.site/resources/js/common-ajax.js HTTP/1.1" 200 20175
202.8.40.4 - - [04/Dec/2024:00:27:12 +0100] "GET /ticket2/opencms/fi/ask-form.html HTTP/1.1" 200 3012
202.8.40.4 - - [04/Dec/2024:00:27:12 +0100] "GET /ticket2/opencms/fi/ask-form.html HTTP/1.1" 200 3012
202.8.40.4 - - [04/Dec/2024:00:27:12 +0100] "GET /ticket2/opencms/system/modules/com.gridnine.opencms.ticketbrokerage.site/resources/css/ticketbrokerage.css HTTP/1.1" 200 39339
202.8.40.4 - - [04/Dec/2024:00:27:13 +0100] "GET /ticket2/opencms/system/modules/com.gridnine.opencms.ticketbrokerage.site/resources/js/standard.js HTTP/1.1" 200 3978
65.108.227.178 - - [04/Dec/2024:00:27:13 +0100] "GET /ticket2/opencms/sv/buy/?page=1&edid=3B27AD89-9F82-3E38-96F3-9D7DBA03001A&sortorder=desc&column=row HTTP/1.1" 200 105453
95.91.104.62 - - [04/Dec/2024:00:27:13 +0100] "GET /ticket2/opencms/en/buy/?page=1&edid=1AC93B4F-A32B-A321-D128-F705A9908B4F&sortorder=desc&column=section HTTP/1.1" 200 105817
95.91.104.62 - - [04/Dec/2024:00:27:17 +0100] "GET /ticket2/opencms/en/buy/?page=1&edid=1B4751CF-7EC8-0480-D476-44B919D20500 HTTP/1.1" 200 102974
65.108.227.178 - - [04/Dec/2024:00:27:19 +0100] "GET /ticket2/opencms/sv/buy/?page=1&edid=3B27AD89-9F82-3E38-96F3-9D7DBA03001A&sortorder=desc&column=section HTTP/1.1" 200 105725
54.36.148.44 - - [04/Dec/2024:00:27:20 +0100] "GET /ticket2/opencms/bs/buy?comcatid=97ECA65A-72DA-F9AF-9DBB-245D3CFED1BE&catid=F7F89B9B-6697-7881-54AE-4C39276BF1B8 HTTP/1.1" 200 6410
95.91.104.62 - - [04/Dec/2024:00:27:21 +0100] "GET /ticket2/opencms/en/buy/?page=1&edid=1BFF3C4B-0AF3-F040-1041-C55D427FE053&sortorder=desc&column=price HTTP/1.1" 200 105353
65.108.227.178 - - [04/Dec/2024:00:27:24 +0100] "GET /ticket2/opencms/sv/buy/?page=1&edid=3B2EB834-74FD-F65E-9FB4-62BB32E5DD90 HTTP/1.1" 200 103263
94.154.239.69 - - [04/Dec/2024:00:27:24 +0100] "GET /ticket2/opencms/sv/buy/?page=1&edid=A4C82ECE-1EEE-CF6A-88E6-0E45082B1861&sortorder=desc&column=price HTTP/1.1" 200 104792
54.36.149.70 - - [04/Dec/2024:00:27:24 +0100] "GET /ticket2/opencms/dk/selling_tickets/ HTTP/1.1" 200 77969
95.91.104.62 - - [04/Dec/2024:00:27:25 +0100] "GET /ticket2/opencms/en/buy/?page=1&edid=1BFF3C4B-0AF3-F040-1041-C55D427FE053&sortorder=desc&column=row HTTP/1.1" 200 105217
54.36.148.95 - - [04/Dec/2024:00:27:26 +0100] "GET /ticket2/opencms/es/buy/?page=1&edid=D3BB5206-D09C-E9EC-0247-A3E56EA24028 HTTP/1.1" 200 104668
65.108.227.178 - - [04/Dec/2024:00:27:28 +0100] "GET /ticket2/opencms/sv/buy/?page=1&edid=3B2EB834-74FD-F65E-9FB4-62BB32E5DD90&sortorder=asc&column=price HTTP/1.1" 200 105135
95.91.104.62 - - [04/Dec/2024:00:27:29 +0100] "GET /ticket2/opencms/en/buy/?page=1&edid=1CEB7967-C20C-A921-EEEC-CF529EC1E8C1&sortorder=desc&column=price HTTP/1.1" 200 104922
154.213.184.18 - - [04/Dec/2024:00:27:33 +0100] "CONNECT example.com:443 HTTP/1.1" 400 -
95.91.104.62 - - [04/Dec/2024:00:27:33 +0100] "GET /ticket2/opencms/en/buy/?page=1&edid=1CEB7967-C20C-A921-EEEC-CF529EC1E8C1&sortorder=desc&column=row HTTP/1.1" 200 104786
54.36.148.249 - - [04/Dec/2024:00:27:33 +0100] "GET /ticket2/opencms/no/buy?page=1&edid=DE5B6A64-DD53-E533-1C9F-682C000226C9 HTTP/1.1" 200 104353
94.234.97.198 - - [04/Dec/2024:00:27:34 +0100] "GET /ticket2/opencms/sv/buy?page=2&sodvid=6734913c-a01c-49bf-88e4-33de0a01000f HTTP/1.1" 200 115430
65.108.227.178 - - [04/Dec/2024:00:27:34 +0100] "GET /ticket2/opencms/sv/buy/?page=1&edid=3B2EB834-74FD-F65E-9FB4-62BB32E5DD90&sortorder=asc&column=row HTTP/1.1" 200 104999
94.234.97.198 - - [04/Dec/2024:00:27:36 +0100] "GET /ticket2/opencms/system/modules/com.gridnine.opencms.ticketbrokerage.site/resources/css/images/ui-bg_flat_75_ffffff_40x100.png HTTP/1.1" 404 -
95.91.104.62 - - [04/Dec/2024:00:27:37 +0100] "GET /ticket2/opencms/en/buy/?page=1&edid=1CEB7967-C20C-A921-EEEC-CF529EC1E8C1&sortorder=desc&column=section HTTP/1.1" 200 105058
65.108.227.178 - - [04/Dec/2024:00:27:40 +0100] "GET /ticket2/opencms/sv/buy/?page=1&edid=3B2EB834-74FD-F65E-9FB4-62BB32E5DD90&sortorder=asc&column=section HTTP/1.1" 200 105271
95.91.104.62 - - [04/Dec/2024:00:27:41 +0100] "GET /ticket2/opencms/en/buy/?page=1&edid=266863E9-0D4A-8983-3D6E-89AEC4F0BA41 HTTP/1.1" 200 103741
54.36.148.199 - - [04/Dec/2024:00:27:42 +0100] "GET /ticket2/opencms/el/buy?comcatid=97ECA65A-72DA-F9AF-9DBB-245D3CFED1BE&catid=F7F89B9B-6697-7881-54AE-4C39276BF1B8 HTTP/1.1" 200 6410
94.154.239.69 - - [04/Dec/2024:00:27:42 +0100] "GET /ticket2/opencms/sv/buy/?page=1&edid=A4C82ECE-1EEE-CF6A-88E6-0E45082B1861&sortorder=desc&column=row HTTP/1.1" 200 104656
95.91.104.62 - - [04/Dec/2024:00:27:45 +0100] "GET /ticket2/opencms/en/buy/?page=1&edid=266EF3DD-CC6D-8D2B-78A3-67D5640F9FA5&sortorder=desc&column=price HTTP/1.1" 200 105681
47.128.36.8 - - [04/Dec/2024:00:27:46 +0100] "GET /ticket2/opencms/lt/buy?catid=8E4972FC-6E2C-77A4-BB9D-D67BD270A641&comcatid=0A6B8208-FDA4-E929-9D72-5312FD481B76&page=6 HTTP/1.1" 200 6410
65.108.227.178 - - [04/Dec/2024:00:27:46 +0100] "GET /ticket2/opencms/sv/buy/?page=1&edid=3B2EB834-74FD-F65E-9FB4-62BB32E5DD90&sortorder=desc&column=price HTTP/1.1" 200 105202
54.36.149.93 - - [04/Dec/2024:00:27:48 +0100] "GET /ticket2/opencms/no/buy?page=6&comcatid=A17713B6-D984-201A-4143-ED4DB5ED5C2E&catid=D8B345C9-F7A5-E620-4B43-C34EB0D6885B&eventid=79608D61-AAF5-D175-02C0-7A0FB72F565C HTTP/1.1" 200 6410
95.91.104.62 - - [04/Dec/2024:00:27:49 +0100] "GET /ticket2/opencms/en/buy/?page=1&edid=266EF3DD-CC6D-8D2B-78A3-67D5640F9FA5&sortorder=desc&column=row HTTP/1.1" 200 105545
65.108.227.178 - - [04/Dec/2024:00:27:53 +0100] "GET /ticket2/opencms/sv/buy/?page=1&edid=3B2EB834-74FD-F65E-9FB4-62BB32E5DD90&sortorder=desc&column=row HTTP/1.1" 200 105066
95.91.104.62 - - [04/Dec/2024:00:27:53 +0100] "GET /ticket2/opencms/en/buy/?page=1&edid=266EF3DD-CC6D-8D2B-78A3-67D5640F9FA5&sortorder=desc&column=section HTTP/1.1" 200 105817
40.77.167.48 - - [04/Dec/2024:00:27:56 +0100] "GET /ticket2/opencms/dk/?page=6&comcatid=A17713B6-D984-201A-4143-ED4DB5ED5C2E&catid=3A7AEA37-903D-9533-4B33-21B0001FF1D1 HTTP/1.1" 200 92630
95.91.104.62 - - [04/Dec/2024:00:27:57 +0100] "GET /ticket2/opencms/en/buy/?page=1&edid=2685EB67-66CF-F338-1DA1-DD3539A89468&sortorder=asc&column=row HTTP/1.1" 200 105603
54.36.148.244 - - [04/Dec/2024:00:27:57 +0100] "GET /ticket2/opencms/ga/buy?comcatid=97ECA65A-72DA-F9AF-9DBB-245D3CFED1BE&catid=F7F89B9B-6697-7881-54AE-4C39276BF1B8 HTTP/1.1" 200 6410
94.154.239.69 - - [04/Dec/2024:00:27:57 +0100] "GET /ticket2/opencms/sv/buy/?page=1&edid=A4C82ECE-1EEE-CF6A-88E6-0E45082B1861&sortorder=desc&column=section HTTP/1.1" 200 104928
65.108.227.178 - - [04/Dec/2024:00:27:59 +0100] "GET /ticket2/opencms/sv/buy/?page=1&edid=3B2EB834-74FD-F65E-9FB4-62BB32E5DD90&sortorder=desc&column=section HTTP/1.1" 200 105338
157.55.39.194 - - [04/Dec/2024:00:27:59 +0100] "GET /ticket2/opencms/ga/buy/?comcatid=A17713B6-D984-201A-4143-ED4DB5ED5C2E&catid=2DE12DDA-A5FB-C1C6-CB20-FBF873FB032B HTTP/1.1" 200 6410
95.91.104.62 - - [04/Dec/2024:00:28:01 +0100] "GET /ticket2/opencms/en/buy/?page=1&edid=268F6694-F84C-E40C-EBC1-404E5051D05D&sortorder=asc&column=section HTTP/1.1" 200 105693
95.91.104.62 - - [04/Dec/2024:00:28:05 +0100] "GET /ticket2/opencms/en/buy/?page=1&edid=2719FEF6-C3A2-38D8-D55F-559BB24F7DCB&sortorder=asc&column=price HTTP/1.1" 200 105021
47.128.51.170 - - [04/Dec/2024:00:28:05 +0100] "GET /ticket2/opencms/es/buy/?catid=573B7747-EE85-D769-C87D-F3F61FB64AA5&comcatid=A17713B6-D984-201A-4143-ED4DB5ED5C2E HTTP/1.1" 200 6410
65.108.227.178 - - [04/Dec/2024:00:28:06 +0100] "GET /ticket2/opencms/sv/buy/?page=1&edid=3B4E0EA3-B775-35AA-67EB-62D962B0531D HTTP/1.1" 200 104409
95.91.104.62 - - [04/Dec/2024:00:28:09 +0100] "GET /ticket2/opencms/en/buy/?page=1&edid=2719FEF6-C3A2-38D8-D55F-559BB24F7DCB&sortorder=asc&column=row HTTP/1.1" 200 104885
69.171.230.7 - - [04/Dec/2024:00:28:09 +0100] "GET /ticket2/opencms/es/deporte/entradas-futbol/bundesliga/bayer-leverkusen HTTP/1.1" 200 95428
52.167.144.223 - - [04/Dec/2024:00:28:10 +0100] "GET /ticket2/opencms/sr/buy/?page=1&edid=885A2607-A223-24CC-17AE-7C8ECDA8D47C HTTP/1.1" 200 127738
54.36.148.128 - - [04/Dec/2024:00:28:10 +0100] "GET /ticket2/opencms/es/buy/?page=1&edid=DEEA9118-E3F6-3082-4A28-2EFD15B3E13F HTTP/1.1" 200 104677
52.167.144.223 - - [04/Dec/2024:00:28:11 +0100] "GET /ticket2/opencms/es/buy?page=1&edid=7D35F583-5000-190C-B2DC-8632905AF321 HTTP/1.1" 200 119997
65.108.227.178 - - [04/Dec/2024:00:28:11 +0100] "GET /ticket2/opencms/sv/buy/?page=1&edid=3B4E0EA3-B775-35AA-67EB-62D962B0531D&sortorder=asc&column=price HTTP/1.1" 200 106281
94.154.239.69 - - [04/Dec/2024:00:28:13 +0100] "GET /ticket2/opencms/sv/buy/?page=1&edid=A77C62EE-3B29-E3B7-C0E0-E90F5DE24226 HTTP/1.1" 200 104338
95.91.104.62 - - [04/Dec/2024:00:28:16 +0100] "GET /ticket2/opencms/en/buy/?page=1&edid=2719FEF6-C3A2-38D8-D55F-559BB24F7DCB&sortorder=asc&column=section HTTP/1.1" 200 105157
65.108.227.178 - - [04/Dec/2024:00:28:17 +0100] "GET /ticket2/opencms/sv/buy/?page=1&edid=3B4E0EA3-B775-35AA-67EB-62D962B0531D&sortorder=asc&column=row HTTP/1.1" 200 106145
54.36.148.80 - - [04/Dec/2024:00:28:19 +0100] "GET /ticket2/opencms/is/buy?comcatid=97ECA65A-72DA-F9AF-9DBB-245D3CFED1BE&catid=F7F89B9B-6697-7881-54AE-4C39276BF1B8 HTTP/1.1" 200 6410
95.91.104.62 - - [04/Dec/2024:00:28:20 +0100] "GET /ticket2/opencms/en/buy/?page=1&edid=28367C9E-EB8F-FFA3-A30D-98147557C428&sortorder=asc&column=price HTTP/1.1" 200 105570
65.108.227.178 - - [04/Dec/2024:00:28:23 +0100] "GET /ticket2/opencms/sv/buy/?page=1&edid=3B4E0EA3-B775-35AA-67EB-62D962B0531D&sortorder=asc&column=section HTTP/1.1" 200 106417
40.77.167.241 - - [04/Dec/2024:00:28:23 +0100] "GET /ticket2/opencms/nl/buy/?page=1&edid=D3AB0CA8-3C40-1AB9-8BEC-7D01F349EB4E HTTP/1.1" 200 126960
95.91.104.62 - - [04/Dec/2024:00:28:24 +0100] "GET /ticket2/opencms/en/buy/?page=1&edid=28367C9E-EB8F-FFA3-A30D-98147557C428&sortorder=asc&column=row HTTP/1.1" 200 105434
95.91.104.62 - - [04/Dec/2024:00:28:27 +0100] "GET /ticket2/opencms/en/buy/?page=1&edid=28367C9E-EB8F-FFA3-A30D-98147557C428&sortorder=asc&column=section HTTP/1.1" 200 105706
65.108.227.178 - - [04/Dec/2024:00:28:28 +0100] "GET /ticket2/opencms/sv/buy/?page=1&edid=3B4E0EA3-B775-35AA-67EB-62D962B0531D&sortorder=desc&column=price HTTP/1.1" 200 106348
54.36.148.204 - - [04/Dec/2024:00:28:30 +0100] "GET /ticket2/opencms/dk/buy/?page=1&edid=1A6DF76F-066D-5DDA-945D-30F59CAC86E5 HTTP/1.1" 200 100360
94.154.239.69 - - [04/Dec/2024:00:28:30 +0100] "GET /ticket2/opencms/sv/buy/?page=1&edid=A77C62EE-3B29-E3B7-C0E0-E90F5DE24226&sortorder=asc&column=price HTTP/1.1" 200 106210
95.91.104.62 - - [04/Dec/2024:00:28:31 +0100] "GET /ticket2/opencms/en/buy/?page=1&edid=28430E13-94B6-0366-57D3-F56260EF9073 HTTP/1.1" 200 103207
65.108.227.178 - - [04/Dec/2024:00:28:33 +0100] "GET /ticket2/opencms/sv/buy/?page=1&edid=3B4E0EA3-B775-35AA-67EB-62D962B0531D&sortorder=desc&column=row HTTP/1.1" 200 106212
95.91.104.62 - - [04/Dec/2024:00:28:35 +0100] "GET /ticket2/opencms/en/buy/?page=1&edid=28430E13-94B6-0366-57D3-F56260EF9073&sortorder=desc&column=price HTTP/1.1" 200 105146
54.36.149.96 - - [04/Dec/2024:00:28:38 +0100] "GET /ticket2/opencms/lt/buy?comcatid=97ECA65A-72DA-F9AF-9DBB-245D3CFED1BE&catid=F7F89B9B-6697-7881-54AE-4C39276BF1B8 HTTP/1.1" 200 6410
85.208.96.205 - - [04/Dec/2024:00:28:38 +0100] "GET /ticket2/opencms/sv/sport/fotbollsbiljetter/uefa-champions-league/antwerp/ HTTP/1.1" 200 79842
95.91.104.62 - - [04/Dec/2024:00:28:39 +0100] "GET /ticket2/opencms/en/buy/?page=1&edid=28430E13-94B6-0366-57D3-F56260EF9073&sortorder=desc&column=row HTTP/1.1" 200 105010
65.108.227.178 - - [04/Dec/2024:00:28:39 +0100] "GET /ticket2/opencms/sv/buy/?page=1&edid=3B4E0EA3-B775-35AA-67EB-62D962B0531D&sortorder=desc&column=section HTTP/1.1" 200 106484
72.14.199.231 - - [04/Dec/2024:00:28:40 +0100] "GET /ticket2/opencms/sv/sport/fotbollsbiljetter/vm_kval/sverige_portugal.html HTTP/1.1" 200 79318
47.128.123.96 - - [04/Dec/2024:00:28:42 +0100] "GET /ticket2/opencms/sv/buy/?catid=1DB7F66B-473B-B427-F752-358FEEFE8EC0&comcatid=0A6B8208-FDA4-E929-9D72-5312FD481B76&page=7 HTTP/1.1" 200 6410
47.128.52.228 - - [04/Dec/2024:00:28:43 +0100] "GET /ticket2/opencms/cs/buy/?comcatid=0A6B8208-FDA4-E929-9D72-5312FD481B76 HTTP/1.1" 200 6410
95.91.104.62 - - [04/Dec/2024:00:28:43 +0100] "GET /ticket2/opencms/en/buy/?page=1&edid=28430E13-94B6-0366-57D3-F56260EF9073&sortorder=desc&column=section HTTP/1.1" 200 105282
65.108.227.178 - - [04/Dec/2024:00:28:44 +0100] "GET /ticket2/opencms/sv/buy/?page=1&edid=3B7ABFED-CCD4-8F1F-8F8D-A476A0A381CC HTTP/1.1" 200 103903
85.208.96.206 - - [04/Dec/2024:00:28:46 +0100] "GET /ticket2/opencms/es/ HTTP/1.1" 200 93581
95.91.104.62 - - [04/Dec/2024:00:28:47 +0100] "GET /ticket2/opencms/en/buy/?page=1&edid=284F9C68-586B-FC11-635D-5497C16DBE36&sortorder=asc&column=price HTTP/1.1" 200 101832
173.252.83.115 - - [04/Dec/2024:00:28:48 +0100] "GET /ticket2/opencms/dk/magazine/article?title=listen-over-de-nominerede-til-ballon-dor HTTP/1.1" 200 86640
94.154.239.69 - - [04/Dec/2024:00:28:51 +0100] "GET /ticket2/opencms/sv/buy/?page=1&edid=A77C62EE-3B29-E3B7-C0E0-E90F5DE24226&sortorder=asc&column=row HTTP/1.1" 200 106074
65.108.227.178 - - [04/Dec/2024:00:28:51 +0100] "GET /ticket2/opencms/sv/buy/?page=1&edid=3B7ABFED-CCD4-8F1F-8F8D-A476A0A381CC&sortorder=asc&column=price HTTP/1.1" 200 105775
95.91.104.62 - - [04/Dec/2024:00:28:51 +0100] "GET /ticket2/opencms/en/buy/?page=1&edid=284F9C68-586B-FC11-635D-5497C16DBE36&sortorder=asc&column=row HTTP/1.1" 200 101696
54.36.148.26 - - [04/Dec/2024:00:28:53 +0100] "GET /ticket2/opencms/sv/buy/?page=1&edid=60F178DE-34D0-F541-48CD-E75B1D1E51B1 HTTP/1.1" 200 100605
95.91.104.62 - - [04/Dec/2024:00:28:56 +0100] "GET /ticket2/opencms/en/buy/?page=1&edid=284F9C68-586B-FC11-635D-5497C16DBE36&sortorder=asc&column=section HTTP/1.1" 200 101968
65.108.227.178 - - [04/Dec/2024:00:28:58 +0100] "GET /ticket2/opencms/sv/buy/?page=1&edid=3B7ABFED-CCD4-8F1F-8F8D-A476A0A381CC&sortorder=asc&column=row HTTP/1.1" 200 105639
95.91.104.62 - - [04/Dec/2024:00:29:00 +0100] "GET /ticket2/opencms/en/buy/?page=1&edid=28EEA809-83B7-F20D-974C-7AF203EF7720 HTTP/1.1" 200 103750
52.167.144.140 - - [04/Dec/2024:00:29:00 +0100] "GET /ticket2/opencms/bs/sell/ HTTP/1.1" 302 -
54.36.148.73 - - [04/Dec/2024:00:29:00 +0100] "GET /ticket2/opencms/lv/buy/?page=1&edid=3E614CE3-7605-80A5-EDE5-1940F2DB48F5 HTTP/1.1" 200 105024
52.167.144.140 - - [04/Dec/2024:00:29:03 +0100] "GET /ticket2/opencms/bs/login/?url=/bs/sell/ HTTP/1.1" 200 83181
65.108.227.178 - - [04/Dec/2024:00:29:04 +0100] "GET /ticket2/opencms/sv/buy/?page=1&edid=3B7ABFED-CCD4-8F1F-8F8D-A476A0A381CC&sortorder=asc&column=section HTTP/1.1" 200 105911
95.91.104.62 - - [04/Dec/2024:00:29:05 +0100] "GET /ticket2/opencms/en/buy/?page=1&edid=28EEA809-83B7-F20D-974C-7AF203EF7720&sortorder=desc&column=price HTTP/1.1" 200 105689
94.154.239.69 - - [04/Dec/2024:00:29:06 +0100] "GET /ticket2/opencms/sv/buy/?page=1&edid=A77C62EE-3B29-E3B7-C0E0-E90F5DE24226&sortorder=asc&column=section HTTP/1.1" 200 106346
47.128.45.96 - - [04/Dec/2024:00:29:07 +0100] "GET /ticket2/opencms/is/buy?edid=69C4AD8E-60B2-A255-9B8E-BD4F83D22F14 HTTP/1.1" 200 84381
95.91.104.62 - - [04/Dec/2024:00:29:08 +0100] "GET /ticket2/opencms/en/buy/?page=1&edid=28EEA809-83B7-F20D-974C-7AF203EF7720&sortorder=desc&column=section HTTP/1.1" 200 105825
65.108.227.178 - - [04/Dec/2024:00:29:10 +0100] "GET /ticket2/opencms/sv/buy/?page=1&edid=3CCB9FC1-7F7B-648B-463A-07132FE85ACE HTTP/1.1" 200 102917
54.36.148.152 - - [04/Dec/2024:00:29:10 +0100] "GET /ticket2/opencms/mt/buy/?page=1&edid=3E614CE3-7605-80A5-EDE5-1940F2DB48F5 HTTP/1.1" 200 105105
95.91.104.62 - - [04/Dec/2024:00:29:12 +0100] "GET /ticket2/opencms/en/buy/?page=1&edid=29E18AE9-D6E0-6828-8918-77C9018A5E60&sortorder=asc&column=price HTTP/1.1" 200 104462
65.108.227.178 - - [04/Dec/2024:00:29:16 +0100] "GET /ticket2/opencms/sv/buy/?page=1&edid=3CCB9FC1-7F7B-648B-463A-07132FE85ACE&sortorder=asc&column=price HTTP/1.1" 200 104789
65.108.227.178 - - [04/Dec/2024:00:29:20 +0100] "GET /ticket2/opencms/sv/buy/?page=1&edid=3CCB9FC1-7F7B-648B-463A-07132FE85ACE&sortorder=asc&column=row HTTP/1.1" 200 104653
54.36.148.250 - - [04/Dec/2024:00:29:20 +0100] "GET /ticket2/opencms/mo/buy?comcatid=97ECA65A-72DA-F9AF-9DBB-245D3CFED1BE&catid=F7F89B9B-6697-7881-54AE-4C39276BF1B8 HTTP/1.1" 200 6410
94.154.239.69 - - [04/Dec/2024:00:29:22 +0100] "GET /ticket2/opencms/sv/buy/?page=1&edid=A77C62EE-3B29-E3B7-C0E0-E90F5DE24226&sortorder=desc&column=price HTTP/1.1" 200 106277
65.108.227.178 - - [04/Dec/2024:00:29:25 +0100] "GET /ticket2/opencms/sv/buy/?page=1&edid=3CCB9FC1-7F7B-648B-463A-07132FE85ACE&sortorder=asc&column=section HTTP/1.1" 200 104925
95.91.104.62 - - [04/Dec/2024:00:29:26 +0100] "GET /ticket2/opencms/en/buy/?page=1&edid=29E18AE9-D6E0-6828-8918-77C9018A5E60&sortorder=asc&column=row HTTP/1.1" 200 104326
54.36.148.147 - - [04/Dec/2024:00:29:28 +0100] "GET /ticket2/opencms/ka/buy?page=6&comcatid=A17713B6-D984-201A-4143-ED4DB5ED5C2E&catid=A4D9EA9A-192D-0274-BF26-9C98D8B902AB&eventid=10A4B056-E56D-2EC6-06F9-A9715C3D8173 HTTP/1.1" 200 6410
65.108.227.178 - - [04/Dec/2024:00:29:30 +0100] "GET /ticket2/opencms/sv/buy/?page=1&edid=3CCB9FC1-7F7B-648B-463A-07132FE85ACE&sortorder=desc&column=price HTTP/1.1" 200 104856
95.91.104.62 - - [04/Dec/2024:00:29:30 +0100] "GET /ticket2/opencms/en/buy/?page=1&edid=29E18AE9-D6E0-6828-8918-77C9018A5E60&sortorder=asc&column=section HTTP/1.1" 200 104598
66.249.68.67 - - [04/Dec/2024:00:29:33 +0100] "GET /ticket2/opencms/sv/buy/?page=6&comcatid=A17713B6-D984-201A-4143-ED4DB5ED5C2E&catid=0A6C99D2-F5BD-7A18-9A5F-5668827042E0&eventid=AE8A6CAA-9529-DB54-69E5-B3169B36CD6E HTTP/1.1" 200 6410
95.91.104.62 - - [04/Dec/2024:00:29:34 +0100] "GET /ticket2/opencms/en/buy/?page=1&edid=29EFBFCC-B83C-5AD9-CA78-B89CD9BC3287 HTTP/1.1" 200 103740
65.108.227.178 - - [04/Dec/2024:00:29:34 +0100] "GET /ticket2/opencms/sv/buy/?page=1&edid=3CCB9FC1-7F7B-648B-463A-07132FE85ACE&sortorder=desc&column=row HTTP/1.1" 200 104720
94.154.239.69 - - [04/Dec/2024:00:29:35 +0100] "GET /ticket2/opencms/sv/buy/?page=1&edid=A77C62EE-3B29-E3B7-C0E0-E90F5DE24226&sortorder=desc&column=row HTTP/1.1" 200 106141
95.91.104.62 - - [04/Dec/2024:00:29:37 +0100] "GET /ticket2/opencms/en/buy/?page=1&edid=2AA1FF96-18BA-5A96-CBE6-7F35F0406D7B&sortorder=asc&column=price HTTP/1.1" 200 105744
54.36.148.26 - - [04/Dec/2024:00:29:38 +0100] "GET /ticket2/opencms/fi/buy?page=1&edid=51141EB3-B375-D16D-CA84-E949B19945AA HTTP/1.1" 200 101597
202.8.41.18 - - [04/Dec/2024:00:29:39 +0100] "GET /ticket2/opencms/system/modules/com.gridnine.opencms.ticketbrokerage.site/resources/css/standard.css HTTP/1.1" 200 73073
202.8.41.18 - - [04/Dec/2024:00:29:39 +0100] "GET /ticket2/opencms/system/modules/com.gridnine.opencms.ticketbrokerage.site/resources/css/jquery.fancybox.css HTTP/1.1" 200 4939
202.8.41.18 - - [04/Dec/2024:00:29:39 +0100] "GET /ticket2/opencms/system/modules/com.gridnine.opencms.ticketbrokerage.site/resources/css/jquery-ui.css HTTP/1.1" 200 33221
202.8.41.18 - - [04/Dec/2024:00:29:39 +0100] "GET /ticket2/opencms/system/modules/com.gridnine.opencms.ticketbrokerage.site/resources/css/ticketbrokerage.css HTTP/1.1" 200 39339
202.8.41.18 - - [04/Dec/2024:00:29:39 +0100] "GET /ticket2/opencms/system/modules/com.gridnine.opencms.ticketbrokerage.site/resources/css/calendar.css HTTP/1.1" 200 6871
202.8.41.18 - - [04/Dec/2024:00:29:39 +0100] "GET /ticket2/opencms/system/modules/com.gridnine.opencms.ticketbrokerage.site/resources/js/calendar-setup.js HTTP/1.1" 200 4923
202.8.41.18 - - [04/Dec/2024:00:29:39 +0100] "GET /ticket2/opencms/system/modules/com.gridnine.opencms.ticketbrokerage.site/resources/js/jquery.fancybox.pack.js HTTP/1.1" 200 23187
202.8.41.18 - - [04/Dec/2024:00:29:39 +0100] "GET /ticket2/opencms/system/modules/com.gridnine.opencms.ticketbrokerage.site/resources/js/jquery/jquery.js HTTP/1.1" 200 93868
202.8.41.18 - - [04/Dec/2024:00:29:39 +0100] "GET /ticket2/opencms/system/modules/com.gridnine.opencms.ticketbrokerage.site/resources/js/stickyfill.min.js HTTP/1.1" 200 5672
202.8.41.18 - - [04/Dec/2024:00:29:39 +0100] "GET /ticket2/opencms/system/modules/com.gridnine.opencms.ticketbrokerage.site/resources/js/functions.js HTTP/1.1" 200 1583
202.8.41.18 - - [04/Dec/2024:00:29:39 +0100] "GET /ticket2/opencms/system/modules/com.gridnine.opencms.ticketbrokerage.site/resources/js/jquery/jquery-ui.js HTTP/1.1" 200 228088
202.8.41.18 - - [04/Dec/2024:00:29:39 +0100] "GET /ticket2/opencms/system/modules/com.gridnine.opencms.ticketbrokerage.site/resources/js/calendar.js HTTP/1.1" 200 49229
202.8.41.18 - - [04/Dec/2024:00:29:39 +0100] "GET /ticket2/opencms/system/modules/com.gridnine.opencms.ticketbrokerage.site/resources/js/calendar-en.js HTTP/1.1" 200 3338
202.8.41.18 - - [04/Dec/2024:00:29:39 +0100] "GET /ticket2/opencms/system/modules/com.gridnine.opencms.ticketbrokerage.site/resources/js/standard.js HTTP/1.1" 200 3978
202.8.41.18 - - [04/Dec/2024:00:29:39 +0100] "GET /ticket2/opencms/system/modules/com.gridnine.opencms.ticketbrokerage.site/resources/js/jquery.placeholder.min.js HTTP/1.1" 200 1737
202.8.41.18 - - [04/Dec/2024:00:29:39 +0100] "GET /ticket2/opencms/system/modules/com.gridnine.opencms.ticketbrokerage.site/resources/js/common-ajax.js HTTP/1.1" 200 20175
202.8.41.18 - - [04/Dec/2024:00:29:39 +0100] "GET /ticket2/opencms/fi/ask-form.html HTTP/1.1" 200 3012
202.8.41.18 - - [04/Dec/2024:00:29:40 +0100] "GET /ticket2/opencms/system/modules/com.gridnine.opencms.ticketbrokerage.site/resources/css/ticketbrokerage.css HTTP/1.1" 200 39339
202.8.41.18 - - [04/Dec/2024:00:29:40 +0100] "GET /ticket2/opencms/system/modules/com.gridnine.opencms.ticketbrokerage.site/resources/js/standard.js HTTP/1.1" 200 3978
65.108.227.178 - - [04/Dec/2024:00:29:41 +0100] "GET /ticket2/opencms/sv/buy/?page=1&edid=3CCB9FC1-7F7B-648B-463A-07132FE85ACE&sortorder=desc&column=section HTTP/1.1" 200 104992
95.91.104.62 - - [04/Dec/2024:00:29:41 +0100] "GET /ticket2/opencms/en/buy/?page=1&edid=2AA1FF96-18BA-5A96-CBE6-7F35F0406D7B&sortorder=asc&column=row HTTP/1.1" 200 105608
114.119.136.146 - - [04/Dec/2024:00:29:44 +0100] "GET /ticket2/opencms/en/buy/?page=1&edid=E66B1558-C5A6-CDDD-B7DD-6060381B0F38 HTTP/1.1" 200 113081
95.91.104.62 - - [04/Dec/2024:00:29:45 +0100] "GET /ticket2/opencms/en/buy/?page=1&edid=2AA1FF96-18BA-5A96-CBE6-7F35F0406D7B&sortorder=asc&column=section HTTP/1.1" 200 105880
65.108.227.178 - - [04/Dec/2024:00:29:46 +0100] "GET /ticket2/opencms/sv/buy/?page=1&edid=3E653603-2990-6BAA-BF77-A3869BCDA790 HTTP/1.1" 200 103655
54.36.148.84 - - [04/Dec/2024:00:29:47 +0100] "GET /ticket2/opencms/mt/buy?comcatid=97ECA65A-72DA-F9AF-9DBB-245D3CFED1BE&catid=F7F89B9B-6697-7881-54AE-4C39276BF1B8 HTTP/1.1" 200 6410
94.154.239.69 - - [04/Dec/2024:00:29:49 +0100] "GET /ticket2/opencms/sv/buy/?page=1&edid=A77C62EE-3B29-E3B7-C0E0-E90F5DE24226&sortorder=desc&column=section HTTP/1.1" 200 106413
95.91.104.62 - - [04/Dec/2024:00:29:49 +0100] "GET /ticket2/opencms/en/buy/?page=1&edid=2ADA95B2-5596-9A00-6386-EC0EB48A58F3 HTTP/1.1" 200 103868
65.108.227.178 - - [04/Dec/2024:00:29:52 +0100] "GET /ticket2/opencms/sv/buy/?page=1&edid=3E653603-2990-6BAA-BF77-A3869BCDA790&sortorder=asc&column=price HTTP/1.1" 200 105527
95.91.104.62 - - [04/Dec/2024:00:29:53 +0100] "GET /ticket2/opencms/en/buy/?page=1&edid=2B4B21AC-3A39-C63E-397C-084E798BD2FE HTTP/1.1" 200 103749
54.36.149.57 - - [04/Dec/2024:00:29:56 +0100] "GET /ticket2/opencms/no/sport/fotballsbilletter/ligue_1/lyon/ HTTP/1.1" 200 79193
65.108.227.178 - - [04/Dec/2024:00:29:56 +0100] "GET /ticket2/opencms/sv/buy/?page=1&edid=3E653603-2990-6BAA-BF77-A3869BCDA790&sortorder=asc&column=row HTTP/1.1" 200 105391
95.91.104.62 - - [04/Dec/2024:00:29:57 +0100] "GET /ticket2/opencms/en/buy/?page=1&edid=2B4B21AC-3A39-C63E-397C-084E798BD2FE&sortorder=asc&column=price HTTP/1.1" 200 105621
54.36.149.12 - - [04/Dec/2024:00:29:59 +0100] "GET /ticket2/opencms/az/buy?page=1&edid=57541A2A-A7DE-A07B-2484-0E25ED563C4B HTTP/1.1" 200 129739
94.154.239.69 - - [04/Dec/2024:00:30:00 +0100] "GET /ticket2/opencms/sv/buy/?page=1&edid=A9906BBD-0C69-0408-A4BA-BF17B1215AAD&sortorder=asc&column=price HTTP/1.1" 200 105341
95.91.104.62 - - [04/Dec/2024:00:30:01 +0100] "GET /ticket2/opencms/en/buy/?page=1&edid=2B4B21AC-3A39-C63E-397C-084E798BD2FE&sortorder=asc&column=row HTTP/1.1" 200 105485
65.108.227.178 - - [04/Dec/2024:00:30:01 +0100] "GET /ticket2/opencms/sv/buy/?page=1&edid=3E653603-2990-6BAA-BF77-A3869BCDA790&sortorder=asc&column=section HTTP/1.1" 200 105663
54.36.148.179 - - [04/Dec/2024:00:30:02 +0100] "GET /ticket2/opencms/hr/affiliateprogram.html HTTP/1.1" 200 79073
216.244.66.238 - - [04/Dec/2024:00:30:04 +0100] "GET /ticket2/opencms/robots.txt HTTP/1.1" 200 773
216.244.66.238 - - [04/Dec/2024:00:30:04 +0100] "GET /ticket2/opencms/robots.txt HTTP/1.1" 200 773
95.91.104.62 - - [04/Dec/2024:00:30:05 +0100] "GET /ticket2/opencms/en/buy/?page=1&edid=2B4B21AC-3A39-C63E-397C-084E798BD2FE&sortorder=asc&column=section HTTP/1.1" 200 105757
65.108.227.178 - - [04/Dec/2024:00:30:06 +0100] "GET /ticket2/opencms/sv/buy/?page=1&edid=3E653603-2990-6BAA-BF77-A3869BCDA790&sortorder=desc&column=price HTTP/1.1" 200 105594
95.91.104.62 - - [04/Dec/2024:00:30:09 +0100] "GET /ticket2/opencms/en/buy/?page=1&edid=2B4B21AC-3A39-C63E-397C-084E798BD2FE&sortorder=desc&column=price HTTP/1.1" 200 105688
54.36.148.165 - - [04/Dec/2024:00:30:09 +0100] "GET /ticket2/opencms/pl/buy?comcatid=97ECA65A-72DA-F9AF-9DBB-245D3CFED1BE&catid=F7F89B9B-6697-7881-54AE-4C39276BF1B8 HTTP/1.1" 200 6410
65.108.227.178 - - [04/Dec/2024:00:30:12 +0100] "GET /ticket2/opencms/sv/buy/?page=1&edid=3E653603-2990-6BAA-BF77-A3869BCDA790&sortorder=desc&column=row HTTP/1.1" 200 105458
95.91.104.62 - - [04/Dec/2024:00:30:13 +0100] "GET /ticket2/opencms/en/buy/?page=1&edid=2B4B21AC-3A39-C63E-397C-084E798BD2FE&sortorder=desc&column=row HTTP/1.1" 200 105552
185.191.171.4 - - [04/Dec/2024:00:30:13 +0100] "GET /ticket2/opencms/nl/sport/voetbal-tickets/bundesliga/koln/ HTTP/1.1" 200 84208
94.154.239.69 - - [04/Dec/2024:00:30:14 +0100] "GET /ticket2/opencms/sv/buy/?page=1&edid=A9906BBD-0C69-0408-A4BA-BF17B1215AAD&sortorder=asc&column=row HTTP/1.1" 200 105205
95.91.104.62 - - [04/Dec/2024:00:30:16 +0100] "GET /ticket2/opencms/en/buy/?page=1&edid=2B4B21AC-3A39-C63E-397C-084E798BD2FE&sortorder=desc&column=section HTTP/1.1" 200 105824
65.108.227.178 - - [04/Dec/2024:00:30:17 +0100] "GET /ticket2/opencms/sv/buy/?page=1&edid=3E653603-2990-6BAA-BF77-A3869BCDA790&sortorder=desc&column=section HTTP/1.1" 200 105730
54.36.148.49 - - [04/Dec/2024:00:30:19 +0100] "GET /ticket2/opencms/az/buy/?page=1&edid=341262D8-7A59-5821-1DA8-A5F36D843BF9 HTTP/1.1" 200 136122
95.91.104.62 - - [04/Dec/2024:00:30:20 +0100] "GET /ticket2/opencms/en/buy/?page=1&edid=2BB46C82-776D-790E-346D-8BB7292ADA6F&sortorder=desc&column=price HTTP/1.1" 200 104711
65.108.227.178 - - [04/Dec/2024:00:30:22 +0100] "GET /ticket2/opencms/sv/buy/?page=1&edid=3EE4A476-CEF9-2137-D771-AEC1A5257F62 HTTP/1.1" 200 104427
47.128.116.183 - - [04/Dec/2024:00:30:24 +0100] "GET /ticket2/opencms/it/buy/?catid=6BD6E0B0-84AF-3A0D-3851-C1357CE9B771&comcatid=A17713B6-D984-201A-4143-ED4DB5ED5C2E HTTP/1.1" 200 6410
65.108.227.178 - - [04/Dec/2024:00:30:27 +0100] "GET /ticket2/opencms/sv/buy/?page=1&edid=3EE4A476-CEF9-2137-D771-AEC1A5257F62&sortorder=asc&column=price HTTP/1.1" 200 106299
54.36.149.46 - - [04/Dec/2024:00:30:27 +0100] "GET /ticket2/opencms/nl/buy/?page=1&edid=367697E8-9CE6-4DE1-99C6-92AA7A0AA7C2 HTTP/1.1" 200 99380
94.154.239.69 - - [04/Dec/2024:00:30:28 +0100] "GET /ticket2/opencms/sv/buy/?page=1&edid=A9906BBD-0C69-0408-A4BA-BF17B1215AAD&sortorder=asc&column=section HTTP/1.1" 200 105477
95.91.104.62 - - [04/Dec/2024:00:30:28 +0100] "GET /ticket2/opencms/en/buy/?page=1&edid=2BB46C82-776D-790E-346D-8BB7292ADA6F&sortorder=desc&column=row HTTP/1.1" 200 104575
47.128.28.177 - - [04/Dec/2024:00:30:28 +0100] "GET /ticket2/opencms/sr/buy/?edid=55D1893A-18D7-BF3D-C95C-B7BB78833B39 HTTP/1.1" 200 84763
95.91.104.62 - - [04/Dec/2024:00:30:32 +0100] "GET /ticket2/opencms/en/buy/?page=1&edid=2BB46C82-776D-790E-346D-8BB7292ADA6F&sortorder=desc&column=section HTTP/1.1" 200 104847
65.108.227.178 - - [04/Dec/2024:00:30:32 +0100] "GET /ticket2/opencms/sv/buy/?page=1&edid=3EE4A476-CEF9-2137-D771-AEC1A5257F62&sortorder=asc&column=row HTTP/1.1" 200 106163
156.255.18.95 - - [04/Dec/2024:00:30:35 +0100] "GET /ticket2/opencms/ HTTP/1.1" 302 -
156.255.18.95 - - [04/Dec/2024:00:30:36 +0100] "GET /ticket2/opencms/en/ HTTP/1.1" 200 92134
95.91.104.62 - - [04/Dec/2024:00:30:36 +0100] "GET /ticket2/opencms/en/buy/?page=1&edid=2D8E9E91-F40A-9CD3-B790-C21028BAFFF7&sortorder=asc&column=price HTTP/1.1" 200 103964
65.108.227.178 - - [04/Dec/2024:00:30:37 +0100] "GET /ticket2/opencms/sv/buy/?page=1&edid=3EE4A476-CEF9-2137-D771-AEC1A5257F62&sortorder=asc&column=section HTTP/1.1" 200 106435
69.171.230.5 - - [04/Dec/2024:00:30:38 +0100] "GET /ticket2/opencms/ka/sport/pekhburti-biletebi/english-championship/watford HTTP/1.1" 200 89138
95.91.104.62 - - [04/Dec/2024:00:30:40 +0100] "GET /ticket2/opencms/en/buy/?page=1&edid=2D8E9E91-F40A-9CD3-B790-C21028BAFFF7&sortorder=asc&column=row HTTP/1.1" 200 103828
52.167.144.223 - - [04/Dec/2024:00:30:41 +0100] "GET /ticket2/opencms/sr/buy/?page=1&edid=F2D85B77-0146-9383-AAB8-AFEF60C3B51B HTTP/1.1" 200 127740
173.252.83.114 - - [04/Dec/2024:00:30:41 +0100] "GET /ticket2/opencms/bg/magazine/article?title=viktor-gokeres-v-manchestur-yunajted HTTP/1.1" 200 86691
65.108.227.178 - - [04/Dec/2024:00:30:42 +0100] "GET /ticket2/opencms/sv/buy/?page=1&edid=3EE4A476-CEF9-2137-D771-AEC1A5257F62&sortorder=desc&column=price HTTP/1.1" 200 106366
95.91.104.62 - - [04/Dec/2024:00:30:43 +0100] "GET /ticket2/opencms/en/buy/?page=1&edid=2ED13BBD-EA37-6DC6-AC31-DEF0177FBC2B HTTP/1.1" 200 103869
157.55.39.194 - - [04/Dec/2024:00:30:44 +0100] "GET /ticket2/opencms/pl/buy?page=1&edid=7F81DFFD-55C6-D2FC-F00B-F19E7FB109AB HTTP/1.1" 200 101542
94.154.239.69 - - [04/Dec/2024:00:30:44 +0100] "GET /ticket2/opencms/sv/buy/?page=1&edid=A9906BBD-0C69-0408-A4BA-BF17B1215AAD&sortorder=desc&column=price HTTP/1.1" 200 105408
157.55.39.194 - - [04/Dec/2024:00:30:45 +0100] "GET /ticket2/opencms/el/buy?page=1&edid=51141EB3-B375-D16D-CA84-E949B19945AA HTTP/1.1" 200 104424
95.91.104.62 - - [04/Dec/2024:00:30:47 +0100] "GET /ticket2/opencms/en/buy/?page=1&edid=2EED34F6-5C2B-A7AD-06F9-0E781DE8D640&sortorder=asc&column=price HTTP/1.1" 200 104848
65.108.227.178 - - [04/Dec/2024:00:30:47 +0100] "GET /ticket2/opencms/sv/buy/?page=1&edid=3EE4A476-CEF9-2137-D771-AEC1A5257F62&sortorder=desc&column=row HTTP/1.1" 200 106230
54.36.148.231 - - [04/Dec/2024:00:30:50 +0100] "GET /ticket2/opencms/sk/buy?comcatid=97ECA65A-72DA-F9AF-9DBB-245D3CFED1BE&catid=F7F89B9B-6697-7881-54AE-4C39276BF1B8 HTTP/1.1" 200 6410
95.91.104.62 - - [04/Dec/2024:00:30:51 +0100] "GET /ticket2/opencms/en/buy/?page=1&edid=2EED34F6-5C2B-A7AD-06F9-0E781DE8D640&sortorder=asc&column=section HTTP/1.1" 200 104984
65.108.227.178 - - [04/Dec/2024:00:30:52 +0100] "GET /ticket2/opencms/sv/buy/?page=1&edid=3EE4A476-CEF9-2137-D771-AEC1A5257F62&sortorder=desc&column=section HTTP/1.1" 200 106502
95.91.104.62 - - [04/Dec/2024:00:30:55 +0100] "GET /ticket2/opencms/en/buy/?page=1&edid=2F602CFA-E8AD-C082-01F3-110FF826CCBF HTTP/1.1" 200 103649
65.108.227.178 - - [04/Dec/2024:00:30:57 +0100] "GET /ticket2/opencms/sv/buy/?page=1&edid=3F0125BA-1C61-4BFF-2467-AF8AB47237AF HTTP/1.1" 200 104327
95.91.104.62 - - [04/Dec/2024:00:30:59 +0100] "GET /ticket2/opencms/en/buy/?page=1&edid=32383021-E0A1-F77B-1AA6-B356381F213B&sortorder=asc&column=price HTTP/1.1" 200 104456
27.106.112.4 - - [04/Dec/2024:00:31:01 +0100] "GET /ticket2/opencms/hr/?comcatid=0A6B8208-FDA4-E929-9D72-5312FD481B76&catid=3A56B1C2-6FFB-C8D1-B229-B3914D5FF8DF HTTP/1.1" 200 93596
65.108.227.178 - - [04/Dec/2024:00:31:01 +0100] "GET /ticket2/opencms/sv/buy/?page=1&edid=3F0125BA-1C61-4BFF-2467-AF8AB47237AF&sortorder=asc&column=price HTTP/1.1" 200 106199
94.154.239.69 - - [04/Dec/2024:00:31:01 +0100] "GET /ticket2/opencms/sv/buy/?page=1&edid=A9906BBD-0C69-0408-A4BA-BF17B1215AAD&sortorder=desc&column=row HTTP/1.1" 200 105272
54.36.149.62 - - [04/Dec/2024:00:31:02 +0100] "GET /ticket2/opencms/az/buy/?page=1&edid=65E7B63A-82AD-5350-7913-2D26A32C5940 HTTP/1.1" 200 104119
95.91.104.62 - - [04/Dec/2024:00:31:02 +0100] "GET /ticket2/opencms/en/buy/?page=1&edid=32383021-E0A1-F77B-1AA6-B356381F213B&sortorder=asc&column=row HTTP/1.1" 200 104320
65.108.227.178 - - [04/Dec/2024:00:31:05 +0100] "GET /ticket2/opencms/sv/buy/?page=1&edid=3F0125BA-1C61-4BFF-2467-AF8AB47237AF&sortorder=asc&column=row HTTP/1.1" 200 106063
95.91.104.62 - - [04/Dec/2024:00:31:06 +0100] "GET /ticket2/opencms/en/buy/?page=1&edid=32383021-E0A1-F77B-1AA6-B356381F213B&sortorder=asc&column=section HTTP/1.1" 200 104592
65.108.227.178 - - [04/Dec/2024:00:31:09 +0100] "GET /ticket2/opencms/sv/buy/?page=1&edid=3F0125BA-1C61-4BFF-2467-AF8AB47237AF&sortorder=asc&column=section HTTP/1.1" 200 106335
95.91.104.62 - - [04/Dec/2024:00:31:10 +0100] "GET /ticket2/opencms/en/buy/?page=1&edid=33CC4948-6558-3EC2-FACA-6AF19D354AA8 HTTP/1.1" 200 102599
94.154.239.69 - - [04/Dec/2024:00:31:12 +0100] "GET /ticket2/opencms/sv/buy/?page=1&edid=A9906BBD-0C69-0408-A4BA-BF17B1215AAD&sortorder=desc&column=section HTTP/1.1" 200 105544
54.36.149.39 - - [04/Dec/2024:00:31:13 +0100] "GET /ticket2/opencms/fi/buy?page=1&edid=5F4B97F6-9B8A-0848-D630-5BFFEEB61AF7 HTTP/1.1" 200 110848
65.108.227.178 - - [04/Dec/2024:00:31:13 +0100] "GET /ticket2/opencms/sv/buy/?page=1&edid=3F0125BA-1C61-4BFF-2467-AF8AB47237AF&sortorder=desc&column=price HTTP/1.1" 200 106266
202.8.40.243 - - [04/Dec/2024:00:31:14 +0100] "GET /ticket2/opencms/system/modules/com.gridnine.opencms.ticketbrokerage.site/resources/css/jquery-ui.css HTTP/1.1" 200 33221
202.8.40.243 - - [04/Dec/2024:00:31:14 +0100] "GET /ticket2/opencms/system/modules/com.gridnine.opencms.ticketbrokerage.site/resources/css/ticketbrokerage.css HTTP/1.1" 200 39339
202.8.40.243 - - [04/Dec/2024:00:31:14 +0100] "GET /ticket2/opencms/system/modules/com.gridnine.opencms.ticketbrokerage.site/resources/css/calendar.css HTTP/1.1" 200 6871
202.8.40.243 - - [04/Dec/2024:00:31:14 +0100] "GET /ticket2/opencms/system/modules/com.gridnine.opencms.ticketbrokerage.site/resources/css/standard.css HTTP/1.1" 200 73073
202.8.40.243 - - [04/Dec/2024:00:31:14 +0100] "GET /ticket2/opencms/system/modules/com.gridnine.opencms.ticketbrokerage.site/resources/css/jquery.fancybox.css HTTP/1.1" 200 4939
202.8.40.243 - - [04/Dec/2024:00:31:14 +0100] "GET /ticket2/opencms/system/modules/com.gridnine.opencms.ticketbrokerage.site/resources/js/jquery/jquery.js HTTP/1.1" 200 93868
202.8.40.243 - - [04/Dec/2024:00:31:14 +0100] "GET /ticket2/opencms/system/modules/com.gridnine.opencms.ticketbrokerage.site/resources/js/functions.js HTTP/1.1" 200 1583
202.8.40.243 - - [04/Dec/2024:00:31:14 +0100] "GET /ticket2/opencms/system/modules/com.gridnine.opencms.ticketbrokerage.site/resources/js/calendar-en.js HTTP/1.1" 200 3338
202.8.40.243 - - [04/Dec/2024:00:31:14 +0100] "GET /ticket2/opencms/system/modules/com.gridnine.opencms.ticketbrokerage.site/resources/js/calendar.js HTTP/1.1" 200 49229
202.8.40.243 - - [04/Dec/2024:00:31:14 +0100] "GET /ticket2/opencms/system/modules/com.gridnine.opencms.ticketbrokerage.site/resources/js/calendar-setup.js HTTP/1.1" 200 4923
202.8.40.243 - - [04/Dec/2024:00:31:14 +0100] "GET /ticket2/opencms/system/modules/com.gridnine.opencms.ticketbrokerage.site/resources/js/jquery/jquery-ui.js HTTP/1.1" 200 228088
202.8.40.243 - - [04/Dec/2024:00:31:14 +0100] "GET /ticket2/opencms/system/modules/com.gridnine.opencms.ticketbrokerage.site/resources/js/jquery.fancybox.pack.js HTTP/1.1" 200 23187
202.8.40.243 - - [04/Dec/2024:00:31:14 +0100] "GET /ticket2/opencms/system/modules/com.gridnine.opencms.ticketbrokerage.site/resources/js/stickyfill.min.js HTTP/1.1" 200 5672
202.8.40.243 - - [04/Dec/2024:00:31:14 +0100] "GET /ticket2/opencms/system/modules/com.gridnine.opencms.ticketbrokerage.site/resources/js/standard.js HTTP/1.1" 200 3978
202.8.40.243 - - [04/Dec/2024:00:31:14 +0100] "GET /ticket2/opencms/system/modules/com.gridnine.opencms.ticketbrokerage.site/resources/js/jquery.placeholder.min.js HTTP/1.1" 200 1737
202.8.40.243 - - [04/Dec/2024:00:31:14 +0100] "GET /ticket2/opencms/system/modules/com.gridnine.opencms.ticketbrokerage.site/resources/js/common-ajax.js HTTP/1.1" 200 20175
202.8.40.243 - - [04/Dec/2024:00:31:14 +0100] "GET /ticket2/opencms/fi/ask-form.html HTTP/1.1" 200 3012
202.8.40.243 - - [04/Dec/2024:00:31:14 +0100] "GET /ticket2/opencms/fi/ask-form.html HTTP/1.1" 200 3012
202.8.40.243 - - [04/Dec/2024:00:31:15 +0100] "GET /ticket2/opencms/system/modules/com.gridnine.opencms.ticketbrokerage.site/resources/css/ticketbrokerage.css HTTP/1.1" 200 39339
95.91.104.62 - - [04/Dec/2024:00:31:15 +0100] "GET /ticket2/opencms/en/buy/?page=1&edid=356B89ED-8C47-F470-B89D-02FAEFE4B7E6&sortorder=asc&column=price HTTP/1.1" 200 104454
202.8.40.243 - - [04/Dec/2024:00:31:15 +0100] "GET /ticket2/opencms/system/modules/com.gridnine.opencms.ticketbrokerage.site/resources/js/standard.js HTTP/1.1" 200 3978
40.77.167.48 - - [04/Dec/2024:00:31:15 +0100] "GET /ticket2/opencms/sv/buy?page=1&edid=33CFCCFE-A22A-4A2C-1202-26E0FBDCB686 HTTP/1.1" 200 113166
65.108.227.178 - - [04/Dec/2024:00:31:18 +0100] "GET /ticket2/opencms/sv/buy/?page=1&edid=3F0125BA-1C61-4BFF-2467-AF8AB47237AF&sortorder=desc&column=row HTTP/1.1" 200 106130
95.91.104.62 - - [04/Dec/2024:00:31:18 +0100] "GET /ticket2/opencms/en/buy/?page=1&edid=356B89ED-8C47-F470-B89D-02FAEFE4B7E6&sortorder=asc&column=row HTTP/1.1" 200 104318
54.36.148.71 - - [04/Dec/2024:00:31:20 +0100] "GET /ticket2/opencms/sl/buy?comcatid=97ECA65A-72DA-F9AF-9DBB-245D3CFED1BE&catid=F7F89B9B-6697-7881-54AE-4C39276BF1B8 HTTP/1.1" 200 6410
95.91.104.62 - - [04/Dec/2024:00:31:22 +0100] "GET /ticket2/opencms/en/buy/?page=1&edid=356B89ED-8C47-F470-B89D-02FAEFE4B7E6&sortorder=asc&column=section HTTP/1.1" 200 104590
87.250.224.52 - - [04/Dec/2024:00:31:22 +0100] "GET /ticket2/opencms/robots.txt HTTP/1.1" 200 773
5.255.231.139 - - [04/Dec/2024:00:31:23 +0100] "GET /ticket2/opencms/it/sport/biglietti-calcio/premier-league/ HTTP/1.1" 200 94263
65.108.227.178 - - [04/Dec/2024:00:31:24 +0100] "GET /ticket2/opencms/sv/buy/?page=1&edid=3F0125BA-1C61-4BFF-2467-AF8AB47237AF&sortorder=desc&column=section HTTP/1.1" 200 106402
95.91.104.62 - - [04/Dec/2024:00:31:26 +0100] "GET /ticket2/opencms/en/buy/?page=1&edid=36201147-954C-4D2B-4404-34AB77C306B3 HTTP/1.1" 200 103870
94.154.239.69 - - [04/Dec/2024:00:31:26 +0100] "GET /ticket2/opencms/sv/buy/?page=1&edid=AA06C000-DF2C-3B04-3B09-08C263AEBAB6 HTTP/1.1" 200 103948
185.191.171.9 - - [04/Dec/2024:00:31:27 +0100] "GET /ticket2/opencms/sv/login HTTP/1.1" 200 82621
65.108.227.178 - - [04/Dec/2024:00:31:29 +0100] "GET /ticket2/opencms/sv/buy/?page=1&edid=3F7DE1D7-4CD8-C30E-0BB4-B44660F8DBF2 HTTP/1.1" 200 103653
54.36.148.221 - - [04/Dec/2024:00:31:31 +0100] "GET /ticket2/opencms/fi/buy?page=1&edid=A587FC63-4A93-6097-3B29-C1C51786267C HTTP/1.1" 200 110858
202.8.40.231 - - [04/Dec/2024:00:31:32 +0100] "GET /ticket2/opencms/system/modules/com.gridnine.opencms.ticketbrokerage.site/resources/css/jquery.fancybox.css HTTP/1.1" 200 4939
202.8.40.231 - - [04/Dec/2024:00:31:32 +0100] "GET /ticket2/opencms/system/modules/com.gridnine.opencms.ticketbrokerage.site/resources/css/calendar.css HTTP/1.1" 200 6871
202.8.40.231 - - [04/Dec/2024:00:31:32 +0100] "GET /ticket2/opencms/system/modules/com.gridnine.opencms.ticketbrokerage.site/resources/css/standard.css HTTP/1.1" 200 73073
202.8.40.231 - - [04/Dec/2024:00:31:32 +0100] "GET /ticket2/opencms/system/modules/com.gridnine.opencms.ticketbrokerage.site/resources/css/ticketbrokerage.css HTTP/1.1" 200 39339
202.8.40.231 - - [04/Dec/2024:00:31:32 +0100] "GET /ticket2/opencms/system/modules/com.gridnine.opencms.ticketbrokerage.site/resources/css/jquery-ui.css HTTP/1.1" 200 33221
202.8.40.231 - - [04/Dec/2024:00:31:32 +0100] "GET /ticket2/opencms/system/modules/com.gridnine.opencms.ticketbrokerage.site/resources/js/jquery/jquery.js HTTP/1.1" 200 93868
202.8.40.231 - - [04/Dec/2024:00:31:32 +0100] "GET /ticket2/opencms/system/modules/com.gridnine.opencms.ticketbrokerage.site/resources/js/functions.js HTTP/1.1" 200 1583
202.8.40.231 - - [04/Dec/2024:00:31:32 +0100] "GET /ticket2/opencms/system/modules/com.gridnine.opencms.ticketbrokerage.site/resources/js/jquery/jquery-ui.js HTTP/1.1" 200 228088
202.8.40.231 - - [04/Dec/2024:00:31:32 +0100] "GET /ticket2/opencms/system/modules/com.gridnine.opencms.ticketbrokerage.site/resources/js/calendar-en.js HTTP/1.1" 200 3338
202.8.40.231 - - [04/Dec/2024:00:31:32 +0100] "GET /ticket2/opencms/system/modules/com.gridnine.opencms.ticketbrokerage.site/resources/js/calendar.js HTTP/1.1" 200 49229
202.8.40.231 - - [04/Dec/2024:00:31:32 +0100] "GET /ticket2/opencms/system/modules/com.gridnine.opencms.ticketbrokerage.site/resources/js/calendar-setup.js HTTP/1.1" 200 4923
202.8.40.231 - - [04/Dec/2024:00:31:32 +0100] "GET /ticket2/opencms/system/modules/com.gridnine.opencms.ticketbrokerage.site/resources/js/jquery.fancybox.pack.js HTTP/1.1" 200 23187
202.8.40.231 - - [04/Dec/2024:00:31:32 +0100] "GET /ticket2/opencms/system/modules/com.gridnine.opencms.ticketbrokerage.site/resources/js/stickyfill.min.js HTTP/1.1" 200 5672
202.8.40.231 - - [04/Dec/2024:00:31:32 +0100] "GET /ticket2/opencms/system/modules/com.gridnine.opencms.ticketbrokerage.site/resources/js/standard.js HTTP/1.1" 200 3978
202.8.40.231 - - [04/Dec/2024:00:31:32 +0100] "GET /ticket2/opencms/system/modules/com.gridnine.opencms.ticketbrokerage.site/resources/js/jquery.placeholder.min.js HTTP/1.1" 200 1737
