65.108.125.120 - - [04/Dec/2024:00:40:28 +0100] "GET /ticket2/opencms/fi/buy/?page=1&edid=4767511A-7A13-FE82-852A-E42C79A7D688 HTTP/1.1" 200 104391
65.108.125.120 - - [04/Dec/2024:00:40:29 +0100] "GET /ticket2/opencms/fi/buy/?page=1&edid=47D4702F-48AA-DF69-B934-17BA6AAC0460&sortorder=desc&column=row HTTP/1.1" 200 106796
65.108.227.178 - - [04/Dec/2024:00:40:30 +0100] "GET /ticket2/opencms/sv/buy/?page=1&edid=28EEA809-83B7-F20D-974C-7AF203EF7720&sortorder=asc&column=section HTTP/1.1" 200 106446
95.91.104.62 - - [04/Dec/2024:00:40:31 +0100] "GET /ticket2/opencms/en/buy/?page=1&edid=E7C40418-9504-7317-A9E8-7C5C84464F10&sortorder=asc&column=price HTTP/1.1" 200 104007
54.36.148.71 - - [04/Dec/2024:00:40:31 +0100] "GET /ticket2/opencms/lt/buy?page=1&edid=8D36CAAA-5B35-26C1-11D2-EB825155168E HTTP/1.1" 200 101693
65.108.125.120 - - [04/Dec/2024:00:40:31 +0100] "GET /ticket2/opencms/fi/buy/?page=1&edid=47D4702F-48AA-DF69-B934-17BA6AAC0460&sortorder=desc&column=section HTTP/1.1" 200 107068
202.8.42.75 - - [04/Dec/2024:00:40:32 +0100] "GET /ticket2/opencms/system/modules/com.gridnine.opencms.ticketbrokerage.site/resources/css/jquery-ui.css HTTP/1.1" 200 33221
202.8.42.75 - - [04/Dec/2024:00:40:32 +0100] "GET /ticket2/opencms/system/modules/com.gridnine.opencms.ticketbrokerage.site/resources/css/jquery.fancybox.css HTTP/1.1" 200 4939
202.8.42.75 - - [04/Dec/2024:00:40:32 +0100] "GET /ticket2/opencms/system/modules/com.gridnine.opencms.ticketbrokerage.site/resources/css/ticketbrokerage.css HTTP/1.1" 200 39339
202.8.42.75 - - [04/Dec/2024:00:40:32 +0100] "GET /ticket2/opencms/system/modules/com.gridnine.opencms.ticketbrokerage.site/resources/css/calendar.css HTTP/1.1" 200 6871
202.8.42.75 - - [04/Dec/2024:00:40:32 +0100] "GET /ticket2/opencms/system/modules/com.gridnine.opencms.ticketbrokerage.site/resources/js/jquery/jquery.js HTTP/1.1" 200 93868
202.8.42.75 - - [04/Dec/2024:00:40:32 +0100] "GET /ticket2/opencms/system/modules/com.gridnine.opencms.ticketbrokerage.site/resources/css/standard.css HTTP/1.1" 200 73073
202.8.42.75 - - [04/Dec/2024:00:40:32 +0100] "GET /ticket2/opencms/system/modules/com.gridnine.opencms.ticketbrokerage.site/resources/js/jquery.fancybox.pack.js HTTP/1.1" 200 23187
202.8.42.75 - - [04/Dec/2024:00:40:32 +0100] "GET /ticket2/opencms/system/modules/com.gridnine.opencms.ticketbrokerage.site/resources/js/jquery/jquery-ui.js HTTP/1.1" 200 228088
202.8.42.75 - - [04/Dec/2024:00:40:32 +0100] "GET /ticket2/opencms/system/modules/com.gridnine.opencms.ticketbrokerage.site/resources/js/stickyfill.min.js HTTP/1.1" 200 5672
202.8.42.75 - - [04/Dec/2024:00:40:32 +0100] "GET /ticket2/opencms/system/modules/com.gridnine.opencms.ticketbrokerage.site/resources/js/calendar.js HTTP/1.1" 200 49229
202.8.42.75 - - [04/Dec/2024:00:40:32 +0100] "GET /ticket2/opencms/system/modules/com.gridnine.opencms.ticketbrokerage.site/resources/js/functions.js HTTP/1.1" 200 1583
202.8.42.75 - - [04/Dec/2024:00:40:32 +0100] "GET /ticket2/opencms/system/modules/com.gridnine.opencms.ticketbrokerage.site/resources/js/calendar-setup.js HTTP/1.1" 200 4923
202.8.42.75 - - [04/Dec/2024:00:40:32 +0100] "GET /ticket2/opencms/system/modules/com.gridnine.opencms.ticketbrokerage.site/resources/js/standard.js HTTP/1.1" 200 3978
202.8.42.75 - - [04/Dec/2024:00:40:32 +0100] "GET /ticket2/opencms/system/modules/com.gridnine.opencms.ticketbrokerage.site/resources/js/calendar-en.js HTTP/1.1" 200 3338
202.8.42.75 - - [04/Dec/2024:00:40:32 +0100] "GET /ticket2/opencms/system/modules/com.gridnine.opencms.ticketbrokerage.site/resources/js/jquery.placeholder.min.js HTTP/1.1" 200 1737
202.8.42.75 - - [04/Dec/2024:00:40:32 +0100] "GET /ticket2/opencms/system/modules/com.gridnine.opencms.ticketbrokerage.site/resources/js/common-ajax.js HTTP/1.1" 200 20175
66.249.76.231 - - [04/Dec/2024:00:40:33 +0100] "GET /ticket2/opencms/hu/buy?page=1&edid=719E6B6D-707F-E825-E3AA-0E552980E1EB&hlv=66869495-b7d0-4f97-a0c3-3fc50a01000f HTTP/1.1" 200 120074
65.108.125.120 - - [04/Dec/2024:00:40:33 +0100] "GET /ticket2/opencms/fi/buy/?page=1&edid=47F132D7-ED44-6182-A4BB-A6671EF2E9E5&sortorder=desc&column=price HTTP/1.1" 200 105629
94.154.239.69 - - [04/Dec/2024:00:40:33 +0100] "GET /ticket2/opencms/sv/buy/?page=1&edid=D83D9EEB-6ED3-D67C-5138-5673E4AE464F HTTP/1.1" 200 103917
202.8.42.75 - - [04/Dec/2024:00:40:34 +0100] "GET /ticket2/opencms/lt/ask-form.html HTTP/1.1" 200 3156
202.8.42.75 - - [04/Dec/2024:00:40:34 +0100] "GET /ticket2/opencms/system/modules/com.gridnine.opencms.ticketbrokerage.site/resources/css/ticketbrokerage.css HTTP/1.1" 200 39339
95.91.104.62 - - [04/Dec/2024:00:40:34 +0100] "GET /ticket2/opencms/en/buy/?page=1&edid=E7C40418-9504-7317-A9E8-7C5C84464F10&sortorder=asc&column=row HTTP/1.1" 200 103871
202.8.42.75 - - [04/Dec/2024:00:40:34 +0100] "GET /ticket2/opencms/system/modules/com.gridnine.opencms.ticketbrokerage.site/resources/js/standard.js HTTP/1.1" 200 3978
65.108.125.120 - - [04/Dec/2024:00:40:35 +0100] "GET /ticket2/opencms/fi/buy/?page=1&edid=47F132D7-ED44-6182-A4BB-A6671EF2E9E5&sortorder=desc&column=row HTTP/1.1" 200 105493
65.108.227.178 - - [04/Dec/2024:00:40:35 +0100] "GET /ticket2/opencms/sv/buy/?page=1&edid=356B89ED-8C47-F470-B89D-02FAEFE4B7E6&sortorder=desc&column=price HTTP/1.1" 200 105194
65.108.125.120 - - [04/Dec/2024:00:40:37 +0100] "GET /ticket2/opencms/fi/buy/?page=1&edid=47F132D7-ED44-6182-A4BB-A6671EF2E9E5&sortorder=desc&column=section HTTP/1.1" 200 105765
95.91.104.62 - - [04/Dec/2024:00:40:38 +0100] "GET /ticket2/opencms/en/buy/?page=1&edid=E7C40418-9504-7317-A9E8-7C5C84464F10&sortorder=asc&column=section HTTP/1.1" 200 104143
65.108.125.120 - - [04/Dec/2024:00:40:39 +0100] "GET /ticket2/opencms/fi/buy/?page=1&edid=482CBF6C-6FA4-A941-FEFF-A1A09587771F&sortorder=desc&column=row HTTP/1.1" 200 102668
94.154.239.69 - - [04/Dec/2024:00:40:40 +0100] "GET /ticket2/opencms/sv/buy/?page=1&edid=E03AE744-355D-69D5-3B87-2D4C867BA506&sortorder=desc&column=section HTTP/1.1" 200 106025
65.108.227.178 - - [04/Dec/2024:00:40:40 +0100] "GET /ticket2/opencms/sv/buy/?page=1&edid=356B89ED-8C47-F470-B89D-02FAEFE4B7E6&sortorder=desc&column=row HTTP/1.1" 200 105058
54.36.148.44 - - [04/Dec/2024:00:40:40 +0100] "GET /ticket2/opencms/az/buy/?page=1&edid=17C93539-DAE9-7AD8-0195-8468AFF11DBB HTTP/1.1" 200 105200
65.108.125.120 - - [04/Dec/2024:00:40:41 +0100] "GET /ticket2/opencms/fi/buy/?page=1&edid=482CBF6C-6FA4-A941-FEFF-A1A09587771F&sortorder=desc&column=section HTTP/1.1" 200 102940
95.91.104.62 - - [04/Dec/2024:00:40:42 +0100] "GET /ticket2/opencms/en/buy/?page=1&edid=EC417F9B-DD7F-7773-590C-8D387053773F HTTP/1.1" 200 103866
47.128.97.193 - - [04/Dec/2024:00:40:43 +0100] "GET /ticket2/opencms/de/buy?page=1&edid=5E608C7A-903B-E4BB-4868-5D83917347B8 HTTP/1.1" 200 136816
65.108.125.120 - - [04/Dec/2024:00:40:43 +0100] "GET /ticket2/opencms/fi/buy/?page=1&edid=48843A64-7FEB-26E7-956F-0A1D4A13F1EC&sortorder=asc&column=row HTTP/1.1" 200 106451
47.128.61.226 - - [04/Dec/2024:00:40:43 +0100] "GET /ticket2/opencms/tr/buy/?catid=7D3BEF66-5D88-3916-5B89-0E7B139E0169&comcatid=97ECA65A-72DA-F9AF-9DBB-245D3CFED1BE HTTP/1.1" 200 6410
47.128.97.193 - - [04/Dec/2024:00:40:44 +0100] "GET /ticket2/opencms/de/ask-form.html HTTP/1.1" 200 3156
65.108.125.120 - - [04/Dec/2024:00:40:45 +0100] "GET /ticket2/opencms/fi/buy/?page=1&edid=488CFEEB-7668-3AEF-11CB-B07BF51583D9&sortorder=desc&column=price HTTP/1.1" 200 103484
65.108.227.178 - - [04/Dec/2024:00:40:45 +0100] "GET /ticket2/opencms/sv/buy/?page=1&edid=356B89ED-8C47-F470-B89D-02FAEFE4B7E6&sortorder=desc&column=section HTTP/1.1" 200 105330
95.91.104.62 - - [04/Dec/2024:00:40:45 +0100] "GET /ticket2/opencms/en/buy/?page=1&edid=ED327E33-FE74-1FCE-5E3B-538993D6B5E2&sortorder=asc&column=row HTTP/1.1" 200 104518
54.36.149.21 - - [04/Dec/2024:00:40:46 +0100] "GET /ticket2/opencms/lv/buy?page=1&edid=8D36CAAA-5B35-26C1-11D2-EB825155168E HTTP/1.1" 200 101691
65.108.125.120 - - [04/Dec/2024:00:40:46 +0100] "GET /ticket2/opencms/fi/buy/?page=1&edid=50C0FE40-B971-378E-B393-EFCC781A0E84&sortorder=asc&column=section HTTP/1.1" 200 107386
94.154.239.69 - - [04/Dec/2024:00:40:47 +0100] "GET /ticket2/opencms/sv/buy/?page=1&edid=E0FF39C3-181C-EDEC-0EFB-D8D41D058E59 HTTP/1.1" 200 103907
202.8.43.104 - - [04/Dec/2024:00:40:47 +0100] "GET /ticket2/opencms/system/modules/com.gridnine.opencms.ticketbrokerage.site/resources/css/jquery-ui.css HTTP/1.1" 200 33221
202.8.43.104 - - [04/Dec/2024:00:40:47 +0100] "GET /ticket2/opencms/system/modules/com.gridnine.opencms.ticketbrokerage.site/resources/css/jquery.fancybox.css HTTP/1.1" 200 4939
202.8.43.104 - - [04/Dec/2024:00:40:47 +0100] "GET /ticket2/opencms/system/modules/com.gridnine.opencms.ticketbrokerage.site/resources/css/ticketbrokerage.css HTTP/1.1" 200 39339
202.8.43.104 - - [04/Dec/2024:00:40:47 +0100] "GET /ticket2/opencms/system/modules/com.gridnine.opencms.ticketbrokerage.site/resources/css/calendar.css HTTP/1.1" 200 6871
202.8.43.104 - - [04/Dec/2024:00:40:47 +0100] "GET /ticket2/opencms/system/modules/com.gridnine.opencms.ticketbrokerage.site/resources/css/standard.css HTTP/1.1" 200 73073
202.8.43.104 - - [04/Dec/2024:00:40:47 +0100] "GET /ticket2/opencms/system/modules/com.gridnine.opencms.ticketbrokerage.site/resources/js/jquery/jquery.js HTTP/1.1" 200 93868
202.8.43.104 - - [04/Dec/2024:00:40:47 +0100] "GET /ticket2/opencms/system/modules/com.gridnine.opencms.ticketbrokerage.site/resources/js/functions.js HTTP/1.1" 200 1583
202.8.43.104 - - [04/Dec/2024:00:40:47 +0100] "GET /ticket2/opencms/system/modules/com.gridnine.opencms.ticketbrokerage.site/resources/js/calendar.js HTTP/1.1" 200 49229
202.8.43.104 - - [04/Dec/2024:00:40:47 +0100] "GET /ticket2/opencms/system/modules/com.gridnine.opencms.ticketbrokerage.site/resources/js/jquery/jquery-ui.js HTTP/1.1" 200 228088
202.8.43.104 - - [04/Dec/2024:00:40:47 +0100] "GET /ticket2/opencms/system/modules/com.gridnine.opencms.ticketbrokerage.site/resources/js/calendar-en.js HTTP/1.1" 200 3338
202.8.43.104 - - [04/Dec/2024:00:40:48 +0100] "GET /ticket2/opencms/system/modules/com.gridnine.opencms.ticketbrokerage.site/resources/js/calendar-setup.js HTTP/1.1" 200 4923
202.8.43.104 - - [04/Dec/2024:00:40:48 +0100] "GET /ticket2/opencms/system/modules/com.gridnine.opencms.ticketbrokerage.site/resources/js/jquery.fancybox.pack.js HTTP/1.1" 200 23187
202.8.43.104 - - [04/Dec/2024:00:40:48 +0100] "GET /ticket2/opencms/system/modules/com.gridnine.opencms.ticketbrokerage.site/resources/js/stickyfill.min.js HTTP/1.1" 200 5672
202.8.43.104 - - [04/Dec/2024:00:40:48 +0100] "GET /ticket2/opencms/system/modules/com.gridnine.opencms.ticketbrokerage.site/resources/js/standard.js HTTP/1.1" 200 3978
202.8.43.104 - - [04/Dec/2024:00:40:48 +0100] "GET /ticket2/opencms/system/modules/com.gridnine.opencms.ticketbrokerage.site/resources/js/jquery.placeholder.min.js HTTP/1.1" 200 1737
202.8.43.104 - - [04/Dec/2024:00:40:48 +0100] "GET /ticket2/opencms/system/modules/com.gridnine.opencms.ticketbrokerage.site/resources/js/common-ajax.js HTTP/1.1" 200 20175
202.8.43.104 - - [04/Dec/2024:00:40:48 +0100] "GET /ticket2/opencms/lv/ask-form.html HTTP/1.1" 200 3156
202.8.43.104 - - [04/Dec/2024:00:40:48 +0100] "GET /ticket2/opencms/lv/ask-form.html HTTP/1.1" 200 3156
202.8.43.104 - - [04/Dec/2024:00:40:48 +0100] "GET /ticket2/opencms/system/modules/com.gridnine.opencms.ticketbrokerage.site/resources/css/ticketbrokerage.css HTTP/1.1" 200 39339
202.8.43.104 - - [04/Dec/2024:00:40:48 +0100] "GET /ticket2/opencms/system/modules/com.gridnine.opencms.ticketbrokerage.site/resources/js/standard.js HTTP/1.1" 200 3978
65.108.125.120 - - [04/Dec/2024:00:40:49 +0100] "GET /ticket2/opencms/fi/buy/?page=1&edid=51B2CB32-7951-739E-6893-05415B594B46&sortorder=asc&column=price HTTP/1.1" 200 107344
66.249.79.232 - - [04/Dec/2024:00:40:49 +0100] "GET /ticket2/opencms/no/buy?page=1&edid=CF50E913-5DB5-08E7-559C-AA3203DACB94 HTTP/1.1" 200 104376
95.91.104.62 - - [04/Dec/2024:00:40:50 +0100] "GET /ticket2/opencms/en/buy/?page=1&edid=ED327E33-FE74-1FCE-5E3B-538993D6B5E2&sortorder=asc&column=section HTTP/1.1" 200 104790
65.108.125.120 - - [04/Dec/2024:00:40:50 +0100] "GET /ticket2/opencms/fi/buy/?page=1&edid=52E9C51D-192F-C954-8F05-403EF150A75E&sortorder=asc&column=price HTTP/1.1" 200 107229
65.108.227.178 - - [04/Dec/2024:00:40:50 +0100] "GET /ticket2/opencms/sv/buy/?page=1&edid=356D13C4-7F27-ADF4-5EFD-44013FC98EF2&sortorder=asc&column=price HTTP/1.1" 200 105146
54.36.148.40 - - [04/Dec/2024:00:40:52 +0100] "GET /ticket2/opencms/is/buy?comcatid=97ECA65A-72DA-F9AF-9DBB-245D3CFED1BE&catid=078F99D4-0B9E-E323-5A07-D7B70F6E8874 HTTP/1.1" 200 6410
65.108.125.120 - - [04/Dec/2024:00:40:52 +0100] "GET /ticket2/opencms/fi/buy/?page=1&edid=52E9C51D-192F-C954-8F05-403EF150A75E&sortorder=asc&column=section HTTP/1.1" 200 107365
95.91.104.62 - - [04/Dec/2024:00:40:53 +0100] "GET /ticket2/opencms/en/buy/?page=1&edid=ED327E33-FE74-1FCE-5E3B-538993D6B5E2&sortorder=desc&column=price HTTP/1.1" 200 104721
94.154.239.69 - - [04/Dec/2024:00:40:53 +0100] "GET /ticket2/opencms/sv/buy/?page=1&edid=E0FF39C3-181C-EDEC-0EFB-D8D41D058E59&sortorder=asc&column=price HTTP/1.1" 200 105779
65.108.125.120 - - [04/Dec/2024:00:40:54 +0100] "GET /ticket2/opencms/fi/buy/?page=1&edid=56DAEAFB-0B67-F7AF-0BA9-7E706208996B&sortorder=asc&column=section HTTP/1.1" 200 105955
65.108.227.178 - - [04/Dec/2024:00:40:56 +0100] "GET /ticket2/opencms/sv/buy/?page=1&edid=356D13C4-7F27-ADF4-5EFD-44013FC98EF2&sortorder=asc&column=row HTTP/1.1" 200 105010
65.108.125.120 - - [04/Dec/2024:00:40:56 +0100] "GET /ticket2/opencms/fi/buy/?page=1&edid=56DAEAFB-0B67-F7AF-0BA9-7E706208996B&sortorder=desc&column=row HTTP/1.1" 200 105750
95.91.104.62 - - [04/Dec/2024:00:40:57 +0100] "GET /ticket2/opencms/en/buy/?page=1&edid=ED327E33-FE74-1FCE-5E3B-538993D6B5E2&sortorder=desc&column=row HTTP/1.1" 200 104585
65.108.125.120 - - [04/Dec/2024:00:40:58 +0100] "GET /ticket2/opencms/fi/buy/?page=1&edid=57459A80-66BC-2154-84E8-27032EAB09A5 HTTP/1.1" 200 105480
65.108.125.120 - - [04/Dec/2024:00:41:00 +0100] "GET /ticket2/opencms/fi/buy/?page=1&edid=58E0EA9F-5113-F95E-0A9C-BE7061E53A8B&sortorder=desc&column=section HTTP/1.1" 200 107094
94.154.239.69 - - [04/Dec/2024:00:41:00 +0100] "GET /ticket2/opencms/sv/buy/?page=1&edid=E0FF39C3-181C-EDEC-0EFB-D8D41D058E59&sortorder=asc&column=row HTTP/1.1" 200 105643
65.108.227.178 - - [04/Dec/2024:00:41:00 +0100] "GET /ticket2/opencms/sv/buy/?page=1&edid=356D13C4-7F27-ADF4-5EFD-44013FC98EF2&sortorder=asc&column=section HTTP/1.1" 200 105282
54.36.148.63 - - [04/Dec/2024:00:41:01 +0100] "GET /ticket2/opencms/lv/buy?page=1&edid=D712D542-2FD7-63E8-3EB9-EC4508B2CBC4 HTTP/1.1" 200 101760
95.91.104.62 - - [04/Dec/2024:00:41:01 +0100] "GET /ticket2/opencms/en/buy/?page=1&edid=ED327E33-FE74-1FCE-5E3B-538993D6B5E2&sortorder=desc&column=section HTTP/1.1" 200 104857
65.108.125.120 - - [04/Dec/2024:00:41:02 +0100] "GET /ticket2/opencms/fi/buy/?page=1&edid=5AE328E9-BC28-8356-003B-BE36705920C7&sortorder=desc&column=section HTTP/1.1" 200 106891
202.8.41.125 - - [04/Dec/2024:00:41:02 +0100] "GET /ticket2/opencms/system/modules/com.gridnine.opencms.ticketbrokerage.site/resources/css/jquery.fancybox.css HTTP/1.1" 200 4939
202.8.41.125 - - [04/Dec/2024:00:41:02 +0100] "GET /ticket2/opencms/system/modules/com.gridnine.opencms.ticketbrokerage.site/resources/css/jquery-ui.css HTTP/1.1" 200 33221
202.8.41.125 - - [04/Dec/2024:00:41:02 +0100] "GET /ticket2/opencms/system/modules/com.gridnine.opencms.ticketbrokerage.site/resources/css/calendar.css HTTP/1.1" 200 6871
202.8.41.125 - - [04/Dec/2024:00:41:02 +0100] "GET /ticket2/opencms/system/modules/com.gridnine.opencms.ticketbrokerage.site/resources/css/standard.css HTTP/1.1" 200 73073
202.8.41.125 - - [04/Dec/2024:00:41:02 +0100] "GET /ticket2/opencms/system/modules/com.gridnine.opencms.ticketbrokerage.site/resources/css/ticketbrokerage.css HTTP/1.1" 200 39339
202.8.41.125 - - [04/Dec/2024:00:41:02 +0100] "GET /ticket2/opencms/system/modules/com.gridnine.opencms.ticketbrokerage.site/resources/js/calendar.js HTTP/1.1" 200 49229
202.8.41.125 - - [04/Dec/2024:00:41:02 +0100] "GET /ticket2/opencms/system/modules/com.gridnine.opencms.ticketbrokerage.site/resources/js/calendar-setup.js HTTP/1.1" 200 4923
202.8.41.125 - - [04/Dec/2024:00:41:02 +0100] "GET /ticket2/opencms/system/modules/com.gridnine.opencms.ticketbrokerage.site/resources/js/calendar-en.js HTTP/1.1" 200 3338
202.8.41.125 - - [04/Dec/2024:00:41:02 +0100] "GET /ticket2/opencms/system/modules/com.gridnine.opencms.ticketbrokerage.site/resources/js/stickyfill.min.js HTTP/1.1" 200 5672
202.8.41.125 - - [04/Dec/2024:00:41:02 +0100] "GET /ticket2/opencms/system/modules/com.gridnine.opencms.ticketbrokerage.site/resources/js/jquery.fancybox.pack.js HTTP/1.1" 200 23187
202.8.41.125 - - [04/Dec/2024:00:41:02 +0100] "GET /ticket2/opencms/system/modules/com.gridnine.opencms.ticketbrokerage.site/resources/js/jquery/jquery.js HTTP/1.1" 200 93868
202.8.41.125 - - [04/Dec/2024:00:41:02 +0100] "GET /ticket2/opencms/system/modules/com.gridnine.opencms.ticketbrokerage.site/resources/js/functions.js HTTP/1.1" 200 1583
202.8.41.125 - - [04/Dec/2024:00:41:02 +0100] "GET /ticket2/opencms/system/modules/com.gridnine.opencms.ticketbrokerage.site/resources/js/standard.js HTTP/1.1" 200 3978
202.8.41.125 - - [04/Dec/2024:00:41:02 +0100] "GET /ticket2/opencms/system/modules/com.gridnine.opencms.ticketbrokerage.site/resources/js/jquery/jquery-ui.js HTTP/1.1" 200 228088
202.8.41.125 - - [04/Dec/2024:00:41:02 +0100] "GET /ticket2/opencms/system/modules/com.gridnine.opencms.ticketbrokerage.site/resources/js/jquery.placeholder.min.js HTTP/1.1" 200 1737
202.8.41.125 - - [04/Dec/2024:00:41:02 +0100] "GET /ticket2/opencms/system/modules/com.gridnine.opencms.ticketbrokerage.site/resources/js/common-ajax.js HTTP/1.1" 200 20175
202.8.41.125 - - [04/Dec/2024:00:41:02 +0100] "GET /ticket2/opencms/lv/ask-form.html HTTP/1.1" 200 3156
202.8.41.125 - - [04/Dec/2024:00:41:02 +0100] "GET /ticket2/opencms/lv/ask-form.html HTTP/1.1" 200 3156
202.8.41.125 - - [04/Dec/2024:00:41:03 +0100] "GET /ticket2/opencms/system/modules/com.gridnine.opencms.ticketbrokerage.site/resources/css/ticketbrokerage.css HTTP/1.1" 200 39339
202.8.41.125 - - [04/Dec/2024:00:41:03 +0100] "GET /ticket2/opencms/system/modules/com.gridnine.opencms.ticketbrokerage.site/resources/js/standard.js HTTP/1.1" 200 3978
65.108.125.120 - - [04/Dec/2024:00:41:03 +0100] "GET /ticket2/opencms/fi/buy/?page=1&edid=5BFC1C1E-ACCB-EE58-DD34-E65D2A3DFD07&sortorder=asc&column=price HTTP/1.1" 200 104703
66.249.79.231 - - [04/Dec/2024:00:41:03 +0100] "GET /ticket2/opencms/hr/buy?page=1&edid=719E6B6D-707F-E825-E3AA-0E552980E1EB&hlv=66869495-b7d0-4f97-a0c3-3fc50a01000f HTTP/1.1" 200 119656
95.91.104.62 - - [04/Dec/2024:00:41:04 +0100] "GET /ticket2/opencms/en/buy/?page=1&edid=ED58C87A-DACC-536D-405C-4E12BB2B9BDC&sortorder=asc&column=price HTTP/1.1" 200 105081
65.108.125.120 - - [04/Dec/2024:00:41:05 +0100] "GET /ticket2/opencms/fi/buy/?page=1&edid=5BFC1C1E-ACCB-EE58-DD34-E65D2A3DFD07&sortorder=asc&column=section HTTP/1.1" 200 104839
65.108.227.178 - - [04/Dec/2024:00:41:05 +0100] "GET /ticket2/opencms/sv/buy/?page=1&edid=36201147-954C-4D2B-4404-34AB77C306B3&sortorder=desc&column=price HTTP/1.1" 200 106502
65.108.125.120 - - [04/Dec/2024:00:41:07 +0100] "GET /ticket2/opencms/fi/buy/?page=1&edid=5DB082CF-9F35-D360-53D3-670AC3A63FB5&sortorder=desc&column=price HTTP/1.1" 200 106957
94.154.239.69 - - [04/Dec/2024:00:41:07 +0100] "GET /ticket2/opencms/sv/buy/?page=1&edid=E0FF39C3-181C-EDEC-0EFB-D8D41D058E59&sortorder=asc&column=section HTTP/1.1" 200 105915
95.91.104.62 - - [04/Dec/2024:00:41:08 +0100] "GET /ticket2/opencms/en/buy/?page=1&edid=ED58C87A-DACC-536D-405C-4E12BB2B9BDC&sortorder=asc&column=row HTTP/1.1" 200 104945
65.108.125.120 - - [04/Dec/2024:00:41:09 +0100] "GET /ticket2/opencms/fi/buy/?page=1&edid=5E44F4FF-203D-4B11-88AE-65BFB1964492&sortorder=desc&column=section HTTP/1.1" 200 106032
114.119.141.178 - - [04/Dec/2024:00:41:09 +0100] "GET /ticket2/opencms/sk/buy?page=1&=9D121C24-BF27-8087-13C4-8C95D3CEB664 HTTP/1.1" 200 6507
54.36.148.100 - - [04/Dec/2024:00:41:10 +0100] "GET /ticket2/opencms/fi/buy/?page=1&edid=12E0AD86-DC28-E34C-4681-77C2F67FD00B HTTP/1.1" 200 101592
65.108.227.178 - - [04/Dec/2024:00:41:11 +0100] "GET /ticket2/opencms/sv/buy/?page=1&edid=36201147-954C-4D2B-4404-34AB77C306B3&sortorder=desc&column=row HTTP/1.1" 200 106366
65.108.125.120 - - [04/Dec/2024:00:41:11 +0100] "GET /ticket2/opencms/fi/buy/?page=1&edid=64440914-4E90-FA96-F683-7E671AB5B4CA&sortorder=desc&column=section HTTP/1.1" 200 107367
95.91.104.62 - - [04/Dec/2024:00:41:12 +0100] "GET /ticket2/opencms/en/buy/?page=1&edid=F2AAEAC6-0FA1-D834-2990-EDC1FBE1D38B&sortorder=asc&column=price HTTP/1.1" 200 104457
65.108.125.120 - - [04/Dec/2024:00:41:12 +0100] "GET /ticket2/opencms/fi/buy/?page=1&edid=650FDD1F-5A1C-AEA4-D5C4-D336D1D7E3C6&sortorder=asc&column=price HTTP/1.1" 200 106260
94.154.239.69 - - [04/Dec/2024:00:41:13 +0100] "GET /ticket2/opencms/sv/buy/?page=1&edid=E0FF39C3-181C-EDEC-0EFB-D8D41D058E59&sortorder=desc&column=price HTTP/1.1" 200 105846
85.208.96.195 - - [04/Dec/2024:00:41:13 +0100] "GET /ticket2/opencms/de/nl/selling_tickets/ HTTP/1.1" 404 -
65.108.125.120 - - [04/Dec/2024:00:41:14 +0100] "GET /ticket2/opencms/fi/buy/?page=1&edid=661E24D1-5D15-51D2-AF68-58DA584DA6E1&sortorder=desc&column=section HTTP/1.1" 200 106028
95.91.104.62 - - [04/Dec/2024:00:41:15 +0100] "GET /ticket2/opencms/en/buy/?page=1&edid=F2AAEAC6-0FA1-D834-2990-EDC1FBE1D38B&sortorder=asc&column=row HTTP/1.1" 200 104321
65.108.227.178 - - [04/Dec/2024:00:41:16 +0100] "GET /ticket2/opencms/sv/buy/?page=1&edid=36201147-954C-4D2B-4404-34AB77C306B3&sortorder=desc&column=section HTTP/1.1" 200 106638
65.108.125.120 - - [04/Dec/2024:00:41:16 +0100] "GET /ticket2/opencms/fi/buy/?page=1&edid=6669AD60-EC32-772B-D5C7-2AF939DAC99D&sortorder=desc&column=section HTTP/1.1" 200 107098
47.128.34.60 - - [04/Dec/2024:00:41:16 +0100] "GET /ticket2/opencms/is/buy?catid=D08E96E8-A514-9E09-4E22-63713911E0B8&comcatid=A17713B6-D984-201A-4143-ED4DB5ED5C2E&page=7 HTTP/1.1" 200 6410
54.36.148.13 - - [04/Dec/2024:00:41:17 +0100] "GET /ticket2/opencms/it/buy/?page=1&edid=2C2E9185-38A8-EBBD-403B-609372D69EE0 HTTP/1.1" 200 126548
65.108.125.120 - - [04/Dec/2024:00:41:18 +0100] "GET /ticket2/opencms/fi/buy/?page=1&edid=6A9CAEB5-A533-3B6D-F998-D9CD07CC58D3&sortorder=desc&column=row HTTP/1.1" 200 103354
66.249.76.231 - - [04/Dec/2024:00:41:18 +0100] "GET /ticket2/opencms/is/buy?page=1&edid=CF50E913-5DB5-08E7-559C-AA3203DACB94 HTTP/1.1" 200 104986
94.154.239.69 - - [04/Dec/2024:00:41:19 +0100] "GET /ticket2/opencms/sv/buy/?page=1&edid=E0FF39C3-181C-EDEC-0EFB-D8D41D058E59&sortorder=desc&column=row HTTP/1.1" 200 105710
95.91.104.62 - - [04/Dec/2024:00:41:19 +0100] "GET /ticket2/opencms/en/buy/?page=1&edid=F2AAEAC6-0FA1-D834-2990-EDC1FBE1D38B&sortorder=asc&column=section HTTP/1.1" 200 104593
65.108.125.120 - - [04/Dec/2024:00:41:20 +0100] "GET /ticket2/opencms/fi/buy/?page=1&edid=728FDD8E-BDFE-BB0A-DF35-E4BC18BF7E0D&sortorder=asc&column=price HTTP/1.1" 200 106485
65.108.227.178 - - [04/Dec/2024:00:41:21 +0100] "GET /ticket2/opencms/sv/buy/?page=1&edid=37290F85-261E-D695-C070-BB16E9E0472D&sortorder=desc&column=price HTTP/1.1" 200 105192
207.46.13.141 - - [04/Dec/2024:00:41:21 +0100] "GET /ticket2/opencms/az/buy/?page=1&edid=BB439D2C-76B4-AD0C-0FC4-79A0CD539AA0 HTTP/1.1" 200 127572
65.108.125.120 - - [04/Dec/2024:00:41:21 +0100] "GET /ticket2/opencms/fi/buy/?page=1&edid=737F88F7-7F18-93CC-306A-5F33631B3F9F&sortorder=asc&column=price HTTP/1.1" 200 106701
95.91.104.62 - - [04/Dec/2024:00:41:22 +0100] "GET /ticket2/opencms/en/buy/?page=1&edid=F503AB1D-5285-4EFD-342F-0CC2D9705E49&sortorder=asc&column=price HTTP/1.1" 200 104854
207.46.13.141 - - [04/Dec/2024:00:41:23 +0100] "GET /ticket2/opencms/en/buy?page=1&edid=69EA0746-31B1-544A-FA3D-65ABD75F18B4 HTTP/1.1" 200 102184
65.108.125.120 - - [04/Dec/2024:00:41:23 +0100] "GET /ticket2/opencms/fi/buy/?page=1&edid=73B597C3-05D3-5B11-4856-D8822E68A76F&sortorder=desc&column=price HTTP/1.1" 200 104545
65.108.125.120 - - [04/Dec/2024:00:41:25 +0100] "GET /ticket2/opencms/fi/buy/?page=1&edid=73B597C3-05D3-5B11-4856-D8822E68A76F&sortorder=desc&column=row HTTP/1.1" 200 104409
54.36.149.85 - - [04/Dec/2024:00:41:25 +0100] "GET /ticket2/opencms/be/buy?comcatid=97ECA65A-72DA-F9AF-9DBB-245D3CFED1BE&catid=F7F89B9B-6697-7881-54AE-4C39276BF1B8 HTTP/1.1" 200 6410
94.154.239.69 - - [04/Dec/2024:00:41:25 +0100] "GET /ticket2/opencms/sv/buy/?page=1&edid=E0FF39C3-181C-EDEC-0EFB-D8D41D058E59&sortorder=desc&column=section HTTP/1.1" 200 105982
65.108.227.178 - - [04/Dec/2024:00:41:26 +0100] "GET /ticket2/opencms/sv/buy/?page=1&edid=37290F85-261E-D695-C070-BB16E9E0472D&sortorder=desc&column=row HTTP/1.1" 200 105056
95.91.104.62 - - [04/Dec/2024:00:41:26 +0100] "GET /ticket2/opencms/en/buy/?page=1&edid=F503AB1D-5285-4EFD-342F-0CC2D9705E49&sortorder=asc&column=row HTTP/1.1" 200 104718
65.108.125.120 - - [04/Dec/2024:00:41:27 +0100] "GET /ticket2/opencms/fi/buy/?page=1&edid=73D8189D-DEDA-4F8B-BA1C-9AC984A743C2&sortorder=asc&column=price HTTP/1.1" 200 103464
65.108.125.120 - - [04/Dec/2024:00:41:29 +0100] "GET /ticket2/opencms/fi/buy/?page=1&edid=73DCD0AE-9ABE-D92B-9524-5973CAF97B92&sortorder=desc&column=row HTTP/1.1" 200 107275
185.191.171.17 - - [04/Dec/2024:00:41:29 +0100] "GET /ticket2/opencms/no HTTP/1.1" 200 93432
65.108.227.178 - - [04/Dec/2024:00:41:31 +0100] "GET /ticket2/opencms/sv/buy/?page=1&edid=37290F85-261E-D695-C070-BB16E9E0472D&sortorder=desc&column=section HTTP/1.1" 200 105328
65.108.125.120 - - [04/Dec/2024:00:41:31 +0100] "GET /ticket2/opencms/fi/buy/?page=1&edid=73DCD0AE-9ABE-D92B-9524-5973CAF97B92&sortorder=desc&column=section HTTP/1.1" 200 107547
94.154.239.69 - - [04/Dec/2024:00:41:32 +0100] "GET /ticket2/opencms/sv/buy/?page=1&edid=E14441EB-3CDD-99C8-7F69-50F45A8DA6D5 HTTP/1.1" 200 103475
65.108.125.120 - - [04/Dec/2024:00:41:33 +0100] "GET /ticket2/opencms/fi/buy/?page=1&edid=74325E21-2E26-BE24-3423-54A1D7F40DB3 HTTP/1.1" 200 104796
54.36.149.90 - - [04/Dec/2024:00:41:34 +0100] "GET /ticket2/opencms/mo/buy?page=1&edid=8D36CAAA-5B35-26C1-11D2-EB825155168E HTTP/1.1" 200 101699
65.108.125.120 - - [04/Dec/2024:00:41:35 +0100] "GET /ticket2/opencms/fi/buy/?page=1&edid=74325E21-2E26-BE24-3423-54A1D7F40DB3&sortorder=asc&column=price HTTP/1.1" 200 106668
202.8.41.44 - - [04/Dec/2024:00:41:35 +0100] "GET /ticket2/opencms/system/modules/com.gridnine.opencms.ticketbrokerage.site/resources/css/jquery.fancybox.css HTTP/1.1" 200 4939
202.8.41.44 - - [04/Dec/2024:00:41:35 +0100] "GET /ticket2/opencms/system/modules/com.gridnine.opencms.ticketbrokerage.site/resources/css/ticketbrokerage.css HTTP/1.1" 200 39339
202.8.41.44 - - [04/Dec/2024:00:41:35 +0100] "GET /ticket2/opencms/system/modules/com.gridnine.opencms.ticketbrokerage.site/resources/css/calendar.css HTTP/1.1" 200 6871
202.8.41.44 - - [04/Dec/2024:00:41:35 +0100] "GET /ticket2/opencms/system/modules/com.gridnine.opencms.ticketbrokerage.site/resources/css/jquery-ui.css HTTP/1.1" 200 33221
202.8.41.44 - - [04/Dec/2024:00:41:35 +0100] "GET /ticket2/opencms/system/modules/com.gridnine.opencms.ticketbrokerage.site/resources/css/standard.css HTTP/1.1" 200 73073
202.8.41.44 - - [04/Dec/2024:00:41:35 +0100] "GET /ticket2/opencms/system/modules/com.gridnine.opencms.ticketbrokerage.site/resources/js/jquery/jquery.js HTTP/1.1" 200 93868
202.8.41.44 - - [04/Dec/2024:00:41:35 +0100] "GET /ticket2/opencms/system/modules/com.gridnine.opencms.ticketbrokerage.site/resources/js/calendar-en.js HTTP/1.1" 200 3338
202.8.41.44 - - [04/Dec/2024:00:41:35 +0100] "GET /ticket2/opencms/system/modules/com.gridnine.opencms.ticketbrokerage.site/resources/js/jquery.fancybox.pack.js HTTP/1.1" 200 23187
202.8.41.44 - - [04/Dec/2024:00:41:35 +0100] "GET /ticket2/opencms/system/modules/com.gridnine.opencms.ticketbrokerage.site/resources/js/calendar-setup.js HTTP/1.1" 200 4923
202.8.41.44 - - [04/Dec/2024:00:41:35 +0100] "GET /ticket2/opencms/system/modules/com.gridnine.opencms.ticketbrokerage.site/resources/js/stickyfill.min.js HTTP/1.1" 200 5672
202.8.41.44 - - [04/Dec/2024:00:41:35 +0100] "GET /ticket2/opencms/system/modules/com.gridnine.opencms.ticketbrokerage.site/resources/js/jquery/jquery-ui.js HTTP/1.1" 200 228088
202.8.41.44 - - [04/Dec/2024:00:41:35 +0100] "GET /ticket2/opencms/system/modules/com.gridnine.opencms.ticketbrokerage.site/resources/js/calendar.js HTTP/1.1" 200 49229
202.8.41.44 - - [04/Dec/2024:00:41:35 +0100] "GET /ticket2/opencms/system/modules/com.gridnine.opencms.ticketbrokerage.site/resources/js/functions.js HTTP/1.1" 200 1583
202.8.41.44 - - [04/Dec/2024:00:41:35 +0100] "GET /ticket2/opencms/system/modules/com.gridnine.opencms.ticketbrokerage.site/resources/js/standard.js HTTP/1.1" 200 3978
202.8.41.44 - - [04/Dec/2024:00:41:35 +0100] "GET /ticket2/opencms/system/modules/com.gridnine.opencms.ticketbrokerage.site/resources/js/jquery.placeholder.min.js HTTP/1.1" 200 1737
65.108.227.178 - - [04/Dec/2024:00:41:35 +0100] "GET /ticket2/opencms/sv/buy/?page=1&edid=3A2C20BD-B176-205A-D392-221F9F943892 HTTP/1.1" 200 103260
202.8.41.44 - - [04/Dec/2024:00:41:35 +0100] "GET /ticket2/opencms/system/modules/com.gridnine.opencms.ticketbrokerage.site/resources/js/common-ajax.js HTTP/1.1" 200 20175
202.8.41.44 - - [04/Dec/2024:00:41:35 +0100] "GET /ticket2/opencms/mo/ask-form.html HTTP/1.1" 200 3156
202.8.41.44 - - [04/Dec/2024:00:41:35 +0100] "GET /ticket2/opencms/mo/ask-form.html HTTP/1.1" 200 3156
202.8.41.44 - - [04/Dec/2024:00:41:35 +0100] "GET /ticket2/opencms/system/modules/com.gridnine.opencms.ticketbrokerage.site/resources/css/ticketbrokerage.css HTTP/1.1" 200 39339
202.8.41.44 - - [04/Dec/2024:00:41:36 +0100] "GET /ticket2/opencms/system/modules/com.gridnine.opencms.ticketbrokerage.site/resources/js/standard.js HTTP/1.1" 200 3978
185.191.171.17 - - [04/Dec/2024:00:41:36 +0100] "GET /ticket2/opencms/el/standard/ HTTP/1.1" 500 -
65.108.125.120 - - [04/Dec/2024:00:41:36 +0100] "GET /ticket2/opencms/fi/buy/?page=1&edid=8D6CB2E5-17F5-541B-ED1D-516FC39C57B8&sortorder=desc&column=price HTTP/1.1" 200 106725
95.91.104.62 - - [04/Dec/2024:00:41:37 +0100] "GET /ticket2/opencms/en/buy/?page=1&edid=FCB4C378-752A-1752-E7B7-E2EFAB85CEF3&sortorder=asc&column=price HTTP/1.1" 200 104452
94.154.239.69 - - [04/Dec/2024:00:41:38 +0100] "GET /ticket2/opencms/sv/buy/?page=1&edid=E14441EB-3CDD-99C8-7F69-50F45A8DA6D5&sortorder=asc&column=price HTTP/1.1" 200 105347
65.108.125.120 - - [04/Dec/2024:00:41:38 +0100] "GET /ticket2/opencms/fi/buy/?page=1&edid=8D9E628C-2B42-F543-B013-065370EDE85E&sortorder=desc&column=row HTTP/1.1" 200 105508
65.108.227.178 - - [04/Dec/2024:00:41:40 +0100] "GET /ticket2/opencms/sv/buy/?page=1&edid=3A2C20BD-B176-205A-D392-221F9F943892&sortorder=asc&column=price HTTP/1.1" 200 105132
65.108.125.120 - - [04/Dec/2024:00:41:40 +0100] "GET /ticket2/opencms/fi/buy/?page=1&edid=8D9FF508-11BB-9C58-205E-370857C0D906&sortorder=asc&column=row HTTP/1.1" 200 105691
95.91.104.62 - - [04/Dec/2024:00:41:40 +0100] "GET /ticket2/opencms/en/buy/?page=1&edid=FCB4C378-752A-1752-E7B7-E2EFAB85CEF3&sortorder=asc&column=row HTTP/1.1" 200 104316
207.46.13.141 - - [04/Dec/2024:00:41:42 +0100] "GET /ticket2/opencms/fr/buy?page=1&edid=EAB4D324-C6BD-F912-F736-D41B186A54FD HTTP/1.1" 200 104645
65.108.125.120 - - [04/Dec/2024:00:41:42 +0100] "GET /ticket2/opencms/fi/buy/?page=1&edid=91A90965-919C-FABC-5A4B-CBD685A20054 HTTP/1.1" 200 105489
54.36.148.51 - - [04/Dec/2024:00:41:43 +0100] "GET /ticket2/opencms/sv/venue/?venueid=D436D35C-B831-A55A-C197-F1CFCA7C670C HTTP/1.1" 200 77897
94.154.239.69 - - [04/Dec/2024:00:41:43 +0100] "GET /ticket2/opencms/sv/buy/?page=1&edid=E14441EB-3CDD-99C8-7F69-50F45A8DA6D5&sortorder=asc&column=row HTTP/1.1" 200 105211
65.108.125.120 - - [04/Dec/2024:00:41:44 +0100] "GET /ticket2/opencms/fi/buy/?page=1&edid=9334D162-A4DD-2F09-EA14-2FF8FE8F4CA2 HTTP/1.1" 200 104312
66.249.79.232 - - [04/Dec/2024:00:41:44 +0100] "GET /ticket2/opencms/sv/buy/?page=1&edid=B4EC420A-C31F-BB54-840D-5C41F8E7FC1C HTTP/1.1" 200 100676
95.91.104.62 - - [04/Dec/2024:00:41:44 +0100] "GET /ticket2/opencms/en/buy/?page=1&edid=FCB4C378-752A-1752-E7B7-E2EFAB85CEF3&sortorder=asc&column=section HTTP/1.1" 200 104588
65.108.227.178 - - [04/Dec/2024:00:41:45 +0100] "GET /ticket2/opencms/sv/buy/?page=1&edid=3A2C20BD-B176-205A-D392-221F9F943892&sortorder=asc&column=row HTTP/1.1" 200 104996
65.108.125.120 - - [04/Dec/2024:00:41:45 +0100] "GET /ticket2/opencms/fi/buy/?page=1&edid=983F1E93-C933-1496-A170-52B6E59EB310&sortorder=desc&column=price HTTP/1.1" 200 107434
65.108.125.120 - - [04/Dec/2024:00:41:47 +0100] "GET /ticket2/opencms/fi/buy/?page=1&edid=983F1E93-C933-1496-A170-52B6E59EB310&sortorder=desc&column=section HTTP/1.1" 200 107570
65.108.125.120 - - [04/Dec/2024:00:41:49 +0100] "GET /ticket2/opencms/fi/buy/?page=1&edid=9D57977A-C6E0-190A-9C6F-59CDEB875974 HTTP/1.1" 200 103834
94.154.239.69 - - [04/Dec/2024:00:41:49 +0100] "GET /ticket2/opencms/sv/buy/?page=1&edid=E14441EB-3CDD-99C8-7F69-50F45A8DA6D5&sortorder=asc&column=section HTTP/1.1" 200 105483
65.108.227.178 - - [04/Dec/2024:00:41:49 +0100] "GET /ticket2/opencms/sv/buy/?page=1&edid=3A2C20BD-B176-205A-D392-221F9F943892&sortorder=asc&column=section HTTP/1.1" 200 105268
54.36.149.41 - - [04/Dec/2024:00:41:50 +0100] "GET /ticket2/opencms/sv/venue/?venueid=AE1704AB-E9B5-32D5-9A74-56BDCC5D4A10 HTTP/1.1" 200 77864
95.91.104.62 - - [04/Dec/2024:00:41:50 +0100] "GET /ticket2/opencms/en/buy/?page=1&edid=01F2A948-87CA-060B-030E-779FF6FBE9B2 HTTP/1.1" 200 103867
65.108.125.120 - - [04/Dec/2024:00:41:51 +0100] "GET /ticket2/opencms/fi/buy/?page=1&edid=9E16BAB2-5459-1F26-305B-E067F0B8F6AD&sortorder=desc&column=section HTTP/1.1" 200 103604
65.108.125.120 - - [04/Dec/2024:00:41:53 +0100] "GET /ticket2/opencms/fi/buy/?page=1&edid=9EB6A254-5786-FAE4-D689-87650556B208&sortorder=desc&column=section HTTP/1.1" 200 106928
65.108.227.178 - - [04/Dec/2024:00:41:54 +0100] "GET /ticket2/opencms/sv/buy/?page=1&edid=3A2C20BD-B176-205A-D392-221F9F943892&sortorder=desc&column=price HTTP/1.1" 200 105199
65.108.125.120 - - [04/Dec/2024:00:41:55 +0100] "GET /ticket2/opencms/fi/buy/?page=1&edid=9EBF78AB-381E-812A-238B-C7AAAAB85C60&sortorder=asc&column=section HTTP/1.1" 200 106830
94.154.239.69 - - [04/Dec/2024:00:41:55 +0100] "GET /ticket2/opencms/sv/buy/?page=1&edid=E1965183-0A48-4447-AB23-0EA8BEA65874 HTTP/1.1" 200 103948
95.91.104.62 - - [04/Dec/2024:00:41:56 +0100] "GET /ticket2/opencms/en/buy/?page=1&edid=0CEC8633-C400-C905-54E3-2A651C6B122C HTTP/1.1" 200 103866
65.108.125.120 - - [04/Dec/2024:00:41:56 +0100] "GET /ticket2/opencms/fi/buy/?page=1&edid=AA66C67A-2B69-E1E0-8AB1-425B8E34A4A9&sortorder=desc&column=price HTTP/1.1" 200 103530
65.108.125.120 - - [04/Dec/2024:00:41:58 +0100] "GET /ticket2/opencms/fi/buy/?page=1&edid=AA75DB1B-F109-4AC8-F8B6-E76C4B5170E3&sortorder=desc&column=price HTTP/1.1" 200 107303
47.128.113.60 - - [04/Dec/2024:00:41:58 +0100] "GET /ticket2/opencms/no/buy/?catid=515A9A29-35A0-2DB8-262B-AEF122DB04F6&comcatid=A17713B6-D984-201A-4143-ED4DB5ED5C2E HTTP/1.1" 200 6410
65.108.227.178 - - [04/Dec/2024:00:41:59 +0100] "GET /ticket2/opencms/sv/buy/?page=1&edid=3A2C20BD-B176-205A-D392-221F9F943892&sortorder=desc&column=row HTTP/1.1" 200 105063
65.108.125.120 - - [04/Dec/2024:00:42:00 +0100] "GET /ticket2/opencms/fi/buy/?page=1&edid=AF9F1AE2-F451-F5DD-313F-0729B6F1FCD2&sortorder=desc&column=row HTTP/1.1" 200 105576
54.36.148.119 - - [04/Dec/2024:00:42:01 +0100] "GET /ticket2/opencms/mo/buy?page=1&edid=D712D542-2FD7-63E8-3EB9-EC4508B2CBC4 HTTP/1.1" 200 101768
95.91.104.62 - - [04/Dec/2024:00:42:01 +0100] "GET /ticket2/opencms/en/buy/?page=1&edid=2ADA95B2-5596-9A00-6386-EC0EB48A58F3 HTTP/1.1" 200 103868
94.154.239.69 - - [04/Dec/2024:00:42:02 +0100] "GET /ticket2/opencms/sv/buy/?page=1&edid=E1965183-0A48-4447-AB23-0EA8BEA65874&sortorder=asc&column=price HTTP/1.1" 200 105820
65.108.125.120 - - [04/Dec/2024:00:42:02 +0100] "GET /ticket2/opencms/fi/buy/?page=1&edid=AFB59A30-FFD0-EEC1-92CB-8FE6048D4EF0&sortorder=asc&column=price HTTP/1.1" 200 105786
207.46.13.141 - - [04/Dec/2024:00:42:03 +0100] "GET /ticket2/opencms/it/buy?page=1&edid=9239880C-C5C0-5076-4AD5-4881F5EBAC4A HTTP/1.1" 200 127750
202.8.43.39 - - [04/Dec/2024:00:42:03 +0100] "GET /ticket2/opencms/system/modules/com.gridnine.opencms.ticketbrokerage.site/resources/css/jquery.fancybox.css HTTP/1.1" 200 4939
202.8.43.39 - - [04/Dec/2024:00:42:03 +0100] "GET /ticket2/opencms/system/modules/com.gridnine.opencms.ticketbrokerage.site/resources/css/calendar.css HTTP/1.1" 200 6871
202.8.43.39 - - [04/Dec/2024:00:42:03 +0100] "GET /ticket2/opencms/system/modules/com.gridnine.opencms.ticketbrokerage.site/resources/css/jquery-ui.css HTTP/1.1" 200 33221
202.8.43.39 - - [04/Dec/2024:00:42:03 +0100] "GET /ticket2/opencms/system/modules/com.gridnine.opencms.ticketbrokerage.site/resources/css/ticketbrokerage.css HTTP/1.1" 200 39339
202.8.43.39 - - [04/Dec/2024:00:42:03 +0100] "GET /ticket2/opencms/system/modules/com.gridnine.opencms.ticketbrokerage.site/resources/js/calendar.js HTTP/1.1" 200 49229
202.8.43.39 - - [04/Dec/2024:00:42:03 +0100] "GET /ticket2/opencms/system/modules/com.gridnine.opencms.ticketbrokerage.site/resources/css/standard.css HTTP/1.1" 200 73073
202.8.43.39 - - [04/Dec/2024:00:42:03 +0100] "GET /ticket2/opencms/system/modules/com.gridnine.opencms.ticketbrokerage.site/resources/js/calendar-en.js HTTP/1.1" 200 3338
202.8.43.39 - - [04/Dec/2024:00:42:03 +0100] "GET /ticket2/opencms/system/modules/com.gridnine.opencms.ticketbrokerage.site/resources/js/calendar-setup.js HTTP/1.1" 200 4923
202.8.43.39 - - [04/Dec/2024:00:42:03 +0100] "GET /ticket2/opencms/system/modules/com.gridnine.opencms.ticketbrokerage.site/resources/js/jquery.fancybox.pack.js HTTP/1.1" 200 23187
202.8.43.39 - - [04/Dec/2024:00:42:03 +0100] "GET /ticket2/opencms/system/modules/com.gridnine.opencms.ticketbrokerage.site/resources/js/stickyfill.min.js HTTP/1.1" 200 5672
202.8.43.39 - - [04/Dec/2024:00:42:03 +0100] "GET /ticket2/opencms/system/modules/com.gridnine.opencms.ticketbrokerage.site/resources/js/jquery/jquery.js HTTP/1.1" 200 93868
202.8.43.39 - - [04/Dec/2024:00:42:03 +0100] "GET /ticket2/opencms/system/modules/com.gridnine.opencms.ticketbrokerage.site/resources/js/jquery/jquery-ui.js HTTP/1.1" 200 228088
202.8.43.39 - - [04/Dec/2024:00:42:03 +0100] "GET /ticket2/opencms/system/modules/com.gridnine.opencms.ticketbrokerage.site/resources/js/standard.js HTTP/1.1" 200 3978
202.8.43.39 - - [04/Dec/2024:00:42:03 +0100] "GET /ticket2/opencms/system/modules/com.gridnine.opencms.ticketbrokerage.site/resources/js/functions.js HTTP/1.1" 200 1583
202.8.43.39 - - [04/Dec/2024:00:42:03 +0100] "GET /ticket2/opencms/system/modules/com.gridnine.opencms.ticketbrokerage.site/resources/js/jquery.placeholder.min.js HTTP/1.1" 200 1737
202.8.43.39 - - [04/Dec/2024:00:42:03 +0100] "GET /ticket2/opencms/system/modules/com.gridnine.opencms.ticketbrokerage.site/resources/js/common-ajax.js HTTP/1.1" 200 20175
202.8.43.39 - - [04/Dec/2024:00:42:03 +0100] "GET /ticket2/opencms/mo/ask-form.html HTTP/1.1" 200 3156
202.8.43.39 - - [04/Dec/2024:00:42:03 +0100] "GET /ticket2/opencms/system/modules/com.gridnine.opencms.ticketbrokerage.site/resources/css/ticketbrokerage.css HTTP/1.1" 200 39339
65.108.125.120 - - [04/Dec/2024:00:42:03 +0100] "GET /ticket2/opencms/fi/buy/?page=1&edid=AFB59A30-FFD0-EEC1-92CB-8FE6048D4EF0&sortorder=asc&column=row HTTP/1.1" 200 105650
202.8.43.39 - - [04/Dec/2024:00:42:04 +0100] "GET /ticket2/opencms/system/modules/com.gridnine.opencms.ticketbrokerage.site/resources/js/standard.js HTTP/1.1" 200 3978
66.249.79.231 - - [04/Dec/2024:00:42:04 +0100] "GET /ticket2/opencms/lv/buy?page=1&edid=719E6B6D-707F-E825-E3AA-0E552980E1EB&hlv=66869495-b7d0-4f97-a0c3-3fc50a01000f HTTP/1.1" 200 119900
65.108.227.178 - - [04/Dec/2024:00:42:04 +0100] "GET /ticket2/opencms/sv/buy/?page=1&edid=3A2C20BD-B176-205A-D392-221F9F943892&sortorder=desc&column=section HTTP/1.1" 200 105335
65.108.125.120 - - [04/Dec/2024:00:42:05 +0100] "GET /ticket2/opencms/fi/buy/?page=1&edid=AFB59A30-FFD0-EEC1-92CB-8FE6048D4EF0&sortorder=asc&column=section HTTP/1.1" 200 105922
65.108.125.120 - - [04/Dec/2024:00:42:07 +0100] "GET /ticket2/opencms/fi/buy/?page=1&edid=B0E369A8-B7D8-A701-4EAA-373FC93884BE HTTP/1.1" 200 103747
95.91.104.62 - - [04/Dec/2024:00:42:07 +0100] "GET /ticket2/opencms/en/buy/?page=1&edid=2ED13BBD-EA37-6DC6-AC31-DEF0177FBC2B HTTP/1.1" 200 103869
94.154.239.69 - - [04/Dec/2024:00:42:08 +0100] "GET /ticket2/opencms/sv/buy/?page=1&edid=E1965183-0A48-4447-AB23-0EA8BEA65874&sortorder=asc&column=row HTTP/1.1" 200 105684
65.108.227.178 - - [04/Dec/2024:00:42:09 +0100] "GET /ticket2/opencms/sv/buy/?page=1&edid=3A37BCE8-6529-D527-7A05-B4A6F4329BC8&sortorder=asc&column=price HTTP/1.1" 200 105324
65.108.125.120 - - [04/Dec/2024:00:42:09 +0100] "GET /ticket2/opencms/fi/buy/?page=1&edid=B153A555-66C9-5299-4C66-C692523C0F97&sortorder=desc&column=price HTTP/1.1" 200 103535
65.108.125.120 - - [04/Dec/2024:00:42:11 +0100] "GET /ticket2/opencms/fi/buy/?page=1&edid=B153A555-66C9-5299-4C66-C692523C0F97&sortorder=desc&column=row HTTP/1.1" 200 103399
54.36.149.53 - - [04/Dec/2024:00:42:12 +0100] "GET /ticket2/opencms/de/buy/?page=1&edid=F267BE64-0678-3C51-6F26-6987170C70AB HTTP/1.1" 200 101128
95.91.104.62 - - [04/Dec/2024:00:42:13 +0100] "GET /ticket2/opencms/en/buy/?page=1&edid=36201147-954C-4D2B-4404-34AB77C306B3 HTTP/1.1" 200 103870
65.108.125.120 - - [04/Dec/2024:00:42:13 +0100] "GET /ticket2/opencms/fi/buy/?page=1&edid=B175AB35-7948-C38C-E506-6E502E92CAA9&sortorder=desc&column=section HTTP/1.1" 200 106700
65.108.227.178 - - [04/Dec/2024:00:42:14 +0100] "GET /ticket2/opencms/sv/buy/?page=1&edid=3A37BCE8-6529-D527-7A05-B4A6F4329BC8&sortorder=asc&column=row HTTP/1.1" 200 105188
94.154.239.69 - - [04/Dec/2024:00:42:14 +0100] "GET /ticket2/opencms/sv/buy/?page=1&edid=E1965183-0A48-4447-AB23-0EA8BEA65874&sortorder=asc&column=section HTTP/1.1" 200 105956
65.108.125.120 - - [04/Dec/2024:00:42:15 +0100] "GET /ticket2/opencms/fi/buy/?page=1&edid=D476BBBD-CF0B-7C17-55DD-EB91C312DE17&sortorder=desc&column=row HTTP/1.1" 200 105760
66.249.79.231 - - [04/Dec/2024:00:42:15 +0100] "GET /ticket2/opencms/el/buy?page=1&edid=159AEE85-969E-7453-4999-69FCFD2915E6&hlv=6671c0f0-5d58-4be2-88c0-68400a01000f HTTP/1.1" 200 111137
95.91.104.62 - - [04/Dec/2024:00:42:19 +0100] "GET /ticket2/opencms/en/buy/?page=1&edid=3D04CA40-DFC2-CAD0-691F-59BC78A9B973 HTTP/1.1" 200 103874
65.108.227.178 - - [04/Dec/2024:00:42:19 +0100] "GET /ticket2/opencms/sv/buy/?page=1&edid=3A37BCE8-6529-D527-7A05-B4A6F4329BC8&sortorder=asc&column=section HTTP/1.1" 200 105460
94.154.239.69 - - [04/Dec/2024:00:42:20 +0100] "GET /ticket2/opencms/sv/buy/?page=1&edid=E1965183-0A48-4447-AB23-0EA8BEA65874&sortorder=desc&column=price HTTP/1.1" 200 105887
54.36.148.143 - - [04/Dec/2024:00:42:20 +0100] "GET /ticket2/opencms/ka/magazine/article?title=deklan-raisi HTTP/1.1" 200 87971
207.46.13.141 - - [04/Dec/2024:00:42:21 +0100] "GET /ticket2/opencms/lt/buy?page=1&edid=6212DF4D-4668-E736-5D5B-91D288A2C1AE HTTP/1.1" 200 101715
65.108.227.178 - - [04/Dec/2024:00:42:23 +0100] "GET /ticket2/opencms/sv/buy/?page=1&edid=3B0A908E-C378-7E18-C161-50030B439AC1&sortorder=asc&column=row HTTP/1.1" 200 105571
95.91.104.62 - - [04/Dec/2024:00:42:24 +0100] "GET /ticket2/opencms/en/buy/?page=1&edid=51B2CB32-7951-739E-6893-05415B594B46 HTTP/1.1" 200 103867
185.191.171.16 - - [04/Dec/2024:00:42:25 +0100] "GET /ticket2/opencms/nl/faq HTTP/1.1" 200 84244
85.208.96.193 - - [04/Dec/2024:00:42:26 +0100] "GET /ticket2/opencms/robots.txt HTTP/1.1" 200 773
66.249.79.231 - - [04/Dec/2024:00:42:26 +0100] "GET /ticket2/opencms/mt/buy?page=1&edid=CF50E913-5DB5-08E7-559C-AA3203DACB94 HTTP/1.1" 200 105035
94.154.239.69 - - [04/Dec/2024:00:42:26 +0100] "GET /ticket2/opencms/sv/buy/?page=1&edid=E1965183-0A48-4447-AB23-0EA8BEA65874&sortorder=desc&column=row HTTP/1.1" 200 105751
185.191.171.3 - - [04/Dec/2024:00:42:27 +0100] "GET /ticket2/opencms/nl/sport/voetbal-tickets/serie_a/genoa/ HTTP/1.1" 200 90491
54.36.148.107 - - [04/Dec/2024:00:42:27 +0100] "GET /ticket2/opencms/mt/buy?page=1&edid=8D36CAAA-5B35-26C1-11D2-EB825155168E HTTP/1.1" 200 101749
65.108.227.178 - - [04/Dec/2024:00:42:28 +0100] "GET /ticket2/opencms/sv/buy/?page=1&edid=3B0A908E-C378-7E18-C161-50030B439AC1&sortorder=desc&column=row HTTP/1.1" 200 105638
202.8.43.58 - - [04/Dec/2024:00:42:28 +0100] "GET /ticket2/opencms/system/modules/com.gridnine.opencms.ticketbrokerage.site/resources/css/jquery-ui.css HTTP/1.1" 200 33221
202.8.43.58 - - [04/Dec/2024:00:42:28 +0100] "GET /ticket2/opencms/system/modules/com.gridnine.opencms.ticketbrokerage.site/resources/css/calendar.css HTTP/1.1" 200 6871
202.8.43.58 - - [04/Dec/2024:00:42:28 +0100] "GET /ticket2/opencms/system/modules/com.gridnine.opencms.ticketbrokerage.site/resources/css/jquery.fancybox.css HTTP/1.1" 200 4939
202.8.43.58 - - [04/Dec/2024:00:42:28 +0100] "GET /ticket2/opencms/system/modules/com.gridnine.opencms.ticketbrokerage.site/resources/css/standard.css HTTP/1.1" 200 73073
202.8.43.58 - - [04/Dec/2024:00:42:28 +0100] "GET /ticket2/opencms/system/modules/com.gridnine.opencms.ticketbrokerage.site/resources/js/functions.js HTTP/1.1" 200 1583
202.8.43.58 - - [04/Dec/2024:00:42:28 +0100] "GET /ticket2/opencms/system/modules/com.gridnine.opencms.ticketbrokerage.site/resources/css/ticketbrokerage.css HTTP/1.1" 200 39339
202.8.43.58 - - [04/Dec/2024:00:42:28 +0100] "GET /ticket2/opencms/system/modules/com.gridnine.opencms.ticketbrokerage.site/resources/js/jquery/jquery.js HTTP/1.1" 200 93868
202.8.43.58 - - [04/Dec/2024:00:42:28 +0100] "GET /ticket2/opencms/system/modules/com.gridnine.opencms.ticketbrokerage.site/resources/js/jquery/jquery-ui.js HTTP/1.1" 200 228088
202.8.43.58 - - [04/Dec/2024:00:42:28 +0100] "GET /ticket2/opencms/system/modules/com.gridnine.opencms.ticketbrokerage.site/resources/js/calendar.js HTTP/1.1" 200 49229
202.8.43.58 - - [04/Dec/2024:00:42:28 +0100] "GET /ticket2/opencms/system/modules/com.gridnine.opencms.ticketbrokerage.site/resources/js/calendar-setup.js HTTP/1.1" 200 4923
202.8.43.58 - - [04/Dec/2024:00:42:28 +0100] "GET /ticket2/opencms/system/modules/com.gridnine.opencms.ticketbrokerage.site/resources/js/jquery.fancybox.pack.js HTTP/1.1" 200 23187
202.8.43.58 - - [04/Dec/2024:00:42:28 +0100] "GET /ticket2/opencms/system/modules/com.gridnine.opencms.ticketbrokerage.site/resources/js/calendar-en.js HTTP/1.1" 200 3338
202.8.43.58 - - [04/Dec/2024:00:42:29 +0100] "GET /ticket2/opencms/system/modules/com.gridnine.opencms.ticketbrokerage.site/resources/js/stickyfill.min.js HTTP/1.1" 200 5672
202.8.43.58 - - [04/Dec/2024:00:42:29 +0100] "GET /ticket2/opencms/system/modules/com.gridnine.opencms.ticketbrokerage.site/resources/js/standard.js HTTP/1.1" 200 3978
202.8.43.58 - - [04/Dec/2024:00:42:29 +0100] "GET /ticket2/opencms/system/modules/com.gridnine.opencms.ticketbrokerage.site/resources/js/jquery.placeholder.min.js HTTP/1.1" 200 1737
202.8.43.58 - - [04/Dec/2024:00:42:29 +0100] "GET /ticket2/opencms/system/modules/com.gridnine.opencms.ticketbrokerage.site/resources/js/common-ajax.js HTTP/1.1" 200 20175
202.8.43.58 - - [04/Dec/2024:00:42:29 +0100] "GET /ticket2/opencms/mt/ask-form.html HTTP/1.1" 200 3156
202.8.43.58 - - [04/Dec/2024:00:42:29 +0100] "GET /ticket2/opencms/mt/ask-form.html HTTP/1.1" 200 3156
202.8.43.58 - - [04/Dec/2024:00:42:29 +0100] "GET /ticket2/opencms/system/modules/com.gridnine.opencms.ticketbrokerage.site/resources/css/ticketbrokerage.css HTTP/1.1" 200 39339
207.46.13.141 - - [04/Dec/2024:00:42:29 +0100] "GET /ticket2/opencms/sv/buy?page=6&comcatid=A17713B6-D984-201A-4143-ED4DB5ED5C2E&catid=36394212-F82E-F845-399B-42BED55969CC&eventid=B45AC244-DB10-0539-6625-12AA68C37378 HTTP/1.1" 200 6410
202.8.43.58 - - [04/Dec/2024:00:42:29 +0100] "GET /ticket2/opencms/system/modules/com.gridnine.opencms.ticketbrokerage.site/resources/js/standard.js HTTP/1.1" 200 3978
95.91.104.62 - - [04/Dec/2024:00:42:30 +0100] "GET /ticket2/opencms/en/buy/?page=1&edid=5334896C-C3F5-3C15-5145-9352C3FF461E HTTP/1.1" 200 103862
54.36.149.40 - - [04/Dec/2024:00:42:30 +0100] "GET /ticket2/opencms/en/about/press HTTP/1.1" 200 80422
94.154.239.69 - - [04/Dec/2024:00:42:33 +0100] "GET /ticket2/opencms/sv/buy/?page=1&edid=E1965183-0A48-4447-AB23-0EA8BEA65874&sortorder=desc&column=section HTTP/1.1" 200 106023
65.108.227.178 - - [04/Dec/2024:00:42:33 +0100] "GET /ticket2/opencms/sv/buy/?page=1&edid=3B27AD89-9F82-3E38-96F3-9D7DBA03001A&sortorder=desc&column=price HTTP/1.1" 200 105589
54.36.148.148 - - [04/Dec/2024:00:42:34 +0100] "GET /ticket2/opencms/az/buy?page=1&edid=B7C31852-4938-05B8-A23C-0248E7A3D5BA HTTP/1.1" 200 126697
54.36.148.178 - - [04/Dec/2024:00:42:35 +0100] "GET /ticket2/opencms/mt/buy?page=1&edid=D712D542-2FD7-63E8-3EB9-EC4508B2CBC4 HTTP/1.1" 200 101818
202.8.42.170 - - [04/Dec/2024:00:42:36 +0100] "GET /ticket2/opencms/system/modules/com.gridnine.opencms.ticketbrokerage.site/resources/css/jquery-ui.css HTTP/1.1" 200 33221
202.8.42.170 - - [04/Dec/2024:00:42:36 +0100] "GET /ticket2/opencms/system/modules/com.gridnine.opencms.ticketbrokerage.site/resources/css/jquery.fancybox.css HTTP/1.1" 200 4939
202.8.42.170 - - [04/Dec/2024:00:42:36 +0100] "GET /ticket2/opencms/system/modules/com.gridnine.opencms.ticketbrokerage.site/resources/css/standard.css HTTP/1.1" 200 73073
202.8.42.170 - - [04/Dec/2024:00:42:36 +0100] "GET /ticket2/opencms/system/modules/com.gridnine.opencms.ticketbrokerage.site/resources/css/ticketbrokerage.css HTTP/1.1" 200 39339
202.8.42.170 - - [04/Dec/2024:00:42:36 +0100] "GET /ticket2/opencms/system/modules/com.gridnine.opencms.ticketbrokerage.site/resources/js/jquery.fancybox.pack.js HTTP/1.1" 200 23187
202.8.42.170 - - [04/Dec/2024:00:42:36 +0100] "GET /ticket2/opencms/system/modules/com.gridnine.opencms.ticketbrokerage.site/resources/css/calendar.css HTTP/1.1" 200 6871
