181.166.164.216 - - [04/Dec/2024:00:22:06 +0100] "GET /ticket2/opencms/system/modules/com.gridnine.opencms.ticketbrokerage.site/resources/css/calendar.css HTTP/1.1" 200 6871
181.166.164.216 - - [04/Dec/2024:00:22:06 +0100] "GET /ticket2/opencms/system/modules/com.gridnine.opencms.ticketbrokerage.site/resources/css/ticketbrokerage.css HTTP/1.1" 200 39339
181.166.164.216 - - [04/Dec/2024:00:22:06 +0100] "GET /ticket2/opencms/system/modules/com.gridnine.opencms.ticketbrokerage.site/resources/css/jquery-ui.css HTTP/1.1" 200 33221
181.166.164.216 - - [04/Dec/2024:00:22:06 +0100] "GET /ticket2/opencms/system/modules/com.gridnine.opencms.ticketbrokerage.site/resources/css/standard.css HTTP/1.1" 200 73073
181.166.164.216 - - [04/Dec/2024:00:22:06 +0100] "GET /ticket2/opencms/system/modules/com.gridnine.opencms.ticketbrokerage.site/resources/css/jquery.fancybox.css HTTP/1.1" 200 4939
181.166.164.216 - - [04/Dec/2024:00:22:06 +0100] "GET /ticket2/opencms/system/modules/com.gridnine.opencms.ticketbrokerage.site/resources/js/jquery/jquery.js HTTP/1.1" 200 93868
181.166.164.216 - - [04/Dec/2024:00:22:06 +0100] "GET /ticket2/opencms/system/modules/com.gridnine.opencms.ticketbrokerage.site/resources/js/jquery/jquery-ui.js HTTP/1.1" 200 228088
181.166.164.216 - - [04/Dec/2024:00:22:06 +0100] "GET /ticket2/opencms/system/modules/com.gridnine.opencms.ticketbrokerage.site/resources/js/functions.js HTTP/1.1" 200 1583
181.166.164.216 - - [04/Dec/2024:00:22:06 +0100] "GET /ticket2/opencms/system/modules/com.gridnine.opencms.ticketbrokerage.site/resources/js/calendar-en.js HTTP/1.1" 200 3338
181.166.164.216 - - [04/Dec/2024:00:22:06 +0100] "GET /ticket2/opencms/system/modules/com.gridnine.opencms.ticketbrokerage.site/resources/js/calendar.js HTTP/1.1" 200 49229
181.166.164.216 - - [04/Dec/2024:00:22:06 +0100] "GET /ticket2/opencms/system/modules/com.gridnine.opencms.ticketbrokerage.site/resources/js/calendar-setup.js HTTP/1.1" 200 4923
181.166.164.216 - - [04/Dec/2024:00:22:07 +0100] "GET /ticket2/opencms/system/modules/com.gridnine.opencms.ticketbrokerage.site/resources/js/jquery.fancybox.pack.js HTTP/1.1" 200 23187
181.166.164.216 - - [04/Dec/2024:00:22:07 +0100] "GET /ticket2/opencms/system/modules/com.gridnine.opencms.ticketbrokerage.site/resources/js/stickyfill.min.js HTTP/1.1" 200 5672
181.166.164.216 - - [04/Dec/2024:00:22:07 +0100] "GET /ticket2/opencms/system/modules/com.gridnine.opencms.ticketbrokerage.site/resources/js/standard.js HTTP/1.1" 200 3978
181.166.164.216 - - [04/Dec/2024:00:22:07 +0100] "GET /ticket2/opencms/system/modules/com.gridnine.opencms.ticketbrokerage.site/resources/js/common-ajax.js HTTP/1.1" 200 20175
181.166.164.216 - - [04/Dec/2024:00:22:07 +0100] "GET /ticket2/opencms/system/modules/com.gridnine.opencms.ticketbrokerage.site/resources/js/jquery.placeholder.min.js HTTP/1.1" 200 1737
181.166.164.216 - - [04/Dec/2024:00:22:07 +0100] "GET /ticket2/opencms/img/mail.png HTTP/1.1" 200 403
181.166.164.216 - - [04/Dec/2024:00:22:07 +0100] "GET /ticket2/opencms/img/check.png HTTP/1.1" 200 548
181.166.164.216 - - [04/Dec/2024:00:22:07 +0100] "GET /ticket2/opencms/img/insta.png HTTP/1.1" 200 3967
181.166.164.216 - - [04/Dec/2024:00:22:07 +0100] "GET /ticket2/opencms/img/chat.png HTTP/1.1" 200 416
181.166.164.216 - - [04/Dec/2024:00:22:07 +0100] "GET /ticket2/opencms/img/fb.png HTTP/1.1" 200 1269
181.166.164.216 - - [04/Dec/2024:00:22:07 +0100] "GET /ticket2/opencms/system/modules/com.gridnine.opencms.ticketbrokerage.site/resources/pics/logo-new.png HTTP/1.1" 200 13541
181.166.164.216 - - [04/Dec/2024:00:22:08 +0100] "GET /ticket2/opencms/img/arrow.png HTTP/1.1" 200 753
181.166.164.216 - - [04/Dec/2024:00:22:08 +0100] "GET /ticket2/opencms/system/modules/com.gridnine.opencms.ticketbrokerage.site/resources/pics/footer-img.jpg HTTP/1.1" 200 67642
181.166.164.216 - - [04/Dec/2024:00:22:08 +0100] "GET /ticket2/opencms/img/icons/ticket2.thumbnail.png HTTP/1.1" 200 21519
181.166.164.216 - - [04/Dec/2024:00:22:08 +0100] "GET /ticket2/opencms/system/modules/com.gridnine.opencms.ticketbrokerage.site/resources/js/standard.js HTTP/1.1" 200 3978
65.108.227.178 - - [04/Dec/2024:00:22:09 +0100] "GET /ticket2/opencms/sv/buy/?page=1&edid=2ED13BBD-EA37-6DC6-AC31-DEF0177FBC2B HTTP/1.1" 200 104562
181.166.164.216 - - [04/Dec/2024:00:22:09 +0100] "GET /ticket2/opencms/img/icons/en.png HTTP/1.1" 200 2415
181.166.164.216 - - [04/Dec/2024:00:22:09 +0100] "GET /ticket2/opencms/img/icons/se.png HTTP/1.1" 200 1258
181.166.164.216 - - [04/Dec/2024:00:22:09 +0100] "GET /ticket2/opencms/img/icons/fi.png HTTP/1.1" 200 1785
181.166.164.216 - - [04/Dec/2024:00:22:09 +0100] "GET /ticket2/opencms/img/icons/globe-white.png HTTP/1.1" 200 947
54.36.148.147 - - [04/Dec/2024:00:22:09 +0100] "GET /ticket2/opencms/cs/buy/?comcatid=B41CCF2B-5558-7AEE-3602-09BBDE417D65&catid=BF886BAE-FC84-8CB3-A193-6DFA251F7985 HTTP/1.1" 200 6410
181.166.164.216 - - [04/Dec/2024:00:22:09 +0100] "GET /ticket2/opencms/img/icons/no.png HTTP/1.1" 200 1958
181.166.164.216 - - [04/Dec/2024:00:22:09 +0100] "GET /ticket2/opencms/img/icons/dk.png HTTP/1.1" 200 1706
181.166.164.216 - - [04/Dec/2024:00:22:09 +0100] "GET /ticket2/opencms/img/icons/nl.png HTTP/1.1" 200 1255
181.166.164.216 - - [04/Dec/2024:00:22:09 +0100] "GET /ticket2/opencms/img/icons/de.png HTTP/1.1" 200 1124
181.166.164.216 - - [04/Dec/2024:00:22:09 +0100] "GET /ticket2/opencms/img/icons/fr.png HTTP/1.1" 200 1764
181.166.164.216 - - [04/Dec/2024:00:22:09 +0100] "GET /ticket2/opencms/img/icons/es.png HTTP/1.1" 200 1005
181.166.164.216 - - [04/Dec/2024:00:22:10 +0100] "GET /ticket2/opencms/img/icons/it.png HTTP/1.1" 200 2040
181.166.164.216 - - [04/Dec/2024:00:22:10 +0100] "GET /ticket2/opencms/img/icons/pl.png HTTP/1.1" 200 1578
181.166.164.216 - - [04/Dec/2024:00:22:10 +0100] "GET /ticket2/opencms/system/modules/com.gridnine.opencms.ticketbrokerage.site/resources/css/images/ui-bg_flat_75_ffffff_40x100.png HTTP/1.1" 404 -
181.166.164.216 - - [04/Dec/2024:00:22:10 +0100] "GET /ticket2/opencms/img/icons/sq.png HTTP/1.1" 200 1619
181.166.164.216 - - [04/Dec/2024:00:22:10 +0100] "GET /ticket2/opencms/img/icons/az.png HTTP/1.1" 200 1445
181.166.164.216 - - [04/Dec/2024:00:22:10 +0100] "GET /ticket2/opencms/img/icons/bs.png HTTP/1.1" 200 1014
181.166.164.216 - - [04/Dec/2024:00:22:10 +0100] "GET /ticket2/opencms/img/icons/be.png HTTP/1.1" 200 1663
181.166.164.216 - - [04/Dec/2024:00:22:10 +0100] "GET /ticket2/opencms/img/icons/bg.png HTTP/1.1" 200 788
181.166.164.216 - - [04/Dec/2024:00:22:10 +0100] "GET /ticket2/opencms/img/icons/hr.png HTTP/1.1" 200 2024
181.166.164.216 - - [04/Dec/2024:00:22:10 +0100] "GET /ticket2/opencms/img/icons/cs.png HTTP/1.1" 200 1883
181.166.164.216 - - [04/Dec/2024:00:22:10 +0100] "GET /ticket2/opencms/img/icons/et.png HTTP/1.1" 200 754
181.166.164.216 - - [04/Dec/2024:00:22:11 +0100] "GET /ticket2/opencms/img/icons/ka.png HTTP/1.1" 200 860
181.166.164.216 - - [04/Dec/2024:00:22:11 +0100] "GET /ticket2/opencms/img/icons/el.png HTTP/1.1" 200 1637
181.166.164.216 - - [04/Dec/2024:00:22:11 +0100] "GET /ticket2/opencms/img/icons/is.png HTTP/1.1" 200 1884
181.166.164.216 - - [04/Dec/2024:00:22:11 +0100] "GET /ticket2/opencms/img/icons/hu.png HTTP/1.1" 200 733
181.166.164.216 - - [04/Dec/2024:00:22:11 +0100] "GET /ticket2/opencms/img/icons/lv.png HTTP/1.1" 200 716
181.166.164.216 - - [04/Dec/2024:00:22:11 +0100] "GET /ticket2/opencms/img/icons/ga.png HTTP/1.1" 200 1759
181.166.164.216 - - [04/Dec/2024:00:22:11 +0100] "GET /ticket2/opencms/img/icons/lt.png HTTP/1.1" 200 733
181.166.164.216 - - [04/Dec/2024:00:22:11 +0100] "GET /ticket2/opencms/img/icons/mt.png HTTP/1.1" 200 920
181.166.164.216 - - [04/Dec/2024:00:22:11 +0100] "GET /ticket2/opencms/img/icons/mo.png HTTP/1.1" 200 1468
181.166.164.216 - - [04/Dec/2024:00:22:11 +0100] "GET /ticket2/opencms/img/icons/ro.png HTTP/1.1" 200 1393
181.166.164.216 - - [04/Dec/2024:00:22:12 +0100] "GET /ticket2/opencms/img/icons/sk.png HTTP/1.1" 200 1283
181.166.164.216 - - [04/Dec/2024:00:22:12 +0100] "GET /ticket2/opencms/img/icons/sr.png HTTP/1.1" 200 1602
181.166.164.216 - - [04/Dec/2024:00:22:12 +0100] "GET /ticket2/opencms/img/icons/sl.png HTTP/1.1" 200 966
181.166.164.216 - - [04/Dec/2024:00:22:12 +0100] "GET /ticket2/opencms/img/icons/uk.png HTTP/1.1" 200 1272
185.191.171.6 - - [04/Dec/2024:00:22:12 +0100] "GET /ticket2/opencms/dk/sport/fodboldbilletter/la-liga/celta_vigo/ HTTP/1.1" 200 85111
181.166.164.216 - - [04/Dec/2024:00:22:12 +0100] "GET /ticket2/opencms/img/icons/tr.png HTTP/1.1" 200 1636
181.166.164.216 - - [04/Dec/2024:00:22:12 +0100] "GET /ticket2/opencms/img/shutterstock_1559114345.jpg HTTP/1.1" 200 1583836
85.208.96.199 - - [04/Dec/2024:00:22:12 +0100] "GET /ticket2/opencms/nl/sport/voetbal-tickets/la_liga/almeria/ HTTP/1.1" 200 78149
65.108.227.178 - - [04/Dec/2024:00:22:18 +0100] "GET /ticket2/opencms/sv/buy/?page=1&edid=2ED13BBD-EA37-6DC6-AC31-DEF0177FBC2B&sortorder=asc&column=price HTTP/1.1" 200 106434
54.36.149.88 - - [04/Dec/2024:00:22:20 +0100] "GET /ticket2/opencms/el/buy/?comcatid=B41CCF2B-5558-7AEE-3602-09BBDE417D65&catid=36DC4BE2-91A2-6146-2BE9-47B6F3C44EDB HTTP/1.1" 200 6410
52.167.144.223 - - [04/Dec/2024:00:22:20 +0100] "GET /ticket2/opencms/sr/buy/?page=1&edid=F2D85B77-0146-9383-AAB8-AFEF60C3B51B HTTP/1.1" 200 127740
47.128.22.156 - - [04/Dec/2024:00:22:21 +0100] "GET /ticket2/opencms/lt/buy?eventid=EC400621-1050-8895-DCE5-36CFFF18A035&page=11&venueid=291A0B91-B6D9-7F32-E0D0-5F6B1EDBF000 HTTP/1.1" 200 6410
54.36.148.65 - - [04/Dec/2024:00:22:21 +0100] "GET /ticket2/opencms/dk/sport/fodboldbilletter/serie-a/ HTTP/1.1" 200 86787
85.208.96.193 - - [04/Dec/2024:00:22:22 +0100] "GET /ticket2/opencms/az/buying_tickets/ HTTP/1.1" 200 80732
121.229.156.114 - - [04/Dec/2024:00:22:25 +0100] "GET /ticket2/opencms/ HTTP/1.1" 302 -
54.36.148.162 - - [04/Dec/2024:00:22:27 +0100] "GET /ticket2/opencms/el/buy/?comcatid=B41CCF2B-5558-7AEE-3602-09BBDE417D65&catid=A34BCF61-E19C-5C5C-445E-06F3749E1EF4 HTTP/1.1" 200 6410
65.108.227.178 - - [04/Dec/2024:00:22:27 +0100] "GET /ticket2/opencms/sv/buy/?page=1&edid=2ED13BBD-EA37-6DC6-AC31-DEF0177FBC2B&sortorder=asc&column=row HTTP/1.1" 200 106298
94.154.239.69 - - [04/Dec/2024:00:22:28 +0100] "GET /ticket2/opencms/sv/buy/?page=1&edid=A1D30AC4-8136-41FB-FAEB-9CDC4FC3A448&sortorder=desc&column=section HTTP/1.1" 200 106450
121.229.156.114 - - [04/Dec/2024:00:22:28 +0100] "GET /ticket2/opencms/en/ HTTP/1.1" 200 92134
207.46.13.157 - - [04/Dec/2024:00:22:29 +0100] "GET /ticket2/opencms/ru/buy/?comcatid=66708183-7480-3365-06BF-DBF60280AB45&catid=30D5812D-0858-4843-8F45-C38AE504153C HTTP/1.1" 200 6410
54.36.149.96 - - [04/Dec/2024:00:22:33 +0100] "GET /ticket2/opencms/no/buy/?page=1&edid=4BA781DE-2024-5888-8F0F-2E0AC0F53952 HTTP/1.1" 200 107174
65.108.227.178 - - [04/Dec/2024:00:22:41 +0100] "GET /ticket2/opencms/sv/buy/?page=1&edid=2ED13BBD-EA37-6DC6-AC31-DEF0177FBC2B&sortorder=asc&column=section HTTP/1.1" 200 106570
85.208.96.206 - - [04/Dec/2024:00:22:41 +0100] "GET /ticket2/opencms/fi/urheilu/jalkapallo/premier_league/luton/ HTTP/1.1" 200 80108
121.229.156.72 - - [04/Dec/2024:00:22:42 +0100] "GET /ticket2/opencms/ HTTP/1.1" 302 -
121.229.156.72 - - [04/Dec/2024:00:22:43 +0100] "GET /ticket2/opencms/en/ HTTP/1.1" 200 92134
54.36.148.161 - - [04/Dec/2024:00:22:45 +0100] "GET /ticket2/opencms/el/buy/?comcatid=B41CCF2B-5558-7AEE-3602-09BBDE417D65&catid=BF886BAE-FC84-8CB3-A193-6DFA251F7985 HTTP/1.1" 200 6410
111.119.221.1 - - [04/Dec/2024:00:22:45 +0100] "GET /ticket2/opencms/de/sport/fussball-tickets/champions-league/psg HTTP/1.1" 200 88200
65.108.227.178 - - [04/Dec/2024:00:22:49 +0100] "GET /ticket2/opencms/sv/buy/?page=1&edid=2ED13BBD-EA37-6DC6-AC31-DEF0177FBC2B&sortorder=desc&column=price HTTP/1.1" 200 106501
157.55.39.194 - - [04/Dec/2024:00:22:49 +0100] "GET /ticket2/opencms/ga/buy?page=1&edid=B6D0A9AB-69A7-9419-F7A9-AFE901370F8E HTTP/1.1" 200 104701
157.55.39.194 - - [04/Dec/2024:00:22:49 +0100] "GET /ticket2/opencms/it/buy?page=1&edid=7129CBF6-201C-EACF-0C4B-85B145E5B96A&sortorder=asc&column=price HTTP/1.1" 200 106495
52.167.144.223 - - [04/Dec/2024:00:22:51 +0100] "GET /ticket2/opencms/hu/buy?page=1&edid=6D553E3C-BACA-E048-6D4A-5E9D197667EC HTTP/1.1" 200 129594
94.154.239.69 - - [04/Dec/2024:00:22:54 +0100] "GET /ticket2/opencms/sv/buy/?page=1&edid=A27C2B2E-F075-0571-43BC-97EB95815DE9&sortorder=asc&column=price HTTP/1.1" 200 104729
54.36.149.69 - - [04/Dec/2024:00:22:55 +0100] "GET /ticket2/opencms/hu/buy/?page=1&edid=D582FDF1-C885-7FD8-841B-6D2DEF5C38A4 HTTP/1.1" 200 127960
65.108.227.178 - - [04/Dec/2024:00:22:58 +0100] "GET /ticket2/opencms/sv/buy/?page=1&edid=2ED13BBD-EA37-6DC6-AC31-DEF0177FBC2B&sortorder=desc&column=row HTTP/1.1" 200 106365
54.36.149.71 - - [04/Dec/2024:00:23:02 +0100] "GET /ticket2/opencms/en/buy?page=6&comcatid=A17713B6-D984-201A-4143-ED4DB5ED5C2E&catid=D8B345C9-F7A5-E620-4B43-C34EB0D6885B&eventid=79608D61-AAF5-D175-02C0-7A0FB72F565C HTTP/1.1" 200 6410
188.149.85.90 - - [04/Dec/2024:00:23:02 +0100] "GET /ticket2/opencms/sv/sport/fotbollsbiljetter/premier_league/arsenal/?gad_source=1&gbraid=0AAAAADlS-t9g-zN8qGjm3G2GwO5R1N3ya&gclid=CjwKCAiA9bq6BhAKEiwAH6bqoCWsUggOwIOhBD_paz7O73E72rJFogqlofBNcoyfhsv5owZpUAiXmRoCIIEQAvD_BwE HTTP/1.1" 200 96639
188.149.85.90 - - [04/Dec/2024:00:23:03 +0100] "GET /ticket2/opencms/system/modules/com.gridnine.opencms.ticketbrokerage.site/resources/css/ticketbrokerage.css HTTP/1.1" 200 39339
188.149.85.90 - - [04/Dec/2024:00:23:03 +0100] "GET /ticket2/opencms/system/modules/com.gridnine.opencms.ticketbrokerage.site/resources/js/jquery/jquery-ui.js HTTP/1.1" 200 228088
188.149.85.90 - - [04/Dec/2024:00:23:03 +0100] "GET /ticket2/opencms/system/modules/com.gridnine.opencms.ticketbrokerage.site/resources/js/functions.js HTTP/1.1" 200 1583
188.149.85.90 - - [04/Dec/2024:00:23:03 +0100] "GET /ticket2/opencms/system/modules/com.gridnine.opencms.ticketbrokerage.site/resources/css/jquery-ui.css HTTP/1.1" 200 33221
188.149.85.90 - - [04/Dec/2024:00:23:03 +0100] "GET /ticket2/opencms/system/modules/com.gridnine.opencms.ticketbrokerage.site/resources/css/jquery.fancybox.css HTTP/1.1" 200 4939
188.149.85.90 - - [04/Dec/2024:00:23:03 +0100] "GET /ticket2/opencms/system/modules/com.gridnine.opencms.ticketbrokerage.site/resources/css/calendar.css HTTP/1.1" 200 6871
188.149.85.90 - - [04/Dec/2024:00:23:03 +0100] "GET /ticket2/opencms/system/modules/com.gridnine.opencms.ticketbrokerage.site/resources/css/standard.css HTTP/1.1" 200 73073
188.149.85.90 - - [04/Dec/2024:00:23:03 +0100] "GET /ticket2/opencms/system/modules/com.gridnine.opencms.ticketbrokerage.site/resources/js/jquery/jquery.js HTTP/1.1" 200 93868
188.149.85.90 - - [04/Dec/2024:00:23:03 +0100] "GET /ticket2/opencms/system/modules/com.gridnine.opencms.ticketbrokerage.site/resources/js/jquery.placeholder.min.js HTTP/1.1" 200 1737
188.149.85.90 - - [04/Dec/2024:00:23:03 +0100] "GET /ticket2/opencms/system/modules/com.gridnine.opencms.ticketbrokerage.site/resources/js/calendar.js HTTP/1.1" 200 49229
188.149.85.90 - - [04/Dec/2024:00:23:03 +0100] "GET /ticket2/opencms/system/modules/com.gridnine.opencms.ticketbrokerage.site/resources/js/calendar-en.js HTTP/1.1" 200 3338
188.149.85.90 - - [04/Dec/2024:00:23:03 +0100] "GET /ticket2/opencms/system/modules/com.gridnine.opencms.ticketbrokerage.site/resources/js/common-ajax.js HTTP/1.1" 200 20175
188.149.85.90 - - [04/Dec/2024:00:23:03 +0100] "GET /ticket2/opencms/system/modules/com.gridnine.opencms.ticketbrokerage.site/resources/js/calendar-setup.js HTTP/1.1" 200 4923
188.149.85.90 - - [04/Dec/2024:00:23:03 +0100] "GET /ticket2/opencms/system/modules/com.gridnine.opencms.ticketbrokerage.site/resources/js/jquery.fancybox.pack.js HTTP/1.1" 200 23187
188.149.85.90 - - [04/Dec/2024:00:23:03 +0100] "GET /ticket2/opencms/system/modules/com.gridnine.opencms.ticketbrokerage.site/resources/js/stickyfill.min.js HTTP/1.1" 200 5672
188.149.85.90 - - [04/Dec/2024:00:23:03 +0100] "GET /ticket2/opencms/system/modules/com.gridnine.opencms.ticketbrokerage.site/resources/js/standard.js HTTP/1.1" 200 3978
188.149.85.90 - - [04/Dec/2024:00:23:03 +0100] "GET /ticket2/opencms/img/icons/globe-white.png HTTP/1.1" 200 947
188.149.85.90 - - [04/Dec/2024:00:23:03 +0100] "GET /ticket2/opencms/system/modules/com.gridnine.opencms.ticketbrokerage.site/resources/pics/logo-new.png HTTP/1.1" 200 13541
188.149.85.90 - - [04/Dec/2024:00:23:03 +0100] "GET /ticket2/opencms/img/insta.png HTTP/1.1" 200 3967
188.149.85.90 - - [04/Dec/2024:00:23:03 +0100] "GET /ticket2/opencms/img/fb.png HTTP/1.1" 200 1269
188.149.85.90 - - [04/Dec/2024:00:23:03 +0100] "GET /ticket2/opencms/system/modules/com.gridnine.opencms.ticketbrokerage.site/resources/pics/banners/arsenal.png HTTP/1.1" 200 13545
188.149.85.90 - - [04/Dec/2024:00:23:03 +0100] "GET /ticket2/opencms/system/modules/com.gridnine.opencms.ticketbrokerage.site/resources/pics/footer-img.jpg HTTP/1.1" 200 67642
188.149.85.90 - - [04/Dec/2024:00:23:03 +0100] "GET /ticket2/opencms/img/check.png HTTP/1.1" 200 548
188.149.85.90 - - [04/Dec/2024:00:23:03 +0100] "GET /ticket2/opencms/img/icons/se.png HTTP/1.1" 200 1258
188.149.85.90 - - [04/Dec/2024:00:23:03 +0100] "GET /ticket2/opencms/img/icons/en.png HTTP/1.1" 200 2415
188.149.85.90 - - [04/Dec/2024:00:23:03 +0100] "GET /ticket2/opencms/img/mail.png HTTP/1.1" 200 403
188.149.85.90 - - [04/Dec/2024:00:23:03 +0100] "GET /ticket2/opencms/img/chat.png HTTP/1.1" 200 416
188.149.85.90 - - [04/Dec/2024:00:23:03 +0100] "GET /ticket2/opencms/img/icons/fi.png HTTP/1.1" 200 1785
188.149.85.90 - - [04/Dec/2024:00:23:03 +0100] "GET /ticket2/opencms/img/icons/no.png HTTP/1.1" 200 1958
188.149.85.90 - - [04/Dec/2024:00:23:03 +0100] "GET /ticket2/opencms/img/arrow.png HTTP/1.1" 200 753
188.149.85.90 - - [04/Dec/2024:00:23:03 +0100] "GET /ticket2/opencms/system/modules/com.gridnine.opencms.ticketbrokerage.site/resources/css/images/ui-bg_flat_75_ffffff_40x100.png HTTP/1.1" 404 -
188.149.85.90 - - [04/Dec/2024:00:23:03 +0100] "GET /ticket2/opencms/img/icons/nl.png HTTP/1.1" 200 1255
188.149.85.90 - - [04/Dec/2024:00:23:03 +0100] "GET /ticket2/opencms/img/icons/dk.png HTTP/1.1" 200 1706
188.149.85.90 - - [04/Dec/2024:00:23:03 +0100] "GET /ticket2/opencms/img/icons/fr.png HTTP/1.1" 200 1764
188.149.85.90 - - [04/Dec/2024:00:23:03 +0100] "GET /ticket2/opencms/img/icons/de.png HTTP/1.1" 200 1124
188.149.85.90 - - [04/Dec/2024:00:23:04 +0100] "GET /ticket2/opencms/img/icons/es.png HTTP/1.1" 200 1005
188.149.85.90 - - [04/Dec/2024:00:23:04 +0100] "GET /ticket2/opencms/img/icons/it.png HTTP/1.1" 200 2040
188.149.85.90 - - [04/Dec/2024:00:23:04 +0100] "GET /ticket2/opencms/img/icons/pl.png HTTP/1.1" 200 1578
188.149.85.90 - - [04/Dec/2024:00:23:04 +0100] "GET /ticket2/opencms/img/icons/sq.png HTTP/1.1" 200 1619
188.149.85.90 - - [04/Dec/2024:00:23:04 +0100] "GET /ticket2/opencms/img/icons/az.png HTTP/1.1" 200 1445
188.149.85.90 - - [04/Dec/2024:00:23:04 +0100] "GET /ticket2/opencms/img/icons/be.png HTTP/1.1" 200 1663
188.149.85.90 - - [04/Dec/2024:00:23:04 +0100] "GET /ticket2/opencms/img/icons/bs.png HTTP/1.1" 200 1014
188.149.85.90 - - [04/Dec/2024:00:23:04 +0100] "GET /ticket2/opencms/img/icons/bg.png HTTP/1.1" 200 788
188.149.85.90 - - [04/Dec/2024:00:23:04 +0100] "GET /ticket2/opencms/img/icons/cs.png HTTP/1.1" 200 1883
188.149.85.90 - - [04/Dec/2024:00:23:04 +0100] "GET /ticket2/opencms/img/icons/hr.png HTTP/1.1" 200 2024
188.149.85.90 - - [04/Dec/2024:00:23:05 +0100] "GET /ticket2/opencms/img/icons/et.png HTTP/1.1" 200 754
188.149.85.90 - - [04/Dec/2024:00:23:05 +0100] "GET /ticket2/opencms/img/icons/el.png HTTP/1.1" 200 1637
188.149.85.90 - - [04/Dec/2024:00:23:05 +0100] "GET /ticket2/opencms/img/icons/lv.png HTTP/1.1" 200 716
188.149.85.90 - - [04/Dec/2024:00:23:05 +0100] "GET /ticket2/opencms/img/icons/lt.png HTTP/1.1" 200 733
188.149.85.90 - - [04/Dec/2024:00:23:05 +0100] "GET /ticket2/opencms/img/icons/mo.png HTTP/1.1" 200 1468
188.149.85.90 - - [04/Dec/2024:00:23:05 +0100] "GET /ticket2/opencms/img/icons/mt.png HTTP/1.1" 200 920
188.149.85.90 - - [04/Dec/2024:00:23:05 +0100] "GET /ticket2/opencms/img/icons/ga.png HTTP/1.1" 200 1759
188.149.85.90 - - [04/Dec/2024:00:23:05 +0100] "GET /ticket2/opencms/img/icons/sk.png HTTP/1.1" 200 1283
188.149.85.90 - - [04/Dec/2024:00:23:05 +0100] "GET /ticket2/opencms/img/icons/sr.png HTTP/1.1" 200 1602
188.149.85.90 - - [04/Dec/2024:00:23:05 +0100] "GET /ticket2/opencms/img/icons/ro.png HTTP/1.1" 200 1393
188.149.85.90 - - [04/Dec/2024:00:23:05 +0100] "GET /ticket2/opencms/img/icons/is.png HTTP/1.1" 200 1884
188.149.85.90 - - [04/Dec/2024:00:23:05 +0100] "GET /ticket2/opencms/img/icons/ka.png HTTP/1.1" 200 860
188.149.85.90 - - [04/Dec/2024:00:23:05 +0100] "GET /ticket2/opencms/img/icons/hu.png HTTP/1.1" 200 733
188.149.85.90 - - [04/Dec/2024:00:23:05 +0100] "GET /ticket2/opencms/img/icons/uk.png HTTP/1.1" 200 1272
188.149.85.90 - - [04/Dec/2024:00:23:05 +0100] "GET /ticket2/opencms/img/icons/sl.png HTTP/1.1" 200 966
188.149.85.90 - - [04/Dec/2024:00:23:05 +0100] "GET /ticket2/opencms/img/icons/tr.png HTTP/1.1" 200 1636
188.149.85.90 - - [04/Dec/2024:00:23:05 +0100] "GET /ticket2/opencms/img/icons/ticket2.thumbnail.png HTTP/1.1" 200 21519
65.108.227.178 - - [04/Dec/2024:00:23:06 +0100] "GET /ticket2/opencms/sv/buy/?page=1&edid=2ED13BBD-EA37-6DC6-AC31-DEF0177FBC2B&sortorder=desc&column=section HTTP/1.1" 200 106637
52.167.144.223 - - [04/Dec/2024:00:23:09 +0100] "GET /ticket2/opencms/hr/buy?page=1&edid=F56E127D-A378-06F4-84E7-3510C0A2494A HTTP/1.1" 200 101424
54.36.149.67 - - [04/Dec/2024:00:23:11 +0100] "GET /ticket2/opencms/sq/buy/?page=1&edid=DB78564C-15B8-80D7-4417-3A2B0F9689F8 HTTP/1.1" 200 104904
65.108.227.178 - - [04/Dec/2024:00:23:13 +0100] "GET /ticket2/opencms/sv/buy/?page=1&edid=2F602CFA-E8AD-C082-01F3-110FF826CCBF HTTP/1.1" 200 104332
54.36.149.96 - - [04/Dec/2024:00:23:19 +0100] "GET /ticket2/opencms/en/venue/?venueid=31BBAF6D-4071-7BB6-60A3-8F76D4F1958F HTTP/1.1" 200 77028
54.36.148.114 - - [04/Dec/2024:00:23:21 +0100] "GET /ticket2/opencms/ga/buy?page=6&comcatid=A17713B6-D984-201A-4143-ED4DB5ED5C2E&catid=21C3854B-901E-11F9-7B7D-6838CC6AFAA4 HTTP/1.1" 200 6410
40.77.167.78 - - [04/Dec/2024:00:23:21 +0100] "GET /ticket2/opencms/be/buy/ HTTP/1.1" 200 6410
94.154.239.69 - - [04/Dec/2024:00:23:23 +0100] "GET /ticket2/opencms/sv/buy/?page=1&edid=A27C2B2E-F075-0571-43BC-97EB95815DE9&sortorder=asc&column=row HTTP/1.1" 200 104593
65.108.227.178 - - [04/Dec/2024:00:23:24 +0100] "GET /ticket2/opencms/sv/buy/?page=1&edid=2F602CFA-E8AD-C082-01F3-110FF826CCBF&sortorder=asc&column=price HTTP/1.1" 200 106204
47.128.120.44 - - [04/Dec/2024:00:23:28 +0100] "GET /ticket2/opencms/fi/ HTTP/1.1" 200 93633
157.55.39.194 - - [04/Dec/2024:00:23:29 +0100] "GET /ticket2/opencms/az/buy/?page=1&edid=BB439D2C-76B4-AD0C-0FC4-79A0CD539AA0 HTTP/1.1" 200 127572
157.55.39.194 - - [04/Dec/2024:00:23:30 +0100] "GET /ticket2/opencms/az/buy?page=1&edid=4D881CD2-EFEB-E2E9-A476-A74B720D12D9 HTTP/1.1" 200 105918
54.36.148.182 - - [04/Dec/2024:00:23:31 +0100] "GET /ticket2/opencms/bg/buy/?page=1&edid=E86D89E6-4B76-0823-49E9-A4E0BE4014AF HTTP/1.1" 200 129520
65.108.227.178 - - [04/Dec/2024:00:23:34 +0100] "GET /ticket2/opencms/sv/buy/?page=1&edid=2F602CFA-E8AD-C082-01F3-110FF826CCBF&sortorder=asc&column=row HTTP/1.1" 200 106068
54.36.148.234 - - [04/Dec/2024:00:23:39 +0100] "GET /ticket2/opencms/de/buy/?page=1&edid=CCBA408F-28FE-E1B7-45C2-0BA14CFCEBA4 HTTP/1.1" 200 101092
47.128.28.105 - - [04/Dec/2024:00:23:43 +0100] "GET /ticket2/opencms/fr/sport/billets-football/champions-league/lazio HTTP/1.1" 200 85055
65.108.227.178 - - [04/Dec/2024:00:23:44 +0100] "GET /ticket2/opencms/sv/buy/?page=1&edid=2F602CFA-E8AD-C082-01F3-110FF826CCBF&sortorder=asc&column=section HTTP/1.1" 200 106340
94.154.239.69 - - [04/Dec/2024:00:23:45 +0100] "GET /ticket2/opencms/sv/buy/?page=1&edid=A27C2B2E-F075-0571-43BC-97EB95815DE9&sortorder=asc&column=section HTTP/1.1" 200 104865
54.36.148.50 - - [04/Dec/2024:00:23:48 +0100] "GET /ticket2/opencms/sv/buy?page=6&comcatid=A17713B6-D984-201A-4143-ED4DB5ED5C2E&catid=D8B345C9-F7A5-E620-4B43-C34EB0D6885B&eventid=5FF016E6-EE6E-EC4B-33C6-3CE328714E1F HTTP/1.1" 200 6410
157.55.39.194 - - [04/Dec/2024:00:23:50 +0100] "GET /ticket2/opencms/sr/buy?page=1&edid=44EDB8B3-B858-A04E-170F-5D68228DD98B HTTP/1.1" 200 105497
157.55.39.194 - - [04/Dec/2024:00:23:51 +0100] "GET /ticket2/opencms/mt/buy?page=1&edid=47F132D7-ED44-6182-A4BB-A6671EF2E9E5 HTTP/1.1" 200 103929
65.108.227.178 - - [04/Dec/2024:00:23:52 +0100] "GET /ticket2/opencms/sv/buy/?page=1&edid=2F602CFA-E8AD-C082-01F3-110FF826CCBF&sortorder=desc&column=price HTTP/1.1" 200 106271
54.36.148.10 - - [04/Dec/2024:00:23:55 +0100] "GET /ticket2/opencms/sk/sport/futbalove-listky/premier-league/west-ham-united/ HTTP/1.1" 200 95903
52.167.144.223 - - [04/Dec/2024:00:23:55 +0100] "GET /ticket2/opencms/system/modules/com.gridnine.opencms.ticketbrokerage.site/resources/pics/front_page/no/2015_no_startbild.png HTTP/1.1" 200 175645
52.167.144.223 - - [04/Dec/2024:00:23:56 +0100] "GET /ticket2/opencms/fr/buy?page=1&edid=5A8732CC-AF4A-0CF1-393F-1AFA3ED17001 HTTP/1.1" 200 104743
54.36.148.147 - - [04/Dec/2024:00:24:00 +0100] "GET /ticket2/opencms/fi/buy?page=1&edid=66269336-049A-BDB0-D600-40EA18A6C9C0 HTTP/1.1" 200 101590
202.8.42.205 - - [04/Dec/2024:00:24:01 +0100] "GET /ticket2/opencms/system/modules/com.gridnine.opencms.ticketbrokerage.site/resources/css/jquery.fancybox.css HTTP/1.1" 200 4939
202.8.42.205 - - [04/Dec/2024:00:24:01 +0100] "GET /ticket2/opencms/system/modules/com.gridnine.opencms.ticketbrokerage.site/resources/css/calendar.css HTTP/1.1" 200 6871
202.8.42.205 - - [04/Dec/2024:00:24:01 +0100] "GET /ticket2/opencms/system/modules/com.gridnine.opencms.ticketbrokerage.site/resources/css/jquery-ui.css HTTP/1.1" 200 33221
202.8.42.205 - - [04/Dec/2024:00:24:01 +0100] "GET /ticket2/opencms/system/modules/com.gridnine.opencms.ticketbrokerage.site/resources/css/ticketbrokerage.css HTTP/1.1" 200 39339
202.8.42.205 - - [04/Dec/2024:00:24:01 +0100] "GET /ticket2/opencms/system/modules/com.gridnine.opencms.ticketbrokerage.site/resources/js/calendar-setup.js HTTP/1.1" 200 4923
202.8.42.205 - - [04/Dec/2024:00:24:01 +0100] "GET /ticket2/opencms/system/modules/com.gridnine.opencms.ticketbrokerage.site/resources/css/standard.css HTTP/1.1" 200 73073
202.8.42.205 - - [04/Dec/2024:00:24:01 +0100] "GET /ticket2/opencms/system/modules/com.gridnine.opencms.ticketbrokerage.site/resources/js/jquery.fancybox.pack.js HTTP/1.1" 200 23187
202.8.42.205 - - [04/Dec/2024:00:24:01 +0100] "GET /ticket2/opencms/system/modules/com.gridnine.opencms.ticketbrokerage.site/resources/js/stickyfill.min.js HTTP/1.1" 200 5672
202.8.42.205 - - [04/Dec/2024:00:24:01 +0100] "GET /ticket2/opencms/system/modules/com.gridnine.opencms.ticketbrokerage.site/resources/js/jquery/jquery.js HTTP/1.1" 200 93868
202.8.42.205 - - [04/Dec/2024:00:24:01 +0100] "GET /ticket2/opencms/system/modules/com.gridnine.opencms.ticketbrokerage.site/resources/js/jquery/jquery-ui.js HTTP/1.1" 200 228088
202.8.42.205 - - [04/Dec/2024:00:24:01 +0100] "GET /ticket2/opencms/system/modules/com.gridnine.opencms.ticketbrokerage.site/resources/js/calendar.js HTTP/1.1" 200 49229
202.8.42.205 - - [04/Dec/2024:00:24:01 +0100] "GET /ticket2/opencms/system/modules/com.gridnine.opencms.ticketbrokerage.site/resources/js/functions.js HTTP/1.1" 200 1583
202.8.42.205 - - [04/Dec/2024:00:24:01 +0100] "GET /ticket2/opencms/system/modules/com.gridnine.opencms.ticketbrokerage.site/resources/js/calendar-en.js HTTP/1.1" 200 3338
202.8.42.205 - - [04/Dec/2024:00:24:01 +0100] "GET /ticket2/opencms/system/modules/com.gridnine.opencms.ticketbrokerage.site/resources/js/standard.js HTTP/1.1" 200 3978
202.8.42.205 - - [04/Dec/2024:00:24:02 +0100] "GET /ticket2/opencms/system/modules/com.gridnine.opencms.ticketbrokerage.site/resources/js/jquery.placeholder.min.js HTTP/1.1" 200 1737
202.8.42.205 - - [04/Dec/2024:00:24:02 +0100] "GET /ticket2/opencms/system/modules/com.gridnine.opencms.ticketbrokerage.site/resources/js/common-ajax.js HTTP/1.1" 200 20175
202.8.42.205 - - [04/Dec/2024:00:24:02 +0100] "GET /ticket2/opencms/fi/ask-form.html HTTP/1.1" 200 3012
202.8.42.205 - - [04/Dec/2024:00:24:03 +0100] "GET /ticket2/opencms/fi/ask-form.html HTTP/1.1" 200 3012
65.108.227.178 - - [04/Dec/2024:00:24:03 +0100] "GET /ticket2/opencms/sv/buy/?page=1&edid=2F602CFA-E8AD-C082-01F3-110FF826CCBF&sortorder=desc&column=section HTTP/1.1" 200 106407
202.8.42.205 - - [04/Dec/2024:00:24:03 +0100] "GET /ticket2/opencms/system/modules/com.gridnine.opencms.ticketbrokerage.site/resources/css/ticketbrokerage.css HTTP/1.1" 200 39339
202.8.42.205 - - [04/Dec/2024:00:24:03 +0100] "GET /ticket2/opencms/system/modules/com.gridnine.opencms.ticketbrokerage.site/resources/js/standard.js HTTP/1.1" 200 3978
54.36.149.67 - - [04/Dec/2024:00:24:06 +0100] "GET /ticket2/opencms/it/buy?page=1&edid=DE5B6A64-DD53-E533-1C9F-682C000226C9 HTTP/1.1" 200 104388
94.154.239.69 - - [04/Dec/2024:00:24:06 +0100] "GET /ticket2/opencms/sv/buy/?page=1&edid=A27C2B2E-F075-0571-43BC-97EB95815DE9&sortorder=desc&column=row HTTP/1.1" 200 104660
157.55.39.194 - - [04/Dec/2024:00:24:09 +0100] "GET /ticket2/opencms/pl/?page=6&comcatid=A17713B6-D984-201A-4143-ED4DB5ED5C2E&catid=7CF2D645-F785-0CBB-1B7C-C4711617EAAD HTTP/1.1" 200 93340
157.55.39.194 - - [04/Dec/2024:00:24:09 +0100] "GET /ticket2/opencms/ka/buy?page=1&edid=6E97FAA6-48A6-F0B5-0B7B-A471D2DDB4B7 HTTP/1.1" 200 106326
157.55.39.194 - - [04/Dec/2024:00:24:11 +0100] "GET /ticket2/opencms/sr/buy/?page=1&edid=E071EAFD-3564-BE36-92D1-A61CC3B7631E HTTP/1.1" 200 114719
65.108.227.178 - - [04/Dec/2024:00:24:11 +0100] "GET /ticket2/opencms/sv/buy/?page=1&edid=32383021-E0A1-F77B-1AA6-B356381F213B HTTP/1.1" 200 103257
54.36.148.166 - - [04/Dec/2024:00:24:14 +0100] "GET /ticket2/opencms/mt/magazine/article?title=analisi-kemm-zdiedu-l-prezzijiet-tal-biljetti-tal-premier-league-liverpool-u-arsenal-l-aktar-galjin HTTP/1.1" 200 91667
65.108.227.178 - - [04/Dec/2024:00:24:19 +0100] "GET /ticket2/opencms/sv/buy/?page=1&edid=32383021-E0A1-F77B-1AA6-B356381F213B&sortorder=asc&column=price HTTP/1.1" 200 105129
52.167.144.223 - - [04/Dec/2024:00:24:20 +0100] "GET /ticket2/opencms/sv/konsertbiljetter/kylie_minogue/ HTTP/1.1" 200 79210
52.167.144.223 - - [04/Dec/2024:00:24:21 +0100] "GET /ticket2/opencms/hu/buy?page=1&edid=556B94F2-FD76-AB6F-089E-5820CD9C75C1 HTTP/1.1" 200 104370
54.36.149.41 - - [04/Dec/2024:00:24:23 +0100] "GET /ticket2/opencms/fi/buy?page=6&comcatid=A17713B6-D984-201A-4143-ED4DB5ED5C2E&catid=2DE12DDA-A5FB-C1C6-CB20-FBF873FB032B HTTP/1.1" 200 6410
185.191.171.15 - - [04/Dec/2024:00:24:26 +0100] "GET /ticket2/opencms/dk/sport/fodboldbilletter/premier-league/bournemouth/ HTTP/1.1" 200 91812
185.191.171.19 - - [04/Dec/2024:00:24:27 +0100] "GET /ticket2/opencms/fi/search.html?searchQuery=Ottawa%252BSenators HTTP/1.1" 200 97515
65.108.227.178 - - [04/Dec/2024:00:24:31 +0100] "GET /ticket2/opencms/sv/buy/?page=1&edid=32383021-E0A1-F77B-1AA6-B356381F213B&sortorder=asc&column=row HTTP/1.1" 200 104993
54.36.148.145 - - [04/Dec/2024:00:24:31 +0100] "GET /ticket2/opencms/es/buy/?page=1&edid=2C4B9446-424B-066B-918D-EBEB23C16CCA HTTP/1.1" 200 104676
94.154.239.69 - - [04/Dec/2024:00:24:31 +0100] "GET /ticket2/opencms/sv/buy/?page=1&edid=A27C2B2E-F075-0571-43BC-97EB95815DE9&sortorder=desc&column=section HTTP/1.1" 200 104932
54.36.148.143 - - [04/Dec/2024:00:24:39 +0100] "GET /ticket2/opencms/fi/buy?page=1&edid=B4EC420A-C31F-BB54-840D-5C41F8E7FC1C HTTP/1.1" 200 101588
202.8.43.84 - - [04/Dec/2024:00:24:41 +0100] "GET /ticket2/opencms/system/modules/com.gridnine.opencms.ticketbrokerage.site/resources/css/calendar.css HTTP/1.1" 200 6871
202.8.43.84 - - [04/Dec/2024:00:24:41 +0100] "GET /ticket2/opencms/system/modules/com.gridnine.opencms.ticketbrokerage.site/resources/css/jquery.fancybox.css HTTP/1.1" 200 4939
202.8.43.84 - - [04/Dec/2024:00:24:41 +0100] "GET /ticket2/opencms/system/modules/com.gridnine.opencms.ticketbrokerage.site/resources/css/standard.css HTTP/1.1" 200 73073
202.8.43.84 - - [04/Dec/2024:00:24:41 +0100] "GET /ticket2/opencms/system/modules/com.gridnine.opencms.ticketbrokerage.site/resources/css/ticketbrokerage.css HTTP/1.1" 200 39339
202.8.43.84 - - [04/Dec/2024:00:24:41 +0100] "GET /ticket2/opencms/system/modules/com.gridnine.opencms.ticketbrokerage.site/resources/css/jquery-ui.css HTTP/1.1" 200 33221
202.8.43.84 - - [04/Dec/2024:00:24:41 +0100] "GET /ticket2/opencms/system/modules/com.gridnine.opencms.ticketbrokerage.site/resources/js/functions.js HTTP/1.1" 200 1583
202.8.43.84 - - [04/Dec/2024:00:24:41 +0100] "GET /ticket2/opencms/system/modules/com.gridnine.opencms.ticketbrokerage.site/resources/js/jquery/jquery-ui.js HTTP/1.1" 200 228088
202.8.43.84 - - [04/Dec/2024:00:24:41 +0100] "GET /ticket2/opencms/system/modules/com.gridnine.opencms.ticketbrokerage.site/resources/js/jquery/jquery.js HTTP/1.1" 200 93868
202.8.43.84 - - [04/Dec/2024:00:24:41 +0100] "GET /ticket2/opencms/system/modules/com.gridnine.opencms.ticketbrokerage.site/resources/js/calendar-en.js HTTP/1.1" 200 3338
202.8.43.84 - - [04/Dec/2024:00:24:41 +0100] "GET /ticket2/opencms/system/modules/com.gridnine.opencms.ticketbrokerage.site/resources/js/jquery.fancybox.pack.js HTTP/1.1" 200 23187
202.8.43.84 - - [04/Dec/2024:00:24:41 +0100] "GET /ticket2/opencms/system/modules/com.gridnine.opencms.ticketbrokerage.site/resources/js/calendar.js HTTP/1.1" 200 49229
202.8.43.84 - - [04/Dec/2024:00:24:41 +0100] "GET /ticket2/opencms/system/modules/com.gridnine.opencms.ticketbrokerage.site/resources/js/calendar-setup.js HTTP/1.1" 200 4923
202.8.43.84 - - [04/Dec/2024:00:24:41 +0100] "GET /ticket2/opencms/system/modules/com.gridnine.opencms.ticketbrokerage.site/resources/js/stickyfill.min.js HTTP/1.1" 200 5672
202.8.43.84 - - [04/Dec/2024:00:24:41 +0100] "GET /ticket2/opencms/system/modules/com.gridnine.opencms.ticketbrokerage.site/resources/js/standard.js HTTP/1.1" 200 3978
202.8.43.84 - - [04/Dec/2024:00:24:41 +0100] "GET /ticket2/opencms/system/modules/com.gridnine.opencms.ticketbrokerage.site/resources/js/jquery.placeholder.min.js HTTP/1.1" 200 1737
202.8.43.84 - - [04/Dec/2024:00:24:41 +0100] "GET /ticket2/opencms/system/modules/com.gridnine.opencms.ticketbrokerage.site/resources/js/common-ajax.js HTTP/1.1" 200 20175
202.8.43.84 - - [04/Dec/2024:00:24:42 +0100] "GET /ticket2/opencms/fi/ask-form.html HTTP/1.1" 200 3012
202.8.43.84 - - [04/Dec/2024:00:24:42 +0100] "GET /ticket2/opencms/system/modules/com.gridnine.opencms.ticketbrokerage.site/resources/css/ticketbrokerage.css HTTP/1.1" 200 39339
47.128.29.19 - - [04/Dec/2024:00:24:42 +0100] "GET /ticket2/opencms/ga/buy/?catid=2E79AED8-FF58-B4E8-AFB0-43E7CEBE7864&comcatid=97ECA65A-72DA-F9AF-9DBB-245D3CFED1BE HTTP/1.1" 200 6410
202.8.43.84 - - [04/Dec/2024:00:24:42 +0100] "GET /ticket2/opencms/system/modules/com.gridnine.opencms.ticketbrokerage.site/resources/js/standard.js HTTP/1.1" 200 3978
65.108.227.178 - - [04/Dec/2024:00:24:43 +0100] "GET /ticket2/opencms/sv/buy/?page=1&edid=32383021-E0A1-F77B-1AA6-B356381F213B&sortorder=desc&column=price HTTP/1.1" 200 105196
47.128.38.87 - - [04/Dec/2024:00:24:43 +0100] "GET /ticket2/opencms/tr/buy/?catid=6BD6E0B0-84AF-3A0D-3851-C1357CE9B771&comcatid=A17713B6-D984-201A-4143-ED4DB5ED5C2E HTTP/1.1" 200 6410
54.36.148.50 - - [04/Dec/2024:00:24:47 +0100] "GET /ticket2/opencms/sl/buy/?page=1&edid=7C302FE7-A282-8674-91A5-C39354E6B4F5 HTTP/1.1" 200 107444
65.108.227.178 - - [04/Dec/2024:00:24:49 +0100] "GET /ticket2/opencms/sv/buy/?page=1&edid=32383021-E0A1-F77B-1AA6-B356381F213B&sortorder=desc&column=row HTTP/1.1" 200 105060
94.154.239.69 - - [04/Dec/2024:00:24:52 +0100] "GET /ticket2/opencms/sv/buy/?page=1&edid=A38B1528-44C9-74B7-BAB8-710FE6BBB6E9 HTTP/1.1" 200 103031
54.36.149.63 - - [04/Dec/2024:00:24:53 +0100] "GET /ticket2/opencms/fi/buy?page=1&edid=D16CBD56-F9C4-0265-CE8D-3642D2270494 HTTP/1.1" 200 101526
54.36.148.36 - - [04/Dec/2024:00:24:54 +0100] "GET /ticket2/opencms/en/search.html?searchQuery=chelsea&submit= HTTP/1.1" 200 110872
202.8.41.73 - - [04/Dec/2024:00:24:55 +0100] "GET /ticket2/opencms/system/modules/com.gridnine.opencms.ticketbrokerage.site/resources/css/jquery.fancybox.css HTTP/1.1" 200 4939
202.8.41.73 - - [04/Dec/2024:00:24:55 +0100] "GET /ticket2/opencms/system/modules/com.gridnine.opencms.ticketbrokerage.site/resources/css/calendar.css HTTP/1.1" 200 6871
202.8.41.73 - - [04/Dec/2024:00:24:55 +0100] "GET /ticket2/opencms/system/modules/com.gridnine.opencms.ticketbrokerage.site/resources/css/jquery-ui.css HTTP/1.1" 200 33221
202.8.41.73 - - [04/Dec/2024:00:24:55 +0100] "GET /ticket2/opencms/system/modules/com.gridnine.opencms.ticketbrokerage.site/resources/css/standard.css HTTP/1.1" 200 73073
202.8.41.73 - - [04/Dec/2024:00:24:55 +0100] "GET /ticket2/opencms/system/modules/com.gridnine.opencms.ticketbrokerage.site/resources/js/calendar-setup.js HTTP/1.1" 200 4923
202.8.41.73 - - [04/Dec/2024:00:24:55 +0100] "GET /ticket2/opencms/system/modules/com.gridnine.opencms.ticketbrokerage.site/resources/css/ticketbrokerage.css HTTP/1.1" 200 39339
202.8.41.73 - - [04/Dec/2024:00:24:55 +0100] "GET /ticket2/opencms/system/modules/com.gridnine.opencms.ticketbrokerage.site/resources/js/jquery.fancybox.pack.js HTTP/1.1" 200 23187
202.8.41.73 - - [04/Dec/2024:00:24:55 +0100] "GET /ticket2/opencms/system/modules/com.gridnine.opencms.ticketbrokerage.site/resources/js/stickyfill.min.js HTTP/1.1" 200 5672
202.8.41.73 - - [04/Dec/2024:00:24:55 +0100] "GET /ticket2/opencms/system/modules/com.gridnine.opencms.ticketbrokerage.site/resources/js/calendar-en.js HTTP/1.1" 200 3338
202.8.41.73 - - [04/Dec/2024:00:24:55 +0100] "GET /ticket2/opencms/system/modules/com.gridnine.opencms.ticketbrokerage.site/resources/js/jquery/jquery.js HTTP/1.1" 200 93868
202.8.41.73 - - [04/Dec/2024:00:24:55 +0100] "GET /ticket2/opencms/system/modules/com.gridnine.opencms.ticketbrokerage.site/resources/js/jquery/jquery-ui.js HTTP/1.1" 200 228088
202.8.41.73 - - [04/Dec/2024:00:24:55 +0100] "GET /ticket2/opencms/system/modules/com.gridnine.opencms.ticketbrokerage.site/resources/js/functions.js HTTP/1.1" 200 1583
202.8.41.73 - - [04/Dec/2024:00:24:55 +0100] "GET /ticket2/opencms/system/modules/com.gridnine.opencms.ticketbrokerage.site/resources/js/standard.js HTTP/1.1" 200 3978
202.8.41.73 - - [04/Dec/2024:00:24:55 +0100] "GET /ticket2/opencms/system/modules/com.gridnine.opencms.ticketbrokerage.site/resources/js/calendar.js HTTP/1.1" 200 49229
202.8.41.73 - - [04/Dec/2024:00:24:55 +0100] "GET /ticket2/opencms/system/modules/com.gridnine.opencms.ticketbrokerage.site/resources/js/jquery.placeholder.min.js HTTP/1.1" 200 1737
202.8.41.73 - - [04/Dec/2024:00:24:55 +0100] "GET /ticket2/opencms/system/modules/com.gridnine.opencms.ticketbrokerage.site/resources/js/common-ajax.js HTTP/1.1" 200 20175
202.8.41.73 - - [04/Dec/2024:00:24:55 +0100] "GET /ticket2/opencms/fi/ask-form.html HTTP/1.1" 200 3012
202.8.41.73 - - [04/Dec/2024:00:24:55 +0100] "GET /ticket2/opencms/system/modules/com.gridnine.opencms.ticketbrokerage.site/resources/css/ticketbrokerage.css HTTP/1.1" 200 39339
202.8.41.73 - - [04/Dec/2024:00:24:55 +0100] "GET /ticket2/opencms/system/modules/com.gridnine.opencms.ticketbrokerage.site/resources/js/standard.js HTTP/1.1" 200 3978
65.108.227.178 - - [04/Dec/2024:00:24:56 +0100] "GET /ticket2/opencms/sv/buy/?page=1&edid=32383021-E0A1-F77B-1AA6-B356381F213B&sortorder=desc&column=section HTTP/1.1" 200 105332
157.55.39.7 - - [04/Dec/2024:00:24:59 +0100] "GET /ticket2/opencms/mt/buy?page=1&edid=DD14CC82-883B-BD06-4306-EBD494AA1804 HTTP/1.1" 200 129348
157.55.39.194 - - [04/Dec/2024:00:25:00 +0100] "GET /ticket2/opencms/ro/buy?page=1&edid=01D40D91-8133-CECB-632D-60D22F00A9AC HTTP/1.1" 200 101763
54.36.148.84 - - [04/Dec/2024:00:25:00 +0100] "GET /ticket2/opencms/fi/buy?page=1&edid=FEF01E45-FEE5-DB5B-D058-BDEFBF8946F4 HTTP/1.1" 200 101601
157.55.39.194 - - [04/Dec/2024:00:25:00 +0100] "GET /ticket2/opencms/bs/buy?page=1&edid=88425711-85E0-F060-738C-F8CF4B007BB9 HTTP/1.1" 200 104900
202.8.40.179 - - [04/Dec/2024:00:25:01 +0100] "GET /ticket2/opencms/system/modules/com.gridnine.opencms.ticketbrokerage.site/resources/css/jquery-ui.css HTTP/1.1" 200 33221
202.8.40.179 - - [04/Dec/2024:00:25:01 +0100] "GET /ticket2/opencms/system/modules/com.gridnine.opencms.ticketbrokerage.site/resources/css/calendar.css HTTP/1.1" 200 6871
202.8.40.179 - - [04/Dec/2024:00:25:01 +0100] "GET /ticket2/opencms/system/modules/com.gridnine.opencms.ticketbrokerage.site/resources/css/jquery.fancybox.css HTTP/1.1" 200 4939
202.8.40.179 - - [04/Dec/2024:00:25:01 +0100] "GET /ticket2/opencms/system/modules/com.gridnine.opencms.ticketbrokerage.site/resources/css/ticketbrokerage.css HTTP/1.1" 200 39339
202.8.40.179 - - [04/Dec/2024:00:25:01 +0100] "GET /ticket2/opencms/system/modules/com.gridnine.opencms.ticketbrokerage.site/resources/css/standard.css HTTP/1.1" 200 73073
202.8.40.179 - - [04/Dec/2024:00:25:01 +0100] "GET /ticket2/opencms/system/modules/com.gridnine.opencms.ticketbrokerage.site/resources/js/calendar-setup.js HTTP/1.1" 200 4923
202.8.40.179 - - [04/Dec/2024:00:25:01 +0100] "GET /ticket2/opencms/system/modules/com.gridnine.opencms.ticketbrokerage.site/resources/js/jquery/jquery.js HTTP/1.1" 200 93868
202.8.40.179 - - [04/Dec/2024:00:25:01 +0100] "GET /ticket2/opencms/system/modules/com.gridnine.opencms.ticketbrokerage.site/resources/js/calendar.js HTTP/1.1" 200 49229
202.8.40.179 - - [04/Dec/2024:00:25:01 +0100] "GET /ticket2/opencms/system/modules/com.gridnine.opencms.ticketbrokerage.site/resources/js/functions.js HTTP/1.1" 200 1583
202.8.40.179 - - [04/Dec/2024:00:25:02 +0100] "GET /ticket2/opencms/system/modules/com.gridnine.opencms.ticketbrokerage.site/resources/js/jquery/jquery-ui.js HTTP/1.1" 200 228088
202.8.40.179 - - [04/Dec/2024:00:25:02 +0100] "GET /ticket2/opencms/system/modules/com.gridnine.opencms.ticketbrokerage.site/resources/js/calendar-en.js HTTP/1.1" 200 3338
202.8.40.179 - - [04/Dec/2024:00:25:02 +0100] "GET /ticket2/opencms/system/modules/com.gridnine.opencms.ticketbrokerage.site/resources/js/jquery.fancybox.pack.js HTTP/1.1" 200 23187
202.8.40.179 - - [04/Dec/2024:00:25:02 +0100] "GET /ticket2/opencms/system/modules/com.gridnine.opencms.ticketbrokerage.site/resources/js/stickyfill.min.js HTTP/1.1" 200 5672
202.8.40.179 - - [04/Dec/2024:00:25:02 +0100] "GET /ticket2/opencms/system/modules/com.gridnine.opencms.ticketbrokerage.site/resources/js/standard.js HTTP/1.1" 200 3978
202.8.40.179 - - [04/Dec/2024:00:25:02 +0100] "GET /ticket2/opencms/system/modules/com.gridnine.opencms.ticketbrokerage.site/resources/js/jquery.placeholder.min.js HTTP/1.1" 200 1737
202.8.40.179 - - [04/Dec/2024:00:25:02 +0100] "GET /ticket2/opencms/system/modules/com.gridnine.opencms.ticketbrokerage.site/resources/js/common-ajax.js HTTP/1.1" 200 20175
202.8.40.179 - - [04/Dec/2024:00:25:02 +0100] "GET /ticket2/opencms/fi/ask-form.html HTTP/1.1" 200 3012
65.108.227.178 - - [04/Dec/2024:00:25:02 +0100] "GET /ticket2/opencms/sv/buy/?page=1&edid=327AE0DA-94B2-C94C-18B8-D6746C6CB956 HTTP/1.1" 200 103956
202.8.40.179 - - [04/Dec/2024:00:25:02 +0100] "GET /ticket2/opencms/system/modules/com.gridnine.opencms.ticketbrokerage.site/resources/css/ticketbrokerage.css HTTP/1.1" 200 39339
202.8.40.179 - - [04/Dec/2024:00:25:02 +0100] "GET /ticket2/opencms/system/modules/com.gridnine.opencms.ticketbrokerage.site/resources/js/standard.js HTTP/1.1" 200 3978
47.128.50.140 - - [04/Dec/2024:00:25:04 +0100] "GET /ticket2/opencms/ga/buy?catid=21C3854B-901E-11F9-7B7D-6838CC6AFAA4&comcatid=A17713B6-D984-201A-4143-ED4DB5ED5C2E&eventid=B0072956-84A9-06A5-3C2B-4D5A36DEF172&page=6 HTTP/1.1" 200 6410
66.249.79.231 - - [04/Dec/2024:00:25:08 +0100] "GET /ticket2/opencms/ HTTP/1.1" 302 -
65.108.227.178 - - [04/Dec/2024:00:25:09 +0100] "GET /ticket2/opencms/sv/buy/?page=1&edid=327AE0DA-94B2-C94C-18B8-D6746C6CB956&sortorder=asc&column=price HTTP/1.1" 200 105828
54.36.148.163 - - [04/Dec/2024:00:25:10 +0100] "GET /ticket2/opencms/ka/buy/?page=1&edid=26FD5F34-C195-7172-EE2F-9EC20DBD4239 HTTP/1.1" 200 134069
66.249.79.232 - - [04/Dec/2024:00:25:11 +0100] "GET /ticket2/opencms/en/ HTTP/1.1" 200 92134
185.191.171.1 - - [04/Dec/2024:00:25:13 +0100] "GET /ticket2/opencms/no/sport/fotballsbilletter/champions_league/celtic/ HTTP/1.1" 200 79917
94.154.239.69 - - [04/Dec/2024:00:25:14 +0100] "GET /ticket2/opencms/sv/buy/?page=1&edid=A38B1528-44C9-74B7-BAB8-710FE6BBB6E9&sortorder=asc&column=price HTTP/1.1" 200 104903
65.108.227.178 - - [04/Dec/2024:00:25:16 +0100] "GET /ticket2/opencms/sv/buy/?page=1&edid=327AE0DA-94B2-C94C-18B8-D6746C6CB956&sortorder=asc&column=row HTTP/1.1" 200 105692
54.36.148.186 - - [04/Dec/2024:00:25:18 +0100] "GET /ticket2/opencms/es/buy/?page=1&edid=5373B514-9338-569F-0BEB-077FE0734007 HTTP/1.1" 200 101395
52.167.144.223 - - [04/Dec/2024:00:25:21 +0100] "GET /ticket2/opencms/ga/buy?page=1&edid=F5BFC35C-9252-8495-D0AB-4A5E2C07EBBC HTTP/1.1" 200 101999
65.108.227.178 - - [04/Dec/2024:00:25:23 +0100] "GET /ticket2/opencms/sv/buy/?page=1&edid=327AE0DA-94B2-C94C-18B8-D6746C6CB956&sortorder=asc&column=section HTTP/1.1" 200 105964
54.36.149.16 - - [04/Dec/2024:00:25:24 +0100] "GET /ticket2/opencms/sr/buy/?page=1&edid=7C302FE7-A282-8674-91A5-C39354E6B4F5 HTTP/1.1" 200 108045
157.55.39.194 - - [04/Dec/2024:00:25:29 +0100] "GET /ticket2/opencms/hr/buy/?page=1&edid=BBB940B6-8B69-6BE4-C45F-7EE004DD79A8 HTTP/1.1" 200 113981
157.55.39.194 - - [04/Dec/2024:00:25:30 +0100] "GET /ticket2/opencms/sv/buy?page=6&comcatid=A17713B6-D984-201A-4143-ED4DB5ED5C2E&catid=36394212-F82E-F845-399B-42BED55969CC&eventid=B45AC244-DB10-0539-6625-12AA68C37378 HTTP/1.1" 200 6410
157.55.39.194 - - [04/Dec/2024:00:25:31 +0100] "GET /ticket2/opencms/nl/buy?page=1&edid=A279CA4F-563C-FA44-9E12-257295BF18EE HTTP/1.1" 200 115633
65.108.227.178 - - [04/Dec/2024:00:25:31 +0100] "GET /ticket2/opencms/sv/buy/?page=1&edid=327AE0DA-94B2-C94C-18B8-D6746C6CB956&sortorder=desc&column=price HTTP/1.1" 200 105895
157.55.39.204 - - [04/Dec/2024:00:25:32 +0100] "GET /ticket2/opencms/fi/buy?page=1&edid=CCC52869-7D07-37D3-E716-0EF1AC21BCE4 HTTP/1.1" 200 105360
54.36.149.4 - - [04/Dec/2024:00:25:32 +0100] "GET /ticket2/opencms/lt/buy/?page=1&edid=8B771AFF-A9A8-FE63-E57B-1170D3B7C5B8 HTTP/1.1" 200 105016
85.208.96.201 - - [04/Dec/2024:00:25:34 +0100] "GET /ticket2/opencms/robots.txt HTTP/1.1" 200 773
185.191.171.19 - - [04/Dec/2024:00:25:35 +0100] "GET /ticket2/opencms/fi/about/contact/ HTTP/1.1" 200 81132
66.249.76.193 - - [04/Dec/2024:00:25:36 +0100] "GET /ticket2/opencms/sv/buy?page=1&edid=DE6EAF1E-F0E3-BCEF-6FE9-789554B2D96C HTTP/1.1" 200 115996
65.108.227.178 - - [04/Dec/2024:00:25:36 +0100] "GET /ticket2/opencms/sv/buy/?page=1&edid=327AE0DA-94B2-C94C-18B8-D6746C6CB956&sortorder=desc&column=row HTTP/1.1" 200 105759
94.154.239.69 - - [04/Dec/2024:00:25:38 +0100] "GET /ticket2/opencms/sv/buy/?page=1&edid=A38B1528-44C9-74B7-BAB8-710FE6BBB6E9&sortorder=asc&column=row HTTP/1.1" 200 104767
54.36.148.108 - - [04/Dec/2024:00:25:39 +0100] "GET /ticket2/opencms/es/buy/?page=1&edid=7D705009-28C3-DAA4-6025-94ED0AAA4FB6 HTTP/1.1" 200 101394
65.108.227.178 - - [04/Dec/2024:00:25:45 +0100] "GET /ticket2/opencms/sv/buy/?page=1&edid=327AE0DA-94B2-C94C-18B8-D6746C6CB956&sortorder=desc&column=section HTTP/1.1" 200 106031
54.36.148.4 - - [04/Dec/2024:00:25:45 +0100] "GET /ticket2/opencms/uk/buy/?page=1&edid=7C302FE7-A282-8674-91A5-C39354E6B4F5 HTTP/1.1" 200 109851
47.128.115.198 - - [04/Dec/2024:00:25:47 +0100] "GET /ticket2/opencms/fi/buy/?catid=7CF2D645-F785-0CBB-1B7C-C4711617EAAD&comcatid=A17713B6-D984-201A-4143-ED4DB5ED5C2E&eventid=98A172BE-77C2-F598-BEB3-A4F201F7A4A6&page=7 HTTP/1.1" 200 6410
65.108.227.178 - - [04/Dec/2024:00:25:52 +0100] "GET /ticket2/opencms/sv/buy/?page=1&edid=356B89ED-8C47-F470-B89D-02FAEFE4B7E6 HTTP/1.1" 200 103255
54.36.148.164 - - [04/Dec/2024:00:25:53 +0100] "GET /ticket2/opencms/cs/buy/?comcatid=A17713B6-D984-201A-4143-ED4DB5ED5C2E&catid=A4D9EA9A-192D-0274-BF26-9C98D8B902AB HTTP/1.1" 200 6410
94.154.239.69 - - [04/Dec/2024:00:25:53 +0100] "GET /ticket2/opencms/sv/buy/?page=1&edid=A38B1528-44C9-74B7-BAB8-710FE6BBB6E9&sortorder=asc&column=section HTTP/1.1" 200 105039
65.108.227.178 - - [04/Dec/2024:00:25:58 +0100] "GET /ticket2/opencms/sv/buy/?page=1&edid=356B89ED-8C47-F470-B89D-02FAEFE4B7E6&sortorder=asc&column=price HTTP/1.1" 200 105127
54.36.148.129 - - [04/Dec/2024:00:26:02 +0100] "GET /ticket2/opencms/es/buy/?page=1&edid=8637C090-8488-5902-952D-020E3ADF8CC0 HTTP/1.1" 200 101405
65.108.227.178 - - [04/Dec/2024:00:26:03 +0100] "GET /ticket2/opencms/sv/buy/?page=1&edid=356B89ED-8C47-F470-B89D-02FAEFE4B7E6&sortorder=asc&column=row HTTP/1.1" 200 104991
66.220.149.9 - - [04/Dec/2024:00:26:03 +0100] "GET /ticket2/opencms/az/magazine/article?title=bournemouth HTTP/1.1" 200 86321
65.108.227.178 - - [04/Dec/2024:00:26:08 +0100] "GET /ticket2/opencms/sv/buy/?page=1&edid=356B89ED-8C47-F470-B89D-02FAEFE4B7E6&sortorder=asc&column=section HTTP/1.1" 200 105263
54.36.148.143 - - [04/Dec/2024:00:26:09 +0100] "GET /ticket2/opencms/sv/buy?page=6&comcatid=A17713B6-D984-201A-4143-ED4DB5ED5C2E&catid=D8B345C9-F7A5-E620-4B43-C34EB0D6885B&eventid=EC400621-1050-8895-DCE5-36CFFF18A035 HTTP/1.1" 200 6410
65.108.227.178 - - [04/Dec/2024:00:26:16 +0100] "GET /ticket2/opencms/sv/buy/?page=1&edid=356B89ED-8C47-F470-B89D-02FAEFE4B7E6&sortorder=desc&column=price HTTP/1.1" 200 105194
94.154.239.69 - - [04/Dec/2024:00:26:16 +0100] "GET /ticket2/opencms/sv/buy/?page=1&edid=A38B1528-44C9-74B7-BAB8-710FE6BBB6E9&sortorder=desc&column=row HTTP/1.1" 200 104834
40.77.167.48 - - [04/Dec/2024:00:26:18 +0100] "GET /ticket2/opencms/et/?page=6&comcatid=A17713B6-D984-201A-4143-ED4DB5ED5C2E&catid=0A6C99D2-F5BD-7A18-9A5F-5668827042E0&eventid=6BFEAC6D-603C-86F7-45AA-ABF1A48CE94F HTTP/1.1" 200 93463
54.36.148.128 - - [04/Dec/2024:00:26:18 +0100] "GET /ticket2/opencms/de/buy/?page=1&edid=463B85F1-158C-B9D0-587B-5FBBABC2ECA2 HTTP/1.1" 200 127628
