202.8.40.231 - - [04/Dec/2024:00:31:33 +0100] "GET /ticket2/opencms/system/modules/com.gridnine.opencms.ticketbrokerage.site/resources/js/common-ajax.js HTTP/1.1" 200 20175
202.8.40.231 - - [04/Dec/2024:00:31:33 +0100] "GET /ticket2/opencms/fi/ask-form.html HTTP/1.1" 200 3012
202.8.40.231 - - [04/Dec/2024:00:31:33 +0100] "GET /ticket2/opencms/fi/ask-form.html HTTP/1.1" 200 3012
202.8.40.231 - - [04/Dec/2024:00:31:33 +0100] "GET /ticket2/opencms/system/modules/com.gridnine.opencms.ticketbrokerage.site/resources/css/ticketbrokerage.css HTTP/1.1" 200 39339
202.8.40.231 - - [04/Dec/2024:00:31:33 +0100] "GET /ticket2/opencms/system/modules/com.gridnine.opencms.ticketbrokerage.site/resources/js/standard.js HTTP/1.1" 200 3978
65.108.227.178 - - [04/Dec/2024:00:31:34 +0100] "GET /ticket2/opencms/sv/buy/?page=1&edid=3F7DE1D7-4CD8-C30E-0BB4-B44660F8DBF2&sortorder=asc&column=price HTTP/1.1" 200 105525
65.108.227.178 - - [04/Dec/2024:00:31:38 +0100] "GET /ticket2/opencms/sv/buy/?page=1&edid=3F7DE1D7-4CD8-C30E-0BB4-B44660F8DBF2&sortorder=asc&column=row HTTP/1.1" 200 105389
95.91.104.62 - - [04/Dec/2024:00:31:38 +0100] "GET /ticket2/opencms/en/buy/?page=1&edid=367C01C8-55E8-5761-77A6-1E1A5784FE1B HTTP/1.1" 200 103645
54.36.148.30 - - [04/Dec/2024:00:31:39 +0100] "GET /ticket2/opencms/dk/buy?page=1&edid=DE5B6A64-DD53-E533-1C9F-682C000226C9 HTTP/1.1" 200 103596
94.154.239.69 - - [04/Dec/2024:00:31:40 +0100] "GET /ticket2/opencms/sv/buy/?page=1&edid=AA06C000-DF2C-3B04-3B09-08C263AEBAB6&sortorder=asc&column=price HTTP/1.1" 200 105820
65.108.227.178 - - [04/Dec/2024:00:31:41 +0100] "GET /ticket2/opencms/sv/buy/?page=1&edid=3F7DE1D7-4CD8-C30E-0BB4-B44660F8DBF2&sortorder=asc&column=section HTTP/1.1" 200 105661
95.91.104.62 - - [04/Dec/2024:00:31:42 +0100] "GET /ticket2/opencms/en/buy/?page=1&edid=37290F85-261E-D695-C070-BB16E9E0472D&sortorder=asc&column=price HTTP/1.1" 200 104452
54.36.148.19 - - [04/Dec/2024:00:31:45 +0100] "GET /ticket2/opencms/de/buy?page=6&comcatid=A17713B6-D984-201A-4143-ED4DB5ED5C2E&catid=A4D9EA9A-192D-0274-BF26-9C98D8B902AB&eventid=10A4B056-E56D-2EC6-06F9-A9715C3D8173 HTTP/1.1" 200 6410
95.91.104.62 - - [04/Dec/2024:00:31:46 +0100] "GET /ticket2/opencms/en/buy/?page=1&edid=37290F85-261E-D695-C070-BB16E9E0472D&sortorder=asc&column=row HTTP/1.1" 200 104316
65.108.227.178 - - [04/Dec/2024:00:31:47 +0100] "GET /ticket2/opencms/sv/buy/?page=1&edid=3F7DE1D7-4CD8-C30E-0BB4-B44660F8DBF2&sortorder=desc&column=price HTTP/1.1" 200 105592
47.128.41.245 - - [04/Dec/2024:00:31:49 +0100] "GET /ticket2/opencms/is/buy?edid=696D5B95-E686-DB57-A55C-2EEBDCC864DE HTTP/1.1" 200 84381
95.91.104.62 - - [04/Dec/2024:00:31:50 +0100] "GET /ticket2/opencms/en/buy/?page=1&edid=3A2C20BD-B176-205A-D392-221F9F943892 HTTP/1.1" 200 102587
54.36.148.22 - - [04/Dec/2024:00:31:51 +0100] "GET /ticket2/opencms/sr/buy?comcatid=97ECA65A-72DA-F9AF-9DBB-245D3CFED1BE&catid=F7F89B9B-6697-7881-54AE-4C39276BF1B8 HTTP/1.1" 200 6410
94.154.239.69 - - [04/Dec/2024:00:31:51 +0100] "GET /ticket2/opencms/sv/buy/?page=1&edid=AA06C000-DF2C-3B04-3B09-08C263AEBAB6&sortorder=asc&column=row HTTP/1.1" 200 105684
65.108.227.178 - - [04/Dec/2024:00:31:52 +0100] "GET /ticket2/opencms/sv/buy/?page=1&edid=3F7DE1D7-4CD8-C30E-0BB4-B44660F8DBF2&sortorder=desc&column=row HTTP/1.1" 200 105456
95.91.104.62 - - [04/Dec/2024:00:31:53 +0100] "GET /ticket2/opencms/en/buy/?page=1&edid=3A2C20BD-B176-205A-D392-221F9F943892&sortorder=asc&column=price HTTP/1.1" 200 104459
40.77.167.48 - - [04/Dec/2024:00:31:56 +0100] "GET /ticket2/opencms/de/buy?page=1&edid=696D5B95-E686-DB57-A55C-2EEBDCC864DE HTTP/1.1" 200 104219
95.91.104.62 - - [04/Dec/2024:00:31:57 +0100] "GET /ticket2/opencms/en/buy/?page=1&edid=3A2C20BD-B176-205A-D392-221F9F943892&sortorder=asc&column=row HTTP/1.1" 200 104323
54.36.148.95 - - [04/Dec/2024:00:31:59 +0100] "GET /ticket2/opencms/uk/buy?comcatid=97ECA65A-72DA-F9AF-9DBB-245D3CFED1BE&catid=F7F89B9B-6697-7881-54AE-4C39276BF1B8 HTTP/1.1" 200 6410
65.108.227.178 - - [04/Dec/2024:00:32:00 +0100] "GET /ticket2/opencms/sv/buy/?page=1&edid=3F7DE1D7-4CD8-C30E-0BB4-B44660F8DBF2&sortorder=desc&column=section HTTP/1.1" 200 105728
95.91.104.62 - - [04/Dec/2024:00:32:02 +0100] "GET /ticket2/opencms/en/buy/?page=1&edid=3A2C20BD-B176-205A-D392-221F9F943892&sortorder=asc&column=section HTTP/1.1" 200 104595
65.108.227.178 - - [04/Dec/2024:00:32:05 +0100] "GET /ticket2/opencms/sv/buy/?page=1&edid=41BD58EC-97A9-BC1A-D605-8084F23D76F6 HTTP/1.1" 200 103945
95.91.104.62 - - [04/Dec/2024:00:32:05 +0100] "GET /ticket2/opencms/en/buy/?page=1&edid=3A2C20BD-B176-205A-D392-221F9F943892&sortorder=desc&column=price HTTP/1.1" 200 104526
94.154.239.69 - - [04/Dec/2024:00:32:07 +0100] "GET /ticket2/opencms/sv/buy/?page=1&edid=AA06C000-DF2C-3B04-3B09-08C263AEBAB6&sortorder=desc&column=price HTTP/1.1" 200 105887
54.36.149.68 - - [04/Dec/2024:00:32:08 +0100] "GET /ticket2/opencms/sv/venue/?venueid=7F775268-FDCE-3365-1815-747D9CD711D9 HTTP/1.1" 200 77842
95.91.104.62 - - [04/Dec/2024:00:32:09 +0100] "GET /ticket2/opencms/en/buy/?page=1&edid=3A2C20BD-B176-205A-D392-221F9F943892&sortorder=desc&column=row HTTP/1.1" 200 104390
65.108.227.178 - - [04/Dec/2024:00:32:09 +0100] "GET /ticket2/opencms/sv/buy/?page=1&edid=41BD58EC-97A9-BC1A-D605-8084F23D76F6&sortorder=asc&column=price HTTP/1.1" 200 105817
173.252.107.115 - - [04/Dec/2024:00:32:11 +0100] "GET /ticket2/opencms/sv/buy?page=1&edid=128622B7-EDDD-3A5E-9897-BCB852F1E8F1 HTTP/1.1" 200 126186
95.91.104.62 - - [04/Dec/2024:00:32:14 +0100] "GET /ticket2/opencms/en/buy/?page=1&edid=3A2C20BD-B176-205A-D392-221F9F943892&sortorder=desc&column=section HTTP/1.1" 200 104662
65.108.227.178 - - [04/Dec/2024:00:32:14 +0100] "GET /ticket2/opencms/sv/buy/?page=1&edid=41BD58EC-97A9-BC1A-D605-8084F23D76F6&sortorder=asc&column=row HTTP/1.1" 200 105681
95.91.104.62 - - [04/Dec/2024:00:32:18 +0100] "GET /ticket2/opencms/en/buy/?page=1&edid=3A37BCE8-6529-D527-7A05-B4A6F4329BC8 HTTP/1.1" 200 102777
54.36.149.3 - - [04/Dec/2024:00:32:18 +0100] "GET /ticket2/opencms/no/buy/?page=1&edid=E9F0B041-BF0A-CE11-045F-89CD49D4FA7D HTTP/1.1" 200 107168
94.154.239.69 - - [04/Dec/2024:00:32:19 +0100] "GET /ticket2/opencms/sv/buy/?page=1&edid=AA06C000-DF2C-3B04-3B09-08C263AEBAB6&sortorder=desc&column=row HTTP/1.1" 200 105751
65.108.227.178 - - [04/Dec/2024:00:32:19 +0100] "GET /ticket2/opencms/sv/buy/?page=1&edid=41BD58EC-97A9-BC1A-D605-8084F23D76F6&sortorder=asc&column=section HTTP/1.1" 200 105953
157.55.39.194 - - [04/Dec/2024:00:32:20 +0100] "GET /ticket2/opencms/az/buy/?page=1&edid=BB439D2C-76B4-AD0C-0FC4-79A0CD539AA0 HTTP/1.1" 200 127572
157.55.39.194 - - [04/Dec/2024:00:32:21 +0100] "GET /ticket2/opencms/sq/buy?page=6&comcatid=A17713B6-D984-201A-4143-ED4DB5ED5C2E&catid=88C381AD-5D76-A34D-AC15-A7129F8EF5BE HTTP/1.1" 200 6410
95.91.104.62 - - [04/Dec/2024:00:32:22 +0100] "GET /ticket2/opencms/en/buy/?page=1&edid=3A37BCE8-6529-D527-7A05-B4A6F4329BC8&sortorder=desc&column=price HTTP/1.1" 200 104716
40.77.167.52 - - [04/Dec/2024:00:32:22 +0100] "GET /ticket2/opencms/ru/buy/?page=1&edid=824275F5-4B1A-0C61-E776-1EA644E63DBE HTTP/1.1" 200 102391
81.167.26.57 - - [04/Dec/2024:00:32:24 +0100] "GET /ticket2/opencms/robots.txt HTTP/1.1" 200 773
81.167.26.57 - - [04/Dec/2024:00:32:25 +0100] "GET /ticket2/opencms/de/magazine/Liverpool%20FC%20tar%20emot%20Tottenham%20p%C3%A5%20Anfieled%202024-05-05 HTTP/1.1" 404 -
65.108.227.178 - - [04/Dec/2024:00:32:26 +0100] "GET /ticket2/opencms/sv/buy/?page=1&edid=41BD58EC-97A9-BC1A-D605-8084F23D76F6&sortorder=desc&column=price HTTP/1.1" 200 105884
95.91.104.62 - - [04/Dec/2024:00:32:26 +0100] "GET /ticket2/opencms/en/buy/?page=1&edid=3A37BCE8-6529-D527-7A05-B4A6F4329BC8&sortorder=desc&column=row HTTP/1.1" 200 104580
54.36.149.57 - - [04/Dec/2024:00:32:26 +0100] "GET /ticket2/opencms/sv/venue/?venueid=157C41AC-9990-241E-A78B-828C374EF543 HTTP/1.1" 200 77963
95.91.104.62 - - [04/Dec/2024:00:32:30 +0100] "GET /ticket2/opencms/en/buy/?page=1&edid=3CCB9FC1-7F7B-648B-463A-07132FE85ACE HTTP/1.1" 200 102224
85.208.96.199 - - [04/Dec/2024:00:32:31 +0100] "GET /ticket2/opencms/fi/search.html?searchQuery=Washington HTTP/1.1" 200 97666
65.108.227.178 - - [04/Dec/2024:00:32:31 +0100] "GET /ticket2/opencms/sv/buy/?page=1&edid=41BD58EC-97A9-BC1A-D605-8084F23D76F6&sortorder=desc&column=row HTTP/1.1" 200 105748
94.154.239.69 - - [04/Dec/2024:00:32:33 +0100] "GET /ticket2/opencms/sv/buy/?page=1&edid=B2EC6319-961E-C8DC-8D46-75DC537FCF1D&sortorder=asc&column=row HTTP/1.1" 200 104502
95.91.104.62 - - [04/Dec/2024:00:32:33 +0100] "GET /ticket2/opencms/en/buy/?page=1&edid=3CCB9FC1-7F7B-648B-463A-07132FE85ACE&sortorder=asc&column=price HTTP/1.1" 200 104096
54.36.148.107 - - [04/Dec/2024:00:32:34 +0100] "GET /ticket2/opencms/sv/venue/?venueid=A60FB51F-D5E6-BD90-6801-0B7458E63156 HTTP/1.1" 200 77827
65.108.227.178 - - [04/Dec/2024:00:32:36 +0100] "GET /ticket2/opencms/sv/buy/?page=1&edid=41BD58EC-97A9-BC1A-D605-8084F23D76F6&sortorder=desc&column=section HTTP/1.1" 200 106020
95.91.104.62 - - [04/Dec/2024:00:32:38 +0100] "GET /ticket2/opencms/en/buy/?page=1&edid=3CCB9FC1-7F7B-648B-463A-07132FE85ACE&sortorder=asc&column=row HTTP/1.1" 200 103960
54.36.148.13 - - [04/Dec/2024:00:32:39 +0100] "GET /ticket2/opencms/fi/buy?page=6&comcatid=A17713B6-D984-201A-4143-ED4DB5ED5C2E&catid=0A6C99D2-F5BD-7A18-9A5F-5668827042E0&eventid=95E8846F-148F-9D89-2E4D-7714EAEAF9EE HTTP/1.1" 200 6410
85.208.96.195 - - [04/Dec/2024:00:32:40 +0100] "GET /ticket2/opencms/fi/urheilu/jalkapallo/premier_league/fulham/ HTTP/1.1" 200 92976
65.108.227.178 - - [04/Dec/2024:00:32:40 +0100] "GET /ticket2/opencms/sv/buy/?page=1&edid=42626DA9-0BC1-838B-BAE0-C165FD91963D HTTP/1.1" 200 102764
95.91.104.62 - - [04/Dec/2024:00:32:42 +0100] "GET /ticket2/opencms/en/buy/?page=1&edid=3CCB9FC1-7F7B-648B-463A-07132FE85ACE&sortorder=asc&column=section HTTP/1.1" 200 104232
47.128.18.234 - - [04/Dec/2024:00:32:42 +0100] "GET /ticket2/opencms/bs/buy/?catid=97608B80-50C4-18AE-7A82-0413C62E9243&comcatid=A17713B6-D984-201A-4143-ED4DB5ED5C2E HTTP/1.1" 200 6410
94.154.239.69 - - [04/Dec/2024:00:32:43 +0100] "GET /ticket2/opencms/sv/buy/?page=1&edid=B7E62D99-CD83-9F99-D681-4F7E60B5B4FE&sortorder=asc&column=row HTTP/1.1" 200 106142
47.128.36.188 - - [04/Dec/2024:00:32:43 +0100] "GET /ticket2/opencms/ro/buy/?catid=2CCC191C-F37F-B9CA-D41C-1204E575B328&comcatid=97ECA65A-72DA-F9AF-9DBB-245D3CFED1BE HTTP/1.1" 200 6410
47.128.121.96 - - [04/Dec/2024:00:32:43 +0100] "GET /ticket2/opencms/mo/buy/?catid=2CCC191C-F37F-B9CA-D41C-1204E575B328&comcatid=97ECA65A-72DA-F9AF-9DBB-245D3CFED1BE HTTP/1.1" 200 6410
54.36.149.48 - - [04/Dec/2024:00:32:44 +0100] "GET /ticket2/opencms/sk/about/contact HTTP/1.1" 200 77852
65.108.125.120 - - [04/Dec/2024:00:32:45 +0100] "GET /ticket2/opencms/robots.txt HTTP/1.1" 200 773
95.91.104.62 - - [04/Dec/2024:00:32:45 +0100] "GET /ticket2/opencms/en/buy/?page=1&edid=3CCB9FC1-7F7B-648B-463A-07132FE85ACE&sortorder=desc&column=price HTTP/1.1" 200 104163
65.108.125.120 - - [04/Dec/2024:00:32:47 +0100] "GET /ticket2/opencms/dk/buy/?page=1&edid=027A8B66-DB53-72A0-2389-10E60933343B&sortorder=desc&column=row HTTP/1.1" 200 105396
65.108.227.178 - - [04/Dec/2024:00:32:47 +0100] "GET /ticket2/opencms/sv/buy/?page=1&edid=42626DA9-0BC1-838B-BAE0-C165FD91963D&sortorder=asc&column=price HTTP/1.1" 200 104636
65.108.125.120 - - [04/Dec/2024:00:32:48 +0100] "GET /ticket2/opencms/dk/buy/?page=1&edid=02AD6CF6-0346-F238-B4BF-C7DC48FB5E1F&sortorder=desc&column=price HTTP/1.1" 200 102280
95.91.104.62 - - [04/Dec/2024:00:32:49 +0100] "GET /ticket2/opencms/en/buy/?page=1&edid=3CCB9FC1-7F7B-648B-463A-07132FE85ACE&sortorder=desc&column=row HTTP/1.1" 200 104027
65.108.125.120 - - [04/Dec/2024:00:32:50 +0100] "GET /ticket2/opencms/dk/buy/?page=1&edid=0EB27556-5C22-4E8E-4348-298BAC0182DE&sortorder=asc&column=price HTTP/1.1" 200 105466
54.36.149.2 - - [04/Dec/2024:00:32:50 +0100] "GET /ticket2/opencms/no/buy/?page=1&edid=EE9D378D-B608-D0C3-023E-19EA1CC71BB7 HTTP/1.1" 200 101157
65.108.227.178 - - [04/Dec/2024:00:32:51 +0100] "GET /ticket2/opencms/sv/buy/?page=1&edid=42626DA9-0BC1-838B-BAE0-C165FD91963D&sortorder=asc&column=row HTTP/1.1" 200 104500
65.108.125.120 - - [04/Dec/2024:00:32:52 +0100] "GET /ticket2/opencms/dk/buy/?page=1&edid=0EB27556-5C22-4E8E-4348-298BAC0182DE&sortorder=asc&column=row HTTP/1.1" 200 105330
95.91.104.62 - - [04/Dec/2024:00:32:53 +0100] "GET /ticket2/opencms/en/buy/?page=1&edid=3D04CA40-DFC2-CAD0-691F-59BC78A9B973 HTTP/1.1" 200 103874
65.108.227.178 - - [04/Dec/2024:00:32:54 +0100] "GET /ticket2/opencms/sv/buy/?page=1&edid=42626DA9-0BC1-838B-BAE0-C165FD91963D&sortorder=asc&column=section HTTP/1.1" 200 104772
65.108.125.120 - - [04/Dec/2024:00:32:55 +0100] "GET /ticket2/opencms/dk/buy/?page=1&edid=0EB27556-5C22-4E8E-4348-298BAC0182DE&sortorder=asc&column=section HTTP/1.1" 200 105602
65.108.125.120 - - [04/Dec/2024:00:32:57 +0100] "GET /ticket2/opencms/dk/buy/?page=1&edid=0EB27556-5C22-4E8E-4348-298BAC0182DE&sortorder=desc&column=price HTTP/1.1" 200 105533
95.91.104.62 - - [04/Dec/2024:00:32:57 +0100] "GET /ticket2/opencms/en/buy/?page=1&edid=3F7DE1D7-4CD8-C30E-0BB4-B44660F8DBF2&sortorder=desc&column=price HTTP/1.1" 200 104919
94.154.239.69 - - [04/Dec/2024:00:32:58 +0100] "GET /ticket2/opencms/sv/buy/?page=1&edid=B7E62D99-CD83-9F99-D681-4F7E60B5B4FE&sortorder=asc&column=section HTTP/1.1" 200 106414
65.108.227.178 - - [04/Dec/2024:00:32:58 +0100] "GET /ticket2/opencms/sv/buy/?page=1&edid=42626DA9-0BC1-838B-BAE0-C165FD91963D&sortorder=desc&column=price HTTP/1.1" 200 104703
65.108.125.120 - - [04/Dec/2024:00:32:58 +0100] "GET /ticket2/opencms/dk/buy/?page=1&edid=0EB27556-5C22-4E8E-4348-298BAC0182DE&sortorder=desc&column=row HTTP/1.1" 200 105397
65.108.125.120 - - [04/Dec/2024:00:33:00 +0100] "GET /ticket2/opencms/dk/buy/?page=1&edid=1401AD4A-779C-EB9C-2944-DAE28606BE93 HTTP/1.1" 200 100407
95.91.104.62 - - [04/Dec/2024:00:33:01 +0100] "GET /ticket2/opencms/en/buy/?page=1&edid=3F7DE1D7-4CD8-C30E-0BB4-B44660F8DBF2&sortorder=desc&column=section HTTP/1.1" 200 105055
54.36.148.235 - - [04/Dec/2024:00:33:01 +0100] "GET /ticket2/opencms/az/buy?comcatid=97ECA65A-72DA-F9AF-9DBB-245D3CFED1BE&catid=078F99D4-0B9E-E323-5A07-D7B70F6E8874 HTTP/1.1" 200 6410
54.36.148.168 - - [04/Dec/2024:00:33:02 +0100] "GET /ticket2/opencms/en/venue/?venueid=4BC8A4F7-B275-C48F-5201-9432C06891B2 HTTP/1.1" 200 77031
65.108.227.178 - - [04/Dec/2024:00:33:02 +0100] "GET /ticket2/opencms/sv/buy/?page=1&edid=42626DA9-0BC1-838B-BAE0-C165FD91963D&sortorder=desc&column=row HTTP/1.1" 200 104567
65.108.125.120 - - [04/Dec/2024:00:33:02 +0100] "GET /ticket2/opencms/dk/buy/?page=1&edid=1D56AF1A-7D6E-030F-ACD4-88928B4A029A&sortorder=asc&column=price HTTP/1.1" 200 104992
65.108.125.120 - - [04/Dec/2024:00:33:04 +0100] "GET /ticket2/opencms/dk/buy/?page=1&edid=2C144E02-6B95-D2A4-6A46-DD7968C7C1DE&sortorder=desc&column=row HTTP/1.1" 200 105442
95.91.104.62 - - [04/Dec/2024:00:33:04 +0100] "GET /ticket2/opencms/en/buy/?page=1&edid=3FCB9CEE-895D-725D-7D14-8EF1B7703A64&sortorder=asc&column=price HTTP/1.1" 200 103944
185.191.171.15 - - [04/Dec/2024:00:33:05 +0100] "GET /ticket2/opencms/no/sport/fotballsbilletter/champions_league/celtic/ HTTP/1.1" 200 79917
65.108.125.120 - - [04/Dec/2024:00:33:06 +0100] "GET /ticket2/opencms/dk/buy/?page=1&edid=2C374FAE-36BA-DB93-1E49-DFF2E010224D HTTP/1.1" 200 100360
65.108.227.178 - - [04/Dec/2024:00:33:07 +0100] "GET /ticket2/opencms/sv/buy/?page=1&edid=42626DA9-0BC1-838B-BAE0-C165FD91963D&sortorder=desc&column=section HTTP/1.1" 200 104839
54.36.148.66 - - [04/Dec/2024:00:33:07 +0100] "GET /ticket2/opencms/be/buy/?page=1&edid=791FDD0E-A228-3CC2-8AB8-5B3518CB8D31 HTTP/1.1" 200 122292
65.108.125.120 - - [04/Dec/2024:00:33:08 +0100] "GET /ticket2/opencms/dk/buy/?page=1&edid=2C38A8F3-3FDB-4275-5B70-01B082026DE0&sortorder=asc&column=price HTTP/1.1" 200 103416
95.91.104.62 - - [04/Dec/2024:00:33:08 +0100] "GET /ticket2/opencms/en/buy/?page=1&edid=3FCB9CEE-895D-725D-7D14-8EF1B7703A64&sortorder=asc&column=row HTTP/1.1" 200 103808
65.108.125.120 - - [04/Dec/2024:00:33:10 +0100] "GET /ticket2/opencms/dk/buy/?page=1&edid=2DB83365-74F5-B6C2-096A-99EFCBB8C3FB&sortorder=desc&column=price HTTP/1.1" 200 105578
47.128.120.226 - - [04/Dec/2024:00:33:11 +0100] "GET /ticket2/opencms/is/?catid=B0817F4C-4B6F-A68C-6229-209BB05F84D4&comcatid=A17713B6-D984-201A-4143-ED4DB5ED5C2E&page=6 HTTP/1.1" 200 93193
65.108.125.120 - - [04/Dec/2024:00:33:11 +0100] "GET /ticket2/opencms/dk/buy/?page=1&edid=2DED7F6B-68C5-9FFA-DD15-822B450F9317&sortorder=desc&column=price HTTP/1.1" 200 104949
95.91.104.62 - - [04/Dec/2024:00:33:12 +0100] "GET /ticket2/opencms/en/buy/?page=1&edid=3FCB9CEE-895D-725D-7D14-8EF1B7703A64&sortorder=asc&column=section HTTP/1.1" 200 104080
65.108.125.120 - - [04/Dec/2024:00:33:13 +0100] "GET /ticket2/opencms/dk/buy/?page=1&edid=2DED7F6B-68C5-9FFA-DD15-822B450F9317&sortorder=desc&column=row HTTP/1.1" 200 104813
94.154.239.69 - - [04/Dec/2024:00:33:13 +0100] "GET /ticket2/opencms/sv/buy/?page=1&edid=B7E62D99-CD83-9F99-D681-4F7E60B5B4FE&sortorder=desc&column=price HTTP/1.1" 200 106345
54.36.149.28 - - [04/Dec/2024:00:33:14 +0100] "GET /ticket2/opencms/cs/buy?comcatid=97ECA65A-72DA-F9AF-9DBB-245D3CFED1BE&catid=078F99D4-0B9E-E323-5A07-D7B70F6E8874 HTTP/1.1" 200 6410
65.108.125.120 - - [04/Dec/2024:00:33:15 +0100] "GET /ticket2/opencms/dk/buy/?page=1&edid=2DED7F6B-68C5-9FFA-DD15-822B450F9317&sortorder=desc&column=section HTTP/1.1" 200 105085
95.91.104.62 - - [04/Dec/2024:00:33:16 +0100] "GET /ticket2/opencms/en/buy/?page=1&edid=41BD58EC-97A9-BC1A-D605-8084F23D76F6&sortorder=asc&column=section HTTP/1.1" 200 105275
65.108.227.178 - - [04/Dec/2024:00:33:17 +0100] "GET /ticket2/opencms/sv/buy/?page=1&edid=48D2B664-85D5-13C5-BCEA-EF3B3F7D167C&sortorder=asc&column=price HTTP/1.1" 200 104797
65.108.125.120 - - [04/Dec/2024:00:33:17 +0100] "GET /ticket2/opencms/dk/buy/?page=1&edid=2E351EEA-33B4-0E8E-6D73-E9AB91DE426F&sortorder=desc&column=section HTTP/1.1" 200 102431
185.191.171.3 - - [04/Dec/2024:00:33:18 +0100] "GET /ticket2/opencms/fi/urheilu/jalkapallo/la-liga/atletico_madrid/ HTTP/1.1" 200 88554
65.108.125.120 - - [04/Dec/2024:00:33:19 +0100] "GET /ticket2/opencms/dk/buy/?page=1&edid=2E507560-4116-98C2-2DA7-8FBA6FB533EE&sortorder=desc&column=row HTTP/1.1" 200 104794
95.91.104.62 - - [04/Dec/2024:00:33:21 +0100] "GET /ticket2/opencms/en/buy/?page=1&edid=41BD58EC-97A9-BC1A-D605-8084F23D76F6&sortorder=desc&column=price HTTP/1.1" 200 105206
65.108.125.120 - - [04/Dec/2024:00:33:21 +0100] "GET /ticket2/opencms/dk/buy/?page=1&edid=2EC05A39-D275-20A3-C620-788098DAAD0B&sortorder=asc&column=price HTTP/1.1" 200 102242
65.108.227.178 - - [04/Dec/2024:00:33:21 +0100] "GET /ticket2/opencms/sv/buy/?page=1&edid=48D2B664-85D5-13C5-BCEA-EF3B3F7D167C&sortorder=asc&column=row HTTP/1.1" 200 104661
54.36.148.142 - - [04/Dec/2024:00:33:21 +0100] "GET /ticket2/opencms/dk/buy/?page=1&edid=353A8607-D64B-76FC-86CE-3A4804789969 HTTP/1.1" 200 100357
65.108.125.120 - - [04/Dec/2024:00:33:23 +0100] "GET /ticket2/opencms/dk/buy/?page=1&edid=2EDECA3B-8025-13B8-A84A-7B344CA04B6F&sortorder=asc&column=row HTTP/1.1" 200 104595
95.91.104.62 - - [04/Dec/2024:00:33:24 +0100] "GET /ticket2/opencms/en/buy/?page=1&edid=67B7FBFB-E5E2-DC98-C507-5A3A18AC072D HTTP/1.1" 200 103871
65.108.125.120 - - [04/Dec/2024:00:33:25 +0100] "GET /ticket2/opencms/dk/buy/?page=1&edid=2EDECA3B-8025-13B8-A84A-7B344CA04B6F&sortorder=desc&column=price HTTP/1.1" 200 104798
65.108.227.178 - - [04/Dec/2024:00:33:25 +0100] "GET /ticket2/opencms/sv/buy/?page=1&edid=48D2B664-85D5-13C5-BCEA-EF3B3F7D167C&sortorder=asc&column=section HTTP/1.1" 200 104933
94.154.239.69 - - [04/Dec/2024:00:33:26 +0100] "GET /ticket2/opencms/sv/buy/?page=1&edid=B7E62D99-CD83-9F99-D681-4F7E60B5B4FE&sortorder=desc&column=row HTTP/1.1" 200 106209
65.108.125.120 - - [04/Dec/2024:00:33:27 +0100] "GET /ticket2/opencms/dk/buy/?page=1&edid=38471BC2-DC35-5637-FC07-B139F30174B0 HTTP/1.1" 200 104073
95.91.104.62 - - [04/Dec/2024:00:33:28 +0100] "GET /ticket2/opencms/en/buy/?page=1&edid=68990A86-D741-9689-B00B-FC485A932524&sortorder=desc&column=row HTTP/1.1" 200 105543
52.167.144.174 - - [04/Dec/2024:00:33:29 +0100] "GET /ticket2/opencms/pl/buy?page=1&edid=B7C31852-4938-05B8-A23C-0248E7A3D5BA HTTP/1.1" 200 126428
65.108.125.120 - - [04/Dec/2024:00:33:29 +0100] "GET /ticket2/opencms/dk/buy/?page=1&edid=385F4CA2-91C7-3B11-884B-1460E89060BE HTTP/1.1" 200 100401
65.108.227.178 - - [04/Dec/2024:00:33:30 +0100] "GET /ticket2/opencms/sv/buy/?page=1&edid=48D2B664-85D5-13C5-BCEA-EF3B3F7D167C&sortorder=desc&column=price HTTP/1.1" 200 104864
54.36.149.23 - - [04/Dec/2024:00:33:30 +0100] "GET /ticket2/opencms/tr/buy?comcatid=97ECA65A-72DA-F9AF-9DBB-245D3CFED1BE&catid=078F99D4-0B9E-E323-5A07-D7B70F6E8874 HTTP/1.1" 200 6410
65.108.125.120 - - [04/Dec/2024:00:33:31 +0100] "GET /ticket2/opencms/dk/buy/?page=1&edid=3A1413DF-4C48-5934-4BE7-560D0B691E2B&sortorder=desc&column=section HTTP/1.1" 200 102396
95.91.104.62 - - [04/Dec/2024:00:33:32 +0100] "GET /ticket2/opencms/en/buy/?page=1&edid=68990A86-D741-9689-B00B-FC485A932524&sortorder=desc&column=section HTTP/1.1" 200 105815
65.108.125.120 - - [04/Dec/2024:00:33:32 +0100] "GET /ticket2/opencms/dk/buy/?page=1&edid=3A2101C4-1199-2D0C-4863-53088BE0FA63&sortorder=desc&column=section HTTP/1.1" 200 102438
65.108.125.120 - - [04/Dec/2024:00:33:34 +0100] "GET /ticket2/opencms/dk/buy/?page=1&edid=3A37BCE8-6529-D527-7A05-B4A6F4329BC8 HTTP/1.1" 200 103205
65.108.227.178 - - [04/Dec/2024:00:33:35 +0100] "GET /ticket2/opencms/sv/buy/?page=1&edid=48D2B664-85D5-13C5-BCEA-EF3B3F7D167C&sortorder=desc&column=row HTTP/1.1" 200 104728
95.91.104.62 - - [04/Dec/2024:00:33:36 +0100] "GET /ticket2/opencms/en/buy/?page=1&edid=799B6805-50EC-788D-0912-400E0F7BE1A9&sortorder=desc&column=row HTTP/1.1" 200 105542
65.108.125.120 - - [04/Dec/2024:00:33:36 +0100] "GET /ticket2/opencms/dk/buy/?page=1&edid=4D2A2724-7797-6EBF-BAB8-69176E21CA79&sortorder=desc&column=price HTTP/1.1" 200 104667
40.77.167.48 - - [04/Dec/2024:00:33:37 +0100] "GET /ticket2/opencms/es/buy?page=1&edid=F2B75FFE-B503-FA6C-066A-879F06B1D185 HTTP/1.1" 200 104452
65.108.125.120 - - [04/Dec/2024:00:33:38 +0100] "GET /ticket2/opencms/dk/buy/?page=1&edid=4DAA5E3F-08F2-D085-FD70-1B0082E18DDD&sortorder=desc&column=section HTTP/1.1" 200 104682
65.108.227.178 - - [04/Dec/2024:00:33:39 +0100] "GET /ticket2/opencms/sv/buy/?page=1&edid=90576D05-78F1-8149-3F68-239887C22A3C&sortorder=asc&column=section HTTP/1.1" 200 102655
65.108.125.120 - - [04/Dec/2024:00:33:40 +0100] "GET /ticket2/opencms/dk/buy/?page=1&edid=56F44B39-27F4-9458-2628-C8E9EDD4B87A&sortorder=asc&column=row HTTP/1.1" 200 106053
95.91.104.62 - - [04/Dec/2024:00:33:40 +0100] "GET /ticket2/opencms/en/buy/?page=1&edid=799B6805-50EC-788D-0912-400E0F7BE1A9&sortorder=desc&column=section HTTP/1.1" 200 105814
94.154.239.69 - - [04/Dec/2024:00:33:40 +0100] "GET /ticket2/opencms/sv/buy/?page=1&edid=B7E62D99-CD83-9F99-D681-4F7E60B5B4FE&sortorder=desc&column=section HTTP/1.1" 200 106481
54.36.148.110 - - [04/Dec/2024:00:33:41 +0100] "GET /ticket2/opencms/be/buy/?comcatid=B41CCF2B-5558-7AEE-3602-09BBDE417D65&catid=36DC4BE2-91A2-6146-2BE9-47B6F3C44EDB HTTP/1.1" 200 6410
173.252.107.113 - - [04/Dec/2024:00:33:41 +0100] "GET /ticket2/opencms/cs/magazine/article?title=liga-narodu-je-v-plnem-proudu HTTP/1.1" 200 87461
65.108.125.120 - - [04/Dec/2024:00:33:42 +0100] "GET /ticket2/opencms/dk/buy/?page=1&edid=5A3CFCAF-8CA9-0919-4BBF-3A04C1DC2C7B&sortorder=desc&column=section HTTP/1.1" 200 103619
65.108.227.178 - - [04/Dec/2024:00:33:43 +0100] "GET /ticket2/opencms/sv/buy/?page=1&edid=90576D05-78F1-8149-3F68-239887C22A3C&sortorder=desc&column=price HTTP/1.1" 200 102586
65.108.125.120 - - [04/Dec/2024:00:33:43 +0100] "GET /ticket2/opencms/dk/buy/?page=1&edid=5AA3AC98-278A-0456-8CFC-FCC83A4A6984&sortorder=asc&column=price HTTP/1.1" 200 102211
65.108.125.120 - - [04/Dec/2024:00:33:45 +0100] "GET /ticket2/opencms/dk/buy/?page=1&edid=5AB08E75-7029-A48B-FC01-E1DA6953C20F&sortorder=desc&column=price HTTP/1.1" 200 105623
54.36.149.17 - - [04/Dec/2024:00:33:47 +0100] "GET /ticket2/opencms/be/buy/?comcatid=B41CCF2B-5558-7AEE-3602-09BBDE417D65&catid=A34BCF61-E19C-5C5C-445E-06F3749E1EF4 HTTP/1.1" 200 6410
65.108.125.120 - - [04/Dec/2024:00:33:47 +0100] "GET /ticket2/opencms/dk/buy/?page=1&edid=5AB08E75-7029-A48B-FC01-E1DA6953C20F&sortorder=desc&column=section HTTP/1.1" 200 105759
65.108.227.178 - - [04/Dec/2024:00:33:48 +0100] "GET /ticket2/opencms/sv/buy/?page=1&edid=90576D05-78F1-8149-3F68-239887C22A3C&sortorder=desc&column=row HTTP/1.1" 200 102450
65.108.125.120 - - [04/Dec/2024:00:33:49 +0100] "GET /ticket2/opencms/dk/buy/?page=1&edid=61F708E5-249B-D69C-5776-D45514C81E1B HTTP/1.1" 200 100404
40.77.167.52 - - [04/Dec/2024:00:33:50 +0100] "GET /ticket2/opencms/es/buy/?page=1&edid=33CFCCFE-A22A-4A2C-1202-26E0FBDCB686 HTTP/1.1" 200 113934
65.108.125.120 - - [04/Dec/2024:00:33:51 +0100] "GET /ticket2/opencms/dk/buy/?page=1&edid=62771AC5-B6A4-CA99-7698-E23F6FB31315&sortorder=desc&column=row HTTP/1.1" 200 102174
65.108.227.178 - - [04/Dec/2024:00:33:52 +0100] "GET /ticket2/opencms/sv/buy/?page=1&edid=90576D05-78F1-8149-3F68-239887C22A3C&sortorder=desc&column=section HTTP/1.1" 200 102722
65.108.125.120 - - [04/Dec/2024:00:33:53 +0100] "GET /ticket2/opencms/dk/buy/?page=1&edid=62C82733-60F1-03A2-E835-341F90725E7D HTTP/1.1" 200 103681
94.154.239.69 - - [04/Dec/2024:00:33:53 +0100] "GET /ticket2/opencms/sv/buy/?page=1&edid=BB09E6B7-4C7F-CD48-149C-8D3DECED8617 HTTP/1.1" 200 104406
65.108.125.120 - - [04/Dec/2024:00:33:55 +0100] "GET /ticket2/opencms/dk/buy/?page=1&edid=63084C78-5263-1A7A-C66E-4C63F55B8243&sortorder=desc&column=row HTTP/1.1" 200 105909
95.91.104.62 - - [04/Dec/2024:00:33:55 +0100] "GET /ticket2/opencms/en/buy/?page=1&edid=7B46862D-316F-0187-3F98-B05908C5748C&sortorder=asc&column=row HTTP/1.1" 200 105477
65.108.227.178 - - [04/Dec/2024:00:33:56 +0100] "GET /ticket2/opencms/sv/buy/?page=1&edid=91386F59-CC65-7E48-663D-CA8734441B84 HTTP/1.1" 200 104328
65.108.125.120 - - [04/Dec/2024:00:33:57 +0100] "GET /ticket2/opencms/dk/buy/?page=1&edid=6C4D36C5-EFA1-F636-4F3C-C14C85BECB14&sortorder=desc&column=price HTTP/1.1" 200 106245
101.57.6.119 - - [04/Dec/2024:00:33:57 +0100] "GET /ticket2/opencms/set_aff_cookie.jsp?partner=53673ED6-1455-FA54-818F-B1F67121E37C&url=/it/buy/index.html%3Fpage%3D1%26edid%3D11EFBC55-130A-2310-B776-C5D86878BDAB%26hlv%3D666cb608-5280-4c14-bd8a-4a750a01000f%23v1201464590 HTTP/1.1" 200 225
54.36.148.3 - - [04/Dec/2024:00:33:57 +0100] "GET /ticket2/opencms/be/buy/?comcatid=B41CCF2B-5558-7AEE-3602-09BBDE417D65&catid=BF886BAE-FC84-8CB3-A193-6DFA251F7985 HTTP/1.1" 200 6410
101.57.6.119 - - [04/Dec/2024:00:33:58 +0100] "GET /ticket2/opencms/it/buy/?page=1&edid=11EFBC55-130A-2310-B776-C5D86878BDAB&hlv=666cb608-5280-4c14-bd8a-4a750a01000f HTTP/1.1" 200 130649
101.57.6.119 - - [04/Dec/2024:00:33:58 +0100] "GET /ticket2/opencms/system/modules/com.gridnine.opencms.ticketbrokerage.site/resources/js/jquery/jquery.js HTTP/1.1" 200 93868
101.57.6.119 - - [04/Dec/2024:00:33:58 +0100] "GET /ticket2/opencms/system/modules/com.gridnine.opencms.ticketbrokerage.site/resources/js/jquery/jquery-ui.js HTTP/1.1" 200 228088
40.77.167.48 - - [04/Dec/2024:00:33:58 +0100] "GET /ticket2/opencms/mt/buy?page=1&edid=CF871F32-58B9-936F-E54E-3AC3FCAE5989 HTTP/1.1" 200 105030
101.57.6.119 - - [04/Dec/2024:00:33:58 +0100] "GET /ticket2/opencms/system/modules/com.gridnine.opencms.ticketbrokerage.site/resources/css/ticketbrokerage.css HTTP/1.1" 200 39339
101.57.6.119 - - [04/Dec/2024:00:33:58 +0100] "GET /ticket2/opencms/system/modules/com.gridnine.opencms.ticketbrokerage.site/resources/css/calendar.css HTTP/1.1" 200 6871
101.57.6.119 - - [04/Dec/2024:00:33:58 +0100] "GET /ticket2/opencms/system/modules/com.gridnine.opencms.ticketbrokerage.site/resources/css/standard.css HTTP/1.1" 200 73073
101.57.6.119 - - [04/Dec/2024:00:33:58 +0100] "GET /ticket2/opencms/system/modules/com.gridnine.opencms.ticketbrokerage.site/resources/css/jquery-ui.css HTTP/1.1" 200 33221
101.57.6.119 - - [04/Dec/2024:00:33:58 +0100] "GET /ticket2/opencms/system/modules/com.gridnine.opencms.ticketbrokerage.site/resources/css/jquery.fancybox.css HTTP/1.1" 200 4939
101.57.6.119 - - [04/Dec/2024:00:33:58 +0100] "GET /ticket2/opencms/system/modules/com.gridnine.opencms.ticketbrokerage.site/resources/js/jquery.placeholder.min.js HTTP/1.1" 200 1737
101.57.6.119 - - [04/Dec/2024:00:33:58 +0100] "GET /ticket2/opencms/system/modules/com.gridnine.opencms.ticketbrokerage.site/resources/js/functions.js HTTP/1.1" 200 1583
101.57.6.119 - - [04/Dec/2024:00:33:58 +0100] "GET /ticket2/opencms/system/modules/com.gridnine.opencms.ticketbrokerage.site/resources/js/calendar.js HTTP/1.1" 200 49229
101.57.6.119 - - [04/Dec/2024:00:33:58 +0100] "GET /ticket2/opencms/system/modules/com.gridnine.opencms.ticketbrokerage.site/resources/js/common-ajax.js HTTP/1.1" 200 20175
101.57.6.119 - - [04/Dec/2024:00:33:58 +0100] "GET /ticket2/opencms/system/modules/com.gridnine.opencms.ticketbrokerage.site/resources/js/calendar-en.js HTTP/1.1" 200 3338
101.57.6.119 - - [04/Dec/2024:00:33:58 +0100] "GET /ticket2/opencms/system/modules/com.gridnine.opencms.ticketbrokerage.site/resources/js/calendar-setup.js HTTP/1.1" 200 4923
101.57.6.119 - - [04/Dec/2024:00:33:58 +0100] "GET /ticket2/opencms/system/modules/com.gridnine.opencms.ticketbrokerage.site/resources/js/jquery.fancybox.pack.js HTTP/1.1" 200 23187
101.57.6.119 - - [04/Dec/2024:00:33:58 +0100] "GET /ticket2/opencms/system/modules/com.gridnine.opencms.ticketbrokerage.site/resources/js/stickyfill.min.js HTTP/1.1" 200 5672
101.57.6.119 - - [04/Dec/2024:00:33:58 +0100] "GET /ticket2/opencms/system/modules/com.gridnine.opencms.ticketbrokerage.site/resources/js/standard.js HTTP/1.1" 200 3978
101.57.6.119 - - [04/Dec/2024:00:33:58 +0100] "GET /ticket2/opencms/system/modules/com.gridnine.opencms.ticketbrokerage.site/resources/pics/logo-new.png HTTP/1.1" 200 13541
101.57.6.119 - - [04/Dec/2024:00:33:58 +0100] "GET /ticket2/opencms/img/insta.png HTTP/1.1" 200 3967
101.57.6.119 - - [04/Dec/2024:00:33:58 +0100] "GET /ticket2/opencms/system/modules/com.gridnine.opencms.ticketbrokerage.site/resources/pics/0.gif HTTP/1.1" 200 43
101.57.6.119 - - [04/Dec/2024:00:33:58 +0100] "GET /ticket2/opencms/venue/anfield.png HTTP/1.1" 200 21218
101.57.6.119 - - [04/Dec/2024:00:33:58 +0100] "GET /ticket2/opencms/it/ask-form.html HTTP/1.1" 200 3156
101.57.6.119 - - [04/Dec/2024:00:33:58 +0100] "GET /ticket2/opencms/img/fb.png HTTP/1.1" 200 1269
101.57.6.119 - - [04/Dec/2024:00:33:58 +0100] "GET /ticket2/opencms/img/icons/globe-white.png HTTP/1.1" 200 947
101.57.6.119 - - [04/Dec/2024:00:33:58 +0100] "GET /ticket2/opencms/system/modules/com.gridnine.opencms.ticketbrokerage.site/resources/pics/two_man.png HTTP/1.1" 200 3407
101.57.6.119 - - [04/Dec/2024:00:33:58 +0100] "GET /ticket2/opencms/system/modules/com.gridnine.opencms.ticketbrokerage.site/resources/css/ticketbrokerage.css HTTP/1.1" 200 39339
101.57.6.119 - - [04/Dec/2024:00:33:58 +0100] "GET /ticket2/opencms/system/modules/com.gridnine.opencms.ticketbrokerage.site/resources/pics/ticket_info_button.png HTTP/1.1" 200 3820
101.57.6.119 - - [04/Dec/2024:00:33:58 +0100] "GET /ticket2/opencms/system/modules/com.gridnine.opencms.ticketbrokerage.site/resources/pics/footer-img.jpg HTTP/1.1" 200 67642
101.57.6.119 - - [04/Dec/2024:00:33:59 +0100] "GET /ticket2/opencms/img/icons/se.png HTTP/1.1" 200 1258
101.57.6.119 - - [04/Dec/2024:00:33:59 +0100] "GET /ticket2/opencms/img/check.png HTTP/1.1" 200 548
101.57.6.119 - - [04/Dec/2024:00:33:59 +0100] "GET /ticket2/opencms/img/mail.png HTTP/1.1" 200 403
101.57.6.119 - - [04/Dec/2024:00:33:59 +0100] "GET /ticket2/opencms/img/chat.png HTTP/1.1" 200 416
101.57.6.119 - - [04/Dec/2024:00:33:59 +0100] "GET /ticket2/opencms/img/icons/fi.png HTTP/1.1" 200 1785
101.57.6.119 - - [04/Dec/2024:00:33:59 +0100] "GET /ticket2/opencms/img/arrow.png HTTP/1.1" 200 753
101.57.6.119 - - [04/Dec/2024:00:33:59 +0100] "GET /ticket2/opencms/system/modules/com.gridnine.opencms.ticketbrokerage.site/resources/css/images/ui-bg_flat_75_ffffff_40x100.png HTTP/1.1" 404 -
101.57.6.119 - - [04/Dec/2024:00:33:59 +0100] "GET /ticket2/opencms/system/modules/com.gridnine.opencms.ticketbrokerage.site/resources/pics/arrow.gif HTTP/1.1" 200 344
101.57.6.119 - - [04/Dec/2024:00:33:59 +0100] "GET /ticket2/opencms/system/modules/com.gridnine.opencms.ticketbrokerage.site/resources/pics/button1_center.gif HTTP/1.1" 200 66
101.57.6.119 - - [04/Dec/2024:00:33:59 +0100] "GET /ticket2/opencms/system/modules/com.gridnine.opencms.ticketbrokerage.site/resources/pics/button1_left.gif HTTP/1.1" 200 232
101.57.6.119 - - [04/Dec/2024:00:33:59 +0100] "GET /ticket2/opencms/system/modules/com.gridnine.opencms.ticketbrokerage.site/resources/pics/button1_right.gif HTTP/1.1" 200 232
101.57.6.119 - - [04/Dec/2024:00:33:59 +0100] "GET /ticket2/opencms/img/icons/no.png HTTP/1.1" 200 1958
101.57.6.119 - - [04/Dec/2024:00:33:59 +0100] "GET /ticket2/opencms/img/icons/es.png HTTP/1.1" 200 1005
101.57.6.119 - - [04/Dec/2024:00:33:59 +0100] "GET /ticket2/opencms/img/icons/pl.png HTTP/1.1" 200 1578
101.57.6.119 - - [04/Dec/2024:00:33:59 +0100] "GET /ticket2/opencms/img/icons/sq.png HTTP/1.1" 200 1619
101.57.6.119 - - [04/Dec/2024:00:33:59 +0100] "GET /ticket2/opencms/img/icons/hy.png HTTP/1.1" 200 1170
101.57.6.119 - - [04/Dec/2024:00:33:59 +0100] "GET /ticket2/opencms/img/icons/az.png HTTP/1.1" 200 1445
65.108.125.120 - - [04/Dec/2024:00:33:59 +0100] "GET /ticket2/opencms/dk/buy/?page=1&edid=6C8914BF-377D-3452-0F17-49D4496BD1E8&sortorder=asc&column=price HTTP/1.1" 200 105094
101.57.6.119 - - [04/Dec/2024:00:33:59 +0100] "GET /ticket2/opencms/img/icons/be.png HTTP/1.1" 200 1663
101.57.6.119 - - [04/Dec/2024:00:33:59 +0100] "GET /ticket2/opencms/img/icons/bs.png HTTP/1.1" 200 1014
101.57.6.119 - - [04/Dec/2024:00:34:00 +0100] "GET /ticket2/opencms/img/icons/bg.png HTTP/1.1" 200 788
101.57.6.119 - - [04/Dec/2024:00:34:00 +0100] "GET /ticket2/opencms/img/icons/hr.png HTTP/1.1" 200 2024
101.57.6.119 - - [04/Dec/2024:00:34:00 +0100] "GET /ticket2/opencms/img/icons/cs.png HTTP/1.1" 200 1883
101.57.6.119 - - [04/Dec/2024:00:34:00 +0100] "GET /ticket2/opencms/img/icons/en.png HTTP/1.1" 200 2415
101.57.6.119 - - [04/Dec/2024:00:34:00 +0100] "GET /ticket2/opencms/img/icons/et.png HTTP/1.1" 200 754
101.57.6.119 - - [04/Dec/2024:00:34:00 +0100] "GET /ticket2/opencms/img/icons/el.png HTTP/1.1" 200 1637
101.57.6.119 - - [04/Dec/2024:00:34:00 +0100] "GET /ticket2/opencms/img/icons/nl.png HTTP/1.1" 200 1255
101.57.6.119 - - [04/Dec/2024:00:34:00 +0100] "GET /ticket2/opencms/img/icons/ka.png HTTP/1.1" 200 860
101.57.6.119 - - [04/Dec/2024:00:34:00 +0100] "GET /ticket2/opencms/img/icons/hu.png HTTP/1.1" 200 733
101.57.6.119 - - [04/Dec/2024:00:34:00 +0100] "GET /ticket2/opencms/img/icons/is.png HTTP/1.1" 200 1884
101.57.6.119 - - [04/Dec/2024:00:34:00 +0100] "GET /ticket2/opencms/img/icons/lv.png HTTP/1.1" 200 716
101.57.6.119 - - [04/Dec/2024:00:34:00 +0100] "GET /ticket2/opencms/img/icons/ga.png HTTP/1.1" 200 1759
95.91.104.62 - - [04/Dec/2024:00:34:00 +0100] "GET /ticket2/opencms/en/buy/?page=1&edid=7B46862D-316F-0187-3F98-B05908C5748C&sortorder=asc&column=section HTTP/1.1" 200 105749
101.57.6.119 - - [04/Dec/2024:00:34:00 +0100] "GET /ticket2/opencms/img/icons/lt.png HTTP/1.1" 200 733
101.57.6.119 - - [04/Dec/2024:00:34:00 +0100] "GET /ticket2/opencms/img/icons/mk.png HTTP/1.1" 200 1405
101.57.6.119 - - [04/Dec/2024:00:34:00 +0100] "GET /ticket2/opencms/img/icons/mt.png HTTP/1.1" 200 920
101.57.6.119 - - [04/Dec/2024:00:34:00 +0100] "GET /ticket2/opencms/img/icons/mo.png HTTP/1.1" 200 1468
101.57.6.119 - - [04/Dec/2024:00:34:00 +0100] "GET /ticket2/opencms/img/icons/sr.png HTTP/1.1" 200 1602
101.57.6.119 - - [04/Dec/2024:00:34:00 +0100] "GET /ticket2/opencms/img/icons/ro.png HTTP/1.1" 200 1393
101.57.6.119 - - [04/Dec/2024:00:34:00 +0100] "GET /ticket2/opencms/img/icons/sk.png HTTP/1.1" 200 1283
101.57.6.119 - - [04/Dec/2024:00:34:00 +0100] "GET /ticket2/opencms/img/icons/uk.png HTTP/1.1" 200 1272
101.57.6.119 - - [04/Dec/2024:00:34:00 +0100] "GET /ticket2/opencms/img/icons/sl.png HTTP/1.1" 200 966
101.57.6.119 - - [04/Dec/2024:00:34:00 +0100] "GET /ticket2/opencms/img/icons/tr.png HTTP/1.1" 200 1636
101.57.6.119 - - [04/Dec/2024:00:34:00 +0100] "GET /ticket2/opencms/img/arrow-down.png HTTP/1.1" 200 192
101.57.6.119 - - [04/Dec/2024:00:34:00 +0100] "GET /ticket2/opencms/img/icons/de.png HTTP/1.1" 200 1124
101.57.6.119 - - [04/Dec/2024:00:34:00 +0100] "GET /ticket2/opencms/img/icons/fr.png HTTP/1.1" 200 1764
101.57.6.119 - - [04/Dec/2024:00:34:00 +0100] "GET /ticket2/opencms/img/icons/dk.png HTTP/1.1" 200 1706
101.57.6.119 - - [04/Dec/2024:00:34:00 +0100] "GET /ticket2/opencms/img/icons/ticket2.thumbnail.png HTTP/1.1" 200 21519
65.108.227.178 - - [04/Dec/2024:00:34:02 +0100] "GET /ticket2/opencms/sv/buy/?page=1&edid=91386F59-CC65-7E48-663D-CA8734441B84&sortorder=asc&column=price HTTP/1.1" 200 106200
65.108.125.120 - - [04/Dec/2024:00:34:02 +0100] "GET /ticket2/opencms/dk/buy/?page=1&edid=6CB5D9E4-34AD-0DB6-333B-1A3A8EB0FB6F&sortorder=asc&column=price HTTP/1.1" 200 105693
207.46.13.141 - - [04/Dec/2024:00:34:03 +0100] "GET /ticket2/opencms/it/sport/biglietti-calcio/english-championship/sheffield-wednesday HTTP/1.1" 200 98435
101.57.6.119 - - [04/Dec/2024:00:34:03 +0100] "GET /ticket2/opencms/system/modules/com.gridnine.opencms.ticketbrokerage.site/resources/css/fancybox_overlay.png HTTP/1.1" 200 1003
101.57.6.119 - - [04/Dec/2024:00:34:03 +0100] "GET /ticket2/opencms/system/modules/com.gridnine.opencms.ticketbrokerage.site/resources/css/fancybox_sprite@2x.png HTTP/1.1" 404 -
65.108.125.120 - - [04/Dec/2024:00:34:04 +0100] "GET /ticket2/opencms/dk/buy/?page=1&edid=7281C2E7-E4D7-23F7-1971-03EC28244FFF HTTP/1.1" 200 103574
95.91.104.62 - - [04/Dec/2024:00:34:04 +0100] "GET /ticket2/opencms/en/buy/?page=1&edid=7F2A5B0B-89B1-FCB5-F3DF-3B5D223FE23E HTTP/1.1" 200 103741
65.108.125.120 - - [04/Dec/2024:00:34:05 +0100] "GET /ticket2/opencms/dk/buy/?page=1&edid=7281C2E7-E4D7-23F7-1971-03EC28244FFF&sortorder=desc&column=price HTTP/1.1" 200 105513
54.36.148.181 - - [04/Dec/2024:00:34:06 +0100] "GET /ticket2/opencms/en/buy/?comcatid=A17713B6-D984-201A-4143-ED4DB5ED5C2E&catid=FF8D7FE7-4B09-7305-01C7-2D47F7913EB8 HTTP/1.1" 200 6410
65.108.227.178 - - [04/Dec/2024:00:34:07 +0100] "GET /ticket2/opencms/sv/buy/?page=1&edid=91386F59-CC65-7E48-663D-CA8734441B84&sortorder=asc&column=row HTTP/1.1" 200 106064
94.154.239.69 - - [04/Dec/2024:00:34:07 +0100] "GET /ticket2/opencms/sv/buy/?page=1&edid=BF518CE3-823D-3DE5-8DB6-2AEFD5B8D451&sortorder=asc&column=section HTTP/1.1" 200 105897
65.108.125.120 - - [04/Dec/2024:00:34:07 +0100] "GET /ticket2/opencms/dk/buy/?page=1&edid=7AC6ABB3-09AC-6373-722A-4325330B2FBA&sortorder=desc&column=section HTTP/1.1" 200 105480
95.91.104.62 - - [04/Dec/2024:00:34:08 +0100] "GET /ticket2/opencms/en/buy/?page=1&edid=7F2A5B0B-89B1-FCB5-F3DF-3B5D223FE23E&sortorder=desc&column=price HTTP/1.1" 200 105680
65.108.125.120 - - [04/Dec/2024:00:34:09 +0100] "GET /ticket2/opencms/dk/buy/?page=1&edid=7B8AD10F-EB43-2C82-3ED2-D9CE1A88EAEC&sortorder=desc&column=section HTTP/1.1" 200 105277
65.108.125.120 - - [04/Dec/2024:00:34:11 +0100] "GET /ticket2/opencms/dk/buy/?page=1&edid=7FB0F437-7C59-E915-B16B-7B2C5BCEFA77&sortorder=asc&column=section HTTP/1.1" 200 105600
65.108.227.178 - - [04/Dec/2024:00:34:11 +0100] "GET /ticket2/opencms/sv/buy/?page=1&edid=91386F59-CC65-7E48-663D-CA8734441B84&sortorder=asc&column=section HTTP/1.1" 200 106336
95.91.104.62 - - [04/Dec/2024:00:34:12 +0100] "GET /ticket2/opencms/en/buy/?page=1&edid=7F2A5B0B-89B1-FCB5-F3DF-3B5D223FE23E&sortorder=desc&column=row HTTP/1.1" 200 105544
65.108.125.120 - - [04/Dec/2024:00:34:13 +0100] "GET /ticket2/opencms/dk/buy/?page=1&edid=7FEF6961-5BF1-9DFB-5660-72619EFFF882&sortorder=asc&column=row HTTP/1.1" 200 105332
65.108.125.120 - - [04/Dec/2024:00:34:15 +0100] "GET /ticket2/opencms/dk/buy/?page=1&edid=AED19AE5-15C6-7340-D50D-690173EBEF60 HTTP/1.1" 200 100381
65.108.227.178 - - [04/Dec/2024:00:34:16 +0100] "GET /ticket2/opencms/sv/buy/?page=1&edid=91386F59-CC65-7E48-663D-CA8734441B84&sortorder=desc&column=price HTTP/1.1" 200 106267
95.91.104.62 - - [04/Dec/2024:00:34:16 +0100] "GET /ticket2/opencms/en/buy/?page=1&edid=7F2A5B0B-89B1-FCB5-F3DF-3B5D223FE23E&sortorder=desc&column=section HTTP/1.1" 200 105816
54.36.148.244 - - [04/Dec/2024:00:34:16 +0100] "GET /ticket2/opencms/bs/buy/?page=1&edid=F7607B70-C7D1-859A-AF1D-90ACBF6F99CC HTTP/1.1" 200 110752
65.108.125.120 - - [04/Dec/2024:00:34:17 +0100] "GET /ticket2/opencms/dk/buy/?page=1&edid=AF97ABE2-861D-FC72-98BD-465ED5205D7B&sortorder=asc&column=section HTTP/1.1" 200 106081
94.154.239.69 - - [04/Dec/2024:00:34:18 +0100] "GET /ticket2/opencms/sv/buy/?page=1&edid=C2B88E14-0168-2B6D-C607-2DF08C9E7129&sortorder=asc&column=section HTTP/1.1" 200 105251
101.57.6.119 - - [04/Dec/2024:00:34:18 +0100] "GET /ticket2/opencms/it/buy/?page=1&edid=11EFBC55-130A-2310-B776-C5D86878BDAB&hlv=666cb608-5280-4c14-bd8a-4a750a01000f HTTP/1.1" 200 130649
101.57.6.119 - - [04/Dec/2024:00:34:18 +0100] "GET /ticket2/opencms/system/modules/com.gridnine.opencms.ticketbrokerage.site/resources/css/calendar.css HTTP/1.1" 200 6871
101.57.6.119 - - [04/Dec/2024:00:34:18 +0100] "GET /ticket2/opencms/system/modules/com.gridnine.opencms.ticketbrokerage.site/resources/js/functions.js HTTP/1.1" 200 1583
101.57.6.119 - - [04/Dec/2024:00:34:19 +0100] "GET /ticket2/opencms/system/modules/com.gridnine.opencms.ticketbrokerage.site/resources/js/calendar.js HTTP/1.1" 200 49229
101.57.6.119 - - [04/Dec/2024:00:34:19 +0100] "GET /ticket2/opencms/system/modules/com.gridnine.opencms.ticketbrokerage.site/resources/css/ticketbrokerage.css HTTP/1.1" 200 39339
101.57.6.119 - - [04/Dec/2024:00:34:19 +0100] "GET /ticket2/opencms/system/modules/com.gridnine.opencms.ticketbrokerage.site/resources/css/standard.css HTTP/1.1" 200 73073
101.57.6.119 - - [04/Dec/2024:00:34:19 +0100] "GET /ticket2/opencms/system/modules/com.gridnine.opencms.ticketbrokerage.site/resources/js/calendar-setup.js HTTP/1.1" 200 4923
101.57.6.119 - - [04/Dec/2024:00:34:19 +0100] "GET /ticket2/opencms/system/modules/com.gridnine.opencms.ticketbrokerage.site/resources/js/calendar-en.js HTTP/1.1" 200 3338
101.57.6.119 - - [04/Dec/2024:00:34:19 +0100] "GET /ticket2/opencms/system/modules/com.gridnine.opencms.ticketbrokerage.site/resources/js/standard.js HTTP/1.1" 200 3978
101.57.6.119 - - [04/Dec/2024:00:34:19 +0100] "GET /ticket2/opencms/it/ask-form.html HTTP/1.1" 200 3156
101.57.6.119 - - [04/Dec/2024:00:34:19 +0100] "GET /ticket2/opencms/system/modules/com.gridnine.opencms.ticketbrokerage.site/resources/css/images/ui-bg_flat_75_ffffff_40x100.png HTTP/1.1" 404 -
65.108.125.120 - - [04/Dec/2024:00:34:19 +0100] "GET /ticket2/opencms/dk/buy/?page=1&edid=AFA3EF8F-030A-999D-4E9D-D4614B40CD4F&sortorder=asc&column=row HTTP/1.1" 200 105332
101.57.6.119 - - [04/Dec/2024:00:34:19 +0100] "GET /ticket2/opencms/system/modules/com.gridnine.opencms.ticketbrokerage.site/resources/css/ticketbrokerage.css HTTP/1.1" 200 39339
65.108.227.178 - - [04/Dec/2024:00:34:20 +0100] "GET /ticket2/opencms/sv/buy/?page=1&edid=91386F59-CC65-7E48-663D-CA8734441B84&sortorder=desc&column=row HTTP/1.1" 200 106131
95.91.104.62 - - [04/Dec/2024:00:34:20 +0100] "GET /ticket2/opencms/en/buy/?page=1&edid=7FF1B39E-633B-78E9-D7CF-938FA162614A HTTP/1.1" 200 102774
65.108.125.120 - - [04/Dec/2024:00:34:21 +0100] "GET /ticket2/opencms/dk/buy/?page=1&edid=AFF69298-1F5B-861B-DA2A-2FF8C352552F&sortorder=asc&column=price HTTP/1.1" 200 104858
40.77.167.52 - - [04/Dec/2024:00:34:22 +0100] "GET /ticket2/opencms/mt/buy?page=1&edid=B67E5215-A1E2-04F3-F239-662C2219156F HTTP/1.1" 200 125079
65.108.125.120 - - [04/Dec/2024:00:34:23 +0100] "GET /ticket2/opencms/dk/buy/?page=1&edid=AFF69298-1F5B-861B-DA2A-2FF8C352552F&sortorder=asc&column=row HTTP/1.1" 200 104722
95.91.104.62 - - [04/Dec/2024:00:34:24 +0100] "GET /ticket2/opencms/en/buy/?page=1&edid=7FF1B39E-633B-78E9-D7CF-938FA162614A&sortorder=desc&column=price HTTP/1.1" 200 104713
65.108.227.178 - - [04/Dec/2024:00:34:24 +0100] "GET /ticket2/opencms/sv/buy/?page=1&edid=91386F59-CC65-7E48-663D-CA8734441B84&sortorder=desc&column=section HTTP/1.1" 200 106403
54.36.148.82 - - [04/Dec/2024:00:34:24 +0100] "GET /ticket2/opencms/az/buy?page=1&edid=8D36CAAA-5B35-26C1-11D2-EB825155168E HTTP/1.1" 200 101930
65.108.125.120 - - [04/Dec/2024:00:34:25 +0100] "GET /ticket2/opencms/dk/buy/?page=1&edid=AFF69298-1F5B-861B-DA2A-2FF8C352552F&sortorder=asc&column=section HTTP/1.1" 200 104994
185.191.171.16 - - [04/Dec/2024:00:34:25 +0100] "GET /ticket2/opencms/dk/sport/fodboldbilletter/la-liga/real_sociedad/ HTTP/1.1" 200 85850
202.8.42.137 - - [04/Dec/2024:00:34:25 +0100] "GET /ticket2/opencms/system/modules/com.gridnine.opencms.ticketbrokerage.site/resources/css/standard.css HTTP/1.1" 200 73073
202.8.42.137 - - [04/Dec/2024:00:34:25 +0100] "GET /ticket2/opencms/system/modules/com.gridnine.opencms.ticketbrokerage.site/resources/css/ticketbrokerage.css HTTP/1.1" 200 39339
202.8.42.137 - - [04/Dec/2024:00:34:25 +0100] "GET /ticket2/opencms/system/modules/com.gridnine.opencms.ticketbrokerage.site/resources/css/jquery.fancybox.css HTTP/1.1" 200 4939
202.8.42.137 - - [04/Dec/2024:00:34:25 +0100] "GET /ticket2/opencms/system/modules/com.gridnine.opencms.ticketbrokerage.site/resources/css/jquery-ui.css HTTP/1.1" 200 33221
202.8.42.137 - - [04/Dec/2024:00:34:25 +0100] "GET /ticket2/opencms/system/modules/com.gridnine.opencms.ticketbrokerage.site/resources/css/calendar.css HTTP/1.1" 200 6871
202.8.42.137 - - [04/Dec/2024:00:34:25 +0100] "GET /ticket2/opencms/system/modules/com.gridnine.opencms.ticketbrokerage.site/resources/js/jquery/jquery.js HTTP/1.1" 200 93868
202.8.42.137 - - [04/Dec/2024:00:34:25 +0100] "GET /ticket2/opencms/system/modules/com.gridnine.opencms.ticketbrokerage.site/resources/js/jquery/jquery-ui.js HTTP/1.1" 200 228088
202.8.42.137 - - [04/Dec/2024:00:34:25 +0100] "GET /ticket2/opencms/system/modules/com.gridnine.opencms.ticketbrokerage.site/resources/js/functions.js HTTP/1.1" 200 1583
202.8.42.137 - - [04/Dec/2024:00:34:25 +0100] "GET /ticket2/opencms/system/modules/com.gridnine.opencms.ticketbrokerage.site/resources/js/calendar.js HTTP/1.1" 200 49229
202.8.42.137 - - [04/Dec/2024:00:34:25 +0100] "GET /ticket2/opencms/system/modules/com.gridnine.opencms.ticketbrokerage.site/resources/js/calendar-setup.js HTTP/1.1" 200 4923
202.8.42.137 - - [04/Dec/2024:00:34:25 +0100] "GET /ticket2/opencms/system/modules/com.gridnine.opencms.ticketbrokerage.site/resources/js/calendar-en.js HTTP/1.1" 200 3338
202.8.42.137 - - [04/Dec/2024:00:34:25 +0100] "GET /ticket2/opencms/system/modules/com.gridnine.opencms.ticketbrokerage.site/resources/js/jquery.fancybox.pack.js HTTP/1.1" 200 23187
202.8.42.137 - - [04/Dec/2024:00:34:25 +0100] "GET /ticket2/opencms/system/modules/com.gridnine.opencms.ticketbrokerage.site/resources/js/standard.js HTTP/1.1" 200 3978
202.8.42.137 - - [04/Dec/2024:00:34:25 +0100] "GET /ticket2/opencms/system/modules/com.gridnine.opencms.ticketbrokerage.site/resources/js/stickyfill.min.js HTTP/1.1" 200 5672
202.8.42.137 - - [04/Dec/2024:00:34:25 +0100] "GET /ticket2/opencms/system/modules/com.gridnine.opencms.ticketbrokerage.site/resources/js/jquery.placeholder.min.js HTTP/1.1" 200 1737
202.8.42.137 - - [04/Dec/2024:00:34:26 +0100] "GET /ticket2/opencms/system/modules/com.gridnine.opencms.ticketbrokerage.site/resources/js/common-ajax.js HTTP/1.1" 200 20175
202.8.42.137 - - [04/Dec/2024:00:34:26 +0100] "GET /ticket2/opencms/az/ask-form.html HTTP/1.1" 200 3156
65.108.125.120 - - [04/Dec/2024:00:34:26 +0100] "GET /ticket2/opencms/dk/buy/?page=1&edid=AFF69298-1F5B-861B-DA2A-2FF8C352552F&sortorder=desc&column=row HTTP/1.1" 200 104789
202.8.42.137 - - [04/Dec/2024:00:34:27 +0100] "GET /ticket2/opencms/az/ask-form.html HTTP/1.1" 200 3156
101.57.6.119 - - [04/Dec/2024:00:34:27 +0100] "GET /ticket2/opencms/set_aff_cookie.jsp?partner=53673ED6-1455-FA54-818F-B1F67121E37C&url=/it/buy/index.html%3Fpage%3D1%26edid%3D11EFBC55-130A-2310-B776-C5D86878BDAB%26hlv%3D666cb608-5280-4c14-bd8a-4a750a01000f%23v1201464590 HTTP/1.1" 200 225
202.8.42.137 - - [04/Dec/2024:00:34:27 +0100] "GET /ticket2/opencms/system/modules/com.gridnine.opencms.ticketbrokerage.site/resources/css/ticketbrokerage.css HTTP/1.1" 200 39339
202.8.42.137 - - [04/Dec/2024:00:34:28 +0100] "GET /ticket2/opencms/system/modules/com.gridnine.opencms.ticketbrokerage.site/resources/js/standard.js HTTP/1.1" 200 3978
95.91.104.62 - - [04/Dec/2024:00:34:28 +0100] "GET /ticket2/opencms/en/buy/?page=1&edid=7FF1B39E-633B-78E9-D7CF-938FA162614A&sortorder=desc&column=row HTTP/1.1" 200 104577
65.108.125.120 - - [04/Dec/2024:00:34:28 +0100] "GET /ticket2/opencms/dk/buy/?page=1&edid=AFF69298-1F5B-861B-DA2A-2FF8C352552F&sortorder=desc&column=section HTTP/1.1" 200 105061
101.57.6.119 - - [04/Dec/2024:00:34:28 +0100] "GET /ticket2/opencms/it/buy/?page=1&edid=11EFBC55-130A-2310-B776-C5D86878BDAB&hlv=666cb608-5280-4c14-bd8a-4a750a01000f HTTP/1.1" 200 130649
65.108.227.178 - - [04/Dec/2024:00:34:28 +0100] "GET /ticket2/opencms/sv/buy/?page=1&edid=913E4DAD-A4C6-5A85-F460-A5A7913D5C05&sortorder=asc&column=price HTTP/1.1" 200 104727
94.154.239.69 - - [04/Dec/2024:00:34:29 +0100] "GET /ticket2/opencms/sv/buy/?page=1&edid=C31835E8-4243-0172-6536-C80FE28B00BD&sortorder=asc&column=section HTTP/1.1" 200 105454
65.108.125.120 - - [04/Dec/2024:00:34:30 +0100] "GET /ticket2/opencms/dk/buy/?page=1&edid=B0039853-0FD8-C84B-1730-6B53C69DB496 HTTP/1.1" 200 104134
85.208.96.209 - - [04/Dec/2024:00:34:31 +0100] "GET /ticket2/opencms/sv/sport/fotbollsbiljetter/english-championship/stoke/ HTTP/1.1" 200 87149
95.91.104.62 - - [04/Dec/2024:00:34:32 +0100] "GET /ticket2/opencms/en/buy/?page=1&edid=7FF1B39E-633B-78E9-D7CF-938FA162614A&sortorder=desc&column=section HTTP/1.1" 200 104849
