54.36.149.3 - - [04/Dec/2024:00:45:26 +0100] "GET /ticket2/opencms/cs/buy?page=6&comcatid=A17713B6-D984-201A-4143-ED4DB5ED5C2E&catid=A4D9EA9A-192D-0274-BF26-9C98D8B902AB&eventid=10A4B056-E56D-2EC6-06F9-A9715C3D8173 HTTP/1.1" 200 6410
65.108.227.178 - - [04/Dec/2024:00:45:28 +0100] "GET /ticket2/opencms/sv/buy/?page=1&edid=A091C331-64B9-897A-6AFC-8343A75EC5CB&sortorder=asc&column=price HTTP/1.1" 200 105760
95.91.104.62 - - [04/Dec/2024:00:45:28 +0100] "GET /ticket2/opencms/en/login/?edid=C5A6B247-9611-1B6E-4486-AED9A8A21180 HTTP/1.1" 200 81798
94.154.239.69 - - [04/Dec/2024:00:45:30 +0100] "GET /ticket2/opencms/sv/buy/?page=1&edid=E6A0D150-7FB8-206E-FF7A-726E9CDFB1A5&sortorder=asc&column=row HTTP/1.1" 200 105682
95.91.104.62 - - [04/Dec/2024:00:45:32 +0100] "GET /ticket2/opencms/en/login/?edid=E0522035-0BAF-AE6A-5BD8-7838D11C6194 HTTP/1.1" 200 81798
66.249.79.5 - - [04/Dec/2024:00:45:33 +0100] "GET /ticket2/opencms/nl/ HTTP/1.1" 200 91414
65.108.227.178 - - [04/Dec/2024:00:45:33 +0100] "GET /ticket2/opencms/sv/buy/?page=1&edid=A091C331-64B9-897A-6AFC-8343A75EC5CB&sortorder=asc&column=row HTTP/1.1" 200 105624
54.36.149.91 - - [04/Dec/2024:00:45:34 +0100] "GET /ticket2/opencms/de/buy/?page=1&edid=4850D7A2-1335-E7AC-9D3F-41B304FBAA4C HTTP/1.1" 200 124344
94.154.239.69 - - [04/Dec/2024:00:45:36 +0100] "GET /ticket2/opencms/sv/buy/?page=1&edid=E6A0D150-7FB8-206E-FF7A-726E9CDFB1A5&sortorder=asc&column=section HTTP/1.1" 200 105954
95.91.104.62 - - [04/Dec/2024:00:45:36 +0100] "GET /ticket2/opencms/en/login/?edid=E3B46C02-527F-BFED-1199-3D6C38556545 HTTP/1.1" 200 81798
66.249.68.33 - - [04/Dec/2024:00:45:37 +0100] "GET /ticket2/opencms/fr/ HTTP/1.1" 200 93507
65.108.227.178 - - [04/Dec/2024:00:45:38 +0100] "GET /ticket2/opencms/sv/buy/?page=1&edid=A091C331-64B9-897A-6AFC-8343A75EC5CB&sortorder=asc&column=section HTTP/1.1" 200 105896
95.91.104.62 - - [04/Dec/2024:00:45:40 +0100] "GET /ticket2/opencms/en/login/?edid=E8847AD1-35CC-3C72-3A90-470EF1CAF178 HTTP/1.1" 200 81798
66.249.68.32 - - [04/Dec/2024:00:45:41 +0100] "GET /ticket2/opencms/pl/ HTTP/1.1" 200 93340
94.154.239.69 - - [04/Dec/2024:00:45:41 +0100] "GET /ticket2/opencms/sv/buy/?page=1&edid=E6A0D150-7FB8-206E-FF7A-726E9CDFB1A5&sortorder=desc&column=price HTTP/1.1" 200 105885
65.108.227.178 - - [04/Dec/2024:00:45:42 +0100] "GET /ticket2/opencms/sv/buy/?page=1&edid=A1902A06-EAB5-9047-CB19-FEF5D64E83BA HTTP/1.1" 200 102858
95.91.104.62 - - [04/Dec/2024:00:45:43 +0100] "GET /ticket2/opencms/en/login/?edid=EB16CA43-9613-F03C-652F-C6E29207D6EB HTTP/1.1" 200 81798
66.249.78.4 - - [04/Dec/2024:00:45:45 +0100] "GET /ticket2/opencms/es/ HTTP/1.1" 200 93581
65.108.227.178 - - [04/Dec/2024:00:45:47 +0100] "GET /ticket2/opencms/sv/buy/?page=1&edid=A1902A06-EAB5-9047-CB19-FEF5D64E83BA&sortorder=asc&column=price HTTP/1.1" 200 104730
94.154.239.69 - - [04/Dec/2024:00:45:47 +0100] "GET /ticket2/opencms/sv/buy/?page=1&edid=E6A0D150-7FB8-206E-FF7A-726E9CDFB1A5&sortorder=desc&column=row HTTP/1.1" 200 105749
54.36.148.63 - - [04/Dec/2024:00:45:47 +0100] "GET /ticket2/opencms/en/buying_tickets HTTP/1.1" 200 81646
95.91.104.62 - - [04/Dec/2024:00:45:47 +0100] "GET /ticket2/opencms/en/login/?edid=ED327E33-FE74-1FCE-5E3B-538993D6B5E2 HTTP/1.1" 200 81798
66.249.68.39 - - [04/Dec/2024:00:45:48 +0100] "GET /ticket2/opencms/nl/ HTTP/1.1" 200 91414
54.36.148.197 - - [04/Dec/2024:00:45:49 +0100] "GET /ticket2/opencms/lv/buy/?page=1&edid=D582FDF1-C885-7FD8-841B-6D2DEF5C38A4 HTTP/1.1" 200 127855
66.249.68.39 - - [04/Dec/2024:00:45:51 +0100] "GET /ticket2/opencms/de/ HTTP/1.1" 200 93146
95.91.104.62 - - [04/Dec/2024:00:45:52 +0100] "GET /ticket2/opencms/en/login/?edid=EDD921C3-85E0-12A1-A432-98789C28A5CD HTTP/1.1" 200 81798
65.108.227.178 - - [04/Dec/2024:00:45:52 +0100] "GET /ticket2/opencms/sv/buy/?page=1&edid=A1902A06-EAB5-9047-CB19-FEF5D64E83BA&sortorder=asc&column=row HTTP/1.1" 200 104594
94.154.239.69 - - [04/Dec/2024:00:45:53 +0100] "GET /ticket2/opencms/sv/buy/?page=1&edid=E6A0D150-7FB8-206E-FF7A-726E9CDFB1A5&sortorder=desc&column=section HTTP/1.1" 200 106021
54.36.148.81 - - [04/Dec/2024:00:45:54 +0100] "GET /ticket2/opencms/tr/buy?page=6&comcatid=A17713B6-D984-201A-4143-ED4DB5ED5C2E&catid=A4D9EA9A-192D-0274-BF26-9C98D8B902AB&eventid=10A4B056-E56D-2EC6-06F9-A9715C3D8173 HTTP/1.1" 200 6410
66.249.68.39 - - [04/Dec/2024:00:45:56 +0100] "GET /ticket2/opencms/it/ HTTP/1.1" 200 93492
65.108.227.178 - - [04/Dec/2024:00:45:56 +0100] "GET /ticket2/opencms/sv/buy/?page=1&edid=A1902A06-EAB5-9047-CB19-FEF5D64E83BA&sortorder=asc&column=section HTTP/1.1" 200 104866
94.154.239.69 - - [04/Dec/2024:00:45:58 +0100] "GET /ticket2/opencms/sv/buy/?page=1&edid=E7CABF3F-BA1D-9253-67ED-B08A24F5C418 HTTP/1.1" 200 103030
66.249.68.68 - - [04/Dec/2024:00:45:58 +0100] "GET /ticket2/opencms/lv/affiliateprogram.html HTTP/1.1" 200 79106
65.108.227.178 - - [04/Dec/2024:00:46:01 +0100] "GET /ticket2/opencms/sv/buy/?page=1&edid=A1902A06-EAB5-9047-CB19-FEF5D64E83BA&sortorder=desc&column=price HTTP/1.1" 200 104797
95.91.104.62 - - [04/Dec/2024:00:46:03 +0100] "GET /ticket2/opencms/en/login/?edid=F2AAEAC6-0FA1-D834-2990-EDC1FBE1D38B HTTP/1.1" 200 81798
54.36.148.133 - - [04/Dec/2024:00:46:03 +0100] "GET /ticket2/opencms/de/buy/?page=1&edid=8DA9D1EA-2F7E-8136-071B-749FF836435A HTTP/1.1" 200 103788
94.154.239.69 - - [04/Dec/2024:00:46:03 +0100] "GET /ticket2/opencms/sv/buy/?page=1&edid=E7CABF3F-BA1D-9253-67ED-B08A24F5C418&sortorder=asc&column=price HTTP/1.1" 200 104902
95.91.104.62 - - [04/Dec/2024:00:46:06 +0100] "GET /ticket2/opencms/en/login/?edid=F2FA4242-01BE-3FE2-3A47-7E833A37D435 HTTP/1.1" 200 81798
94.154.239.69 - - [04/Dec/2024:00:46:09 +0100] "GET /ticket2/opencms/sv/buy/?page=1&edid=E7CABF3F-BA1D-9253-67ED-B08A24F5C418&sortorder=asc&column=section HTTP/1.1" 200 105038
95.91.104.62 - - [04/Dec/2024:00:46:10 +0100] "GET /ticket2/opencms/en/login/?edid=F3251279-5CA1-2E3D-DFD8-8321544A1F81 HTTP/1.1" 200 81798
54.36.149.36 - - [04/Dec/2024:00:46:12 +0100] "GET /ticket2/opencms/ka/buy?page=6&comcatid=A17713B6-D984-201A-4143-ED4DB5ED5C2E&catid=D8B345C9-F7A5-E620-4B43-C34EB0D6885B&eventid=473D0D80-318B-9AEF-7923-42B4F01AAAE6 HTTP/1.1" 200 6410
94.154.239.69 - - [04/Dec/2024:00:46:14 +0100] "GET /ticket2/opencms/sv/buy/?page=1&edid=E8DC3225-DF07-A0B7-224F-8F7C178BD934 HTTP/1.1" 200 103479
66.249.79.231 - - [04/Dec/2024:00:46:14 +0100] "GET /ticket2/opencms/nl/buy/?page=1&edid=4EEBDF1A-3C1D-BDB9-B11A-8D66ED171C2B HTTP/1.1" 200 99402
95.91.104.62 - - [04/Dec/2024:00:46:14 +0100] "GET /ticket2/opencms/en/login/?edid=F390A5E5-D6FF-349F-808E-346867C2ACB9 HTTP/1.1" 200 81798
85.208.96.205 - - [04/Dec/2024:00:46:17 +0100] "GET /ticket2/opencms/sv/sport/fotbollsbiljetter/bundesliga/hertha/ HTTP/1.1" 200 79196
94.154.239.69 - - [04/Dec/2024:00:46:19 +0100] "GET /ticket2/opencms/sv/buy/?page=1&edid=E8DC3225-DF07-A0B7-224F-8F7C178BD934&sortorder=asc&column=price HTTP/1.1" 200 105351
95.91.104.62 - - [04/Dec/2024:00:46:20 +0100] "GET /ticket2/opencms/en/login/?edid=E4DD4E8B-531F-7FAF-7060-DC5A1A2860FE HTTP/1.1" 200 81798
54.36.148.215 - - [04/Dec/2024:00:46:21 +0100] "GET /ticket2/opencms/es/buy/?page=1&edid=1BDE69E9-911B-D7B1-5E4E-80296443BB3B HTTP/1.1" 200 101375
95.91.104.62 - - [04/Dec/2024:00:46:23 +0100] "GET /ticket2/opencms/en/sell/?edid=045E9839-F527-B1BF-B532-802EBDA5A6EC HTTP/1.1" 302 -
94.154.239.69 - - [04/Dec/2024:00:46:24 +0100] "GET /ticket2/opencms/sv/buy/?page=1&edid=E8DC3225-DF07-A0B7-224F-8F7C178BD934&sortorder=asc&column=section HTTP/1.1" 200 105487
95.91.104.62 - - [04/Dec/2024:00:46:27 +0100] "GET /ticket2/opencms/en/login/?edid=045E9839-F527-B1BF-B532-802EBDA5A6EC HTTP/1.1" 200 81798
54.36.148.79 - - [04/Dec/2024:00:46:30 +0100] "GET /ticket2/opencms/sv/buy?page=6&comcatid=A17713B6-D984-201A-4143-ED4DB5ED5C2E&catid=36394212-F82E-F845-399B-42BED55969CC&eventid=8089A138-5EE7-E43F-C342-AAB9352CA1D1 HTTP/1.1" 200 6410
94.154.239.69 - - [04/Dec/2024:00:46:30 +0100] "GET /ticket2/opencms/sv/buy/?page=1&edid=EA0BB108-1C0E-CBF5-8F96-A048E809CFD0 HTTP/1.1" 200 103905
95.91.104.62 - - [04/Dec/2024:00:46:30 +0100] "GET /ticket2/opencms/en/sell/?edid=04B7ADC8-C119-4290-CF2E-7631F5EE7D6C HTTP/1.1" 302 -
95.91.104.62 - - [04/Dec/2024:00:46:34 +0100] "GET /ticket2/opencms/en/login/?edid=04B7ADC8-C119-4290-CF2E-7631F5EE7D6C HTTP/1.1" 200 81798
94.154.239.69 - - [04/Dec/2024:00:46:35 +0100] "GET /ticket2/opencms/sv/buy/?page=1&edid=EA0BB108-1C0E-CBF5-8F96-A048E809CFD0&sortorder=asc&column=price HTTP/1.1" 200 105777
47.128.17.36 - - [04/Dec/2024:00:46:36 +0100] "GET /ticket2/opencms/be/buy/?comcatid=66708183-7480-3365-06BF-DBF60280AB45 HTTP/1.1" 200 6410
54.36.148.4 - - [04/Dec/2024:00:46:37 +0100] "GET /ticket2/opencms/de/buy?page=6&comcatid=A17713B6-D984-201A-4143-ED4DB5ED5C2E&catid=21C3854B-901E-11F9-7B7D-6838CC6AFAA4 HTTP/1.1" 200 6410
95.91.104.62 - - [04/Dec/2024:00:46:38 +0100] "GET /ticket2/opencms/en/sell/?edid=0704BD6D-31E9-BB79-1A42-1B64AF5D31BB HTTP/1.1" 302 -
47.128.17.213 - - [04/Dec/2024:00:46:40 +0100] "GET /ticket2/opencms/nl/buy/?edid=1E8CD446-2E9F-5A21-E2F4-251CB3C89182 HTTP/1.1" 200 82207
94.154.239.69 - - [04/Dec/2024:00:46:41 +0100] "GET /ticket2/opencms/sv/buy/?page=1&edid=EA0BB108-1C0E-CBF5-8F96-A048E809CFD0&sortorder=asc&column=row HTTP/1.1" 200 105641
66.249.68.69 - - [04/Dec/2024:00:46:42 +0100] "GET /ticket2/opencms/lv/standard/ HTTP/1.1" 500 -
95.91.104.62 - - [04/Dec/2024:00:46:42 +0100] "GET /ticket2/opencms/en/login/?edid=0704BD6D-31E9-BB79-1A42-1B64AF5D31BB HTTP/1.1" 200 81798
114.119.153.152 - - [04/Dec/2024:00:46:43 +0100] "GET /ticket2/opencms/az/buy?page=1&=772BDFF4-D36A-F416-45EA-8FC73CAC3BDE HTTP/1.1" 200 6507
185.191.171.10 - - [04/Dec/2024:00:46:44 +0100] "GET /ticket2/opencms/no/faq/ HTTP/1.1" 200 84989
54.36.148.11 - - [04/Dec/2024:00:46:45 +0100] "GET /ticket2/opencms/dk/buy?page=1&edid=14427B33-9BB8-BBB7-1EBA-73EE86A692A4 HTTP/1.1" 200 109637
95.91.104.62 - - [04/Dec/2024:00:46:45 +0100] "GET /ticket2/opencms/en/sell/?edid=0E07B67C-7C0E-8F08-1509-BCCF12475FA8 HTTP/1.1" 302 -
202.8.41.29 - - [04/Dec/2024:00:46:46 +0100] "GET /ticket2/opencms/system/modules/com.gridnine.opencms.ticketbrokerage.site/resources/css/jquery.fancybox.css HTTP/1.1" 200 4939
202.8.41.29 - - [04/Dec/2024:00:46:46 +0100] "GET /ticket2/opencms/system/modules/com.gridnine.opencms.ticketbrokerage.site/resources/css/ticketbrokerage.css HTTP/1.1" 200 39339
202.8.41.29 - - [04/Dec/2024:00:46:46 +0100] "GET /ticket2/opencms/system/modules/com.gridnine.opencms.ticketbrokerage.site/resources/css/jquery-ui.css HTTP/1.1" 200 33221
202.8.41.29 - - [04/Dec/2024:00:46:46 +0100] "GET /ticket2/opencms/system/modules/com.gridnine.opencms.ticketbrokerage.site/resources/css/calendar.css HTTP/1.1" 200 6871
202.8.41.29 - - [04/Dec/2024:00:46:46 +0100] "GET /ticket2/opencms/system/modules/com.gridnine.opencms.ticketbrokerage.site/resources/css/standard.css HTTP/1.1" 200 73073
202.8.41.29 - - [04/Dec/2024:00:46:46 +0100] "GET /ticket2/opencms/system/modules/com.gridnine.opencms.ticketbrokerage.site/resources/js/calendar-en.js HTTP/1.1" 200 3338
202.8.41.29 - - [04/Dec/2024:00:46:46 +0100] "GET /ticket2/opencms/system/modules/com.gridnine.opencms.ticketbrokerage.site/resources/js/functions.js HTTP/1.1" 200 1583
202.8.41.29 - - [04/Dec/2024:00:46:46 +0100] "GET /ticket2/opencms/system/modules/com.gridnine.opencms.ticketbrokerage.site/resources/js/jquery/jquery-ui.js HTTP/1.1" 200 228088
202.8.41.29 - - [04/Dec/2024:00:46:46 +0100] "GET /ticket2/opencms/system/modules/com.gridnine.opencms.ticketbrokerage.site/resources/js/calendar-setup.js HTTP/1.1" 200 4923
202.8.41.29 - - [04/Dec/2024:00:46:46 +0100] "GET /ticket2/opencms/system/modules/com.gridnine.opencms.ticketbrokerage.site/resources/js/calendar.js HTTP/1.1" 200 49229
202.8.41.29 - - [04/Dec/2024:00:46:46 +0100] "GET /ticket2/opencms/system/modules/com.gridnine.opencms.ticketbrokerage.site/resources/js/jquery/jquery.js HTTP/1.1" 200 93868
94.154.239.69 - - [04/Dec/2024:00:46:46 +0100] "GET /ticket2/opencms/sv/buy/?page=1&edid=EA0BB108-1C0E-CBF5-8F96-A048E809CFD0&sortorder=desc&column=price HTTP/1.1" 200 105844
202.8.41.29 - - [04/Dec/2024:00:46:46 +0100] "GET /ticket2/opencms/system/modules/com.gridnine.opencms.ticketbrokerage.site/resources/js/jquery.fancybox.pack.js HTTP/1.1" 200 23187
202.8.41.29 - - [04/Dec/2024:00:46:46 +0100] "GET /ticket2/opencms/system/modules/com.gridnine.opencms.ticketbrokerage.site/resources/js/stickyfill.min.js HTTP/1.1" 200 5672
202.8.41.29 - - [04/Dec/2024:00:46:46 +0100] "GET /ticket2/opencms/system/modules/com.gridnine.opencms.ticketbrokerage.site/resources/js/standard.js HTTP/1.1" 200 3978
202.8.41.29 - - [04/Dec/2024:00:46:46 +0100] "GET /ticket2/opencms/system/modules/com.gridnine.opencms.ticketbrokerage.site/resources/js/jquery.placeholder.min.js HTTP/1.1" 200 1737
202.8.41.29 - - [04/Dec/2024:00:46:46 +0100] "GET /ticket2/opencms/system/modules/com.gridnine.opencms.ticketbrokerage.site/resources/js/common-ajax.js HTTP/1.1" 200 20175
202.8.41.29 - - [04/Dec/2024:00:46:47 +0100] "GET /ticket2/opencms/dk/ask-form.html HTTP/1.1" 200 2971
202.8.41.29 - - [04/Dec/2024:00:46:47 +0100] "GET /ticket2/opencms/dk/ask-form.html HTTP/1.1" 200 2971
202.8.41.29 - - [04/Dec/2024:00:46:47 +0100] "GET /ticket2/opencms/system/modules/com.gridnine.opencms.ticketbrokerage.site/resources/css/ticketbrokerage.css HTTP/1.1" 200 39339
202.8.41.29 - - [04/Dec/2024:00:46:47 +0100] "GET /ticket2/opencms/system/modules/com.gridnine.opencms.ticketbrokerage.site/resources/js/standard.js HTTP/1.1" 200 3978
185.191.171.2 - - [04/Dec/2024:00:46:48 +0100] "GET /ticket2/opencms/de/sport/fussball-tickets/bundesliga/union_berlin/ HTTP/1.1" 200 91792
95.91.104.62 - - [04/Dec/2024:00:46:49 +0100] "GET /ticket2/opencms/en/login/?edid=0E07B67C-7C0E-8F08-1509-BCCF12475FA8 HTTP/1.1" 200 81798
94.154.239.69 - - [04/Dec/2024:00:46:51 +0100] "GET /ticket2/opencms/sv/buy/?page=1&edid=EA0BB108-1C0E-CBF5-8F96-A048E809CFD0&sortorder=desc&column=section HTTP/1.1" 200 105980
95.91.104.62 - - [04/Dec/2024:00:46:52 +0100] "GET /ticket2/opencms/en/sell/?edid=19D8DF2D-F98F-516A-0C52-7520D8E30285 HTTP/1.1" 302 -
94.154.239.69 - - [04/Dec/2024:00:46:55 +0100] "GET /ticket2/opencms/en/login/?edid=26946324-80EA-5BC2-A081-74A9001A9422 HTTP/1.1" 200 81798
54.36.149.101 - - [04/Dec/2024:00:46:56 +0100] "GET /ticket2/opencms/sl/buy/?page=1&edid=9D2DFDC9-4BC5-EECE-32CF-AF6FA9041457 HTTP/1.1" 200 127005
95.91.104.62 - - [04/Dec/2024:00:46:56 +0100] "GET /ticket2/opencms/en/login/?edid=19D8DF2D-F98F-516A-0C52-7520D8E30285 HTTP/1.1" 200 81798
94.154.239.69 - - [04/Dec/2024:00:46:58 +0100] "GET /ticket2/opencms/en/login/?edid=26B722A8-A37B-F70B-4316-1551E2D204EA HTTP/1.1" 200 81798
94.154.239.69 - - [04/Dec/2024:00:47:02 +0100] "GET /ticket2/opencms/en/login/?edid=866FFC50-DF27-5378-DBAB-F17893C3BF22 HTTP/1.1" 200 81798
94.154.239.69 - - [04/Dec/2024:00:47:06 +0100] "GET /ticket2/opencms/en/login/?edid=8B3B84C5-3DC0-B667-5464-4096542A8D78 HTTP/1.1" 200 81798
95.91.104.62 - - [04/Dec/2024:00:47:07 +0100] "GET /ticket2/opencms/en/sell/?edid=23462A4C-8725-82B5-7A63-462FC0C8A36E HTTP/1.1" 302 -
52.167.144.204 - - [04/Dec/2024:00:47:07 +0100] "GET /ticket2/opencms/sv/buy?page=1&edid=33CFCCFE-A22A-4A2C-1202-26E0FBDCB686 HTTP/1.1" 200 113166
54.36.148.225 - - [04/Dec/2024:00:47:07 +0100] "GET /ticket2/opencms/az/buy/?page=1&edid=0F9D6B87-FBA2-98F6-6A11-CBBA4D2A86C1 HTTP/1.1" 200 136218
94.154.239.69 - - [04/Dec/2024:00:47:09 +0100] "GET /ticket2/opencms/en/login/?edid=8CF6788D-AB36-8397-1F86-FEE4FE6FC147 HTTP/1.1" 200 81798
95.91.104.62 - - [04/Dec/2024:00:47:11 +0100] "GET /ticket2/opencms/en/login/?edid=23462A4C-8725-82B5-7A63-462FC0C8A36E HTTP/1.1" 200 81798
94.154.239.69 - - [04/Dec/2024:00:47:13 +0100] "GET /ticket2/opencms/en/login/?edid=8D91D59E-3F0A-3FEA-2B47-5251F7B4BE3B HTTP/1.1" 200 81798
95.91.104.62 - - [04/Dec/2024:00:47:14 +0100] "GET /ticket2/opencms/en/sell/?edid=32383021-E0A1-F77B-1AA6-B356381F213B HTTP/1.1" 302 -
54.36.148.141 - - [04/Dec/2024:00:47:16 +0100] "GET /ticket2/opencms/sq/buy?page=1&edid=14427B33-9BB8-BBB7-1EBA-73EE86A692A4 HTTP/1.1" 200 110906
94.154.239.69 - - [04/Dec/2024:00:47:17 +0100] "GET /ticket2/opencms/en/login/?edid=932CFDF1-C8A9-5F7B-5BD7-A07313354469 HTTP/1.1" 200 81798
202.8.42.54 - - [04/Dec/2024:00:47:17 +0100] "GET /ticket2/opencms/system/modules/com.gridnine.opencms.ticketbrokerage.site/resources/css/jquery.fancybox.css HTTP/1.1" 200 4939
202.8.42.54 - - [04/Dec/2024:00:47:17 +0100] "GET /ticket2/opencms/system/modules/com.gridnine.opencms.ticketbrokerage.site/resources/css/jquery-ui.css HTTP/1.1" 200 33221
202.8.42.54 - - [04/Dec/2024:00:47:18 +0100] "GET /ticket2/opencms/system/modules/com.gridnine.opencms.ticketbrokerage.site/resources/css/calendar.css HTTP/1.1" 200 6871
202.8.42.54 - - [04/Dec/2024:00:47:18 +0100] "GET /ticket2/opencms/system/modules/com.gridnine.opencms.ticketbrokerage.site/resources/css/ticketbrokerage.css HTTP/1.1" 200 39339
202.8.42.54 - - [04/Dec/2024:00:47:18 +0100] "GET /ticket2/opencms/system/modules/com.gridnine.opencms.ticketbrokerage.site/resources/css/standard.css HTTP/1.1" 200 73073
202.8.42.54 - - [04/Dec/2024:00:47:18 +0100] "GET /ticket2/opencms/system/modules/com.gridnine.opencms.ticketbrokerage.site/resources/js/calendar.js HTTP/1.1" 200 49229
202.8.42.54 - - [04/Dec/2024:00:47:18 +0100] "GET /ticket2/opencms/system/modules/com.gridnine.opencms.ticketbrokerage.site/resources/js/functions.js HTTP/1.1" 200 1583
202.8.42.54 - - [04/Dec/2024:00:47:18 +0100] "GET /ticket2/opencms/system/modules/com.gridnine.opencms.ticketbrokerage.site/resources/js/calendar-en.js HTTP/1.1" 200 3338
202.8.42.54 - - [04/Dec/2024:00:47:18 +0100] "GET /ticket2/opencms/system/modules/com.gridnine.opencms.ticketbrokerage.site/resources/js/jquery/jquery-ui.js HTTP/1.1" 200 228088
202.8.42.54 - - [04/Dec/2024:00:47:18 +0100] "GET /ticket2/opencms/system/modules/com.gridnine.opencms.ticketbrokerage.site/resources/js/jquery/jquery.js HTTP/1.1" 200 93868
202.8.42.54 - - [04/Dec/2024:00:47:18 +0100] "GET /ticket2/opencms/system/modules/com.gridnine.opencms.ticketbrokerage.site/resources/js/calendar-setup.js HTTP/1.1" 200 4923
95.91.104.62 - - [04/Dec/2024:00:47:18 +0100] "GET /ticket2/opencms/en/login/?edid=32383021-E0A1-F77B-1AA6-B356381F213B HTTP/1.1" 200 81798
202.8.42.54 - - [04/Dec/2024:00:47:18 +0100] "GET /ticket2/opencms/system/modules/com.gridnine.opencms.ticketbrokerage.site/resources/js/jquery.fancybox.pack.js HTTP/1.1" 200 23187
202.8.42.54 - - [04/Dec/2024:00:47:18 +0100] "GET /ticket2/opencms/system/modules/com.gridnine.opencms.ticketbrokerage.site/resources/js/stickyfill.min.js HTTP/1.1" 200 5672
202.8.42.54 - - [04/Dec/2024:00:47:18 +0100] "GET /ticket2/opencms/system/modules/com.gridnine.opencms.ticketbrokerage.site/resources/js/standard.js HTTP/1.1" 200 3978
202.8.42.54 - - [04/Dec/2024:00:47:18 +0100] "GET /ticket2/opencms/system/modules/com.gridnine.opencms.ticketbrokerage.site/resources/js/jquery.placeholder.min.js HTTP/1.1" 200 1737
202.8.42.54 - - [04/Dec/2024:00:47:18 +0100] "GET /ticket2/opencms/system/modules/com.gridnine.opencms.ticketbrokerage.site/resources/js/common-ajax.js HTTP/1.1" 200 20175
202.8.42.54 - - [04/Dec/2024:00:47:18 +0100] "GET /ticket2/opencms/sq/ask-form.html HTTP/1.1" 200 3156
202.8.42.54 - - [04/Dec/2024:00:47:20 +0100] "GET /ticket2/opencms/sq/ask-form.html HTTP/1.1" 200 3156
202.8.42.54 - - [04/Dec/2024:00:47:20 +0100] "GET /ticket2/opencms/system/modules/com.gridnine.opencms.ticketbrokerage.site/resources/css/ticketbrokerage.css HTTP/1.1" 200 39339
202.8.42.54 - - [04/Dec/2024:00:47:20 +0100] "GET /ticket2/opencms/system/modules/com.gridnine.opencms.ticketbrokerage.site/resources/js/standard.js HTTP/1.1" 200 3978
94.154.239.69 - - [04/Dec/2024:00:47:21 +0100] "GET /ticket2/opencms/en/login/?edid=9424D23C-F445-9898-F3CF-99CAD58F851B HTTP/1.1" 200 81798
95.91.104.62 - - [04/Dec/2024:00:47:21 +0100] "GET /ticket2/opencms/en/sell/?edid=356B89ED-8C47-F470-B89D-02FAEFE4B7E6 HTTP/1.1" 302 -
94.154.239.69 - - [04/Dec/2024:00:47:24 +0100] "GET /ticket2/opencms/en/login/?edid=95A3B438-97BC-3506-F93A-4EBBAC11B0AF HTTP/1.1" 200 81798
95.91.104.62 - - [04/Dec/2024:00:47:25 +0100] "GET /ticket2/opencms/en/login/?edid=356B89ED-8C47-F470-B89D-02FAEFE4B7E6 HTTP/1.1" 200 81798
54.36.148.118 - - [04/Dec/2024:00:47:27 +0100] "GET /ticket2/opencms/be/buy?page=1&edid=BBB940B6-8B69-6BE4-C45F-7EE004DD79A8 HTTP/1.1" 200 116406
94.154.239.69 - - [04/Dec/2024:00:47:28 +0100] "GET /ticket2/opencms/en/login/?edid=95CAE7DD-0DA8-CD41-1841-E9E21725E1F3 HTTP/1.1" 200 81798
95.91.104.62 - - [04/Dec/2024:00:47:28 +0100] "GET /ticket2/opencms/en/sell/?edid=35B50084-B9AA-1B2B-99FE-C3FBA2700019 HTTP/1.1" 302 -
202.8.40.111 - - [04/Dec/2024:00:47:29 +0100] "GET /ticket2/opencms/system/modules/com.gridnine.opencms.ticketbrokerage.site/resources/css/jquery.fancybox.css HTTP/1.1" 200 4939
202.8.40.111 - - [04/Dec/2024:00:47:29 +0100] "GET /ticket2/opencms/system/modules/com.gridnine.opencms.ticketbrokerage.site/resources/css/ticketbrokerage.css HTTP/1.1" 200 39339
202.8.40.111 - - [04/Dec/2024:00:47:29 +0100] "GET /ticket2/opencms/system/modules/com.gridnine.opencms.ticketbrokerage.site/resources/css/calendar.css HTTP/1.1" 200 6871
202.8.40.111 - - [04/Dec/2024:00:47:29 +0100] "GET /ticket2/opencms/system/modules/com.gridnine.opencms.ticketbrokerage.site/resources/css/jquery-ui.css HTTP/1.1" 200 33221
202.8.40.111 - - [04/Dec/2024:00:47:29 +0100] "GET /ticket2/opencms/system/modules/com.gridnine.opencms.ticketbrokerage.site/resources/css/standard.css HTTP/1.1" 200 73073
202.8.40.111 - - [04/Dec/2024:00:47:29 +0100] "GET /ticket2/opencms/system/modules/com.gridnine.opencms.ticketbrokerage.site/resources/js/jquery/jquery.js HTTP/1.1" 200 93868
202.8.40.111 - - [04/Dec/2024:00:47:29 +0100] "GET /ticket2/opencms/system/modules/com.gridnine.opencms.ticketbrokerage.site/resources/js/jquery/jquery-ui.js HTTP/1.1" 200 228088
202.8.40.111 - - [04/Dec/2024:00:47:29 +0100] "GET /ticket2/opencms/system/modules/com.gridnine.opencms.ticketbrokerage.site/resources/js/functions.js HTTP/1.1" 200 1583
202.8.40.111 - - [04/Dec/2024:00:47:29 +0100] "GET /ticket2/opencms/system/modules/com.gridnine.opencms.ticketbrokerage.site/resources/js/calendar.js HTTP/1.1" 200 49229
202.8.40.111 - - [04/Dec/2024:00:47:29 +0100] "GET /ticket2/opencms/system/modules/com.gridnine.opencms.ticketbrokerage.site/resources/js/calendar-en.js HTTP/1.1" 200 3338
202.8.40.111 - - [04/Dec/2024:00:47:29 +0100] "GET /ticket2/opencms/system/modules/com.gridnine.opencms.ticketbrokerage.site/resources/js/calendar-setup.js HTTP/1.1" 200 4923
202.8.40.111 - - [04/Dec/2024:00:47:29 +0100] "GET /ticket2/opencms/system/modules/com.gridnine.opencms.ticketbrokerage.site/resources/js/jquery.fancybox.pack.js HTTP/1.1" 200 23187
202.8.40.111 - - [04/Dec/2024:00:47:29 +0100] "GET /ticket2/opencms/system/modules/com.gridnine.opencms.ticketbrokerage.site/resources/js/stickyfill.min.js HTTP/1.1" 200 5672
202.8.40.111 - - [04/Dec/2024:00:47:29 +0100] "GET /ticket2/opencms/system/modules/com.gridnine.opencms.ticketbrokerage.site/resources/js/standard.js HTTP/1.1" 200 3978
202.8.40.111 - - [04/Dec/2024:00:47:29 +0100] "GET /ticket2/opencms/system/modules/com.gridnine.opencms.ticketbrokerage.site/resources/js/jquery.placeholder.min.js HTTP/1.1" 200 1737
202.8.40.111 - - [04/Dec/2024:00:47:29 +0100] "GET /ticket2/opencms/system/modules/com.gridnine.opencms.ticketbrokerage.site/resources/js/common-ajax.js HTTP/1.1" 200 20175
202.8.40.111 - - [04/Dec/2024:00:47:29 +0100] "GET /ticket2/opencms/be/ask-form.html HTTP/1.1" 200 3156
202.8.40.111 - - [04/Dec/2024:00:47:29 +0100] "GET /ticket2/opencms/be/ask-form.html HTTP/1.1" 200 3156
202.8.40.111 - - [04/Dec/2024:00:47:29 +0100] "GET /ticket2/opencms/system/modules/com.gridnine.opencms.ticketbrokerage.site/resources/css/ticketbrokerage.css HTTP/1.1" 200 39339
202.8.40.111 - - [04/Dec/2024:00:47:29 +0100] "GET /ticket2/opencms/system/modules/com.gridnine.opencms.ticketbrokerage.site/resources/js/standard.js HTTP/1.1" 200 3978
94.154.239.69 - - [04/Dec/2024:00:47:32 +0100] "GET /ticket2/opencms/en/login/?edid=97B6F388-41F1-ECE1-6945-6F81F9384D51 HTTP/1.1" 200 81798
207.46.13.51 - - [04/Dec/2024:00:47:32 +0100] "GET /ticket2/opencms/el/buy?page=1&edid=AD14D102-9A59-3E48-721F-B8412449464B HTTP/1.1" 200 106788
95.91.104.62 - - [04/Dec/2024:00:47:32 +0100] "GET /ticket2/opencms/en/login/?edid=35B50084-B9AA-1B2B-99FE-C3FBA2700019 HTTP/1.1" 200 81798
207.46.13.51 - - [04/Dec/2024:00:47:33 +0100] "GET /ticket2/opencms/bs/buy?page=1&edid=2B30BB45-A5CB-5585-BB0E-1798C90D689A HTTP/1.1" 200 104079
94.154.239.69 - - [04/Dec/2024:00:47:35 +0100] "GET /ticket2/opencms/en/login/?edid=9D1ED34F-C08D-4D7B-BF1E-E720A60E3898 HTTP/1.1" 200 81798
95.91.104.62 - - [04/Dec/2024:00:47:36 +0100] "GET /ticket2/opencms/en/sell/?edid=37290F85-261E-D695-C070-BB16E9E0472D HTTP/1.1" 302 -
27.106.107.185 - - [04/Dec/2024:00:47:36 +0100] "GET /ticket2/opencms/fr/sport/billets-football/champions-league/porto HTTP/1.1" 200 88637
54.36.148.233 - - [04/Dec/2024:00:47:37 +0100] "GET /ticket2/opencms/bg/buy?page=1&edid=BBB940B6-8B69-6BE4-C45F-7EE004DD79A8 HTTP/1.1" 200 116195
202.8.40.96 - - [04/Dec/2024:00:47:38 +0100] "GET /ticket2/opencms/system/modules/com.gridnine.opencms.ticketbrokerage.site/resources/css/ticketbrokerage.css HTTP/1.1" 200 39339
202.8.40.96 - - [04/Dec/2024:00:47:38 +0100] "GET /ticket2/opencms/system/modules/com.gridnine.opencms.ticketbrokerage.site/resources/css/jquery.fancybox.css HTTP/1.1" 200 4939
202.8.40.96 - - [04/Dec/2024:00:47:38 +0100] "GET /ticket2/opencms/system/modules/com.gridnine.opencms.ticketbrokerage.site/resources/css/calendar.css HTTP/1.1" 200 6871
202.8.40.96 - - [04/Dec/2024:00:47:38 +0100] "GET /ticket2/opencms/system/modules/com.gridnine.opencms.ticketbrokerage.site/resources/css/jquery-ui.css HTTP/1.1" 200 33221
202.8.40.96 - - [04/Dec/2024:00:47:38 +0100] "GET /ticket2/opencms/system/modules/com.gridnine.opencms.ticketbrokerage.site/resources/css/standard.css HTTP/1.1" 200 73073
202.8.40.96 - - [04/Dec/2024:00:47:38 +0100] "GET /ticket2/opencms/system/modules/com.gridnine.opencms.ticketbrokerage.site/resources/js/calendar.js HTTP/1.1" 200 49229
202.8.40.96 - - [04/Dec/2024:00:47:38 +0100] "GET /ticket2/opencms/system/modules/com.gridnine.opencms.ticketbrokerage.site/resources/js/calendar-setup.js HTTP/1.1" 200 4923
202.8.40.96 - - [04/Dec/2024:00:47:38 +0100] "GET /ticket2/opencms/system/modules/com.gridnine.opencms.ticketbrokerage.site/resources/js/calendar-en.js HTTP/1.1" 200 3338
202.8.40.96 - - [04/Dec/2024:00:47:38 +0100] "GET /ticket2/opencms/system/modules/com.gridnine.opencms.ticketbrokerage.site/resources/js/jquery.fancybox.pack.js HTTP/1.1" 200 23187
202.8.40.96 - - [04/Dec/2024:00:47:38 +0100] "GET /ticket2/opencms/system/modules/com.gridnine.opencms.ticketbrokerage.site/resources/js/stickyfill.min.js HTTP/1.1" 200 5672
202.8.40.96 - - [04/Dec/2024:00:47:38 +0100] "GET /ticket2/opencms/system/modules/com.gridnine.opencms.ticketbrokerage.site/resources/js/jquery/jquery.js HTTP/1.1" 200 93868
202.8.40.96 - - [04/Dec/2024:00:47:38 +0100] "GET /ticket2/opencms/system/modules/com.gridnine.opencms.ticketbrokerage.site/resources/js/standard.js HTTP/1.1" 200 3978
202.8.40.96 - - [04/Dec/2024:00:47:38 +0100] "GET /ticket2/opencms/system/modules/com.gridnine.opencms.ticketbrokerage.site/resources/js/functions.js HTTP/1.1" 200 1583
202.8.40.96 - - [04/Dec/2024:00:47:38 +0100] "GET /ticket2/opencms/system/modules/com.gridnine.opencms.ticketbrokerage.site/resources/js/jquery/jquery-ui.js HTTP/1.1" 200 228088
202.8.40.96 - - [04/Dec/2024:00:47:38 +0100] "GET /ticket2/opencms/system/modules/com.gridnine.opencms.ticketbrokerage.site/resources/js/jquery.placeholder.min.js HTTP/1.1" 200 1737
202.8.40.96 - - [04/Dec/2024:00:47:38 +0100] "GET /ticket2/opencms/system/modules/com.gridnine.opencms.ticketbrokerage.site/resources/js/common-ajax.js HTTP/1.1" 200 20175
202.8.40.96 - - [04/Dec/2024:00:47:38 +0100] "GET /ticket2/opencms/bg/ask-form.html HTTP/1.1" 200 3156
202.8.40.96 - - [04/Dec/2024:00:47:38 +0100] "GET /ticket2/opencms/bg/ask-form.html HTTP/1.1" 200 3156
202.8.40.96 - - [04/Dec/2024:00:47:39 +0100] "GET /ticket2/opencms/system/modules/com.gridnine.opencms.ticketbrokerage.site/resources/css/ticketbrokerage.css HTTP/1.1" 200 39339
202.8.40.96 - - [04/Dec/2024:00:47:39 +0100] "GET /ticket2/opencms/system/modules/com.gridnine.opencms.ticketbrokerage.site/resources/js/standard.js HTTP/1.1" 200 3978
94.154.239.69 - - [04/Dec/2024:00:47:39 +0100] "GET /ticket2/opencms/en/login/?edid=AC6683BE-480A-B94D-6978-93F20E61B508 HTTP/1.1" 200 81798
95.91.104.62 - - [04/Dec/2024:00:47:40 +0100] "GET /ticket2/opencms/en/login/?edid=37290F85-261E-D695-C070-BB16E9E0472D HTTP/1.1" 200 81798
94.154.239.69 - - [04/Dec/2024:00:47:43 +0100] "GET /ticket2/opencms/en/login/?edid=AE194694-1DB3-9471-D48F-B3AD8975E2CB HTTP/1.1" 200 81798
54.36.149.96 - - [04/Dec/2024:00:47:43 +0100] "GET /ticket2/opencms/az/buy?page=1&edid=14427B33-9BB8-BBB7-1EBA-73EE86A692A4 HTTP/1.1" 200 111246
95.91.104.62 - - [04/Dec/2024:00:47:44 +0100] "GET /ticket2/opencms/sv/buy/?page=1&edid=28EEA809-83B7-F20D-974C-7AF203EF7720&sortorder=desc&column=section HTTP/1.1" 200 106513
202.8.43.104 - - [04/Dec/2024:00:47:44 +0100] "GET /ticket2/opencms/system/modules/com.gridnine.opencms.ticketbrokerage.site/resources/css/jquery.fancybox.css HTTP/1.1" 200 4939
202.8.43.104 - - [04/Dec/2024:00:47:44 +0100] "GET /ticket2/opencms/system/modules/com.gridnine.opencms.ticketbrokerage.site/resources/css/jquery-ui.css HTTP/1.1" 200 33221
202.8.43.104 - - [04/Dec/2024:00:47:44 +0100] "GET /ticket2/opencms/system/modules/com.gridnine.opencms.ticketbrokerage.site/resources/css/ticketbrokerage.css HTTP/1.1" 200 39339
202.8.43.104 - - [04/Dec/2024:00:47:44 +0100] "GET /ticket2/opencms/system/modules/com.gridnine.opencms.ticketbrokerage.site/resources/css/calendar.css HTTP/1.1" 200 6871
202.8.43.104 - - [04/Dec/2024:00:47:44 +0100] "GET /ticket2/opencms/system/modules/com.gridnine.opencms.ticketbrokerage.site/resources/css/standard.css HTTP/1.1" 200 73073
202.8.43.104 - - [04/Dec/2024:00:47:44 +0100] "GET /ticket2/opencms/system/modules/com.gridnine.opencms.ticketbrokerage.site/resources/js/calendar.js HTTP/1.1" 200 49229
202.8.43.104 - - [04/Dec/2024:00:47:44 +0100] "GET /ticket2/opencms/system/modules/com.gridnine.opencms.ticketbrokerage.site/resources/js/calendar-en.js HTTP/1.1" 200 3338
202.8.43.104 - - [04/Dec/2024:00:47:44 +0100] "GET /ticket2/opencms/system/modules/com.gridnine.opencms.ticketbrokerage.site/resources/js/calendar-setup.js HTTP/1.1" 200 4923
202.8.43.104 - - [04/Dec/2024:00:47:44 +0100] "GET /ticket2/opencms/system/modules/com.gridnine.opencms.ticketbrokerage.site/resources/js/stickyfill.min.js HTTP/1.1" 200 5672
202.8.43.104 - - [04/Dec/2024:00:47:44 +0100] "GET /ticket2/opencms/system/modules/com.gridnine.opencms.ticketbrokerage.site/resources/js/jquery.fancybox.pack.js HTTP/1.1" 200 23187
202.8.43.104 - - [04/Dec/2024:00:47:44 +0100] "GET /ticket2/opencms/system/modules/com.gridnine.opencms.ticketbrokerage.site/resources/js/jquery/jquery.js HTTP/1.1" 200 93868
202.8.43.104 - - [04/Dec/2024:00:47:45 +0100] "GET /ticket2/opencms/system/modules/com.gridnine.opencms.ticketbrokerage.site/resources/js/standard.js HTTP/1.1" 200 3978
202.8.43.104 - - [04/Dec/2024:00:47:45 +0100] "GET /ticket2/opencms/system/modules/com.gridnine.opencms.ticketbrokerage.site/resources/js/functions.js HTTP/1.1" 200 1583
202.8.43.104 - - [04/Dec/2024:00:47:45 +0100] "GET /ticket2/opencms/system/modules/com.gridnine.opencms.ticketbrokerage.site/resources/js/jquery/jquery-ui.js HTTP/1.1" 200 228088
202.8.43.104 - - [04/Dec/2024:00:47:45 +0100] "GET /ticket2/opencms/system/modules/com.gridnine.opencms.ticketbrokerage.site/resources/js/jquery.placeholder.min.js HTTP/1.1" 200 1737
202.8.43.104 - - [04/Dec/2024:00:47:45 +0100] "GET /ticket2/opencms/system/modules/com.gridnine.opencms.ticketbrokerage.site/resources/js/common-ajax.js HTTP/1.1" 200 20175
66.249.68.67 - - [04/Dec/2024:00:47:45 +0100] "GET /ticket2/opencms/sl/sell/ HTTP/1.1" 302 -
202.8.43.104 - - [04/Dec/2024:00:47:45 +0100] "GET /ticket2/opencms/az/ask-form.html HTTP/1.1" 200 3156
202.8.43.104 - - [04/Dec/2024:00:47:45 +0100] "GET /ticket2/opencms/az/ask-form.html HTTP/1.1" 200 3156
202.8.43.104 - - [04/Dec/2024:00:47:45 +0100] "GET /ticket2/opencms/system/modules/com.gridnine.opencms.ticketbrokerage.site/resources/css/ticketbrokerage.css HTTP/1.1" 200 39339
202.8.43.104 - - [04/Dec/2024:00:47:45 +0100] "GET /ticket2/opencms/system/modules/com.gridnine.opencms.ticketbrokerage.site/resources/js/standard.js HTTP/1.1" 200 3978
94.154.239.69 - - [04/Dec/2024:00:47:46 +0100] "GET /ticket2/opencms/en/login/?edid=AF10138E-A60F-F322-730E-45CBD84A9C2C HTTP/1.1" 200 81798
95.91.104.62 - - [04/Dec/2024:00:47:47 +0100] "GET /ticket2/opencms/sv/buy/?page=1&edid=29E18AE9-D6E0-6828-8918-77C9018A5E60 HTTP/1.1" 200 103263
27.106.122.239 - - [04/Dec/2024:00:47:48 +0100] "GET /ticket2/opencms/sk/buy_safety HTTP/1.1" 200 81011
54.36.149.85 - - [04/Dec/2024:00:47:48 +0100] "GET /ticket2/opencms/az/buy?page=1&edid=3289C097-2261-9433-8644-DF033A9EE354 HTTP/1.1" 200 134125
94.154.239.69 - - [04/Dec/2024:00:47:50 +0100] "GET /ticket2/opencms/en/login/?edid=B0342119-7DEE-A961-582D-4DB4FC7F38E6 HTTP/1.1" 200 81798
95.91.104.62 - - [04/Dec/2024:00:47:51 +0100] "GET /ticket2/opencms/sv/buy/?page=1&edid=29E18AE9-D6E0-6828-8918-77C9018A5E60&sortorder=asc&column=price HTTP/1.1" 200 105135
54.36.148.65 - - [04/Dec/2024:00:47:52 +0100] "GET /ticket2/opencms/bs/buy?page=1&edid=BBB940B6-8B69-6BE4-C45F-7EE004DD79A8 HTTP/1.1" 200 113943
66.249.68.67 - - [04/Dec/2024:00:47:53 +0100] "GET /ticket2/opencms/sl/login/?url=/sl/sell/ HTTP/1.1" 200 83152
40.77.167.24 - - [04/Dec/2024:00:47:53 +0100] "GET /ticket2/opencms/sr/buy/?page=1&edid=F2D85B77-0146-9383-AAB8-AFEF60C3B51B HTTP/1.1" 200 127740
202.8.41.32 - - [04/Dec/2024:00:47:53 +0100] "GET /ticket2/opencms/system/modules/com.gridnine.opencms.ticketbrokerage.site/resources/css/standard.css HTTP/1.1" 200 73073
202.8.41.32 - - [04/Dec/2024:00:47:53 +0100] "GET /ticket2/opencms/system/modules/com.gridnine.opencms.ticketbrokerage.site/resources/css/ticketbrokerage.css HTTP/1.1" 200 39339
202.8.41.32 - - [04/Dec/2024:00:47:53 +0100] "GET /ticket2/opencms/system/modules/com.gridnine.opencms.ticketbrokerage.site/resources/css/calendar.css HTTP/1.1" 200 6871
202.8.41.32 - - [04/Dec/2024:00:47:53 +0100] "GET /ticket2/opencms/system/modules/com.gridnine.opencms.ticketbrokerage.site/resources/css/jquery-ui.css HTTP/1.1" 200 33221
202.8.41.32 - - [04/Dec/2024:00:47:53 +0100] "GET /ticket2/opencms/system/modules/com.gridnine.opencms.ticketbrokerage.site/resources/css/jquery.fancybox.css HTTP/1.1" 200 4939
202.8.41.32 - - [04/Dec/2024:00:47:53 +0100] "GET /ticket2/opencms/system/modules/com.gridnine.opencms.ticketbrokerage.site/resources/js/jquery/jquery.js HTTP/1.1" 200 93868
202.8.41.32 - - [04/Dec/2024:00:47:53 +0100] "GET /ticket2/opencms/system/modules/com.gridnine.opencms.ticketbrokerage.site/resources/js/jquery/jquery-ui.js HTTP/1.1" 200 228088
202.8.41.32 - - [04/Dec/2024:00:47:53 +0100] "GET /ticket2/opencms/system/modules/com.gridnine.opencms.ticketbrokerage.site/resources/js/calendar.js HTTP/1.1" 200 49229
202.8.41.32 - - [04/Dec/2024:00:47:53 +0100] "GET /ticket2/opencms/system/modules/com.gridnine.opencms.ticketbrokerage.site/resources/js/functions.js HTTP/1.1" 200 1583
202.8.41.32 - - [04/Dec/2024:00:47:53 +0100] "GET /ticket2/opencms/system/modules/com.gridnine.opencms.ticketbrokerage.site/resources/js/calendar-en.js HTTP/1.1" 200 3338
202.8.41.32 - - [04/Dec/2024:00:47:53 +0100] "GET /ticket2/opencms/system/modules/com.gridnine.opencms.ticketbrokerage.site/resources/js/calendar-setup.js HTTP/1.1" 200 4923
202.8.41.32 - - [04/Dec/2024:00:47:53 +0100] "GET /ticket2/opencms/system/modules/com.gridnine.opencms.ticketbrokerage.site/resources/js/jquery.fancybox.pack.js HTTP/1.1" 200 23187
202.8.41.32 - - [04/Dec/2024:00:47:53 +0100] "GET /ticket2/opencms/system/modules/com.gridnine.opencms.ticketbrokerage.site/resources/js/stickyfill.min.js HTTP/1.1" 200 5672
202.8.41.32 - - [04/Dec/2024:00:47:53 +0100] "GET /ticket2/opencms/system/modules/com.gridnine.opencms.ticketbrokerage.site/resources/js/standard.js HTTP/1.1" 200 3978
202.8.41.32 - - [04/Dec/2024:00:47:53 +0100] "GET /ticket2/opencms/system/modules/com.gridnine.opencms.ticketbrokerage.site/resources/js/jquery.placeholder.min.js HTTP/1.1" 200 1737
202.8.41.32 - - [04/Dec/2024:00:47:53 +0100] "GET /ticket2/opencms/system/modules/com.gridnine.opencms.ticketbrokerage.site/resources/js/common-ajax.js HTTP/1.1" 200 20175
202.8.41.32 - - [04/Dec/2024:00:47:54 +0100] "GET /ticket2/opencms/bs/ask-form.html HTTP/1.1" 200 3156
202.8.41.32 - - [04/Dec/2024:00:47:54 +0100] "GET /ticket2/opencms/bs/ask-form.html HTTP/1.1" 200 3156
94.154.239.69 - - [04/Dec/2024:00:47:54 +0100] "GET /ticket2/opencms/en/login/?edid=B3A76077-0806-D5E8-3C26-FB5DC22C9C7C HTTP/1.1" 200 81798
202.8.41.32 - - [04/Dec/2024:00:47:54 +0100] "GET /ticket2/opencms/system/modules/com.gridnine.opencms.ticketbrokerage.site/resources/css/ticketbrokerage.css HTTP/1.1" 200 39339
202.8.41.32 - - [04/Dec/2024:00:47:54 +0100] "GET /ticket2/opencms/system/modules/com.gridnine.opencms.ticketbrokerage.site/resources/js/standard.js HTTP/1.1" 200 3978
95.91.104.62 - - [04/Dec/2024:00:47:54 +0100] "GET /ticket2/opencms/sv/buy/?page=1&edid=29E18AE9-D6E0-6828-8918-77C9018A5E60&sortorder=asc&column=row HTTP/1.1" 200 104999
69.171.230.114 - - [04/Dec/2024:00:47:55 +0100] "GET /ticket2/opencms/sv/buy?page=1&edid=299450E2-FDAD-4E2B-0058-6290A7A2B57D HTTP/1.1" 200 138258
94.154.239.69 - - [04/Dec/2024:00:47:57 +0100] "GET /ticket2/opencms/en/login/?edid=B96D0370-B469-FF0E-6B5B-D897998EF0D4 HTTP/1.1" 200 81798
95.91.104.62 - - [04/Dec/2024:00:47:58 +0100] "GET /ticket2/opencms/sv/buy/?page=1&edid=29E18AE9-D6E0-6828-8918-77C9018A5E60&sortorder=asc&column=section HTTP/1.1" 200 105271
47.128.57.44 - - [04/Dec/2024:00:48:01 +0100] "GET /ticket2/opencms/is/buy?edid=A4BCC3CD-355E-D96B-6D23-4D9FBE7BA965 HTTP/1.1" 200 84381
94.154.239.69 - - [04/Dec/2024:00:48:01 +0100] "GET /ticket2/opencms/en/login/?edid=C2A51360-6A0D-EA25-5FF4-CC9351F00343 HTTP/1.1" 200 81798
54.36.148.232 - - [04/Dec/2024:00:48:01 +0100] "GET /ticket2/opencms/be/buy?page=1&edid=14427B33-9BB8-BBB7-1EBA-73EE86A692A4 HTTP/1.1" 200 113128
95.91.104.62 - - [04/Dec/2024:00:48:02 +0100] "GET /ticket2/opencms/sv/buy/?page=1&edid=29E18AE9-D6E0-6828-8918-77C9018A5E60&sortorder=desc&column=price HTTP/1.1" 200 105202
202.8.42.16 - - [04/Dec/2024:00:48:02 +0100] "GET /ticket2/opencms/system/modules/com.gridnine.opencms.ticketbrokerage.site/resources/css/jquery.fancybox.css HTTP/1.1" 200 4939
202.8.42.16 - - [04/Dec/2024:00:48:02 +0100] "GET /ticket2/opencms/system/modules/com.gridnine.opencms.ticketbrokerage.site/resources/css/jquery-ui.css HTTP/1.1" 200 33221
202.8.42.16 - - [04/Dec/2024:00:48:02 +0100] "GET /ticket2/opencms/system/modules/com.gridnine.opencms.ticketbrokerage.site/resources/css/calendar.css HTTP/1.1" 200 6871
202.8.42.16 - - [04/Dec/2024:00:48:02 +0100] "GET /ticket2/opencms/system/modules/com.gridnine.opencms.ticketbrokerage.site/resources/css/ticketbrokerage.css HTTP/1.1" 200 39339
202.8.42.16 - - [04/Dec/2024:00:48:02 +0100] "GET /ticket2/opencms/system/modules/com.gridnine.opencms.ticketbrokerage.site/resources/css/standard.css HTTP/1.1" 200 73073
202.8.42.16 - - [04/Dec/2024:00:48:02 +0100] "GET /ticket2/opencms/system/modules/com.gridnine.opencms.ticketbrokerage.site/resources/js/calendar.js HTTP/1.1" 200 49229
202.8.42.16 - - [04/Dec/2024:00:48:02 +0100] "GET /ticket2/opencms/system/modules/com.gridnine.opencms.ticketbrokerage.site/resources/js/jquery/jquery.js HTTP/1.1" 200 93868
202.8.42.16 - - [04/Dec/2024:00:48:02 +0100] "GET /ticket2/opencms/system/modules/com.gridnine.opencms.ticketbrokerage.site/resources/js/calendar-en.js HTTP/1.1" 200 3338
202.8.42.16 - - [04/Dec/2024:00:48:02 +0100] "GET /ticket2/opencms/system/modules/com.gridnine.opencms.ticketbrokerage.site/resources/js/jquery/jquery-ui.js HTTP/1.1" 200 228088
202.8.42.16 - - [04/Dec/2024:00:48:02 +0100] "GET /ticket2/opencms/system/modules/com.gridnine.opencms.ticketbrokerage.site/resources/js/calendar-setup.js HTTP/1.1" 200 4923
202.8.42.16 - - [04/Dec/2024:00:48:02 +0100] "GET /ticket2/opencms/system/modules/com.gridnine.opencms.ticketbrokerage.site/resources/js/functions.js HTTP/1.1" 200 1583
202.8.42.16 - - [04/Dec/2024:00:48:02 +0100] "GET /ticket2/opencms/system/modules/com.gridnine.opencms.ticketbrokerage.site/resources/js/jquery.fancybox.pack.js HTTP/1.1" 200 23187
202.8.42.16 - - [04/Dec/2024:00:48:02 +0100] "GET /ticket2/opencms/system/modules/com.gridnine.opencms.ticketbrokerage.site/resources/js/stickyfill.min.js HTTP/1.1" 200 5672
202.8.42.16 - - [04/Dec/2024:00:48:02 +0100] "GET /ticket2/opencms/system/modules/com.gridnine.opencms.ticketbrokerage.site/resources/js/standard.js HTTP/1.1" 200 3978
202.8.42.16 - - [04/Dec/2024:00:48:02 +0100] "GET /ticket2/opencms/system/modules/com.gridnine.opencms.ticketbrokerage.site/resources/js/jquery.placeholder.min.js HTTP/1.1" 200 1737
202.8.42.16 - - [04/Dec/2024:00:48:02 +0100] "GET /ticket2/opencms/system/modules/com.gridnine.opencms.ticketbrokerage.site/resources/js/common-ajax.js HTTP/1.1" 200 20175
202.8.42.16 - - [04/Dec/2024:00:48:02 +0100] "GET /ticket2/opencms/be/ask-form.html HTTP/1.1" 200 3156
202.8.42.16 - - [04/Dec/2024:00:48:04 +0100] "GET /ticket2/opencms/be/ask-form.html HTTP/1.1" 200 3156
202.8.42.16 - - [04/Dec/2024:00:48:04 +0100] "GET /ticket2/opencms/system/modules/com.gridnine.opencms.ticketbrokerage.site/resources/css/ticketbrokerage.css HTTP/1.1" 200 39339
94.154.239.69 - - [04/Dec/2024:00:48:04 +0100] "GET /ticket2/opencms/en/login/?edid=C2CD3885-D663-89B2-61C9-751DA9A6EAB2 HTTP/1.1" 200 81798
202.8.42.16 - - [04/Dec/2024:00:48:04 +0100] "GET /ticket2/opencms/system/modules/com.gridnine.opencms.ticketbrokerage.site/resources/js/standard.js HTTP/1.1" 200 3978
95.91.104.62 - - [04/Dec/2024:00:48:05 +0100] "GET /ticket2/opencms/sv/buy/?page=1&edid=29EFBFCC-B83C-5AD9-CA78-B89CD9BC3287 HTTP/1.1" 200 104428
54.36.148.243 - - [04/Dec/2024:00:48:08 +0100] "GET /ticket2/opencms/bg/buy?page=1&edid=14427B33-9BB8-BBB7-1EBA-73EE86A692A4 HTTP/1.1" 200 112925
94.154.239.69 - - [04/Dec/2024:00:48:08 +0100] "GET /ticket2/opencms/en/login/?edid=C68169A2-BAF4-9EC4-4384-5798AFBF1409 HTTP/1.1" 200 81798
40.77.167.150 - - [04/Dec/2024:00:48:08 +0100] "GET /ticket2/opencms/en/sport/football-tickets/champions-league/malmo-ff HTTP/1.1" 500 -
202.8.42.173 - - [04/Dec/2024:00:48:09 +0100] "GET /ticket2/opencms/system/modules/com.gridnine.opencms.ticketbrokerage.site/resources/css/calendar.css HTTP/1.1" 200 6871
202.8.42.173 - - [04/Dec/2024:00:48:09 +0100] "GET /ticket2/opencms/system/modules/com.gridnine.opencms.ticketbrokerage.site/resources/css/jquery.fancybox.css HTTP/1.1" 200 4939
202.8.42.173 - - [04/Dec/2024:00:48:09 +0100] "GET /ticket2/opencms/system/modules/com.gridnine.opencms.ticketbrokerage.site/resources/css/ticketbrokerage.css HTTP/1.1" 200 39339
202.8.42.173 - - [04/Dec/2024:00:48:09 +0100] "GET /ticket2/opencms/system/modules/com.gridnine.opencms.ticketbrokerage.site/resources/css/jquery-ui.css HTTP/1.1" 200 33221
202.8.42.173 - - [04/Dec/2024:00:48:09 +0100] "GET /ticket2/opencms/system/modules/com.gridnine.opencms.ticketbrokerage.site/resources/css/standard.css HTTP/1.1" 200 73073
202.8.42.173 - - [04/Dec/2024:00:48:09 +0100] "GET /ticket2/opencms/system/modules/com.gridnine.opencms.ticketbrokerage.site/resources/js/functions.js HTTP/1.1" 200 1583
202.8.42.173 - - [04/Dec/2024:00:48:09 +0100] "GET /ticket2/opencms/system/modules/com.gridnine.opencms.ticketbrokerage.site/resources/js/calendar.js HTTP/1.1" 200 49229
202.8.42.173 - - [04/Dec/2024:00:48:09 +0100] "GET /ticket2/opencms/system/modules/com.gridnine.opencms.ticketbrokerage.site/resources/js/calendar-en.js HTTP/1.1" 200 3338
202.8.42.173 - - [04/Dec/2024:00:48:09 +0100] "GET /ticket2/opencms/system/modules/com.gridnine.opencms.ticketbrokerage.site/resources/js/jquery/jquery-ui.js HTTP/1.1" 200 228088
202.8.42.173 - - [04/Dec/2024:00:48:09 +0100] "GET /ticket2/opencms/system/modules/com.gridnine.opencms.ticketbrokerage.site/resources/js/jquery/jquery.js HTTP/1.1" 200 93868
202.8.42.173 - - [04/Dec/2024:00:48:09 +0100] "GET /ticket2/opencms/system/modules/com.gridnine.opencms.ticketbrokerage.site/resources/js/calendar-setup.js HTTP/1.1" 200 4923
202.8.42.173 - - [04/Dec/2024:00:48:09 +0100] "GET /ticket2/opencms/system/modules/com.gridnine.opencms.ticketbrokerage.site/resources/js/jquery.fancybox.pack.js HTTP/1.1" 200 23187
202.8.42.173 - - [04/Dec/2024:00:48:09 +0100] "GET /ticket2/opencms/system/modules/com.gridnine.opencms.ticketbrokerage.site/resources/js/stickyfill.min.js HTTP/1.1" 200 5672
202.8.42.173 - - [04/Dec/2024:00:48:09 +0100] "GET /ticket2/opencms/system/modules/com.gridnine.opencms.ticketbrokerage.site/resources/js/standard.js HTTP/1.1" 200 3978
202.8.42.173 - - [04/Dec/2024:00:48:09 +0100] "GET /ticket2/opencms/system/modules/com.gridnine.opencms.ticketbrokerage.site/resources/js/jquery.placeholder.min.js HTTP/1.1" 200 1737
202.8.42.173 - - [04/Dec/2024:00:48:10 +0100] "GET /ticket2/opencms/system/modules/com.gridnine.opencms.ticketbrokerage.site/resources/js/common-ajax.js HTTP/1.1" 200 20175
202.8.42.173 - - [04/Dec/2024:00:48:10 +0100] "GET /ticket2/opencms/bg/ask-form.html HTTP/1.1" 200 3156
202.8.42.173 - - [04/Dec/2024:00:48:10 +0100] "GET /ticket2/opencms/bg/ask-form.html HTTP/1.1" 200 3156
202.8.42.173 - - [04/Dec/2024:00:48:10 +0100] "GET /ticket2/opencms/system/modules/com.gridnine.opencms.ticketbrokerage.site/resources/css/ticketbrokerage.css HTTP/1.1" 200 39339
40.77.167.150 - - [04/Dec/2024:00:48:10 +0100] "GET /ticket2/opencms/hu/buy?page=1&edid=76AC12AC-4686-41BA-93AB-CDA5668851B1 HTTP/1.1" 200 111262
202.8.42.173 - - [04/Dec/2024:00:48:10 +0100] "GET /ticket2/opencms/system/modules/com.gridnine.opencms.ticketbrokerage.site/resources/js/standard.js HTTP/1.1" 200 3978
94.154.239.69 - - [04/Dec/2024:00:48:12 +0100] "GET /ticket2/opencms/en/login/?edid=C9E992D1-DCF0-D375-5200-28B15D555217 HTTP/1.1" 200 81798
54.36.148.88 - - [04/Dec/2024:00:48:15 +0100] "GET /ticket2/opencms/bs/buy?page=1&edid=14427B33-9BB8-BBB7-1EBA-73EE86A692A4 HTTP/1.1" 200 110681
94.154.239.69 - - [04/Dec/2024:00:48:15 +0100] "GET /ticket2/opencms/en/login/?edid=CD3AD857-8EEC-6EA5-99A5-A50D6E3B925C HTTP/1.1" 200 81798
202.8.42.133 - - [04/Dec/2024:00:48:16 +0100] "GET /ticket2/opencms/system/modules/com.gridnine.opencms.ticketbrokerage.site/resources/css/calendar.css HTTP/1.1" 200 6871
202.8.42.133 - - [04/Dec/2024:00:48:16 +0100] "GET /ticket2/opencms/system/modules/com.gridnine.opencms.ticketbrokerage.site/resources/css/ticketbrokerage.css HTTP/1.1" 200 39339
202.8.42.133 - - [04/Dec/2024:00:48:16 +0100] "GET /ticket2/opencms/system/modules/com.gridnine.opencms.ticketbrokerage.site/resources/css/jquery.fancybox.css HTTP/1.1" 200 4939
202.8.42.133 - - [04/Dec/2024:00:48:16 +0100] "GET /ticket2/opencms/system/modules/com.gridnine.opencms.ticketbrokerage.site/resources/css/standard.css HTTP/1.1" 200 73073
202.8.42.133 - - [04/Dec/2024:00:48:16 +0100] "GET /ticket2/opencms/system/modules/com.gridnine.opencms.ticketbrokerage.site/resources/css/jquery-ui.css HTTP/1.1" 200 33221
202.8.42.133 - - [04/Dec/2024:00:48:16 +0100] "GET /ticket2/opencms/system/modules/com.gridnine.opencms.ticketbrokerage.site/resources/js/jquery/jquery.js HTTP/1.1" 200 93868
202.8.42.133 - - [04/Dec/2024:00:48:16 +0100] "GET /ticket2/opencms/system/modules/com.gridnine.opencms.ticketbrokerage.site/resources/js/jquery/jquery-ui.js HTTP/1.1" 200 228088
202.8.42.133 - - [04/Dec/2024:00:48:16 +0100] "GET /ticket2/opencms/system/modules/com.gridnine.opencms.ticketbrokerage.site/resources/js/functions.js HTTP/1.1" 200 1583
202.8.42.133 - - [04/Dec/2024:00:48:16 +0100] "GET /ticket2/opencms/system/modules/com.gridnine.opencms.ticketbrokerage.site/resources/js/calendar-en.js HTTP/1.1" 200 3338
202.8.42.133 - - [04/Dec/2024:00:48:16 +0100] "GET /ticket2/opencms/system/modules/com.gridnine.opencms.ticketbrokerage.site/resources/js/calendar-setup.js HTTP/1.1" 200 4923
202.8.42.133 - - [04/Dec/2024:00:48:16 +0100] "GET /ticket2/opencms/system/modules/com.gridnine.opencms.ticketbrokerage.site/resources/js/jquery.fancybox.pack.js HTTP/1.1" 200 23187
202.8.42.133 - - [04/Dec/2024:00:48:16 +0100] "GET /ticket2/opencms/system/modules/com.gridnine.opencms.ticketbrokerage.site/resources/js/stickyfill.min.js HTTP/1.1" 200 5672
202.8.42.133 - - [04/Dec/2024:00:48:16 +0100] "GET /ticket2/opencms/system/modules/com.gridnine.opencms.ticketbrokerage.site/resources/js/calendar.js HTTP/1.1" 200 49229
202.8.42.133 - - [04/Dec/2024:00:48:16 +0100] "GET /ticket2/opencms/system/modules/com.gridnine.opencms.ticketbrokerage.site/resources/js/standard.js HTTP/1.1" 200 3978
202.8.42.133 - - [04/Dec/2024:00:48:17 +0100] "GET /ticket2/opencms/system/modules/com.gridnine.opencms.ticketbrokerage.site/resources/js/jquery.placeholder.min.js HTTP/1.1" 200 1737
202.8.42.133 - - [04/Dec/2024:00:48:17 +0100] "GET /ticket2/opencms/system/modules/com.gridnine.opencms.ticketbrokerage.site/resources/js/common-ajax.js HTTP/1.1" 200 20175
202.8.42.133 - - [04/Dec/2024:00:48:17 +0100] "GET /ticket2/opencms/bs/ask-form.html HTTP/1.1" 200 3156
202.8.42.133 - - [04/Dec/2024:00:48:18 +0100] "GET /ticket2/opencms/bs/ask-form.html HTTP/1.1" 200 3156
202.8.42.133 - - [04/Dec/2024:00:48:18 +0100] "GET /ticket2/opencms/system/modules/com.gridnine.opencms.ticketbrokerage.site/resources/css/ticketbrokerage.css HTTP/1.1" 200 39339
202.8.42.133 - - [04/Dec/2024:00:48:19 +0100] "GET /ticket2/opencms/system/modules/com.gridnine.opencms.ticketbrokerage.site/resources/js/standard.js HTTP/1.1" 200 3978
