47.128.50.245 - - [04/Dec/2024:00:36:42 +0100] "GET /ticket2/opencms/sq/buy/?catid=1656E964-1E02-9A38-D092-65384E60B6EA&comcatid=97ECA65A-72DA-F9AF-9DBB-245D3CFED1BE HTTP/1.1" 200 6410
65.108.227.178 - - [04/Dec/2024:00:36:42 +0100] "GET /ticket2/opencms/sv/buy/?page=1&edid=9762A0C0-F461-9960-00F0-1DDE26BBA3DE&sortorder=desc&column=section HTTP/1.1" 200 105547
65.108.125.120 - - [04/Dec/2024:00:36:43 +0100] "GET /ticket2/opencms/dk/buy/?page=1&edid=F07DD32F-52F3-124E-9151-7EC8D703DA5C&sortorder=asc&column=price HTTP/1.1" 200 104629
47.128.43.80 - - [04/Dec/2024:00:36:43 +0100] "GET /ticket2/opencms/bs/buy/?catid=E92E6B1B-7CD1-74B1-312C-265A7D8125D0&comcatid=A17713B6-D984-201A-4143-ED4DB5ED5C2E HTTP/1.1" 200 6410
54.36.148.88 - - [04/Dec/2024:00:36:43 +0100] "GET /ticket2/opencms/dk/buy/?page=1&edid=CA471414-7964-AFA7-E448-6BC4410A71E7 HTTP/1.1" 200 100379
202.8.40.165 - - [04/Dec/2024:00:36:44 +0100] "GET /ticket2/opencms/cs/ask-form.html HTTP/1.1" 200 3156
95.91.104.62 - - [04/Dec/2024:00:36:44 +0100] "GET /ticket2/opencms/en/buy/?page=1&edid=AC0C32F1-30A3-A666-FA0E-78D0F2526183&sortorder=asc&column=row HTTP/1.1" 200 104437
202.8.40.165 - - [04/Dec/2024:00:36:44 +0100] "GET /ticket2/opencms/system/modules/com.gridnine.opencms.ticketbrokerage.site/resources/css/ticketbrokerage.css HTTP/1.1" 200 39339
65.108.125.120 - - [04/Dec/2024:00:36:45 +0100] "GET /ticket2/opencms/dk/buy/?page=1&edid=F14CA03D-7B19-9875-743D-5167EB6FB9A9&sortorder=asc&column=section HTTP/1.1" 200 105209
40.77.167.52 - - [04/Dec/2024:00:36:45 +0100] "GET /ticket2/opencms/bg/buy?page=6&comcatid=A17713B6-D984-201A-4143-ED4DB5ED5C2E&catid=B0817F4C-4B6F-A68C-6229-209BB05F84D4 HTTP/1.1" 200 6410
65.108.227.178 - - [04/Dec/2024:00:36:45 +0100] "GET /ticket2/opencms/sv/buy/?page=1&edid=97DDB571-B938-9619-1C48-40129E0307AC HTTP/1.1" 200 103946
65.108.125.120 - - [04/Dec/2024:00:36:46 +0100] "GET /ticket2/opencms/dk/buy/?page=1&edid=F1993932-B303-1D1B-DCBB-BBBBB4362534&sortorder=desc&column=row HTTP/1.1" 200 104582
65.108.125.120 - - [04/Dec/2024:00:36:48 +0100] "GET /ticket2/opencms/dk/buy/?page=1&edid=F1993932-B303-1D1B-DCBB-BBBBB4362534&sortorder=desc&column=section HTTP/1.1" 200 104854
95.91.104.62 - - [04/Dec/2024:00:36:48 +0100] "GET /ticket2/opencms/en/buy/?page=1&edid=AC0C32F1-30A3-A666-FA0E-78D0F2526183&sortorder=asc&column=section HTTP/1.1" 200 104709
65.108.227.178 - - [04/Dec/2024:00:36:49 +0100] "GET /ticket2/opencms/sv/buy/?page=1&edid=97DDB571-B938-9619-1C48-40129E0307AC&sortorder=asc&column=price HTTP/1.1" 200 105818
65.108.125.120 - - [04/Dec/2024:00:36:50 +0100] "GET /ticket2/opencms/dk/buy/?page=1&edid=F1DE550F-5851-DDD6-104F-2B3BF3D31247&sortorder=asc&column=section HTTP/1.1" 200 103370
94.154.239.69 - - [04/Dec/2024:00:36:51 +0100] "GET /ticket2/opencms/sv/buy/?page=1&edid=C7420525-12CA-6400-9D4E-01D9E6A68D14&sortorder=asc&column=section HTTP/1.1" 200 105282
65.108.125.120 - - [04/Dec/2024:00:36:52 +0100] "GET /ticket2/opencms/dk/buy/?page=1&edid=F8EC1E27-5FC0-2FC2-B1D4-59233AB1F01F&sortorder=asc&column=section HTTP/1.1" 200 105424
65.108.227.178 - - [04/Dec/2024:00:36:52 +0100] "GET /ticket2/opencms/sv/buy/?page=1&edid=97DDB571-B938-9619-1C48-40129E0307AC&sortorder=asc&column=row HTTP/1.1" 200 105682
95.91.104.62 - - [04/Dec/2024:00:36:52 +0100] "GET /ticket2/opencms/en/buy/?page=1&edid=ADC03EF7-1AE0-1D16-775A-CF1264429A09 HTTP/1.1" 200 102582
54.36.148.113 - - [04/Dec/2024:00:36:53 +0100] "GET /ticket2/opencms/sv/buy?page=6&comcatid=A17713B6-D984-201A-4143-ED4DB5ED5C2E&catid=D8B345C9-F7A5-E620-4B43-C34EB0D6885B&eventid=88125886-B9B5-9F59-AF43-51EE7A6E60C4 HTTP/1.1" 200 6410
65.108.125.120 - - [04/Dec/2024:00:36:54 +0100] "GET /ticket2/opencms/dk/buy/?page=1&edid=F900566C-C31E-911B-1023-8870E4B89B03 HTTP/1.1" 200 102605
65.108.227.178 - - [04/Dec/2024:00:36:56 +0100] "GET /ticket2/opencms/sv/buy/?page=1&edid=97DDB571-B938-9619-1C48-40129E0307AC&sortorder=asc&column=section HTTP/1.1" 200 105954
65.108.125.120 - - [04/Dec/2024:00:36:56 +0100] "GET /ticket2/opencms/dk/buy/?page=1&edid=F900566C-C31E-911B-1023-8870E4B89B03&sortorder=asc&column=price HTTP/1.1" 200 104477
95.91.104.62 - - [04/Dec/2024:00:36:56 +0100] "GET /ticket2/opencms/en/buy/?page=1&edid=ADC03EF7-1AE0-1D16-775A-CF1264429A09&sortorder=asc&column=price HTTP/1.1" 200 104454
65.108.125.120 - - [04/Dec/2024:00:36:58 +0100] "GET /ticket2/opencms/dk/buy/?page=1&edid=F900566C-C31E-911B-1023-8870E4B89B03&sortorder=asc&column=row HTTP/1.1" 200 104341
94.154.239.69 - - [04/Dec/2024:00:36:58 +0100] "GET /ticket2/opencms/sv/buy/?page=1&edid=C745FD9C-E4F5-85D2-2C02-6F7F28487B47&sortorder=asc&column=row HTTP/1.1" 200 105187
65.108.227.178 - - [04/Dec/2024:00:36:59 +0100] "GET /ticket2/opencms/sv/buy/?page=1&edid=97DDB571-B938-9619-1C48-40129E0307AC&sortorder=desc&column=price HTTP/1.1" 200 105885
65.108.125.120 - - [04/Dec/2024:00:36:59 +0100] "GET /ticket2/opencms/dk/buy/?page=1&edid=F900566C-C31E-911B-1023-8870E4B89B03&sortorder=desc&column=section HTTP/1.1" 200 104680
95.91.104.62 - - [04/Dec/2024:00:37:00 +0100] "GET /ticket2/opencms/en/buy/?page=1&edid=ADC03EF7-1AE0-1D16-775A-CF1264429A09&sortorder=asc&column=row HTTP/1.1" 200 104318
65.108.125.120 - - [04/Dec/2024:00:37:01 +0100] "GET /ticket2/opencms/dk/buy/?page=1&edid=F9161CFB-C2C8-9138-261B-AE3FC003292C HTTP/1.1" 200 103201
65.108.227.178 - - [04/Dec/2024:00:37:02 +0100] "GET /ticket2/opencms/sv/buy/?page=1&edid=97DDB571-B938-9619-1C48-40129E0307AC&sortorder=desc&column=row HTTP/1.1" 200 105749
54.36.148.237 - - [04/Dec/2024:00:37:02 +0100] "GET /ticket2/opencms/el/buy?page=1&edid=8D36CAAA-5B35-26C1-11D2-EB825155168E HTTP/1.1" 200 104353
65.108.125.120 - - [04/Dec/2024:00:37:03 +0100] "GET /ticket2/opencms/dk/buy/?page=1&edid=F9161CFB-C2C8-9138-261B-AE3FC003292C&sortorder=desc&column=row HTTP/1.1" 200 105004
202.8.40.195 - - [04/Dec/2024:00:37:03 +0100] "GET /ticket2/opencms/system/modules/com.gridnine.opencms.ticketbrokerage.site/resources/css/jquery-ui.css HTTP/1.1" 200 33221
202.8.40.195 - - [04/Dec/2024:00:37:03 +0100] "GET /ticket2/opencms/system/modules/com.gridnine.opencms.ticketbrokerage.site/resources/css/standard.css HTTP/1.1" 200 73073
202.8.40.195 - - [04/Dec/2024:00:37:03 +0100] "GET /ticket2/opencms/system/modules/com.gridnine.opencms.ticketbrokerage.site/resources/css/ticketbrokerage.css HTTP/1.1" 200 39339
202.8.40.195 - - [04/Dec/2024:00:37:03 +0100] "GET /ticket2/opencms/system/modules/com.gridnine.opencms.ticketbrokerage.site/resources/css/calendar.css HTTP/1.1" 200 6871
202.8.40.195 - - [04/Dec/2024:00:37:03 +0100] "GET /ticket2/opencms/system/modules/com.gridnine.opencms.ticketbrokerage.site/resources/css/jquery.fancybox.css HTTP/1.1" 200 4939
202.8.40.195 - - [04/Dec/2024:00:37:03 +0100] "GET /ticket2/opencms/system/modules/com.gridnine.opencms.ticketbrokerage.site/resources/js/jquery/jquery.js HTTP/1.1" 200 93868
202.8.40.195 - - [04/Dec/2024:00:37:04 +0100] "GET /ticket2/opencms/system/modules/com.gridnine.opencms.ticketbrokerage.site/resources/js/calendar.js HTTP/1.1" 200 49229
202.8.40.195 - - [04/Dec/2024:00:37:04 +0100] "GET /ticket2/opencms/system/modules/com.gridnine.opencms.ticketbrokerage.site/resources/js/functions.js HTTP/1.1" 200 1583
202.8.40.195 - - [04/Dec/2024:00:37:04 +0100] "GET /ticket2/opencms/system/modules/com.gridnine.opencms.ticketbrokerage.site/resources/js/calendar-en.js HTTP/1.1" 200 3338
202.8.40.195 - - [04/Dec/2024:00:37:04 +0100] "GET /ticket2/opencms/system/modules/com.gridnine.opencms.ticketbrokerage.site/resources/js/jquery/jquery-ui.js HTTP/1.1" 200 228088
202.8.40.195 - - [04/Dec/2024:00:37:04 +0100] "GET /ticket2/opencms/system/modules/com.gridnine.opencms.ticketbrokerage.site/resources/js/calendar-setup.js HTTP/1.1" 200 4923
202.8.40.195 - - [04/Dec/2024:00:37:04 +0100] "GET /ticket2/opencms/system/modules/com.gridnine.opencms.ticketbrokerage.site/resources/js/stickyfill.min.js HTTP/1.1" 200 5672
202.8.40.195 - - [04/Dec/2024:00:37:04 +0100] "GET /ticket2/opencms/system/modules/com.gridnine.opencms.ticketbrokerage.site/resources/js/jquery.fancybox.pack.js HTTP/1.1" 200 23187
202.8.40.195 - - [04/Dec/2024:00:37:04 +0100] "GET /ticket2/opencms/system/modules/com.gridnine.opencms.ticketbrokerage.site/resources/js/standard.js HTTP/1.1" 200 3978
202.8.40.195 - - [04/Dec/2024:00:37:04 +0100] "GET /ticket2/opencms/system/modules/com.gridnine.opencms.ticketbrokerage.site/resources/js/jquery.placeholder.min.js HTTP/1.1" 200 1737
202.8.40.195 - - [04/Dec/2024:00:37:04 +0100] "GET /ticket2/opencms/system/modules/com.gridnine.opencms.ticketbrokerage.site/resources/js/common-ajax.js HTTP/1.1" 200 20175
202.8.40.195 - - [04/Dec/2024:00:37:04 +0100] "GET /ticket2/opencms/el/ask-form.html HTTP/1.1" 200 3156
202.8.40.195 - - [04/Dec/2024:00:37:04 +0100] "GET /ticket2/opencms/el/ask-form.html HTTP/1.1" 200 3156
202.8.40.195 - - [04/Dec/2024:00:37:04 +0100] "GET /ticket2/opencms/system/modules/com.gridnine.opencms.ticketbrokerage.site/resources/css/ticketbrokerage.css HTTP/1.1" 200 39339
202.8.40.195 - - [04/Dec/2024:00:37:04 +0100] "GET /ticket2/opencms/system/modules/com.gridnine.opencms.ticketbrokerage.site/resources/js/standard.js HTTP/1.1" 200 3978
65.108.125.120 - - [04/Dec/2024:00:37:05 +0100] "GET /ticket2/opencms/dk/buy/?page=1&edid=F9161CFB-C2C8-9138-261B-AE3FC003292C&sortorder=desc&column=section HTTP/1.1" 200 105276
94.154.239.69 - - [04/Dec/2024:00:37:05 +0100] "GET /ticket2/opencms/sv/buy/?page=1&edid=C745FD9C-E4F5-85D2-2C02-6F7F28487B47&sortorder=asc&column=section HTTP/1.1" 200 105459
65.108.227.178 - - [04/Dec/2024:00:37:06 +0100] "GET /ticket2/opencms/sv/buy/?page=1&edid=97DDB571-B938-9619-1C48-40129E0307AC&sortorder=desc&column=section HTTP/1.1" 200 106021
65.108.125.120 - - [04/Dec/2024:00:37:07 +0100] "GET /ticket2/opencms/dk/buy/?page=1&edid=F96E55D6-B234-C2AE-15FB-17D4759FB873 HTTP/1.1" 200 100382
65.108.125.120 - - [04/Dec/2024:00:37:08 +0100] "GET /ticket2/opencms/dk/buy/?page=1&edid=FA1B6694-59DB-55B4-7FF8-0435CC075221&sortorder=asc&column=row HTTP/1.1" 200 104716
95.91.104.62 - - [04/Dec/2024:00:37:09 +0100] "GET /ticket2/opencms/en/buy/?page=1&edid=ADC03EF7-1AE0-1D16-775A-CF1264429A09&sortorder=asc&column=section HTTP/1.1" 200 104590
65.108.227.178 - - [04/Dec/2024:00:37:10 +0100] "GET /ticket2/opencms/sv/buy/?page=1&edid=9851F89D-25C5-636F-1201-72CBFD364D7C&sortorder=asc&column=price HTTP/1.1" 200 105144
65.108.125.120 - - [04/Dec/2024:00:37:10 +0100] "GET /ticket2/opencms/dk/buy/?page=1&edid=FA1B6694-59DB-55B4-7FF8-0435CC075221&sortorder=desc&column=section HTTP/1.1" 200 105055
54.36.149.24 - - [04/Dec/2024:00:37:12 +0100] "GET /ticket2/opencms/cs/buy?page=1&edid=8D36CAAA-5B35-26C1-11D2-EB825155168E HTTP/1.1" 200 101513
65.108.125.120 - - [04/Dec/2024:00:37:12 +0100] "GET /ticket2/opencms/dk/buy/?page=1&edid=FA6E77FD-7B60-427A-8F1A-C8DE18094A0E&sortorder=desc&column=row HTTP/1.1" 200 103168
202.8.43.81 - - [04/Dec/2024:00:37:13 +0100] "GET /ticket2/opencms/system/modules/com.gridnine.opencms.ticketbrokerage.site/resources/css/jquery-ui.css HTTP/1.1" 200 33221
202.8.43.81 - - [04/Dec/2024:00:37:13 +0100] "GET /ticket2/opencms/system/modules/com.gridnine.opencms.ticketbrokerage.site/resources/css/ticketbrokerage.css HTTP/1.1" 200 39339
202.8.43.81 - - [04/Dec/2024:00:37:13 +0100] "GET /ticket2/opencms/system/modules/com.gridnine.opencms.ticketbrokerage.site/resources/css/calendar.css HTTP/1.1" 200 6871
202.8.43.81 - - [04/Dec/2024:00:37:13 +0100] "GET /ticket2/opencms/system/modules/com.gridnine.opencms.ticketbrokerage.site/resources/css/standard.css HTTP/1.1" 200 73073
202.8.43.81 - - [04/Dec/2024:00:37:13 +0100] "GET /ticket2/opencms/system/modules/com.gridnine.opencms.ticketbrokerage.site/resources/css/jquery.fancybox.css HTTP/1.1" 200 4939
202.8.43.81 - - [04/Dec/2024:00:37:13 +0100] "GET /ticket2/opencms/system/modules/com.gridnine.opencms.ticketbrokerage.site/resources/js/calendar.js HTTP/1.1" 200 49229
202.8.43.81 - - [04/Dec/2024:00:37:13 +0100] "GET /ticket2/opencms/system/modules/com.gridnine.opencms.ticketbrokerage.site/resources/js/functions.js HTTP/1.1" 200 1583
202.8.43.81 - - [04/Dec/2024:00:37:13 +0100] "GET /ticket2/opencms/system/modules/com.gridnine.opencms.ticketbrokerage.site/resources/js/jquery/jquery-ui.js HTTP/1.1" 200 228088
202.8.43.81 - - [04/Dec/2024:00:37:13 +0100] "GET /ticket2/opencms/system/modules/com.gridnine.opencms.ticketbrokerage.site/resources/js/calendar-en.js HTTP/1.1" 200 3338
202.8.43.81 - - [04/Dec/2024:00:37:13 +0100] "GET /ticket2/opencms/system/modules/com.gridnine.opencms.ticketbrokerage.site/resources/js/calendar-setup.js HTTP/1.1" 200 4923
202.8.43.81 - - [04/Dec/2024:00:37:13 +0100] "GET /ticket2/opencms/system/modules/com.gridnine.opencms.ticketbrokerage.site/resources/js/jquery/jquery.js HTTP/1.1" 200 93868
95.91.104.62 - - [04/Dec/2024:00:37:13 +0100] "GET /ticket2/opencms/en/buy/?page=1&edid=B9856EBE-C08F-015A-E41C-F8DEF87D6643 HTTP/1.1" 200 102978
202.8.43.81 - - [04/Dec/2024:00:37:13 +0100] "GET /ticket2/opencms/system/modules/com.gridnine.opencms.ticketbrokerage.site/resources/js/jquery.fancybox.pack.js HTTP/1.1" 200 23187
202.8.43.81 - - [04/Dec/2024:00:37:13 +0100] "GET /ticket2/opencms/system/modules/com.gridnine.opencms.ticketbrokerage.site/resources/js/stickyfill.min.js HTTP/1.1" 200 5672
202.8.43.81 - - [04/Dec/2024:00:37:13 +0100] "GET /ticket2/opencms/system/modules/com.gridnine.opencms.ticketbrokerage.site/resources/js/standard.js HTTP/1.1" 200 3978
65.108.227.178 - - [04/Dec/2024:00:37:13 +0100] "GET /ticket2/opencms/sv/buy/?page=1&edid=9851F89D-25C5-636F-1201-72CBFD364D7C&sortorder=asc&column=row HTTP/1.1" 200 105008
202.8.43.81 - - [04/Dec/2024:00:37:13 +0100] "GET /ticket2/opencms/system/modules/com.gridnine.opencms.ticketbrokerage.site/resources/js/jquery.placeholder.min.js HTTP/1.1" 200 1737
202.8.43.81 - - [04/Dec/2024:00:37:13 +0100] "GET /ticket2/opencms/system/modules/com.gridnine.opencms.ticketbrokerage.site/resources/js/common-ajax.js HTTP/1.1" 200 20175
202.8.43.81 - - [04/Dec/2024:00:37:13 +0100] "GET /ticket2/opencms/cs/ask-form.html HTTP/1.1" 200 3156
202.8.43.81 - - [04/Dec/2024:00:37:13 +0100] "GET /ticket2/opencms/cs/ask-form.html HTTP/1.1" 200 3156
47.128.16.22 - - [04/Dec/2024:00:37:13 +0100] "GET /ticket2/opencms/is/buy?edid=BB2F3A74-7E9F-DB09-2C3F-D2D8CE32979C HTTP/1.1" 200 84381
202.8.43.81 - - [04/Dec/2024:00:37:13 +0100] "GET /ticket2/opencms/system/modules/com.gridnine.opencms.ticketbrokerage.site/resources/css/ticketbrokerage.css HTTP/1.1" 200 39339
202.8.43.81 - - [04/Dec/2024:00:37:14 +0100] "GET /ticket2/opencms/system/modules/com.gridnine.opencms.ticketbrokerage.site/resources/js/standard.js HTTP/1.1" 200 3978
65.108.125.120 - - [04/Dec/2024:00:37:14 +0100] "GET /ticket2/opencms/dk/buy/?page=1&edid=FA6E77FD-7B60-427A-8F1A-C8DE18094A0E&sortorder=desc&column=section HTTP/1.1" 200 103440
85.208.96.196 - - [04/Dec/2024:00:37:15 +0100] "GET /ticket2/opencms/de/sv/buying_tickets HTTP/1.1" 404 -
185.191.171.15 - - [04/Dec/2024:00:37:16 +0100] "GET /ticket2/opencms/nl/sport/voetbal-tickets/premier_league/sheffield/ HTTP/1.1" 200 78518
94.154.239.69 - - [04/Dec/2024:00:37:16 +0100] "GET /ticket2/opencms/sv/buy/?page=1&edid=CADFC425-50A8-87AD-969A-CE4EDB1D09FF&sortorder=asc&column=row HTTP/1.1" 200 104769
65.108.227.178 - - [04/Dec/2024:00:37:16 +0100] "GET /ticket2/opencms/sv/buy/?page=1&edid=9851F89D-25C5-636F-1201-72CBFD364D7C&sortorder=asc&column=section HTTP/1.1" 200 105280
65.108.125.120 - - [04/Dec/2024:00:37:17 +0100] "GET /ticket2/opencms/dk/buy/?page=1&edid=FA7819FA-6F6F-D483-14F6-E550D20BA56D HTTP/1.1" 200 102554
52.167.144.204 - - [04/Dec/2024:00:37:17 +0100] "GET /ticket2/opencms/nl/buy?page=1&edid=0D4DB71A-4664-D34E-661B-2C2F571A6F09 HTTP/1.1" 200 101767
95.91.104.62 - - [04/Dec/2024:00:37:17 +0100] "GET /ticket2/opencms/en/buy/?page=1&edid=B9856EBE-C08F-015A-E41C-F8DEF87D6643&sortorder=asc&column=price HTTP/1.1" 200 104850
65.108.125.120 - - [04/Dec/2024:00:37:18 +0100] "GET /ticket2/opencms/dk/buy/?page=1&edid=FA7819FA-6F6F-D483-14F6-E550D20BA56D&sortorder=asc&column=price HTTP/1.1" 200 104426
54.36.149.45 - - [04/Dec/2024:00:37:19 +0100] "GET /ticket2/opencms/fr/buy/?comcatid=66708183-7480-3365-06BF-DBF60280AB45&catid=30D5812D-0858-4843-8F45-C38AE504153C HTTP/1.1" 200 6410
65.108.227.178 - - [04/Dec/2024:00:37:20 +0100] "GET /ticket2/opencms/sv/buy/?page=1&edid=98951E9F-7C48-8DE1-92D6-9D2BD2FE9A27&sortorder=asc&column=price HTTP/1.1" 200 105329
65.108.125.120 - - [04/Dec/2024:00:37:20 +0100] "GET /ticket2/opencms/dk/buy/?page=1&edid=FA7819FA-6F6F-D483-14F6-E550D20BA56D&sortorder=asc&column=row HTTP/1.1" 200 104290
47.128.21.69 - - [04/Dec/2024:00:37:21 +0100] "GET /ticket2/opencms/is/buy/?catid=53E7B32E-5CAA-6CE7-D6AA-FFC41D70EE01&comcatid=0A6B8208-FDA4-E929-9D72-5312FD481B76 HTTP/1.1" 200 6410
95.91.104.62 - - [04/Dec/2024:00:37:21 +0100] "GET /ticket2/opencms/en/buy/?page=1&edid=B9856EBE-C08F-015A-E41C-F8DEF87D6643&sortorder=asc&column=row HTTP/1.1" 200 104714
65.108.125.120 - - [04/Dec/2024:00:37:22 +0100] "GET /ticket2/opencms/dk/buy/?page=1&edid=FA7819FA-6F6F-D483-14F6-E550D20BA56D&sortorder=desc&column=price HTTP/1.1" 200 104493
65.108.227.178 - - [04/Dec/2024:00:37:24 +0100] "GET /ticket2/opencms/sv/buy/?page=1&edid=98951E9F-7C48-8DE1-92D6-9D2BD2FE9A27&sortorder=asc&column=row HTTP/1.1" 200 105193
65.108.125.120 - - [04/Dec/2024:00:37:24 +0100] "GET /ticket2/opencms/dk/buy/?page=1&edid=FA7819FA-6F6F-D483-14F6-E550D20BA56D&sortorder=desc&column=row HTTP/1.1" 200 104357
95.91.104.62 - - [04/Dec/2024:00:37:25 +0100] "GET /ticket2/opencms/en/buy/?page=1&edid=B9856EBE-C08F-015A-E41C-F8DEF87D6643&sortorder=asc&column=section HTTP/1.1" 200 104986
65.108.125.120 - - [04/Dec/2024:00:37:26 +0100] "GET /ticket2/opencms/dk/buy/?page=1&edid=FA7819FA-6F6F-D483-14F6-E550D20BA56D&sortorder=desc&column=section HTTP/1.1" 200 104629
54.36.148.106 - - [04/Dec/2024:00:37:26 +0100] "GET /ticket2/opencms/et/buy?page=1&edid=8D36CAAA-5B35-26C1-11D2-EB825155168E HTTP/1.1" 200 101446
94.154.239.69 - - [04/Dec/2024:00:37:27 +0100] "GET /ticket2/opencms/sv/buy/?page=1&edid=CB7979F8-A9BA-84FB-0C37-F2D398888A8F&sortorder=asc&column=row HTTP/1.1" 200 104976
202.8.41.171 - - [04/Dec/2024:00:37:27 +0100] "GET /ticket2/opencms/system/modules/com.gridnine.opencms.ticketbrokerage.site/resources/css/jquery.fancybox.css HTTP/1.1" 200 4939
202.8.41.171 - - [04/Dec/2024:00:37:27 +0100] "GET /ticket2/opencms/system/modules/com.gridnine.opencms.ticketbrokerage.site/resources/css/calendar.css HTTP/1.1" 200 6871
65.108.227.178 - - [04/Dec/2024:00:37:27 +0100] "GET /ticket2/opencms/sv/buy/?page=1&edid=98951E9F-7C48-8DE1-92D6-9D2BD2FE9A27&sortorder=asc&column=section HTTP/1.1" 200 105465
202.8.41.171 - - [04/Dec/2024:00:37:27 +0100] "GET /ticket2/opencms/system/modules/com.gridnine.opencms.ticketbrokerage.site/resources/css/ticketbrokerage.css HTTP/1.1" 200 39339
202.8.41.171 - - [04/Dec/2024:00:37:27 +0100] "GET /ticket2/opencms/system/modules/com.gridnine.opencms.ticketbrokerage.site/resources/css/standard.css HTTP/1.1" 200 73073
202.8.41.171 - - [04/Dec/2024:00:37:27 +0100] "GET /ticket2/opencms/system/modules/com.gridnine.opencms.ticketbrokerage.site/resources/css/jquery-ui.css HTTP/1.1" 200 33221
202.8.41.171 - - [04/Dec/2024:00:37:27 +0100] "GET /ticket2/opencms/system/modules/com.gridnine.opencms.ticketbrokerage.site/resources/js/jquery/jquery.js HTTP/1.1" 200 93868
202.8.41.171 - - [04/Dec/2024:00:37:27 +0100] "GET /ticket2/opencms/system/modules/com.gridnine.opencms.ticketbrokerage.site/resources/js/functions.js HTTP/1.1" 200 1583
202.8.41.171 - - [04/Dec/2024:00:37:27 +0100] "GET /ticket2/opencms/system/modules/com.gridnine.opencms.ticketbrokerage.site/resources/js/jquery/jquery-ui.js HTTP/1.1" 200 228088
202.8.41.171 - - [04/Dec/2024:00:37:27 +0100] "GET /ticket2/opencms/system/modules/com.gridnine.opencms.ticketbrokerage.site/resources/js/calendar-en.js HTTP/1.1" 200 3338
202.8.41.171 - - [04/Dec/2024:00:37:27 +0100] "GET /ticket2/opencms/system/modules/com.gridnine.opencms.ticketbrokerage.site/resources/js/calendar.js HTTP/1.1" 200 49229
202.8.41.171 - - [04/Dec/2024:00:37:27 +0100] "GET /ticket2/opencms/system/modules/com.gridnine.opencms.ticketbrokerage.site/resources/js/calendar-setup.js HTTP/1.1" 200 4923
202.8.41.171 - - [04/Dec/2024:00:37:27 +0100] "GET /ticket2/opencms/system/modules/com.gridnine.opencms.ticketbrokerage.site/resources/js/jquery.fancybox.pack.js HTTP/1.1" 200 23187
202.8.41.171 - - [04/Dec/2024:00:37:27 +0100] "GET /ticket2/opencms/system/modules/com.gridnine.opencms.ticketbrokerage.site/resources/js/stickyfill.min.js HTTP/1.1" 200 5672
202.8.41.171 - - [04/Dec/2024:00:37:27 +0100] "GET /ticket2/opencms/system/modules/com.gridnine.opencms.ticketbrokerage.site/resources/js/standard.js HTTP/1.1" 200 3978
202.8.41.171 - - [04/Dec/2024:00:37:28 +0100] "GET /ticket2/opencms/system/modules/com.gridnine.opencms.ticketbrokerage.site/resources/js/jquery.placeholder.min.js HTTP/1.1" 200 1737
202.8.41.171 - - [04/Dec/2024:00:37:28 +0100] "GET /ticket2/opencms/system/modules/com.gridnine.opencms.ticketbrokerage.site/resources/js/common-ajax.js HTTP/1.1" 200 20175
202.8.41.171 - - [04/Dec/2024:00:37:28 +0100] "GET /ticket2/opencms/et/ask-form.html HTTP/1.1" 200 3156
65.108.125.120 - - [04/Dec/2024:00:37:28 +0100] "GET /ticket2/opencms/dk/buy/?page=1&edid=FABCE528-F916-4368-C148-CD3FBF7DABD2 HTTP/1.1" 200 103529
202.8.41.171 - - [04/Dec/2024:00:37:28 +0100] "GET /ticket2/opencms/system/modules/com.gridnine.opencms.ticketbrokerage.site/resources/css/ticketbrokerage.css HTTP/1.1" 200 39339
202.8.41.171 - - [04/Dec/2024:00:37:28 +0100] "GET /ticket2/opencms/system/modules/com.gridnine.opencms.ticketbrokerage.site/resources/js/standard.js HTTP/1.1" 200 3978
95.91.104.62 - - [04/Dec/2024:00:37:29 +0100] "GET /ticket2/opencms/en/buy/?page=1&edid=BC1EC1ED-9DF8-C987-E2D9-7659501E4FC2 HTTP/1.1" 200 103866
65.108.125.120 - - [04/Dec/2024:00:37:30 +0100] "GET /ticket2/opencms/dk/buy/?page=1&edid=FC0C5A3D-89D5-4CCC-0C13-E556ACA3DDE8&sortorder=asc&column=price HTTP/1.1" 200 106018
207.46.13.141 - - [04/Dec/2024:00:37:30 +0100] "GET /ticket2/opencms/hu/buy?comcatid=A17713B6-D984-201A-4143-ED4DB5ED5C2E&npage=7 HTTP/1.1" 200 6410
65.108.227.178 - - [04/Dec/2024:00:37:31 +0100] "GET /ticket2/opencms/sv/buy/?page=1&edid=9A2A4E79-E1FC-1D63-1645-10449E12F92D HTTP/1.1" 200 104329
65.108.125.120 - - [04/Dec/2024:00:37:31 +0100] "GET /ticket2/opencms/dk/buy/?page=1&edid=FC0D5D89-4B43-9EC1-BD89-FA48C772FEDC&sortorder=desc&column=row HTTP/1.1" 200 106106
69.171.249.114 - - [04/Dec/2024:00:37:32 +0100] "GET /ticket2/opencms/ka/buy?page=1&edid=069EC406-6DFD-08ED-B6CC-A7E203415919 HTTP/1.1" 200 134040
95.91.104.62 - - [04/Dec/2024:00:37:33 +0100] "GET /ticket2/opencms/en/buy/?page=1&edid=CDA2B9F1-99FC-C167-0FB1-C1A9A32C9160&sortorder=asc&column=row HTTP/1.1" 200 104318
65.108.125.120 - - [04/Dec/2024:00:37:33 +0100] "GET /ticket2/opencms/dk/buy/?page=1&edid=FC59A96A-7A0E-DF19-BFE3-D29B9978A152&sortorder=asc&column=section HTTP/1.1" 200 105538
65.108.227.178 - - [04/Dec/2024:00:37:34 +0100] "GET /ticket2/opencms/sv/buy/?page=1&edid=9A2A4E79-E1FC-1D63-1645-10449E12F92D&sortorder=asc&column=price HTTP/1.1" 200 106201
54.36.148.85 - - [04/Dec/2024:00:37:34 +0100] "GET /ticket2/opencms/et/buy?page=1&edid=D712D542-2FD7-63E8-3EB9-EC4508B2CBC4 HTTP/1.1" 200 101515
65.108.125.120 - - [04/Dec/2024:00:37:35 +0100] "GET /ticket2/opencms/dk/buy/?page=1&edid=FCCEA0AD-179D-2AD4-9A08-938973A163A5&sortorder=asc&column=price HTTP/1.1" 200 102252
35.203.210.49 - - [04/Dec/2024:00:37:35 +0100] "GET /ticket2/opencms/de/ HTTP/1.1" 200 93146
202.8.42.127 - - [04/Dec/2024:00:37:35 +0100] "GET /ticket2/opencms/system/modules/com.gridnine.opencms.ticketbrokerage.site/resources/css/calendar.css HTTP/1.1" 200 6871
202.8.42.127 - - [04/Dec/2024:00:37:35 +0100] "GET /ticket2/opencms/system/modules/com.gridnine.opencms.ticketbrokerage.site/resources/css/standard.css HTTP/1.1" 200 73073
202.8.42.127 - - [04/Dec/2024:00:37:35 +0100] "GET /ticket2/opencms/system/modules/com.gridnine.opencms.ticketbrokerage.site/resources/css/ticketbrokerage.css HTTP/1.1" 200 39339
202.8.42.127 - - [04/Dec/2024:00:37:35 +0100] "GET /ticket2/opencms/system/modules/com.gridnine.opencms.ticketbrokerage.site/resources/css/jquery.fancybox.css HTTP/1.1" 200 4939
202.8.42.127 - - [04/Dec/2024:00:37:35 +0100] "GET /ticket2/opencms/system/modules/com.gridnine.opencms.ticketbrokerage.site/resources/css/jquery-ui.css HTTP/1.1" 200 33221
202.8.42.127 - - [04/Dec/2024:00:37:35 +0100] "GET /ticket2/opencms/system/modules/com.gridnine.opencms.ticketbrokerage.site/resources/js/functions.js HTTP/1.1" 200 1583
202.8.42.127 - - [04/Dec/2024:00:37:35 +0100] "GET /ticket2/opencms/system/modules/com.gridnine.opencms.ticketbrokerage.site/resources/js/calendar.js HTTP/1.1" 200 49229
202.8.42.127 - - [04/Dec/2024:00:37:35 +0100] "GET /ticket2/opencms/system/modules/com.gridnine.opencms.ticketbrokerage.site/resources/js/jquery.fancybox.pack.js HTTP/1.1" 200 23187
202.8.42.127 - - [04/Dec/2024:00:37:35 +0100] "GET /ticket2/opencms/system/modules/com.gridnine.opencms.ticketbrokerage.site/resources/js/jquery/jquery.js HTTP/1.1" 200 93868
202.8.42.127 - - [04/Dec/2024:00:37:35 +0100] "GET /ticket2/opencms/system/modules/com.gridnine.opencms.ticketbrokerage.site/resources/js/calendar-en.js HTTP/1.1" 200 3338
202.8.42.127 - - [04/Dec/2024:00:37:35 +0100] "GET /ticket2/opencms/system/modules/com.gridnine.opencms.ticketbrokerage.site/resources/js/stickyfill.min.js HTTP/1.1" 200 5672
202.8.42.127 - - [04/Dec/2024:00:37:35 +0100] "GET /ticket2/opencms/system/modules/com.gridnine.opencms.ticketbrokerage.site/resources/js/jquery/jquery-ui.js HTTP/1.1" 200 228088
202.8.42.127 - - [04/Dec/2024:00:37:36 +0100] "GET /ticket2/opencms/system/modules/com.gridnine.opencms.ticketbrokerage.site/resources/js/calendar-setup.js HTTP/1.1" 200 4923
202.8.42.127 - - [04/Dec/2024:00:37:36 +0100] "GET /ticket2/opencms/system/modules/com.gridnine.opencms.ticketbrokerage.site/resources/js/standard.js HTTP/1.1" 200 3978
202.8.42.127 - - [04/Dec/2024:00:37:36 +0100] "GET /ticket2/opencms/system/modules/com.gridnine.opencms.ticketbrokerage.site/resources/js/jquery.placeholder.min.js HTTP/1.1" 200 1737
202.8.42.127 - - [04/Dec/2024:00:37:36 +0100] "GET /ticket2/opencms/system/modules/com.gridnine.opencms.ticketbrokerage.site/resources/js/common-ajax.js HTTP/1.1" 200 20175
202.8.42.127 - - [04/Dec/2024:00:37:36 +0100] "GET /ticket2/opencms/et/ask-form.html HTTP/1.1" 200 3156
95.91.104.62 - - [04/Dec/2024:00:37:37 +0100] "GET /ticket2/opencms/en/buy/?page=1&edid=CDA2B9F1-99FC-C167-0FB1-C1A9A32C9160&sortorder=desc&column=price HTTP/1.1" 200 104521
65.108.125.120 - - [04/Dec/2024:00:37:37 +0100] "GET /ticket2/opencms/dk/buy/?page=1&edid=FCCEA0AD-179D-2AD4-9A08-938973A163A5&sortorder=asc&column=row HTTP/1.1" 200 102116
85.208.96.204 - - [04/Dec/2024:00:37:37 +0100] "GET /ticket2/opencms/dk/sport/fodboldbilletter/bundesliga/leipzig/ HTTP/1.1" 200 84876
65.108.227.178 - - [04/Dec/2024:00:37:37 +0100] "GET /ticket2/opencms/sv/buy/?page=1&edid=9A2A4E79-E1FC-1D63-1645-10449E12F92D&sortorder=asc&column=row HTTP/1.1" 200 106065
94.154.239.69 - - [04/Dec/2024:00:37:37 +0100] "GET /ticket2/opencms/sv/buy/?page=1&edid=CB7979F8-A9BA-84FB-0C37-F2D398888A8F&sortorder=asc&column=section HTTP/1.1" 200 105248
54.36.149.84 - - [04/Dec/2024:00:37:37 +0100] "GET /ticket2/opencms/az/buy?page=1&edid=8DA9D1EA-2F7E-8136-071B-749FF836435A HTTP/1.1" 200 104643
202.8.42.127 - - [04/Dec/2024:00:37:38 +0100] "GET /ticket2/opencms/et/ask-form.html HTTP/1.1" 200 3156
202.8.42.127 - - [04/Dec/2024:00:37:38 +0100] "GET /ticket2/opencms/system/modules/com.gridnine.opencms.ticketbrokerage.site/resources/css/ticketbrokerage.css HTTP/1.1" 200 39339
202.8.42.127 - - [04/Dec/2024:00:37:38 +0100] "GET /ticket2/opencms/system/modules/com.gridnine.opencms.ticketbrokerage.site/resources/js/standard.js HTTP/1.1" 200 3978
216.244.66.238 - - [04/Dec/2024:00:37:38 +0100] "GET /ticket2/opencms/sv/selling_tickets/ HTTP/1.1" 200 78139
65.108.125.120 - - [04/Dec/2024:00:37:39 +0100] "GET /ticket2/opencms/en/buy/?page=1&edid=7252A51A-97AC-D81E-2DC0-946206EF80FD&sortorder=desc&column=price HTTP/1.1" 200 104713
95.91.104.62 - - [04/Dec/2024:00:37:41 +0100] "GET /ticket2/opencms/en/buy/?page=1&edid=D3E72C5E-B547-4435-D0E1-AA20A6C0D9D5 HTTP/1.1" 200 103862
65.108.227.178 - - [04/Dec/2024:00:37:41 +0100] "GET /ticket2/opencms/sv/buy/?page=1&edid=9A2A4E79-E1FC-1D63-1645-10449E12F92D&sortorder=asc&column=section HTTP/1.1" 200 106337
65.108.125.120 - - [04/Dec/2024:00:37:41 +0100] "GET /ticket2/opencms/en/buy/?page=1&edid=7252A51A-97AC-D81E-2DC0-946206EF80FD&sortorder=desc&column=row HTTP/1.1" 200 104577
207.46.13.141 - - [04/Dec/2024:00:37:41 +0100] "GET /ticket2/opencms/hu/buy?page=1&edid=1B0FD2CF-7989-14DE-F7CF-3A2E39F20BD8 HTTP/1.1" 200 101098
65.108.125.120 - - [04/Dec/2024:00:37:43 +0100] "GET /ticket2/opencms/en/buy/?page=1&edid=72EA71D3-6F9C-57D5-7B7F-73AA197889AE&sortorder=asc&column=section HTTP/1.1" 200 105280
66.249.68.68 - - [04/Dec/2024:00:37:43 +0100] "GET /ticket2/opencms/sl/standard/ HTTP/1.1" 500 -
95.91.104.62 - - [04/Dec/2024:00:37:44 +0100] "GET /ticket2/opencms/en/buy/?page=1&edid=E0A93109-5CBA-0BDC-5A03-F3B1B8D8FE01&sortorder=desc&column=section HTTP/1.1" 200 105348
65.108.227.178 - - [04/Dec/2024:00:37:44 +0100] "GET /ticket2/opencms/sv/buy/?page=1&edid=9A2A4E79-E1FC-1D63-1645-10449E12F92D&sortorder=desc&column=price HTTP/1.1" 200 106268
65.108.125.120 - - [04/Dec/2024:00:37:45 +0100] "GET /ticket2/opencms/en/buy/?page=1&edid=E248EF6A-8342-3B78-4B0A-536EC18AFDB8&sortorder=desc&column=price HTTP/1.1" 200 105149
94.154.239.69 - - [04/Dec/2024:00:37:45 +0100] "GET /ticket2/opencms/sv/buy/?page=1&edid=CB7979F8-A9BA-84FB-0C37-F2D398888A8F&sortorder=desc&column=section HTTP/1.1" 200 105315
54.36.148.172 - - [04/Dec/2024:00:37:45 +0100] "GET /ticket2/opencms/fi/buy?page=1&edid=6AEAF6C2-C57A-0447-5B0A-20959D8DCFDD HTTP/1.1" 200 104589
65.108.125.120 - - [04/Dec/2024:00:37:47 +0100] "GET /ticket2/opencms/en/login/?edid=2E1150D0-164B-6D57-A951-EE2A90A76DF8 HTTP/1.1" 200 81798
95.91.104.62 - - [04/Dec/2024:00:37:48 +0100] "GET /ticket2/opencms/en/buy/?page=1&edid=E1F55F84-4D40-F949-F902-228A506F47DB HTTP/1.1" 200 103743
65.108.227.178 - - [04/Dec/2024:00:37:48 +0100] "GET /ticket2/opencms/sv/buy/?page=1&edid=9A2A4E79-E1FC-1D63-1645-10449E12F92D&sortorder=desc&column=row HTTP/1.1" 200 106132
65.108.125.120 - - [04/Dec/2024:00:37:49 +0100] "GET /ticket2/opencms/en/login/?edid=32684C15-3991-14C8-FF47-6D8EBA34F95A HTTP/1.1" 200 81798
65.108.125.120 - - [04/Dec/2024:00:37:51 +0100] "GET /ticket2/opencms/en/login/?edid=327AE0DA-94B2-C94C-18B8-D6746C6CB956 HTTP/1.1" 200 81798
54.36.148.42 - - [04/Dec/2024:00:37:51 +0100] "GET /ticket2/opencms/fr/buy?page=1&edid=8D36CAAA-5B35-26C1-11D2-EB825155168E HTTP/1.1" 200 101348
65.108.227.178 - - [04/Dec/2024:00:37:51 +0100] "GET /ticket2/opencms/sv/buy/?page=1&edid=9A2A4E79-E1FC-1D63-1645-10449E12F92D&sortorder=desc&column=section HTTP/1.1" 200 106404
202.8.41.187 - - [04/Dec/2024:00:37:52 +0100] "GET /ticket2/opencms/system/modules/com.gridnine.opencms.ticketbrokerage.site/resources/css/calendar.css HTTP/1.1" 200 6871
202.8.41.187 - - [04/Dec/2024:00:37:52 +0100] "GET /ticket2/opencms/system/modules/com.gridnine.opencms.ticketbrokerage.site/resources/css/jquery-ui.css HTTP/1.1" 200 33221
202.8.41.187 - - [04/Dec/2024:00:37:52 +0100] "GET /ticket2/opencms/system/modules/com.gridnine.opencms.ticketbrokerage.site/resources/css/ticketbrokerage.css HTTP/1.1" 200 39339
202.8.41.187 - - [04/Dec/2024:00:37:52 +0100] "GET /ticket2/opencms/system/modules/com.gridnine.opencms.ticketbrokerage.site/resources/css/jquery.fancybox.css HTTP/1.1" 200 4939
202.8.41.187 - - [04/Dec/2024:00:37:52 +0100] "GET /ticket2/opencms/system/modules/com.gridnine.opencms.ticketbrokerage.site/resources/css/standard.css HTTP/1.1" 200 73073
202.8.41.187 - - [04/Dec/2024:00:37:52 +0100] "GET /ticket2/opencms/system/modules/com.gridnine.opencms.ticketbrokerage.site/resources/js/jquery/jquery.js HTTP/1.1" 200 93868
202.8.41.187 - - [04/Dec/2024:00:37:52 +0100] "GET /ticket2/opencms/system/modules/com.gridnine.opencms.ticketbrokerage.site/resources/js/jquery/jquery-ui.js HTTP/1.1" 200 228088
202.8.41.187 - - [04/Dec/2024:00:37:52 +0100] "GET /ticket2/opencms/system/modules/com.gridnine.opencms.ticketbrokerage.site/resources/js/functions.js HTTP/1.1" 200 1583
202.8.41.187 - - [04/Dec/2024:00:37:52 +0100] "GET /ticket2/opencms/system/modules/com.gridnine.opencms.ticketbrokerage.site/resources/js/calendar.js HTTP/1.1" 200 49229
202.8.41.187 - - [04/Dec/2024:00:37:52 +0100] "GET /ticket2/opencms/system/modules/com.gridnine.opencms.ticketbrokerage.site/resources/js/calendar-en.js HTTP/1.1" 200 3338
202.8.41.187 - - [04/Dec/2024:00:37:52 +0100] "GET /ticket2/opencms/system/modules/com.gridnine.opencms.ticketbrokerage.site/resources/js/calendar-setup.js HTTP/1.1" 200 4923
202.8.41.187 - - [04/Dec/2024:00:37:52 +0100] "GET /ticket2/opencms/system/modules/com.gridnine.opencms.ticketbrokerage.site/resources/js/jquery.fancybox.pack.js HTTP/1.1" 200 23187
202.8.41.187 - - [04/Dec/2024:00:37:52 +0100] "GET /ticket2/opencms/system/modules/com.gridnine.opencms.ticketbrokerage.site/resources/js/stickyfill.min.js HTTP/1.1" 200 5672
202.8.41.187 - - [04/Dec/2024:00:37:52 +0100] "GET /ticket2/opencms/system/modules/com.gridnine.opencms.ticketbrokerage.site/resources/js/standard.js HTTP/1.1" 200 3978
94.154.239.69 - - [04/Dec/2024:00:37:52 +0100] "GET /ticket2/opencms/sv/buy/?page=1&edid=CD823246-82BA-C9E1-7B9F-0354B99EB2B9&sortorder=desc&column=price HTTP/1.1" 200 102584
95.91.104.62 - - [04/Dec/2024:00:37:52 +0100] "GET /ticket2/opencms/en/buy/?page=1&edid=E1F55F84-4D40-F949-F902-228A506F47DB&sortorder=asc&column=price HTTP/1.1" 200 105615
202.8.41.187 - - [04/Dec/2024:00:37:52 +0100] "GET /ticket2/opencms/system/modules/com.gridnine.opencms.ticketbrokerage.site/resources/js/jquery.placeholder.min.js HTTP/1.1" 200 1737
202.8.41.187 - - [04/Dec/2024:00:37:52 +0100] "GET /ticket2/opencms/system/modules/com.gridnine.opencms.ticketbrokerage.site/resources/js/common-ajax.js HTTP/1.1" 200 20175
202.8.41.187 - - [04/Dec/2024:00:37:53 +0100] "GET /ticket2/opencms/fr/ask-form.html HTTP/1.1" 200 3156
202.8.41.187 - - [04/Dec/2024:00:37:53 +0100] "GET /ticket2/opencms/system/modules/com.gridnine.opencms.ticketbrokerage.site/resources/css/ticketbrokerage.css HTTP/1.1" 200 39339
65.108.125.120 - - [04/Dec/2024:00:37:53 +0100] "GET /ticket2/opencms/en/login/?edid=3A0CF5B2-91E7-D746-AACF-C2240A7CE5B4 HTTP/1.1" 200 81798
202.8.41.187 - - [04/Dec/2024:00:37:53 +0100] "GET /ticket2/opencms/system/modules/com.gridnine.opencms.ticketbrokerage.site/resources/js/standard.js HTTP/1.1" 200 3978
65.108.227.178 - - [04/Dec/2024:00:37:55 +0100] "GET /ticket2/opencms/sv/buy/?page=1&edid=9A3C27A1-65FA-8A2A-3B31-16AE933E3C48&sortorder=asc&column=price HTTP/1.1" 200 105746
65.108.125.120 - - [04/Dec/2024:00:37:55 +0100] "GET /ticket2/opencms/en/login/?edid=3A37BCE8-6529-D527-7A05-B4A6F4329BC8 HTTP/1.1" 200 81798
95.91.104.62 - - [04/Dec/2024:00:37:56 +0100] "GET /ticket2/opencms/en/buy/?page=1&edid=E1F55F84-4D40-F949-F902-228A506F47DB&sortorder=asc&column=row HTTP/1.1" 200 105479
66.249.79.232 - - [04/Dec/2024:00:37:56 +0100] "GET /ticket2/opencms/nl/buy/?page=1&edid=1862566B-2998-338F-A641-7BC143FBEEE7 HTTP/1.1" 200 125873
65.108.125.120 - - [04/Dec/2024:00:37:57 +0100] "GET /ticket2/opencms/en/login/?edid=3F6B6B17-F159-59CA-9275-25779C692B45 HTTP/1.1" 200 81798
54.36.149.3 - - [04/Dec/2024:00:37:58 +0100] "GET /ticket2/opencms/robots.txt HTTP/1.1" 200 773
65.108.227.178 - - [04/Dec/2024:00:37:58 +0100] "GET /ticket2/opencms/sv/buy/?page=1&edid=9A3C27A1-65FA-8A2A-3B31-16AE933E3C48&sortorder=asc&column=row HTTP/1.1" 200 105610
65.108.125.120 - - [04/Dec/2024:00:37:59 +0100] "GET /ticket2/opencms/en/login/?edid=417ADFEF-F739-B537-3809-889A2832A17A HTTP/1.1" 200 81798
95.91.104.62 - - [04/Dec/2024:00:38:00 +0100] "GET /ticket2/opencms/en/buy/?page=1&edid=E1F55F84-4D40-F949-F902-228A506F47DB&sortorder=asc&column=section HTTP/1.1" 200 105751
94.154.239.69 - - [04/Dec/2024:00:38:00 +0100] "GET /ticket2/opencms/sv/buy/?page=1&edid=CE292CD9-5BD3-4F39-C9ED-AE60D2E7BEF8&sortorder=asc&column=row HTTP/1.1" 200 105692
65.108.125.120 - - [04/Dec/2024:00:38:01 +0100] "GET /ticket2/opencms/en/login/?edid=44264AD6-AE6F-DE08-2352-8E049AC8C6F2 HTTP/1.1" 200 81798
54.36.148.5 - - [04/Dec/2024:00:38:01 +0100] "GET /ticket2/opencms/dk/buy/?comcatid=A17713B6-D984-201A-4143-ED4DB5ED5C2E&catid=5A89E483-58AD-080E-F363-E16CE738916A HTTP/1.1" 200 6410
65.108.227.178 - - [04/Dec/2024:00:38:02 +0100] "GET /ticket2/opencms/sv/buy/?page=1&edid=9A3C27A1-65FA-8A2A-3B31-16AE933E3C48&sortorder=asc&column=section HTTP/1.1" 200 105882
40.77.167.52 - - [04/Dec/2024:00:38:02 +0100] "GET /ticket2/opencms/sr/buy/?page=1&edid=F2D85B77-0146-9383-AAB8-AFEF60C3B51B HTTP/1.1" 200 127740
65.108.125.120 - - [04/Dec/2024:00:38:03 +0100] "GET /ticket2/opencms/en/login/?edid=46CB9550-4A60-EB44-0968-F0DC6C611ED2 HTTP/1.1" 200 81798
95.91.104.62 - - [04/Dec/2024:00:38:03 +0100] "GET /ticket2/opencms/en/buy/?page=1&edid=E1F55F84-4D40-F949-F902-228A506F47DB&sortorder=desc&column=price HTTP/1.1" 200 105682
65.108.125.120 - - [04/Dec/2024:00:38:05 +0100] "GET /ticket2/opencms/en/login/?edid=5419EEB9-7CF3-F00C-1255-FC5A4AAC90B0 HTTP/1.1" 200 81798
65.108.227.178 - - [04/Dec/2024:00:38:05 +0100] "GET /ticket2/opencms/sv/buy/?page=1&edid=9A3C27A1-65FA-8A2A-3B31-16AE933E3C48&sortorder=desc&column=price HTTP/1.1" 200 105813
173.252.69.112 - - [04/Dec/2024:00:38:06 +0100] "GET /ticket2/opencms/is/buy?page=1&edid=4D95C4E4-B7FF-C71E-110D-D09544A9044A HTTP/1.1" 200 127628
95.91.104.62 - - [04/Dec/2024:00:38:07 +0100] "GET /ticket2/opencms/en/buy/?page=1&edid=E1F55F84-4D40-F949-F902-228A506F47DB&sortorder=desc&column=row HTTP/1.1" 200 105546
65.108.125.120 - - [04/Dec/2024:00:38:07 +0100] "GET /ticket2/opencms/en/login/?edid=5CB52156-5806-1511-4443-FA573AEB360B HTTP/1.1" 200 81798
94.154.239.69 - - [04/Dec/2024:00:38:08 +0100] "GET /ticket2/opencms/sv/buy/?page=1&edid=CE292CD9-5BD3-4F39-C9ED-AE60D2E7BEF8&sortorder=asc&column=section HTTP/1.1" 200 105964
65.108.227.178 - - [04/Dec/2024:00:38:08 +0100] "GET /ticket2/opencms/sv/buy/?page=1&edid=9A3C27A1-65FA-8A2A-3B31-16AE933E3C48&sortorder=desc&column=row HTTP/1.1" 200 105677
65.108.125.120 - - [04/Dec/2024:00:38:09 +0100] "GET /ticket2/opencms/en/login/?edid=5D6BAFEE-C7E8-3FFE-C335-869AB5ECAAC9 HTTP/1.1" 200 81798
65.108.125.120 - - [04/Dec/2024:00:38:11 +0100] "GET /ticket2/opencms/en/login/?edid=62562217-76BA-D78D-2133-BC27A23FFCB8 HTTP/1.1" 200 81798
65.108.227.178 - - [04/Dec/2024:00:38:12 +0100] "GET /ticket2/opencms/sv/buy/?page=1&edid=9A3C27A1-65FA-8A2A-3B31-16AE933E3C48&sortorder=desc&column=section HTTP/1.1" 200 105949
54.36.148.102 - - [04/Dec/2024:00:38:12 +0100] "GET /ticket2/opencms/ga/buy?page=1&edid=D712D542-2FD7-63E8-3EB9-EC4508B2CBC4 HTTP/1.1" 200 102058
65.108.125.120 - - [04/Dec/2024:00:38:13 +0100] "GET /ticket2/opencms/en/login/?edid=A2DDA4E4-44CC-604A-D0E5-6CFEACA7D15C HTTP/1.1" 200 81798
202.8.42.225 - - [04/Dec/2024:00:38:14 +0100] "GET /ticket2/opencms/system/modules/com.gridnine.opencms.ticketbrokerage.site/resources/css/jquery-ui.css HTTP/1.1" 200 33221
202.8.42.225 - - [04/Dec/2024:00:38:14 +0100] "GET /ticket2/opencms/system/modules/com.gridnine.opencms.ticketbrokerage.site/resources/css/jquery.fancybox.css HTTP/1.1" 200 4939
202.8.42.225 - - [04/Dec/2024:00:38:14 +0100] "GET /ticket2/opencms/system/modules/com.gridnine.opencms.ticketbrokerage.site/resources/css/calendar.css HTTP/1.1" 200 6871
202.8.42.225 - - [04/Dec/2024:00:38:14 +0100] "GET /ticket2/opencms/system/modules/com.gridnine.opencms.ticketbrokerage.site/resources/js/calendar.js HTTP/1.1" 200 49229
202.8.42.225 - - [04/Dec/2024:00:38:14 +0100] "GET /ticket2/opencms/system/modules/com.gridnine.opencms.ticketbrokerage.site/resources/css/ticketbrokerage.css HTTP/1.1" 200 39339
202.8.42.225 - - [04/Dec/2024:00:38:14 +0100] "GET /ticket2/opencms/system/modules/com.gridnine.opencms.ticketbrokerage.site/resources/css/standard.css HTTP/1.1" 200 73073
202.8.42.225 - - [04/Dec/2024:00:38:14 +0100] "GET /ticket2/opencms/system/modules/com.gridnine.opencms.ticketbrokerage.site/resources/js/calendar-setup.js HTTP/1.1" 200 4923
202.8.42.225 - - [04/Dec/2024:00:38:14 +0100] "GET /ticket2/opencms/system/modules/com.gridnine.opencms.ticketbrokerage.site/resources/js/jquery.fancybox.pack.js HTTP/1.1" 200 23187
202.8.42.225 - - [04/Dec/2024:00:38:14 +0100] "GET /ticket2/opencms/system/modules/com.gridnine.opencms.ticketbrokerage.site/resources/js/calendar-en.js HTTP/1.1" 200 3338
202.8.42.225 - - [04/Dec/2024:00:38:14 +0100] "GET /ticket2/opencms/system/modules/com.gridnine.opencms.ticketbrokerage.site/resources/js/jquery/jquery-ui.js HTTP/1.1" 200 228088
202.8.42.225 - - [04/Dec/2024:00:38:14 +0100] "GET /ticket2/opencms/system/modules/com.gridnine.opencms.ticketbrokerage.site/resources/js/jquery/jquery.js HTTP/1.1" 200 93868
202.8.42.225 - - [04/Dec/2024:00:38:14 +0100] "GET /ticket2/opencms/system/modules/com.gridnine.opencms.ticketbrokerage.site/resources/js/stickyfill.min.js HTTP/1.1" 200 5672
202.8.42.225 - - [04/Dec/2024:00:38:14 +0100] "GET /ticket2/opencms/system/modules/com.gridnine.opencms.ticketbrokerage.site/resources/js/functions.js HTTP/1.1" 200 1583
202.8.42.225 - - [04/Dec/2024:00:38:14 +0100] "GET /ticket2/opencms/system/modules/com.gridnine.opencms.ticketbrokerage.site/resources/js/standard.js HTTP/1.1" 200 3978
202.8.42.225 - - [04/Dec/2024:00:38:14 +0100] "GET /ticket2/opencms/system/modules/com.gridnine.opencms.ticketbrokerage.site/resources/js/jquery.placeholder.min.js HTTP/1.1" 200 1737
202.8.42.225 - - [04/Dec/2024:00:38:14 +0100] "GET /ticket2/opencms/system/modules/com.gridnine.opencms.ticketbrokerage.site/resources/js/common-ajax.js HTTP/1.1" 200 20175
202.8.42.225 - - [04/Dec/2024:00:38:14 +0100] "GET /ticket2/opencms/ga/ask-form.html HTTP/1.1" 200 3156
65.108.125.120 - - [04/Dec/2024:00:38:15 +0100] "GET /ticket2/opencms/en/login/?edid=A6856250-01E2-4A1B-464C-68CA574A3D4C HTTP/1.1" 200 81798
94.154.239.69 - - [04/Dec/2024:00:38:15 +0100] "GET /ticket2/opencms/sv/buy/?page=1&edid=CE292CD9-5BD3-4F39-C9ED-AE60D2E7BEF8&sortorder=desc&column=price HTTP/1.1" 200 105895
202.8.42.225 - - [04/Dec/2024:00:38:15 +0100] "GET /ticket2/opencms/ga/ask-form.html HTTP/1.1" 200 3156
202.8.42.225 - - [04/Dec/2024:00:38:15 +0100] "GET /ticket2/opencms/system/modules/com.gridnine.opencms.ticketbrokerage.site/resources/css/ticketbrokerage.css HTTP/1.1" 200 39339
65.108.227.178 - - [04/Dec/2024:00:38:15 +0100] "GET /ticket2/opencms/sv/buy/?page=1&edid=9B400594-B20F-D479-4D4E-A3F53A22DCA4&sortorder=desc&column=price HTTP/1.1" 200 104967
202.8.42.225 - - [04/Dec/2024:00:38:15 +0100] "GET /ticket2/opencms/system/modules/com.gridnine.opencms.ticketbrokerage.site/resources/js/standard.js HTTP/1.1" 200 3978
65.108.125.120 - - [04/Dec/2024:00:38:17 +0100] "GET /ticket2/opencms/en/login/?edid=E0A93109-5CBA-0BDC-5A03-F3B1B8D8FE01 HTTP/1.1" 200 81798
65.108.227.178 - - [04/Dec/2024:00:38:19 +0100] "GET /ticket2/opencms/sv/buy/?page=1&edid=9B400594-B20F-D479-4D4E-A3F53A22DCA4&sortorder=desc&column=row HTTP/1.1" 200 104831
65.108.125.120 - - [04/Dec/2024:00:38:19 +0100] "GET /ticket2/opencms/en/login/?edid=E0E0A92E-E970-D7B2-B5EB-9799FE58777D HTTP/1.1" 200 81798
95.91.104.62 - - [04/Dec/2024:00:38:20 +0100] "GET /ticket2/opencms/en/buy/?page=1&edid=E1F55F84-4D40-F949-F902-228A506F47DB&sortorder=desc&column=section HTTP/1.1" 200 105818
65.108.125.120 - - [04/Dec/2024:00:38:21 +0100] "GET /ticket2/opencms/en/login/?edid=E0EDFA49-4B2E-09BD-E753-18FE8749E494 HTTP/1.1" 200 81798
40.77.167.52 - - [04/Dec/2024:00:38:22 +0100] "GET /ticket2/opencms/lt/buy?page=1&edid=E0DCB6F1-32E5-4B69-7659-12DFC9BB0380 HTTP/1.1" 200 103854
65.108.227.178 - - [04/Dec/2024:00:38:22 +0100] "GET /ticket2/opencms/sv/buy/?page=1&edid=9B400594-B20F-D479-4D4E-A3F53A22DCA4&sortorder=desc&column=section HTTP/1.1" 200 105103
65.108.125.120 - - [04/Dec/2024:00:38:22 +0100] "GET /ticket2/opencms/en/login/?edid=E51B7583-7105-7C26-CFB5-91EBFE77E355 HTTP/1.1" 200 81798
94.154.239.69 - - [04/Dec/2024:00:38:23 +0100] "GET /ticket2/opencms/sv/buy/?page=1&edid=CE292CD9-5BD3-4F39-C9ED-AE60D2E7BEF8&sortorder=desc&column=row HTTP/1.1" 200 105759
54.36.148.143 - - [04/Dec/2024:00:38:23 +0100] "GET /ticket2/opencms/ka/magazine/article?title=kevin-de-bruine HTTP/1.1" 200 87973
95.91.104.62 - - [04/Dec/2024:00:38:24 +0100] "GET /ticket2/opencms/en/buy/?page=1&edid=E275F4DB-5037-C69A-55F4-19118BC84B0A&sortorder=desc&column=price HTTP/1.1" 200 104918
65.108.125.120 - - [04/Dec/2024:00:38:24 +0100] "GET /ticket2/opencms/en/login/?edid=E561DB0E-D1A5-DAD8-3EB4-1648A983060B HTTP/1.1" 200 81798
65.108.227.178 - - [04/Dec/2024:00:38:25 +0100] "GET /ticket2/opencms/sv/buy/?page=1&edid=9C3FBEB2-CCB3-9F79-44C9-9F6EAA5B9D4B&sortorder=desc&column=price HTTP/1.1" 200 102569
65.108.125.120 - - [04/Dec/2024:00:38:27 +0100] "GET /ticket2/opencms/en/login/?edid=E5717319-73D8-DE0E-B7AA-AA889F763447 HTTP/1.1" 200 81798
95.91.104.62 - - [04/Dec/2024:00:38:27 +0100] "GET /ticket2/opencms/en/buy/?page=1&edid=E275F4DB-5037-C69A-55F4-19118BC84B0A&sortorder=desc&column=row HTTP/1.1" 200 104782
65.108.125.120 - - [04/Dec/2024:00:38:29 +0100] "GET /ticket2/opencms/en/login/?edid=F9E0F31E-9C70-12ED-A009-FACDE1C2082E HTTP/1.1" 200 81798
65.108.227.178 - - [04/Dec/2024:00:38:29 +0100] "GET /ticket2/opencms/sv/buy/?page=1&edid=9C3FBEB2-CCB3-9F79-44C9-9F6EAA5B9D4B&sortorder=desc&column=row HTTP/1.1" 200 102433
69.171.230.5 - - [04/Dec/2024:00:38:29 +0100] "GET /ticket2/opencms/sr/magazine/sv/sport/fotbollsbiljetter/premier_league/liverpool/ HTTP/1.1" 404 -
207.46.13.141 - - [04/Dec/2024:00:38:30 +0100] "GET /ticket2/opencms/tr/buy?page=1&edid=EE72AC60-CA9C-96B1-E30F-3118332B8F09 HTTP/1.1" 200 104679
54.36.148.40 - - [04/Dec/2024:00:38:30 +0100] "GET /ticket2/opencms/no/buy?page=1&edid=BBB940B6-8B69-6BE4-C45F-7EE004DD79A8 HTTP/1.1" 200 113685
65.108.125.120 - - [04/Dec/2024:00:38:31 +0100] "GET /ticket2/opencms/en/login/?edid=F9F9A828-A943-B699-4667-B882E852D443 HTTP/1.1" 200 81798
95.91.104.62 - - [04/Dec/2024:00:38:31 +0100] "GET /ticket2/opencms/en/buy/?page=1&edid=E275F4DB-5037-C69A-55F4-19118BC84B0A&sortorder=desc&column=section HTTP/1.1" 200 105054
202.8.42.34 - - [04/Dec/2024:00:38:32 +0100] "GET /ticket2/opencms/system/modules/com.gridnine.opencms.ticketbrokerage.site/resources/css/jquery.fancybox.css HTTP/1.1" 200 4939
202.8.42.34 - - [04/Dec/2024:00:38:32 +0100] "GET /ticket2/opencms/system/modules/com.gridnine.opencms.ticketbrokerage.site/resources/css/standard.css HTTP/1.1" 200 73073
202.8.42.34 - - [04/Dec/2024:00:38:32 +0100] "GET /ticket2/opencms/system/modules/com.gridnine.opencms.ticketbrokerage.site/resources/js/calendar-en.js HTTP/1.1" 200 3338
202.8.42.34 - - [04/Dec/2024:00:38:32 +0100] "GET /ticket2/opencms/system/modules/com.gridnine.opencms.ticketbrokerage.site/resources/css/jquery-ui.css HTTP/1.1" 200 33221
202.8.42.34 - - [04/Dec/2024:00:38:32 +0100] "GET /ticket2/opencms/system/modules/com.gridnine.opencms.ticketbrokerage.site/resources/css/calendar.css HTTP/1.1" 200 6871
202.8.42.34 - - [04/Dec/2024:00:38:32 +0100] "GET /ticket2/opencms/system/modules/com.gridnine.opencms.ticketbrokerage.site/resources/css/ticketbrokerage.css HTTP/1.1" 200 39339
202.8.42.34 - - [04/Dec/2024:00:38:32 +0100] "GET /ticket2/opencms/system/modules/com.gridnine.opencms.ticketbrokerage.site/resources/js/jquery/jquery.js HTTP/1.1" 200 93868
202.8.42.34 - - [04/Dec/2024:00:38:32 +0100] "GET /ticket2/opencms/system/modules/com.gridnine.opencms.ticketbrokerage.site/resources/js/calendar-setup.js HTTP/1.1" 200 4923
202.8.42.34 - - [04/Dec/2024:00:38:32 +0100] "GET /ticket2/opencms/system/modules/com.gridnine.opencms.ticketbrokerage.site/resources/js/jquery.fancybox.pack.js HTTP/1.1" 200 23187
202.8.42.34 - - [04/Dec/2024:00:38:32 +0100] "GET /ticket2/opencms/system/modules/com.gridnine.opencms.ticketbrokerage.site/resources/js/stickyfill.min.js HTTP/1.1" 200 5672
202.8.42.34 - - [04/Dec/2024:00:38:32 +0100] "GET /ticket2/opencms/system/modules/com.gridnine.opencms.ticketbrokerage.site/resources/js/jquery/jquery-ui.js HTTP/1.1" 200 228088
202.8.42.34 - - [04/Dec/2024:00:38:32 +0100] "GET /ticket2/opencms/system/modules/com.gridnine.opencms.ticketbrokerage.site/resources/js/functions.js HTTP/1.1" 200 1583
202.8.42.34 - - [04/Dec/2024:00:38:32 +0100] "GET /ticket2/opencms/system/modules/com.gridnine.opencms.ticketbrokerage.site/resources/js/calendar.js HTTP/1.1" 200 49229
202.8.42.34 - - [04/Dec/2024:00:38:32 +0100] "GET /ticket2/opencms/system/modules/com.gridnine.opencms.ticketbrokerage.site/resources/js/standard.js HTTP/1.1" 200 3978
202.8.42.34 - - [04/Dec/2024:00:38:32 +0100] "GET /ticket2/opencms/system/modules/com.gridnine.opencms.ticketbrokerage.site/resources/js/jquery.placeholder.min.js HTTP/1.1" 200 1737
65.108.227.178 - - [04/Dec/2024:00:38:32 +0100] "GET /ticket2/opencms/sv/buy/?page=1&edid=9C3FBEB2-CCB3-9F79-44C9-9F6EAA5B9D4B&sortorder=desc&column=section HTTP/1.1" 200 102705
202.8.42.34 - - [04/Dec/2024:00:38:32 +0100] "GET /ticket2/opencms/system/modules/com.gridnine.opencms.ticketbrokerage.site/resources/js/common-ajax.js HTTP/1.1" 200 20175
202.8.42.34 - - [04/Dec/2024:00:38:32 +0100] "GET /ticket2/opencms/no/ask-form.html HTTP/1.1" 200 2919
94.154.239.69 - - [04/Dec/2024:00:38:32 +0100] "GET /ticket2/opencms/sv/buy/?page=1&edid=CE292CD9-5BD3-4F39-C9ED-AE60D2E7BEF8&sortorder=desc&column=section HTTP/1.1" 200 106031
65.108.125.120 - - [04/Dec/2024:00:38:32 +0100] "GET /ticket2/opencms/en/login/?edid=FBA63F82-513F-DB56-1EBF-6C49F4510CEA HTTP/1.1" 200 81798
202.8.42.34 - - [04/Dec/2024:00:38:34 +0100] "GET /ticket2/opencms/no/ask-form.html HTTP/1.1" 200 2919
