202.8.42.34 - - [04/Dec/2024:00:38:34 +0100] "GET /ticket2/opencms/system/modules/com.gridnine.opencms.ticketbrokerage.site/resources/css/ticketbrokerage.css HTTP/1.1" 200 39339
47.128.97.172 - - [04/Dec/2024:00:38:34 +0100] "GET /ticket2/opencms/sr/buy?catid=8AA488FA-6797-D710-8108-3088D6948FC1&comcatid=A17713B6-D984-201A-4143-ED4DB5ED5C2E HTTP/1.1" 200 6410
202.8.42.34 - - [04/Dec/2024:00:38:34 +0100] "GET /ticket2/opencms/system/modules/com.gridnine.opencms.ticketbrokerage.site/resources/js/standard.js HTTP/1.1" 200 3978
65.108.125.120 - - [04/Dec/2024:00:38:35 +0100] "GET /ticket2/opencms/en/login/?edid=FFAAA239-0E9E-BD40-91CF-CB4C6549214A HTTP/1.1" 200 81798
95.91.104.62 - - [04/Dec/2024:00:38:35 +0100] "GET /ticket2/opencms/en/buy/?page=1&edid=E462A33E-CFF3-5A74-C9A7-96B6A6F1D497 HTTP/1.1" 200 103866
65.108.227.178 - - [04/Dec/2024:00:38:36 +0100] "GET /ticket2/opencms/sv/buy/?page=1&edid=9D5945FA-E4FB-9C9C-0518-34D8FBEC9340&sortorder=desc&column=price HTTP/1.1" 200 105826
65.108.125.120 - - [04/Dec/2024:00:38:37 +0100] "GET /ticket2/opencms/en/venue/?venueid=058EF548-7E59-A9A1-FFD1-52D7BA231E9F HTTP/1.1" 200 77013
95.91.104.62 - - [04/Dec/2024:00:38:39 +0100] "GET /ticket2/opencms/en/buy/?page=1&edid=E4692F60-8A5E-C284-239D-0C5296ECA6AF HTTP/1.1" 200 102075
54.36.148.162 - - [04/Dec/2024:00:38:39 +0100] "GET /ticket2/opencms/hu/buy?page=1&edid=8D36CAAA-5B35-26C1-11D2-EB825155168E HTTP/1.1" 200 101696
65.108.227.178 - - [04/Dec/2024:00:38:39 +0100] "GET /ticket2/opencms/sv/buy/?page=1&edid=9D5945FA-E4FB-9C9C-0518-34D8FBEC9340&sortorder=desc&column=row HTTP/1.1" 200 105690
65.108.125.120 - - [04/Dec/2024:00:38:39 +0100] "GET /ticket2/opencms/en/venue/?venueid=1DFE1CE1-FCC2-1D42-6070-375EAE5E1EC2 HTTP/1.1" 200 77075
202.8.40.7 - - [04/Dec/2024:00:38:40 +0100] "GET /ticket2/opencms/system/modules/com.gridnine.opencms.ticketbrokerage.site/resources/css/jquery.fancybox.css HTTP/1.1" 200 4939
202.8.40.7 - - [04/Dec/2024:00:38:40 +0100] "GET /ticket2/opencms/system/modules/com.gridnine.opencms.ticketbrokerage.site/resources/css/ticketbrokerage.css HTTP/1.1" 200 39339
202.8.40.7 - - [04/Dec/2024:00:38:40 +0100] "GET /ticket2/opencms/system/modules/com.gridnine.opencms.ticketbrokerage.site/resources/css/standard.css HTTP/1.1" 200 73073
202.8.40.7 - - [04/Dec/2024:00:38:40 +0100] "GET /ticket2/opencms/system/modules/com.gridnine.opencms.ticketbrokerage.site/resources/css/jquery-ui.css HTTP/1.1" 200 33221
202.8.40.7 - - [04/Dec/2024:00:38:40 +0100] "GET /ticket2/opencms/system/modules/com.gridnine.opencms.ticketbrokerage.site/resources/js/calendar-en.js HTTP/1.1" 200 3338
202.8.40.7 - - [04/Dec/2024:00:38:40 +0100] "GET /ticket2/opencms/system/modules/com.gridnine.opencms.ticketbrokerage.site/resources/css/calendar.css HTTP/1.1" 200 6871
202.8.40.7 - - [04/Dec/2024:00:38:40 +0100] "GET /ticket2/opencms/system/modules/com.gridnine.opencms.ticketbrokerage.site/resources/js/calendar-setup.js HTTP/1.1" 200 4923
202.8.40.7 - - [04/Dec/2024:00:38:40 +0100] "GET /ticket2/opencms/system/modules/com.gridnine.opencms.ticketbrokerage.site/resources/js/jquery.fancybox.pack.js HTTP/1.1" 200 23187
202.8.40.7 - - [04/Dec/2024:00:38:40 +0100] "GET /ticket2/opencms/system/modules/com.gridnine.opencms.ticketbrokerage.site/resources/js/stickyfill.min.js HTTP/1.1" 200 5672
202.8.40.7 - - [04/Dec/2024:00:38:40 +0100] "GET /ticket2/opencms/system/modules/com.gridnine.opencms.ticketbrokerage.site/resources/js/calendar.js HTTP/1.1" 200 49229
202.8.40.7 - - [04/Dec/2024:00:38:40 +0100] "GET /ticket2/opencms/system/modules/com.gridnine.opencms.ticketbrokerage.site/resources/js/functions.js HTTP/1.1" 200 1583
202.8.40.7 - - [04/Dec/2024:00:38:40 +0100] "GET /ticket2/opencms/system/modules/com.gridnine.opencms.ticketbrokerage.site/resources/js/jquery/jquery.js HTTP/1.1" 200 93868
202.8.40.7 - - [04/Dec/2024:00:38:40 +0100] "GET /ticket2/opencms/system/modules/com.gridnine.opencms.ticketbrokerage.site/resources/js/jquery/jquery-ui.js HTTP/1.1" 200 228088
202.8.40.7 - - [04/Dec/2024:00:38:40 +0100] "GET /ticket2/opencms/system/modules/com.gridnine.opencms.ticketbrokerage.site/resources/js/standard.js HTTP/1.1" 200 3978
202.8.40.7 - - [04/Dec/2024:00:38:40 +0100] "GET /ticket2/opencms/system/modules/com.gridnine.opencms.ticketbrokerage.site/resources/js/jquery.placeholder.min.js HTTP/1.1" 200 1737
202.8.40.7 - - [04/Dec/2024:00:38:40 +0100] "GET /ticket2/opencms/system/modules/com.gridnine.opencms.ticketbrokerage.site/resources/js/common-ajax.js HTTP/1.1" 200 20175
202.8.40.7 - - [04/Dec/2024:00:38:40 +0100] "GET /ticket2/opencms/hu/ask-form.html HTTP/1.1" 200 3156
202.8.40.7 - - [04/Dec/2024:00:38:40 +0100] "GET /ticket2/opencms/hu/ask-form.html HTTP/1.1" 200 3156
202.8.40.7 - - [04/Dec/2024:00:38:40 +0100] "GET /ticket2/opencms/system/modules/com.gridnine.opencms.ticketbrokerage.site/resources/css/ticketbrokerage.css HTTP/1.1" 200 39339
202.8.40.7 - - [04/Dec/2024:00:38:41 +0100] "GET /ticket2/opencms/system/modules/com.gridnine.opencms.ticketbrokerage.site/resources/js/standard.js HTTP/1.1" 200 3978
94.154.239.69 - - [04/Dec/2024:00:38:41 +0100] "GET /ticket2/opencms/sv/buy/?page=1&edid=CFB75162-A11D-70BF-58DA-F01E13735B85&sortorder=desc&column=section HTTP/1.1" 200 105953
65.108.125.120 - - [04/Dec/2024:00:38:41 +0100] "GET /ticket2/opencms/en/venue/?venueid=2093F44A-5602-34FE-CA0A-0A611F93B4B6 HTTP/1.1" 200 76963
65.108.227.178 - - [04/Dec/2024:00:38:42 +0100] "GET /ticket2/opencms/sv/buy/?page=1&edid=9F2F893C-41B8-EE82-58E9-72FCFCC9FE15 HTTP/1.1" 200 104429
95.91.104.62 - - [04/Dec/2024:00:38:42 +0100] "GET /ticket2/opencms/en/buy/?page=1&edid=E4692F60-8A5E-C284-239D-0C5296ECA6AF&sortorder=desc&column=price HTTP/1.1" 200 104014
65.108.125.120 - - [04/Dec/2024:00:38:44 +0100] "GET /ticket2/opencms/en/venue/?venueid=214162D4-F755-2444-761E-1B8A12025521 HTTP/1.1" 200 76998
65.108.227.178 - - [04/Dec/2024:00:38:46 +0100] "GET /ticket2/opencms/sv/buy/?page=1&edid=9F2F893C-41B8-EE82-58E9-72FCFCC9FE15&sortorder=asc&column=price HTTP/1.1" 200 106301
65.108.125.120 - - [04/Dec/2024:00:38:46 +0100] "GET /ticket2/opencms/en/venue/?venueid=254D08F2-7222-550E-8C53-A2FD4DEBCCE9 HTTP/1.1" 200 77022
52.167.144.204 - - [04/Dec/2024:00:38:46 +0100] "GET /ticket2/opencms/sv/buy?page=1&edid=33CFCCFE-A22A-4A2C-1202-26E0FBDCB686 HTTP/1.1" 200 113166
95.91.104.62 - - [04/Dec/2024:00:38:46 +0100] "GET /ticket2/opencms/en/buy/?page=1&edid=E4692F60-8A5E-C284-239D-0C5296ECA6AF&sortorder=desc&column=row HTTP/1.1" 200 103878
65.108.125.120 - - [04/Dec/2024:00:38:48 +0100] "GET /ticket2/opencms/en/venue/?venueid=255EC0A2-CFF1-A438-835D-B03A710178CE HTTP/1.1" 200 76986
54.36.148.216 - - [04/Dec/2024:00:38:48 +0100] "GET /ticket2/opencms/it/buy/?page=1&edid=0B61E12F-3357-9D4A-8CE6-56FAB7BA659C HTTP/1.1" 200 122482
65.108.227.178 - - [04/Dec/2024:00:38:49 +0100] "GET /ticket2/opencms/sv/buy/?page=1&edid=9F2F893C-41B8-EE82-58E9-72FCFCC9FE15&sortorder=asc&column=row HTTP/1.1" 200 106165
54.36.148.75 - - [04/Dec/2024:00:38:50 +0100] "GET /ticket2/opencms/en/venue/?venueid=78753FB6-3A87-49B0-BB46-30CC2526D91F HTTP/1.1" 200 76990
52.167.144.204 - - [04/Dec/2024:00:38:50 +0100] "GET /ticket2/opencms/et/buy?page=1&edid=DF09DA20-E43F-35F9-26B1-56353C7187EA HTTP/1.1" 200 104511
95.91.104.62 - - [04/Dec/2024:00:38:50 +0100] "GET /ticket2/opencms/en/buy/?page=1&edid=E4692F60-8A5E-C284-239D-0C5296ECA6AF&sortorder=desc&column=section HTTP/1.1" 200 104150
94.154.239.69 - - [04/Dec/2024:00:38:50 +0100] "GET /ticket2/opencms/sv/buy/?page=1&edid=D043CDD5-19AD-6C61-D1D2-61E77E8E5D54&sortorder=asc&column=section HTTP/1.1" 200 102640
65.108.125.120 - - [04/Dec/2024:00:38:50 +0100] "GET /ticket2/opencms/en/venue/?venueid=25D22905-BFD1-9557-88F6-23DC20EBCEDD HTTP/1.1" 200 77050
52.167.144.204 - - [04/Dec/2024:00:38:51 +0100] "GET /ticket2/opencms/dk/buy?page=1&edid=E0DAA801-3BC1-402D-BBEC-117F14E7966A HTTP/1.1" 200 100349
65.108.227.178 - - [04/Dec/2024:00:38:52 +0100] "GET /ticket2/opencms/sv/buy/?page=1&edid=9F2F893C-41B8-EE82-58E9-72FCFCC9FE15&sortorder=asc&column=section HTTP/1.1" 200 106437
65.108.125.120 - - [04/Dec/2024:00:38:53 +0100] "GET /ticket2/opencms/en/venue/?venueid=267DBA39-B580-6CF8-7197-2F8B829B4979 HTTP/1.1" 200 77028
95.91.104.62 - - [04/Dec/2024:00:38:54 +0100] "GET /ticket2/opencms/en/buy/?page=1&edid=E4915448-0650-97C7-D024-84A720D83423&sortorder=asc&column=price HTTP/1.1" 200 105259
54.36.148.153 - - [04/Dec/2024:00:38:54 +0100] "GET /ticket2/opencms/hu/buy?page=1&edid=D712D542-2FD7-63E8-3EB9-EC4508B2CBC4 HTTP/1.1" 200 101765
202.8.40.83 - - [04/Dec/2024:00:38:55 +0100] "GET /ticket2/opencms/system/modules/com.gridnine.opencms.ticketbrokerage.site/resources/css/calendar.css HTTP/1.1" 200 6871
202.8.40.83 - - [04/Dec/2024:00:38:55 +0100] "GET /ticket2/opencms/system/modules/com.gridnine.opencms.ticketbrokerage.site/resources/css/jquery-ui.css HTTP/1.1" 200 33221
202.8.40.83 - - [04/Dec/2024:00:38:55 +0100] "GET /ticket2/opencms/system/modules/com.gridnine.opencms.ticketbrokerage.site/resources/css/jquery.fancybox.css HTTP/1.1" 200 4939
202.8.40.83 - - [04/Dec/2024:00:38:55 +0100] "GET /ticket2/opencms/system/modules/com.gridnine.opencms.ticketbrokerage.site/resources/css/standard.css HTTP/1.1" 200 73073
202.8.40.83 - - [04/Dec/2024:00:38:55 +0100] "GET /ticket2/opencms/system/modules/com.gridnine.opencms.ticketbrokerage.site/resources/css/ticketbrokerage.css HTTP/1.1" 200 39339
202.8.40.83 - - [04/Dec/2024:00:38:55 +0100] "GET /ticket2/opencms/system/modules/com.gridnine.opencms.ticketbrokerage.site/resources/js/calendar-en.js HTTP/1.1" 200 3338
65.108.125.120 - - [04/Dec/2024:00:38:55 +0100] "GET /ticket2/opencms/en/venue/?venueid=298D27CF-C72A-A8BB-2811-F2F021053028 HTTP/1.1" 200 76993
202.8.40.83 - - [04/Dec/2024:00:38:55 +0100] "GET /ticket2/opencms/system/modules/com.gridnine.opencms.ticketbrokerage.site/resources/js/calendar-setup.js HTTP/1.1" 200 4923
202.8.40.83 - - [04/Dec/2024:00:38:55 +0100] "GET /ticket2/opencms/system/modules/com.gridnine.opencms.ticketbrokerage.site/resources/js/calendar.js HTTP/1.1" 200 49229
202.8.40.83 - - [04/Dec/2024:00:38:55 +0100] "GET /ticket2/opencms/system/modules/com.gridnine.opencms.ticketbrokerage.site/resources/js/functions.js HTTP/1.1" 200 1583
202.8.40.83 - - [04/Dec/2024:00:38:55 +0100] "GET /ticket2/opencms/system/modules/com.gridnine.opencms.ticketbrokerage.site/resources/js/jquery/jquery-ui.js HTTP/1.1" 200 228088
202.8.40.83 - - [04/Dec/2024:00:38:55 +0100] "GET /ticket2/opencms/system/modules/com.gridnine.opencms.ticketbrokerage.site/resources/js/stickyfill.min.js HTTP/1.1" 200 5672
202.8.40.83 - - [04/Dec/2024:00:38:55 +0100] "GET /ticket2/opencms/system/modules/com.gridnine.opencms.ticketbrokerage.site/resources/js/jquery.fancybox.pack.js HTTP/1.1" 200 23187
202.8.40.83 - - [04/Dec/2024:00:38:55 +0100] "GET /ticket2/opencms/system/modules/com.gridnine.opencms.ticketbrokerage.site/resources/js/jquery/jquery.js HTTP/1.1" 200 93868
202.8.40.83 - - [04/Dec/2024:00:38:55 +0100] "GET /ticket2/opencms/system/modules/com.gridnine.opencms.ticketbrokerage.site/resources/js/standard.js HTTP/1.1" 200 3978
65.108.227.178 - - [04/Dec/2024:00:38:55 +0100] "GET /ticket2/opencms/sv/buy/?page=1&edid=9F2F893C-41B8-EE82-58E9-72FCFCC9FE15&sortorder=desc&column=price HTTP/1.1" 200 106368
202.8.40.83 - - [04/Dec/2024:00:38:55 +0100] "GET /ticket2/opencms/system/modules/com.gridnine.opencms.ticketbrokerage.site/resources/js/common-ajax.js HTTP/1.1" 200 20175
202.8.40.83 - - [04/Dec/2024:00:38:55 +0100] "GET /ticket2/opencms/system/modules/com.gridnine.opencms.ticketbrokerage.site/resources/js/jquery.placeholder.min.js HTTP/1.1" 200 1737
202.8.40.83 - - [04/Dec/2024:00:38:55 +0100] "GET /ticket2/opencms/hu/ask-form.html HTTP/1.1" 200 3156
202.8.40.83 - - [04/Dec/2024:00:38:56 +0100] "GET /ticket2/opencms/system/modules/com.gridnine.opencms.ticketbrokerage.site/resources/css/ticketbrokerage.css HTTP/1.1" 200 39339
202.8.40.83 - - [04/Dec/2024:00:38:56 +0100] "GET /ticket2/opencms/system/modules/com.gridnine.opencms.ticketbrokerage.site/resources/js/standard.js HTTP/1.1" 200 3978
65.108.125.120 - - [04/Dec/2024:00:38:57 +0100] "GET /ticket2/opencms/en/venue/?venueid=31714C71-62AB-341F-02CF-2D7553D967CB HTTP/1.1" 200 77032
95.91.104.62 - - [04/Dec/2024:00:38:58 +0100] "GET /ticket2/opencms/en/buy/?page=1&edid=E4915448-0650-97C7-D024-84A720D83423&sortorder=asc&column=row HTTP/1.1" 200 105123
65.108.227.178 - - [04/Dec/2024:00:38:59 +0100] "GET /ticket2/opencms/sv/buy/?page=1&edid=9F2F893C-41B8-EE82-58E9-72FCFCC9FE15&sortorder=desc&column=row HTTP/1.1" 200 106232
65.108.125.120 - - [04/Dec/2024:00:38:59 +0100] "GET /ticket2/opencms/en/venue/?venueid=3696F630-3175-B624-1F25-409A07AAD64C HTTP/1.1" 200 77028
95.91.104.62 - - [04/Dec/2024:00:39:01 +0100] "GET /ticket2/opencms/en/buy/?page=1&edid=E4915448-0650-97C7-D024-84A720D83423&sortorder=asc&column=section HTTP/1.1" 200 105395
65.108.125.120 - - [04/Dec/2024:00:39:02 +0100] "GET /ticket2/opencms/en/venue/?venueid=37C435E9-F183-6029-6984-FE323816144B HTTP/1.1" 200 76989
65.108.227.178 - - [04/Dec/2024:00:39:02 +0100] "GET /ticket2/opencms/sv/buy/?page=1&edid=9F2F893C-41B8-EE82-58E9-72FCFCC9FE15&sortorder=desc&column=section HTTP/1.1" 200 106504
54.36.148.222 - - [04/Dec/2024:00:39:02 +0100] "GET /ticket2/opencms/no/buy?page=1&edid=66269336-049A-BDB0-D600-40EA18A6C9C0 HTTP/1.1" 200 101192
94.154.239.69 - - [04/Dec/2024:00:39:03 +0100] "GET /ticket2/opencms/sv/buy/?page=1&edid=D2A0C1B8-B35F-B87E-561A-18E19C3ECF40&sortorder=asc&column=price HTTP/1.1" 200 105779
202.8.42.19 - - [04/Dec/2024:00:39:04 +0100] "GET /ticket2/opencms/system/modules/com.gridnine.opencms.ticketbrokerage.site/resources/css/jquery-ui.css HTTP/1.1" 200 33221
202.8.42.19 - - [04/Dec/2024:00:39:04 +0100] "GET /ticket2/opencms/system/modules/com.gridnine.opencms.ticketbrokerage.site/resources/css/calendar.css HTTP/1.1" 200 6871
202.8.42.19 - - [04/Dec/2024:00:39:04 +0100] "GET /ticket2/opencms/system/modules/com.gridnine.opencms.ticketbrokerage.site/resources/css/jquery.fancybox.css HTTP/1.1" 200 4939
202.8.42.19 - - [04/Dec/2024:00:39:04 +0100] "GET /ticket2/opencms/system/modules/com.gridnine.opencms.ticketbrokerage.site/resources/js/jquery/jquery.js HTTP/1.1" 200 93868
202.8.42.19 - - [04/Dec/2024:00:39:04 +0100] "GET /ticket2/opencms/system/modules/com.gridnine.opencms.ticketbrokerage.site/resources/css/standard.css HTTP/1.1" 200 73073
202.8.42.19 - - [04/Dec/2024:00:39:04 +0100] "GET /ticket2/opencms/system/modules/com.gridnine.opencms.ticketbrokerage.site/resources/css/ticketbrokerage.css HTTP/1.1" 200 39339
202.8.42.19 - - [04/Dec/2024:00:39:04 +0100] "GET /ticket2/opencms/system/modules/com.gridnine.opencms.ticketbrokerage.site/resources/js/functions.js HTTP/1.1" 200 1583
202.8.42.19 - - [04/Dec/2024:00:39:04 +0100] "GET /ticket2/opencms/system/modules/com.gridnine.opencms.ticketbrokerage.site/resources/js/jquery/jquery-ui.js HTTP/1.1" 200 228088
202.8.42.19 - - [04/Dec/2024:00:39:04 +0100] "GET /ticket2/opencms/system/modules/com.gridnine.opencms.ticketbrokerage.site/resources/js/calendar.js HTTP/1.1" 200 49229
202.8.42.19 - - [04/Dec/2024:00:39:04 +0100] "GET /ticket2/opencms/system/modules/com.gridnine.opencms.ticketbrokerage.site/resources/js/calendar-en.js HTTP/1.1" 200 3338
202.8.42.19 - - [04/Dec/2024:00:39:04 +0100] "GET /ticket2/opencms/system/modules/com.gridnine.opencms.ticketbrokerage.site/resources/js/calendar-setup.js HTTP/1.1" 200 4923
65.108.125.120 - - [04/Dec/2024:00:39:04 +0100] "GET /ticket2/opencms/en/venue/?venueid=37FDBD7B-74BE-8950-65E3-B6CF46D7D303 HTTP/1.1" 200 78984
202.8.42.19 - - [04/Dec/2024:00:39:04 +0100] "GET /ticket2/opencms/system/modules/com.gridnine.opencms.ticketbrokerage.site/resources/js/jquery.fancybox.pack.js HTTP/1.1" 200 23187
202.8.42.19 - - [04/Dec/2024:00:39:04 +0100] "GET /ticket2/opencms/system/modules/com.gridnine.opencms.ticketbrokerage.site/resources/js/stickyfill.min.js HTTP/1.1" 200 5672
202.8.42.19 - - [04/Dec/2024:00:39:04 +0100] "GET /ticket2/opencms/system/modules/com.gridnine.opencms.ticketbrokerage.site/resources/js/standard.js HTTP/1.1" 200 3978
202.8.42.19 - - [04/Dec/2024:00:39:04 +0100] "GET /ticket2/opencms/system/modules/com.gridnine.opencms.ticketbrokerage.site/resources/js/jquery.placeholder.min.js HTTP/1.1" 200 1737
202.8.42.19 - - [04/Dec/2024:00:39:04 +0100] "GET /ticket2/opencms/system/modules/com.gridnine.opencms.ticketbrokerage.site/resources/js/common-ajax.js HTTP/1.1" 200 20175
202.8.42.19 - - [04/Dec/2024:00:39:04 +0100] "GET /ticket2/opencms/no/ask-form.html HTTP/1.1" 200 2919
202.8.42.19 - - [04/Dec/2024:00:39:04 +0100] "GET /ticket2/opencms/no/ask-form.html HTTP/1.1" 200 2919
202.8.42.19 - - [04/Dec/2024:00:39:04 +0100] "GET /ticket2/opencms/system/modules/com.gridnine.opencms.ticketbrokerage.site/resources/css/ticketbrokerage.css HTTP/1.1" 200 39339
202.8.42.19 - - [04/Dec/2024:00:39:05 +0100] "GET /ticket2/opencms/system/modules/com.gridnine.opencms.ticketbrokerage.site/resources/js/standard.js HTTP/1.1" 200 3978
65.108.227.178 - - [04/Dec/2024:00:39:05 +0100] "GET /ticket2/opencms/sv/buy/?page=1&edid=9F8EF64D-DF58-8297-97D2-B8A4298AFD19&sortorder=asc&column=price HTTP/1.1" 200 104909
95.91.104.62 - - [04/Dec/2024:00:39:05 +0100] "GET /ticket2/opencms/en/buy/?page=1&edid=E61B3D3B-0D83-E96C-2DE4-851DA573A893 HTTP/1.1" 200 103871
173.252.83.20 - - [04/Dec/2024:00:39:06 +0100] "GET /ticket2/opencms/en/sport/football-tickets/english-championship/watford HTTP/1.1" 500 -
65.108.125.120 - - [04/Dec/2024:00:39:06 +0100] "GET /ticket2/opencms/en/venue/?venueid=39C43282-985C-5277-31A7-ADF50A8ACB3F HTTP/1.1" 200 77064
65.108.227.178 - - [04/Dec/2024:00:39:09 +0100] "GET /ticket2/opencms/sv/buy/?page=1&edid=9F8EF64D-DF58-8297-97D2-B8A4298AFD19&sortorder=asc&column=row HTTP/1.1" 200 104773
65.108.125.120 - - [04/Dec/2024:00:39:09 +0100] "GET /ticket2/opencms/en/venue/?venueid=41578BAC-B3C6-A54C-C6C5-8BDAB9EF23A9 HTTP/1.1" 200 77092
54.36.148.48 - - [04/Dec/2024:00:39:09 +0100] "GET /ticket2/opencms/is/buy?page=1&edid=8D36CAAA-5B35-26C1-11D2-EB825155168E HTTP/1.1" 200 101720
95.91.104.62 - - [04/Dec/2024:00:39:09 +0100] "GET /ticket2/opencms/en/buy/?page=1&edid=E633D85E-2631-44B3-2B1B-38B280DE86F7&sortorder=asc&column=price HTTP/1.1" 200 105290
111.119.198.116 - - [04/Dec/2024:00:39:10 +0100] "GET /ticket2/opencms/no/buy?page=1&edid=24655ACD-2857-6493-1E75-CE7F2FE875D2 HTTP/1.1" 200 114007
202.8.43.20 - - [04/Dec/2024:00:39:10 +0100] "GET /ticket2/opencms/system/modules/com.gridnine.opencms.ticketbrokerage.site/resources/css/jquery-ui.css HTTP/1.1" 200 33221
202.8.43.20 - - [04/Dec/2024:00:39:10 +0100] "GET /ticket2/opencms/system/modules/com.gridnine.opencms.ticketbrokerage.site/resources/css/ticketbrokerage.css HTTP/1.1" 200 39339
202.8.43.20 - - [04/Dec/2024:00:39:10 +0100] "GET /ticket2/opencms/system/modules/com.gridnine.opencms.ticketbrokerage.site/resources/css/standard.css HTTP/1.1" 200 73073
202.8.43.20 - - [04/Dec/2024:00:39:10 +0100] "GET /ticket2/opencms/system/modules/com.gridnine.opencms.ticketbrokerage.site/resources/css/calendar.css HTTP/1.1" 200 6871
202.8.43.20 - - [04/Dec/2024:00:39:10 +0100] "GET /ticket2/opencms/system/modules/com.gridnine.opencms.ticketbrokerage.site/resources/js/calendar.js HTTP/1.1" 200 49229
202.8.43.20 - - [04/Dec/2024:00:39:10 +0100] "GET /ticket2/opencms/system/modules/com.gridnine.opencms.ticketbrokerage.site/resources/css/jquery.fancybox.css HTTP/1.1" 200 4939
202.8.43.20 - - [04/Dec/2024:00:39:10 +0100] "GET /ticket2/opencms/system/modules/com.gridnine.opencms.ticketbrokerage.site/resources/js/calendar-en.js HTTP/1.1" 200 3338
202.8.43.20 - - [04/Dec/2024:00:39:10 +0100] "GET /ticket2/opencms/system/modules/com.gridnine.opencms.ticketbrokerage.site/resources/js/calendar-setup.js HTTP/1.1" 200 4923
202.8.43.20 - - [04/Dec/2024:00:39:10 +0100] "GET /ticket2/opencms/system/modules/com.gridnine.opencms.ticketbrokerage.site/resources/js/jquery/jquery.js HTTP/1.1" 200 93868
202.8.43.20 - - [04/Dec/2024:00:39:10 +0100] "GET /ticket2/opencms/system/modules/com.gridnine.opencms.ticketbrokerage.site/resources/js/jquery/jquery-ui.js HTTP/1.1" 200 228088
202.8.43.20 - - [04/Dec/2024:00:39:10 +0100] "GET /ticket2/opencms/system/modules/com.gridnine.opencms.ticketbrokerage.site/resources/js/functions.js HTTP/1.1" 200 1583
202.8.43.20 - - [04/Dec/2024:00:39:10 +0100] "GET /ticket2/opencms/system/modules/com.gridnine.opencms.ticketbrokerage.site/resources/js/jquery.fancybox.pack.js HTTP/1.1" 200 23187
202.8.43.20 - - [04/Dec/2024:00:39:10 +0100] "GET /ticket2/opencms/system/modules/com.gridnine.opencms.ticketbrokerage.site/resources/js/stickyfill.min.js HTTP/1.1" 200 5672
202.8.43.20 - - [04/Dec/2024:00:39:10 +0100] "GET /ticket2/opencms/system/modules/com.gridnine.opencms.ticketbrokerage.site/resources/js/standard.js HTTP/1.1" 200 3978
202.8.43.20 - - [04/Dec/2024:00:39:10 +0100] "GET /ticket2/opencms/system/modules/com.gridnine.opencms.ticketbrokerage.site/resources/js/jquery.placeholder.min.js HTTP/1.1" 200 1737
202.8.43.20 - - [04/Dec/2024:00:39:11 +0100] "GET /ticket2/opencms/system/modules/com.gridnine.opencms.ticketbrokerage.site/resources/js/common-ajax.js HTTP/1.1" 200 20175
202.8.43.20 - - [04/Dec/2024:00:39:11 +0100] "GET /ticket2/opencms/is/ask-form.html HTTP/1.1" 200 3156
202.8.43.20 - - [04/Dec/2024:00:39:11 +0100] "GET /ticket2/opencms/system/modules/com.gridnine.opencms.ticketbrokerage.site/resources/css/ticketbrokerage.css HTTP/1.1" 200 39339
94.154.239.69 - - [04/Dec/2024:00:39:11 +0100] "GET /ticket2/opencms/sv/buy/?page=1&edid=D2A0C1B8-B35F-B87E-561A-18E19C3ECF40&sortorder=asc&column=row HTTP/1.1" 200 105643
65.108.125.120 - - [04/Dec/2024:00:39:11 +0100] "GET /ticket2/opencms/en/venue/?venueid=4686023E-1A9C-D773-1EF5-78A9D0532992 HTTP/1.1" 200 77570
202.8.43.20 - - [04/Dec/2024:00:39:11 +0100] "GET /ticket2/opencms/system/modules/com.gridnine.opencms.ticketbrokerage.site/resources/js/standard.js HTTP/1.1" 200 3978
65.108.227.178 - - [04/Dec/2024:00:39:12 +0100] "GET /ticket2/opencms/sv/buy/?page=1&edid=9F8EF64D-DF58-8297-97D2-B8A4298AFD19&sortorder=asc&column=section HTTP/1.1" 200 105045
95.91.104.62 - - [04/Dec/2024:00:39:13 +0100] "GET /ticket2/opencms/en/buy/?page=1&edid=E633D85E-2631-44B3-2B1B-38B280DE86F7&sortorder=asc&column=row HTTP/1.1" 200 105154
65.108.125.120 - - [04/Dec/2024:00:39:13 +0100] "GET /ticket2/opencms/en/venue/?venueid=D472C220-B929-5B16-8479-1E0BD6C92DF6 HTTP/1.1" 200 77010
65.108.125.120 - - [04/Dec/2024:00:39:15 +0100] "GET /ticket2/opencms/fi/buy/?comcatid=A17713B6-D984-201A-4143-ED4DB5ED5C2E&catid=&npage=4 HTTP/1.1" 200 6410
65.108.227.178 - - [04/Dec/2024:00:39:15 +0100] "GET /ticket2/opencms/sv/buy/?page=1&edid=9F8EF64D-DF58-8297-97D2-B8A4298AFD19&sortorder=desc&column=price HTTP/1.1" 200 104976
65.108.125.120 - - [04/Dec/2024:00:39:17 +0100] "GET /ticket2/opencms/fi/buy/?page=1&edid=0116FCC4-F00F-0C90-5340-21E4C3FAA3BB&sortorder=desc&column=price HTTP/1.1" 200 106091
94.154.239.69 - - [04/Dec/2024:00:39:17 +0100] "GET /ticket2/opencms/sv/buy/?page=1&edid=D365270F-785D-2C1A-552E-4C45198D1C5B HTTP/1.1" 200 100629
65.108.227.178 - - [04/Dec/2024:00:39:18 +0100] "GET /ticket2/opencms/sv/buy/?page=1&edid=9F8EF64D-DF58-8297-97D2-B8A4298AFD19&sortorder=desc&column=row HTTP/1.1" 200 104840
52.167.144.204 - - [04/Dec/2024:00:39:18 +0100] "GET /ticket2/opencms/pl/buy?page=1&edid=BA0C4AB6-9AED-31E3-0634-B7D13957256A HTTP/1.1" 200 104607
65.108.125.120 - - [04/Dec/2024:00:39:18 +0100] "GET /ticket2/opencms/fi/buy/?page=1&edid=0315A394-98DA-79AA-0B5F-DE572DDD2CC1&sortorder=asc&column=price HTTP/1.1" 200 105558
54.36.149.46 - - [04/Dec/2024:00:39:19 +0100] "GET /ticket2/opencms/fi/buy?page=1&edid=B26325D5-7C37-90D0-9866-C127BDE9586D HTTP/1.1" 200 101592
202.8.40.63 - - [04/Dec/2024:00:39:20 +0100] "GET /ticket2/opencms/system/modules/com.gridnine.opencms.ticketbrokerage.site/resources/css/ticketbrokerage.css HTTP/1.1" 200 39339
202.8.40.63 - - [04/Dec/2024:00:39:20 +0100] "GET /ticket2/opencms/system/modules/com.gridnine.opencms.ticketbrokerage.site/resources/css/jquery.fancybox.css HTTP/1.1" 200 4939
202.8.40.63 - - [04/Dec/2024:00:39:20 +0100] "GET /ticket2/opencms/system/modules/com.gridnine.opencms.ticketbrokerage.site/resources/css/jquery-ui.css HTTP/1.1" 200 33221
202.8.40.63 - - [04/Dec/2024:00:39:20 +0100] "GET /ticket2/opencms/system/modules/com.gridnine.opencms.ticketbrokerage.site/resources/css/calendar.css HTTP/1.1" 200 6871
202.8.40.63 - - [04/Dec/2024:00:39:20 +0100] "GET /ticket2/opencms/system/modules/com.gridnine.opencms.ticketbrokerage.site/resources/css/standard.css HTTP/1.1" 200 73073
202.8.40.63 - - [04/Dec/2024:00:39:20 +0100] "GET /ticket2/opencms/system/modules/com.gridnine.opencms.ticketbrokerage.site/resources/js/jquery/jquery.js HTTP/1.1" 200 93868
202.8.40.63 - - [04/Dec/2024:00:39:20 +0100] "GET /ticket2/opencms/system/modules/com.gridnine.opencms.ticketbrokerage.site/resources/js/functions.js HTTP/1.1" 200 1583
202.8.40.63 - - [04/Dec/2024:00:39:20 +0100] "GET /ticket2/opencms/system/modules/com.gridnine.opencms.ticketbrokerage.site/resources/js/calendar.js HTTP/1.1" 200 49229
202.8.40.63 - - [04/Dec/2024:00:39:20 +0100] "GET /ticket2/opencms/system/modules/com.gridnine.opencms.ticketbrokerage.site/resources/js/calendar-setup.js HTTP/1.1" 200 4923
202.8.40.63 - - [04/Dec/2024:00:39:20 +0100] "GET /ticket2/opencms/system/modules/com.gridnine.opencms.ticketbrokerage.site/resources/js/calendar-en.js HTTP/1.1" 200 3338
202.8.40.63 - - [04/Dec/2024:00:39:20 +0100] "GET /ticket2/opencms/system/modules/com.gridnine.opencms.ticketbrokerage.site/resources/js/jquery/jquery-ui.js HTTP/1.1" 200 228088
202.8.40.63 - - [04/Dec/2024:00:39:20 +0100] "GET /ticket2/opencms/system/modules/com.gridnine.opencms.ticketbrokerage.site/resources/js/jquery.fancybox.pack.js HTTP/1.1" 200 23187
202.8.40.63 - - [04/Dec/2024:00:39:20 +0100] "GET /ticket2/opencms/system/modules/com.gridnine.opencms.ticketbrokerage.site/resources/js/stickyfill.min.js HTTP/1.1" 200 5672
202.8.40.63 - - [04/Dec/2024:00:39:20 +0100] "GET /ticket2/opencms/system/modules/com.gridnine.opencms.ticketbrokerage.site/resources/js/standard.js HTTP/1.1" 200 3978
202.8.40.63 - - [04/Dec/2024:00:39:20 +0100] "GET /ticket2/opencms/system/modules/com.gridnine.opencms.ticketbrokerage.site/resources/js/jquery.placeholder.min.js HTTP/1.1" 200 1737
202.8.40.63 - - [04/Dec/2024:00:39:20 +0100] "GET /ticket2/opencms/system/modules/com.gridnine.opencms.ticketbrokerage.site/resources/js/common-ajax.js HTTP/1.1" 200 20175
202.8.40.63 - - [04/Dec/2024:00:39:20 +0100] "GET /ticket2/opencms/fi/ask-form.html HTTP/1.1" 200 3012
65.108.125.120 - - [04/Dec/2024:00:39:20 +0100] "GET /ticket2/opencms/fi/buy/?page=1&edid=033F4C7E-BD6C-52A5-430C-5A35B74AB4F6&sortorder=asc&column=row HTTP/1.1" 200 105655
202.8.40.63 - - [04/Dec/2024:00:39:20 +0100] "GET /ticket2/opencms/system/modules/com.gridnine.opencms.ticketbrokerage.site/resources/css/ticketbrokerage.css HTTP/1.1" 200 39339
202.8.40.63 - - [04/Dec/2024:00:39:20 +0100] "GET /ticket2/opencms/system/modules/com.gridnine.opencms.ticketbrokerage.site/resources/js/standard.js HTTP/1.1" 200 3978
95.91.104.62 - - [04/Dec/2024:00:39:21 +0100] "GET /ticket2/opencms/en/buy/?page=1&edid=E633D85E-2631-44B3-2B1B-38B280DE86F7&sortorder=asc&column=section HTTP/1.1" 200 105426
65.108.227.178 - - [04/Dec/2024:00:39:22 +0100] "GET /ticket2/opencms/sv/buy/?page=1&edid=9F8EF64D-DF58-8297-97D2-B8A4298AFD19&sortorder=desc&column=section HTTP/1.1" 200 105112
65.108.125.120 - - [04/Dec/2024:00:39:22 +0100] "GET /ticket2/opencms/fi/buy/?page=1&edid=033F4C7E-BD6C-52A5-430C-5A35B74AB4F6&sortorder=asc&column=section HTTP/1.1" 200 105927
65.108.125.120 - - [04/Dec/2024:00:39:24 +0100] "GET /ticket2/opencms/fi/buy/?page=1&edid=137C73C4-15F8-5AA6-3AB0-320D3A0CD2AD&sortorder=asc&column=section HTTP/1.1" 200 105963
95.91.104.62 - - [04/Dec/2024:00:39:24 +0100] "GET /ticket2/opencms/en/buy/?page=1&edid=E6F3FCE0-2FC0-1D19-A7CC-E19CDD18C53C&sortorder=asc&column=price HTTP/1.1" 200 105082
65.108.227.178 - - [04/Dec/2024:00:39:25 +0100] "GET /ticket2/opencms/sv/buy/?page=1&edid=A02342C9-A4EA-CCC7-213E-E3ED131C9C47&sortorder=asc&column=price HTTP/1.1" 200 104725
85.208.96.200 - - [04/Dec/2024:00:39:25 +0100] "GET /ticket2/opencms/sv/sport/fotbollsbiljetter/bundesliga/schalke/ HTTP/1.1" 200 79167
94.154.239.69 - - [04/Dec/2024:00:39:26 +0100] "GET /ticket2/opencms/sv/buy/?page=1&edid=D365270F-785D-2C1A-552E-4C45198D1C5B&sortorder=asc&column=price HTTP/1.1" 200 102501
65.108.125.120 - - [04/Dec/2024:00:39:26 +0100] "GET /ticket2/opencms/fi/buy/?page=1&edid=295D0B4F-9C66-266F-5540-9251F65A1527&sortorder=asc&column=section HTTP/1.1" 200 105719
54.36.149.95 - - [04/Dec/2024:00:39:26 +0100] "GET /ticket2/opencms/is/buy?page=1&edid=D712D542-2FD7-63E8-3EB9-EC4508B2CBC4 HTTP/1.1" 200 101789
65.108.125.120 - - [04/Dec/2024:00:39:27 +0100] "GET /ticket2/opencms/fi/buy/?page=1&edid=295D0B4F-9C66-266F-5540-9251F65A1527&sortorder=desc&column=price HTTP/1.1" 200 105650
202.8.42.28 - - [04/Dec/2024:00:39:27 +0100] "GET /ticket2/opencms/system/modules/com.gridnine.opencms.ticketbrokerage.site/resources/css/jquery-ui.css HTTP/1.1" 200 33221
202.8.42.28 - - [04/Dec/2024:00:39:27 +0100] "GET /ticket2/opencms/system/modules/com.gridnine.opencms.ticketbrokerage.site/resources/css/calendar.css HTTP/1.1" 200 6871
202.8.42.28 - - [04/Dec/2024:00:39:27 +0100] "GET /ticket2/opencms/system/modules/com.gridnine.opencms.ticketbrokerage.site/resources/css/jquery.fancybox.css HTTP/1.1" 200 4939
202.8.42.28 - - [04/Dec/2024:00:39:27 +0100] "GET /ticket2/opencms/system/modules/com.gridnine.opencms.ticketbrokerage.site/resources/css/ticketbrokerage.css HTTP/1.1" 200 39339
202.8.42.28 - - [04/Dec/2024:00:39:27 +0100] "GET /ticket2/opencms/system/modules/com.gridnine.opencms.ticketbrokerage.site/resources/css/standard.css HTTP/1.1" 200 73073
202.8.42.28 - - [04/Dec/2024:00:39:27 +0100] "GET /ticket2/opencms/system/modules/com.gridnine.opencms.ticketbrokerage.site/resources/js/jquery/jquery.js HTTP/1.1" 200 93868
202.8.42.28 - - [04/Dec/2024:00:39:28 +0100] "GET /ticket2/opencms/system/modules/com.gridnine.opencms.ticketbrokerage.site/resources/js/calendar-setup.js HTTP/1.1" 200 4923
202.8.42.28 - - [04/Dec/2024:00:39:28 +0100] "GET /ticket2/opencms/system/modules/com.gridnine.opencms.ticketbrokerage.site/resources/js/functions.js HTTP/1.1" 200 1583
202.8.42.28 - - [04/Dec/2024:00:39:28 +0100] "GET /ticket2/opencms/system/modules/com.gridnine.opencms.ticketbrokerage.site/resources/js/calendar-en.js HTTP/1.1" 200 3338
202.8.42.28 - - [04/Dec/2024:00:39:28 +0100] "GET /ticket2/opencms/system/modules/com.gridnine.opencms.ticketbrokerage.site/resources/js/jquery/jquery-ui.js HTTP/1.1" 200 228088
202.8.42.28 - - [04/Dec/2024:00:39:28 +0100] "GET /ticket2/opencms/system/modules/com.gridnine.opencms.ticketbrokerage.site/resources/js/calendar.js HTTP/1.1" 200 49229
202.8.42.28 - - [04/Dec/2024:00:39:28 +0100] "GET /ticket2/opencms/system/modules/com.gridnine.opencms.ticketbrokerage.site/resources/js/stickyfill.min.js HTTP/1.1" 200 5672
202.8.42.28 - - [04/Dec/2024:00:39:28 +0100] "GET /ticket2/opencms/system/modules/com.gridnine.opencms.ticketbrokerage.site/resources/js/jquery.fancybox.pack.js HTTP/1.1" 200 23187
202.8.42.28 - - [04/Dec/2024:00:39:28 +0100] "GET /ticket2/opencms/system/modules/com.gridnine.opencms.ticketbrokerage.site/resources/js/standard.js HTTP/1.1" 200 3978
202.8.42.28 - - [04/Dec/2024:00:39:28 +0100] "GET /ticket2/opencms/system/modules/com.gridnine.opencms.ticketbrokerage.site/resources/js/jquery.placeholder.min.js HTTP/1.1" 200 1737
202.8.42.28 - - [04/Dec/2024:00:39:28 +0100] "GET /ticket2/opencms/system/modules/com.gridnine.opencms.ticketbrokerage.site/resources/js/common-ajax.js HTTP/1.1" 200 20175
95.91.104.62 - - [04/Dec/2024:00:39:28 +0100] "GET /ticket2/opencms/en/buy/?page=1&edid=E6F3FCE0-2FC0-1D19-A7CC-E19CDD18C53C&sortorder=asc&column=row HTTP/1.1" 200 104946
202.8.42.28 - - [04/Dec/2024:00:39:28 +0100] "GET /ticket2/opencms/is/ask-form.html HTTP/1.1" 200 3156
202.8.42.28 - - [04/Dec/2024:00:39:28 +0100] "GET /ticket2/opencms/is/ask-form.html HTTP/1.1" 200 3156
65.108.227.178 - - [04/Dec/2024:00:39:28 +0100] "GET /ticket2/opencms/sv/buy/?page=1&edid=A02342C9-A4EA-CCC7-213E-E3ED131C9C47&sortorder=asc&column=row HTTP/1.1" 200 104589
202.8.42.28 - - [04/Dec/2024:00:39:28 +0100] "GET /ticket2/opencms/system/modules/com.gridnine.opencms.ticketbrokerage.site/resources/css/ticketbrokerage.css HTTP/1.1" 200 39339
202.8.42.28 - - [04/Dec/2024:00:39:28 +0100] "GET /ticket2/opencms/system/modules/com.gridnine.opencms.ticketbrokerage.site/resources/js/standard.js HTTP/1.1" 200 3978
65.108.125.120 - - [04/Dec/2024:00:39:29 +0100] "GET /ticket2/opencms/fi/buy/?page=1&edid=295D0B4F-9C66-266F-5540-9251F65A1527&sortorder=desc&column=row HTTP/1.1" 200 105514
186.31.14.138 - - [04/Dec/2024:00:39:31 +0100] "GET /ticket2/opencms/img/shutterstock_1559114345.jpg HTTP/1.1" 200 1583836
65.108.125.120 - - [04/Dec/2024:00:39:31 +0100] "GET /ticket2/opencms/fi/buy/?page=1&edid=2B9A522C-A5D9-DDA1-01B0-9BDDA268C9B6&sortorder=asc&column=row HTTP/1.1" 200 107089
65.108.227.178 - - [04/Dec/2024:00:39:31 +0100] "GET /ticket2/opencms/sv/buy/?page=1&edid=A02342C9-A4EA-CCC7-213E-E3ED131C9C47&sortorder=asc&column=section HTTP/1.1" 200 104861
95.91.104.62 - - [04/Dec/2024:00:39:32 +0100] "GET /ticket2/opencms/en/buy/?page=1&edid=E6F3FCE0-2FC0-1D19-A7CC-E19CDD18C53C&sortorder=asc&column=section HTTP/1.1" 200 105218
65.108.125.120 - - [04/Dec/2024:00:39:33 +0100] "GET /ticket2/opencms/fi/buy/?page=1&edid=2B9A522C-A5D9-DDA1-01B0-9BDDA268C9B6&sortorder=asc&column=section HTTP/1.1" 200 107361
94.154.239.69 - - [04/Dec/2024:00:39:33 +0100] "GET /ticket2/opencms/sv/buy/?page=1&edid=D365270F-785D-2C1A-552E-4C45198D1C5B&sortorder=asc&column=row HTTP/1.1" 200 102365
65.108.227.178 - - [04/Dec/2024:00:39:35 +0100] "GET /ticket2/opencms/sv/buy/?page=1&edid=A02342C9-A4EA-CCC7-213E-E3ED131C9C47&sortorder=desc&column=price HTTP/1.1" 200 104792
65.108.125.120 - - [04/Dec/2024:00:39:35 +0100] "GET /ticket2/opencms/fi/buy/?page=1&edid=2C4B6786-0F6F-C1FA-478C-3E015D58BCA8 HTTP/1.1" 200 105476
95.91.104.62 - - [04/Dec/2024:00:39:36 +0100] "GET /ticket2/opencms/en/buy/?page=1&edid=E7560AB3-0BA2-E806-DEFE-5D8CC4C6CAA3&sortorder=asc&column=price HTTP/1.1" 200 105059
54.36.148.253 - - [04/Dec/2024:00:39:36 +0100] "GET /ticket2/opencms/sv/buy/?page=1&edid=2C538FDD-3C52-6C4F-20BD-65D603C9DD1A HTTP/1.1" 200 103021
65.108.125.120 - - [04/Dec/2024:00:39:37 +0100] "GET /ticket2/opencms/fi/buy/?page=1&edid=2CA3105D-3A7E-3C22-5999-57054C6868BE HTTP/1.1" 200 104993
65.108.227.178 - - [04/Dec/2024:00:39:38 +0100] "GET /ticket2/opencms/sv/buy/?page=1&edid=A02342C9-A4EA-CCC7-213E-E3ED131C9C47&sortorder=desc&column=row HTTP/1.1" 200 104656
95.91.104.62 - - [04/Dec/2024:00:39:39 +0100] "GET /ticket2/opencms/en/buy/?page=1&edid=E7560AB3-0BA2-E806-DEFE-5D8CC4C6CAA3&sortorder=asc&column=row HTTP/1.1" 200 104923
65.108.125.120 - - [04/Dec/2024:00:39:39 +0100] "GET /ticket2/opencms/fi/buy/?page=1&edid=2D77D5E8-F469-AAA2-8433-36A939B8305F&sortorder=desc&column=row HTTP/1.1" 200 106623
47.128.97.181 - - [04/Dec/2024:00:39:39 +0100] "GET /ticket2/opencms/el/buy/?catid=43171577-14C8-6B19-25D9-DF372BFFCBFA&comcatid=97ECA65A-72DA-F9AF-9DBB-245D3CFED1BE HTTP/1.1" 200 6410
94.154.239.69 - - [04/Dec/2024:00:39:40 +0100] "GET /ticket2/opencms/sv/buy/?page=1&edid=D365270F-785D-2C1A-552E-4C45198D1C5B&sortorder=asc&column=section HTTP/1.1" 200 102637
52.167.144.140 - - [04/Dec/2024:00:39:41 +0100] "GET /ticket2/opencms/sk/buy?page=1&edid=19422468-9239-E426-DB02-7FA0504E2BEC HTTP/1.1" 200 104680
65.108.125.120 - - [04/Dec/2024:00:39:41 +0100] "GET /ticket2/opencms/fi/buy/?page=1&edid=2D864439-4FCB-5F1A-C868-38EA84E729F1&sortorder=desc&column=row HTTP/1.1" 200 103361
65.108.227.178 - - [04/Dec/2024:00:39:41 +0100] "GET /ticket2/opencms/sv/buy/?page=1&edid=A02342C9-A4EA-CCC7-213E-E3ED131C9C47&sortorder=desc&column=section HTTP/1.1" 200 104928
185.191.171.1 - - [04/Dec/2024:00:39:41 +0100] "GET /ticket2/opencms/de/sport/fussball-tickets/serie_a/torino/ HTTP/1.1" 200 87972
65.108.125.120 - - [04/Dec/2024:00:39:43 +0100] "GET /ticket2/opencms/fi/buy/?page=1&edid=2DA06C70-F13F-2337-2D71-22BEF8003BC0&sortorder=asc&column=price HTTP/1.1" 200 106867
95.91.104.62 - - [04/Dec/2024:00:39:43 +0100] "GET /ticket2/opencms/en/buy/?page=1&edid=E7560AB3-0BA2-E806-DEFE-5D8CC4C6CAA3&sortorder=asc&column=section HTTP/1.1" 200 105195
65.108.227.178 - - [04/Dec/2024:00:39:45 +0100] "GET /ticket2/opencms/sv/buy/?page=1&edid=A1902A06-EAB5-9047-CB19-FEF5D64E83BA&sortorder=asc&column=price HTTP/1.1" 200 104730
65.108.125.120 - - [04/Dec/2024:00:39:45 +0100] "GET /ticket2/opencms/fi/buy/?page=1&edid=2DA06C70-F13F-2337-2D71-22BEF8003BC0&sortorder=asc&column=row HTTP/1.1" 200 106731
54.36.148.100 - - [04/Dec/2024:00:39:46 +0100] "GET /ticket2/opencms/el/buy/?page=1&edid=070182EB-30EF-F34B-AE41-C4B61E82D2C9 HTTP/1.1" 200 107825
95.91.104.62 - - [04/Dec/2024:00:39:47 +0100] "GET /ticket2/opencms/en/buy/?page=1&edid=E7778B07-5A2E-03C5-E890-F4206C3C4D00 HTTP/1.1" 200 103745
65.108.125.120 - - [04/Dec/2024:00:39:47 +0100] "GET /ticket2/opencms/fi/buy/?page=1&edid=2DA06C70-F13F-2337-2D71-22BEF8003BC0&sortorder=asc&column=section HTTP/1.1" 200 107003
94.154.239.69 - - [04/Dec/2024:00:39:47 +0100] "GET /ticket2/opencms/sv/buy/?page=1&edid=D3E72C5E-B547-4435-D0E1-AA20A6C0D9D5 HTTP/1.1" 200 104555
65.108.227.178 - - [04/Dec/2024:00:39:48 +0100] "GET /ticket2/opencms/sv/buy/?page=1&edid=A1902A06-EAB5-9047-CB19-FEF5D64E83BA&sortorder=asc&column=row HTTP/1.1" 200 104594
65.108.125.120 - - [04/Dec/2024:00:39:48 +0100] "GET /ticket2/opencms/fi/buy/?page=1&edid=2DA06C70-F13F-2337-2D71-22BEF8003BC0&sortorder=desc&column=price HTTP/1.1" 200 106934
65.108.125.120 - - [04/Dec/2024:00:39:50 +0100] "GET /ticket2/opencms/fi/buy/?page=1&edid=2DA06C70-F13F-2337-2D71-22BEF8003BC0&sortorder=desc&column=row HTTP/1.1" 200 106798
95.91.104.62 - - [04/Dec/2024:00:39:50 +0100] "GET /ticket2/opencms/en/buy/?page=1&edid=E7778B07-5A2E-03C5-E890-F4206C3C4D00&sortorder=asc&column=row HTTP/1.1" 200 105481
65.108.227.178 - - [04/Dec/2024:00:39:51 +0100] "GET /ticket2/opencms/sv/buy/?page=1&edid=A1902A06-EAB5-9047-CB19-FEF5D64E83BA&sortorder=asc&column=section HTTP/1.1" 200 104866
65.108.125.120 - - [04/Dec/2024:00:39:52 +0100] "GET /ticket2/opencms/fi/buy/?page=1&edid=2E602F15-8DB1-8A7E-BB82-1387A272CE4B&sortorder=desc&column=row HTTP/1.1" 200 106624
65.108.125.120 - - [04/Dec/2024:00:39:54 +0100] "GET /ticket2/opencms/fi/buy/?page=1&edid=30924A43-4427-5878-59F6-BE2DD0659AA2&sortorder=desc&column=price HTTP/1.1" 200 105889
94.154.239.69 - - [04/Dec/2024:00:39:54 +0100] "GET /ticket2/opencms/sv/buy/?page=1&edid=D3E72C5E-B547-4435-D0E1-AA20A6C0D9D5&sortorder=asc&column=price HTTP/1.1" 200 106427
95.91.104.62 - - [04/Dec/2024:00:39:54 +0100] "GET /ticket2/opencms/en/buy/?page=1&edid=E7778B07-5A2E-03C5-E890-F4206C3C4D00&sortorder=asc&column=section HTTP/1.1" 200 105753
65.108.227.178 - - [04/Dec/2024:00:39:55 +0100] "GET /ticket2/opencms/sv/buy/?page=1&edid=A1902A06-EAB5-9047-CB19-FEF5D64E83BA&sortorder=desc&column=price HTTP/1.1" 200 104797
47.128.54.181 - - [04/Dec/2024:00:39:55 +0100] "GET /ticket2/opencms/is/sport/fotbolti/la-liga/athletic-bilbao HTTP/1.1" 200 94660
65.108.125.120 - - [04/Dec/2024:00:39:56 +0100] "GET /ticket2/opencms/fi/buy/?page=1&edid=30CB7959-9308-5BEA-03F2-ADAC2FC91A64 HTTP/1.1" 200 105016
54.36.148.104 - - [04/Dec/2024:00:39:56 +0100] "GET /ticket2/opencms/et/buy/?page=1&edid=08E96509-F113-0E6A-21FE-AD8C7D1444D0 HTTP/1.1" 200 119928
65.108.125.120 - - [04/Dec/2024:00:39:58 +0100] "GET /ticket2/opencms/fi/buy/?page=1&edid=30EE0FC7-4330-7251-77A0-0EEC2CF05AF0 HTTP/1.1" 200 105479
95.91.104.62 - - [04/Dec/2024:00:39:58 +0100] "GET /ticket2/opencms/en/buy/?page=1&edid=E7778B07-5A2E-03C5-E890-F4206C3C4D00&sortorder=desc&column=price HTTP/1.1" 200 105684
65.108.227.178 - - [04/Dec/2024:00:39:58 +0100] "GET /ticket2/opencms/sv/buy/?page=1&edid=A1902A06-EAB5-9047-CB19-FEF5D64E83BA&sortorder=desc&column=row HTTP/1.1" 200 104661
65.108.125.120 - - [04/Dec/2024:00:39:59 +0100] "GET /ticket2/opencms/fi/buy/?page=1&edid=45F55A9B-C56E-3C99-BE60-88DE2E329DDD&sortorder=asc&column=price HTTP/1.1" 200 107185
65.108.227.178 - - [04/Dec/2024:00:40:01 +0100] "GET /ticket2/opencms/sv/buy/?page=1&edid=A1902A06-EAB5-9047-CB19-FEF5D64E83BA&sortorder=desc&column=section HTTP/1.1" 200 104933
95.91.104.62 - - [04/Dec/2024:00:40:01 +0100] "GET /ticket2/opencms/en/buy/?page=1&edid=E7778B07-5A2E-03C5-E890-F4206C3C4D00&sortorder=desc&column=row HTTP/1.1" 200 105548
65.108.125.120 - - [04/Dec/2024:00:40:01 +0100] "GET /ticket2/opencms/fi/buy/?page=1&edid=45F55A9B-C56E-3C99-BE60-88DE2E329DDD&sortorder=asc&column=row HTTP/1.1" 200 107049
94.154.239.69 - - [04/Dec/2024:00:40:02 +0100] "GET /ticket2/opencms/sv/buy/?page=1&edid=D3E72C5E-B547-4435-D0E1-AA20A6C0D9D5&sortorder=asc&column=row HTTP/1.1" 200 106291
65.108.125.120 - - [04/Dec/2024:00:40:03 +0100] "GET /ticket2/opencms/fi/buy/?page=1&edid=45F55A9B-C56E-3C99-BE60-88DE2E329DDD&sortorder=asc&column=section HTTP/1.1" 200 107321
54.36.148.31 - - [04/Dec/2024:00:40:04 +0100] "GET /ticket2/opencms/az/buy?page=1&edid=8EE24D2F-4BF0-A103-6944-36103BCA6278 HTTP/1.1" 200 115861
65.108.227.178 - - [04/Dec/2024:00:40:05 +0100] "GET /ticket2/opencms/sv/buy/?page=1&edid=A27C2B2E-F075-0571-43BC-97EB95815DE9&sortorder=asc&column=price HTTP/1.1" 200 104729
65.108.125.120 - - [04/Dec/2024:00:40:05 +0100] "GET /ticket2/opencms/fi/buy/?page=1&edid=45F55A9B-C56E-3C99-BE60-88DE2E329DDD&sortorder=desc&column=price HTTP/1.1" 200 107252
54.36.148.203 - - [04/Dec/2024:00:40:05 +0100] "GET /ticket2/opencms/el/buy/?page=1&edid=47E4C29F-87ED-56B6-4058-D325184E756B HTTP/1.1" 200 107950
95.91.104.62 - - [04/Dec/2024:00:40:06 +0100] "GET /ticket2/opencms/en/buy/?page=1&edid=E7778B07-5A2E-03C5-E890-F4206C3C4D00&sortorder=desc&column=section HTTP/1.1" 200 105820
65.108.125.120 - - [04/Dec/2024:00:40:07 +0100] "GET /ticket2/opencms/fi/buy/?page=1&edid=45F55A9B-C56E-3C99-BE60-88DE2E329DDD&sortorder=desc&column=row HTTP/1.1" 200 107116
94.154.239.69 - - [04/Dec/2024:00:40:08 +0100] "GET /ticket2/opencms/sv/buy/?page=1&edid=D3E72C5E-B547-4435-D0E1-AA20A6C0D9D5&sortorder=asc&column=section HTTP/1.1" 200 106563
65.108.227.178 - - [04/Dec/2024:00:40:08 +0100] "GET /ticket2/opencms/sv/buy/?page=1&edid=A27C2B2E-F075-0571-43BC-97EB95815DE9&sortorder=asc&column=row HTTP/1.1" 200 104593
65.108.125.120 - - [04/Dec/2024:00:40:09 +0100] "GET /ticket2/opencms/fi/buy/?page=1&edid=45F55A9B-C56E-3C99-BE60-88DE2E329DDD&sortorder=desc&column=section HTTP/1.1" 200 107388
95.91.104.62 - - [04/Dec/2024:00:40:09 +0100] "GET /ticket2/opencms/en/buy/?page=1&edid=E77C4199-2B60-9163-FF4B-36CBA7729232&sortorder=asc&column=price HTTP/1.1" 200 104051
65.108.125.120 - - [04/Dec/2024:00:40:11 +0100] "GET /ticket2/opencms/fi/buy/?page=1&edid=46AA4F76-91C4-2474-44EC-074AAAAB2066 HTTP/1.1" 200 104999
65.108.227.178 - - [04/Dec/2024:00:40:11 +0100] "GET /ticket2/opencms/sv/buy/?page=1&edid=A27C2B2E-F075-0571-43BC-97EB95815DE9&sortorder=asc&column=section HTTP/1.1" 200 104865
65.108.125.120 - - [04/Dec/2024:00:40:12 +0100] "GET /ticket2/opencms/fi/buy/?page=1&edid=46AA4F76-91C4-2474-44EC-074AAAAB2066&sortorder=desc&column=section HTTP/1.1" 200 107074
95.91.104.62 - - [04/Dec/2024:00:40:13 +0100] "GET /ticket2/opencms/en/buy/?page=1&edid=E77C4199-2B60-9163-FF4B-36CBA7729232&sortorder=asc&column=row HTTP/1.1" 200 103915
65.108.125.120 - - [04/Dec/2024:00:40:14 +0100] "GET /ticket2/opencms/fi/buy/?page=1&edid=46B99181-7565-D704-BA22-DC7C6C8A924D&sortorder=desc&column=row HTTP/1.1" 200 103359
94.154.239.69 - - [04/Dec/2024:00:40:15 +0100] "GET /ticket2/opencms/sv/buy/?page=1&edid=D3E72C5E-B547-4435-D0E1-AA20A6C0D9D5&sortorder=desc&column=price HTTP/1.1" 200 106494
65.108.227.178 - - [04/Dec/2024:00:40:15 +0100] "GET /ticket2/opencms/sv/buy/?page=1&edid=A27C2B2E-F075-0571-43BC-97EB95815DE9&sortorder=desc&column=price HTTP/1.1" 200 104796
65.108.125.120 - - [04/Dec/2024:00:40:16 +0100] "GET /ticket2/opencms/fi/buy/?page=1&edid=47132D85-6386-619E-8F0A-163E57D20153&sortorder=desc&column=price HTTP/1.1" 200 104772
95.91.104.62 - - [04/Dec/2024:00:40:16 +0100] "GET /ticket2/opencms/en/buy/?page=1&edid=E77C4199-2B60-9163-FF4B-36CBA7729232&sortorder=asc&column=section HTTP/1.1" 200 104187
65.108.125.120 - - [04/Dec/2024:00:40:18 +0100] "GET /ticket2/opencms/fi/buy/?page=1&edid=471D2940-3000-E5EE-6F28-D4A5008204AC&sortorder=desc&column=row HTTP/1.1" 200 103365
66.249.79.231 - - [04/Dec/2024:00:40:18 +0100] "GET /ticket2/opencms/sv/buy?page=1&edid=CF50E913-5DB5-08E7-559C-AA3203DACB94 HTTP/1.1" 200 103883
65.108.125.120 - - [04/Dec/2024:00:40:20 +0100] "GET /ticket2/opencms/fi/buy/?page=1&edid=471D2940-3000-E5EE-6F28-D4A5008204AC&sortorder=desc&column=section HTTP/1.1" 200 103637
65.108.227.178 - - [04/Dec/2024:00:40:20 +0100] "GET /ticket2/opencms/sv/buy/?page=1&edid=28EEA809-83B7-F20D-974C-7AF203EF7720 HTTP/1.1" 200 104438
95.91.104.62 - - [04/Dec/2024:00:40:20 +0100] "GET /ticket2/opencms/en/buy/?page=1&edid=E77D1482-9B03-FDD7-FAAB-25B9204A3A75&sortorder=asc&column=price HTTP/1.1" 200 104197
94.154.239.69 - - [04/Dec/2024:00:40:21 +0100] "GET /ticket2/opencms/sv/buy/?page=1&edid=D3E72C5E-B547-4435-D0E1-AA20A6C0D9D5&sortorder=desc&column=row HTTP/1.1" 200 106358
65.108.125.120 - - [04/Dec/2024:00:40:22 +0100] "GET /ticket2/opencms/fi/buy/?page=1&edid=4724E241-4EDF-6BA5-B9E1-0A7235D75886&sortorder=desc&column=section HTTP/1.1" 200 103627
54.36.148.144 - - [04/Dec/2024:00:40:23 +0100] "GET /ticket2/opencms/ka/buy?page=1&edid=D712D542-2FD7-63E8-3EB9-EC4508B2CBC4 HTTP/1.1" 200 106392
65.108.125.120 - - [04/Dec/2024:00:40:24 +0100] "GET /ticket2/opencms/fi/buy/?page=1&edid=474F8C01-7120-DA67-D128-761352136E20&sortorder=asc&column=price HTTP/1.1" 200 104480
202.8.43.9 - - [04/Dec/2024:00:40:24 +0100] "GET /ticket2/opencms/system/modules/com.gridnine.opencms.ticketbrokerage.site/resources/css/ticketbrokerage.css HTTP/1.1" 200 39339
202.8.43.9 - - [04/Dec/2024:00:40:24 +0100] "GET /ticket2/opencms/system/modules/com.gridnine.opencms.ticketbrokerage.site/resources/css/jquery-ui.css HTTP/1.1" 200 33221
202.8.43.9 - - [04/Dec/2024:00:40:24 +0100] "GET /ticket2/opencms/system/modules/com.gridnine.opencms.ticketbrokerage.site/resources/css/jquery.fancybox.css HTTP/1.1" 200 4939
202.8.43.9 - - [04/Dec/2024:00:40:24 +0100] "GET /ticket2/opencms/system/modules/com.gridnine.opencms.ticketbrokerage.site/resources/js/calendar-setup.js HTTP/1.1" 200 4923
202.8.43.9 - - [04/Dec/2024:00:40:24 +0100] "GET /ticket2/opencms/system/modules/com.gridnine.opencms.ticketbrokerage.site/resources/css/calendar.css HTTP/1.1" 200 6871
202.8.43.9 - - [04/Dec/2024:00:40:24 +0100] "GET /ticket2/opencms/system/modules/com.gridnine.opencms.ticketbrokerage.site/resources/css/standard.css HTTP/1.1" 200 73073
202.8.43.9 - - [04/Dec/2024:00:40:25 +0100] "GET /ticket2/opencms/system/modules/com.gridnine.opencms.ticketbrokerage.site/resources/js/stickyfill.min.js HTTP/1.1" 200 5672
202.8.43.9 - - [04/Dec/2024:00:40:25 +0100] "GET /ticket2/opencms/system/modules/com.gridnine.opencms.ticketbrokerage.site/resources/js/jquery.fancybox.pack.js HTTP/1.1" 200 23187
202.8.43.9 - - [04/Dec/2024:00:40:25 +0100] "GET /ticket2/opencms/system/modules/com.gridnine.opencms.ticketbrokerage.site/resources/js/functions.js HTTP/1.1" 200 1583
202.8.43.9 - - [04/Dec/2024:00:40:25 +0100] "GET /ticket2/opencms/system/modules/com.gridnine.opencms.ticketbrokerage.site/resources/js/jquery/jquery.js HTTP/1.1" 200 93868
202.8.43.9 - - [04/Dec/2024:00:40:25 +0100] "GET /ticket2/opencms/system/modules/com.gridnine.opencms.ticketbrokerage.site/resources/js/jquery/jquery-ui.js HTTP/1.1" 200 228088
202.8.43.9 - - [04/Dec/2024:00:40:25 +0100] "GET /ticket2/opencms/system/modules/com.gridnine.opencms.ticketbrokerage.site/resources/js/calendar.js HTTP/1.1" 200 49229
202.8.43.9 - - [04/Dec/2024:00:40:25 +0100] "GET /ticket2/opencms/system/modules/com.gridnine.opencms.ticketbrokerage.site/resources/js/calendar-en.js HTTP/1.1" 200 3338
202.8.43.9 - - [04/Dec/2024:00:40:25 +0100] "GET /ticket2/opencms/system/modules/com.gridnine.opencms.ticketbrokerage.site/resources/js/standard.js HTTP/1.1" 200 3978
202.8.43.9 - - [04/Dec/2024:00:40:25 +0100] "GET /ticket2/opencms/system/modules/com.gridnine.opencms.ticketbrokerage.site/resources/js/jquery.placeholder.min.js HTTP/1.1" 200 1737
202.8.43.9 - - [04/Dec/2024:00:40:25 +0100] "GET /ticket2/opencms/system/modules/com.gridnine.opencms.ticketbrokerage.site/resources/js/common-ajax.js HTTP/1.1" 200 20175
202.8.43.9 - - [04/Dec/2024:00:40:25 +0100] "GET /ticket2/opencms/ka/ask-form.html HTTP/1.1" 200 3156
202.8.43.9 - - [04/Dec/2024:00:40:25 +0100] "GET /ticket2/opencms/ka/ask-form.html HTTP/1.1" 200 3156
65.108.227.178 - - [04/Dec/2024:00:40:25 +0100] "GET /ticket2/opencms/sv/buy/?page=1&edid=28EEA809-83B7-F20D-974C-7AF203EF7720&sortorder=asc&column=row HTTP/1.1" 200 106174
202.8.43.9 - - [04/Dec/2024:00:40:25 +0100] "GET /ticket2/opencms/system/modules/com.gridnine.opencms.ticketbrokerage.site/resources/css/ticketbrokerage.css HTTP/1.1" 200 39339
202.8.43.9 - - [04/Dec/2024:00:40:25 +0100] "GET /ticket2/opencms/system/modules/com.gridnine.opencms.ticketbrokerage.site/resources/js/standard.js HTTP/1.1" 200 3978
65.108.125.120 - - [04/Dec/2024:00:40:26 +0100] "GET /ticket2/opencms/fi/buy/?page=1&edid=474F8C01-7120-DA67-D128-761352136E20&sortorder=asc&column=row HTTP/1.1" 200 104344
94.154.239.69 - - [04/Dec/2024:00:40:27 +0100] "GET /ticket2/opencms/sv/buy/?page=1&edid=D3E72C5E-B547-4435-D0E1-AA20A6C0D9D5&sortorder=desc&column=section HTTP/1.1" 200 106630
95.91.104.62 - - [04/Dec/2024:00:40:27 +0100] "GET /ticket2/opencms/en/buy/?page=1&edid=E77D1482-9B03-FDD7-FAAB-25B9204A3A75&sortorder=asc&column=section HTTP/1.1" 200 104333
