202.8.42.170 - - [04/Dec/2024:00:42:36 +0100] "GET /ticket2/opencms/system/modules/com.gridnine.opencms.ticketbrokerage.site/resources/js/stickyfill.min.js HTTP/1.1" 200 5672
202.8.42.170 - - [04/Dec/2024:00:42:36 +0100] "GET /ticket2/opencms/system/modules/com.gridnine.opencms.ticketbrokerage.site/resources/js/jquery/jquery.js HTTP/1.1" 200 93868
202.8.42.170 - - [04/Dec/2024:00:42:36 +0100] "GET /ticket2/opencms/system/modules/com.gridnine.opencms.ticketbrokerage.site/resources/js/jquery/jquery-ui.js HTTP/1.1" 200 228088
202.8.42.170 - - [04/Dec/2024:00:42:36 +0100] "GET /ticket2/opencms/system/modules/com.gridnine.opencms.ticketbrokerage.site/resources/js/functions.js HTTP/1.1" 200 1583
202.8.42.170 - - [04/Dec/2024:00:42:36 +0100] "GET /ticket2/opencms/system/modules/com.gridnine.opencms.ticketbrokerage.site/resources/js/calendar-en.js HTTP/1.1" 200 3338
202.8.42.170 - - [04/Dec/2024:00:42:36 +0100] "GET /ticket2/opencms/system/modules/com.gridnine.opencms.ticketbrokerage.site/resources/js/calendar.js HTTP/1.1" 200 49229
40.77.167.52 - - [04/Dec/2024:00:42:36 +0100] "GET /ticket2/opencms/is/buy/?page=1&edid=BD28444D-8483-F179-3965-1E8A674294B4 HTTP/1.1" 200 118053
202.8.42.170 - - [04/Dec/2024:00:42:37 +0100] "GET /ticket2/opencms/system/modules/com.gridnine.opencms.ticketbrokerage.site/resources/js/calendar-setup.js HTTP/1.1" 200 4923
202.8.42.170 - - [04/Dec/2024:00:42:37 +0100] "GET /ticket2/opencms/system/modules/com.gridnine.opencms.ticketbrokerage.site/resources/js/standard.js HTTP/1.1" 200 3978
202.8.42.170 - - [04/Dec/2024:00:42:37 +0100] "GET /ticket2/opencms/system/modules/com.gridnine.opencms.ticketbrokerage.site/resources/js/jquery.placeholder.min.js HTTP/1.1" 200 1737
202.8.42.170 - - [04/Dec/2024:00:42:37 +0100] "GET /ticket2/opencms/system/modules/com.gridnine.opencms.ticketbrokerage.site/resources/js/common-ajax.js HTTP/1.1" 200 20175
202.8.42.170 - - [04/Dec/2024:00:42:37 +0100] "GET /ticket2/opencms/mt/ask-form.html HTTP/1.1" 200 3156
47.128.41.35 - - [04/Dec/2024:00:42:37 +0100] "GET /ticket2/opencms/sv/buy?edid=6148B729-620A-0104-5C35-7B49F49164F4 HTTP/1.1" 200 83532
202.8.42.170 - - [04/Dec/2024:00:42:37 +0100] "GET /ticket2/opencms/mt/ask-form.html HTTP/1.1" 200 3156
202.8.42.170 - - [04/Dec/2024:00:42:37 +0100] "GET /ticket2/opencms/system/modules/com.gridnine.opencms.ticketbrokerage.site/resources/css/ticketbrokerage.css HTTP/1.1" 200 39339
202.8.42.170 - - [04/Dec/2024:00:42:37 +0100] "GET /ticket2/opencms/system/modules/com.gridnine.opencms.ticketbrokerage.site/resources/js/standard.js HTTP/1.1" 200 3978
65.108.227.178 - - [04/Dec/2024:00:42:37 +0100] "GET /ticket2/opencms/sv/buy/?page=1&edid=3B27AD89-9F82-3E38-96F3-9D7DBA03001A&sortorder=desc&column=row HTTP/1.1" 200 105453
66.249.79.231 - - [04/Dec/2024:00:42:38 +0100] "GET /ticket2/opencms/tr/buy?page=1&edid=719E6B6D-707F-E825-E3AA-0E552980E1EB&hlv=66869495-b7d0-4f97-a0c3-3fc50a01000f HTTP/1.1" 200 120121
94.154.239.69 - - [04/Dec/2024:00:42:39 +0100] "GET /ticket2/opencms/sv/buy/?page=1&edid=E299A264-623B-31F5-6B20-87BBA4545091 HTTP/1.1" 200 104406
85.208.96.198 - - [04/Dec/2024:00:42:39 +0100] "GET /ticket2/opencms/nl/sport/voetbal-tickets/bundesliga/werder-bremen/ HTTP/1.1" 200 91177
95.91.104.62 - - [04/Dec/2024:00:42:40 +0100] "GET /ticket2/opencms/en/buy/?page=1&edid=5C8B3B85-933A-05F1-6523-80053ADA509F HTTP/1.1" 200 103863
65.108.227.178 - - [04/Dec/2024:00:42:42 +0100] "GET /ticket2/opencms/sv/buy/?page=1&edid=3B27AD89-9F82-3E38-96F3-9D7DBA03001A&sortorder=desc&column=section HTTP/1.1" 200 105725
54.36.149.37 - - [04/Dec/2024:00:42:44 +0100] "GET /ticket2/opencms/hr/buy?page=1&edid=8D36CAAA-5B35-26C1-11D2-EB825155168E HTTP/1.1" 200 101451
94.154.239.69 - - [04/Dec/2024:00:42:44 +0100] "GET /ticket2/opencms/sv/buy/?page=1&edid=E299A264-623B-31F5-6B20-87BBA4545091&sortorder=asc&column=price HTTP/1.1" 200 106278
202.8.42.226 - - [04/Dec/2024:00:42:45 +0100] "GET /ticket2/opencms/system/modules/com.gridnine.opencms.ticketbrokerage.site/resources/css/jquery.fancybox.css HTTP/1.1" 200 4939
202.8.42.226 - - [04/Dec/2024:00:42:45 +0100] "GET /ticket2/opencms/system/modules/com.gridnine.opencms.ticketbrokerage.site/resources/css/jquery-ui.css HTTP/1.1" 200 33221
202.8.42.226 - - [04/Dec/2024:00:42:45 +0100] "GET /ticket2/opencms/system/modules/com.gridnine.opencms.ticketbrokerage.site/resources/css/ticketbrokerage.css HTTP/1.1" 200 39339
202.8.42.226 - - [04/Dec/2024:00:42:45 +0100] "GET /ticket2/opencms/system/modules/com.gridnine.opencms.ticketbrokerage.site/resources/css/standard.css HTTP/1.1" 200 73073
202.8.42.226 - - [04/Dec/2024:00:42:45 +0100] "GET /ticket2/opencms/system/modules/com.gridnine.opencms.ticketbrokerage.site/resources/css/calendar.css HTTP/1.1" 200 6871
202.8.42.226 - - [04/Dec/2024:00:42:45 +0100] "GET /ticket2/opencms/system/modules/com.gridnine.opencms.ticketbrokerage.site/resources/js/jquery/jquery.js HTTP/1.1" 200 93868
202.8.42.226 - - [04/Dec/2024:00:42:45 +0100] "GET /ticket2/opencms/system/modules/com.gridnine.opencms.ticketbrokerage.site/resources/js/jquery/jquery-ui.js HTTP/1.1" 200 228088
202.8.42.226 - - [04/Dec/2024:00:42:45 +0100] "GET /ticket2/opencms/system/modules/com.gridnine.opencms.ticketbrokerage.site/resources/js/functions.js HTTP/1.1" 200 1583
202.8.42.226 - - [04/Dec/2024:00:42:45 +0100] "GET /ticket2/opencms/system/modules/com.gridnine.opencms.ticketbrokerage.site/resources/js/calendar-en.js HTTP/1.1" 200 3338
202.8.42.226 - - [04/Dec/2024:00:42:46 +0100] "GET /ticket2/opencms/system/modules/com.gridnine.opencms.ticketbrokerage.site/resources/js/calendar.js HTTP/1.1" 200 49229
202.8.42.226 - - [04/Dec/2024:00:42:46 +0100] "GET /ticket2/opencms/system/modules/com.gridnine.opencms.ticketbrokerage.site/resources/js/calendar-setup.js HTTP/1.1" 200 4923
202.8.42.226 - - [04/Dec/2024:00:42:46 +0100] "GET /ticket2/opencms/system/modules/com.gridnine.opencms.ticketbrokerage.site/resources/js/jquery.fancybox.pack.js HTTP/1.1" 200 23187
202.8.42.226 - - [04/Dec/2024:00:42:46 +0100] "GET /ticket2/opencms/system/modules/com.gridnine.opencms.ticketbrokerage.site/resources/js/stickyfill.min.js HTTP/1.1" 200 5672
202.8.42.226 - - [04/Dec/2024:00:42:46 +0100] "GET /ticket2/opencms/system/modules/com.gridnine.opencms.ticketbrokerage.site/resources/js/standard.js HTTP/1.1" 200 3978
202.8.42.226 - - [04/Dec/2024:00:42:46 +0100] "GET /ticket2/opencms/system/modules/com.gridnine.opencms.ticketbrokerage.site/resources/js/jquery.placeholder.min.js HTTP/1.1" 200 1737
202.8.42.226 - - [04/Dec/2024:00:42:46 +0100] "GET /ticket2/opencms/system/modules/com.gridnine.opencms.ticketbrokerage.site/resources/js/common-ajax.js HTTP/1.1" 200 20175
202.8.42.226 - - [04/Dec/2024:00:42:46 +0100] "GET /ticket2/opencms/hr/ask-form.html HTTP/1.1" 200 3156
202.8.42.226 - - [04/Dec/2024:00:42:46 +0100] "GET /ticket2/opencms/hr/ask-form.html HTTP/1.1" 200 3156
202.8.42.226 - - [04/Dec/2024:00:42:46 +0100] "GET /ticket2/opencms/system/modules/com.gridnine.opencms.ticketbrokerage.site/resources/css/ticketbrokerage.css HTTP/1.1" 200 39339
95.91.104.62 - - [04/Dec/2024:00:42:46 +0100] "GET /ticket2/opencms/en/buy/?page=1&edid=631B7B95-4A80-92E3-56CC-8C92B2697E4D HTTP/1.1" 200 103862
202.8.42.226 - - [04/Dec/2024:00:42:46 +0100] "GET /ticket2/opencms/system/modules/com.gridnine.opencms.ticketbrokerage.site/resources/js/standard.js HTTP/1.1" 200 3978
65.108.227.178 - - [04/Dec/2024:00:42:47 +0100] "GET /ticket2/opencms/sv/buy/?page=1&edid=3B2EB834-74FD-F65E-9FB4-62BB32E5DD90&sortorder=desc&column=price HTTP/1.1" 200 105202
66.249.76.232 - - [04/Dec/2024:00:42:50 +0100] "GET /ticket2/opencms/lt/buy?page=1&edid=CF50E913-5DB5-08E7-559C-AA3203DACB94 HTTP/1.1" 200 104963
85.208.96.198 - - [04/Dec/2024:00:42:50 +0100] "GET /ticket2/opencms/sv/magazine/article?title=brentford-fc HTTP/1.1" 200 81089
94.154.239.69 - - [04/Dec/2024:00:42:50 +0100] "GET /ticket2/opencms/sv/buy/?page=1&edid=E299A264-623B-31F5-6B20-87BBA4545091&sortorder=asc&column=row HTTP/1.1" 200 106142
95.91.104.62 - - [04/Dec/2024:00:42:52 +0100] "GET /ticket2/opencms/en/buy/?page=1&edid=73DCD0AE-9ABE-D92B-9524-5973CAF97B92 HTTP/1.1" 200 103867
65.108.227.178 - - [04/Dec/2024:00:42:52 +0100] "GET /ticket2/opencms/sv/buy/?page=1&edid=3B2EB834-74FD-F65E-9FB4-62BB32E5DD90&sortorder=desc&column=section HTTP/1.1" 200 105338
54.36.148.151 - - [04/Dec/2024:00:42:52 +0100] "GET /ticket2/opencms/be/buy/?page=1&edid=17C93539-DAE9-7AD8-0195-8468AFF11DBB HTTP/1.1" 200 107074
85.208.96.199 - - [04/Dec/2024:00:42:56 +0100] "GET /ticket2/opencms/sv/sport/fotbollsbiljetter/uefa-champions-league/leipzig/ HTTP/1.1" 200 79630
65.108.227.178 - - [04/Dec/2024:00:42:56 +0100] "GET /ticket2/opencms/sv/buy/?page=1&edid=3B7ABFED-CCD4-8F1F-8F8D-A476A0A381CC&sortorder=desc&column=section HTTP/1.1" 200 105978
94.154.239.69 - - [04/Dec/2024:00:42:57 +0100] "GET /ticket2/opencms/sv/buy/?page=1&edid=E299A264-623B-31F5-6B20-87BBA4545091&sortorder=asc&column=section HTTP/1.1" 200 106414
95.91.104.62 - - [04/Dec/2024:00:42:57 +0100] "GET /ticket2/opencms/en/buy/?page=1&edid=867E5C69-A11C-A0A4-176A-7AA1621CA972&sortorder=asc&column=section HTTP/1.1" 200 104237
54.36.148.110 - - [04/Dec/2024:00:43:01 +0100] "GET /ticket2/opencms/pl/buy?page=1&edid=8D36CAAA-5B35-26C1-11D2-EB825155168E HTTP/1.1" 200 101517
65.108.227.178 - - [04/Dec/2024:00:43:01 +0100] "GET /ticket2/opencms/sv/buy/?page=1&edid=3CCB9FC1-7F7B-648B-463A-07132FE85ACE HTTP/1.1" 200 102917
202.8.41.167 - - [04/Dec/2024:00:43:02 +0100] "GET /ticket2/opencms/system/modules/com.gridnine.opencms.ticketbrokerage.site/resources/css/jquery.fancybox.css HTTP/1.1" 200 4939
202.8.41.167 - - [04/Dec/2024:00:43:02 +0100] "GET /ticket2/opencms/system/modules/com.gridnine.opencms.ticketbrokerage.site/resources/css/ticketbrokerage.css HTTP/1.1" 200 39339
202.8.41.167 - - [04/Dec/2024:00:43:02 +0100] "GET /ticket2/opencms/system/modules/com.gridnine.opencms.ticketbrokerage.site/resources/css/calendar.css HTTP/1.1" 200 6871
202.8.41.167 - - [04/Dec/2024:00:43:02 +0100] "GET /ticket2/opencms/system/modules/com.gridnine.opencms.ticketbrokerage.site/resources/css/jquery-ui.css HTTP/1.1" 200 33221
202.8.41.167 - - [04/Dec/2024:00:43:02 +0100] "GET /ticket2/opencms/system/modules/com.gridnine.opencms.ticketbrokerage.site/resources/js/calendar-en.js HTTP/1.1" 200 3338
202.8.41.167 - - [04/Dec/2024:00:43:02 +0100] "GET /ticket2/opencms/system/modules/com.gridnine.opencms.ticketbrokerage.site/resources/css/standard.css HTTP/1.1" 200 73073
202.8.41.167 - - [04/Dec/2024:00:43:02 +0100] "GET /ticket2/opencms/system/modules/com.gridnine.opencms.ticketbrokerage.site/resources/js/calendar-setup.js HTTP/1.1" 200 4923
202.8.41.167 - - [04/Dec/2024:00:43:02 +0100] "GET /ticket2/opencms/system/modules/com.gridnine.opencms.ticketbrokerage.site/resources/js/jquery.fancybox.pack.js HTTP/1.1" 200 23187
202.8.41.167 - - [04/Dec/2024:00:43:02 +0100] "GET /ticket2/opencms/system/modules/com.gridnine.opencms.ticketbrokerage.site/resources/js/stickyfill.min.js HTTP/1.1" 200 5672
202.8.41.167 - - [04/Dec/2024:00:43:02 +0100] "GET /ticket2/opencms/system/modules/com.gridnine.opencms.ticketbrokerage.site/resources/js/jquery/jquery.js HTTP/1.1" 200 93868
202.8.41.167 - - [04/Dec/2024:00:43:02 +0100] "GET /ticket2/opencms/system/modules/com.gridnine.opencms.ticketbrokerage.site/resources/js/jquery/jquery-ui.js HTTP/1.1" 200 228088
202.8.41.167 - - [04/Dec/2024:00:43:02 +0100] "GET /ticket2/opencms/system/modules/com.gridnine.opencms.ticketbrokerage.site/resources/js/functions.js HTTP/1.1" 200 1583
202.8.41.167 - - [04/Dec/2024:00:43:02 +0100] "GET /ticket2/opencms/system/modules/com.gridnine.opencms.ticketbrokerage.site/resources/js/calendar.js HTTP/1.1" 200 49229
202.8.41.167 - - [04/Dec/2024:00:43:02 +0100] "GET /ticket2/opencms/system/modules/com.gridnine.opencms.ticketbrokerage.site/resources/js/standard.js HTTP/1.1" 200 3978
94.154.239.69 - - [04/Dec/2024:00:43:02 +0100] "GET /ticket2/opencms/sv/buy/?page=1&edid=E299A264-623B-31F5-6B20-87BBA4545091&sortorder=desc&column=price HTTP/1.1" 200 106345
202.8.41.167 - - [04/Dec/2024:00:43:02 +0100] "GET /ticket2/opencms/system/modules/com.gridnine.opencms.ticketbrokerage.site/resources/js/jquery.placeholder.min.js HTTP/1.1" 200 1737
202.8.41.167 - - [04/Dec/2024:00:43:02 +0100] "GET /ticket2/opencms/system/modules/com.gridnine.opencms.ticketbrokerage.site/resources/js/common-ajax.js HTTP/1.1" 200 20175
202.8.41.167 - - [04/Dec/2024:00:43:02 +0100] "GET /ticket2/opencms/pl/ask-form.html HTTP/1.1" 200 3156
202.8.41.167 - - [04/Dec/2024:00:43:03 +0100] "GET /ticket2/opencms/pl/ask-form.html HTTP/1.1" 200 3156
95.91.104.62 - - [04/Dec/2024:00:43:03 +0100] "GET /ticket2/opencms/en/buy/?page=1&edid=867E5C69-A11C-A0A4-176A-7AA1621CA972&sortorder=desc&column=price HTTP/1.1" 200 104168
202.8.41.167 - - [04/Dec/2024:00:43:03 +0100] "GET /ticket2/opencms/system/modules/com.gridnine.opencms.ticketbrokerage.site/resources/css/ticketbrokerage.css HTTP/1.1" 200 39339
202.8.41.167 - - [04/Dec/2024:00:43:03 +0100] "GET /ticket2/opencms/system/modules/com.gridnine.opencms.ticketbrokerage.site/resources/js/standard.js HTTP/1.1" 200 3978
65.108.227.178 - - [04/Dec/2024:00:43:06 +0100] "GET /ticket2/opencms/sv/buy/?page=1&edid=3CCB9FC1-7F7B-648B-463A-07132FE85ACE&sortorder=asc&column=price HTTP/1.1" 200 104789
54.36.148.47 - - [04/Dec/2024:00:43:07 +0100] "GET /ticket2/opencms/hr/buy?page=1&edid=D712D542-2FD7-63E8-3EB9-EC4508B2CBC4 HTTP/1.1" 200 101520
95.91.104.62 - - [04/Dec/2024:00:43:08 +0100] "GET /ticket2/opencms/en/buy/?page=1&edid=867E5C69-A11C-A0A4-176A-7AA1621CA972&sortorder=desc&column=row HTTP/1.1" 200 104032
202.8.41.124 - - [04/Dec/2024:00:43:08 +0100] "GET /ticket2/opencms/system/modules/com.gridnine.opencms.ticketbrokerage.site/resources/css/jquery-ui.css HTTP/1.1" 200 33221
202.8.41.124 - - [04/Dec/2024:00:43:08 +0100] "GET /ticket2/opencms/system/modules/com.gridnine.opencms.ticketbrokerage.site/resources/css/ticketbrokerage.css HTTP/1.1" 200 39339
202.8.41.124 - - [04/Dec/2024:00:43:08 +0100] "GET /ticket2/opencms/system/modules/com.gridnine.opencms.ticketbrokerage.site/resources/css/calendar.css HTTP/1.1" 200 6871
202.8.41.124 - - [04/Dec/2024:00:43:08 +0100] "GET /ticket2/opencms/system/modules/com.gridnine.opencms.ticketbrokerage.site/resources/css/standard.css HTTP/1.1" 200 73073
202.8.41.124 - - [04/Dec/2024:00:43:08 +0100] "GET /ticket2/opencms/system/modules/com.gridnine.opencms.ticketbrokerage.site/resources/css/jquery.fancybox.css HTTP/1.1" 200 4939
202.8.41.124 - - [04/Dec/2024:00:43:08 +0100] "GET /ticket2/opencms/system/modules/com.gridnine.opencms.ticketbrokerage.site/resources/js/calendar-setup.js HTTP/1.1" 200 4923
202.8.41.124 - - [04/Dec/2024:00:43:08 +0100] "GET /ticket2/opencms/system/modules/com.gridnine.opencms.ticketbrokerage.site/resources/js/stickyfill.min.js HTTP/1.1" 200 5672
202.8.41.124 - - [04/Dec/2024:00:43:08 +0100] "GET /ticket2/opencms/system/modules/com.gridnine.opencms.ticketbrokerage.site/resources/js/calendar-en.js HTTP/1.1" 200 3338
202.8.41.124 - - [04/Dec/2024:00:43:08 +0100] "GET /ticket2/opencms/system/modules/com.gridnine.opencms.ticketbrokerage.site/resources/js/jquery.fancybox.pack.js HTTP/1.1" 200 23187
202.8.41.124 - - [04/Dec/2024:00:43:08 +0100] "GET /ticket2/opencms/system/modules/com.gridnine.opencms.ticketbrokerage.site/resources/js/jquery/jquery.js HTTP/1.1" 200 93868
202.8.41.124 - - [04/Dec/2024:00:43:08 +0100] "GET /ticket2/opencms/system/modules/com.gridnine.opencms.ticketbrokerage.site/resources/js/functions.js HTTP/1.1" 200 1583
202.8.41.124 - - [04/Dec/2024:00:43:08 +0100] "GET /ticket2/opencms/system/modules/com.gridnine.opencms.ticketbrokerage.site/resources/js/jquery/jquery-ui.js HTTP/1.1" 200 228088
202.8.41.124 - - [04/Dec/2024:00:43:08 +0100] "GET /ticket2/opencms/system/modules/com.gridnine.opencms.ticketbrokerage.site/resources/js/standard.js HTTP/1.1" 200 3978
202.8.41.124 - - [04/Dec/2024:00:43:08 +0100] "GET /ticket2/opencms/system/modules/com.gridnine.opencms.ticketbrokerage.site/resources/js/calendar.js HTTP/1.1" 200 49229
94.154.239.69 - - [04/Dec/2024:00:43:08 +0100] "GET /ticket2/opencms/sv/buy/?page=1&edid=E299A264-623B-31F5-6B20-87BBA4545091&sortorder=desc&column=row HTTP/1.1" 200 106209
202.8.41.124 - - [04/Dec/2024:00:43:08 +0100] "GET /ticket2/opencms/system/modules/com.gridnine.opencms.ticketbrokerage.site/resources/js/jquery.placeholder.min.js HTTP/1.1" 200 1737
202.8.41.124 - - [04/Dec/2024:00:43:08 +0100] "GET /ticket2/opencms/system/modules/com.gridnine.opencms.ticketbrokerage.site/resources/js/common-ajax.js HTTP/1.1" 200 20175
202.8.41.124 - - [04/Dec/2024:00:43:09 +0100] "GET /ticket2/opencms/hr/ask-form.html HTTP/1.1" 200 3156
202.8.41.124 - - [04/Dec/2024:00:43:09 +0100] "GET /ticket2/opencms/hr/ask-form.html HTTP/1.1" 200 3156
202.8.41.124 - - [04/Dec/2024:00:43:09 +0100] "GET /ticket2/opencms/system/modules/com.gridnine.opencms.ticketbrokerage.site/resources/css/ticketbrokerage.css HTTP/1.1" 200 39339
202.8.41.124 - - [04/Dec/2024:00:43:09 +0100] "GET /ticket2/opencms/system/modules/com.gridnine.opencms.ticketbrokerage.site/resources/js/standard.js HTTP/1.1" 200 3978
173.252.87.8 - - [04/Dec/2024:00:43:10 +0100] "GET /ticket2/opencms/az/magazine/article?title=bukayo-ayoyinka-t-m-saka HTTP/1.1" 200 86129
65.108.227.178 - - [04/Dec/2024:00:43:11 +0100] "GET /ticket2/opencms/sv/buy/?page=1&edid=3CCB9FC1-7F7B-648B-463A-07132FE85ACE&sortorder=asc&column=row HTTP/1.1" 200 104653
94.154.239.69 - - [04/Dec/2024:00:43:14 +0100] "GET /ticket2/opencms/sv/buy/?page=1&edid=E299A264-623B-31F5-6B20-87BBA4545091&sortorder=desc&column=section HTTP/1.1" 200 106481
95.91.104.62 - - [04/Dec/2024:00:43:14 +0100] "GET /ticket2/opencms/en/buy/?page=1&edid=867E5C69-A11C-A0A4-176A-7AA1621CA972&sortorder=desc&column=section HTTP/1.1" 200 104304
65.108.227.178 - - [04/Dec/2024:00:43:15 +0100] "GET /ticket2/opencms/sv/buy/?page=1&edid=3CCB9FC1-7F7B-648B-463A-07132FE85ACE&sortorder=asc&column=section HTTP/1.1" 200 104925
166.108.195.184 - - [04/Dec/2024:00:43:15 +0100] "GET /ticket2/opencms/sl/sport/nogometne-vstopnice/champions-league/cska HTTP/1.1" 404 -
114.119.130.154 - - [04/Dec/2024:00:43:17 +0100] "GET /ticket2/opencms/en/buy/?page=1&edid=CD3AD857-8EEC-6EA5-99A5-A50D6E3B925C HTTP/1.1" 200 103282
54.36.148.64 - - [04/Dec/2024:00:43:18 +0100] "GET /ticket2/opencms/de/buy/?page=1&edid=DC5232F6-E30F-C6CC-913E-17E1EC37D999 HTTP/1.1" 200 101129
66.249.76.231 - - [04/Dec/2024:00:43:19 +0100] "GET /ticket2/opencms/sk/buy?page=1&edid=719E6B6D-707F-E825-E3AA-0E552980E1EB&hlv=66869495-b7d0-4f97-a0c3-3fc50a01000f HTTP/1.1" 200 119921
95.91.104.62 - - [04/Dec/2024:00:43:19 +0100] "GET /ticket2/opencms/en/buy/?page=1&edid=8A4C7AC3-9F20-8E7F-3D23-EA3DFE7093D0&sortorder=asc&column=section HTTP/1.1" 200 104988
94.154.239.69 - - [04/Dec/2024:00:43:20 +0100] "GET /ticket2/opencms/sv/buy/?page=1&edid=E462A33E-CFF3-5A74-C9A7-96B6A6F1D497 HTTP/1.1" 200 104559
65.108.227.178 - - [04/Dec/2024:00:43:20 +0100] "GET /ticket2/opencms/sv/buy/?page=1&edid=3CCB9FC1-7F7B-648B-463A-07132FE85ACE&sortorder=desc&column=price HTTP/1.1" 200 104856
95.91.104.62 - - [04/Dec/2024:00:43:25 +0100] "GET /ticket2/opencms/en/buy/?page=1&edid=8BCDA413-0A18-59D2-A3FB-49537454FAB9 HTTP/1.1" 200 103868
65.108.227.178 - - [04/Dec/2024:00:43:25 +0100] "GET /ticket2/opencms/sv/buy/?page=1&edid=3CCB9FC1-7F7B-648B-463A-07132FE85ACE&sortorder=desc&column=row HTTP/1.1" 200 104720
94.154.239.69 - - [04/Dec/2024:00:43:25 +0100] "GET /ticket2/opencms/sv/buy/?page=1&edid=E462A33E-CFF3-5A74-C9A7-96B6A6F1D497&sortorder=asc&column=price HTTP/1.1" 200 106431
54.36.149.93 - - [04/Dec/2024:00:43:27 +0100] "GET /ticket2/opencms/bg/buy?comcatid=97ECA65A-72DA-F9AF-9DBB-245D3CFED1BE&catid=078F99D4-0B9E-E323-5A07-D7B70F6E8874 HTTP/1.1" 200 6410
52.167.144.204 - - [04/Dec/2024:00:43:28 +0100] "GET /ticket2/opencms/de/buy?page=1&edid=72A75E6D-B3C3-ED2C-0014-AD12C76904B2 HTTP/1.1" 200 101122
66.249.79.231 - - [04/Dec/2024:00:43:29 +0100] "GET /ticket2/opencms/sr/buy?page=1&edid=CF50E913-5DB5-08E7-559C-AA3203DACB94 HTTP/1.1" 200 105436
65.108.227.178 - - [04/Dec/2024:00:43:29 +0100] "GET /ticket2/opencms/sv/buy/?page=1&edid=3CCB9FC1-7F7B-648B-463A-07132FE85ACE&sortorder=desc&column=section HTTP/1.1" 200 104992
95.91.104.62 - - [04/Dec/2024:00:43:30 +0100] "GET /ticket2/opencms/en/buy/?page=1&edid=8C683308-F1E4-E41D-F834-BFDFCEAEC74C&sortorder=asc&column=row HTTP/1.1" 200 104724
94.154.239.69 - - [04/Dec/2024:00:43:31 +0100] "GET /ticket2/opencms/sv/buy/?page=1&edid=E462A33E-CFF3-5A74-C9A7-96B6A6F1D497&sortorder=asc&column=row HTTP/1.1" 200 106295
65.108.227.178 - - [04/Dec/2024:00:43:34 +0100] "GET /ticket2/opencms/sv/buy/?page=1&edid=3CDCE797-C117-D070-BC8A-EAFBD238BCDA&sortorder=asc&column=price HTTP/1.1" 200 105715
95.91.104.62 - - [04/Dec/2024:00:43:35 +0100] "GET /ticket2/opencms/en/buy/?page=1&edid=8C683308-F1E4-E41D-F834-BFDFCEAEC74C&sortorder=asc&column=section HTTP/1.1" 200 104996
54.36.148.244 - - [04/Dec/2024:00:43:36 +0100] "GET /ticket2/opencms/no/buy?page=1&edid=51141EB3-B375-D16D-CA84-E949B19945AA HTTP/1.1" 200 101199
202.8.41.113 - - [04/Dec/2024:00:43:37 +0100] "GET /ticket2/opencms/system/modules/com.gridnine.opencms.ticketbrokerage.site/resources/css/standard.css HTTP/1.1" 200 73073
202.8.41.113 - - [04/Dec/2024:00:43:37 +0100] "GET /ticket2/opencms/system/modules/com.gridnine.opencms.ticketbrokerage.site/resources/css/calendar.css HTTP/1.1" 200 6871
202.8.41.113 - - [04/Dec/2024:00:43:37 +0100] "GET /ticket2/opencms/system/modules/com.gridnine.opencms.ticketbrokerage.site/resources/css/ticketbrokerage.css HTTP/1.1" 200 39339
202.8.41.113 - - [04/Dec/2024:00:43:37 +0100] "GET /ticket2/opencms/system/modules/com.gridnine.opencms.ticketbrokerage.site/resources/css/jquery-ui.css HTTP/1.1" 200 33221
202.8.41.113 - - [04/Dec/2024:00:43:37 +0100] "GET /ticket2/opencms/system/modules/com.gridnine.opencms.ticketbrokerage.site/resources/css/jquery.fancybox.css HTTP/1.1" 200 4939
202.8.41.113 - - [04/Dec/2024:00:43:37 +0100] "GET /ticket2/opencms/system/modules/com.gridnine.opencms.ticketbrokerage.site/resources/js/jquery/jquery.js HTTP/1.1" 200 93868
202.8.41.113 - - [04/Dec/2024:00:43:37 +0100] "GET /ticket2/opencms/system/modules/com.gridnine.opencms.ticketbrokerage.site/resources/js/jquery/jquery-ui.js HTTP/1.1" 200 228088
202.8.41.113 - - [04/Dec/2024:00:43:37 +0100] "GET /ticket2/opencms/system/modules/com.gridnine.opencms.ticketbrokerage.site/resources/js/functions.js HTTP/1.1" 200 1583
202.8.41.113 - - [04/Dec/2024:00:43:37 +0100] "GET /ticket2/opencms/system/modules/com.gridnine.opencms.ticketbrokerage.site/resources/js/calendar.js HTTP/1.1" 200 49229
202.8.41.113 - - [04/Dec/2024:00:43:37 +0100] "GET /ticket2/opencms/system/modules/com.gridnine.opencms.ticketbrokerage.site/resources/js/calendar-en.js HTTP/1.1" 200 3338
202.8.41.113 - - [04/Dec/2024:00:43:37 +0100] "GET /ticket2/opencms/system/modules/com.gridnine.opencms.ticketbrokerage.site/resources/js/calendar-setup.js HTTP/1.1" 200 4923
94.154.239.69 - - [04/Dec/2024:00:43:37 +0100] "GET /ticket2/opencms/sv/buy/?page=1&edid=E462A33E-CFF3-5A74-C9A7-96B6A6F1D497&sortorder=asc&column=section HTTP/1.1" 200 106567
202.8.41.113 - - [04/Dec/2024:00:43:37 +0100] "GET /ticket2/opencms/system/modules/com.gridnine.opencms.ticketbrokerage.site/resources/js/jquery.fancybox.pack.js HTTP/1.1" 200 23187
202.8.41.113 - - [04/Dec/2024:00:43:37 +0100] "GET /ticket2/opencms/system/modules/com.gridnine.opencms.ticketbrokerage.site/resources/js/standard.js HTTP/1.1" 200 3978
202.8.41.113 - - [04/Dec/2024:00:43:37 +0100] "GET /ticket2/opencms/system/modules/com.gridnine.opencms.ticketbrokerage.site/resources/js/stickyfill.min.js HTTP/1.1" 200 5672
202.8.41.113 - - [04/Dec/2024:00:43:37 +0100] "GET /ticket2/opencms/system/modules/com.gridnine.opencms.ticketbrokerage.site/resources/js/jquery.placeholder.min.js HTTP/1.1" 200 1737
202.8.41.113 - - [04/Dec/2024:00:43:38 +0100] "GET /ticket2/opencms/system/modules/com.gridnine.opencms.ticketbrokerage.site/resources/js/common-ajax.js HTTP/1.1" 200 20175
202.8.41.113 - - [04/Dec/2024:00:43:38 +0100] "GET /ticket2/opencms/no/ask-form.html HTTP/1.1" 200 2919
202.8.41.113 - - [04/Dec/2024:00:43:38 +0100] "GET /ticket2/opencms/no/ask-form.html HTTP/1.1" 200 2919
202.8.41.113 - - [04/Dec/2024:00:43:38 +0100] "GET /ticket2/opencms/system/modules/com.gridnine.opencms.ticketbrokerage.site/resources/css/ticketbrokerage.css HTTP/1.1" 200 39339
202.8.41.113 - - [04/Dec/2024:00:43:38 +0100] "GET /ticket2/opencms/system/modules/com.gridnine.opencms.ticketbrokerage.site/resources/js/standard.js HTTP/1.1" 200 3978
185.191.171.1 - - [04/Dec/2024:00:43:38 +0100] "GET /ticket2/opencms/de/magazine/article?title=ballon-dor-gewinner-2024 HTTP/1.1" 200 85932
65.108.227.178 - - [04/Dec/2024:00:43:38 +0100] "GET /ticket2/opencms/sv/buy/?page=1&edid=3CDCE797-C117-D070-BC8A-EAFBD238BCDA&sortorder=asc&column=row HTTP/1.1" 200 105579
66.249.76.232 - - [04/Dec/2024:00:43:39 +0100] "GET /ticket2/opencms/bs/buy?page=1&edid=CF50E913-5DB5-08E7-559C-AA3203DACB94 HTTP/1.1" 200 104677
94.154.239.69 - - [04/Dec/2024:00:43:43 +0100] "GET /ticket2/opencms/sv/buy/?page=1&edid=E462A33E-CFF3-5A74-C9A7-96B6A6F1D497&sortorder=desc&column=price HTTP/1.1" 200 106498
65.108.227.178 - - [04/Dec/2024:00:43:43 +0100] "GET /ticket2/opencms/sv/buy/?page=1&edid=3CDCE797-C117-D070-BC8A-EAFBD238BCDA&sortorder=desc&column=price HTTP/1.1" 200 105782
54.36.148.105 - - [04/Dec/2024:00:43:44 +0100] "GET /ticket2/opencms/bg/buy/?page=1&edid=17C93539-DAE9-7AD8-0195-8468AFF11DBB HTTP/1.1" 200 106881
94.154.239.69 - - [04/Dec/2024:00:43:48 +0100] "GET /ticket2/opencms/sv/buy/?page=1&edid=E462A33E-CFF3-5A74-C9A7-96B6A6F1D497&sortorder=desc&column=row HTTP/1.1" 200 106362
65.108.227.178 - - [04/Dec/2024:00:43:48 +0100] "GET /ticket2/opencms/sv/buy/?page=1&edid=3CDCE797-C117-D070-BC8A-EAFBD238BCDA&sortorder=desc&column=row HTTP/1.1" 200 105646
95.91.104.62 - - [04/Dec/2024:00:43:48 +0100] "GET /ticket2/opencms/en/buy/?page=1&edid=94C8937D-45B7-A9A5-968E-7293E4885195&sortorder=asc&column=row HTTP/1.1" 200 104714
66.249.79.232 - - [04/Dec/2024:00:43:49 +0100] "GET /ticket2/opencms/sq/buy?page=1&edid=CF50E913-5DB5-08E7-559C-AA3203DACB94 HTTP/1.1" 200 104902
54.36.148.43 - - [04/Dec/2024:00:43:50 +0100] "GET /ticket2/opencms/bg/buy/?page=1&edid=C8C69015-BCBB-8460-663E-8B2E58614425 HTTP/1.1" 200 130349
65.108.227.178 - - [04/Dec/2024:00:43:53 +0100] "GET /ticket2/opencms/sv/buy/?page=1&edid=3D04CA40-DFC2-CAD0-691F-59BC78A9B973&sortorder=desc&column=price HTTP/1.1" 200 106506
94.154.239.69 - - [04/Dec/2024:00:43:53 +0100] "GET /ticket2/opencms/sv/buy/?page=1&edid=E462A33E-CFF3-5A74-C9A7-96B6A6F1D497&sortorder=desc&column=section HTTP/1.1" 200 106634
95.91.104.62 - - [04/Dec/2024:00:43:54 +0100] "GET /ticket2/opencms/en/buy/?page=1&edid=AB2F1C58-6A5B-E2CD-095A-4BF1DF689D46&sortorder=asc&column=price HTTP/1.1" 200 104852
54.36.148.13 - - [04/Dec/2024:00:43:54 +0100] "GET /ticket2/opencms/el/buy?comcatid=97ECA65A-72DA-F9AF-9DBB-245D3CFED1BE&catid=078F99D4-0B9E-E323-5A07-D7B70F6E8874 HTTP/1.1" 200 6410
66.249.76.195 - - [04/Dec/2024:00:43:55 +0100] "GET /ticket2/opencms/lv/faq HTTP/1.1" 200 82035
114.119.143.233 - - [04/Dec/2024:00:43:55 +0100] "GET /ticket2/opencms/hy/buy?page=1&edid=99307505-7EDF-CD9F-6317-57120D5C69D9 HTTP/1.1" 404 -
65.108.227.178 - - [04/Dec/2024:00:43:58 +0100] "GET /ticket2/opencms/sv/buy/?page=1&edid=3D04CA40-DFC2-CAD0-691F-59BC78A9B973&sortorder=desc&column=row HTTP/1.1" 200 106370
94.154.239.69 - - [04/Dec/2024:00:43:59 +0100] "GET /ticket2/opencms/sv/buy/?page=1&edid=E4D70CB8-6D89-F890-43F5-E8D14DCE566A HTTP/1.1" 200 103902
95.91.104.62 - - [04/Dec/2024:00:44:00 +0100] "GET /ticket2/opencms/en/buy/?page=1&edid=AB2F1C58-6A5B-E2CD-095A-4BF1DF689D46&sortorder=asc&column=row HTTP/1.1" 200 104716
47.128.21.154 - - [04/Dec/2024:00:44:00 +0100] "GET /ticket2/opencms/is/?catid=D8B345C9-F7A5-E620-4B43-C34EB0D6885B&comcatid=A17713B6-D984-201A-4143-ED4DB5ED5C2E&eventid=6C8807B6-B46F-14A9-0601-0A1F6B5E5DA9&page=6 HTTP/1.1" 200 93193
54.36.149.46 - - [04/Dec/2024:00:44:00 +0100] "GET /ticket2/opencms/dk/buy/?page=1&edid=22C03BDA-F1C1-1744-0214-BE18D353E647 HTTP/1.1" 200 100351
65.108.227.178 - - [04/Dec/2024:00:44:02 +0100] "GET /ticket2/opencms/sv/buy/?page=1&edid=3D04CA40-DFC2-CAD0-691F-59BC78A9B973&sortorder=desc&column=section HTTP/1.1" 200 106642
66.249.76.231 - - [04/Dec/2024:00:44:04 +0100] "GET /ticket2/opencms/ga/buy?page=1&edid=719E6B6D-707F-E825-E3AA-0E552980E1EB&hlv=66869495-b7d0-4f97-a0c3-3fc50a01000f HTTP/1.1" 200 120185
94.154.239.69 - - [04/Dec/2024:00:44:05 +0100] "GET /ticket2/opencms/sv/buy/?page=1&edid=E4D70CB8-6D89-F890-43F5-E8D14DCE566A&sortorder=asc&column=price HTTP/1.1" 200 105774
95.91.104.62 - - [04/Dec/2024:00:44:05 +0100] "GET /ticket2/opencms/en/buy/?page=1&edid=F47DF802-2646-14FD-FC5A-796CF117DF06&sortorder=asc&column=section HTTP/1.1" 200 104130
65.108.227.178 - - [04/Dec/2024:00:44:07 +0100] "GET /ticket2/opencms/sv/buy/?page=1&edid=3DE402F2-6E17-DF82-86AD-9BBBEA40303E&sortorder=asc&column=price HTTP/1.1" 200 105709
91.84.87.137 - - [04/Dec/2024:00:44:08 +0100] "GET /ticket2/opencms/de/ HTTP/1.1" 200 93146
91.84.87.137 - - [04/Dec/2024:00:44:09 +0100] "GET /ticket2/opencms/fi/ HTTP/1.1" 200 93633
54.36.148.242 - - [04/Dec/2024:00:44:09 +0100] "GET /ticket2/opencms/hu/buy/?comcatid=66708183-7480-3365-06BF-DBF60280AB45&catid=30D5812D-0858-4843-8F45-C38AE504153C HTTP/1.1" 200 6410
91.84.87.137 - - [04/Dec/2024:00:44:09 +0100] "GET /ticket2/opencms/de/ HTTP/1.1" 200 93146
94.154.239.69 - - [04/Dec/2024:00:44:11 +0100] "GET /ticket2/opencms/sv/buy/?page=1&edid=E4D70CB8-6D89-F890-43F5-E8D14DCE566A&sortorder=asc&column=row HTTP/1.1" 200 105638
95.91.104.62 - - [04/Dec/2024:00:44:11 +0100] "GET /ticket2/opencms/en/buy/?page=1&edid=F4A838CD-C7EB-CDA8-6118-FDD4414B7F98&sortorder=asc&column=row HTTP/1.1" 200 105006
91.84.87.137 - - [04/Dec/2024:00:44:11 +0100] "GET /ticket2/opencms/de/system/modules/com.gridnine.opencms.ticketbrokerage.site/resources/pics/footer-img.jpg HTTP/1.1" 404 -
65.108.227.178 - - [04/Dec/2024:00:44:12 +0100] "GET /ticket2/opencms/sv/buy/?page=1&edid=3DE402F2-6E17-DF82-86AD-9BBBEA40303E&sortorder=asc&column=row HTTP/1.1" 200 105573
91.84.87.137 - - [04/Dec/2024:00:44:12 +0100] "GET /ticket2/opencms/es/ HTTP/1.1" 200 93581
94.154.239.69 - - [04/Dec/2024:00:44:16 +0100] "GET /ticket2/opencms/sv/buy/?page=1&edid=E4D70CB8-6D89-F890-43F5-E8D14DCE566A&sortorder=asc&column=section HTTP/1.1" 200 105910
91.84.87.137 - - [04/Dec/2024:00:44:17 +0100] "GET /ticket2/opencms/hr/ HTTP/1.1" 200 93596
95.91.104.62 - - [04/Dec/2024:00:44:17 +0100] "GET /ticket2/opencms/en/buy/?page=1&edid=F4A838CD-C7EB-CDA8-6118-FDD4414B7F98&sortorder=desc&column=row HTTP/1.1" 200 105073
65.108.227.178 - - [04/Dec/2024:00:44:17 +0100] "GET /ticket2/opencms/sv/buy/?page=1&edid=3DE402F2-6E17-DF82-86AD-9BBBEA40303E&sortorder=asc&column=section HTTP/1.1" 200 105845
47.128.116.166 - - [04/Dec/2024:00:44:17 +0100] "GET /ticket2/opencms/ga/buy/?catid=F7FF413B-5FDF-82CF-E5BB-CD4AB6027974&comcatid=97ECA65A-72DA-F9AF-9DBB-245D3CFED1BE HTTP/1.1" 200 6410
91.84.87.137 - - [04/Dec/2024:00:44:18 +0100] "GET /ticket2/opencms/img/icons/sq.png HTTP/1.1" 200 1619
54.36.148.151 - - [04/Dec/2024:00:44:18 +0100] "GET /ticket2/opencms/et/buy?comcatid=97ECA65A-72DA-F9AF-9DBB-245D3CFED1BE&catid=078F99D4-0B9E-E323-5A07-D7B70F6E8874 HTTP/1.1" 200 6410
91.84.87.137 - - [04/Dec/2024:00:44:19 +0100] "GET /ticket2/opencms/fr/ HTTP/1.1" 200 93507
91.84.87.137 - - [04/Dec/2024:00:44:20 +0100] "GET /ticket2/opencms/sl/ HTTP/1.1" 200 93588
91.84.87.137 - - [04/Dec/2024:00:44:20 +0100] "GET /ticket2/opencms/img/icons/hu.png HTTP/1.1" 200 733
91.84.87.137 - - [04/Dec/2024:00:44:20 +0100] "GET /ticket2/opencms/img/icons/is.png HTTP/1.1" 200 1884
95.91.104.62 - - [04/Dec/2024:00:44:21 +0100] "GET /ticket2/opencms/en/login/?edid=AB2F1C58-6A5B-E2CD-095A-4BF1DF689D46 HTTP/1.1" 200 81798
65.108.227.178 - - [04/Dec/2024:00:44:22 +0100] "GET /ticket2/opencms/sv/buy/?page=1&edid=90576D05-78F1-8149-3F68-239887C22A3C HTTP/1.1" 200 100647
91.84.87.137 - - [04/Dec/2024:00:44:22 +0100] "GET /ticket2/opencms/sv/ HTTP/1.1" 200 92945
94.154.239.69 - - [04/Dec/2024:00:44:23 +0100] "GET /ticket2/opencms/sv/buy/?page=1&edid=E4D70CB8-6D89-F890-43F5-E8D14DCE566A&sortorder=desc&column=price HTTP/1.1" 200 105841
91.84.87.137 - - [04/Dec/2024:00:44:23 +0100] "GET /ticket2/opencms/dk/ HTTP/1.1" 200 92630
91.84.87.137 - - [04/Dec/2024:00:44:23 +0100] "GET /ticket2/opencms/img/icons/ga.png HTTP/1.1" 200 1759
91.84.87.137 - - [04/Dec/2024:00:44:24 +0100] "GET /ticket2/opencms/de/img/fb.png HTTP/1.1" 404 -
95.91.104.62 - - [04/Dec/2024:00:44:24 +0100] "GET /ticket2/opencms/en/login/?edid=ADC03EF7-1AE0-1D16-775A-CF1264429A09 HTTP/1.1" 200 81798
91.84.87.137 - - [04/Dec/2024:00:44:25 +0100] "GET /ticket2/opencms/hu/ HTTP/1.1" 200 93567
91.84.87.137 - - [04/Dec/2024:00:44:25 +0100] "GET /ticket2/opencms/img/icons/globe-white.png HTTP/1.1" 200 947
91.84.87.137 - - [04/Dec/2024:00:44:25 +0100] "GET /ticket2/opencms/img/icons/be.png HTTP/1.1" 200 1663
91.84.87.137 - - [04/Dec/2024:00:44:25 +0100] "GET /ticket2/opencms/img/icons/ticket2.thumbnail.png HTTP/1.1" 200 21519
65.108.227.178 - - [04/Dec/2024:00:44:26 +0100] "GET /ticket2/opencms/sv/buy/?page=1&edid=90576D05-78F1-8149-3F68-239887C22A3C&sortorder=asc&column=row HTTP/1.1" 200 102383
91.84.87.137 - - [04/Dec/2024:00:44:27 +0100] "GET /ticket2/opencms/lv/ HTTP/1.1" 200 93596
91.84.87.137 - - [04/Dec/2024:00:44:27 +0100] "GET /ticket2/opencms/de/system/modules/com.gridnine.opencms.ticketbrokerage.site/resources/css/calendar.css HTTP/1.1" 404 -
91.84.87.137 - - [04/Dec/2024:00:44:27 +0100] "GET /ticket2/opencms/de/system/modules/com.gridnine.opencms.ticketbrokerage.site/resources/js/jquery/jquery-ui.js HTTP/1.1" 404 -
91.84.87.137 - - [04/Dec/2024:00:44:28 +0100] "GET /ticket2/opencms/de/system/modules/com.gridnine.opencms.ticketbrokerage.site/resources/js/calendar-en.js HTTP/1.1" 404 -
91.84.87.137 - - [04/Dec/2024:00:44:28 +0100] "GET /ticket2/opencms/img/icons/ro.png HTTP/1.1" 200 1393
94.154.239.69 - - [04/Dec/2024:00:44:28 +0100] "GET /ticket2/opencms/sv/buy/?page=1&edid=E4D70CB8-6D89-F890-43F5-E8D14DCE566A&sortorder=desc&column=row HTTP/1.1" 200 105705
95.91.104.62 - - [04/Dec/2024:00:44:28 +0100] "GET /ticket2/opencms/en/login/?edid=AE6DD164-6DAE-62E3-ADEA-0BEA5660A0E3 HTTP/1.1" 200 81798
91.84.87.137 - - [04/Dec/2024:00:44:28 +0100] "GET /ticket2/opencms/no/ HTTP/1.1" 200 93432
91.84.87.137 - - [04/Dec/2024:00:44:28 +0100] "GET /ticket2/opencms/img/icons/mo.png HTTP/1.1" 200 1468
66.249.76.231 - - [04/Dec/2024:00:44:28 +0100] "GET /ticket2/opencms/mo/buy/?page=1&edid=AA8C5089-9B5D-0C1A-1662-169B0C579120&hlv=66d038e6-1e04-4c52-b2a6-72160a01000f HTTP/1.1" 200 117327
91.84.87.137 - - [04/Dec/2024:00:44:29 +0100] "GET /ticket2/opencms/img/icons/sk.png HTTP/1.1" 200 1283
91.84.87.137 - - [04/Dec/2024:00:44:30 +0100] "GET /ticket2/opencms/lt/ HTTP/1.1" 200 93696
54.36.149.14 - - [04/Dec/2024:00:44:30 +0100] "GET /ticket2/opencms/ro/buy?page=1&edid=E9F0B041-BF0A-CE11-045F-89CD49D4FA7D HTTP/1.1" 200 107754
65.108.227.178 - - [04/Dec/2024:00:44:31 +0100] "GET /ticket2/opencms/sv/buy/?page=1&edid=92355A80-5648-BA8F-E667-C416A90E3DD0&sortorder=asc&column=section HTTP/1.1" 200 105036
91.84.87.137 - - [04/Dec/2024:00:44:31 +0100] "GET /ticket2/opencms/sr/ HTTP/1.1" 200 94367
95.91.104.62 - - [04/Dec/2024:00:44:31 +0100] "GET /ticket2/opencms/en/login/?edid=AFB59A30-FFD0-EEC1-92CB-8FE6048D4EF0 HTTP/1.1" 200 81798
91.84.87.137 - - [04/Dec/2024:00:44:33 +0100] "GET /ticket2/opencms/tr/ HTTP/1.1" 200 93663
94.154.239.69 - - [04/Dec/2024:00:44:33 +0100] "GET /ticket2/opencms/sv/buy/?page=1&edid=E4D70CB8-6D89-F890-43F5-E8D14DCE566A&sortorder=desc&column=section HTTP/1.1" 200 105977
91.84.87.137 - - [04/Dec/2024:00:44:34 +0100] "GET /ticket2/opencms/en/ HTTP/1.1" 200 92134
91.84.87.137 - - [04/Dec/2024:00:44:35 +0100] "GET /ticket2/opencms/de/system/modules/com.gridnine.opencms.ticketbrokerage.site/resources/css/jquery-ui.css HTTP/1.1" 404 -
91.84.87.137 - - [04/Dec/2024:00:44:35 +0100] "GET /ticket2/opencms/de/system/modules/com.gridnine.opencms.ticketbrokerage.site/resources/css/jquery.fancybox.css HTTP/1.1" 404 -
91.84.87.137 - - [04/Dec/2024:00:44:35 +0100] "GET /ticket2/opencms/img/icons/nl.png HTTP/1.1" 200 1255
95.91.104.62 - - [04/Dec/2024:00:44:35 +0100] "GET /ticket2/opencms/en/login/?edid=AFF3B549-855E-6DE1-70E1-8F9E77B4DCFB HTTP/1.1" 200 81798
65.108.227.178 - - [04/Dec/2024:00:44:36 +0100] "GET /ticket2/opencms/sv/buy/?page=1&edid=92355A80-5648-BA8F-E667-C416A90E3DD0&sortorder=desc&column=price HTTP/1.1" 200 104967
91.84.87.137 - - [04/Dec/2024:00:44:36 +0100] "GET /ticket2/opencms/ga/ HTTP/1.1" 200 93745
52.167.144.204 - - [04/Dec/2024:00:44:36 +0100] "GET /ticket2/opencms/cs/buy?page=6&comcatid=A17713B6-D984-201A-4143-ED4DB5ED5C2E&catid=6E0E0CA4-3F14-9697-92B9-3687047BE453 HTTP/1.1" 200 6410
54.36.148.14 - - [04/Dec/2024:00:44:37 +0100] "GET /ticket2/opencms/hu/buy?page=1&edid=E9F0B041-BF0A-CE11-045F-89CD49D4FA7D HTTP/1.1" 200 107729
91.84.87.137 - - [04/Dec/2024:00:44:37 +0100] "GET /ticket2/opencms/sk/ HTTP/1.1" 200 93648
91.84.87.137 - - [04/Dec/2024:00:44:39 +0100] "GET /ticket2/opencms/de/system/modules/com.gridnine.opencms.ticketbrokerage.site/resources/css/standard.css HTTP/1.1" 404 -
95.91.104.62 - - [04/Dec/2024:00:44:39 +0100] "GET /ticket2/opencms/en/login/?edid=B3E34151-6539-ECA7-BBF6-044DE2786FAA HTTP/1.1" 200 81798
94.154.239.69 - - [04/Dec/2024:00:44:39 +0100] "GET /ticket2/opencms/sv/buy/?page=1&edid=E61B3D3B-0D83-E96C-2DE4-851DA573A893 HTTP/1.1" 200 104564
91.84.87.137 - - [04/Dec/2024:00:44:40 +0100] "GET /ticket2/opencms/de/system/modules/com.gridnine.opencms.ticketbrokerage.site/resources/js/calendar.js HTTP/1.1" 404 -
65.108.227.178 - - [04/Dec/2024:00:44:40 +0100] "GET /ticket2/opencms/sv/buy/?page=1&edid=92355A80-5648-BA8F-E667-C416A90E3DD0&sortorder=desc&column=row HTTP/1.1" 200 104831
91.84.87.137 - - [04/Dec/2024:00:44:41 +0100] "GET /ticket2/opencms/et/ HTTP/1.1" 200 93463
47.128.112.55 - - [04/Dec/2024:00:44:42 +0100] "GET /ticket2/opencms/sq/buy/?catid=8C381435-A1E8-94AF-2C58-D133FCA44A31&comcatid=66708183-7480-3365-06BF-DBF60280AB45 HTTP/1.1" 200 6410
91.84.87.137 - - [04/Dec/2024:00:44:42 +0100] "GET /ticket2/opencms/de/system/modules/com.gridnine.opencms.ticketbrokerage.site/resources/js/functions.js HTTP/1.1" 404 -
91.84.87.137 - - [04/Dec/2024:00:44:42 +0100] "GET /ticket2/opencms/img/icons/es.png HTTP/1.1" 200 1005
91.84.87.137 - - [04/Dec/2024:00:44:42 +0100] "GET /ticket2/opencms/img/icons/sr.png HTTP/1.1" 200 1602
91.84.87.137 - - [04/Dec/2024:00:44:42 +0100] "GET /ticket2/opencms/img/icons/en.png HTTP/1.1" 200 2415
72.14.199.231 - - [04/Dec/2024:00:44:42 +0100] "GET /ticket2/opencms/sv/konsertbiljetter/artister/konsertbiljetter/oasis.html HTTP/1.1" 200 91829
91.84.87.137 - - [04/Dec/2024:00:44:42 +0100] "GET /ticket2/opencms/img/icons/fi.png HTTP/1.1" 200 1785
91.84.87.137 - - [04/Dec/2024:00:44:42 +0100] "GET /ticket2/opencms/img/icons/uk.png HTTP/1.1" 200 1272
95.91.104.62 - - [04/Dec/2024:00:44:43 +0100] "GET /ticket2/opencms/en/login/?edid=B6E408F2-B613-C975-E8E0-700BE6FFCAC2 HTTP/1.1" 200 81798
91.84.87.137 - - [04/Dec/2024:00:44:43 +0100] "GET /ticket2/opencms/de/system/modules/com.gridnine.opencms.ticketbrokerage.site/resources/js/jquery/jquery.js HTTP/1.1" 404 -
91.84.87.137 - - [04/Dec/2024:00:44:43 +0100] "GET /ticket2/opencms/de/system/modules/com.gridnine.opencms.ticketbrokerage.site/resources/js/standard.js HTTP/1.1" 404 -
47.128.111.135 - - [04/Dec/2024:00:44:43 +0100] "GET /ticket2/opencms/sv/sport/fotbollsbiljetter/uefa-europa-league/ HTTP/1.1" 200 79006
91.84.87.137 - - [04/Dec/2024:00:44:44 +0100] "GET /ticket2/opencms/bg/ HTTP/1.1" 200 94832
47.128.111.135 - - [04/Dec/2024:00:44:44 +0100] "GET /ticket2/opencms/system/modules/com.gridnine.opencms.ticketbrokerage.site/resources/pics/banners/sv/europa_sv.png HTTP/1.1" 200 72219
94.154.239.69 - - [04/Dec/2024:00:44:45 +0100] "GET /ticket2/opencms/sv/buy/?page=1&edid=E61B3D3B-0D83-E96C-2DE4-851DA573A893&sortorder=asc&column=price HTTP/1.1" 200 106436
91.84.87.137 - - [04/Dec/2024:00:44:45 +0100] "GET /ticket2/opencms/de/img/insta.png HTTP/1.1" 404 -
65.108.227.178 - - [04/Dec/2024:00:44:45 +0100] "GET /ticket2/opencms/sv/buy/?page=1&edid=92355A80-5648-BA8F-E667-C416A90E3DD0&sortorder=desc&column=section HTTP/1.1" 200 105103
91.84.87.137 - - [04/Dec/2024:00:44:46 +0100] "GET /ticket2/opencms/ro/ HTTP/1.1" 200 93636
91.84.87.137 - - [04/Dec/2024:00:44:46 +0100] "GET /ticket2/opencms/img/icons/ka.png HTTP/1.1" 200 860
91.84.87.137 - - [04/Dec/2024:00:44:47 +0100] "GET /ticket2/opencms/img/icons/dk.png HTTP/1.1" 200 1706
91.84.87.137 - - [04/Dec/2024:00:44:47 +0100] "GET /ticket2/opencms/de/system/modules/com.gridnine.opencms.ticketbrokerage.site/resources/js/calendar-setup.js HTTP/1.1" 404 -
54.36.149.64 - - [04/Dec/2024:00:44:47 +0100] "GET /ticket2/opencms/mt/buy?page=1&edid=E9F0B041-BF0A-CE11-045F-89CD49D4FA7D HTTP/1.1" 200 107777
91.84.87.137 - - [04/Dec/2024:00:44:47 +0100] "GET /ticket2/opencms/img/icons/cs.png HTTP/1.1" 200 1883
95.91.104.62 - - [04/Dec/2024:00:44:47 +0100] "GET /ticket2/opencms/en/login/?edid=B80C0CCB-23D4-7FF4-42F9-EDEE166252F4 HTTP/1.1" 200 81798
91.84.87.137 - - [04/Dec/2024:00:44:47 +0100] "GET /ticket2/opencms/img/icons/sl.png HTTP/1.1" 200 966
91.84.87.137 - - [04/Dec/2024:00:44:48 +0100] "GET /ticket2/opencms/mt/ HTTP/1.1" 200 93573
66.249.79.232 - - [04/Dec/2024:00:44:50 +0100] "GET /ticket2/opencms/ga/buy?page=1&edid=511F4D14-32A6-951A-CF83-6CDB1707BEA4 HTTP/1.1" 200 102004
91.84.87.137 - - [04/Dec/2024:00:44:50 +0100] "GET /ticket2/opencms/el/ HTTP/1.1" 200 95951
65.108.227.178 - - [04/Dec/2024:00:44:50 +0100] "GET /ticket2/opencms/sv/buy/?page=1&edid=950A0A24-280E-F0D0-A995-7FF7F0048AC7 HTTP/1.1" 200 102774
94.154.239.69 - - [04/Dec/2024:00:44:50 +0100] "GET /ticket2/opencms/sv/buy/?page=1&edid=E61B3D3B-0D83-E96C-2DE4-851DA573A893&sortorder=asc&column=row HTTP/1.1" 200 106300
40.77.167.24 - - [04/Dec/2024:00:44:51 +0100] "GET /ticket2/opencms/lt/?page=6&comcatid=A17713B6-D984-201A-4143-ED4DB5ED5C2E&catid=A7674DEA-B39E-502C-2F76-760AE08947E9 HTTP/1.1" 200 93696
91.84.87.137 - - [04/Dec/2024:00:44:51 +0100] "GET /ticket2/opencms/uk/ HTTP/1.1" 200 94360
66.249.68.67 - - [04/Dec/2024:00:44:51 +0100] "GET /ticket2/opencms/lv/buy/ HTTP/1.1" 200 6410
54.36.148.226 - - [04/Dec/2024:00:44:53 +0100] "GET /ticket2/opencms/es/buy?page=6&comcatid=A17713B6-D984-201A-4143-ED4DB5ED5C2E&catid=2FC3D548-EAF9-1354-0CD2-7D7619DA2334 HTTP/1.1" 200 6410
91.84.87.137 - - [04/Dec/2024:00:44:53 +0100] "GET /ticket2/opencms/it/ HTTP/1.1" 200 93492
91.84.87.137 - - [04/Dec/2024:00:44:53 +0100] "GET /ticket2/opencms/img/icons/el.png HTTP/1.1" 200 1637
95.91.104.62 - - [04/Dec/2024:00:44:54 +0100] "GET /ticket2/opencms/en/login/?edid=B80C896F-3D40-DA68-6C10-7160D4D64520 HTTP/1.1" 200 81798
91.84.87.137 - - [04/Dec/2024:00:44:54 +0100] "GET /ticket2/opencms/mo/ HTTP/1.1" 200 93739
65.108.227.178 - - [04/Dec/2024:00:44:55 +0100] "GET /ticket2/opencms/sv/buy/?page=1&edid=950A0A24-280E-F0D0-A995-7FF7F0048AC7&sortorder=asc&column=price HTTP/1.1" 200 104646
94.154.239.69 - - [04/Dec/2024:00:44:56 +0100] "GET /ticket2/opencms/sv/buy/?page=1&edid=E61B3D3B-0D83-E96C-2DE4-851DA573A893&sortorder=asc&column=section HTTP/1.1" 200 106572
66.249.76.37 - - [04/Dec/2024:00:44:56 +0100] "GET /ticket2/opencms/es/ HTTP/1.1" 200 93581
95.91.104.62 - - [04/Dec/2024:00:44:58 +0100] "GET /ticket2/opencms/en/login/?edid=B939F61B-1162-C4A7-30F7-5D013667E7F3 HTTP/1.1" 200 81798
91.84.87.137 - - [04/Dec/2024:00:44:59 +0100] "GET /ticket2/opencms/az/ HTTP/1.1" 200 93817
65.108.227.178 - - [04/Dec/2024:00:44:59 +0100] "GET /ticket2/opencms/sv/buy/?page=1&edid=950A0A24-280E-F0D0-A995-7FF7F0048AC7&sortorder=asc&column=section HTTP/1.1" 200 104782
91.84.87.137 - - [04/Dec/2024:00:45:00 +0100] "GET /ticket2/opencms/nl/ HTTP/1.1" 200 91414
91.84.87.137 - - [04/Dec/2024:00:45:01 +0100] "GET /ticket2/opencms/img/icons/pl.png HTTP/1.1" 200 1578
91.84.87.137 - - [04/Dec/2024:00:45:01 +0100] "GET /ticket2/opencms/img/icons/lt.png HTTP/1.1" 200 733
94.154.239.69 - - [04/Dec/2024:00:45:01 +0100] "GET /ticket2/opencms/sv/buy/?page=1&edid=E61B3D3B-0D83-E96C-2DE4-851DA573A893&sortorder=desc&column=price HTTP/1.1" 200 106503
95.91.104.62 - - [04/Dec/2024:00:45:02 +0100] "GET /ticket2/opencms/en/login/?edid=B9856EBE-C08F-015A-E41C-F8DEF87D6643 HTTP/1.1" 200 81798
54.36.148.253 - - [04/Dec/2024:00:45:02 +0100] "GET /ticket2/opencms/az/buy?page=1&edid=1AD4E11C-C792-1721-4D1A-2229101A30FD HTTP/1.1" 200 138403
91.84.87.137 - - [04/Dec/2024:00:45:02 +0100] "GET /ticket2/opencms/be/ HTTP/1.1" 200 95107
91.84.87.137 - - [04/Dec/2024:00:45:03 +0100] "GET /ticket2/opencms/img/icons/no.png HTTP/1.1" 200 1958
54.36.148.221 - - [04/Dec/2024:00:45:04 +0100] "GET /ticket2/opencms/sl/buy?page=1&edid=17C93539-DAE9-7AD8-0195-8468AFF11DBB HTTP/1.1" 200 104697
65.108.227.178 - - [04/Dec/2024:00:45:04 +0100] "GET /ticket2/opencms/sv/buy/?page=1&edid=A02342C9-A4EA-CCC7-213E-E3ED131C9C47&sortorder=asc&column=price HTTP/1.1" 200 104725
91.84.87.137 - - [04/Dec/2024:00:45:04 +0100] "GET /ticket2/opencms/cs/ HTTP/1.1" 200 93577
95.91.104.62 - - [04/Dec/2024:00:45:05 +0100] "GET /ticket2/opencms/en/login/?edid=BA52E6BA-8388-9B6D-1D93-8E89CD2B0490 HTTP/1.1" 200 81798
91.84.87.137 - - [04/Dec/2024:00:45:06 +0100] "GET /ticket2/opencms/is/ HTTP/1.1" 200 93193
94.154.239.69 - - [04/Dec/2024:00:45:07 +0100] "GET /ticket2/opencms/sv/buy/?page=1&edid=E61B3D3B-0D83-E96C-2DE4-851DA573A893&sortorder=desc&column=row HTTP/1.1" 200 106367
91.84.87.137 - - [04/Dec/2024:00:45:08 +0100] "GET /ticket2/opencms/de/system/modules/com.gridnine.opencms.ticketbrokerage.site/resources/css/ticketbrokerage.css HTTP/1.1" 404 -
91.84.87.137 - - [04/Dec/2024:00:45:09 +0100] "GET /ticket2/opencms/ka/ HTTP/1.1" 200 96996
65.108.227.178 - - [04/Dec/2024:00:45:09 +0100] "GET /ticket2/opencms/sv/buy/?page=1&edid=A02342C9-A4EA-CCC7-213E-E3ED131C9C47&sortorder=asc&column=section HTTP/1.1" 200 104861
95.91.104.62 - - [04/Dec/2024:00:45:09 +0100] "GET /ticket2/opencms/en/login/?edid=BB07E6D8-D5D0-6DCA-FA97-9B2BD02952C2 HTTP/1.1" 200 81798
91.84.87.137 - - [04/Dec/2024:00:45:10 +0100] "GET /ticket2/opencms/img/icons/bs.png HTTP/1.1" 200 1014
91.84.87.137 - - [04/Dec/2024:00:45:11 +0100] "GET /ticket2/opencms/bs/ HTTP/1.1" 200 93399
91.84.87.137 - - [04/Dec/2024:00:45:11 +0100] "GET /ticket2/opencms/img/icons/bg.png HTTP/1.1" 200 788
91.84.87.137 - - [04/Dec/2024:00:45:11 +0100] "GET /ticket2/opencms/img/icons/et.png HTTP/1.1" 200 754
91.84.87.137 - - [04/Dec/2024:00:45:12 +0100] "GET /ticket2/opencms/de/system/modules/com.gridnine.opencms.ticketbrokerage.site/resources/js/stickyfill.min.js HTTP/1.1" 404 -
91.84.87.137 - - [04/Dec/2024:00:45:12 +0100] "GET /ticket2/opencms/img/icons/tr.png HTTP/1.1" 200 1636
91.84.87.137 - - [04/Dec/2024:00:45:12 +0100] "GET /ticket2/opencms/img/icons/lv.png HTTP/1.1" 200 716
91.84.87.137 - - [04/Dec/2024:00:45:13 +0100] "GET /ticket2/opencms/de/system/modules/com.gridnine.opencms.ticketbrokerage.site/resources/pics/logo-new.png HTTP/1.1" 404 -
91.84.87.137 - - [04/Dec/2024:00:45:13 +0100] "GET /ticket2/opencms/img/icons/hr.png HTTP/1.1" 200 2024
91.84.87.137 - - [04/Dec/2024:00:45:13 +0100] "GET /ticket2/opencms/img/icons/az.png HTTP/1.1" 200 1445
95.91.104.62 - - [04/Dec/2024:00:45:13 +0100] "GET /ticket2/opencms/en/login/?edid=BF5F17D6-5B92-3E63-CAD7-4FDCC4B92F50 HTTP/1.1" 200 81798
94.154.239.69 - - [04/Dec/2024:00:45:13 +0100] "GET /ticket2/opencms/sv/buy/?page=1&edid=E61B3D3B-0D83-E96C-2DE4-851DA573A893&sortorder=desc&column=section HTTP/1.1" 200 106639
54.36.148.223 - - [04/Dec/2024:00:45:13 +0100] "GET /ticket2/opencms/dk/buy?page=6&comcatid=A17713B6-D984-201A-4143-ED4DB5ED5C2E&catid=06324577-7173-BAB0-146D-E644C912F7C1&eventid=3735944E-9E44-5BAC-9AF2-064E86E3A131 HTTP/1.1" 200 6410
65.108.227.178 - - [04/Dec/2024:00:45:14 +0100] "GET /ticket2/opencms/sv/buy/?page=1&edid=A02342C9-A4EA-CCC7-213E-E3ED131C9C47&sortorder=desc&column=price HTTP/1.1" 200 104792
95.91.104.62 - - [04/Dec/2024:00:45:17 +0100] "GET /ticket2/opencms/en/login/?edid=C31835E8-4243-0172-6536-C80FE28B00BD HTTP/1.1" 200 81798
94.154.239.69 - - [04/Dec/2024:00:45:18 +0100] "GET /ticket2/opencms/sv/buy/?page=1&edid=E6A0D150-7FB8-206E-FF7A-726E9CDFB1A5 HTTP/1.1" 200 103946
65.108.227.178 - - [04/Dec/2024:00:45:19 +0100] "GET /ticket2/opencms/sv/buy/?page=1&edid=A02342C9-A4EA-CCC7-213E-E3ED131C9C47&sortorder=desc&column=row HTTP/1.1" 200 104656
47.128.112.98 - - [04/Dec/2024:00:45:19 +0100] "GET /ticket2/opencms/bs/buy?edid=A61E2F63-2022-AA9F-5B4B-567049B02E2E HTTP/1.1" 200 84329
205.210.31.109 - - [04/Dec/2024:00:45:20 +0100] "????l?8v????-?u=LL?s!{??|@?UO(1?? ?df61??[?t???XUEVOx?a????R????2&?+?/?,?0????? ??" 400 -
95.91.104.62 - - [04/Dec/2024:00:45:20 +0100] "GET /ticket2/opencms/en/login/?edid=C387B29E-9437-3C16-A65A-97A5EDDE5C2F HTTP/1.1" 200 81798
54.36.148.167 - - [04/Dec/2024:00:45:20 +0100] "GET /ticket2/opencms/mo/buy/?page=1&edid=D3AB0CA8-3C40-1AB9-8BEC-7D01F349EB4E HTTP/1.1" 200 129297
66.249.79.7 - - [04/Dec/2024:00:45:21 +0100] "GET /ticket2/opencms/es/ HTTP/1.1" 200 93581
205.210.31.109 - - [04/Dec/2024:00:45:21 +0100] "???S?|eWp?????L??_?f??4?k??G????h???/?+?0?,???'?#?? ?(?$?? " 400 -
65.108.227.178 - - [04/Dec/2024:00:45:23 +0100] "GET /ticket2/opencms/sv/buy/?page=1&edid=A02342C9-A4EA-CCC7-213E-E3ED131C9C47&sortorder=desc&column=section HTTP/1.1" 200 104928
94.154.239.69 - - [04/Dec/2024:00:45:24 +0100] "GET /ticket2/opencms/sv/buy/?page=1&edid=E6A0D150-7FB8-206E-FF7A-726E9CDFB1A5&sortorder=asc&column=price HTTP/1.1" 200 105818
95.91.104.62 - - [04/Dec/2024:00:45:24 +0100] "GET /ticket2/opencms/en/login/?edid=C3A8D76C-262A-7D8E-2936-83EB49D80732 HTTP/1.1" 200 81798
