47.128.62.181 - - [04/Dec/2024:00:34:32 +0100] "GET /ticket2/opencms/is/?catid=A4D9EA9A-192D-0274-BF26-9C98D8B902AB&comcatid=A17713B6-D984-201A-4143-ED4DB5ED5C2E&page=6 HTTP/1.1" 200 93193
65.108.227.178 - - [04/Dec/2024:00:34:32 +0100] "GET /ticket2/opencms/sv/buy/?page=1&edid=913E4DAD-A4C6-5A85-F460-A5A7913D5C05&sortorder=asc&column=row HTTP/1.1" 200 104591
65.108.125.120 - - [04/Dec/2024:00:34:32 +0100] "GET /ticket2/opencms/dk/buy/?page=1&edid=B01EB766-CA7D-1A19-0DC1-D3305DF28EF7&sortorder=desc&column=row HTTP/1.1" 200 103398
54.36.148.57 - - [04/Dec/2024:00:34:33 +0100] "GET /ticket2/opencms/az/buy?page=1&edid=D712D542-2FD7-63E8-3EB9-EC4508B2CBC4 HTTP/1.1" 200 101999
202.8.42.84 - - [04/Dec/2024:00:34:34 +0100] "GET /ticket2/opencms/system/modules/com.gridnine.opencms.ticketbrokerage.site/resources/css/calendar.css HTTP/1.1" 200 6871
202.8.42.84 - - [04/Dec/2024:00:34:34 +0100] "GET /ticket2/opencms/system/modules/com.gridnine.opencms.ticketbrokerage.site/resources/css/jquery.fancybox.css HTTP/1.1" 200 4939
202.8.42.84 - - [04/Dec/2024:00:34:34 +0100] "GET /ticket2/opencms/system/modules/com.gridnine.opencms.ticketbrokerage.site/resources/css/ticketbrokerage.css HTTP/1.1" 200 39339
202.8.42.84 - - [04/Dec/2024:00:34:34 +0100] "GET /ticket2/opencms/system/modules/com.gridnine.opencms.ticketbrokerage.site/resources/css/jquery-ui.css HTTP/1.1" 200 33221
202.8.42.84 - - [04/Dec/2024:00:34:34 +0100] "GET /ticket2/opencms/system/modules/com.gridnine.opencms.ticketbrokerage.site/resources/js/jquery/jquery.js HTTP/1.1" 200 93868
202.8.42.84 - - [04/Dec/2024:00:34:34 +0100] "GET /ticket2/opencms/system/modules/com.gridnine.opencms.ticketbrokerage.site/resources/css/standard.css HTTP/1.1" 200 73073
202.8.42.84 - - [04/Dec/2024:00:34:34 +0100] "GET /ticket2/opencms/system/modules/com.gridnine.opencms.ticketbrokerage.site/resources/js/functions.js HTTP/1.1" 200 1583
202.8.42.84 - - [04/Dec/2024:00:34:34 +0100] "GET /ticket2/opencms/system/modules/com.gridnine.opencms.ticketbrokerage.site/resources/js/jquery/jquery-ui.js HTTP/1.1" 200 228088
202.8.42.84 - - [04/Dec/2024:00:34:34 +0100] "GET /ticket2/opencms/system/modules/com.gridnine.opencms.ticketbrokerage.site/resources/js/calendar.js HTTP/1.1" 200 49229
202.8.42.84 - - [04/Dec/2024:00:34:34 +0100] "GET /ticket2/opencms/system/modules/com.gridnine.opencms.ticketbrokerage.site/resources/js/calendar-en.js HTTP/1.1" 200 3338
202.8.42.84 - - [04/Dec/2024:00:34:34 +0100] "GET /ticket2/opencms/system/modules/com.gridnine.opencms.ticketbrokerage.site/resources/js/calendar-setup.js HTTP/1.1" 200 4923
202.8.42.84 - - [04/Dec/2024:00:34:35 +0100] "GET /ticket2/opencms/system/modules/com.gridnine.opencms.ticketbrokerage.site/resources/js/jquery.fancybox.pack.js HTTP/1.1" 200 23187
202.8.42.84 - - [04/Dec/2024:00:34:35 +0100] "GET /ticket2/opencms/system/modules/com.gridnine.opencms.ticketbrokerage.site/resources/js/stickyfill.min.js HTTP/1.1" 200 5672
202.8.42.84 - - [04/Dec/2024:00:34:35 +0100] "GET /ticket2/opencms/system/modules/com.gridnine.opencms.ticketbrokerage.site/resources/js/standard.js HTTP/1.1" 200 3978
202.8.42.84 - - [04/Dec/2024:00:34:35 +0100] "GET /ticket2/opencms/system/modules/com.gridnine.opencms.ticketbrokerage.site/resources/js/jquery.placeholder.min.js HTTP/1.1" 200 1737
202.8.42.84 - - [04/Dec/2024:00:34:35 +0100] "GET /ticket2/opencms/system/modules/com.gridnine.opencms.ticketbrokerage.site/resources/js/common-ajax.js HTTP/1.1" 200 20175
202.8.42.84 - - [04/Dec/2024:00:34:35 +0100] "GET /ticket2/opencms/az/ask-form.html HTTP/1.1" 200 3156
202.8.42.84 - - [04/Dec/2024:00:34:35 +0100] "GET /ticket2/opencms/az/ask-form.html HTTP/1.1" 200 3156
202.8.42.84 - - [04/Dec/2024:00:34:35 +0100] "GET /ticket2/opencms/system/modules/com.gridnine.opencms.ticketbrokerage.site/resources/css/ticketbrokerage.css HTTP/1.1" 200 39339
202.8.42.84 - - [04/Dec/2024:00:34:35 +0100] "GET /ticket2/opencms/system/modules/com.gridnine.opencms.ticketbrokerage.site/resources/js/standard.js HTTP/1.1" 200 3978
65.108.125.120 - - [04/Dec/2024:00:34:35 +0100] "GET /ticket2/opencms/dk/buy/?page=1&edid=B0A7B93D-B4B8-4787-14E2-3435BF39BB42&sortorder=desc&column=price HTTP/1.1" 200 105788
95.91.104.62 - - [04/Dec/2024:00:34:36 +0100] "GET /ticket2/opencms/en/buy/?page=1&edid=8008C0A3-368A-13DB-CCF0-905427F90D34 HTTP/1.1" 200 103218
65.108.227.178 - - [04/Dec/2024:00:34:37 +0100] "GET /ticket2/opencms/sv/buy/?page=1&edid=913E4DAD-A4C6-5A85-F460-A5A7913D5C05&sortorder=asc&column=section HTTP/1.1" 200 104863
65.108.125.120 - - [04/Dec/2024:00:34:37 +0100] "GET /ticket2/opencms/dk/buy/?page=1&edid=B2D1173D-3B96-271E-E1E3-D50B6038EBDA&sortorder=asc&column=section HTTP/1.1" 200 106076
65.108.125.120 - - [04/Dec/2024:00:34:39 +0100] "GET /ticket2/opencms/dk/buy/?page=1&edid=B2E5BFF4-A3CD-3EDE-214C-30C8A05EA888&sortorder=asc&column=price HTTP/1.1" 200 106007
95.91.104.62 - - [04/Dec/2024:00:34:40 +0100] "GET /ticket2/opencms/en/buy/?page=1&edid=8008C0A3-368A-13DB-CCF0-905427F90D34&sortorder=desc&column=price HTTP/1.1" 200 105157
94.154.239.69 - - [04/Dec/2024:00:34:41 +0100] "GET /ticket2/opencms/sv/buy/?page=1&edid=C4308E58-152A-45A7-B817-E9967A70F7B2&sortorder=asc&column=price HTTP/1.1" 200 105759
65.108.227.178 - - [04/Dec/2024:00:34:41 +0100] "GET /ticket2/opencms/sv/buy/?page=1&edid=913E4DAD-A4C6-5A85-F460-A5A7913D5C05&sortorder=desc&column=price HTTP/1.1" 200 104794
65.108.125.120 - - [04/Dec/2024:00:34:41 +0100] "GET /ticket2/opencms/dk/buy/?page=1&edid=B44FDB64-52B9-2FED-89FD-31A7E0881296 HTTP/1.1" 200 103529
216.244.66.238 - - [04/Dec/2024:00:34:42 +0100] "GET /ticket2/opencms/ru/login/?url=/ru/sell/ HTTP/1.1" 200 81195
65.108.125.120 - - [04/Dec/2024:00:34:43 +0100] "GET /ticket2/opencms/dk/buy/?page=1&edid=B962C40E-5239-1A70-6077-E9EDC5F09084&sortorder=desc&column=row HTTP/1.1" 200 106184
95.91.104.62 - - [04/Dec/2024:00:34:44 +0100] "GET /ticket2/opencms/en/buy/?page=1&edid=8008C0A3-368A-13DB-CCF0-905427F90D34&sortorder=desc&column=row HTTP/1.1" 200 105021
65.108.125.120 - - [04/Dec/2024:00:34:45 +0100] "GET /ticket2/opencms/dk/buy/?page=1&edid=B962C40E-5239-1A70-6077-E9EDC5F09084&sortorder=desc&column=section HTTP/1.1" 200 106456
65.108.227.178 - - [04/Dec/2024:00:34:45 +0100] "GET /ticket2/opencms/sv/buy/?page=1&edid=913E4DAD-A4C6-5A85-F460-A5A7913D5C05&sortorder=desc&column=row HTTP/1.1" 200 104658
65.108.125.120 - - [04/Dec/2024:00:34:47 +0100] "GET /ticket2/opencms/dk/buy/?page=1&edid=B9856EBE-C08F-015A-E41C-F8DEF87D6643&sortorder=asc&column=row HTTP/1.1" 200 105125
207.46.13.141 - - [04/Dec/2024:00:34:48 +0100] "GET /ticket2/opencms/sv/buy?page=6&comcatid=A17713B6-D984-201A-4143-ED4DB5ED5C2E&catid=36394212-F82E-F845-399B-42BED55969CC&eventid=B45AC244-DB10-0539-6625-12AA68C37378 HTTP/1.1" 200 6410
65.108.125.120 - - [04/Dec/2024:00:34:49 +0100] "GET /ticket2/opencms/dk/buy/?page=1&edid=B98D516C-CC78-1E81-3AAE-6D20BC505A80&sortorder=desc&column=price HTTP/1.1" 200 103330
85.208.96.199 - - [04/Dec/2024:00:34:49 +0100] "GET /ticket2/opencms/sv/sport/fotbollsbiljetter/premier_league/burnley/ HTTP/1.1" 200 79155
65.108.227.178 - - [04/Dec/2024:00:34:50 +0100] "GET /ticket2/opencms/sv/buy/?page=1&edid=913E4DAD-A4C6-5A85-F460-A5A7913D5C05&sortorder=desc&column=section HTTP/1.1" 200 104930
54.36.149.53 - - [04/Dec/2024:00:34:50 +0100] "GET /ticket2/opencms/be/buy?page=1&edid=D712D542-2FD7-63E8-3EB9-EC4508B2CBC4 HTTP/1.1" 200 103758
207.46.13.141 - - [04/Dec/2024:00:34:50 +0100] "GET /ticket2/opencms/pl/buy/?page=1&edid=AD14D102-9A59-3E48-721F-B8412449464B HTTP/1.1" 200 103771
65.108.125.120 - - [04/Dec/2024:00:34:51 +0100] "GET /ticket2/opencms/dk/buy/?page=1&edid=B9CE1702-C437-56C9-DE24-439B63907E56&sortorder=desc&column=price HTTP/1.1" 200 105586
207.46.13.141 - - [04/Dec/2024:00:34:51 +0100] "GET /ticket2/opencms/mt/buy?page=1&edid=F71823CC-F687-3618-A9A5-95AE0EE67E20 HTTP/1.1" 200 104637
202.8.42.110 - - [04/Dec/2024:00:34:51 +0100] "GET /ticket2/opencms/system/modules/com.gridnine.opencms.ticketbrokerage.site/resources/css/calendar.css HTTP/1.1" 200 6871
202.8.42.110 - - [04/Dec/2024:00:34:51 +0100] "GET /ticket2/opencms/system/modules/com.gridnine.opencms.ticketbrokerage.site/resources/css/ticketbrokerage.css HTTP/1.1" 200 39339
202.8.42.110 - - [04/Dec/2024:00:34:51 +0100] "GET /ticket2/opencms/system/modules/com.gridnine.opencms.ticketbrokerage.site/resources/css/jquery-ui.css HTTP/1.1" 200 33221
202.8.42.110 - - [04/Dec/2024:00:34:51 +0100] "GET /ticket2/opencms/system/modules/com.gridnine.opencms.ticketbrokerage.site/resources/css/standard.css HTTP/1.1" 200 73073
202.8.42.110 - - [04/Dec/2024:00:34:51 +0100] "GET /ticket2/opencms/system/modules/com.gridnine.opencms.ticketbrokerage.site/resources/css/jquery.fancybox.css HTTP/1.1" 200 4939
202.8.42.110 - - [04/Dec/2024:00:34:51 +0100] "GET /ticket2/opencms/system/modules/com.gridnine.opencms.ticketbrokerage.site/resources/js/calendar-setup.js HTTP/1.1" 200 4923
202.8.42.110 - - [04/Dec/2024:00:34:51 +0100] "GET /ticket2/opencms/system/modules/com.gridnine.opencms.ticketbrokerage.site/resources/js/jquery.fancybox.pack.js HTTP/1.1" 200 23187
202.8.42.110 - - [04/Dec/2024:00:34:51 +0100] "GET /ticket2/opencms/system/modules/com.gridnine.opencms.ticketbrokerage.site/resources/js/jquery/jquery.js HTTP/1.1" 200 93868
202.8.42.110 - - [04/Dec/2024:00:34:51 +0100] "GET /ticket2/opencms/system/modules/com.gridnine.opencms.ticketbrokerage.site/resources/js/jquery/jquery-ui.js HTTP/1.1" 200 228088
202.8.42.110 - - [04/Dec/2024:00:34:51 +0100] "GET /ticket2/opencms/system/modules/com.gridnine.opencms.ticketbrokerage.site/resources/js/calendar-en.js HTTP/1.1" 200 3338
202.8.42.110 - - [04/Dec/2024:00:34:51 +0100] "GET /ticket2/opencms/system/modules/com.gridnine.opencms.ticketbrokerage.site/resources/js/calendar.js HTTP/1.1" 200 49229
202.8.42.110 - - [04/Dec/2024:00:34:51 +0100] "GET /ticket2/opencms/system/modules/com.gridnine.opencms.ticketbrokerage.site/resources/js/functions.js HTTP/1.1" 200 1583
202.8.42.110 - - [04/Dec/2024:00:34:51 +0100] "GET /ticket2/opencms/system/modules/com.gridnine.opencms.ticketbrokerage.site/resources/js/stickyfill.min.js HTTP/1.1" 200 5672
202.8.42.110 - - [04/Dec/2024:00:34:51 +0100] "GET /ticket2/opencms/system/modules/com.gridnine.opencms.ticketbrokerage.site/resources/js/standard.js HTTP/1.1" 200 3978
202.8.42.110 - - [04/Dec/2024:00:34:51 +0100] "GET /ticket2/opencms/system/modules/com.gridnine.opencms.ticketbrokerage.site/resources/js/jquery.placeholder.min.js HTTP/1.1" 200 1737
202.8.42.110 - - [04/Dec/2024:00:34:51 +0100] "GET /ticket2/opencms/system/modules/com.gridnine.opencms.ticketbrokerage.site/resources/js/common-ajax.js HTTP/1.1" 200 20175
202.8.42.110 - - [04/Dec/2024:00:34:51 +0100] "GET /ticket2/opencms/be/ask-form.html HTTP/1.1" 200 3156
202.8.42.110 - - [04/Dec/2024:00:34:52 +0100] "GET /ticket2/opencms/be/ask-form.html HTTP/1.1" 200 3156
202.8.42.110 - - [04/Dec/2024:00:34:53 +0100] "GET /ticket2/opencms/system/modules/com.gridnine.opencms.ticketbrokerage.site/resources/css/ticketbrokerage.css HTTP/1.1" 200 39339
202.8.42.110 - - [04/Dec/2024:00:34:53 +0100] "GET /ticket2/opencms/system/modules/com.gridnine.opencms.ticketbrokerage.site/resources/js/standard.js HTTP/1.1" 200 3978
65.108.125.120 - - [04/Dec/2024:00:34:53 +0100] "GET /ticket2/opencms/dk/buy/?page=1&edid=B9CE1702-C437-56C9-DE24-439B63907E56&sortorder=desc&column=row HTTP/1.1" 200 105450
65.108.227.178 - - [04/Dec/2024:00:34:54 +0100] "GET /ticket2/opencms/sv/buy/?page=1&edid=92355A80-5648-BA8F-E667-C416A90E3DD0&sortorder=asc&column=price HTTP/1.1" 200 104900
94.154.239.69 - - [04/Dec/2024:00:34:54 +0100] "GET /ticket2/opencms/sv/buy/?page=1&edid=C4308E58-152A-45A7-B817-E9967A70F7B2&sortorder=asc&column=row HTTP/1.1" 200 105623
65.108.125.120 - - [04/Dec/2024:00:34:55 +0100] "GET /ticket2/opencms/dk/buy/?page=1&edid=BA2F917F-043D-1A44-67B8-E01E2AF1A0F1 HTTP/1.1" 200 100346
216.244.66.238 - - [04/Dec/2024:00:34:55 +0100] "GET /ticket2/opencms/venue/emirates_stadium.png HTTP/1.1" 200 53537
54.36.148.254 - - [04/Dec/2024:00:34:55 +0100] "GET /ticket2/opencms/bg/buy?page=1&edid=8D36CAAA-5B35-26C1-11D2-EB825155168E HTTP/1.1" 200 103503
95.91.104.62 - - [04/Dec/2024:00:34:56 +0100] "GET /ticket2/opencms/en/buy/?page=1&edid=818BFE3F-AC93-486D-C86E-30E2A3081A30 HTTP/1.1" 200 103865
65.108.125.120 - - [04/Dec/2024:00:34:57 +0100] "GET /ticket2/opencms/dk/buy/?page=1&edid=BA54B192-2EC2-47F9-B14F-598EA87E9622&sortorder=asc&column=price HTTP/1.1" 200 106022
202.8.41.226 - - [04/Dec/2024:00:34:57 +0100] "GET /ticket2/opencms/system/modules/com.gridnine.opencms.ticketbrokerage.site/resources/css/standard.css HTTP/1.1" 200 73073
202.8.41.226 - - [04/Dec/2024:00:34:57 +0100] "GET /ticket2/opencms/system/modules/com.gridnine.opencms.ticketbrokerage.site/resources/css/jquery.fancybox.css HTTP/1.1" 200 4939
202.8.41.226 - - [04/Dec/2024:00:34:57 +0100] "GET /ticket2/opencms/system/modules/com.gridnine.opencms.ticketbrokerage.site/resources/css/ticketbrokerage.css HTTP/1.1" 200 39339
202.8.41.226 - - [04/Dec/2024:00:34:57 +0100] "GET /ticket2/opencms/system/modules/com.gridnine.opencms.ticketbrokerage.site/resources/css/jquery-ui.css HTTP/1.1" 200 33221
202.8.41.226 - - [04/Dec/2024:00:34:57 +0100] "GET /ticket2/opencms/system/modules/com.gridnine.opencms.ticketbrokerage.site/resources/css/calendar.css HTTP/1.1" 200 6871
202.8.41.226 - - [04/Dec/2024:00:34:57 +0100] "GET /ticket2/opencms/system/modules/com.gridnine.opencms.ticketbrokerage.site/resources/js/jquery/jquery.js HTTP/1.1" 200 93868
202.8.41.226 - - [04/Dec/2024:00:34:57 +0100] "GET /ticket2/opencms/system/modules/com.gridnine.opencms.ticketbrokerage.site/resources/js/jquery/jquery-ui.js HTTP/1.1" 200 228088
202.8.41.226 - - [04/Dec/2024:00:34:57 +0100] "GET /ticket2/opencms/system/modules/com.gridnine.opencms.ticketbrokerage.site/resources/js/functions.js HTTP/1.1" 200 1583
202.8.41.226 - - [04/Dec/2024:00:34:57 +0100] "GET /ticket2/opencms/system/modules/com.gridnine.opencms.ticketbrokerage.site/resources/js/calendar-en.js HTTP/1.1" 200 3338
202.8.41.226 - - [04/Dec/2024:00:34:57 +0100] "GET /ticket2/opencms/system/modules/com.gridnine.opencms.ticketbrokerage.site/resources/js/calendar-setup.js HTTP/1.1" 200 4923
202.8.41.226 - - [04/Dec/2024:00:34:57 +0100] "GET /ticket2/opencms/system/modules/com.gridnine.opencms.ticketbrokerage.site/resources/js/calendar.js HTTP/1.1" 200 49229
202.8.41.226 - - [04/Dec/2024:00:34:57 +0100] "GET /ticket2/opencms/system/modules/com.gridnine.opencms.ticketbrokerage.site/resources/js/stickyfill.min.js HTTP/1.1" 200 5672
202.8.41.226 - - [04/Dec/2024:00:34:57 +0100] "GET /ticket2/opencms/system/modules/com.gridnine.opencms.ticketbrokerage.site/resources/js/standard.js HTTP/1.1" 200 3978
202.8.41.226 - - [04/Dec/2024:00:34:57 +0100] "GET /ticket2/opencms/system/modules/com.gridnine.opencms.ticketbrokerage.site/resources/js/jquery.fancybox.pack.js HTTP/1.1" 200 23187
202.8.41.226 - - [04/Dec/2024:00:34:57 +0100] "GET /ticket2/opencms/system/modules/com.gridnine.opencms.ticketbrokerage.site/resources/js/jquery.placeholder.min.js HTTP/1.1" 200 1737
202.8.41.226 - - [04/Dec/2024:00:34:57 +0100] "GET /ticket2/opencms/system/modules/com.gridnine.opencms.ticketbrokerage.site/resources/js/common-ajax.js HTTP/1.1" 200 20175
202.8.41.226 - - [04/Dec/2024:00:34:57 +0100] "GET /ticket2/opencms/bg/ask-form.html HTTP/1.1" 200 3156
202.8.41.226 - - [04/Dec/2024:00:34:57 +0100] "GET /ticket2/opencms/system/modules/com.gridnine.opencms.ticketbrokerage.site/resources/css/ticketbrokerage.css HTTP/1.1" 200 39339
202.8.41.226 - - [04/Dec/2024:00:34:57 +0100] "GET /ticket2/opencms/system/modules/com.gridnine.opencms.ticketbrokerage.site/resources/js/standard.js HTTP/1.1" 200 3978
65.108.227.178 - - [04/Dec/2024:00:34:58 +0100] "GET /ticket2/opencms/sv/buy/?page=1&edid=92355A80-5648-BA8F-E667-C416A90E3DD0&sortorder=asc&column=row HTTP/1.1" 200 104764
65.108.125.120 - - [04/Dec/2024:00:34:59 +0100] "GET /ticket2/opencms/dk/buy/?page=1&edid=BA54B192-2EC2-47F9-B14F-598EA87E9622&sortorder=asc&column=section HTTP/1.1" 200 106158
95.91.104.62 - - [04/Dec/2024:00:35:00 +0100] "GET /ticket2/opencms/en/buy/?page=1&edid=867E5C69-A11C-A0A4-176A-7AA1621CA972&sortorder=asc&column=price HTTP/1.1" 200 104101
65.108.125.120 - - [04/Dec/2024:00:35:00 +0100] "GET /ticket2/opencms/dk/buy/?page=1&edid=BAB6F3FC-ACBF-25D4-C354-1BB75EC7FF7F&sortorder=asc&column=section HTTP/1.1" 200 104781
47.128.56.209 - - [04/Dec/2024:00:35:02 +0100] "GET /ticket2/opencms/it/buy/?catid=7EF04817-972D-18B1-F941-DE800D088075&comcatid=A17713B6-D984-201A-4143-ED4DB5ED5C2E HTTP/1.1" 200 6410
65.108.125.120 - - [04/Dec/2024:00:35:02 +0100] "GET /ticket2/opencms/dk/buy/?page=1&edid=BB07E6D8-D5D0-6DCA-FA97-9B2BD02952C2&sortorder=desc&column=row HTTP/1.1" 200 105010
65.108.227.178 - - [04/Dec/2024:00:35:02 +0100] "GET /ticket2/opencms/sv/buy/?page=1&edid=92355A80-5648-BA8F-E667-C416A90E3DD0&sortorder=asc&column=section HTTP/1.1" 200 105036
54.36.148.237 - - [04/Dec/2024:00:35:02 +0100] "GET /ticket2/opencms/bg/buy?page=1&edid=D712D542-2FD7-63E8-3EB9-EC4508B2CBC4 HTTP/1.1" 200 103572
189.1.233.0 - - [04/Dec/2024:00:35:03 +0100] "GET /ticket2/opencms/ga/sport/ticeid-peile/champions-league/steaua-bucuresti HTTP/1.1" 404 -
202.8.41.31 - - [04/Dec/2024:00:35:04 +0100] "GET /ticket2/opencms/system/modules/com.gridnine.opencms.ticketbrokerage.site/resources/css/ticketbrokerage.css HTTP/1.1" 200 39339
202.8.41.31 - - [04/Dec/2024:00:35:04 +0100] "GET /ticket2/opencms/system/modules/com.gridnine.opencms.ticketbrokerage.site/resources/css/jquery-ui.css HTTP/1.1" 200 33221
202.8.41.31 - - [04/Dec/2024:00:35:04 +0100] "GET /ticket2/opencms/system/modules/com.gridnine.opencms.ticketbrokerage.site/resources/css/jquery.fancybox.css HTTP/1.1" 200 4939
202.8.41.31 - - [04/Dec/2024:00:35:04 +0100] "GET /ticket2/opencms/system/modules/com.gridnine.opencms.ticketbrokerage.site/resources/css/calendar.css HTTP/1.1" 200 6871
202.8.41.31 - - [04/Dec/2024:00:35:04 +0100] "GET /ticket2/opencms/system/modules/com.gridnine.opencms.ticketbrokerage.site/resources/css/standard.css HTTP/1.1" 200 73073
202.8.41.31 - - [04/Dec/2024:00:35:04 +0100] "GET /ticket2/opencms/system/modules/com.gridnine.opencms.ticketbrokerage.site/resources/js/jquery/jquery-ui.js HTTP/1.1" 200 228088
202.8.41.31 - - [04/Dec/2024:00:35:04 +0100] "GET /ticket2/opencms/system/modules/com.gridnine.opencms.ticketbrokerage.site/resources/js/functions.js HTTP/1.1" 200 1583
202.8.41.31 - - [04/Dec/2024:00:35:04 +0100] "GET /ticket2/opencms/system/modules/com.gridnine.opencms.ticketbrokerage.site/resources/js/jquery/jquery.js HTTP/1.1" 200 93868
202.8.41.31 - - [04/Dec/2024:00:35:04 +0100] "GET /ticket2/opencms/system/modules/com.gridnine.opencms.ticketbrokerage.site/resources/js/calendar-en.js HTTP/1.1" 200 3338
202.8.41.31 - - [04/Dec/2024:00:35:04 +0100] "GET /ticket2/opencms/system/modules/com.gridnine.opencms.ticketbrokerage.site/resources/js/calendar.js HTTP/1.1" 200 49229
202.8.41.31 - - [04/Dec/2024:00:35:04 +0100] "GET /ticket2/opencms/system/modules/com.gridnine.opencms.ticketbrokerage.site/resources/js/calendar-setup.js HTTP/1.1" 200 4923
202.8.41.31 - - [04/Dec/2024:00:35:04 +0100] "GET /ticket2/opencms/system/modules/com.gridnine.opencms.ticketbrokerage.site/resources/js/jquery.fancybox.pack.js HTTP/1.1" 200 23187
202.8.41.31 - - [04/Dec/2024:00:35:04 +0100] "GET /ticket2/opencms/system/modules/com.gridnine.opencms.ticketbrokerage.site/resources/js/stickyfill.min.js HTTP/1.1" 200 5672
202.8.41.31 - - [04/Dec/2024:00:35:04 +0100] "GET /ticket2/opencms/system/modules/com.gridnine.opencms.ticketbrokerage.site/resources/js/standard.js HTTP/1.1" 200 3978
202.8.41.31 - - [04/Dec/2024:00:35:04 +0100] "GET /ticket2/opencms/system/modules/com.gridnine.opencms.ticketbrokerage.site/resources/js/jquery.placeholder.min.js HTTP/1.1" 200 1737
202.8.41.31 - - [04/Dec/2024:00:35:04 +0100] "GET /ticket2/opencms/system/modules/com.gridnine.opencms.ticketbrokerage.site/resources/js/common-ajax.js HTTP/1.1" 200 20175
202.8.41.31 - - [04/Dec/2024:00:35:04 +0100] "GET /ticket2/opencms/bg/ask-form.html HTTP/1.1" 200 3156
202.8.41.31 - - [04/Dec/2024:00:35:04 +0100] "GET /ticket2/opencms/system/modules/com.gridnine.opencms.ticketbrokerage.site/resources/css/ticketbrokerage.css HTTP/1.1" 200 39339
202.8.41.31 - - [04/Dec/2024:00:35:04 +0100] "GET /ticket2/opencms/system/modules/com.gridnine.opencms.ticketbrokerage.site/resources/js/standard.js HTTP/1.1" 200 3978
65.108.125.120 - - [04/Dec/2024:00:35:04 +0100] "GET /ticket2/opencms/dk/buy/?page=1&edid=D5CEC1AF-7456-A530-2177-1F59A4D45052&sortorder=asc&column=price HTTP/1.1" 200 104434
95.91.104.62 - - [04/Dec/2024:00:35:05 +0100] "GET /ticket2/opencms/en/buy/?page=1&edid=867E5C69-A11C-A0A4-176A-7AA1621CA972&sortorder=asc&column=row HTTP/1.1" 200 103965
94.154.239.69 - - [04/Dec/2024:00:35:06 +0100] "GET /ticket2/opencms/sv/buy/?page=1&edid=C4308E58-152A-45A7-B817-E9967A70F7B2&sortorder=asc&column=section HTTP/1.1" 200 105895
65.108.125.120 - - [04/Dec/2024:00:35:06 +0100] "GET /ticket2/opencms/dk/buy/?page=1&edid=D9CE0B59-251A-E38E-8401-FAA2223E06E9&sortorder=desc&column=row HTTP/1.1" 200 105345
65.108.227.178 - - [04/Dec/2024:00:35:06 +0100] "GET /ticket2/opencms/sv/buy/?page=1&edid=92355A80-5648-BA8F-E667-C416A90E3DD0&sortorder=desc&column=price HTTP/1.1" 200 104967
54.36.149.48 - - [04/Dec/2024:00:35:08 +0100] "GET /ticket2/opencms/az/buy?page=1&edid=5E608C7A-903B-E4BB-4868-5D83917347B8 HTTP/1.1" 200 137734
173.252.87.14 - - [04/Dec/2024:00:35:08 +0100] "GET /ticket2/opencms/nl/buy?page=1&edid=601F2318-7477-7FC8-2487-EFF4A82C960F HTTP/1.1" 200 99375
65.108.125.120 - - [04/Dec/2024:00:35:08 +0100] "GET /ticket2/opencms/dk/buy/?page=1&edid=D9E3E966-C630-BDC3-7CE1-2C39745F844C&sortorder=asc&column=price HTTP/1.1" 200 105717
95.91.104.62 - - [04/Dec/2024:00:35:08 +0100] "GET /ticket2/opencms/en/buy/?page=1&edid=94971A0F-269F-0AFA-AE86-83A94774C753&sortorder=desc&column=section HTTP/1.1" 200 105287
65.108.125.120 - - [04/Dec/2024:00:35:10 +0100] "GET /ticket2/opencms/dk/buy/?page=1&edid=DA9D2A76-92D5-D9C9-5100-8D5EB69CFF78&sortorder=asc&column=row HTTP/1.1" 200 102089
65.108.227.178 - - [04/Dec/2024:00:35:10 +0100] "GET /ticket2/opencms/sv/buy/?page=1&edid=92355A80-5648-BA8F-E667-C416A90E3DD0&sortorder=desc&column=row HTTP/1.1" 200 104831
65.108.125.120 - - [04/Dec/2024:00:35:12 +0100] "GET /ticket2/opencms/dk/buy/?page=1&edid=DA9D2A76-92D5-D9C9-5100-8D5EB69CFF78&sortorder=asc&column=section HTTP/1.1" 200 102361
54.36.148.73 - - [04/Dec/2024:00:35:12 +0100] "GET /ticket2/opencms/bs/buy?page=1&edid=D712D542-2FD7-63E8-3EB9-EC4508B2CBC4 HTTP/1.1" 200 101492
95.91.104.62 - - [04/Dec/2024:00:35:12 +0100] "GET /ticket2/opencms/en/buy/?page=1&edid=96139E3C-A19E-D742-C278-A36332A5747C&sortorder=desc&column=row HTTP/1.1" 200 104391
202.8.42.35 - - [04/Dec/2024:00:35:14 +0100] "GET /ticket2/opencms/system/modules/com.gridnine.opencms.ticketbrokerage.site/resources/css/calendar.css HTTP/1.1" 200 6871
202.8.42.35 - - [04/Dec/2024:00:35:14 +0100] "GET /ticket2/opencms/system/modules/com.gridnine.opencms.ticketbrokerage.site/resources/css/jquery-ui.css HTTP/1.1" 200 33221
202.8.42.35 - - [04/Dec/2024:00:35:14 +0100] "GET /ticket2/opencms/system/modules/com.gridnine.opencms.ticketbrokerage.site/resources/css/jquery.fancybox.css HTTP/1.1" 200 4939
202.8.42.35 - - [04/Dec/2024:00:35:14 +0100] "GET /ticket2/opencms/system/modules/com.gridnine.opencms.ticketbrokerage.site/resources/css/ticketbrokerage.css HTTP/1.1" 200 39339
202.8.42.35 - - [04/Dec/2024:00:35:14 +0100] "GET /ticket2/opencms/system/modules/com.gridnine.opencms.ticketbrokerage.site/resources/js/jquery/jquery-ui.js HTTP/1.1" 200 228088
202.8.42.35 - - [04/Dec/2024:00:35:14 +0100] "GET /ticket2/opencms/system/modules/com.gridnine.opencms.ticketbrokerage.site/resources/css/standard.css HTTP/1.1" 200 73073
202.8.42.35 - - [04/Dec/2024:00:35:14 +0100] "GET /ticket2/opencms/system/modules/com.gridnine.opencms.ticketbrokerage.site/resources/js/functions.js HTTP/1.1" 200 1583
202.8.42.35 - - [04/Dec/2024:00:35:14 +0100] "GET /ticket2/opencms/system/modules/com.gridnine.opencms.ticketbrokerage.site/resources/js/calendar.js HTTP/1.1" 200 49229
202.8.42.35 - - [04/Dec/2024:00:35:14 +0100] "GET /ticket2/opencms/system/modules/com.gridnine.opencms.ticketbrokerage.site/resources/js/jquery/jquery.js HTTP/1.1" 200 93868
202.8.42.35 - - [04/Dec/2024:00:35:14 +0100] "GET /ticket2/opencms/system/modules/com.gridnine.opencms.ticketbrokerage.site/resources/js/calendar-en.js HTTP/1.1" 200 3338
202.8.42.35 - - [04/Dec/2024:00:35:14 +0100] "GET /ticket2/opencms/system/modules/com.gridnine.opencms.ticketbrokerage.site/resources/js/calendar-setup.js HTTP/1.1" 200 4923
202.8.42.35 - - [04/Dec/2024:00:35:14 +0100] "GET /ticket2/opencms/system/modules/com.gridnine.opencms.ticketbrokerage.site/resources/js/jquery.fancybox.pack.js HTTP/1.1" 200 23187
202.8.42.35 - - [04/Dec/2024:00:35:14 +0100] "GET /ticket2/opencms/system/modules/com.gridnine.opencms.ticketbrokerage.site/resources/js/stickyfill.min.js HTTP/1.1" 200 5672
202.8.42.35 - - [04/Dec/2024:00:35:14 +0100] "GET /ticket2/opencms/system/modules/com.gridnine.opencms.ticketbrokerage.site/resources/js/standard.js HTTP/1.1" 200 3978
65.108.227.178 - - [04/Dec/2024:00:35:14 +0100] "GET /ticket2/opencms/sv/buy/?page=1&edid=92355A80-5648-BA8F-E667-C416A90E3DD0&sortorder=desc&column=section HTTP/1.1" 200 105103
202.8.42.35 - - [04/Dec/2024:00:35:14 +0100] "GET /ticket2/opencms/system/modules/com.gridnine.opencms.ticketbrokerage.site/resources/js/jquery.placeholder.min.js HTTP/1.1" 200 1737
202.8.42.35 - - [04/Dec/2024:00:35:14 +0100] "GET /ticket2/opencms/system/modules/com.gridnine.opencms.ticketbrokerage.site/resources/js/common-ajax.js HTTP/1.1" 200 20175
202.8.42.35 - - [04/Dec/2024:00:35:14 +0100] "GET /ticket2/opencms/bs/ask-form.html HTTP/1.1" 200 3156
65.108.125.120 - - [04/Dec/2024:00:35:14 +0100] "GET /ticket2/opencms/dk/buy/?page=1&edid=DAB0CF77-5AA1-9D7C-95C2-E53E9FBADCFF&sortorder=asc&column=price HTTP/1.1" 200 102226
202.8.42.35 - - [04/Dec/2024:00:35:14 +0100] "GET /ticket2/opencms/system/modules/com.gridnine.opencms.ticketbrokerage.site/resources/css/ticketbrokerage.css HTTP/1.1" 200 39339
202.8.42.35 - - [04/Dec/2024:00:35:14 +0100] "GET /ticket2/opencms/system/modules/com.gridnine.opencms.ticketbrokerage.site/resources/js/standard.js HTTP/1.1" 200 3978
95.91.104.62 - - [04/Dec/2024:00:35:16 +0100] "GET /ticket2/opencms/en/buy/?page=1&edid=97A9C7D9-C1DA-7D5A-3DE9-A1C2433ADD2E&sortorder=asc&column=price HTTP/1.1" 200 105582
65.108.125.120 - - [04/Dec/2024:00:35:16 +0100] "GET /ticket2/opencms/dk/buy/?page=1&edid=DB844E51-4AEA-1DB6-3740-0D7CB9A74E07&sortorder=asc&column=price HTTP/1.1" 200 101582
94.154.239.69 - - [04/Dec/2024:00:35:16 +0100] "GET /ticket2/opencms/sv/buy/?page=1&edid=C4308E58-152A-45A7-B817-E9967A70F7B2&sortorder=desc&column=section HTTP/1.1" 200 105962
65.108.227.178 - - [04/Dec/2024:00:35:18 +0100] "GET /ticket2/opencms/sv/buy/?page=1&edid=924C603A-865F-0099-491B-3AA07E5FEB56&sortorder=desc&column=price HTTP/1.1" 200 105185
65.108.125.120 - - [04/Dec/2024:00:35:18 +0100] "GET /ticket2/opencms/dk/buy/?page=1&edid=DC0F3611-C833-A6F6-70F7-1A8DE9CE1F0E&sortorder=desc&column=row HTTP/1.1" 200 105414
54.36.149.34 - - [04/Dec/2024:00:35:19 +0100] "GET /ticket2/opencms/mt/magazine/article?title=vinicius-jr HTTP/1.1" 200 84793
95.91.104.62 - - [04/Dec/2024:00:35:19 +0100] "GET /ticket2/opencms/en/buy/?page=1&edid=97A9C7D9-C1DA-7D5A-3DE9-A1C2433ADD2E&sortorder=asc&column=row HTTP/1.1" 200 105446
65.108.125.120 - - [04/Dec/2024:00:35:20 +0100] "GET /ticket2/opencms/dk/buy/?page=1&edid=DC0F3611-C833-A6F6-70F7-1A8DE9CE1F0E&sortorder=desc&column=section HTTP/1.1" 200 105686
207.46.13.141 - - [04/Dec/2024:00:35:21 +0100] "GET /ticket2/opencms/lt/buy?page=6&comcatid=A17713B6-D984-201A-4143-ED4DB5ED5C2E&catid=C871EAE3-C584-718A-9795-07CDEF43FA75 HTTP/1.1" 200 6410
65.108.227.178 - - [04/Dec/2024:00:35:21 +0100] "GET /ticket2/opencms/sv/buy/?page=1&edid=924C603A-865F-0099-491B-3AA07E5FEB56&sortorder=desc&column=row HTTP/1.1" 200 105049
65.108.125.120 - - [04/Dec/2024:00:35:21 +0100] "GET /ticket2/opencms/dk/buy/?page=1&edid=DD437801-1919-C00C-C4B8-AED340156AE0&sortorder=desc&column=section HTTP/1.1" 200 104841
65.108.125.120 - - [04/Dec/2024:00:35:23 +0100] "GET /ticket2/opencms/dk/buy/?page=1&edid=DDC40197-C63B-2875-1DBD-858E36E0D61F&sortorder=desc&column=price HTTP/1.1" 200 105467
95.91.104.62 - - [04/Dec/2024:00:35:23 +0100] "GET /ticket2/opencms/en/buy/?page=1&edid=97A9C7D9-C1DA-7D5A-3DE9-A1C2433ADD2E&sortorder=asc&column=section HTTP/1.1" 200 105718
54.36.148.231 - - [04/Dec/2024:00:35:25 +0100] "GET /ticket2/opencms/mo/buy/?page=1&edid=E191F800-BEBE-94E3-2A9A-C8072A850396 HTTP/1.1" 200 105000
65.108.125.120 - - [04/Dec/2024:00:35:25 +0100] "GET /ticket2/opencms/dk/buy/?page=1&edid=DDC40197-C63B-2875-1DBD-858E36E0D61F&sortorder=desc&column=row HTTP/1.1" 200 105331
94.154.239.69 - - [04/Dec/2024:00:35:25 +0100] "GET /ticket2/opencms/sv/buy/?page=1&edid=C68D0FEE-1CA7-27AB-E3F3-F0EEAF5F9A38 HTTP/1.1" 200 103036
65.108.227.178 - - [04/Dec/2024:00:35:26 +0100] "GET /ticket2/opencms/sv/buy/?page=1&edid=924C603A-865F-0099-491B-3AA07E5FEB56&sortorder=desc&column=section HTTP/1.1" 200 105321
65.108.125.120 - - [04/Dec/2024:00:35:27 +0100] "GET /ticket2/opencms/dk/buy/?page=1&edid=DE77F923-33DD-F680-B03C-157F39802E52&sortorder=asc&column=price HTTP/1.1" 200 101592
95.91.104.62 - - [04/Dec/2024:00:35:27 +0100] "GET /ticket2/opencms/en/buy/?page=1&edid=97DDB571-B938-9619-1C48-40129E0307AC HTTP/1.1" 200 103268
65.108.125.120 - - [04/Dec/2024:00:35:29 +0100] "GET /ticket2/opencms/dk/buy/?page=1&edid=DE77F923-33DD-F680-B03C-157F39802E52&sortorder=asc&column=row HTTP/1.1" 200 101456
65.108.227.178 - - [04/Dec/2024:00:35:29 +0100] "GET /ticket2/opencms/sv/buy/?page=1&edid=94971A0F-269F-0AFA-AE86-83A94774C753&sortorder=asc&column=price HTTP/1.1" 200 105763
65.108.125.120 - - [04/Dec/2024:00:35:30 +0100] "GET /ticket2/opencms/dk/buy/?page=1&edid=DE77F923-33DD-F680-B03C-157F39802E52&sortorder=desc&column=price HTTP/1.1" 200 101659
95.91.104.62 - - [04/Dec/2024:00:35:31 +0100] "GET /ticket2/opencms/en/buy/?page=1&edid=97DDB571-B938-9619-1C48-40129E0307AC&sortorder=asc&column=price HTTP/1.1" 200 105140
65.108.125.120 - - [04/Dec/2024:00:35:32 +0100] "GET /ticket2/opencms/dk/buy/?page=1&edid=DE77F923-33DD-F680-B03C-157F39802E52&sortorder=desc&column=row HTTP/1.1" 200 101523
40.77.167.52 - - [04/Dec/2024:00:35:32 +0100] "GET /ticket2/opencms/dk/buy?page=1&edid=CF85F428-766F-D675-E16A-795E19713900 HTTP/1.1" 200 100339
65.108.227.178 - - [04/Dec/2024:00:35:33 +0100] "GET /ticket2/opencms/sv/buy/?page=1&edid=94971A0F-269F-0AFA-AE86-83A94774C753&sortorder=asc&column=row HTTP/1.1" 200 105627
65.108.125.120 - - [04/Dec/2024:00:35:34 +0100] "GET /ticket2/opencms/dk/buy/?page=1&edid=DEAADDAD-A6D6-CF9D-B6FF-B21E6B561B94&sortorder=asc&column=price HTTP/1.1" 200 102208
95.91.104.62 - - [04/Dec/2024:00:35:35 +0100] "GET /ticket2/opencms/en/buy/?page=1&edid=97DDB571-B938-9619-1C48-40129E0307AC&sortorder=asc&column=row HTTP/1.1" 200 105004
54.36.148.125 - - [04/Dec/2024:00:35:36 +0100] "GET /ticket2/opencms/et/buy/?comcatid=66708183-7480-3365-06BF-DBF60280AB45&catid=30D5812D-0858-4843-8F45-C38AE504153C HTTP/1.1" 200 6410
65.108.125.120 - - [04/Dec/2024:00:35:36 +0100] "GET /ticket2/opencms/dk/buy/?page=1&edid=DED8B8D3-5A2A-3FF7-3F3B-8C7FAC67E2E1&sortorder=asc&column=price HTTP/1.1" 200 104428
94.154.239.69 - - [04/Dec/2024:00:35:36 +0100] "GET /ticket2/opencms/sv/buy/?page=1&edid=C68D0FEE-1CA7-27AB-E3F3-F0EEAF5F9A38&sortorder=asc&column=price HTTP/1.1" 200 104908
65.108.227.178 - - [04/Dec/2024:00:35:37 +0100] "GET /ticket2/opencms/sv/buy/?page=1&edid=950A0A24-280E-F0D0-A995-7FF7F0048AC7 HTTP/1.1" 200 102774
65.108.125.120 - - [04/Dec/2024:00:35:38 +0100] "GET /ticket2/opencms/dk/buy/?page=1&edid=DF0E45C7-237E-03AB-4ED3-CC8D84C0E2C6&sortorder=desc&column=row HTTP/1.1" 200 105651
95.91.104.62 - - [04/Dec/2024:00:35:39 +0100] "GET /ticket2/opencms/en/buy/?page=1&edid=97DDB571-B938-9619-1C48-40129E0307AC&sortorder=asc&column=section HTTP/1.1" 200 105276
65.108.125.120 - - [04/Dec/2024:00:35:40 +0100] "GET /ticket2/opencms/dk/buy/?page=1&edid=DFFF3F7B-826C-1C0C-972C-8A839BCE5D67&sortorder=asc&column=section HTTP/1.1" 200 106182
65.108.227.178 - - [04/Dec/2024:00:35:40 +0100] "GET /ticket2/opencms/sv/buy/?page=1&edid=950A0A24-280E-F0D0-A995-7FF7F0048AC7&sortorder=asc&column=price HTTP/1.1" 200 104646
216.244.66.238 - - [04/Dec/2024:00:35:40 +0100] "GET /ticket2/opencms/nl/about/press HTTP/1.1" 200 80985
66.249.76.233 - - [04/Dec/2024:00:35:42 +0100] "GET /ticket2/opencms/set_aff_cookie.jsp?partner=692E2C6A-EC6F-1C93-AFCC-C5ACC23A93EA&url=%252Fsv%252Fbuy%252Findex.html%253Fpage%253D1%2526edid%253D7B357C96-D15A-7330-3CD7-9115EBD86CB2%2526hlv%253D666dc003-de60-4a0c-827e-51dc0a01000f%2523v874963678 HTTP/1.1" 200 245
65.108.125.120 - - [04/Dec/2024:00:35:42 +0100] "GET /ticket2/opencms/dk/buy/?page=1&edid=E06EFED9-CC5A-5F98-262D-6C2F7A4149DA&sortorder=desc&column=row HTTP/1.1" 200 105387
186.0.231.148 - - [04/Dec/2024:00:35:42 +0100] "GET /ticket2/opencms/en/buy/?page=1&edid=9D66FD67-419E-CC30-8F44-B7D097CB8073&sortorder=asc&column=price HTTP/1.1" 200 105080
95.91.104.62 - - [04/Dec/2024:00:35:43 +0100] "GET /ticket2/opencms/en/buy/?page=1&edid=97DDB571-B938-9619-1C48-40129E0307AC&sortorder=desc&column=price HTTP/1.1" 200 105207
65.108.227.178 - - [04/Dec/2024:00:35:44 +0100] "GET /ticket2/opencms/sv/buy/?page=1&edid=9511171E-0491-D0A4-7EC1-DB5165AD7ECB&sortorder=asc&column=price HTTP/1.1" 200 105324
65.108.125.120 - - [04/Dec/2024:00:35:44 +0100] "GET /ticket2/opencms/dk/buy/?page=1&edid=E1965183-0A48-4447-AB23-0EA8BEA65874&sortorder=asc&column=price HTTP/1.1" 200 105558
85.208.96.206 - - [04/Dec/2024:00:35:44 +0100] "GET /ticket2/opencms/dk/sport/fodboldbilletter/premier-league/aston-villa/ HTTP/1.1" 200 92773
94.154.239.69 - - [04/Dec/2024:00:35:45 +0100] "GET /ticket2/opencms/sv/buy/?page=1&edid=C68D0FEE-1CA7-27AB-E3F3-F0EEAF5F9A38&sortorder=asc&column=row HTTP/1.1" 200 104772
54.36.148.42 - - [04/Dec/2024:00:35:46 +0100] "GET /ticket2/opencms/et/buy/?comcatid=66708183-7480-3365-06BF-DBF60280AB45&catid=8C381435-A1E8-94AF-2C58-D133FCA44A31 HTTP/1.1" 200 6410
65.108.125.120 - - [04/Dec/2024:00:35:46 +0100] "GET /ticket2/opencms/dk/buy/?page=1&edid=E1965183-0A48-4447-AB23-0EA8BEA65874&sortorder=asc&column=row HTTP/1.1" 200 105422
95.91.104.62 - - [04/Dec/2024:00:35:46 +0100] "GET /ticket2/opencms/en/buy/?page=1&edid=97DDB571-B938-9619-1C48-40129E0307AC&sortorder=desc&column=row HTTP/1.1" 200 105071
65.108.227.178 - - [04/Dec/2024:00:35:47 +0100] "GET /ticket2/opencms/sv/buy/?page=1&edid=9511171E-0491-D0A4-7EC1-DB5165AD7ECB&sortorder=asc&column=section HTTP/1.1" 200 105460
65.108.125.120 - - [04/Dec/2024:00:35:48 +0100] "GET /ticket2/opencms/dk/buy/?page=1&edid=E3BEA940-315E-854C-DCC6-4B8BC05F038A&sortorder=asc&column=price HTTP/1.1" 200 104855
66.249.76.3 - - [04/Dec/2024:00:35:48 +0100] "GET /ticket2/opencms/fi/venue/?venueid=737F9F7B-5133-4683-A21D-F97D14F13C48 HTTP/1.1" 200 78565
66.249.76.194 - - [04/Dec/2024:00:35:49 +0100] "GET /ticket2/opencms/be/buy/?page=1&edid=729B4624-40AD-E7A7-F9BA-94230F6FDC91 HTTP/1.1" 200 107649
65.108.125.120 - - [04/Dec/2024:00:35:50 +0100] "GET /ticket2/opencms/dk/buy/?page=1&edid=E3E4D411-7B1C-2989-5DA3-2E53F85811AA HTTP/1.1" 200 103595
216.244.66.238 - - [04/Dec/2024:00:35:50 +0100] "GET /ticket2/opencms/sv/magazine/ HTTP/1.1" 200 146171
95.91.104.62 - - [04/Dec/2024:00:35:50 +0100] "GET /ticket2/opencms/en/buy/?page=1&edid=98951E9F-7C48-8DE1-92D6-9D2BD2FE9A27&sortorder=desc&column=price HTTP/1.1" 200 104721
65.108.227.178 - - [04/Dec/2024:00:35:51 +0100] "GET /ticket2/opencms/sv/buy/?page=1&edid=95536865-B766-6057-C123-70A3D5AA17E0&sortorder=asc&column=price HTTP/1.1" 200 104639
65.108.125.120 - - [04/Dec/2024:00:35:51 +0100] "GET /ticket2/opencms/dk/buy/?page=1&edid=E3E4D411-7B1C-2989-5DA3-2E53F85811AA&sortorder=asc&column=price HTTP/1.1" 200 105467
54.36.149.25 - - [04/Dec/2024:00:35:52 +0100] "GET /ticket2/opencms/en/venue/?venueid=553A4378-FAB0-EA80-47F6-4E559997BA49 HTTP/1.1" 200 77032
47.128.55.49 - - [04/Dec/2024:00:35:52 +0100] "GET /ticket2/opencms/is/buy?edid=A2A8955F-0E7C-C876-91D5-2F1597674CD1 HTTP/1.1" 200 84383
65.108.125.120 - - [04/Dec/2024:00:35:53 +0100] "GET /ticket2/opencms/dk/buy/?page=1&edid=E3E4D411-7B1C-2989-5DA3-2E53F85811AA&sortorder=asc&column=row HTTP/1.1" 200 105331
65.108.227.178 - - [04/Dec/2024:00:35:54 +0100] "GET /ticket2/opencms/sv/buy/?page=1&edid=95536865-B766-6057-C123-70A3D5AA17E0&sortorder=asc&column=row HTTP/1.1" 200 104503
94.154.239.69 - - [04/Dec/2024:00:35:54 +0100] "GET /ticket2/opencms/sv/buy/?page=1&edid=C68D0FEE-1CA7-27AB-E3F3-F0EEAF5F9A38&sortorder=asc&column=section HTTP/1.1" 200 105044
95.91.104.62 - - [04/Dec/2024:00:35:55 +0100] "GET /ticket2/opencms/en/buy/?page=1&edid=99B7134F-446F-0A04-2F95-A7B97BC1E95C&sortorder=desc&column=row HTTP/1.1" 200 103874
65.108.125.120 - - [04/Dec/2024:00:35:55 +0100] "GET /ticket2/opencms/dk/buy/?page=1&edid=E3E4D411-7B1C-2989-5DA3-2E53F85811AA&sortorder=asc&column=section HTTP/1.1" 200 105603
65.108.125.120 - - [04/Dec/2024:00:35:57 +0100] "GET /ticket2/opencms/dk/buy/?page=1&edid=E3FBDA6C-664F-E626-DA08-2F08834DE954&sortorder=desc&column=price HTTP/1.1" 200 102293
54.36.148.156 - - [04/Dec/2024:00:35:57 +0100] "GET /ticket2/opencms/de/buy/?page=1&edid=FB9F4ED8-C630-5135-3D9B-F4FFAB39B4C4 HTTP/1.1" 200 106849
65.108.227.178 - - [04/Dec/2024:00:35:58 +0100] "GET /ticket2/opencms/sv/buy/?page=1&edid=95536865-B766-6057-C123-70A3D5AA17E0&sortorder=asc&column=section HTTP/1.1" 200 104775
65.108.125.120 - - [04/Dec/2024:00:35:59 +0100] "GET /ticket2/opencms/dk/buy/?page=1&edid=E56FE7E4-8722-C61E-C031-C226803E69E6&sortorder=asc&column=section HTTP/1.1" 200 106156
65.108.125.120 - - [04/Dec/2024:00:36:01 +0100] "GET /ticket2/opencms/dk/buy/?page=1&edid=EBC3D801-195F-FAAD-6D1F-1C9AE8B7AB43 HTTP/1.1" 200 104114
65.108.227.178 - - [04/Dec/2024:00:36:02 +0100] "GET /ticket2/opencms/sv/buy/?page=1&edid=95536865-B766-6057-C123-70A3D5AA17E0&sortorder=desc&column=price HTTP/1.1" 200 104706
65.108.125.120 - - [04/Dec/2024:00:36:03 +0100] "GET /ticket2/opencms/dk/buy/?page=1&edid=ED116640-06D9-8E71-B531-3190AD7688F8&sortorder=asc&column=row HTTP/1.1" 200 104507
95.91.104.62 - - [04/Dec/2024:00:36:04 +0100] "GET /ticket2/opencms/en/buy/?page=1&edid=99B7134F-446F-0A04-2F95-A7B97BC1E95C&sortorder=desc&column=section HTTP/1.1" 200 104146
94.154.239.69 - - [04/Dec/2024:00:36:04 +0100] "GET /ticket2/opencms/sv/buy/?page=1&edid=C68D0FEE-1CA7-27AB-E3F3-F0EEAF5F9A38&sortorder=desc&column=price HTTP/1.1" 200 104975
65.108.125.120 - - [04/Dec/2024:00:36:04 +0100] "GET /ticket2/opencms/dk/buy/?page=1&edid=ED116640-06D9-8E71-B531-3190AD7688F8&sortorder=desc&column=price HTTP/1.1" 200 104710
65.108.227.178 - - [04/Dec/2024:00:36:05 +0100] "GET /ticket2/opencms/sv/buy/?page=1&edid=95536865-B766-6057-C123-70A3D5AA17E0&sortorder=desc&column=section HTTP/1.1" 200 104842
65.108.125.120 - - [04/Dec/2024:00:36:06 +0100] "GET /ticket2/opencms/dk/buy/?page=1&edid=ED116640-06D9-8E71-B531-3190AD7688F8&sortorder=desc&column=section HTTP/1.1" 200 104846
40.77.167.48 - - [04/Dec/2024:00:36:07 +0100] "GET /ticket2/opencms/sr/buy?page=1&edid=FFBC58A7-3DA7-C440-217D-3FF36F1389BA HTTP/1.1" 200 102095
54.36.148.242 - - [04/Dec/2024:00:36:08 +0100] "GET /ticket2/opencms/de/buy/?page=1&edid=72150D07-CC34-2767-CCE3-D5CBAEB5F5C9 HTTP/1.1" 200 101156
95.91.104.62 - - [04/Dec/2024:00:36:08 +0100] "GET /ticket2/opencms/en/buy/?page=1&edid=9AD4B11B-4601-F5E9-C96F-7BECC055632D&sortorder=asc&column=price HTTP/1.1" 200 105621
65.108.125.120 - - [04/Dec/2024:00:36:08 +0100] "GET /ticket2/opencms/dk/buy/?page=1&edid=EDD921C3-85E0-12A1-A432-98789C28A5CD HTTP/1.1" 200 103203
65.108.227.178 - - [04/Dec/2024:00:36:09 +0100] "GET /ticket2/opencms/sv/buy/?page=1&edid=96139E3C-A19E-D742-C278-A36332A5747C HTTP/1.1" 200 103261
65.108.125.120 - - [04/Dec/2024:00:36:10 +0100] "GET /ticket2/opencms/dk/buy/?page=1&edid=EDD921C3-85E0-12A1-A432-98789C28A5CD&sortorder=asc&column=price HTTP/1.1" 200 105075
65.108.227.178 - - [04/Dec/2024:00:36:12 +0100] "GET /ticket2/opencms/sv/buy/?page=1&edid=96139E3C-A19E-D742-C278-A36332A5747C&sortorder=asc&column=price HTTP/1.1" 200 105133
95.91.104.62 - - [04/Dec/2024:00:36:12 +0100] "GET /ticket2/opencms/en/buy/?page=1&edid=9AE493CE-16E5-66DA-B419-2CD7D152F786&sortorder=asc&column=price HTTP/1.1" 200 104456
65.108.125.120 - - [04/Dec/2024:00:36:12 +0100] "GET /ticket2/opencms/dk/buy/?page=1&edid=EDD921C3-85E0-12A1-A432-98789C28A5CD&sortorder=asc&column=section HTTP/1.1" 200 105211
94.154.239.69 - - [04/Dec/2024:00:36:14 +0100] "GET /ticket2/opencms/sv/buy/?page=1&edid=C68D0FEE-1CA7-27AB-E3F3-F0EEAF5F9A38&sortorder=desc&column=row HTTP/1.1" 200 104839
65.108.125.120 - - [04/Dec/2024:00:36:14 +0100] "GET /ticket2/opencms/dk/buy/?page=1&edid=EDD921C3-85E0-12A1-A432-98789C28A5CD&sortorder=desc&column=price HTTP/1.1" 200 105142
65.108.227.178 - - [04/Dec/2024:00:36:15 +0100] "GET /ticket2/opencms/sv/buy/?page=1&edid=96139E3C-A19E-D742-C278-A36332A5747C&sortorder=asc&column=row HTTP/1.1" 200 104997
95.91.104.62 - - [04/Dec/2024:00:36:16 +0100] "GET /ticket2/opencms/en/buy/?page=1&edid=9AE493CE-16E5-66DA-B419-2CD7D152F786&sortorder=asc&column=row HTTP/1.1" 200 104320
65.108.125.120 - - [04/Dec/2024:00:36:16 +0100] "GET /ticket2/opencms/dk/buy/?page=1&edid=EDD921C3-85E0-12A1-A432-98789C28A5CD&sortorder=desc&column=row HTTP/1.1" 200 105006
54.36.148.229 - - [04/Dec/2024:00:36:18 +0100] "GET /ticket2/opencms/ka/buy?comcatid=97ECA65A-72DA-F9AF-9DBB-245D3CFED1BE&catid=078F99D4-0B9E-E323-5A07-D7B70F6E8874 HTTP/1.1" 200 6410
65.108.125.120 - - [04/Dec/2024:00:36:18 +0100] "GET /ticket2/opencms/dk/buy/?page=1&edid=EDDD9812-84E9-EC23-5255-717CA7A887CC HTTP/1.1" 200 100369
65.108.227.178 - - [04/Dec/2024:00:36:19 +0100] "GET /ticket2/opencms/sv/buy/?page=1&edid=96139E3C-A19E-D742-C278-A36332A5747C&sortorder=asc&column=section HTTP/1.1" 200 105269
95.91.104.62 - - [04/Dec/2024:00:36:20 +0100] "GET /ticket2/opencms/en/buy/?page=1&edid=AA77BD4E-C2F1-33E9-4851-2BA88F77A335&sortorder=asc&column=section HTTP/1.1" 200 104327
65.108.125.120 - - [04/Dec/2024:00:36:20 +0100] "GET /ticket2/opencms/dk/buy/?page=1&edid=EE100356-73D8-2A77-06DC-261D059AD495&sortorder=desc&column=price HTTP/1.1" 200 105760
65.108.125.120 - - [04/Dec/2024:00:36:22 +0100] "GET /ticket2/opencms/dk/buy/?page=1&edid=EE417B89-64C4-7CA0-5804-69CEB33A53C3&sortorder=asc&column=price HTTP/1.1" 200 106044
65.108.227.178 - - [04/Dec/2024:00:36:23 +0100] "GET /ticket2/opencms/sv/buy/?page=1&edid=96139E3C-A19E-D742-C278-A36332A5747C&sortorder=desc&column=price HTTP/1.1" 200 105200
94.154.239.69 - - [04/Dec/2024:00:36:23 +0100] "GET /ticket2/opencms/sv/buy/?page=1&edid=C68D0FEE-1CA7-27AB-E3F3-F0EEAF5F9A38&sortorder=desc&column=section HTTP/1.1" 200 105111
65.108.125.120 - - [04/Dec/2024:00:36:24 +0100] "GET /ticket2/opencms/dk/buy/?page=1&edid=EE417B89-64C4-7CA0-5804-69CEB33A53C3&sortorder=asc&column=row HTTP/1.1" 200 105908
95.91.104.62 - - [04/Dec/2024:00:36:24 +0100] "GET /ticket2/opencms/en/buy/?page=1&edid=AA8F437D-FB32-9DC7-FD41-122608E61459&sortorder=asc&column=price HTTP/1.1" 200 105020
65.108.125.120 - - [04/Dec/2024:00:36:26 +0100] "GET /ticket2/opencms/dk/buy/?page=1&edid=EE417B89-64C4-7CA0-5804-69CEB33A53C3&sortorder=asc&column=section HTTP/1.1" 200 106180
54.36.148.226 - - [04/Dec/2024:00:36:26 +0100] "GET /ticket2/opencms/fi/venue/?venueid=59A74FAD-E57E-D9BE-F92A-FE2D529CC098 HTTP/1.1" 200 78528
65.108.227.178 - - [04/Dec/2024:00:36:26 +0100] "GET /ticket2/opencms/sv/buy/?page=1&edid=96139E3C-A19E-D742-C278-A36332A5747C&sortorder=desc&column=row HTTP/1.1" 200 105064
65.108.125.120 - - [04/Dec/2024:00:36:28 +0100] "GET /ticket2/opencms/dk/buy/?page=1&edid=EF26FDDE-8C99-4747-2A55-F2DBC8C242A7&sortorder=desc&column=price HTTP/1.1" 200 103327
95.91.104.62 - - [04/Dec/2024:00:36:28 +0100] "GET /ticket2/opencms/en/buy/?page=1&edid=AB2F1C58-6A5B-E2CD-095A-4BF1DF689D46 HTTP/1.1" 200 102980
65.108.125.120 - - [04/Dec/2024:00:36:30 +0100] "GET /ticket2/opencms/dk/buy/?page=1&edid=EF3D3437-C51D-CE9F-7FE1-478D64DCB3EA&sortorder=asc&column=price HTTP/1.1" 200 106175
65.108.227.178 - - [04/Dec/2024:00:36:30 +0100] "GET /ticket2/opencms/sv/buy/?page=1&edid=96139E3C-A19E-D742-C278-A36332A5747C&sortorder=desc&column=section HTTP/1.1" 200 105336
40.77.167.74 - - [04/Dec/2024:00:36:31 +0100] "GET /ticket2/opencms/de/buy/?page=1&edid=FF0F20E9-4ECC-8A4E-F200-09858CA7BE69 HTTP/1.1" 200 104628
94.154.239.69 - - [04/Dec/2024:00:36:32 +0100] "GET /ticket2/opencms/sv/buy/?page=1&edid=C7420525-12CA-6400-9D4E-01D9E6A68D14&sortorder=asc&column=price HTTP/1.1" 200 105146
65.108.125.120 - - [04/Dec/2024:00:36:32 +0100] "GET /ticket2/opencms/dk/buy/?page=1&edid=EF675B1D-DCD9-DD0B-2273-47E4EF6F220D HTTP/1.1" 200 103527
95.91.104.62 - - [04/Dec/2024:00:36:32 +0100] "GET /ticket2/opencms/en/buy/?page=1&edid=AB2F1C58-6A5B-E2CD-095A-4BF1DF689D46&sortorder=asc&column=price HTTP/1.1" 200 104852
54.36.149.103 - - [04/Dec/2024:00:36:33 +0100] "GET /ticket2/opencms/cs/buy?page=1&edid=D712D542-2FD7-63E8-3EB9-EC4508B2CBC4 HTTP/1.1" 200 101582
65.108.125.120 - - [04/Dec/2024:00:36:34 +0100] "GET /ticket2/opencms/dk/buy/?page=1&edid=F00C209E-46D3-D229-286A-404180638BF4&sortorder=desc&column=price HTTP/1.1" 200 106075
65.108.227.178 - - [04/Dec/2024:00:36:34 +0100] "GET /ticket2/opencms/sv/buy/?page=1&edid=9762A0C0-F461-9960-00F0-1DDE26BBA3DE&sortorder=desc&column=price HTTP/1.1" 200 105411
202.8.40.165 - - [04/Dec/2024:00:36:35 +0100] "GET /ticket2/opencms/system/modules/com.gridnine.opencms.ticketbrokerage.site/resources/css/jquery.fancybox.css HTTP/1.1" 200 4939
202.8.40.165 - - [04/Dec/2024:00:36:35 +0100] "GET /ticket2/opencms/system/modules/com.gridnine.opencms.ticketbrokerage.site/resources/css/ticketbrokerage.css HTTP/1.1" 200 39339
202.8.40.165 - - [04/Dec/2024:00:36:35 +0100] "GET /ticket2/opencms/system/modules/com.gridnine.opencms.ticketbrokerage.site/resources/css/jquery-ui.css HTTP/1.1" 200 33221
202.8.40.165 - - [04/Dec/2024:00:36:35 +0100] "GET /ticket2/opencms/system/modules/com.gridnine.opencms.ticketbrokerage.site/resources/js/stickyfill.min.js HTTP/1.1" 200 5672
202.8.40.165 - - [04/Dec/2024:00:36:35 +0100] "GET /ticket2/opencms/system/modules/com.gridnine.opencms.ticketbrokerage.site/resources/css/calendar.css HTTP/1.1" 200 6871
202.8.40.165 - - [04/Dec/2024:00:36:35 +0100] "GET /ticket2/opencms/system/modules/com.gridnine.opencms.ticketbrokerage.site/resources/css/standard.css HTTP/1.1" 200 73073
202.8.40.165 - - [04/Dec/2024:00:36:35 +0100] "GET /ticket2/opencms/system/modules/com.gridnine.opencms.ticketbrokerage.site/resources/js/jquery.fancybox.pack.js HTTP/1.1" 200 23187
202.8.40.165 - - [04/Dec/2024:00:36:35 +0100] "GET /ticket2/opencms/system/modules/com.gridnine.opencms.ticketbrokerage.site/resources/js/calendar-en.js HTTP/1.1" 200 3338
202.8.40.165 - - [04/Dec/2024:00:36:35 +0100] "GET /ticket2/opencms/system/modules/com.gridnine.opencms.ticketbrokerage.site/resources/js/functions.js HTTP/1.1" 200 1583
202.8.40.165 - - [04/Dec/2024:00:36:35 +0100] "GET /ticket2/opencms/system/modules/com.gridnine.opencms.ticketbrokerage.site/resources/js/jquery/jquery-ui.js HTTP/1.1" 200 228088
202.8.40.165 - - [04/Dec/2024:00:36:35 +0100] "GET /ticket2/opencms/system/modules/com.gridnine.opencms.ticketbrokerage.site/resources/js/jquery/jquery.js HTTP/1.1" 200 93868
202.8.40.165 - - [04/Dec/2024:00:36:35 +0100] "GET /ticket2/opencms/system/modules/com.gridnine.opencms.ticketbrokerage.site/resources/js/calendar.js HTTP/1.1" 200 49229
202.8.40.165 - - [04/Dec/2024:00:36:35 +0100] "GET /ticket2/opencms/system/modules/com.gridnine.opencms.ticketbrokerage.site/resources/js/standard.js HTTP/1.1" 200 3978
202.8.40.165 - - [04/Dec/2024:00:36:35 +0100] "GET /ticket2/opencms/system/modules/com.gridnine.opencms.ticketbrokerage.site/resources/js/calendar-setup.js HTTP/1.1" 200 4923
202.8.40.165 - - [04/Dec/2024:00:36:35 +0100] "GET /ticket2/opencms/system/modules/com.gridnine.opencms.ticketbrokerage.site/resources/js/jquery.placeholder.min.js HTTP/1.1" 200 1737
202.8.40.165 - - [04/Dec/2024:00:36:35 +0100] "GET /ticket2/opencms/system/modules/com.gridnine.opencms.ticketbrokerage.site/resources/js/common-ajax.js HTTP/1.1" 200 20175
65.108.125.120 - - [04/Dec/2024:00:36:36 +0100] "GET /ticket2/opencms/dk/buy/?page=1&edid=F02C7F98-D962-4F16-67CC-B88BF13049A1 HTTP/1.1" 200 99723
95.91.104.62 - - [04/Dec/2024:00:36:37 +0100] "GET /ticket2/opencms/en/buy/?page=1&edid=AB2F1C58-6A5B-E2CD-095A-4BF1DF689D46&sortorder=asc&column=row HTTP/1.1" 200 104716
65.108.125.120 - - [04/Dec/2024:00:36:38 +0100] "GET /ticket2/opencms/dk/buy/?page=1&edid=F05F57EF-962F-4A4F-88A6-EE4E2D6D15D8&sortorder=asc&column=row HTTP/1.1" 200 105880
65.108.227.178 - - [04/Dec/2024:00:36:38 +0100] "GET /ticket2/opencms/sv/buy/?page=1&edid=9762A0C0-F461-9960-00F0-1DDE26BBA3DE&sortorder=desc&column=row HTTP/1.1" 200 105275
65.108.125.120 - - [04/Dec/2024:00:36:39 +0100] "GET /ticket2/opencms/dk/buy/?page=1&edid=F05F57EF-962F-4A4F-88A6-EE4E2D6D15D8&sortorder=asc&column=section HTTP/1.1" 200 106152
95.91.104.62 - - [04/Dec/2024:00:36:41 +0100] "GET /ticket2/opencms/en/buy/?page=1&edid=AB2F1C58-6A5B-E2CD-095A-4BF1DF689D46&sortorder=asc&column=section HTTP/1.1" 200 104988
65.108.125.120 - - [04/Dec/2024:00:36:41 +0100] "GET /ticket2/opencms/dk/buy/?page=1&edid=F06C0300-E27E-ED1B-C5C6-DEBEF815553B&sortorder=desc&column=row HTTP/1.1" 200 102165
72.14.199.233 - - [04/Dec/2024:00:36:41 +0100] "GET /ticket2/opencms/dk/koncertbilletter/coldplay/ HTTP/1.1" 200 77296
94.154.239.69 - - [04/Dec/2024:00:36:41 +0100] "GET /ticket2/opencms/sv/buy/?page=1&edid=C7420525-12CA-6400-9D4E-01D9E6A68D14&sortorder=asc&column=row HTTP/1.1" 200 105010
