202.8.42.111 - - [26/Dec/2024:00:58:43 +0100] "GET /ticket2/opencms/system/modules/com.gridnine.opencms.ticketbrokerage.site/resources/js/calendar.js HTTP/1.1" 200 49229
202.8.42.111 - - [26/Dec/2024:00:58:43 +0100] "GET /ticket2/opencms/system/modules/com.gridnine.opencms.ticketbrokerage.site/resources/js/calendar-setup.js HTTP/1.1" 200 4923
202.8.42.111 - - [26/Dec/2024:00:58:43 +0100] "GET /ticket2/opencms/system/modules/com.gridnine.opencms.ticketbrokerage.site/resources/js/jquery.fancybox.pack.js HTTP/1.1" 200 23187
202.8.42.111 - - [26/Dec/2024:00:58:43 +0100] "GET /ticket2/opencms/system/modules/com.gridnine.opencms.ticketbrokerage.site/resources/js/stickyfill.min.js HTTP/1.1" 200 5672
202.8.42.111 - - [26/Dec/2024:00:58:43 +0100] "GET /ticket2/opencms/system/modules/com.gridnine.opencms.ticketbrokerage.site/resources/js/standard.js HTTP/1.1" 200 3978
202.8.42.111 - - [26/Dec/2024:00:58:43 +0100] "GET /ticket2/opencms/system/modules/com.gridnine.opencms.ticketbrokerage.site/resources/js/common-ajax.js HTTP/1.1" 200 20175
202.8.42.111 - - [26/Dec/2024:00:58:43 +0100] "GET /ticket2/opencms/system/modules/com.gridnine.opencms.ticketbrokerage.site/resources/js/jquery.placeholder.min.js HTTP/1.1" 200 1737
202.8.42.111 - - [26/Dec/2024:00:58:43 +0100] "GET /ticket2/opencms/no/ask-form.html HTTP/1.1" 200 2919
95.91.104.62 - - [26/Dec/2024:00:58:44 +0100] "GET /ticket2/opencms/robots.txt HTTP/1.1" 200 773
202.8.42.111 - - [26/Dec/2024:00:58:45 +0100] "GET /ticket2/opencms/no/ask-form.html HTTP/1.1" 200 2919
202.8.42.111 - - [26/Dec/2024:00:58:45 +0100] "GET /ticket2/opencms/system/modules/com.gridnine.opencms.ticketbrokerage.site/resources/css/ticketbrokerage.css HTTP/1.1" 200 39339
202.8.42.111 - - [26/Dec/2024:00:58:45 +0100] "GET /ticket2/opencms/system/modules/com.gridnine.opencms.ticketbrokerage.site/resources/js/standard.js HTTP/1.1" 200 3978
95.91.104.62 - - [26/Dec/2024:00:58:46 +0100] "GET /ticket2/opencms/sv/buy/?page=1&edid=DAEFA4FD-F482-31FE-95FC-55BA3FB167D0&sortorder=desc&column=row HTTP/1.1" 200 113821
52.167.144.181 - - [26/Dec/2024:00:58:47 +0100] "GET /ticket2/opencms/uk/buy?comcatid=0A6B8208-FDA4-E929-9D72-5312FD481B76&catid=412DBCF4-025D-8ABC-7A40-D7C760E055FF HTTP/1.1" 200 6410
54.36.148.210 - - [26/Dec/2024:00:58:48 +0100] "GET /ticket2/opencms/be/buy/?page=1&edid=7E0CE59A-F22E-9FBB-1FD3-8B411A5307E8 HTTP/1.1" 200 111857
95.91.104.62 - - [26/Dec/2024:00:58:48 +0100] "GET /ticket2/opencms/sv/buy/?page=1&edid=DAEFA4FD-F482-31FE-95FC-55BA3FB167D0&sortorder=desc&column=section HTTP/1.1" 200 114022
202.8.40.56 - - [26/Dec/2024:00:58:49 +0100] "GET /ticket2/opencms/system/modules/com.gridnine.opencms.ticketbrokerage.site/resources/css/standard.css HTTP/1.1" 200 73081
202.8.40.56 - - [26/Dec/2024:00:58:49 +0100] "GET /ticket2/opencms/system/modules/com.gridnine.opencms.ticketbrokerage.site/resources/css/ticketbrokerage.css HTTP/1.1" 200 39339
202.8.40.56 - - [26/Dec/2024:00:58:49 +0100] "GET /ticket2/opencms/system/modules/com.gridnine.opencms.ticketbrokerage.site/resources/css/jquery-ui.css HTTP/1.1" 200 33221
202.8.40.56 - - [26/Dec/2024:00:58:49 +0100] "GET /ticket2/opencms/system/modules/com.gridnine.opencms.ticketbrokerage.site/resources/css/jquery.fancybox.css HTTP/1.1" 200 4939
202.8.40.56 - - [26/Dec/2024:00:58:49 +0100] "GET /ticket2/opencms/system/modules/com.gridnine.opencms.ticketbrokerage.site/resources/css/calendar.css HTTP/1.1" 200 6871
202.8.40.56 - - [26/Dec/2024:00:58:49 +0100] "GET /ticket2/opencms/system/modules/com.gridnine.opencms.ticketbrokerage.site/resources/js/calendar-en.js HTTP/1.1" 200 3338
202.8.40.56 - - [26/Dec/2024:00:58:49 +0100] "GET /ticket2/opencms/system/modules/com.gridnine.opencms.ticketbrokerage.site/resources/js/calendar.js HTTP/1.1" 200 49229
202.8.40.56 - - [26/Dec/2024:00:58:49 +0100] "GET /ticket2/opencms/system/modules/com.gridnine.opencms.ticketbrokerage.site/resources/js/functions.js HTTP/1.1" 200 1583
202.8.40.56 - - [26/Dec/2024:00:58:49 +0100] "GET /ticket2/opencms/system/modules/com.gridnine.opencms.ticketbrokerage.site/resources/js/jquery/jquery-ui.js HTTP/1.1" 200 228088
202.8.40.56 - - [26/Dec/2024:00:58:49 +0100] "GET /ticket2/opencms/system/modules/com.gridnine.opencms.ticketbrokerage.site/resources/js/calendar-setup.js HTTP/1.1" 200 4923
202.8.40.56 - - [26/Dec/2024:00:58:49 +0100] "GET /ticket2/opencms/system/modules/com.gridnine.opencms.ticketbrokerage.site/resources/js/jquery/jquery.js HTTP/1.1" 200 93868
202.8.40.56 - - [26/Dec/2024:00:58:49 +0100] "GET /ticket2/opencms/system/modules/com.gridnine.opencms.ticketbrokerage.site/resources/js/jquery.fancybox.pack.js HTTP/1.1" 200 23187
202.8.40.56 - - [26/Dec/2024:00:58:49 +0100] "GET /ticket2/opencms/system/modules/com.gridnine.opencms.ticketbrokerage.site/resources/js/stickyfill.min.js HTTP/1.1" 200 5672
202.8.40.56 - - [26/Dec/2024:00:58:49 +0100] "GET /ticket2/opencms/system/modules/com.gridnine.opencms.ticketbrokerage.site/resources/js/standard.js HTTP/1.1" 200 3978
202.8.40.56 - - [26/Dec/2024:00:58:50 +0100] "GET /ticket2/opencms/system/modules/com.gridnine.opencms.ticketbrokerage.site/resources/js/jquery.placeholder.min.js HTTP/1.1" 200 1737
202.8.40.56 - - [26/Dec/2024:00:58:50 +0100] "GET /ticket2/opencms/system/modules/com.gridnine.opencms.ticketbrokerage.site/resources/js/common-ajax.js HTTP/1.1" 200 20175
202.8.40.56 - - [26/Dec/2024:00:58:50 +0100] "GET /ticket2/opencms/be/ask-form.html HTTP/1.1" 200 3156
202.8.40.56 - - [26/Dec/2024:00:58:50 +0100] "GET /ticket2/opencms/be/ask-form.html HTTP/1.1" 200 3156
202.8.40.56 - - [26/Dec/2024:00:58:50 +0100] "GET /ticket2/opencms/system/modules/com.gridnine.opencms.ticketbrokerage.site/resources/css/ticketbrokerage.css HTTP/1.1" 200 39339
85.208.96.198 - - [26/Dec/2024:00:58:50 +0100] "GET /ticket2/opencms/no/sport/fotballsbilletter/serie_a/milan/ HTTP/1.1" 200 99204
47.238.13.12 - - [26/Dec/2024:00:58:50 +0100] "GET /ticket2/opencms/fi/magazine/article?title=newcastle-upon-tyne HTTP/1.1" 200 92397
95.91.104.62 - - [26/Dec/2024:00:58:50 +0100] "GET /ticket2/opencms/sv/buy/?page=1&edid=DB0A01DB-C31F-43AC-26A1-FB73D823096A HTTP/1.1" 200 112029
95.91.104.62 - - [26/Dec/2024:00:58:52 +0100] "GET /ticket2/opencms/sv/buy/?page=1&edid=DB0A01DB-C31F-43AC-26A1-FB73D823096A&sortorder=asc&column=price HTTP/1.1" 200 113811
95.91.104.62 - - [26/Dec/2024:00:58:54 +0100] "GET /ticket2/opencms/sv/buy/?page=1&edid=DB0A01DB-C31F-43AC-26A1-FB73D823096A&sortorder=asc&column=row HTTP/1.1" 200 113712
54.36.149.89 - - [26/Dec/2024:00:58:56 +0100] "GET /ticket2/opencms/bg/buy/?page=1&edid=1D0F6501-902B-331B-C80E-E853B18320F1 HTTP/1.1" 200 112068
95.91.104.62 - - [26/Dec/2024:00:58:56 +0100] "GET /ticket2/opencms/sv/buy/?page=1&edid=DB9464FB-86A5-10EB-70F4-441EA85AA18E&sortorder=asc&column=price HTTP/1.1" 200 110629
202.8.40.29 - - [26/Dec/2024:00:58:57 +0100] "GET /ticket2/opencms/system/modules/com.gridnine.opencms.ticketbrokerage.site/resources/css/jquery.fancybox.css HTTP/1.1" 200 4939
202.8.40.29 - - [26/Dec/2024:00:58:57 +0100] "GET /ticket2/opencms/system/modules/com.gridnine.opencms.ticketbrokerage.site/resources/css/standard.css HTTP/1.1" 200 73081
202.8.40.29 - - [26/Dec/2024:00:58:57 +0100] "GET /ticket2/opencms/system/modules/com.gridnine.opencms.ticketbrokerage.site/resources/css/jquery-ui.css HTTP/1.1" 200 33221
202.8.40.29 - - [26/Dec/2024:00:58:57 +0100] "GET /ticket2/opencms/system/modules/com.gridnine.opencms.ticketbrokerage.site/resources/css/calendar.css HTTP/1.1" 200 6871
202.8.40.29 - - [26/Dec/2024:00:58:57 +0100] "GET /ticket2/opencms/system/modules/com.gridnine.opencms.ticketbrokerage.site/resources/js/jquery/jquery.js HTTP/1.1" 200 93868
202.8.40.29 - - [26/Dec/2024:00:58:57 +0100] "GET /ticket2/opencms/system/modules/com.gridnine.opencms.ticketbrokerage.site/resources/css/ticketbrokerage.css HTTP/1.1" 200 39339
202.8.40.29 - - [26/Dec/2024:00:58:57 +0100] "GET /ticket2/opencms/system/modules/com.gridnine.opencms.ticketbrokerage.site/resources/js/jquery/jquery-ui.js HTTP/1.1" 200 228088
202.8.40.29 - - [26/Dec/2024:00:58:57 +0100] "GET /ticket2/opencms/system/modules/com.gridnine.opencms.ticketbrokerage.site/resources/js/functions.js HTTP/1.1" 200 1583
202.8.40.29 - - [26/Dec/2024:00:58:57 +0100] "GET /ticket2/opencms/system/modules/com.gridnine.opencms.ticketbrokerage.site/resources/js/calendar-en.js HTTP/1.1" 200 3338
202.8.40.29 - - [26/Dec/2024:00:58:57 +0100] "GET /ticket2/opencms/system/modules/com.gridnine.opencms.ticketbrokerage.site/resources/js/calendar-setup.js HTTP/1.1" 200 4923
202.8.40.29 - - [26/Dec/2024:00:58:57 +0100] "GET /ticket2/opencms/system/modules/com.gridnine.opencms.ticketbrokerage.site/resources/js/calendar.js HTTP/1.1" 200 49229
202.8.40.29 - - [26/Dec/2024:00:58:57 +0100] "GET /ticket2/opencms/system/modules/com.gridnine.opencms.ticketbrokerage.site/resources/js/jquery.fancybox.pack.js HTTP/1.1" 200 23187
202.8.40.29 - - [26/Dec/2024:00:58:58 +0100] "GET /ticket2/opencms/system/modules/com.gridnine.opencms.ticketbrokerage.site/resources/js/stickyfill.min.js HTTP/1.1" 200 5672
202.8.40.29 - - [26/Dec/2024:00:58:58 +0100] "GET /ticket2/opencms/system/modules/com.gridnine.opencms.ticketbrokerage.site/resources/js/standard.js HTTP/1.1" 200 3978
202.8.40.29 - - [26/Dec/2024:00:58:58 +0100] "GET /ticket2/opencms/system/modules/com.gridnine.opencms.ticketbrokerage.site/resources/js/jquery.placeholder.min.js HTTP/1.1" 200 1737
202.8.40.29 - - [26/Dec/2024:00:58:58 +0100] "GET /ticket2/opencms/system/modules/com.gridnine.opencms.ticketbrokerage.site/resources/js/common-ajax.js HTTP/1.1" 200 20175
95.91.104.62 - - [26/Dec/2024:00:58:58 +0100] "GET /ticket2/opencms/sv/buy/?page=1&edid=DB9464FB-86A5-10EB-70F4-441EA85AA18E&sortorder=asc&column=section HTTP/1.1" 200 110816
202.8.40.29 - - [26/Dec/2024:00:58:58 +0100] "GET /ticket2/opencms/bg/ask-form.html HTTP/1.1" 200 3156
202.8.40.29 - - [26/Dec/2024:00:58:58 +0100] "GET /ticket2/opencms/system/modules/com.gridnine.opencms.ticketbrokerage.site/resources/css/ticketbrokerage.css HTTP/1.1" 200 39339
66.249.76.233 - - [26/Dec/2024:00:58:59 +0100] "GET /ticket2/opencms/it/buy/?page=1&edid=DAA8035A-6393-A965-2F25-D7CF65416E07 HTTP/1.1" 200 109301
52.167.144.220 - - [26/Dec/2024:00:59:00 +0100] "GET /ticket2/opencms/az/buy?page=1&edid=9CEF6B78-2767-3C87-87CB-84D866000D5A HTTP/1.1" 200 112434
202.8.40.29 - - [26/Dec/2024:00:59:00 +0100] "GET /ticket2/opencms/system/modules/com.gridnine.opencms.ticketbrokerage.site/resources/js/standard.js HTTP/1.1" 200 3978
95.91.104.62 - - [26/Dec/2024:00:59:01 +0100] "GET /ticket2/opencms/sv/buy/?page=1&edid=DB9464FB-86A5-10EB-70F4-441EA85AA18E&sortorder=desc&column=price HTTP/1.1" 200 110661
202.8.40.56 - - [26/Dec/2024:00:59:01 +0100] "GET /ticket2/opencms/system/modules/com.gridnine.opencms.ticketbrokerage.site/resources/js/standard.js HTTP/1.1" 200 3978
95.91.104.62 - - [26/Dec/2024:00:59:03 +0100] "GET /ticket2/opencms/sv/buy/?page=1&edid=DB9464FB-86A5-10EB-70F4-441EA85AA18E&sortorder=desc&column=row HTTP/1.1" 200 110546
54.36.148.246 - - [26/Dec/2024:00:59:03 +0100] "GET /ticket2/opencms/el/buy?page=1&edid=DE0D0DE3-BA42-3783-5C74-6058213C61AE HTTP/1.1" 200 113470
202.8.41.31 - - [26/Dec/2024:00:59:04 +0100] "GET /ticket2/opencms/system/modules/com.gridnine.opencms.ticketbrokerage.site/resources/css/jquery.fancybox.css HTTP/1.1" 200 4939
202.8.41.31 - - [26/Dec/2024:00:59:04 +0100] "GET /ticket2/opencms/system/modules/com.gridnine.opencms.ticketbrokerage.site/resources/css/ticketbrokerage.css HTTP/1.1" 200 39339
202.8.41.31 - - [26/Dec/2024:00:59:04 +0100] "GET /ticket2/opencms/system/modules/com.gridnine.opencms.ticketbrokerage.site/resources/css/calendar.css HTTP/1.1" 200 6871
202.8.41.31 - - [26/Dec/2024:00:59:04 +0100] "GET /ticket2/opencms/system/modules/com.gridnine.opencms.ticketbrokerage.site/resources/css/standard.css HTTP/1.1" 200 73081
202.8.41.31 - - [26/Dec/2024:00:59:04 +0100] "GET /ticket2/opencms/system/modules/com.gridnine.opencms.ticketbrokerage.site/resources/css/jquery-ui.css HTTP/1.1" 200 33221
202.8.41.31 - - [26/Dec/2024:00:59:04 +0100] "GET /ticket2/opencms/system/modules/com.gridnine.opencms.ticketbrokerage.site/resources/js/jquery/jquery.js HTTP/1.1" 200 93868
202.8.41.31 - - [26/Dec/2024:00:59:04 +0100] "GET /ticket2/opencms/system/modules/com.gridnine.opencms.ticketbrokerage.site/resources/js/calendar-en.js HTTP/1.1" 200 3338
202.8.41.31 - - [26/Dec/2024:00:59:04 +0100] "GET /ticket2/opencms/system/modules/com.gridnine.opencms.ticketbrokerage.site/resources/js/jquery/jquery-ui.js HTTP/1.1" 200 228088
202.8.41.31 - - [26/Dec/2024:00:59:04 +0100] "GET /ticket2/opencms/system/modules/com.gridnine.opencms.ticketbrokerage.site/resources/js/calendar.js HTTP/1.1" 200 49229
202.8.41.31 - - [26/Dec/2024:00:59:04 +0100] "GET /ticket2/opencms/system/modules/com.gridnine.opencms.ticketbrokerage.site/resources/js/functions.js HTTP/1.1" 200 1583
202.8.41.31 - - [26/Dec/2024:00:59:04 +0100] "GET /ticket2/opencms/system/modules/com.gridnine.opencms.ticketbrokerage.site/resources/js/stickyfill.min.js HTTP/1.1" 200 5672
202.8.41.31 - - [26/Dec/2024:00:59:05 +0100] "GET /ticket2/opencms/system/modules/com.gridnine.opencms.ticketbrokerage.site/resources/js/jquery.fancybox.pack.js HTTP/1.1" 200 23187
202.8.41.31 - - [26/Dec/2024:00:59:05 +0100] "GET /ticket2/opencms/system/modules/com.gridnine.opencms.ticketbrokerage.site/resources/js/calendar-setup.js HTTP/1.1" 200 4923
202.8.41.31 - - [26/Dec/2024:00:59:05 +0100] "GET /ticket2/opencms/system/modules/com.gridnine.opencms.ticketbrokerage.site/resources/js/standard.js HTTP/1.1" 200 3978
202.8.41.31 - - [26/Dec/2024:00:59:05 +0100] "GET /ticket2/opencms/system/modules/com.gridnine.opencms.ticketbrokerage.site/resources/js/jquery.placeholder.min.js HTTP/1.1" 200 1737
202.8.41.31 - - [26/Dec/2024:00:59:05 +0100] "GET /ticket2/opencms/system/modules/com.gridnine.opencms.ticketbrokerage.site/resources/js/common-ajax.js HTTP/1.1" 200 20175
202.8.41.31 - - [26/Dec/2024:00:59:05 +0100] "GET /ticket2/opencms/el/ask-form.html HTTP/1.1" 200 3156
202.8.41.31 - - [26/Dec/2024:00:59:05 +0100] "GET /ticket2/opencms/system/modules/com.gridnine.opencms.ticketbrokerage.site/resources/css/ticketbrokerage.css HTTP/1.1" 200 39339
95.91.104.62 - - [26/Dec/2024:00:59:05 +0100] "GET /ticket2/opencms/sv/buy/?page=1&edid=DB9464FB-86A5-10EB-70F4-441EA85AA18E&sortorder=desc&column=section HTTP/1.1" 200 110797
95.91.104.62 - - [26/Dec/2024:00:59:08 +0100] "GET /ticket2/opencms/sv/buy/?page=1&edid=DBA24EC4-064E-38F3-96E4-34C95A0CD27F HTTP/1.1" 200 112017
216.244.66.238 - - [26/Dec/2024:00:59:08 +0100] "GET /ticket2/opencms/be/buy?page=1&edid=EB325D94-B845-7C5E-C6DD-07A624CBD27D HTTP/1.1" 200 114105
54.36.148.108 - - [26/Dec/2024:00:59:08 +0100] "GET /ticket2/opencms/bs/buy/?page=1&edid=7E0CE59A-F22E-9FBB-1FD3-8B411A5307E8 HTTP/1.1" 200 109537
95.91.104.62 - - [26/Dec/2024:00:59:09 +0100] "GET /ticket2/opencms/sv/buy/?page=1&edid=DBA24EC4-064E-38F3-96E4-34C95A0CD27F&sortorder=asc&column=section HTTP/1.1" 200 114027
202.8.41.90 - - [26/Dec/2024:00:59:10 +0100] "GET /ticket2/opencms/system/modules/com.gridnine.opencms.ticketbrokerage.site/resources/css/jquery-ui.css HTTP/1.1" 200 33221
202.8.41.90 - - [26/Dec/2024:00:59:10 +0100] "GET /ticket2/opencms/system/modules/com.gridnine.opencms.ticketbrokerage.site/resources/css/ticketbrokerage.css HTTP/1.1" 200 39339
202.8.41.90 - - [26/Dec/2024:00:59:10 +0100] "GET /ticket2/opencms/system/modules/com.gridnine.opencms.ticketbrokerage.site/resources/css/calendar.css HTTP/1.1" 200 6871
202.8.41.90 - - [26/Dec/2024:00:59:10 +0100] "GET /ticket2/opencms/system/modules/com.gridnine.opencms.ticketbrokerage.site/resources/css/standard.css HTTP/1.1" 200 73081
202.8.41.90 - - [26/Dec/2024:00:59:10 +0100] "GET /ticket2/opencms/system/modules/com.gridnine.opencms.ticketbrokerage.site/resources/css/jquery.fancybox.css HTTP/1.1" 200 4939
202.8.41.90 - - [26/Dec/2024:00:59:10 +0100] "GET /ticket2/opencms/system/modules/com.gridnine.opencms.ticketbrokerage.site/resources/js/jquery/jquery.js HTTP/1.1" 200 93868
202.8.41.90 - - [26/Dec/2024:00:59:10 +0100] "GET /ticket2/opencms/system/modules/com.gridnine.opencms.ticketbrokerage.site/resources/js/functions.js HTTP/1.1" 200 1583
202.8.41.90 - - [26/Dec/2024:00:59:10 +0100] "GET /ticket2/opencms/system/modules/com.gridnine.opencms.ticketbrokerage.site/resources/js/jquery/jquery-ui.js HTTP/1.1" 200 228088
202.8.41.90 - - [26/Dec/2024:00:59:10 +0100] "GET /ticket2/opencms/system/modules/com.gridnine.opencms.ticketbrokerage.site/resources/js/calendar.js HTTP/1.1" 200 49229
202.8.41.90 - - [26/Dec/2024:00:59:10 +0100] "GET /ticket2/opencms/system/modules/com.gridnine.opencms.ticketbrokerage.site/resources/js/calendar-setup.js HTTP/1.1" 200 4923
202.8.41.90 - - [26/Dec/2024:00:59:10 +0100] "GET /ticket2/opencms/system/modules/com.gridnine.opencms.ticketbrokerage.site/resources/js/calendar-en.js HTTP/1.1" 200 3338
202.8.41.90 - - [26/Dec/2024:00:59:10 +0100] "GET /ticket2/opencms/system/modules/com.gridnine.opencms.ticketbrokerage.site/resources/js/jquery.fancybox.pack.js HTTP/1.1" 200 23187
202.8.41.90 - - [26/Dec/2024:00:59:10 +0100] "GET /ticket2/opencms/system/modules/com.gridnine.opencms.ticketbrokerage.site/resources/js/stickyfill.min.js HTTP/1.1" 200 5672
202.8.41.90 - - [26/Dec/2024:00:59:10 +0100] "GET /ticket2/opencms/system/modules/com.gridnine.opencms.ticketbrokerage.site/resources/js/standard.js HTTP/1.1" 200 3978
202.8.41.90 - - [26/Dec/2024:00:59:10 +0100] "GET /ticket2/opencms/system/modules/com.gridnine.opencms.ticketbrokerage.site/resources/js/jquery.placeholder.min.js HTTP/1.1" 200 1737
202.8.41.90 - - [26/Dec/2024:00:59:10 +0100] "GET /ticket2/opencms/system/modules/com.gridnine.opencms.ticketbrokerage.site/resources/js/common-ajax.js HTTP/1.1" 200 20175
202.8.41.90 - - [26/Dec/2024:00:59:10 +0100] "GET /ticket2/opencms/bs/ask-form.html HTTP/1.1" 200 3156
202.8.41.90 - - [26/Dec/2024:00:59:10 +0100] "GET /ticket2/opencms/bs/ask-form.html HTTP/1.1" 200 3156
202.8.41.90 - - [26/Dec/2024:00:59:10 +0100] "GET /ticket2/opencms/system/modules/com.gridnine.opencms.ticketbrokerage.site/resources/css/ticketbrokerage.css HTTP/1.1" 200 39339
95.91.104.62 - - [26/Dec/2024:00:59:11 +0100] "GET /ticket2/opencms/sv/buy/?page=1&edid=DBA24EC4-064E-38F3-96E4-34C95A0CD27F&sortorder=desc&column=row HTTP/1.1" 200 113858
47.128.34.46 - - [26/Dec/2024:00:59:13 +0100] "GET /ticket2/opencms/de/magazine/article?title=wie-sieht-die-zukunft-fur-alexander-isak-aus HTTP/1.1" 200 92336
95.91.104.62 - - [26/Dec/2024:00:59:13 +0100] "GET /ticket2/opencms/sv/buy/?page=1&edid=DBAFD05C-928A-8ED7-774B-7E320D4BC50F HTTP/1.1" 200 112506
202.8.41.31 - - [26/Dec/2024:00:59:14 +0100] "GET /ticket2/opencms/system/modules/com.gridnine.opencms.ticketbrokerage.site/resources/js/standard.js HTTP/1.1" 200 3978
216.244.66.238 - - [26/Dec/2024:00:59:15 +0100] "GET /ticket2/opencms/hr/buy?page=1&edid=1EABC656-E68C-EB7E-CEB8-306B039FCA53 HTTP/1.1" 200 113022
95.91.104.62 - - [26/Dec/2024:00:59:15 +0100] "GET /ticket2/opencms/sv/buy/?page=1&edid=DC0F3611-C833-A6F6-70F7-1A8DE9CE1F0E HTTP/1.1" 200 112021
95.91.104.62 - - [26/Dec/2024:00:59:17 +0100] "GET /ticket2/opencms/sv/buy/?page=1&edid=DC17638A-A464-04D3-43D9-DBC50F531118&sortorder=asc&column=row HTTP/1.1" 200 113008
54.36.148.212 - - [26/Dec/2024:00:59:17 +0100] "GET /ticket2/opencms/be/buy/?page=1&edid=FF079107-CBD4-B70B-EC76-A896DEC733A2 HTTP/1.1" 200 124868
202.8.41.84 - - [26/Dec/2024:00:59:18 +0100] "GET /ticket2/opencms/system/modules/com.gridnine.opencms.ticketbrokerage.site/resources/css/jquery-ui.css HTTP/1.1" 200 33221
202.8.41.84 - - [26/Dec/2024:00:59:18 +0100] "GET /ticket2/opencms/system/modules/com.gridnine.opencms.ticketbrokerage.site/resources/css/jquery.fancybox.css HTTP/1.1" 200 4939
202.8.41.84 - - [26/Dec/2024:00:59:18 +0100] "GET /ticket2/opencms/system/modules/com.gridnine.opencms.ticketbrokerage.site/resources/css/ticketbrokerage.css HTTP/1.1" 200 39339
202.8.41.84 - - [26/Dec/2024:00:59:18 +0100] "GET /ticket2/opencms/system/modules/com.gridnine.opencms.ticketbrokerage.site/resources/css/calendar.css HTTP/1.1" 200 6871
202.8.41.84 - - [26/Dec/2024:00:59:18 +0100] "GET /ticket2/opencms/system/modules/com.gridnine.opencms.ticketbrokerage.site/resources/css/standard.css HTTP/1.1" 200 73081
202.8.41.84 - - [26/Dec/2024:00:59:18 +0100] "GET /ticket2/opencms/system/modules/com.gridnine.opencms.ticketbrokerage.site/resources/js/jquery/jquery-ui.js HTTP/1.1" 200 228088
202.8.41.84 - - [26/Dec/2024:00:59:18 +0100] "GET /ticket2/opencms/system/modules/com.gridnine.opencms.ticketbrokerage.site/resources/js/jquery/jquery.js HTTP/1.1" 200 93868
202.8.41.84 - - [26/Dec/2024:00:59:19 +0100] "GET /ticket2/opencms/system/modules/com.gridnine.opencms.ticketbrokerage.site/resources/js/functions.js HTTP/1.1" 200 1583
202.8.41.84 - - [26/Dec/2024:00:59:19 +0100] "GET /ticket2/opencms/system/modules/com.gridnine.opencms.ticketbrokerage.site/resources/js/calendar-en.js HTTP/1.1" 200 3338
202.8.41.84 - - [26/Dec/2024:00:59:19 +0100] "GET /ticket2/opencms/system/modules/com.gridnine.opencms.ticketbrokerage.site/resources/js/calendar.js HTTP/1.1" 200 49229
202.8.41.84 - - [26/Dec/2024:00:59:19 +0100] "GET /ticket2/opencms/system/modules/com.gridnine.opencms.ticketbrokerage.site/resources/js/calendar-setup.js HTTP/1.1" 200 4923
202.8.41.84 - - [26/Dec/2024:00:59:19 +0100] "GET /ticket2/opencms/system/modules/com.gridnine.opencms.ticketbrokerage.site/resources/js/jquery.fancybox.pack.js HTTP/1.1" 200 23187
202.8.41.84 - - [26/Dec/2024:00:59:19 +0100] "GET /ticket2/opencms/system/modules/com.gridnine.opencms.ticketbrokerage.site/resources/js/stickyfill.min.js HTTP/1.1" 200 5672
202.8.41.84 - - [26/Dec/2024:00:59:19 +0100] "GET /ticket2/opencms/system/modules/com.gridnine.opencms.ticketbrokerage.site/resources/js/standard.js HTTP/1.1" 200 3978
202.8.41.84 - - [26/Dec/2024:00:59:19 +0100] "GET /ticket2/opencms/system/modules/com.gridnine.opencms.ticketbrokerage.site/resources/js/jquery.placeholder.min.js HTTP/1.1" 200 1737
202.8.41.84 - - [26/Dec/2024:00:59:19 +0100] "GET /ticket2/opencms/system/modules/com.gridnine.opencms.ticketbrokerage.site/resources/js/common-ajax.js HTTP/1.1" 200 20175
95.91.104.62 - - [26/Dec/2024:00:59:19 +0100] "GET /ticket2/opencms/sv/buy/?page=1&edid=DC17638A-A464-04D3-43D9-DBC50F531118&sortorder=asc&column=section HTTP/1.1" 200 113301
202.8.41.84 - - [26/Dec/2024:00:59:19 +0100] "GET /ticket2/opencms/be/ask-form.html HTTP/1.1" 200 3156
202.8.41.84 - - [26/Dec/2024:00:59:19 +0100] "GET /ticket2/opencms/system/modules/com.gridnine.opencms.ticketbrokerage.site/resources/css/ticketbrokerage.css HTTP/1.1" 200 39339
216.244.66.238 - - [26/Dec/2024:00:59:21 +0100] "GET /ticket2/opencms/it/buy?page=1&edid=1EABC656-E68C-EB7E-CEB8-306B039FCA53 HTTP/1.1" 200 112633
95.91.104.62 - - [26/Dec/2024:00:59:21 +0100] "GET /ticket2/opencms/sv/buy/?page=1&edid=DCBA862D-C641-83C3-073B-674B49C90711 HTTP/1.1" 200 108727
95.91.104.62 - - [26/Dec/2024:00:59:22 +0100] "GET /ticket2/opencms/sv/buy/?page=1&edid=DCBA862D-C641-83C3-073B-674B49C90711&sortorder=asc&column=price HTTP/1.1" 200 110703
95.91.104.62 - - [26/Dec/2024:00:59:24 +0100] "GET /ticket2/opencms/sv/buy/?page=1&edid=DCBA862D-C641-83C3-073B-674B49C90711&sortorder=desc&column=price HTTP/1.1" 200 110621
54.36.149.5 - - [26/Dec/2024:00:59:26 +0100] "GET /ticket2/opencms/dk/faq HTTP/1.1" 200 92577
216.244.66.238 - - [26/Dec/2024:00:59:26 +0100] "GET /ticket2/opencms/lv/buy?page=1&edid=25D1E1A5-48CB-BCBE-9193-C6660AC8A78B HTTP/1.1" 200 113043
95.91.104.62 - - [26/Dec/2024:00:59:26 +0100] "GET /ticket2/opencms/sv/buy/?page=1&edid=DCBA862D-C641-83C3-073B-674B49C90711&sortorder=desc&column=row HTTP/1.1" 200 110553
202.8.42.168 - - [26/Dec/2024:00:59:27 +0100] "GET /ticket2/opencms/system/modules/com.gridnine.opencms.ticketbrokerage.site/resources/css/jquery.fancybox.css HTTP/1.1" 200 4939
202.8.42.168 - - [26/Dec/2024:00:59:27 +0100] "GET /ticket2/opencms/system/modules/com.gridnine.opencms.ticketbrokerage.site/resources/css/calendar.css HTTP/1.1" 200 6871
202.8.42.168 - - [26/Dec/2024:00:59:27 +0100] "GET /ticket2/opencms/system/modules/com.gridnine.opencms.ticketbrokerage.site/resources/css/jquery-ui.css HTTP/1.1" 200 33221
202.8.42.168 - - [26/Dec/2024:00:59:27 +0100] "GET /ticket2/opencms/system/modules/com.gridnine.opencms.ticketbrokerage.site/resources/css/ticketbrokerage.css HTTP/1.1" 200 39339
202.8.42.168 - - [26/Dec/2024:00:59:27 +0100] "GET /ticket2/opencms/system/modules/com.gridnine.opencms.ticketbrokerage.site/resources/css/standard.css HTTP/1.1" 200 73081
202.8.42.168 - - [26/Dec/2024:00:59:27 +0100] "GET /ticket2/opencms/system/modules/com.gridnine.opencms.ticketbrokerage.site/resources/js/jquery.fancybox.pack.js HTTP/1.1" 200 23187
202.8.42.168 - - [26/Dec/2024:00:59:27 +0100] "GET /ticket2/opencms/system/modules/com.gridnine.opencms.ticketbrokerage.site/resources/js/stickyfill.min.js HTTP/1.1" 200 5672
202.8.42.168 - - [26/Dec/2024:00:59:27 +0100] "GET /ticket2/opencms/system/modules/com.gridnine.opencms.ticketbrokerage.site/resources/js/calendar-en.js HTTP/1.1" 200 3338
202.8.42.168 - - [26/Dec/2024:00:59:27 +0100] "GET /ticket2/opencms/system/modules/com.gridnine.opencms.ticketbrokerage.site/resources/js/calendar-setup.js HTTP/1.1" 200 4923
202.8.42.168 - - [26/Dec/2024:00:59:27 +0100] "GET /ticket2/opencms/system/modules/com.gridnine.opencms.ticketbrokerage.site/resources/js/jquery/jquery-ui.js HTTP/1.1" 200 228088
202.8.42.168 - - [26/Dec/2024:00:59:27 +0100] "GET /ticket2/opencms/system/modules/com.gridnine.opencms.ticketbrokerage.site/resources/js/calendar.js HTTP/1.1" 200 49229
202.8.42.168 - - [26/Dec/2024:00:59:27 +0100] "GET /ticket2/opencms/system/modules/com.gridnine.opencms.ticketbrokerage.site/resources/js/functions.js HTTP/1.1" 200 1583
202.8.42.168 - - [26/Dec/2024:00:59:27 +0100] "GET /ticket2/opencms/system/modules/com.gridnine.opencms.ticketbrokerage.site/resources/js/jquery/jquery.js HTTP/1.1" 200 93868
202.8.42.168 - - [26/Dec/2024:00:59:27 +0100] "GET /ticket2/opencms/system/modules/com.gridnine.opencms.ticketbrokerage.site/resources/js/standard.js HTTP/1.1" 200 3978
213.180.203.180 - - [26/Dec/2024:00:59:27 +0100] "GET /ticket2/opencms/is/sport/fotbolti/premier-league/ipswich HTTP/1.1" 404 -
87.250.224.23 - - [26/Dec/2024:00:59:27 +0100] "GET /ticket2/opencms/lt/sport/futbolo-bilietai/premier-league/ipswich HTTP/1.1" 404 -
202.8.42.168 - - [26/Dec/2024:00:59:27 +0100] "GET /ticket2/opencms/system/modules/com.gridnine.opencms.ticketbrokerage.site/resources/js/common-ajax.js HTTP/1.1" 200 20175
202.8.42.168 - - [26/Dec/2024:00:59:27 +0100] "GET /ticket2/opencms/system/modules/com.gridnine.opencms.ticketbrokerage.site/resources/js/jquery.placeholder.min.js HTTP/1.1" 200 1737
95.91.104.62 - - [26/Dec/2024:00:59:28 +0100] "GET /ticket2/opencms/sv/buy/?page=1&edid=DCBA862D-C641-83C3-073B-674B49C90711&sortorder=desc&column=section HTTP/1.1" 200 110805
87.250.224.229 - - [26/Dec/2024:00:59:29 +0100] "GET /ticket2/opencms/fr/sport/billets-football/premier_league/ipswich HTTP/1.1" 404 -
5.255.231.39 - - [26/Dec/2024:00:59:29 +0100] "GET /ticket2/opencms/lv/sport/futbola-biletes/premier-league/ipswich HTTP/1.1" 404 -
87.250.224.83 - - [26/Dec/2024:00:59:29 +0100] "GET /ticket2/opencms/de/sport/fussball-tickets/premier_league/ipswich HTTP/1.1" 200 98821
95.91.104.62 - - [26/Dec/2024:00:59:30 +0100] "GET /ticket2/opencms/sv/buy/?page=1&edid=DD05C9DE-F15C-D08D-1A14-2EB94D8B2931 HTTP/1.1" 200 108705
95.108.213.79 - - [26/Dec/2024:00:59:30 +0100] "GET /ticket2/opencms/uk/sport/kvytky-na-futbol/premier-league/ipswich HTTP/1.1" 404 -
47.238.13.15 - - [26/Dec/2024:00:59:30 +0100] "GET /ticket2/opencms/dk/magazine/article?title=lionel-messi HTTP/1.1" 200 92353
213.180.203.116 - - [26/Dec/2024:00:59:31 +0100] "GET /ticket2/opencms/be/sport/futbol-kvitki/premier-league/ipswich HTTP/1.1" 404 -
87.250.224.216 - - [26/Dec/2024:00:59:31 +0100] "GET /ticket2/opencms/mt/sport/biljetti-tal-futbol/premier-league/ipswich HTTP/1.1" 404 -
95.91.104.62 - - [26/Dec/2024:00:59:32 +0100] "GET /ticket2/opencms/sv/buy/?page=1&edid=DD05C9DE-F15C-D08D-1A14-2EB94D8B2931&sortorder=asc&column=price HTTP/1.1" 200 110584
54.36.148.141 - - [26/Dec/2024:00:59:33 +0100] "GET /ticket2/opencms/et/buy/?page=1&edid=F0EFBD65-77E6-B7AA-81F6-50717F1EFF56 HTTP/1.1" 200 109814
95.91.104.62 - - [26/Dec/2024:00:59:34 +0100] "GET /ticket2/opencms/sv/buy/?page=1&edid=DD05C9DE-F15C-D08D-1A14-2EB94D8B2931&sortorder=asc&column=row HTTP/1.1" 200 110447
202.8.42.79 - - [26/Dec/2024:00:59:34 +0100] "GET /ticket2/opencms/system/modules/com.gridnine.opencms.ticketbrokerage.site/resources/css/calendar.css HTTP/1.1" 200 6871
202.8.42.79 - - [26/Dec/2024:00:59:34 +0100] "GET /ticket2/opencms/system/modules/com.gridnine.opencms.ticketbrokerage.site/resources/css/ticketbrokerage.css HTTP/1.1" 200 39339
202.8.42.79 - - [26/Dec/2024:00:59:34 +0100] "GET /ticket2/opencms/system/modules/com.gridnine.opencms.ticketbrokerage.site/resources/css/standard.css HTTP/1.1" 200 73081
202.8.42.79 - - [26/Dec/2024:00:59:34 +0100] "GET /ticket2/opencms/system/modules/com.gridnine.opencms.ticketbrokerage.site/resources/js/jquery/jquery.js HTTP/1.1" 200 93868
202.8.42.79 - - [26/Dec/2024:00:59:34 +0100] "GET /ticket2/opencms/system/modules/com.gridnine.opencms.ticketbrokerage.site/resources/css/jquery.fancybox.css HTTP/1.1" 200 4939
202.8.42.79 - - [26/Dec/2024:00:59:34 +0100] "GET /ticket2/opencms/system/modules/com.gridnine.opencms.ticketbrokerage.site/resources/css/jquery-ui.css HTTP/1.1" 200 33221
202.8.42.79 - - [26/Dec/2024:00:59:34 +0100] "GET /ticket2/opencms/system/modules/com.gridnine.opencms.ticketbrokerage.site/resources/js/functions.js HTTP/1.1" 200 1583
202.8.42.79 - - [26/Dec/2024:00:59:34 +0100] "GET /ticket2/opencms/system/modules/com.gridnine.opencms.ticketbrokerage.site/resources/js/jquery/jquery-ui.js HTTP/1.1" 200 228088
202.8.42.79 - - [26/Dec/2024:00:59:34 +0100] "GET /ticket2/opencms/system/modules/com.gridnine.opencms.ticketbrokerage.site/resources/js/calendar.js HTTP/1.1" 200 49229
202.8.42.79 - - [26/Dec/2024:00:59:34 +0100] "GET /ticket2/opencms/system/modules/com.gridnine.opencms.ticketbrokerage.site/resources/js/calendar-en.js HTTP/1.1" 200 3338
202.8.42.79 - - [26/Dec/2024:00:59:34 +0100] "GET /ticket2/opencms/system/modules/com.gridnine.opencms.ticketbrokerage.site/resources/js/calendar-setup.js HTTP/1.1" 200 4923
202.8.42.79 - - [26/Dec/2024:00:59:34 +0100] "GET /ticket2/opencms/system/modules/com.gridnine.opencms.ticketbrokerage.site/resources/js/jquery.fancybox.pack.js HTTP/1.1" 200 23187
202.8.42.79 - - [26/Dec/2024:00:59:34 +0100] "GET /ticket2/opencms/system/modules/com.gridnine.opencms.ticketbrokerage.site/resources/js/stickyfill.min.js HTTP/1.1" 200 5672
202.8.42.79 - - [26/Dec/2024:00:59:34 +0100] "GET /ticket2/opencms/system/modules/com.gridnine.opencms.ticketbrokerage.site/resources/js/standard.js HTTP/1.1" 200 3978
202.8.42.79 - - [26/Dec/2024:00:59:34 +0100] "GET /ticket2/opencms/system/modules/com.gridnine.opencms.ticketbrokerage.site/resources/js/jquery.placeholder.min.js HTTP/1.1" 200 1737
202.8.42.79 - - [26/Dec/2024:00:59:34 +0100] "GET /ticket2/opencms/system/modules/com.gridnine.opencms.ticketbrokerage.site/resources/js/common-ajax.js HTTP/1.1" 200 20175
95.91.104.62 - - [26/Dec/2024:00:59:36 +0100] "GET /ticket2/opencms/sv/buy/?page=1&edid=DD05C9DE-F15C-D08D-1A14-2EB94D8B2931&sortorder=asc&column=section HTTP/1.1" 200 110758
202.8.42.79 - - [26/Dec/2024:00:59:36 +0100] "GET /ticket2/opencms/et/ask-form.html HTTP/1.1" 200 3156
202.8.42.79 - - [26/Dec/2024:00:59:36 +0100] "GET /ticket2/opencms/system/modules/com.gridnine.opencms.ticketbrokerage.site/resources/css/ticketbrokerage.css HTTP/1.1" 200 39339
95.91.104.62 - - [26/Dec/2024:00:59:37 +0100] "GET /ticket2/opencms/sv/buy/?page=1&edid=DD05C9DE-F15C-D08D-1A14-2EB94D8B2931&sortorder=desc&column=price HTTP/1.1" 200 110670
95.91.104.62 - - [26/Dec/2024:00:59:39 +0100] "GET /ticket2/opencms/sv/buy/?page=1&edid=DD05C9DE-F15C-D08D-1A14-2EB94D8B2931&sortorder=desc&column=row HTTP/1.1" 200 110436
95.91.104.62 - - [26/Dec/2024:00:59:41 +0100] "GET /ticket2/opencms/sv/buy/?page=1&edid=DD05C9DE-F15C-D08D-1A14-2EB94D8B2931&sortorder=desc&column=section HTTP/1.1" 200 110805
54.36.148.71 - - [26/Dec/2024:00:59:41 +0100] "GET /ticket2/opencms/ga/buy/?page=1&edid=994E215A-9A15-E95E-C4D5-1AE68ACEBE26 HTTP/1.1" 200 110349
95.91.104.62 - - [26/Dec/2024:00:59:43 +0100] "GET /ticket2/opencms/sv/buy/?page=1&edid=DD7009E0-BEDD-5FDF-FBEC-9803C9276491 HTTP/1.1" 200 112497
202.8.43.10 - - [26/Dec/2024:00:59:43 +0100] "GET /ticket2/opencms/system/modules/com.gridnine.opencms.ticketbrokerage.site/resources/css/jquery.fancybox.css HTTP/1.1" 200 4939
202.8.43.10 - - [26/Dec/2024:00:59:43 +0100] "GET /ticket2/opencms/system/modules/com.gridnine.opencms.ticketbrokerage.site/resources/css/ticketbrokerage.css HTTP/1.1" 200 39339
202.8.43.10 - - [26/Dec/2024:00:59:43 +0100] "GET /ticket2/opencms/system/modules/com.gridnine.opencms.ticketbrokerage.site/resources/css/calendar.css HTTP/1.1" 200 6871
202.8.43.10 - - [26/Dec/2024:00:59:43 +0100] "GET /ticket2/opencms/system/modules/com.gridnine.opencms.ticketbrokerage.site/resources/css/standard.css HTTP/1.1" 200 73081
202.8.43.10 - - [26/Dec/2024:00:59:43 +0100] "GET /ticket2/opencms/system/modules/com.gridnine.opencms.ticketbrokerage.site/resources/js/jquery/jquery.js HTTP/1.1" 200 93868
202.8.43.10 - - [26/Dec/2024:00:59:43 +0100] "GET /ticket2/opencms/system/modules/com.gridnine.opencms.ticketbrokerage.site/resources/css/jquery-ui.css HTTP/1.1" 200 33221
202.8.43.10 - - [26/Dec/2024:00:59:43 +0100] "GET /ticket2/opencms/system/modules/com.gridnine.opencms.ticketbrokerage.site/resources/js/calendar.js HTTP/1.1" 200 49229
202.8.43.10 - - [26/Dec/2024:00:59:43 +0100] "GET /ticket2/opencms/system/modules/com.gridnine.opencms.ticketbrokerage.site/resources/js/calendar-en.js HTTP/1.1" 200 3338
202.8.43.10 - - [26/Dec/2024:00:59:43 +0100] "GET /ticket2/opencms/system/modules/com.gridnine.opencms.ticketbrokerage.site/resources/js/calendar-setup.js HTTP/1.1" 200 4923
202.8.43.10 - - [26/Dec/2024:00:59:43 +0100] "GET /ticket2/opencms/system/modules/com.gridnine.opencms.ticketbrokerage.site/resources/js/functions.js HTTP/1.1" 200 1583
202.8.43.10 - - [26/Dec/2024:00:59:43 +0100] "GET /ticket2/opencms/system/modules/com.gridnine.opencms.ticketbrokerage.site/resources/js/jquery/jquery-ui.js HTTP/1.1" 200 228088
202.8.43.10 - - [26/Dec/2024:00:59:43 +0100] "GET /ticket2/opencms/system/modules/com.gridnine.opencms.ticketbrokerage.site/resources/js/jquery.fancybox.pack.js HTTP/1.1" 200 23187
202.8.43.10 - - [26/Dec/2024:00:59:43 +0100] "GET /ticket2/opencms/system/modules/com.gridnine.opencms.ticketbrokerage.site/resources/js/stickyfill.min.js HTTP/1.1" 200 5672
202.8.43.10 - - [26/Dec/2024:00:59:43 +0100] "GET /ticket2/opencms/system/modules/com.gridnine.opencms.ticketbrokerage.site/resources/js/standard.js HTTP/1.1" 200 3978
202.8.43.10 - - [26/Dec/2024:00:59:43 +0100] "GET /ticket2/opencms/system/modules/com.gridnine.opencms.ticketbrokerage.site/resources/js/jquery.placeholder.min.js HTTP/1.1" 200 1737
202.8.43.10 - - [26/Dec/2024:00:59:44 +0100] "GET /ticket2/opencms/system/modules/com.gridnine.opencms.ticketbrokerage.site/resources/js/common-ajax.js HTTP/1.1" 200 20175
202.8.43.10 - - [26/Dec/2024:00:59:44 +0100] "GET /ticket2/opencms/ga/ask-form.html HTTP/1.1" 200 3156
202.8.43.10 - - [26/Dec/2024:00:59:44 +0100] "GET /ticket2/opencms/system/modules/com.gridnine.opencms.ticketbrokerage.site/resources/css/ticketbrokerage.css HTTP/1.1" 200 39339
95.91.104.62 - - [26/Dec/2024:00:59:45 +0100] "GET /ticket2/opencms/sv/buy/?page=1&edid=DDC40197-C63B-2875-1DBD-858E36E0D61F HTTP/1.1" 200 111816
95.91.104.62 - - [26/Dec/2024:00:59:47 +0100] "GET /ticket2/opencms/sv/buy/?page=1&edid=DDC40197-C63B-2875-1DBD-858E36E0D61F&sortorder=desc&column=row HTTP/1.1" 200 113629
52.167.144.181 - - [26/Dec/2024:00:59:48 +0100] "GET /ticket2/opencms/ka/buy?page=1&edid=A279CA4F-563C-FA44-9E12-257295BF18EE HTTP/1.1" 200 117974
95.91.104.62 - - [26/Dec/2024:00:59:49 +0100] "GET /ticket2/opencms/sv/buy/?page=1&edid=DEB0AD3F-C885-34D9-04FD-B4B560D5B6DE HTTP/1.1" 200 111480
185.191.171.13 - - [26/Dec/2024:00:59:50 +0100] "GET /ticket2/opencms/nl/magazine/article?title=william-alain-andre-gabriel-saliba HTTP/1.1" 200 91808
95.91.104.62 - - [26/Dec/2024:00:59:51 +0100] "GET /ticket2/opencms/sv/buy/?page=1&edid=DEBB69BB-3BAB-F0BE-B5F2-8B7120D1A9CB&sortorder=asc&column=row HTTP/1.1" 200 113509
54.36.148.48 - - [26/Dec/2024:00:59:51 +0100] "GET /ticket2/opencms/tr/magazine/article?title=emirates-stadyumu-simgelesmis-bir-arena HTTP/1.1" 200 95805
202.8.42.74 - - [26/Dec/2024:00:59:52 +0100] "GET /ticket2/opencms/system/modules/com.gridnine.opencms.ticketbrokerage.site/resources/css/jquery-ui.css HTTP/1.1" 200 33221
202.8.42.74 - - [26/Dec/2024:00:59:52 +0100] "GET /ticket2/opencms/system/modules/com.gridnine.opencms.ticketbrokerage.site/resources/css/jquery.fancybox.css HTTP/1.1" 200 4939
202.8.42.74 - - [26/Dec/2024:00:59:52 +0100] "GET /ticket2/opencms/system/modules/com.gridnine.opencms.ticketbrokerage.site/resources/css/standard.css HTTP/1.1" 200 73081
202.8.42.74 - - [26/Dec/2024:00:59:52 +0100] "GET /ticket2/opencms/system/modules/com.gridnine.opencms.ticketbrokerage.site/resources/css/ticketbrokerage.css HTTP/1.1" 200 39339
202.8.42.74 - - [26/Dec/2024:00:59:52 +0100] "GET /ticket2/opencms/system/modules/com.gridnine.opencms.ticketbrokerage.site/resources/css/calendar.css HTTP/1.1" 200 6871
202.8.42.74 - - [26/Dec/2024:00:59:52 +0100] "GET /ticket2/opencms/system/modules/com.gridnine.opencms.ticketbrokerage.site/resources/js/jquery/jquery.js HTTP/1.1" 200 93868
202.8.42.74 - - [26/Dec/2024:00:59:52 +0100] "GET /ticket2/opencms/system/modules/com.gridnine.opencms.ticketbrokerage.site/resources/js/functions.js HTTP/1.1" 200 1583
202.8.42.74 - - [26/Dec/2024:00:59:52 +0100] "GET /ticket2/opencms/system/modules/com.gridnine.opencms.ticketbrokerage.site/resources/js/jquery/jquery-ui.js HTTP/1.1" 200 228088
202.8.42.74 - - [26/Dec/2024:00:59:52 +0100] "GET /ticket2/opencms/system/modules/com.gridnine.opencms.ticketbrokerage.site/resources/js/calendar.js HTTP/1.1" 200 49229
202.8.42.74 - - [26/Dec/2024:00:59:52 +0100] "GET /ticket2/opencms/system/modules/com.gridnine.opencms.ticketbrokerage.site/resources/js/calendar-en.js HTTP/1.1" 200 3338
202.8.42.74 - - [26/Dec/2024:00:59:52 +0100] "GET /ticket2/opencms/system/modules/com.gridnine.opencms.ticketbrokerage.site/resources/js/calendar-setup.js HTTP/1.1" 200 4923
85.208.96.209 - - [26/Dec/2024:00:59:52 +0100] "GET /ticket2/opencms/nl/magazine/article?title=een-dramatische-wedstrijd-tussen-tottenham-en-chelsea HTTP/1.1" 200 91917
202.8.42.74 - - [26/Dec/2024:00:59:52 +0100] "GET /ticket2/opencms/system/modules/com.gridnine.opencms.ticketbrokerage.site/resources/js/jquery.fancybox.pack.js HTTP/1.1" 200 23187
202.8.42.74 - - [26/Dec/2024:00:59:52 +0100] "GET /ticket2/opencms/system/modules/com.gridnine.opencms.ticketbrokerage.site/resources/js/stickyfill.min.js HTTP/1.1" 200 5672
202.8.42.74 - - [26/Dec/2024:00:59:52 +0100] "GET /ticket2/opencms/system/modules/com.gridnine.opencms.ticketbrokerage.site/resources/js/standard.js HTTP/1.1" 200 3978
202.8.42.74 - - [26/Dec/2024:00:59:53 +0100] "GET /ticket2/opencms/system/modules/com.gridnine.opencms.ticketbrokerage.site/resources/js/jquery.placeholder.min.js HTTP/1.1" 200 1737
202.8.42.74 - - [26/Dec/2024:00:59:53 +0100] "GET /ticket2/opencms/system/modules/com.gridnine.opencms.ticketbrokerage.site/resources/js/common-ajax.js HTTP/1.1" 200 20175
95.91.104.62 - - [26/Dec/2024:00:59:53 +0100] "GET /ticket2/opencms/sv/buy/?page=1&edid=DEBB69BB-3BAB-F0BE-B5F2-8B7120D1A9CB&sortorder=asc&column=section HTTP/1.1" 200 113794
95.91.104.62 - - [26/Dec/2024:00:59:55 +0100] "GET /ticket2/opencms/sv/buy/?page=1&edid=DEBB69BB-3BAB-F0BE-B5F2-8B7120D1A9CB&sortorder=desc&column=section HTTP/1.1" 200 113832
95.91.104.62 - - [26/Dec/2024:00:59:57 +0100] "GET /ticket2/opencms/sv/buy/?page=1&edid=DEC5FD59-47B9-C401-93D5-AF9656E4B9E7 HTTP/1.1" 200 111957
54.36.148.155 - - [26/Dec/2024:00:59:58 +0100] "GET /ticket2/opencms/dk/about/contact HTTP/1.1" 200 87893
95.91.104.62 - - [26/Dec/2024:00:59:59 +0100] "GET /ticket2/opencms/sv/buy/?page=1&edid=DF7FDCF1-CC85-5FC0-0D90-B64E90E425F7 HTTP/1.1" 200 111903
202.8.41.165 - - [26/Dec/2024:00:59:59 +0100] "GET /ticket2/opencms/system/modules/com.gridnine.opencms.ticketbrokerage.site/resources/css/jquery.fancybox.css HTTP/1.1" 200 4939
202.8.41.165 - - [26/Dec/2024:00:59:59 +0100] "GET /ticket2/opencms/system/modules/com.gridnine.opencms.ticketbrokerage.site/resources/css/standard.css HTTP/1.1" 200 73081
202.8.41.165 - - [26/Dec/2024:00:59:59 +0100] "GET /ticket2/opencms/system/modules/com.gridnine.opencms.ticketbrokerage.site/resources/css/jquery-ui.css HTTP/1.1" 200 33221
202.8.41.165 - - [26/Dec/2024:00:59:59 +0100] "GET /ticket2/opencms/system/modules/com.gridnine.opencms.ticketbrokerage.site/resources/css/calendar.css HTTP/1.1" 200 6871
202.8.41.165 - - [26/Dec/2024:00:59:59 +0100] "GET /ticket2/opencms/system/modules/com.gridnine.opencms.ticketbrokerage.site/resources/js/jquery/jquery.js HTTP/1.1" 200 93868
202.8.41.165 - - [26/Dec/2024:00:59:59 +0100] "GET /ticket2/opencms/system/modules/com.gridnine.opencms.ticketbrokerage.site/resources/css/ticketbrokerage.css HTTP/1.1" 200 39339
202.8.41.165 - - [26/Dec/2024:00:59:59 +0100] "GET /ticket2/opencms/system/modules/com.gridnine.opencms.ticketbrokerage.site/resources/js/functions.js HTTP/1.1" 200 1583
202.8.41.165 - - [26/Dec/2024:00:59:59 +0100] "GET /ticket2/opencms/system/modules/com.gridnine.opencms.ticketbrokerage.site/resources/js/jquery/jquery-ui.js HTTP/1.1" 200 228088
202.8.41.165 - - [26/Dec/2024:00:59:59 +0100] "GET /ticket2/opencms/system/modules/com.gridnine.opencms.ticketbrokerage.site/resources/js/calendar.js HTTP/1.1" 200 49229
202.8.41.165 - - [26/Dec/2024:00:59:59 +0100] "GET /ticket2/opencms/system/modules/com.gridnine.opencms.ticketbrokerage.site/resources/js/calendar-en.js HTTP/1.1" 200 3338
202.8.41.165 - - [26/Dec/2024:00:59:59 +0100] "GET /ticket2/opencms/system/modules/com.gridnine.opencms.ticketbrokerage.site/resources/js/calendar-setup.js HTTP/1.1" 200 4923
202.8.41.165 - - [26/Dec/2024:01:00:00 +0100] "GET /ticket2/opencms/system/modules/com.gridnine.opencms.ticketbrokerage.site/resources/js/jquery.fancybox.pack.js HTTP/1.1" 200 23187
202.8.41.165 - - [26/Dec/2024:01:00:00 +0100] "GET /ticket2/opencms/system/modules/com.gridnine.opencms.ticketbrokerage.site/resources/js/stickyfill.min.js HTTP/1.1" 200 5672
202.8.41.165 - - [26/Dec/2024:01:00:00 +0100] "GET /ticket2/opencms/system/modules/com.gridnine.opencms.ticketbrokerage.site/resources/js/standard.js HTTP/1.1" 200 3978
202.8.41.165 - - [26/Dec/2024:01:00:00 +0100] "GET /ticket2/opencms/system/modules/com.gridnine.opencms.ticketbrokerage.site/resources/js/jquery.placeholder.min.js HTTP/1.1" 200 1737
202.8.41.165 - - [26/Dec/2024:01:00:00 +0100] "GET /ticket2/opencms/system/modules/com.gridnine.opencms.ticketbrokerage.site/resources/js/common-ajax.js HTTP/1.1" 200 20175
95.91.104.62 - - [26/Dec/2024:01:00:01 +0100] "GET /ticket2/opencms/sv/buy/?page=1&edid=DF7FDCF1-CC85-5FC0-0D90-B64E90E425F7&sortorder=asc&column=row HTTP/1.1" 200 113711
95.91.104.62 - - [26/Dec/2024:01:00:04 +0100] "GET /ticket2/opencms/sv/buy/?page=1&edid=DF7FDCF1-CC85-5FC0-0D90-B64E90E425F7&sortorder=asc&column=section HTTP/1.1" 200 114034
95.91.104.62 - - [26/Dec/2024:01:00:06 +0100] "GET /ticket2/opencms/sv/buy/?page=1&edid=E00292B9-289F-EBF1-CED0-AB7E0F333572 HTTP/1.1" 200 112524
95.91.104.62 - - [26/Dec/2024:01:00:08 +0100] "GET /ticket2/opencms/sv/buy/?page=1&edid=E0560393-3715-BCDC-01DB-915C46DDC71D HTTP/1.1" 200 112521
54.36.149.89 - - [26/Dec/2024:01:00:09 +0100] "GET /ticket2/opencms/is/buy/?page=1&edid=7E0CE59A-F22E-9FBB-1FD3-8B411A5307E8 HTTP/1.1" 200 109713
95.91.104.62 - - [26/Dec/2024:01:00:10 +0100] "GET /ticket2/opencms/sv/buy/?page=1&edid=E0560393-3715-BCDC-01DB-915C46DDC71D&sortorder=desc&column=price HTTP/1.1" 200 114397
185.41.152.31 - - [26/Dec/2024:01:00:10 +0100] "GET /ticket2/opencms/ HTTP/1.1" 302 -
202.8.41.117 - - [26/Dec/2024:01:00:10 +0100] "GET /ticket2/opencms/system/modules/com.gridnine.opencms.ticketbrokerage.site/resources/css/jquery.fancybox.css HTTP/1.1" 200 4939
202.8.41.117 - - [26/Dec/2024:01:00:10 +0100] "GET /ticket2/opencms/system/modules/com.gridnine.opencms.ticketbrokerage.site/resources/css/calendar.css HTTP/1.1" 200 6871
202.8.41.117 - - [26/Dec/2024:01:00:10 +0100] "GET /ticket2/opencms/system/modules/com.gridnine.opencms.ticketbrokerage.site/resources/css/ticketbrokerage.css HTTP/1.1" 200 39339
202.8.41.117 - - [26/Dec/2024:01:00:10 +0100] "GET /ticket2/opencms/system/modules/com.gridnine.opencms.ticketbrokerage.site/resources/css/standard.css HTTP/1.1" 200 73081
202.8.41.117 - - [26/Dec/2024:01:00:10 +0100] "GET /ticket2/opencms/system/modules/com.gridnine.opencms.ticketbrokerage.site/resources/css/jquery-ui.css HTTP/1.1" 200 33221
202.8.41.117 - - [26/Dec/2024:01:00:10 +0100] "GET /ticket2/opencms/system/modules/com.gridnine.opencms.ticketbrokerage.site/resources/js/jquery/jquery.js HTTP/1.1" 200 93868
202.8.41.117 - - [26/Dec/2024:01:00:10 +0100] "GET /ticket2/opencms/system/modules/com.gridnine.opencms.ticketbrokerage.site/resources/js/functions.js HTTP/1.1" 200 1583
202.8.41.117 - - [26/Dec/2024:01:00:10 +0100] "GET /ticket2/opencms/system/modules/com.gridnine.opencms.ticketbrokerage.site/resources/js/calendar.js HTTP/1.1" 200 49229
202.8.41.117 - - [26/Dec/2024:01:00:10 +0100] "GET /ticket2/opencms/system/modules/com.gridnine.opencms.ticketbrokerage.site/resources/js/jquery/jquery-ui.js HTTP/1.1" 200 228088
202.8.41.117 - - [26/Dec/2024:01:00:10 +0100] "GET /ticket2/opencms/system/modules/com.gridnine.opencms.ticketbrokerage.site/resources/js/calendar-setup.js HTTP/1.1" 200 4923
202.8.41.117 - - [26/Dec/2024:01:00:10 +0100] "GET /ticket2/opencms/system/modules/com.gridnine.opencms.ticketbrokerage.site/resources/js/calendar-en.js HTTP/1.1" 200 3338
202.8.41.117 - - [26/Dec/2024:01:00:10 +0100] "GET /ticket2/opencms/system/modules/com.gridnine.opencms.ticketbrokerage.site/resources/js/jquery.fancybox.pack.js HTTP/1.1" 200 23187
202.8.41.117 - - [26/Dec/2024:01:00:10 +0100] "GET /ticket2/opencms/system/modules/com.gridnine.opencms.ticketbrokerage.site/resources/js/stickyfill.min.js HTTP/1.1" 200 5672
202.8.41.117 - - [26/Dec/2024:01:00:10 +0100] "GET /ticket2/opencms/system/modules/com.gridnine.opencms.ticketbrokerage.site/resources/js/standard.js HTTP/1.1" 200 3978
202.8.41.117 - - [26/Dec/2024:01:00:10 +0100] "GET /ticket2/opencms/system/modules/com.gridnine.opencms.ticketbrokerage.site/resources/js/jquery.placeholder.min.js HTTP/1.1" 200 1737
202.8.41.117 - - [26/Dec/2024:01:00:11 +0100] "GET /ticket2/opencms/system/modules/com.gridnine.opencms.ticketbrokerage.site/resources/js/common-ajax.js HTTP/1.1" 200 20175
202.8.41.117 - - [26/Dec/2024:01:00:11 +0100] "GET /ticket2/opencms/is/ask-form.html HTTP/1.1" 200 3156
202.8.41.117 - - [26/Dec/2024:01:00:11 +0100] "GET /ticket2/opencms/system/modules/com.gridnine.opencms.ticketbrokerage.site/resources/css/ticketbrokerage.css HTTP/1.1" 200 39339
95.91.104.62 - - [26/Dec/2024:01:00:11 +0100] "GET /ticket2/opencms/sv/buy/?page=1&edid=E0560393-3715-BCDC-01DB-915C46DDC71D&sortorder=desc&column=row HTTP/1.1" 200 114265
185.41.152.31 - - [26/Dec/2024:01:00:12 +0100] "GET /ticket2/opencms/fr/ HTTP/1.1" 200 101673
85.208.96.209 - - [26/Dec/2024:01:00:12 +0100] "GET /ticket2/opencms/sl/magazine/article?title=liga-prvakov-vstopnice-na-ticket2 HTTP/1.1" 200 96420
95.91.104.62 - - [26/Dec/2024:01:00:14 +0100] "GET /ticket2/opencms/sv/buy/?page=1&edid=E0560393-3715-BCDC-01DB-915C46DDC71D&sortorder=desc&column=section HTTP/1.1" 200 114567
54.36.148.30 - - [26/Dec/2024:01:00:15 +0100] "GET /ticket2/opencms/lt/buy/?page=1&edid=994E215A-9A15-E95E-C4D5-1AE68ACEBE26 HTTP/1.1" 200 109842
95.91.104.62 - - [26/Dec/2024:01:00:15 +0100] "GET /ticket2/opencms/sv/buy/?page=1&edid=E0B4B777-7EB3-2A8E-35EC-2CB7F8614609 HTTP/1.1" 200 111420
52.167.144.181 - - [26/Dec/2024:01:00:15 +0100] "GET /ticket2/opencms/sk/buy?page=1&edid=F4CAEEF8-A2B5-7AE2-01E7-ECA9DAE399F6 HTTP/1.1" 200 113666
202.8.40.25 - - [26/Dec/2024:01:00:17 +0100] "GET /ticket2/opencms/system/modules/com.gridnine.opencms.ticketbrokerage.site/resources/css/jquery-ui.css HTTP/1.1" 200 33221
202.8.40.25 - - [26/Dec/2024:01:00:17 +0100] "GET /ticket2/opencms/system/modules/com.gridnine.opencms.ticketbrokerage.site/resources/css/calendar.css HTTP/1.1" 200 6871
202.8.40.25 - - [26/Dec/2024:01:00:17 +0100] "GET /ticket2/opencms/system/modules/com.gridnine.opencms.ticketbrokerage.site/resources/css/ticketbrokerage.css HTTP/1.1" 200 39339
202.8.40.25 - - [26/Dec/2024:01:00:17 +0100] "GET /ticket2/opencms/system/modules/com.gridnine.opencms.ticketbrokerage.site/resources/css/standard.css HTTP/1.1" 200 73081
202.8.40.25 - - [26/Dec/2024:01:00:17 +0100] "GET /ticket2/opencms/system/modules/com.gridnine.opencms.ticketbrokerage.site/resources/css/jquery.fancybox.css HTTP/1.1" 200 4939
202.8.40.25 - - [26/Dec/2024:01:00:17 +0100] "GET /ticket2/opencms/system/modules/com.gridnine.opencms.ticketbrokerage.site/resources/js/jquery/jquery.js HTTP/1.1" 200 93868
202.8.40.25 - - [26/Dec/2024:01:00:17 +0100] "GET /ticket2/opencms/system/modules/com.gridnine.opencms.ticketbrokerage.site/resources/js/jquery/jquery-ui.js HTTP/1.1" 200 228088
202.8.40.25 - - [26/Dec/2024:01:00:17 +0100] "GET /ticket2/opencms/system/modules/com.gridnine.opencms.ticketbrokerage.site/resources/js/functions.js HTTP/1.1" 200 1583
202.8.40.25 - - [26/Dec/2024:01:00:17 +0100] "GET /ticket2/opencms/system/modules/com.gridnine.opencms.ticketbrokerage.site/resources/js/calendar.js HTTP/1.1" 200 49229
