202.8.40.25 - - [26/Dec/2024:01:00:17 +0100] "GET /ticket2/opencms/system/modules/com.gridnine.opencms.ticketbrokerage.site/resources/js/calendar-en.js HTTP/1.1" 200 3338
202.8.40.25 - - [26/Dec/2024:01:00:17 +0100] "GET /ticket2/opencms/system/modules/com.gridnine.opencms.ticketbrokerage.site/resources/js/calendar-setup.js HTTP/1.1" 200 4923
202.8.40.25 - - [26/Dec/2024:01:00:17 +0100] "GET /ticket2/opencms/system/modules/com.gridnine.opencms.ticketbrokerage.site/resources/js/jquery.fancybox.pack.js HTTP/1.1" 200 23187
202.8.40.25 - - [26/Dec/2024:01:00:17 +0100] "GET /ticket2/opencms/system/modules/com.gridnine.opencms.ticketbrokerage.site/resources/js/stickyfill.min.js HTTP/1.1" 200 5672
202.8.40.25 - - [26/Dec/2024:01:00:17 +0100] "GET /ticket2/opencms/system/modules/com.gridnine.opencms.ticketbrokerage.site/resources/js/standard.js HTTP/1.1" 200 3978
202.8.40.25 - - [26/Dec/2024:01:00:17 +0100] "GET /ticket2/opencms/system/modules/com.gridnine.opencms.ticketbrokerage.site/resources/js/jquery.placeholder.min.js HTTP/1.1" 200 1737
202.8.40.25 - - [26/Dec/2024:01:00:17 +0100] "GET /ticket2/opencms/system/modules/com.gridnine.opencms.ticketbrokerage.site/resources/js/common-ajax.js HTTP/1.1" 200 20175
202.8.40.25 - - [26/Dec/2024:01:00:17 +0100] "GET /ticket2/opencms/lt/ask-form.html HTTP/1.1" 200 3156
202.8.40.25 - - [26/Dec/2024:01:00:18 +0100] "GET /ticket2/opencms/system/modules/com.gridnine.opencms.ticketbrokerage.site/resources/css/ticketbrokerage.css HTTP/1.1" 200 39339
95.91.104.62 - - [26/Dec/2024:01:00:18 +0100] "GET /ticket2/opencms/sv/buy/?page=1&edid=E0E0A92E-E970-D7B2-B5EB-9799FE58777D&sortorder=asc&column=price HTTP/1.1" 200 113190
52.167.144.181 - - [26/Dec/2024:01:00:18 +0100] "GET /ticket2/opencms/tr/buy?page=1&edid=C50C359D-FED8-6125-4F08-37D85D558529 HTTP/1.1" 200 110217
85.208.96.205 - - [26/Dec/2024:01:00:19 +0100] "GET /ticket2/opencms/be/sport/futbol-kvitki/champions-league/montpellier/ HTTP/1.1" 200 96471
95.91.104.62 - - [26/Dec/2024:01:00:20 +0100] "GET /ticket2/opencms/sv/buy/?page=1&edid=E1065CE0-2A25-C636-919D-5F772AE406F7 HTTP/1.1" 200 112659
95.91.104.62 - - [26/Dec/2024:01:00:22 +0100] "GET /ticket2/opencms/sv/buy/?page=1&edid=E1B0D8A0-D6A6-F1B8-598E-C8ECA85414D0 HTTP/1.1" 200 112411
47.128.121.71 - - [26/Dec/2024:01:00:22 +0100] "GET /ticket2/opencms/hu/buy?edid=0F9D6B87-FBA2-98F6-6A11-CBBA4D2A86C1 HTTP/1.1" 200 92668
114.119.141.34 - - [26/Dec/2024:01:00:23 +0100] "GET /ticket2/opencms/en/venue/?venueid=237BBFFD-D521-47F4-96BB-A1C99D9BA273 HTTP/1.1" 200 85061
54.36.149.45 - - [26/Dec/2024:01:00:24 +0100] "GET /ticket2/opencms/mo/buy/?page=1&edid=E8BA54CC-B112-3D61-BE02-1B4D1E4F63D1 HTTP/1.1" 200 135535
95.91.104.62 - - [26/Dec/2024:01:00:24 +0100] "GET /ticket2/opencms/sv/buy/?page=1&edid=E1FBBD6F-BAD9-0886-B868-DED3D542F1AC HTTP/1.1" 200 110901
114.119.151.93 - - [26/Dec/2024:01:00:24 +0100] "GET /ticket2/opencms/sv/buy?page=1&edid=FBDD6D75-E50D-E656-DD0D-140A87A57CDC HTTP/1.1" 200 111767
202.8.41.167 - - [26/Dec/2024:01:00:25 +0100] "GET /ticket2/opencms/system/modules/com.gridnine.opencms.ticketbrokerage.site/resources/css/ticketbrokerage.css HTTP/1.1" 200 39339
202.8.41.167 - - [26/Dec/2024:01:00:25 +0100] "GET /ticket2/opencms/system/modules/com.gridnine.opencms.ticketbrokerage.site/resources/css/jquery-ui.css HTTP/1.1" 200 33221
202.8.41.167 - - [26/Dec/2024:01:00:25 +0100] "GET /ticket2/opencms/system/modules/com.gridnine.opencms.ticketbrokerage.site/resources/css/standard.css HTTP/1.1" 200 73081
202.8.41.167 - - [26/Dec/2024:01:00:25 +0100] "GET /ticket2/opencms/system/modules/com.gridnine.opencms.ticketbrokerage.site/resources/css/jquery.fancybox.css HTTP/1.1" 200 4939
202.8.41.167 - - [26/Dec/2024:01:00:25 +0100] "GET /ticket2/opencms/system/modules/com.gridnine.opencms.ticketbrokerage.site/resources/css/calendar.css HTTP/1.1" 200 6871
202.8.41.167 - - [26/Dec/2024:01:00:25 +0100] "GET /ticket2/opencms/system/modules/com.gridnine.opencms.ticketbrokerage.site/resources/js/jquery/jquery-ui.js HTTP/1.1" 200 228088
202.8.41.167 - - [26/Dec/2024:01:00:25 +0100] "GET /ticket2/opencms/system/modules/com.gridnine.opencms.ticketbrokerage.site/resources/js/functions.js HTTP/1.1" 200 1583
202.8.41.167 - - [26/Dec/2024:01:00:25 +0100] "GET /ticket2/opencms/system/modules/com.gridnine.opencms.ticketbrokerage.site/resources/js/jquery/jquery.js HTTP/1.1" 200 93868
202.8.41.167 - - [26/Dec/2024:01:00:25 +0100] "GET /ticket2/opencms/system/modules/com.gridnine.opencms.ticketbrokerage.site/resources/js/calendar.js HTTP/1.1" 200 49229
202.8.41.167 - - [26/Dec/2024:01:00:25 +0100] "GET /ticket2/opencms/system/modules/com.gridnine.opencms.ticketbrokerage.site/resources/js/stickyfill.min.js HTTP/1.1" 200 5672
202.8.41.167 - - [26/Dec/2024:01:00:25 +0100] "GET /ticket2/opencms/system/modules/com.gridnine.opencms.ticketbrokerage.site/resources/js/calendar-en.js HTTP/1.1" 200 3338
202.8.41.167 - - [26/Dec/2024:01:00:25 +0100] "GET /ticket2/opencms/system/modules/com.gridnine.opencms.ticketbrokerage.site/resources/js/jquery.fancybox.pack.js HTTP/1.1" 200 23187
202.8.41.167 - - [26/Dec/2024:01:00:25 +0100] "GET /ticket2/opencms/system/modules/com.gridnine.opencms.ticketbrokerage.site/resources/js/calendar-setup.js HTTP/1.1" 200 4923
202.8.41.167 - - [26/Dec/2024:01:00:25 +0100] "GET /ticket2/opencms/system/modules/com.gridnine.opencms.ticketbrokerage.site/resources/js/standard.js HTTP/1.1" 200 3978
202.8.41.167 - - [26/Dec/2024:01:00:25 +0100] "GET /ticket2/opencms/system/modules/com.gridnine.opencms.ticketbrokerage.site/resources/js/jquery.placeholder.min.js HTTP/1.1" 200 1737
202.8.41.167 - - [26/Dec/2024:01:00:25 +0100] "GET /ticket2/opencms/system/modules/com.gridnine.opencms.ticketbrokerage.site/resources/js/common-ajax.js HTTP/1.1" 200 20175
202.8.41.167 - - [26/Dec/2024:01:00:25 +0100] "GET /ticket2/opencms/mo/ask-form.html HTTP/1.1" 200 3156
202.8.41.167 - - [26/Dec/2024:01:00:25 +0100] "GET /ticket2/opencms/mo/ask-form.html HTTP/1.1" 200 3156
95.91.104.62 - - [26/Dec/2024:01:00:25 +0100] "GET /ticket2/opencms/sv/buy/?page=1&edid=E1FBBD6F-BAD9-0886-B868-DED3D542F1AC&sortorder=asc&column=price HTTP/1.1" 200 112726
202.8.41.167 - - [26/Dec/2024:01:00:25 +0100] "GET /ticket2/opencms/system/modules/com.gridnine.opencms.ticketbrokerage.site/resources/css/ticketbrokerage.css HTTP/1.1" 200 39339
114.119.135.251 - - [26/Dec/2024:01:00:26 +0100] "GET /ticket2/opencms/en/buy/?page=1&=41CD7066-237A-B852-387D-3D5D7B688DF9 HTTP/1.1" 200 6507
95.91.104.62 - - [26/Dec/2024:01:00:27 +0100] "GET /ticket2/opencms/sv/buy/?page=1&edid=E1FBBD6F-BAD9-0886-B868-DED3D542F1AC&sortorder=asc&column=row HTTP/1.1" 200 112581
52.167.144.194 - - [26/Dec/2024:01:00:28 +0100] "GET /ticket2/opencms/sl/?page=6&comcatid=A17713B6-D984-201A-4143-ED4DB5ED5C2E&catid=7ACC33AD-EE7E-AAA7-9050-0F4587759B87 HTTP/1.1" 200 101758
66.249.77.11 - - [26/Dec/2024:01:00:28 +0100] "GET /ticket2/opencms/en/buy/?page=1&edid=5D4ED722-E7EE-750F-EB84-B354A599964F HTTP/1.1" 200 117225
54.36.148.70 - - [26/Dec/2024:01:00:29 +0100] "GET /ticket2/opencms/fi/buy/?page=1&edid=F86B9858-FECA-8B69-0345-5BABEB4E1340 HTTP/1.1" 200 118065
95.91.104.62 - - [26/Dec/2024:01:00:29 +0100] "GET /ticket2/opencms/sv/buy/?page=1&edid=E1FBBD6F-BAD9-0886-B868-DED3D542F1AC&sortorder=asc&column=section HTTP/1.1" 200 112853
202.8.41.195 - - [26/Dec/2024:01:00:30 +0100] "GET /ticket2/opencms/system/modules/com.gridnine.opencms.ticketbrokerage.site/resources/css/jquery.fancybox.css HTTP/1.1" 200 4939
202.8.41.195 - - [26/Dec/2024:01:00:30 +0100] "GET /ticket2/opencms/system/modules/com.gridnine.opencms.ticketbrokerage.site/resources/css/calendar.css HTTP/1.1" 200 6871
202.8.41.195 - - [26/Dec/2024:01:00:30 +0100] "GET /ticket2/opencms/system/modules/com.gridnine.opencms.ticketbrokerage.site/resources/css/jquery-ui.css HTTP/1.1" 200 33221
202.8.41.195 - - [26/Dec/2024:01:00:30 +0100] "GET /ticket2/opencms/system/modules/com.gridnine.opencms.ticketbrokerage.site/resources/css/standard.css HTTP/1.1" 200 73081
202.8.41.195 - - [26/Dec/2024:01:00:30 +0100] "GET /ticket2/opencms/system/modules/com.gridnine.opencms.ticketbrokerage.site/resources/css/ticketbrokerage.css HTTP/1.1" 200 39339
202.8.41.195 - - [26/Dec/2024:01:00:30 +0100] "GET /ticket2/opencms/system/modules/com.gridnine.opencms.ticketbrokerage.site/resources/js/jquery/jquery.js HTTP/1.1" 200 93868
202.8.41.195 - - [26/Dec/2024:01:00:30 +0100] "GET /ticket2/opencms/system/modules/com.gridnine.opencms.ticketbrokerage.site/resources/js/jquery/jquery-ui.js HTTP/1.1" 200 228088
202.8.41.195 - - [26/Dec/2024:01:00:30 +0100] "GET /ticket2/opencms/system/modules/com.gridnine.opencms.ticketbrokerage.site/resources/js/functions.js HTTP/1.1" 200 1583
202.8.41.195 - - [26/Dec/2024:01:00:30 +0100] "GET /ticket2/opencms/system/modules/com.gridnine.opencms.ticketbrokerage.site/resources/js/calendar.js HTTP/1.1" 200 49229
202.8.41.195 - - [26/Dec/2024:01:00:30 +0100] "GET /ticket2/opencms/system/modules/com.gridnine.opencms.ticketbrokerage.site/resources/js/calendar-setup.js HTTP/1.1" 200 4923
202.8.41.195 - - [26/Dec/2024:01:00:30 +0100] "GET /ticket2/opencms/system/modules/com.gridnine.opencms.ticketbrokerage.site/resources/js/calendar-en.js HTTP/1.1" 200 3338
202.8.41.195 - - [26/Dec/2024:01:00:30 +0100] "GET /ticket2/opencms/system/modules/com.gridnine.opencms.ticketbrokerage.site/resources/js/jquery.fancybox.pack.js HTTP/1.1" 200 23187
202.8.41.195 - - [26/Dec/2024:01:00:30 +0100] "GET /ticket2/opencms/system/modules/com.gridnine.opencms.ticketbrokerage.site/resources/js/stickyfill.min.js HTTP/1.1" 200 5672
202.8.41.195 - - [26/Dec/2024:01:00:30 +0100] "GET /ticket2/opencms/system/modules/com.gridnine.opencms.ticketbrokerage.site/resources/js/standard.js HTTP/1.1" 200 3978
202.8.41.195 - - [26/Dec/2024:01:00:31 +0100] "GET /ticket2/opencms/system/modules/com.gridnine.opencms.ticketbrokerage.site/resources/js/jquery.placeholder.min.js HTTP/1.1" 200 1737
202.8.41.195 - - [26/Dec/2024:01:00:31 +0100] "GET /ticket2/opencms/system/modules/com.gridnine.opencms.ticketbrokerage.site/resources/js/common-ajax.js HTTP/1.1" 200 20175
202.8.41.195 - - [26/Dec/2024:01:00:31 +0100] "GET /ticket2/opencms/fi/ask-form.html HTTP/1.1" 200 3012
202.8.41.195 - - [26/Dec/2024:01:00:31 +0100] "GET /ticket2/opencms/fi/ask-form.html HTTP/1.1" 200 3012
202.8.41.195 - - [26/Dec/2024:01:00:31 +0100] "GET /ticket2/opencms/system/modules/com.gridnine.opencms.ticketbrokerage.site/resources/css/ticketbrokerage.css HTTP/1.1" 200 39339
95.91.104.62 - - [26/Dec/2024:01:00:31 +0100] "GET /ticket2/opencms/sv/buy/?page=1&edid=E1FBBD6F-BAD9-0886-B868-DED3D542F1AC&sortorder=desc&column=price HTTP/1.1" 200 112764
66.249.76.36 - - [26/Dec/2024:01:00:32 +0100] "GET /ticket2/opencms/system/modules/com.gridnine.opencms.ticketbrokerage.site/resources/js/standard.js HTTP/1.1" 200 3978
52.167.144.220 - - [26/Dec/2024:01:00:32 +0100] "GET /ticket2/opencms/tr/buy?page=1&edid=779DCE22-7865-5C8E-54FB-44794C9B955F HTTP/1.1" 200 133481
66.249.77.11 - - [26/Dec/2024:01:00:32 +0100] "GET /ticket2/opencms/en/ask-form.html HTTP/1.1" 200 3146
95.91.104.62 - - [26/Dec/2024:01:00:33 +0100] "GET /ticket2/opencms/sv/buy/?page=1&edid=E1FBBD6F-BAD9-0886-B868-DED3D542F1AC&sortorder=desc&column=row HTTP/1.1" 200 112691
95.91.104.62 - - [26/Dec/2024:01:00:35 +0100] "GET /ticket2/opencms/sv/buy/?page=1&edid=E1FBBD6F-BAD9-0886-B868-DED3D542F1AC&sortorder=desc&column=section HTTP/1.1" 200 112921
95.91.104.62 - - [26/Dec/2024:01:00:37 +0100] "GET /ticket2/opencms/sv/buy/?page=1&edid=E210EA08-C305-62F6-445A-64FC62365EF4&sortorder=asc&column=price HTTP/1.1" 200 113824
95.91.104.62 - - [26/Dec/2024:01:00:39 +0100] "GET /ticket2/opencms/sv/buy/?page=1&edid=E210EA08-C305-62F6-445A-64FC62365EF4&sortorder=asc&column=row HTTP/1.1" 200 113734
54.36.148.221 - - [26/Dec/2024:01:00:40 +0100] "GET /ticket2/opencms/bg/buy/?page=1&edid=8E43ECF6-11B9-CAF2-A331-C77F36107AD0 HTTP/1.1" 200 125126
95.91.104.62 - - [26/Dec/2024:01:00:41 +0100] "GET /ticket2/opencms/sv/buy/?page=1&edid=E210EA08-C305-62F6-445A-64FC62365EF4&sortorder=desc&column=price HTTP/1.1" 200 113939
185.191.171.7 - - [26/Dec/2024:01:00:42 +0100] "GET /ticket2/opencms/sq/magazine/article?title=chelsea-vs-tottenham-2-0 HTTP/1.1" 200 94297
202.8.41.28 - - [26/Dec/2024:01:00:42 +0100] "GET /ticket2/opencms/system/modules/com.gridnine.opencms.ticketbrokerage.site/resources/css/jquery.fancybox.css HTTP/1.1" 200 4939
202.8.41.28 - - [26/Dec/2024:01:00:42 +0100] "GET /ticket2/opencms/system/modules/com.gridnine.opencms.ticketbrokerage.site/resources/css/calendar.css HTTP/1.1" 200 6871
202.8.41.28 - - [26/Dec/2024:01:00:42 +0100] "GET /ticket2/opencms/system/modules/com.gridnine.opencms.ticketbrokerage.site/resources/css/standard.css HTTP/1.1" 200 73081
202.8.41.28 - - [26/Dec/2024:01:00:42 +0100] "GET /ticket2/opencms/system/modules/com.gridnine.opencms.ticketbrokerage.site/resources/css/ticketbrokerage.css HTTP/1.1" 200 39339
202.8.41.28 - - [26/Dec/2024:01:00:42 +0100] "GET /ticket2/opencms/system/modules/com.gridnine.opencms.ticketbrokerage.site/resources/css/jquery-ui.css HTTP/1.1" 200 33221
202.8.41.28 - - [26/Dec/2024:01:00:42 +0100] "GET /ticket2/opencms/system/modules/com.gridnine.opencms.ticketbrokerage.site/resources/js/jquery/jquery-ui.js HTTP/1.1" 200 228088
202.8.41.28 - - [26/Dec/2024:01:00:42 +0100] "GET /ticket2/opencms/system/modules/com.gridnine.opencms.ticketbrokerage.site/resources/js/jquery/jquery.js HTTP/1.1" 200 93868
202.8.41.28 - - [26/Dec/2024:01:00:42 +0100] "GET /ticket2/opencms/system/modules/com.gridnine.opencms.ticketbrokerage.site/resources/js/functions.js HTTP/1.1" 200 1583
202.8.41.28 - - [26/Dec/2024:01:00:42 +0100] "GET /ticket2/opencms/system/modules/com.gridnine.opencms.ticketbrokerage.site/resources/js/calendar.js HTTP/1.1" 200 49229
202.8.41.28 - - [26/Dec/2024:01:00:42 +0100] "GET /ticket2/opencms/system/modules/com.gridnine.opencms.ticketbrokerage.site/resources/js/calendar-en.js HTTP/1.1" 200 3338
202.8.41.28 - - [26/Dec/2024:01:00:42 +0100] "GET /ticket2/opencms/system/modules/com.gridnine.opencms.ticketbrokerage.site/resources/js/calendar-setup.js HTTP/1.1" 200 4923
202.8.41.28 - - [26/Dec/2024:01:00:42 +0100] "GET /ticket2/opencms/system/modules/com.gridnine.opencms.ticketbrokerage.site/resources/js/jquery.fancybox.pack.js HTTP/1.1" 200 23187
202.8.41.28 - - [26/Dec/2024:01:00:42 +0100] "GET /ticket2/opencms/system/modules/com.gridnine.opencms.ticketbrokerage.site/resources/js/stickyfill.min.js HTTP/1.1" 200 5672
202.8.41.28 - - [26/Dec/2024:01:00:42 +0100] "GET /ticket2/opencms/system/modules/com.gridnine.opencms.ticketbrokerage.site/resources/js/standard.js HTTP/1.1" 200 3978
202.8.41.28 - - [26/Dec/2024:01:00:43 +0100] "GET /ticket2/opencms/system/modules/com.gridnine.opencms.ticketbrokerage.site/resources/js/jquery.placeholder.min.js HTTP/1.1" 200 1737
202.8.41.28 - - [26/Dec/2024:01:00:43 +0100] "GET /ticket2/opencms/system/modules/com.gridnine.opencms.ticketbrokerage.site/resources/js/common-ajax.js HTTP/1.1" 200 20175
202.8.41.28 - - [26/Dec/2024:01:00:43 +0100] "GET /ticket2/opencms/bg/ask-form.html HTTP/1.1" 200 3156
202.8.41.28 - - [26/Dec/2024:01:00:43 +0100] "GET /ticket2/opencms/bg/ask-form.html HTTP/1.1" 200 3156
202.8.41.28 - - [26/Dec/2024:01:00:43 +0100] "GET /ticket2/opencms/system/modules/com.gridnine.opencms.ticketbrokerage.site/resources/css/ticketbrokerage.css HTTP/1.1" 200 39339
95.91.104.62 - - [26/Dec/2024:01:00:43 +0100] "GET /ticket2/opencms/sv/buy/?page=1&edid=E250529A-1DDD-AE95-4941-50FB7D17DDA1&sortorder=asc&column=price HTTP/1.1" 200 113813
85.208.96.195 - - [26/Dec/2024:01:00:44 +0100] "GET /ticket2/opencms/no/magazine/article?title=neymar-en-av-verdens-dyreste-overganger HTTP/1.1" 200 90117
95.91.104.62 - - [26/Dec/2024:01:00:45 +0100] "GET /ticket2/opencms/sv/buy/?page=1&edid=E250529A-1DDD-AE95-4941-50FB7D17DDA1&sortorder=asc&column=row HTTP/1.1" 200 113718
202.8.41.28 - - [26/Dec/2024:01:00:45 +0100] "GET /ticket2/opencms/system/modules/com.gridnine.opencms.ticketbrokerage.site/resources/js/standard.js HTTP/1.1" 200 3978
95.91.104.62 - - [26/Dec/2024:01:00:47 +0100] "GET /ticket2/opencms/sv/buy/?page=1&edid=E250529A-1DDD-AE95-4941-50FB7D17DDA1&sortorder=asc&column=section HTTP/1.1" 200 113894
54.36.149.104 - - [26/Dec/2024:01:00:48 +0100] "GET /ticket2/opencms/sk/buy/?page=1&edid=C9919F63-312E-C4DF-29D6-DA1CE80EC9A2 HTTP/1.1" 200 128421
95.91.104.62 - - [26/Dec/2024:01:00:49 +0100] "GET /ticket2/opencms/sv/buy/?page=1&edid=E29699DA-9795-6903-EBDA-496D57340F6C HTTP/1.1" 200 110935
202.8.42.181 - - [26/Dec/2024:01:00:49 +0100] "GET /ticket2/opencms/system/modules/com.gridnine.opencms.ticketbrokerage.site/resources/css/ticketbrokerage.css HTTP/1.1" 200 39339
202.8.42.181 - - [26/Dec/2024:01:00:49 +0100] "GET /ticket2/opencms/system/modules/com.gridnine.opencms.ticketbrokerage.site/resources/css/jquery-ui.css HTTP/1.1" 200 33221
202.8.42.181 - - [26/Dec/2024:01:00:49 +0100] "GET /ticket2/opencms/system/modules/com.gridnine.opencms.ticketbrokerage.site/resources/css/jquery.fancybox.css HTTP/1.1" 200 4939
202.8.42.181 - - [26/Dec/2024:01:00:49 +0100] "GET /ticket2/opencms/system/modules/com.gridnine.opencms.ticketbrokerage.site/resources/css/calendar.css HTTP/1.1" 200 6871
202.8.42.181 - - [26/Dec/2024:01:00:49 +0100] "GET /ticket2/opencms/system/modules/com.gridnine.opencms.ticketbrokerage.site/resources/css/standard.css HTTP/1.1" 200 73081
202.8.42.181 - - [26/Dec/2024:01:00:49 +0100] "GET /ticket2/opencms/system/modules/com.gridnine.opencms.ticketbrokerage.site/resources/js/jquery/jquery.js HTTP/1.1" 200 93868
202.8.42.181 - - [26/Dec/2024:01:00:50 +0100] "GET /ticket2/opencms/system/modules/com.gridnine.opencms.ticketbrokerage.site/resources/js/jquery/jquery-ui.js HTTP/1.1" 200 228088
202.8.42.181 - - [26/Dec/2024:01:00:50 +0100] "GET /ticket2/opencms/system/modules/com.gridnine.opencms.ticketbrokerage.site/resources/js/functions.js HTTP/1.1" 200 1583
202.8.42.181 - - [26/Dec/2024:01:00:50 +0100] "GET /ticket2/opencms/system/modules/com.gridnine.opencms.ticketbrokerage.site/resources/js/calendar.js HTTP/1.1" 200 49229
202.8.42.181 - - [26/Dec/2024:01:00:50 +0100] "GET /ticket2/opencms/system/modules/com.gridnine.opencms.ticketbrokerage.site/resources/js/stickyfill.min.js HTTP/1.1" 200 5672
202.8.42.181 - - [26/Dec/2024:01:00:50 +0100] "GET /ticket2/opencms/system/modules/com.gridnine.opencms.ticketbrokerage.site/resources/js/calendar-en.js HTTP/1.1" 200 3338
202.8.42.181 - - [26/Dec/2024:01:00:50 +0100] "GET /ticket2/opencms/system/modules/com.gridnine.opencms.ticketbrokerage.site/resources/js/calendar-setup.js HTTP/1.1" 200 4923
202.8.42.181 - - [26/Dec/2024:01:00:50 +0100] "GET /ticket2/opencms/system/modules/com.gridnine.opencms.ticketbrokerage.site/resources/js/jquery.fancybox.pack.js HTTP/1.1" 200 23187
202.8.42.181 - - [26/Dec/2024:01:00:50 +0100] "GET /ticket2/opencms/system/modules/com.gridnine.opencms.ticketbrokerage.site/resources/js/standard.js HTTP/1.1" 200 3978
202.8.42.181 - - [26/Dec/2024:01:00:50 +0100] "GET /ticket2/opencms/system/modules/com.gridnine.opencms.ticketbrokerage.site/resources/js/jquery.placeholder.min.js HTTP/1.1" 200 1737
202.8.42.181 - - [26/Dec/2024:01:00:50 +0100] "GET /ticket2/opencms/system/modules/com.gridnine.opencms.ticketbrokerage.site/resources/js/common-ajax.js HTTP/1.1" 200 20175
202.8.42.181 - - [26/Dec/2024:01:00:50 +0100] "GET /ticket2/opencms/sk/ask-form.html HTTP/1.1" 200 3156
95.91.104.62 - - [26/Dec/2024:01:00:51 +0100] "GET /ticket2/opencms/sv/buy/?page=1&edid=E29699DA-9795-6903-EBDA-496D57340F6C&sortorder=asc&column=price HTTP/1.1" 200 112769
202.8.42.181 - - [26/Dec/2024:01:00:52 +0100] "GET /ticket2/opencms/sk/ask-form.html HTTP/1.1" 200 3156
202.8.42.181 - - [26/Dec/2024:01:00:52 +0100] "GET /ticket2/opencms/system/modules/com.gridnine.opencms.ticketbrokerage.site/resources/css/ticketbrokerage.css HTTP/1.1" 200 39339
95.91.104.62 - - [26/Dec/2024:01:00:53 +0100] "GET /ticket2/opencms/sv/buy/?page=1&edid=E305D0D4-BB5B-19E2-61CE-4AD68E07A65B&sortorder=asc&column=price HTTP/1.1" 200 114066
54.36.149.20 - - [26/Dec/2024:01:00:55 +0100] "GET /ticket2/opencms/bg/buy/?page=1&edid=AA8C5089-9B5D-0C1A-1662-169B0C579120 HTTP/1.1" 200 125027
95.91.104.62 - - [26/Dec/2024:01:00:55 +0100] "GET /ticket2/opencms/sv/buy/?page=1&edid=E305D0D4-BB5B-19E2-61CE-4AD68E07A65B&sortorder=asc&column=row HTTP/1.1" 200 113917
202.8.40.217 - - [26/Dec/2024:01:00:57 +0100] "GET /ticket2/opencms/system/modules/com.gridnine.opencms.ticketbrokerage.site/resources/css/calendar.css HTTP/1.1" 200 6871
202.8.40.217 - - [26/Dec/2024:01:00:57 +0100] "GET /ticket2/opencms/system/modules/com.gridnine.opencms.ticketbrokerage.site/resources/css/ticketbrokerage.css HTTP/1.1" 200 39339
202.8.40.217 - - [26/Dec/2024:01:00:57 +0100] "GET /ticket2/opencms/system/modules/com.gridnine.opencms.ticketbrokerage.site/resources/css/jquery-ui.css HTTP/1.1" 200 33221
202.8.40.217 - - [26/Dec/2024:01:00:57 +0100] "GET /ticket2/opencms/system/modules/com.gridnine.opencms.ticketbrokerage.site/resources/css/jquery.fancybox.css HTTP/1.1" 200 4939
202.8.40.217 - - [26/Dec/2024:01:00:57 +0100] "GET /ticket2/opencms/system/modules/com.gridnine.opencms.ticketbrokerage.site/resources/js/jquery/jquery.js HTTP/1.1" 200 93868
202.8.40.217 - - [26/Dec/2024:01:00:57 +0100] "GET /ticket2/opencms/system/modules/com.gridnine.opencms.ticketbrokerage.site/resources/css/standard.css HTTP/1.1" 200 73081
95.91.104.62 - - [26/Dec/2024:01:00:58 +0100] "GET /ticket2/opencms/sv/buy/?page=1&edid=E3282FFF-15A6-6BAA-CF8A-0432224BE1C3 HTTP/1.1" 200 112097
202.8.40.217 - - [26/Dec/2024:01:00:58 +0100] "GET /ticket2/opencms/system/modules/com.gridnine.opencms.ticketbrokerage.site/resources/js/jquery/jquery-ui.js HTTP/1.1" 200 228088
202.8.40.217 - - [26/Dec/2024:01:00:58 +0100] "GET /ticket2/opencms/system/modules/com.gridnine.opencms.ticketbrokerage.site/resources/js/functions.js HTTP/1.1" 200 1583
202.8.40.217 - - [26/Dec/2024:01:00:58 +0100] "GET /ticket2/opencms/system/modules/com.gridnine.opencms.ticketbrokerage.site/resources/js/calendar.js HTTP/1.1" 200 49229
202.8.40.217 - - [26/Dec/2024:01:00:58 +0100] "GET /ticket2/opencms/system/modules/com.gridnine.opencms.ticketbrokerage.site/resources/js/calendar-en.js HTTP/1.1" 200 3338
202.8.40.217 - - [26/Dec/2024:01:00:58 +0100] "GET /ticket2/opencms/system/modules/com.gridnine.opencms.ticketbrokerage.site/resources/js/calendar-setup.js HTTP/1.1" 200 4923
202.8.40.217 - - [26/Dec/2024:01:00:58 +0100] "GET /ticket2/opencms/system/modules/com.gridnine.opencms.ticketbrokerage.site/resources/js/jquery.fancybox.pack.js HTTP/1.1" 200 23187
202.8.40.217 - - [26/Dec/2024:01:00:58 +0100] "GET /ticket2/opencms/system/modules/com.gridnine.opencms.ticketbrokerage.site/resources/js/stickyfill.min.js HTTP/1.1" 200 5672
202.8.40.217 - - [26/Dec/2024:01:00:58 +0100] "GET /ticket2/opencms/system/modules/com.gridnine.opencms.ticketbrokerage.site/resources/js/standard.js HTTP/1.1" 200 3978
202.8.40.217 - - [26/Dec/2024:01:00:58 +0100] "GET /ticket2/opencms/system/modules/com.gridnine.opencms.ticketbrokerage.site/resources/js/jquery.placeholder.min.js HTTP/1.1" 200 1737
202.8.40.217 - - [26/Dec/2024:01:00:58 +0100] "GET /ticket2/opencms/system/modules/com.gridnine.opencms.ticketbrokerage.site/resources/js/common-ajax.js HTTP/1.1" 200 20175
202.8.40.217 - - [26/Dec/2024:01:00:58 +0100] "GET /ticket2/opencms/bg/ask-form.html HTTP/1.1" 200 3156
202.8.40.217 - - [26/Dec/2024:01:00:58 +0100] "GET /ticket2/opencms/bg/ask-form.html HTTP/1.1" 200 3156
202.8.40.217 - - [26/Dec/2024:01:00:58 +0100] "GET /ticket2/opencms/system/modules/com.gridnine.opencms.ticketbrokerage.site/resources/css/ticketbrokerage.css HTTP/1.1" 200 39339
95.91.104.62 - - [26/Dec/2024:01:00:59 +0100] "GET /ticket2/opencms/sv/buy/?page=1&edid=E3282FFF-15A6-6BAA-CF8A-0432224BE1C3&sortorder=desc&column=price HTTP/1.1" 200 113897
95.91.104.62 - - [26/Dec/2024:01:01:01 +0100] "GET /ticket2/opencms/sv/buy/?page=1&edid=E3282FFF-15A6-6BAA-CF8A-0432224BE1C3&sortorder=desc&column=row HTTP/1.1" 200 113852
95.91.104.62 - - [26/Dec/2024:01:01:04 +0100] "GET /ticket2/opencms/sv/buy/?page=1&edid=E3282FFF-15A6-6BAA-CF8A-0432224BE1C3&sortorder=desc&column=section HTTP/1.1" 200 114068
54.36.148.37 - - [26/Dec/2024:01:01:04 +0100] "GET /ticket2/opencms/fi/buy/?page=1&edid=3624BB9D-BDA3-C6BF-E8FF-2DF1F5C3F73A HTTP/1.1" 200 109558
149.202.86.190 - - [26/Dec/2024:01:01:04 +0100] "GET /ticket2/opencms/dk/buy/?page=1&edid=097474E7-8A8F-522A-B62A-D10F10D973DA&sortorder=desc&column=section HTTP/1.1" 200 112739
202.8.41.242 - - [26/Dec/2024:01:01:05 +0100] "GET /ticket2/opencms/system/modules/com.gridnine.opencms.ticketbrokerage.site/resources/css/jquery-ui.css HTTP/1.1" 200 33221
202.8.41.242 - - [26/Dec/2024:01:01:05 +0100] "GET /ticket2/opencms/system/modules/com.gridnine.opencms.ticketbrokerage.site/resources/css/calendar.css HTTP/1.1" 200 6871
202.8.41.242 - - [26/Dec/2024:01:01:05 +0100] "GET /ticket2/opencms/system/modules/com.gridnine.opencms.ticketbrokerage.site/resources/css/ticketbrokerage.css HTTP/1.1" 200 39339
202.8.41.242 - - [26/Dec/2024:01:01:05 +0100] "GET /ticket2/opencms/system/modules/com.gridnine.opencms.ticketbrokerage.site/resources/css/jquery.fancybox.css HTTP/1.1" 200 4939
202.8.41.242 - - [26/Dec/2024:01:01:05 +0100] "GET /ticket2/opencms/system/modules/com.gridnine.opencms.ticketbrokerage.site/resources/css/standard.css HTTP/1.1" 200 73081
202.8.41.242 - - [26/Dec/2024:01:01:05 +0100] "GET /ticket2/opencms/system/modules/com.gridnine.opencms.ticketbrokerage.site/resources/js/jquery/jquery.js HTTP/1.1" 200 93868
202.8.41.242 - - [26/Dec/2024:01:01:05 +0100] "GET /ticket2/opencms/system/modules/com.gridnine.opencms.ticketbrokerage.site/resources/js/jquery/jquery-ui.js HTTP/1.1" 200 228088
202.8.41.242 - - [26/Dec/2024:01:01:05 +0100] "GET /ticket2/opencms/system/modules/com.gridnine.opencms.ticketbrokerage.site/resources/js/functions.js HTTP/1.1" 200 1583
202.8.41.242 - - [26/Dec/2024:01:01:05 +0100] "GET /ticket2/opencms/system/modules/com.gridnine.opencms.ticketbrokerage.site/resources/js/calendar.js HTTP/1.1" 200 49229
202.8.41.242 - - [26/Dec/2024:01:01:05 +0100] "GET /ticket2/opencms/system/modules/com.gridnine.opencms.ticketbrokerage.site/resources/js/calendar-en.js HTTP/1.1" 200 3338
202.8.41.242 - - [26/Dec/2024:01:01:05 +0100] "GET /ticket2/opencms/system/modules/com.gridnine.opencms.ticketbrokerage.site/resources/js/calendar-setup.js HTTP/1.1" 200 4923
202.8.41.242 - - [26/Dec/2024:01:01:06 +0100] "GET /ticket2/opencms/system/modules/com.gridnine.opencms.ticketbrokerage.site/resources/js/stickyfill.min.js HTTP/1.1" 200 5672
202.8.41.242 - - [26/Dec/2024:01:01:06 +0100] "GET /ticket2/opencms/system/modules/com.gridnine.opencms.ticketbrokerage.site/resources/js/jquery.fancybox.pack.js HTTP/1.1" 200 23187
202.8.41.242 - - [26/Dec/2024:01:01:06 +0100] "GET /ticket2/opencms/system/modules/com.gridnine.opencms.ticketbrokerage.site/resources/js/standard.js HTTP/1.1" 200 3978
95.91.104.62 - - [26/Dec/2024:01:01:06 +0100] "GET /ticket2/opencms/sv/buy/?page=1&edid=E329193A-2727-14B9-F937-35B502E9776C HTTP/1.1" 200 110914
202.8.41.242 - - [26/Dec/2024:01:01:06 +0100] "GET /ticket2/opencms/system/modules/com.gridnine.opencms.ticketbrokerage.site/resources/js/jquery.placeholder.min.js HTTP/1.1" 200 1737
202.8.41.242 - - [26/Dec/2024:01:01:06 +0100] "GET /ticket2/opencms/system/modules/com.gridnine.opencms.ticketbrokerage.site/resources/js/common-ajax.js HTTP/1.1" 200 20175
202.8.41.242 - - [26/Dec/2024:01:01:06 +0100] "GET /ticket2/opencms/fi/ask-form.html HTTP/1.1" 200 3012
202.8.41.242 - - [26/Dec/2024:01:01:06 +0100] "GET /ticket2/opencms/fi/ask-form.html HTTP/1.1" 200 3012
202.8.41.242 - - [26/Dec/2024:01:01:06 +0100] "GET /ticket2/opencms/system/modules/com.gridnine.opencms.ticketbrokerage.site/resources/css/ticketbrokerage.css HTTP/1.1" 200 39339
149.202.86.190 - - [26/Dec/2024:01:01:06 +0100] "GET /ticket2/opencms/dk/buy/?page=1&edid=1944070F-2A5D-1909-DE14-B309AE8F4483 HTTP/1.1" 200 112188
85.208.96.211 - - [26/Dec/2024:01:01:07 +0100] "GET /ticket2/opencms/dk/magazine/article?title=abdul-fatawu-kommer-til-at-ga-glip-af-resten-af-saesonen HTTP/1.1" 200 93059
95.91.104.62 - - [26/Dec/2024:01:01:07 +0100] "GET /ticket2/opencms/sv/buy/?page=1&edid=E329193A-2727-14B9-F937-35B502E9776C&sortorder=desc&column=price HTTP/1.1" 200 112810
202.8.40.217 - - [26/Dec/2024:01:01:08 +0100] "GET /ticket2/opencms/system/modules/com.gridnine.opencms.ticketbrokerage.site/resources/js/standard.js HTTP/1.1" 200 3978
149.202.86.190 - - [26/Dec/2024:01:01:08 +0100] "GET /ticket2/opencms/dk/buy/?page=1&edid=1A0D0579-4E59-3474-5A13-81F3BA1DEBCE HTTP/1.1" 200 112122
95.91.104.62 - - [26/Dec/2024:01:01:10 +0100] "GET /ticket2/opencms/sv/buy/?page=1&edid=E329193A-2727-14B9-F937-35B502E9776C&sortorder=desc&column=row HTTP/1.1" 200 112632
149.202.86.190 - - [26/Dec/2024:01:01:10 +0100] "GET /ticket2/opencms/dk/buy/?page=1&edid=1A0D0579-4E59-3474-5A13-81F3BA1DEBCE&sortorder=desc&column=price HTTP/1.1" 200 114064
54.36.148.124 - - [26/Dec/2024:01:01:10 +0100] "GET /ticket2/opencms/lv/buy/?page=1&edid=7E0CE59A-F22E-9FBB-1FD3-8B411A5307E8 HTTP/1.1" 200 109874
202.8.41.37 - - [26/Dec/2024:01:01:11 +0100] "GET /ticket2/opencms/system/modules/com.gridnine.opencms.ticketbrokerage.site/resources/css/standard.css HTTP/1.1" 200 73081
202.8.41.37 - - [26/Dec/2024:01:01:11 +0100] "GET /ticket2/opencms/system/modules/com.gridnine.opencms.ticketbrokerage.site/resources/css/calendar.css HTTP/1.1" 200 6871
202.8.41.37 - - [26/Dec/2024:01:01:11 +0100] "GET /ticket2/opencms/system/modules/com.gridnine.opencms.ticketbrokerage.site/resources/css/ticketbrokerage.css HTTP/1.1" 200 39339
202.8.41.37 - - [26/Dec/2024:01:01:11 +0100] "GET /ticket2/opencms/system/modules/com.gridnine.opencms.ticketbrokerage.site/resources/css/jquery-ui.css HTTP/1.1" 200 33221
202.8.41.37 - - [26/Dec/2024:01:01:11 +0100] "GET /ticket2/opencms/system/modules/com.gridnine.opencms.ticketbrokerage.site/resources/js/calendar.js HTTP/1.1" 200 49229
202.8.41.37 - - [26/Dec/2024:01:01:11 +0100] "GET /ticket2/opencms/system/modules/com.gridnine.opencms.ticketbrokerage.site/resources/css/jquery.fancybox.css HTTP/1.1" 200 4939
202.8.41.37 - - [26/Dec/2024:01:01:11 +0100] "GET /ticket2/opencms/system/modules/com.gridnine.opencms.ticketbrokerage.site/resources/js/jquery/jquery.js HTTP/1.1" 200 93868
202.8.41.37 - - [26/Dec/2024:01:01:11 +0100] "GET /ticket2/opencms/system/modules/com.gridnine.opencms.ticketbrokerage.site/resources/js/functions.js HTTP/1.1" 200 1583
202.8.41.37 - - [26/Dec/2024:01:01:11 +0100] "GET /ticket2/opencms/system/modules/com.gridnine.opencms.ticketbrokerage.site/resources/js/calendar-en.js HTTP/1.1" 200 3338
202.8.41.37 - - [26/Dec/2024:01:01:11 +0100] "GET /ticket2/opencms/system/modules/com.gridnine.opencms.ticketbrokerage.site/resources/js/jquery/jquery-ui.js HTTP/1.1" 200 228088
202.8.41.37 - - [26/Dec/2024:01:01:11 +0100] "GET /ticket2/opencms/system/modules/com.gridnine.opencms.ticketbrokerage.site/resources/js/calendar-setup.js HTTP/1.1" 200 4923
95.91.104.62 - - [26/Dec/2024:01:01:11 +0100] "GET /ticket2/opencms/sv/buy/?page=1&edid=ED58C87A-DACC-536D-405C-4E12BB2B9BDC HTTP/1.1" 200 112032
202.8.41.37 - - [26/Dec/2024:01:01:11 +0100] "GET /ticket2/opencms/system/modules/com.gridnine.opencms.ticketbrokerage.site/resources/js/stickyfill.min.js HTTP/1.1" 200 5672
202.8.41.37 - - [26/Dec/2024:01:01:11 +0100] "GET /ticket2/opencms/system/modules/com.gridnine.opencms.ticketbrokerage.site/resources/js/jquery.fancybox.pack.js HTTP/1.1" 200 23187
202.8.41.37 - - [26/Dec/2024:01:01:11 +0100] "GET /ticket2/opencms/system/modules/com.gridnine.opencms.ticketbrokerage.site/resources/js/standard.js HTTP/1.1" 200 3978
202.8.41.37 - - [26/Dec/2024:01:01:12 +0100] "GET /ticket2/opencms/system/modules/com.gridnine.opencms.ticketbrokerage.site/resources/js/jquery.placeholder.min.js HTTP/1.1" 200 1737
202.8.41.37 - - [26/Dec/2024:01:01:12 +0100] "GET /ticket2/opencms/system/modules/com.gridnine.opencms.ticketbrokerage.site/resources/js/common-ajax.js HTTP/1.1" 200 20175
202.8.41.37 - - [26/Dec/2024:01:01:12 +0100] "GET /ticket2/opencms/lv/ask-form.html HTTP/1.1" 200 3156
202.8.41.37 - - [26/Dec/2024:01:01:12 +0100] "GET /ticket2/opencms/system/modules/com.gridnine.opencms.ticketbrokerage.site/resources/css/ticketbrokerage.css HTTP/1.1" 200 39339
149.202.86.190 - - [26/Dec/2024:01:01:12 +0100] "GET /ticket2/opencms/dk/buy/?page=1&edid=1A0D0579-4E59-3474-5A13-81F3BA1DEBCE&sortorder=desc&column=section HTTP/1.1" 200 114268
149.202.86.190 - - [26/Dec/2024:01:01:14 +0100] "GET /ticket2/opencms/dk/buy/?page=1&edid=1B0DA330-38AA-5CD6-6C89-F2963014EF68 HTTP/1.1" 200 111601
202.8.41.37 - - [26/Dec/2024:01:01:15 +0100] "GET /ticket2/opencms/system/modules/com.gridnine.opencms.ticketbrokerage.site/resources/js/standard.js HTTP/1.1" 200 3978
149.202.86.190 - - [26/Dec/2024:01:01:16 +0100] "GET /ticket2/opencms/dk/buy/?page=1&edid=1B0DA330-38AA-5CD6-6C89-F2963014EF68&sortorder=desc&column=price HTTP/1.1" 200 113482
52.167.144.194 - - [26/Dec/2024:01:01:17 +0100] "GET /ticket2/opencms/sl/buy?page=1&edid=2873D448-9456-C769-305A-D313D730E942 HTTP/1.1" 200 132914
149.202.86.190 - - [26/Dec/2024:01:01:18 +0100] "GET /ticket2/opencms/dk/buy/?page=1&edid=1B0DA330-38AA-5CD6-6C89-F2963014EF68&sortorder=desc&column=row HTTP/1.1" 200 113472
52.167.144.194 - - [26/Dec/2024:01:01:18 +0100] "GET /ticket2/opencms/ka/buy?page=1&edid=B566C61B-5438-BBCE-B4D3-8DE9C2913E81 HTTP/1.1" 200 132931
149.202.86.190 - - [26/Dec/2024:01:01:20 +0100] "GET /ticket2/opencms/dk/buy/?page=1&edid=2719FEF6-C3A2-38D8-D55F-559BB24F7DCB&sortorder=desc&column=row HTTP/1.1" 200 113423
54.36.148.185 - - [26/Dec/2024:01:01:20 +0100] "GET /ticket2/opencms/lv/buy/?page=1&edid=994E215A-9A15-E95E-C4D5-1AE68ACEBE26 HTTP/1.1" 200 109818
149.202.86.190 - - [26/Dec/2024:01:01:22 +0100] "GET /ticket2/opencms/dk/buy/?page=1&edid=2719FEF6-C3A2-38D8-D55F-559BB24F7DCB&sortorder=desc&column=section HTTP/1.1" 200 113763
149.202.86.190 - - [26/Dec/2024:01:01:24 +0100] "GET /ticket2/opencms/dk/buy/?page=1&edid=28329314-3F60-44AA-17BA-552A83462666&sortorder=asc&column=row HTTP/1.1" 200 112517
54.36.148.52 - - [26/Dec/2024:01:01:25 +0100] "GET /ticket2/opencms/bg/buy/?page=1&edid=FF079107-CBD4-B70B-EC76-A896DEC733A2 HTTP/1.1" 200 125081
149.202.86.190 - - [26/Dec/2024:01:01:26 +0100] "GET /ticket2/opencms/dk/buy/?page=1&edid=28329314-3F60-44AA-17BA-552A83462666&sortorder=asc&column=section HTTP/1.1" 200 112865
202.8.43.130 - - [26/Dec/2024:01:01:27 +0100] "GET /ticket2/opencms/system/modules/com.gridnine.opencms.ticketbrokerage.site/resources/css/jquery.fancybox.css HTTP/1.1" 200 4939
202.8.43.130 - - [26/Dec/2024:01:01:27 +0100] "GET /ticket2/opencms/system/modules/com.gridnine.opencms.ticketbrokerage.site/resources/js/jquery/jquery.js HTTP/1.1" 200 93868
202.8.43.130 - - [26/Dec/2024:01:01:27 +0100] "GET /ticket2/opencms/system/modules/com.gridnine.opencms.ticketbrokerage.site/resources/css/jquery-ui.css HTTP/1.1" 200 33221
202.8.43.130 - - [26/Dec/2024:01:01:27 +0100] "GET /ticket2/opencms/system/modules/com.gridnine.opencms.ticketbrokerage.site/resources/css/standard.css HTTP/1.1" 200 73081
202.8.43.130 - - [26/Dec/2024:01:01:27 +0100] "GET /ticket2/opencms/system/modules/com.gridnine.opencms.ticketbrokerage.site/resources/css/calendar.css HTTP/1.1" 200 6871
202.8.43.130 - - [26/Dec/2024:01:01:27 +0100] "GET /ticket2/opencms/system/modules/com.gridnine.opencms.ticketbrokerage.site/resources/css/ticketbrokerage.css HTTP/1.1" 200 39339
202.8.43.130 - - [26/Dec/2024:01:01:27 +0100] "GET /ticket2/opencms/system/modules/com.gridnine.opencms.ticketbrokerage.site/resources/js/jquery/jquery-ui.js HTTP/1.1" 200 228088
202.8.43.130 - - [26/Dec/2024:01:01:27 +0100] "GET /ticket2/opencms/system/modules/com.gridnine.opencms.ticketbrokerage.site/resources/js/functions.js HTTP/1.1" 200 1583
202.8.43.130 - - [26/Dec/2024:01:01:27 +0100] "GET /ticket2/opencms/system/modules/com.gridnine.opencms.ticketbrokerage.site/resources/js/calendar.js HTTP/1.1" 200 49229
202.8.43.130 - - [26/Dec/2024:01:01:27 +0100] "GET /ticket2/opencms/system/modules/com.gridnine.opencms.ticketbrokerage.site/resources/js/calendar-en.js HTTP/1.1" 200 3338
202.8.43.130 - - [26/Dec/2024:01:01:27 +0100] "GET /ticket2/opencms/system/modules/com.gridnine.opencms.ticketbrokerage.site/resources/js/calendar-setup.js HTTP/1.1" 200 4923
202.8.43.130 - - [26/Dec/2024:01:01:27 +0100] "GET /ticket2/opencms/system/modules/com.gridnine.opencms.ticketbrokerage.site/resources/js/jquery.fancybox.pack.js HTTP/1.1" 200 23187
202.8.43.130 - - [26/Dec/2024:01:01:27 +0100] "GET /ticket2/opencms/system/modules/com.gridnine.opencms.ticketbrokerage.site/resources/js/stickyfill.min.js HTTP/1.1" 200 5672
202.8.43.130 - - [26/Dec/2024:01:01:27 +0100] "GET /ticket2/opencms/system/modules/com.gridnine.opencms.ticketbrokerage.site/resources/js/standard.js HTTP/1.1" 200 3978
202.8.43.130 - - [26/Dec/2024:01:01:27 +0100] "GET /ticket2/opencms/system/modules/com.gridnine.opencms.ticketbrokerage.site/resources/js/jquery.placeholder.min.js HTTP/1.1" 200 1737
202.8.43.130 - - [26/Dec/2024:01:01:27 +0100] "GET /ticket2/opencms/system/modules/com.gridnine.opencms.ticketbrokerage.site/resources/js/common-ajax.js HTTP/1.1" 200 20175
202.8.43.130 - - [26/Dec/2024:01:01:27 +0100] "GET /ticket2/opencms/bg/ask-form.html HTTP/1.1" 200 3156
202.8.43.130 - - [26/Dec/2024:01:01:27 +0100] "GET /ticket2/opencms/bg/ask-form.html HTTP/1.1" 200 3156
202.8.43.130 - - [26/Dec/2024:01:01:27 +0100] "GET /ticket2/opencms/system/modules/com.gridnine.opencms.ticketbrokerage.site/resources/css/ticketbrokerage.css HTTP/1.1" 200 39339
149.202.86.190 - - [26/Dec/2024:01:01:28 +0100] "GET /ticket2/opencms/dk/buy/?page=1&edid=2D77D5E8-F469-AAA2-8433-36A939B8305F&sortorder=asc&column=section HTTP/1.1" 200 113681
149.202.86.190 - - [26/Dec/2024:01:01:30 +0100] "GET /ticket2/opencms/dk/buy/?page=1&edid=2D8E9E91-F40A-9CD3-B790-C21028BAFFF7&sortorder=desc&column=price HTTP/1.1" 200 112472
202.8.43.130 - - [26/Dec/2024:01:01:30 +0100] "GET /ticket2/opencms/system/modules/com.gridnine.opencms.ticketbrokerage.site/resources/js/standard.js HTTP/1.1" 200 3978
216.244.66.238 - - [26/Dec/2024:01:01:31 +0100] "GET /ticket2/opencms/dk/buy?page=1&edid=C582E015-42AB-72ED-131F-55A79EC42566 HTTP/1.1" 200 110472
54.36.149.0 - - [26/Dec/2024:01:01:32 +0100] "GET /ticket2/opencms/mo/buy/?page=1&edid=7E0CE59A-F22E-9FBB-1FD3-8B411A5307E8 HTTP/1.1" 200 109794
149.202.86.190 - - [26/Dec/2024:01:01:32 +0100] "GET /ticket2/opencms/dk/buy/?page=1&edid=333E3452-C437-2ACD-A4A9-9FA33977FDCE&sortorder=desc&column=section HTTP/1.1" 200 113676
202.8.42.226 - - [26/Dec/2024:01:01:33 +0100] "GET /ticket2/opencms/system/modules/com.gridnine.opencms.ticketbrokerage.site/resources/css/calendar.css HTTP/1.1" 200 6871
202.8.42.226 - - [26/Dec/2024:01:01:33 +0100] "GET /ticket2/opencms/system/modules/com.gridnine.opencms.ticketbrokerage.site/resources/css/jquery-ui.css HTTP/1.1" 200 33221
202.8.42.226 - - [26/Dec/2024:01:01:33 +0100] "GET /ticket2/opencms/system/modules/com.gridnine.opencms.ticketbrokerage.site/resources/css/ticketbrokerage.css HTTP/1.1" 200 39339
202.8.42.226 - - [26/Dec/2024:01:01:33 +0100] "GET /ticket2/opencms/system/modules/com.gridnine.opencms.ticketbrokerage.site/resources/css/jquery.fancybox.css HTTP/1.1" 200 4939
202.8.42.226 - - [26/Dec/2024:01:01:33 +0100] "GET /ticket2/opencms/system/modules/com.gridnine.opencms.ticketbrokerage.site/resources/css/standard.css HTTP/1.1" 200 73081
202.8.42.226 - - [26/Dec/2024:01:01:33 +0100] "GET /ticket2/opencms/system/modules/com.gridnine.opencms.ticketbrokerage.site/resources/js/calendar-en.js HTTP/1.1" 200 3338
202.8.42.226 - - [26/Dec/2024:01:01:33 +0100] "GET /ticket2/opencms/system/modules/com.gridnine.opencms.ticketbrokerage.site/resources/js/jquery/jquery.js HTTP/1.1" 200 93868
202.8.42.226 - - [26/Dec/2024:01:01:33 +0100] "GET /ticket2/opencms/system/modules/com.gridnine.opencms.ticketbrokerage.site/resources/js/jquery.fancybox.pack.js HTTP/1.1" 200 23187
202.8.42.226 - - [26/Dec/2024:01:01:33 +0100] "GET /ticket2/opencms/system/modules/com.gridnine.opencms.ticketbrokerage.site/resources/js/stickyfill.min.js HTTP/1.1" 200 5672
202.8.42.226 - - [26/Dec/2024:01:01:33 +0100] "GET /ticket2/opencms/system/modules/com.gridnine.opencms.ticketbrokerage.site/resources/js/functions.js HTTP/1.1" 200 1583
202.8.42.226 - - [26/Dec/2024:01:01:33 +0100] "GET /ticket2/opencms/system/modules/com.gridnine.opencms.ticketbrokerage.site/resources/js/jquery/jquery-ui.js HTTP/1.1" 200 228088
202.8.42.226 - - [26/Dec/2024:01:01:33 +0100] "GET /ticket2/opencms/system/modules/com.gridnine.opencms.ticketbrokerage.site/resources/js/calendar-setup.js HTTP/1.1" 200 4923
202.8.42.226 - - [26/Dec/2024:01:01:33 +0100] "GET /ticket2/opencms/system/modules/com.gridnine.opencms.ticketbrokerage.site/resources/js/calendar.js HTTP/1.1" 200 49229
202.8.42.226 - - [26/Dec/2024:01:01:33 +0100] "GET /ticket2/opencms/system/modules/com.gridnine.opencms.ticketbrokerage.site/resources/js/standard.js HTTP/1.1" 200 3978
202.8.42.226 - - [26/Dec/2024:01:01:33 +0100] "GET /ticket2/opencms/system/modules/com.gridnine.opencms.ticketbrokerage.site/resources/js/jquery.placeholder.min.js HTTP/1.1" 200 1737
202.8.42.226 - - [26/Dec/2024:01:01:33 +0100] "GET /ticket2/opencms/system/modules/com.gridnine.opencms.ticketbrokerage.site/resources/js/common-ajax.js HTTP/1.1" 200 20175
202.8.42.226 - - [26/Dec/2024:01:01:33 +0100] "GET /ticket2/opencms/mo/ask-form.html HTTP/1.1" 200 3156
202.8.42.226 - - [26/Dec/2024:01:01:34 +0100] "GET /ticket2/opencms/system/modules/com.gridnine.opencms.ticketbrokerage.site/resources/css/ticketbrokerage.css HTTP/1.1" 200 39339
54.36.148.11 - - [26/Dec/2024:01:01:39 +0100] "GET /ticket2/opencms/mo/buy/?page=1&edid=91870084-7155-79A9-A57C-A68AF475B93F HTTP/1.1" 200 112662
202.8.43.229 - - [26/Dec/2024:01:01:40 +0100] "GET /ticket2/opencms/system/modules/com.gridnine.opencms.ticketbrokerage.site/resources/css/jquery.fancybox.css HTTP/1.1" 200 4939
202.8.43.229 - - [26/Dec/2024:01:01:40 +0100] "GET /ticket2/opencms/system/modules/com.gridnine.opencms.ticketbrokerage.site/resources/css/ticketbrokerage.css HTTP/1.1" 200 39339
202.8.43.229 - - [26/Dec/2024:01:01:40 +0100] "GET /ticket2/opencms/system/modules/com.gridnine.opencms.ticketbrokerage.site/resources/css/calendar.css HTTP/1.1" 200 6871
202.8.43.229 - - [26/Dec/2024:01:01:40 +0100] "GET /ticket2/opencms/system/modules/com.gridnine.opencms.ticketbrokerage.site/resources/js/calendar-en.js HTTP/1.1" 200 3338
202.8.43.229 - - [26/Dec/2024:01:01:40 +0100] "GET /ticket2/opencms/system/modules/com.gridnine.opencms.ticketbrokerage.site/resources/css/jquery-ui.css HTTP/1.1" 200 33221
202.8.43.229 - - [26/Dec/2024:01:01:40 +0100] "GET /ticket2/opencms/system/modules/com.gridnine.opencms.ticketbrokerage.site/resources/css/standard.css HTTP/1.1" 200 73081
202.8.43.229 - - [26/Dec/2024:01:01:40 +0100] "GET /ticket2/opencms/system/modules/com.gridnine.opencms.ticketbrokerage.site/resources/js/functions.js HTTP/1.1" 200 1583
202.8.43.229 - - [26/Dec/2024:01:01:40 +0100] "GET /ticket2/opencms/system/modules/com.gridnine.opencms.ticketbrokerage.site/resources/js/calendar.js HTTP/1.1" 200 49229
202.8.43.229 - - [26/Dec/2024:01:01:40 +0100] "GET /ticket2/opencms/system/modules/com.gridnine.opencms.ticketbrokerage.site/resources/js/jquery/jquery-ui.js HTTP/1.1" 200 228088
202.8.43.229 - - [26/Dec/2024:01:01:40 +0100] "GET /ticket2/opencms/system/modules/com.gridnine.opencms.ticketbrokerage.site/resources/js/jquery/jquery.js HTTP/1.1" 200 93868
202.8.43.229 - - [26/Dec/2024:01:01:40 +0100] "GET /ticket2/opencms/system/modules/com.gridnine.opencms.ticketbrokerage.site/resources/js/jquery.fancybox.pack.js HTTP/1.1" 200 23187
202.8.43.229 - - [26/Dec/2024:01:01:40 +0100] "GET /ticket2/opencms/system/modules/com.gridnine.opencms.ticketbrokerage.site/resources/js/calendar-setup.js HTTP/1.1" 200 4923
202.8.43.229 - - [26/Dec/2024:01:01:40 +0100] "GET /ticket2/opencms/system/modules/com.gridnine.opencms.ticketbrokerage.site/resources/js/stickyfill.min.js HTTP/1.1" 200 5672
202.8.43.229 - - [26/Dec/2024:01:01:40 +0100] "GET /ticket2/opencms/system/modules/com.gridnine.opencms.ticketbrokerage.site/resources/js/standard.js HTTP/1.1" 200 3978
202.8.43.229 - - [26/Dec/2024:01:01:41 +0100] "GET /ticket2/opencms/system/modules/com.gridnine.opencms.ticketbrokerage.site/resources/js/jquery.placeholder.min.js HTTP/1.1" 200 1737
202.8.43.229 - - [26/Dec/2024:01:01:41 +0100] "GET /ticket2/opencms/system/modules/com.gridnine.opencms.ticketbrokerage.site/resources/js/common-ajax.js HTTP/1.1" 200 20175
202.8.43.229 - - [26/Dec/2024:01:01:41 +0100] "GET /ticket2/opencms/mo/ask-form.html HTTP/1.1" 200 3156
202.8.43.229 - - [26/Dec/2024:01:01:41 +0100] "GET /ticket2/opencms/system/modules/com.gridnine.opencms.ticketbrokerage.site/resources/css/ticketbrokerage.css HTTP/1.1" 200 39339
202.8.43.229 - - [26/Dec/2024:01:01:45 +0100] "GET /ticket2/opencms/system/modules/com.gridnine.opencms.ticketbrokerage.site/resources/js/standard.js HTTP/1.1" 200 3978
213.180.203.192 - - [26/Dec/2024:01:01:51 +0100] "GET /ticket2/opencms/tr/buy/?page=1&edid=31FDA527-9BE5-CC0F-08BA-BAC5423FB404 HTTP/1.1" 200 110191
54.36.149.97 - - [26/Dec/2024:01:01:54 +0100] "GET /ticket2/opencms/sk/buy/?page=1&edid=7E0CE59A-F22E-9FBB-1FD3-8B411A5307E8 HTTP/1.1" 200 109866
202.8.42.165 - - [26/Dec/2024:01:01:55 +0100] "GET /ticket2/opencms/system/modules/com.gridnine.opencms.ticketbrokerage.site/resources/css/calendar.css HTTP/1.1" 200 6871
202.8.42.165 - - [26/Dec/2024:01:01:55 +0100] "GET /ticket2/opencms/system/modules/com.gridnine.opencms.ticketbrokerage.site/resources/css/standard.css HTTP/1.1" 200 73081
202.8.42.165 - - [26/Dec/2024:01:01:55 +0100] "GET /ticket2/opencms/system/modules/com.gridnine.opencms.ticketbrokerage.site/resources/css/jquery-ui.css HTTP/1.1" 200 33221
202.8.42.165 - - [26/Dec/2024:01:01:55 +0100] "GET /ticket2/opencms/system/modules/com.gridnine.opencms.ticketbrokerage.site/resources/css/ticketbrokerage.css HTTP/1.1" 200 39339
202.8.42.165 - - [26/Dec/2024:01:01:55 +0100] "GET /ticket2/opencms/system/modules/com.gridnine.opencms.ticketbrokerage.site/resources/js/jquery/jquery.js HTTP/1.1" 200 93868
202.8.42.165 - - [26/Dec/2024:01:01:55 +0100] "GET /ticket2/opencms/system/modules/com.gridnine.opencms.ticketbrokerage.site/resources/css/jquery.fancybox.css HTTP/1.1" 200 4939
202.8.42.165 - - [26/Dec/2024:01:01:55 +0100] "GET /ticket2/opencms/system/modules/com.gridnine.opencms.ticketbrokerage.site/resources/js/calendar.js HTTP/1.1" 200 49229
202.8.42.165 - - [26/Dec/2024:01:01:55 +0100] "GET /ticket2/opencms/system/modules/com.gridnine.opencms.ticketbrokerage.site/resources/js/functions.js HTTP/1.1" 200 1583
202.8.42.165 - - [26/Dec/2024:01:01:55 +0100] "GET /ticket2/opencms/system/modules/com.gridnine.opencms.ticketbrokerage.site/resources/js/jquery/jquery-ui.js HTTP/1.1" 200 228088
202.8.42.165 - - [26/Dec/2024:01:01:55 +0100] "GET /ticket2/opencms/system/modules/com.gridnine.opencms.ticketbrokerage.site/resources/js/calendar-en.js HTTP/1.1" 200 3338
202.8.42.165 - - [26/Dec/2024:01:01:55 +0100] "GET /ticket2/opencms/system/modules/com.gridnine.opencms.ticketbrokerage.site/resources/js/jquery.fancybox.pack.js HTTP/1.1" 200 23187
202.8.42.165 - - [26/Dec/2024:01:01:55 +0100] "GET /ticket2/opencms/system/modules/com.gridnine.opencms.ticketbrokerage.site/resources/js/calendar-setup.js HTTP/1.1" 200 4923
202.8.42.165 - - [26/Dec/2024:01:01:55 +0100] "GET /ticket2/opencms/system/modules/com.gridnine.opencms.ticketbrokerage.site/resources/js/stickyfill.min.js HTTP/1.1" 200 5672
202.8.42.165 - - [26/Dec/2024:01:01:55 +0100] "GET /ticket2/opencms/system/modules/com.gridnine.opencms.ticketbrokerage.site/resources/js/standard.js HTTP/1.1" 200 3978
202.8.42.165 - - [26/Dec/2024:01:01:55 +0100] "GET /ticket2/opencms/system/modules/com.gridnine.opencms.ticketbrokerage.site/resources/js/jquery.placeholder.min.js HTTP/1.1" 200 1737
202.8.42.165 - - [26/Dec/2024:01:01:55 +0100] "GET /ticket2/opencms/system/modules/com.gridnine.opencms.ticketbrokerage.site/resources/js/common-ajax.js HTTP/1.1" 200 20175
202.8.42.165 - - [26/Dec/2024:01:01:55 +0100] "GET /ticket2/opencms/sk/ask-form.html HTTP/1.1" 200 3156
202.8.42.165 - - [26/Dec/2024:01:01:56 +0100] "GET /ticket2/opencms/sk/ask-form.html HTTP/1.1" 200 3156
202.8.42.165 - - [26/Dec/2024:01:01:56 +0100] "GET /ticket2/opencms/system/modules/com.gridnine.opencms.ticketbrokerage.site/resources/css/ticketbrokerage.css HTTP/1.1" 200 39339
202.8.42.165 - - [26/Dec/2024:01:02:03 +0100] "GET /ticket2/opencms/system/modules/com.gridnine.opencms.ticketbrokerage.site/resources/js/standard.js HTTP/1.1" 200 3978
54.36.148.127 - - [26/Dec/2024:01:02:03 +0100] "GET /ticket2/opencms/sk/buy/?page=1&edid=F0EFBD65-77E6-B7AA-81F6-50717F1EFF56 HTTP/1.1" 200 109867
202.8.41.159 - - [26/Dec/2024:01:02:05 +0100] "GET /ticket2/opencms/system/modules/com.gridnine.opencms.ticketbrokerage.site/resources/css/jquery-ui.css HTTP/1.1" 200 33221
202.8.41.159 - - [26/Dec/2024:01:02:05 +0100] "GET /ticket2/opencms/system/modules/com.gridnine.opencms.ticketbrokerage.site/resources/css/standard.css HTTP/1.1" 200 73081
202.8.41.159 - - [26/Dec/2024:01:02:05 +0100] "GET /ticket2/opencms/system/modules/com.gridnine.opencms.ticketbrokerage.site/resources/css/calendar.css HTTP/1.1" 200 6871
202.8.41.159 - - [26/Dec/2024:01:02:05 +0100] "GET /ticket2/opencms/system/modules/com.gridnine.opencms.ticketbrokerage.site/resources/css/jquery.fancybox.css HTTP/1.1" 200 4939
202.8.41.159 - - [26/Dec/2024:01:02:05 +0100] "GET /ticket2/opencms/system/modules/com.gridnine.opencms.ticketbrokerage.site/resources/css/ticketbrokerage.css HTTP/1.1" 200 39339
