185.191.171.1 - - [27/Dec/2024:02:08:57 +0100] "GET /ticket2/opencms/dk/magazine/article?title=fc-liverpool-saeson-reflektion HTTP/1.1" 200 93276
65.21.232.254 - - [27/Dec/2024:02:08:58 +0100] "GET /ticket2/opencms/fi/buy/?page=1&edid=D794FAB8-B9EC-5EF3-86BF-E61555A7E1A8 HTTP/1.1" 200 109553
66.249.79.103 - - [27/Dec/2024:02:08:58 +0100] "GET /ticket2/opencms/sv/sport/fotbollsbiljetter/english-championship/sheffield-united/ HTTP/1.1" 200 87356
65.21.232.254 - - [27/Dec/2024:02:08:59 +0100] "GET /ticket2/opencms/fi/buy/?page=1&edid=D7F65335-1281-C8CB-2547-8D827A367E0D HTTP/1.1" 200 111918
47.128.98.82 - - [27/Dec/2024:02:09:01 +0100] "GET /ticket2/opencms/mt/sport/biljetti-tal-futbol/bundesliga/eintracht_frankfurt/ HTTP/1.1" 200 102580
65.21.232.254 - - [27/Dec/2024:02:09:01 +0100] "GET /ticket2/opencms/fi/buy/?page=1&edid=D80743E0-8285-D4ED-834A-4A12B7A12415 HTTP/1.1" 200 109634
65.21.232.254 - - [27/Dec/2024:02:09:03 +0100] "GET /ticket2/opencms/fi/buy/?page=1&edid=D8822F36-4B94-D42A-04DE-3C9DD111719A HTTP/1.1" 200 109731
216.244.66.238 - - [27/Dec/2024:02:09:03 +0100] "GET /ticket2/opencms/mo/buy?page=1&edid=24A0474C-0E94-45BE-FC4D-B791EA0F3040 HTTP/1.1" 200 112513
114.119.151.93 - - [27/Dec/2024:02:09:04 +0100] "GET /ticket2/opencms/be/buy?page=1&=BDF141E0-5E55-1E49-4955-1BD69DA544CA HTTP/1.1" 200 6507
65.21.232.254 - - [27/Dec/2024:02:09:05 +0100] "GET /ticket2/opencms/fi/buy/?page=1&edid=D9257C26-0B9E-2D6D-F356-D4A6183F3425 HTTP/1.1" 200 109635
85.208.96.206 - - [27/Dec/2024:02:09:06 +0100] "GET /ticket2/opencms/sv/sport/fotbollsbiljetter/english-championship/leeds/ HTTP/1.1" 200 94112
65.21.232.254 - - [27/Dec/2024:02:09:07 +0100] "GET /ticket2/opencms/fi/buy/?page=1&edid=D939E81C-02D7-FF42-B8FF-2D28165D52C6 HTTP/1.1" 200 111796
66.249.76.231 - - [27/Dec/2024:02:09:08 +0100] "GET /ticket2/opencms/sr/buy/?page=6&comcatid=0A6B8208-FDA4-E929-9D72-5312FD481B76 HTTP/1.1" 200 6410
40.77.167.14 - - [27/Dec/2024:02:09:09 +0100] "GET /ticket2/opencms/ka/buy/?page=1&edid=B422C598-4610-0185-89CA-0FDFEB7BE014 HTTP/1.1" 200 117830
65.21.232.254 - - [27/Dec/2024:02:09:09 +0100] "GET /ticket2/opencms/fi/buy/?page=1&edid=DA23603F-DCEF-406B-8F11-DC80F14E03BD HTTP/1.1" 200 113433
65.21.232.254 - - [27/Dec/2024:02:09:11 +0100] "GET /ticket2/opencms/fi/buy/?page=1&edid=DA38D894-ABDE-5C82-3ED1-00967E2A8BBB HTTP/1.1" 200 109688
65.21.232.254 - - [27/Dec/2024:02:09:13 +0100] "GET /ticket2/opencms/fi/buy/?page=1&edid=DC0F3611-C833-A6F6-70F7-1A8DE9CE1F0E&sortorder=asc&column=row HTTP/1.1" 200 114628
65.21.232.254 - - [27/Dec/2024:02:09:15 +0100] "GET /ticket2/opencms/fi/buy/?page=1&edid=E0E0A92E-E970-D7B2-B5EB-9799FE58777D&sortorder=asc&column=section HTTP/1.1" 200 114273
65.21.232.254 - - [27/Dec/2024:02:09:17 +0100] "GET /ticket2/opencms/fi/buy/?page=1&edid=E329193A-2727-14B9-F937-35B502E9776C&sortorder=asc&column=row HTTP/1.1" 200 113551
18.119.19.251 - - [27/Dec/2024:02:09:18 +0100] "GET /ticket2/opencms/ro/buying_tickets HTTP/1.1" 200 88854
65.21.232.254 - - [27/Dec/2024:02:09:19 +0100] "GET /ticket2/opencms/fi/buy/?page=1&edid=E329193A-2727-14B9-F937-35B502E9776C&sortorder=asc&column=section HTTP/1.1" 200 113772
65.21.232.254 - - [27/Dec/2024:02:09:21 +0100] "GET /ticket2/opencms/fi/buy/?page=1&edid=E329193A-2727-14B9-F937-35B502E9776C&sortorder=desc&column=price HTTP/1.1" 200 113697
65.21.232.254 - - [27/Dec/2024:02:09:23 +0100] "GET /ticket2/opencms/fi/buy/?page=1&edid=E329193A-2727-14B9-F937-35B502E9776C&sortorder=desc&column=row HTTP/1.1" 200 113666
65.21.232.254 - - [27/Dec/2024:02:09:25 +0100] "GET /ticket2/opencms/fi/buy/?page=1&edid=E329193A-2727-14B9-F937-35B502E9776C&sortorder=desc&column=section HTTP/1.1" 200 113880
65.21.232.254 - - [27/Dec/2024:02:09:27 +0100] "GET /ticket2/opencms/fi/buy/?page=1&edid=E45E8CAC-C9E1-5B17-FCDC-FD9DFD7F01BC&sortorder=desc&column=row HTTP/1.1" 200 113975
65.21.232.254 - - [27/Dec/2024:02:09:29 +0100] "GET /ticket2/opencms/fi/buy/?page=1&edid=E567B75B-3902-DA5B-8E21-DFE2E7B0C9EF&sortorder=asc&column=price HTTP/1.1" 200 114668
66.249.76.231 - - [27/Dec/2024:02:09:30 +0100] "GET /ticket2/opencms/en/buy/?page=1&edid=72DAABB5-5728-E783-69FF-77938E46CA8B HTTP/1.1" 200 117434
65.21.232.254 - - [27/Dec/2024:02:09:31 +0100] "GET /ticket2/opencms/fi/buy/?page=1&edid=E59A37DC-C4D5-8789-4A59-E1C7D847EADE&sortorder=asc&column=price HTTP/1.1" 200 114151
65.21.232.254 - - [27/Dec/2024:02:09:33 +0100] "GET /ticket2/opencms/fi/buy/?page=1&edid=E59A37DC-C4D5-8789-4A59-E1C7D847EADE&sortorder=asc&column=row HTTP/1.1" 200 114074
40.77.167.154 - - [27/Dec/2024:02:09:34 +0100] "GET /ticket2/opencms/en/venue/?venueid=91672A3F-D5FF-A436-E120-7AA50E9CF3E6 HTTP/1.1" 200 85098
65.21.232.254 - - [27/Dec/2024:02:09:35 +0100] "GET /ticket2/opencms/fi/buy/?page=1&edid=E59A37DC-C4D5-8789-4A59-E1C7D847EADE&sortorder=asc&column=section HTTP/1.1" 200 114211
65.21.232.254 - - [27/Dec/2024:02:09:37 +0100] "GET /ticket2/opencms/fi/buy/?page=1&edid=E59A37DC-C4D5-8789-4A59-E1C7D847EADE&sortorder=desc&column=price HTTP/1.1" 200 114203
65.21.232.254 - - [27/Dec/2024:02:09:39 +0100] "GET /ticket2/opencms/fi/buy/?page=1&edid=E7C2827B-AB04-D914-A6A6-2F87797DD7EE&sortorder=asc&column=price HTTP/1.1" 200 114138
65.21.232.254 - - [27/Dec/2024:02:09:41 +0100] "GET /ticket2/opencms/fi/buy/?page=1&edid=E7C2827B-AB04-D914-A6A6-2F87797DD7EE&sortorder=asc&column=row HTTP/1.1" 200 113956
65.21.232.254 - - [27/Dec/2024:02:09:43 +0100] "GET /ticket2/opencms/fi/buy/?page=1&edid=E7C2827B-AB04-D914-A6A6-2F87797DD7EE&sortorder=asc&column=section HTTP/1.1" 200 114294
52.20.19.158 - - [27/Dec/2024:02:09:44 +0100] "GET /ticket2/opencms/fr/ HTTP/1.1" 200 101791
65.21.232.254 - - [27/Dec/2024:02:09:45 +0100] "GET /ticket2/opencms/fi/buy/?page=1&edid=E8AA6C4B-74D0-A16F-3657-67F8229DFF4B&sortorder=asc&column=price HTTP/1.1" 200 114163
65.21.232.254 - - [27/Dec/2024:02:09:46 +0100] "GET /ticket2/opencms/fi/buy/?page=1&edid=E8AA6C4B-74D0-A16F-3657-67F8229DFF4B&sortorder=asc&column=row HTTP/1.1" 200 114023
65.21.232.254 - - [27/Dec/2024:02:09:48 +0100] "GET /ticket2/opencms/fi/buy/?page=1&edid=E8AA6C4B-74D0-A16F-3657-67F8229DFF4B&sortorder=asc&column=section HTTP/1.1" 200 114186
65.21.232.254 - - [27/Dec/2024:02:09:50 +0100] "GET /ticket2/opencms/fi/buy/?page=1&edid=E8ADA169-FD64-22D1-E571-3ACABC39BF3B&sortorder=asc&column=price HTTP/1.1" 200 114075
65.21.232.254 - - [27/Dec/2024:02:09:52 +0100] "GET /ticket2/opencms/fi/buy/?page=1&edid=E8ADA169-FD64-22D1-E571-3ACABC39BF3B&sortorder=asc&column=row HTTP/1.1" 200 113899
85.208.96.194 - - [27/Dec/2024:02:09:53 +0100] "GET /ticket2/opencms/nl/legal_info/ HTTP/1.1" 200 85302
65.21.232.254 - - [27/Dec/2024:02:09:54 +0100] "GET /ticket2/opencms/fi/buy/?page=1&edid=F0B24519-4861-7759-31C6-30F9AC894871 HTTP/1.1" 200 109769
65.21.232.254 - - [27/Dec/2024:02:09:56 +0100] "GET /ticket2/opencms/fi/buy/?page=1&edid=F0B2AE5F-E6E0-40AB-20B7-8A6478D83400 HTTP/1.1" 200 112804
65.21.232.254 - - [27/Dec/2024:02:09:58 +0100] "GET /ticket2/opencms/fi/buy/?page=1&edid=F185E9A8-D051-7D9D-118F-A2CAD859C968 HTTP/1.1" 200 113650
185.191.171.14 - - [27/Dec/2024:02:09:59 +0100] "GET /ticket2/opencms/en/sport/football-tickets/premier_league/west-ham/ HTTP/1.1" 200 99229
65.21.232.254 - - [27/Dec/2024:02:10:00 +0100] "GET /ticket2/opencms/fi/buy/?page=1&edid=F2C92FF3-9702-3CD7-4D1B-4F64A5C3AFB8 HTTP/1.1" 200 109553
65.21.232.254 - - [27/Dec/2024:02:10:02 +0100] "GET /ticket2/opencms/fi/buy/?page=1&edid=F304E181-E936-71FB-E213-CFCB44032C9B HTTP/1.1" 200 112307
52.167.144.202 - - [27/Dec/2024:02:10:02 +0100] "GET /ticket2/opencms/sl/buy?page=1&edid=076A36E1-8459-8F83-1ADB-054D354A81CB HTTP/1.1" 200 109774
65.21.232.254 - - [27/Dec/2024:02:10:04 +0100] "GET /ticket2/opencms/fi/buy/?page=1&edid=F5F03660-FD74-447A-418D-A41E5E90C11A HTTP/1.1" 200 109630
52.167.144.208 - - [27/Dec/2024:02:10:06 +0100] "GET /ticket2/opencms/de/buy?page=1&edid=4014222D-402E-25E3-0225-E4402DF849A6 HTTP/1.1" 200 112301
65.21.232.254 - - [27/Dec/2024:02:10:06 +0100] "GET /ticket2/opencms/fi/buy/?page=1&edid=F6013E60-5F3B-257F-4A8C-BBE7ADE18FAA HTTP/1.1" 200 109671
52.167.144.208 - - [27/Dec/2024:02:10:07 +0100] "GET /ticket2/opencms/et/buy?page=1&edid=DEA5A428-3980-E113-48A8-EB44E7BFB16B HTTP/1.1" 200 109707
65.21.232.254 - - [27/Dec/2024:02:10:08 +0100] "GET /ticket2/opencms/fi/buy/?page=1&edid=F6B5910D-137B-6FBA-4DDB-D9924D16BF6F HTTP/1.1" 200 112342
65.21.232.254 - - [27/Dec/2024:02:10:10 +0100] "GET /ticket2/opencms/fi/buy/?page=1&edid=F6EA85FF-0C92-4E0B-8BE3-1EAE8EB00385 HTTP/1.1" 200 109637
65.21.232.254 - - [27/Dec/2024:02:10:12 +0100] "GET /ticket2/opencms/fi/buy/?page=1&edid=F78555D4-0C73-5234-16EA-20ECCC415B93 HTTP/1.1" 200 109551
65.21.232.254 - - [27/Dec/2024:02:10:14 +0100] "GET /ticket2/opencms/fi/buy/?page=1&edid=F7D3655C-F2DE-642B-A93E-8B40A4F27DB2 HTTP/1.1" 200 112898
65.21.232.254 - - [27/Dec/2024:02:10:18 +0100] "GET /ticket2/opencms/fi/buy/?page=1&edid=F85D8DE9-E53B-706A-AE66-0952D4F546DD HTTP/1.1" 200 109542
65.21.232.254 - - [27/Dec/2024:02:10:20 +0100] "GET /ticket2/opencms/fi/buy/?page=1&edid=F89D27B2-F925-DF8A-CDC2-686BB9948071 HTTP/1.1" 200 112342
65.21.232.254 - - [27/Dec/2024:02:10:22 +0100] "GET /ticket2/opencms/fi/buy/?page=1&edid=F92A0398-3231-7A16-770F-2AE522981CBF HTTP/1.1" 200 111883
52.167.144.202 - - [27/Dec/2024:02:10:23 +0100] "GET /ticket2/opencms/bg/buy?page=1&edid=0CD6778E-5A18-842D-3E93-245627A38EA4 HTTP/1.1" 200 115697
65.21.232.254 - - [27/Dec/2024:02:10:23 +0100] "GET /ticket2/opencms/fi/buy/?page=1&edid=F92F82BB-2239-D9B1-F257-4858176C8B64 HTTP/1.1" 200 109626
65.21.232.254 - - [27/Dec/2024:02:10:26 +0100] "GET /ticket2/opencms/fi/buy/?page=1&edid=F966EE79-E5E7-C6EC-E8F4-5820F12458AE HTTP/1.1" 200 109664
65.21.232.254 - - [27/Dec/2024:02:10:28 +0100] "GET /ticket2/opencms/fi/buy/?page=1&edid=FA7D6BC6-E757-B554-9DC3-402FA5982C97&sortorder=asc&column=price HTTP/1.1" 200 115241
65.21.232.254 - - [27/Dec/2024:02:10:29 +0100] "GET /ticket2/opencms/fi/buy/?page=1&edid=FA7D6BC6-E757-B554-9DC3-402FA5982C97&sortorder=asc&column=row HTTP/1.1" 200 115140
65.21.232.254 - - [27/Dec/2024:02:10:31 +0100] "GET /ticket2/opencms/fi/buy/?page=1&edid=FA7D6BC6-E757-B554-9DC3-402FA5982C97&sortorder=asc&column=section HTTP/1.1" 200 115554
3.133.153.110 - - [27/Dec/2024:02:10:32 +0100] "GET /ticket2/opencms/az/buy?edid=993ECB6B-5437-7FFC-177B-D4101C1148EA&page=1 HTTP/1.1" 200 110245
18.118.19.89 - - [27/Dec/2024:02:10:33 +0100] "GET /ticket2/opencms/be/buy?edid=993ECB6B-5437-7FFC-177B-D4101C1148EA&page=1 HTTP/1.1" 200 111887
65.21.232.254 - - [27/Dec/2024:02:10:33 +0100] "GET /ticket2/opencms/fi/buy/?page=1&edid=FAE946FB-8095-E5DE-5553-68545CD77F0B HTTP/1.1" 200 112902
65.21.232.254 - - [27/Dec/2024:02:10:35 +0100] "GET /ticket2/opencms/fi/buy/?page=1&edid=FBC9F6CA-57C4-42AD-3EF7-60BA0CBC6698 HTTP/1.1" 200 109520
47.128.37.210 - - [27/Dec/2024:02:10:36 +0100] "GET /ticket2/opencms/el/buy/?edid=C2472D62-5082-1F11-D8B7-FFCB03AF0060 HTTP/1.1" 200 94210
47.128.126.255 - - [27/Dec/2024:02:10:37 +0100] "GET /ticket2/opencms/ro/buy?catid=21C3854B-901E-11F9-7B7D-6838CC6AFAA4&comcatid=A17713B6-D984-201A-4143-ED4DB5ED5C2E HTTP/1.1" 200 6410
65.21.232.254 - - [27/Dec/2024:02:10:37 +0100] "GET /ticket2/opencms/fi/buy/?page=1&edid=FC42D4C8-0E07-33A6-2E14-A7E19406B9C2 HTTP/1.1" 200 109623
52.167.144.172 - - [27/Dec/2024:02:10:37 +0100] "GET /ticket2/opencms/el/athlitismos/eisitiria-podosfairou/champions-league/porto HTTP/1.1" 200 97558
52.167.144.172 - - [27/Dec/2024:02:10:39 +0100] "GET /ticket2/opencms/bg/buy?page=6&comcatid=A17713B6-D984-201A-4143-ED4DB5ED5C2E&catid=0A6C99D2-F5BD-7A18-9A5F-5668827042E0&eventid=2E8FEED6-8FAD-B0D7-22BA-E6EFDA36827A HTTP/1.1" 200 6410
65.21.232.254 - - [27/Dec/2024:02:10:39 +0100] "GET /ticket2/opencms/fi/buy/?page=1&edid=FCCEA0AD-179D-2AD4-9A08-938973A163A5&sortorder=asc&column=price HTTP/1.1" 200 111459
47.128.37.210 - - [27/Dec/2024:02:10:40 +0100] "GET /ticket2/opencms/img/icons/hr.png HTTP/1.1" 200 2024
52.167.144.208 - - [27/Dec/2024:02:10:40 +0100] "GET /ticket2/opencms/pl/buy?page=1&edid=08EB7B54-30D6-8102-44EF-7CB266CD8852 HTTP/1.1" 200 109745
65.21.232.254 - - [27/Dec/2024:02:10:41 +0100] "GET /ticket2/opencms/fi/buy/?page=1&edid=FE3F2782-9F3B-6B97-C2AF-B73FABD8D4B4 HTTP/1.1" 200 113019
65.21.232.254 - - [27/Dec/2024:02:10:43 +0100] "GET /ticket2/opencms/fi/buy/?page=1&edid=FE62020A-9C39-D15E-4C2A-030754C888C2 HTTP/1.1" 200 109734
65.21.232.254 - - [27/Dec/2024:02:10:45 +0100] "GET /ticket2/opencms/fi/buy/?page=1&edid=FF1FBD2E-EC28-C8C7-71F1-953C6E3B0B90 HTTP/1.1" 200 109651
65.21.232.254 - - [27/Dec/2024:02:10:47 +0100] "GET /ticket2/opencms/fi/buy/?page=1&edid=FF216B09-98BA-49AF-0334-F1C7D603E1D7 HTTP/1.1" 200 109557
65.21.232.254 - - [27/Dec/2024:02:10:48 +0100] "GET /ticket2/opencms/fi/buy/?page=1&edid=FFDF5E02-382C-0723-8CA0-3B8408ED60BE HTTP/1.1" 200 112110
65.21.232.254 - - [27/Dec/2024:02:10:50 +0100] "GET /ticket2/opencms/fi/buy/?page=6&comcatid=A17713B6-D984-201A-4143-ED4DB5ED5C2E&catid=06324577-7173-BAB0-146D-E644C912F7C1&eventid=09F73536-3F40-4CAF-9388-547526104CA1 HTTP/1.1" 200 6410
65.21.232.254 - - [27/Dec/2024:02:10:52 +0100] "GET /ticket2/opencms/fi/buy/?page=6&comcatid=A17713B6-D984-201A-4143-ED4DB5ED5C2E&catid=06324577-7173-BAB0-146D-E644C912F7C1&eventid=57BE8363-4DC6-4A02-534F-EA7CD045F0C5 HTTP/1.1" 200 6410
65.21.232.254 - - [27/Dec/2024:02:10:53 +0100] "GET /ticket2/opencms/fi/buy/?page=6&comcatid=A17713B6-D984-201A-4143-ED4DB5ED5C2E&catid=A3372871-3019-08B8-80CE-74B78F441ACA&eventid=8899E7D7-7225-ED54-36BF-39DC3F37E3EF HTTP/1.1" 200 6410
65.21.232.254 - - [27/Dec/2024:02:10:55 +0100] "GET /ticket2/opencms/fi/login/?edid=D83D9EEB-6ED3-D67C-5138-5673E4AE464F HTTP/1.1" 200 91602
65.21.232.254 - - [27/Dec/2024:02:10:57 +0100] "GET /ticket2/opencms/fi/login/?edid=EE9B9D91-B6D4-6C1B-8467-87E5CB6AB0D4 HTTP/1.1" 200 91600
65.21.232.254 - - [27/Dec/2024:02:10:59 +0100] "GET /ticket2/opencms/fi/venue/?venueid=9D84887A-3E38-5E6C-5F2C-BA93851DE9A4 HTTP/1.1" 200 86624
65.21.232.254 - - [27/Dec/2024:02:11:01 +0100] "GET /ticket2/opencms/no/buy/?page=1&edid=04B47F59-410B-2A57-26B0-8645A493ADB0 HTTP/1.1" 200 111916
85.208.96.200 - - [27/Dec/2024:02:11:03 +0100] "GET /ticket2/opencms/sv/sport/fotbollsbiljetter/premier_league/restips_london/ HTTP/1.1" 200 93470
65.21.232.254 - - [27/Dec/2024:02:11:03 +0100] "GET /ticket2/opencms/no/buy/?page=1&edid=0ECA6A8B-636A-1FBD-9689-7CD6F548B266 HTTP/1.1" 200 111841
65.21.232.254 - - [27/Dec/2024:02:11:05 +0100] "GET /ticket2/opencms/no/buy/?page=1&edid=1FD00E9B-3A03-E379-9B08-FF7D16F1A6A6&sortorder=desc&column=price HTTP/1.1" 200 114364
65.21.232.254 - - [27/Dec/2024:02:11:07 +0100] "GET /ticket2/opencms/no/buy/?page=1&edid=20B8D1AD-64EC-73DF-B539-29EE3CA0D338&sortorder=asc&column=price HTTP/1.1" 200 114067
185.191.171.5 - - [27/Dec/2024:02:11:08 +0100] "GET /ticket2/opencms/sr/magazine/article?title=manchester-city-protiv-queens-park-rangers HTTP/1.1" 200 94443
65.21.232.254 - - [27/Dec/2024:02:11:09 +0100] "GET /ticket2/opencms/no/buy/?page=1&edid=24A0474C-0E94-45BE-FC4D-B791EA0F3040 HTTP/1.1" 200 111690
65.21.232.254 - - [27/Dec/2024:02:11:11 +0100] "GET /ticket2/opencms/no/buy/?page=1&edid=2DEDC008-A8E2-8338-9113-89CEDCB5E81A&sortorder=asc&column=price HTTP/1.1" 200 114910
65.21.232.254 - - [27/Dec/2024:02:11:14 +0100] "GET /ticket2/opencms/no/buy/?page=1&edid=391E8F77-0345-E2F5-869C-543F72982348 HTTP/1.1" 200 111848
65.21.232.254 - - [27/Dec/2024:02:11:15 +0100] "GET /ticket2/opencms/no/buy/?page=1&edid=3E86A9D2-1F76-94AC-46C5-9F4298C72DA0 HTTP/1.1" 200 112941
65.21.232.254 - - [27/Dec/2024:02:11:17 +0100] "GET /ticket2/opencms/no/buy/?page=1&edid=3F7BA072-6294-6013-6B32-056BC5946D2B HTTP/1.1" 200 112149
52.167.144.172 - - [27/Dec/2024:02:11:18 +0100] "GET /ticket2/opencms/sl/buy?page=1&edid=9A81C6B5-B499-F8C4-47D4-F62A17C5E8E5 HTTP/1.1" 200 109717
65.21.232.254 - - [27/Dec/2024:02:11:19 +0100] "GET /ticket2/opencms/no/buy/?page=1&edid=41E8FD9A-7D19-BB8D-34EF-E33CD7FDD762 HTTP/1.1" 200 111462
65.21.232.254 - - [27/Dec/2024:02:11:22 +0100] "GET /ticket2/opencms/no/buy/?page=1&edid=438D4787-1A87-DDE1-7C5B-502516121C4F HTTP/1.1" 200 111784
85.208.96.209 - - [27/Dec/2024:02:11:23 +0100] "GET /ticket2/opencms/sv/magazine/article?title=declan-rice HTTP/1.1" 200 92134
65.21.232.254 - - [27/Dec/2024:02:11:23 +0100] "GET /ticket2/opencms/no/buy/?page=1&edid=459BE882-0565-B24D-DB56-F6A166521FB6 HTTP/1.1" 200 111909
65.21.232.254 - - [27/Dec/2024:02:11:25 +0100] "GET /ticket2/opencms/no/buy/?page=1&edid=46B98409-BE11-50C1-A27B-F9F14E8510F5 HTTP/1.1" 200 111645
65.21.232.254 - - [27/Dec/2024:02:11:28 +0100] "GET /ticket2/opencms/no/buy/?page=1&edid=47CC0F53-F067-291E-2086-0E3D1251A29F HTTP/1.1" 200 111522
52.167.144.208 - - [27/Dec/2024:02:11:29 +0100] "GET /ticket2/opencms/mo/buy?page=1&edid=DF73B840-FD1F-33E1-0F15-67C495C62B65 HTTP/1.1" 200 113595
65.21.232.254 - - [27/Dec/2024:02:11:29 +0100] "GET /ticket2/opencms/no/buy/?page=1&edid=4C8B7443-E2C5-8844-C14E-75C45B179DA9 HTTP/1.1" 200 111940
65.21.232.254 - - [27/Dec/2024:02:11:31 +0100] "GET /ticket2/opencms/no/buy/?page=1&edid=54BF7B38-1191-4855-07DB-8DE87C08BACB HTTP/1.1" 200 112555
85.208.96.206 - - [27/Dec/2024:02:11:32 +0100] "GET /ticket2/opencms/de/sport/fussball-tickets/serie_a/atalanta/ HTTP/1.1" 200 102255
65.21.232.254 - - [27/Dec/2024:02:11:33 +0100] "GET /ticket2/opencms/no/buy/?page=1&edid=74131A78-3ACC-99E6-1155-5093F043A0B8&sortorder=asc&column=row HTTP/1.1" 200 114745
65.21.232.254 - - [27/Dec/2024:02:11:35 +0100] "GET /ticket2/opencms/no/buy/?page=1&edid=87290264-453D-FFD4-E0AD-C907B793DD48 HTTP/1.1" 200 113146
52.167.144.219 - - [27/Dec/2024:02:11:37 +0100] "GET /ticket2/opencms/sv/ HTTP/1.1" 200 101059
65.21.232.254 - - [27/Dec/2024:02:11:37 +0100] "GET /ticket2/opencms/no/buy/?page=1&edid=9AD4B11B-4601-F5E9-C96F-7BECC055632D&sortorder=asc&column=section HTTP/1.1" 200 115038
65.21.232.254 - - [27/Dec/2024:02:11:39 +0100] "GET /ticket2/opencms/no/buy/?page=1&edid=D4D8D33D-C874-8F3F-7C90-91B543531027&sortorder=asc&column=price HTTP/1.1" 200 114969
65.21.232.254 - - [27/Dec/2024:02:11:41 +0100] "GET /ticket2/opencms/no/buy/?page=1&edid=DA544182-AA79-F548-64ED-2C067A356729 HTTP/1.1" 200 112246
65.21.232.254 - - [27/Dec/2024:02:11:43 +0100] "GET /ticket2/opencms/no/buy/?page=1&edid=E45E8CAC-C9E1-5B17-FCDC-FD9DFD7F01BC HTTP/1.1" 200 111801
52.167.144.219 - - [27/Dec/2024:02:11:43 +0100] "GET /ticket2/opencms/is/buy?page=1&edid=401CD235-D1EE-5A91-A749-CF58F670CF2A HTTP/1.1" 200 113625
65.21.232.254 - - [27/Dec/2024:02:11:45 +0100] "GET /ticket2/opencms/no/buy/?page=1&edid=F9957417-808C-BFE8-DAF7-21430BD5D954 HTTP/1.1" 200 113208
65.21.232.254 - - [27/Dec/2024:02:11:47 +0100] "GET /ticket2/opencms/no/buy/?page=1&edid=FCFB505B-FE22-3E79-A2CE-EB250C1EA711 HTTP/1.1" 200 111786
65.21.232.254 - - [27/Dec/2024:02:11:50 +0100] "GET /ticket2/opencms/no/buy/?page=1&edid=A9166140-FA58-145B-C965-B5558AECD78F HTTP/1.1" 200 111562
114.119.130.154 - - [27/Dec/2024:02:11:51 +0100] "GET /ticket2/opencms/az/buy?page=1&edid=B727EFAA-2D19-788C-5C80-76759C1A66B7 HTTP/1.1" 200 112665
185.191.171.4 - - [27/Dec/2024:02:11:53 +0100] "GET /ticket2/opencms/en/magazine/article?title=about-arsenal-fc HTTP/1.1" 200 91539
65.21.232.254 - - [27/Dec/2024:02:11:54 +0100] "GET /ticket2/opencms/no/sport/fotballsbilletter/la_liga/athletic-bilbao/ HTTP/1.1" 200 92506
65.21.232.254 - - [27/Dec/2024:02:11:56 +0100] "GET /ticket2/opencms/sv/buy/?comcatid=A17713B6-D984-201A-4143-ED4DB5ED5C2E&catid=0A6C99D2-F5BD-7A18-9A5F-5668827042E0&npage=1 HTTP/1.1" 200 6410
65.21.232.254 - - [27/Dec/2024:02:11:57 +0100] "GET /ticket2/opencms/sv/buy/?comcatid=A17713B6-D984-201A-4143-ED4DB5ED5C2E&catid=0A6C99D2-F5BD-7A18-9A5F-5668827042E0&npage=2 HTTP/1.1" 200 6410
65.21.232.254 - - [27/Dec/2024:02:11:59 +0100] "GET /ticket2/opencms/sv/buy/?page=1&edid=01A262FE-CD75-96BC-EB3A-7D77798F3053&sortorder=desc&column=row HTTP/1.1" 200 114291
52.167.144.172 - - [27/Dec/2024:02:11:59 +0100] "GET /ticket2/opencms/fi/urheilu/jalkapallo/bundesliga/stuttgart/ HTTP/1.1" 200 99250
47.128.96.205 - - [27/Dec/2024:02:12:00 +0100] "GET /ticket2/opencms/fi/venue/?venueid=3D52ED71-207A-1520-2853-7FAE5D71DD17 HTTP/1.1" 200 86633
65.21.232.254 - - [27/Dec/2024:02:12:01 +0100] "GET /ticket2/opencms/sv/buy/?page=1&edid=01A262FE-CD75-96BC-EB3A-7D77798F3053&sortorder=desc&column=section HTTP/1.1" 200 114472
52.167.144.219 - - [27/Dec/2024:02:12:01 +0100] "GET /ticket2/opencms/lv/buy?page=1&edid=DC5232F6-E30F-C6CC-913E-17E1EC37D999 HTTP/1.1" 200 109745
65.21.232.254 - - [27/Dec/2024:02:12:03 +0100] "GET /ticket2/opencms/sv/buy/?page=1&edid=01A43DF5-256F-8380-5389-DDDBFA700A48 HTTP/1.1" 200 112065
65.21.232.254 - - [27/Dec/2024:02:12:05 +0100] "GET /ticket2/opencms/sv/buy/?page=1&edid=01F2A948-87CA-060B-030E-779FF6FBE9B2&sortorder=asc&column=price HTTP/1.1" 200 114575
85.208.96.211 - - [27/Dec/2024:02:12:05 +0100] "GET /ticket2/opencms/mt/magazine/article?title=manchester-city-jirriskjaw-ir-relegazzjoni HTTP/1.1" 200 92014
114.119.145.123 - - [27/Dec/2024:02:12:07 +0100] "GET /ticket2/opencms/en/venue/?venueid=84B906DE-B460-D444-68C7-D7444F9F1F9B HTTP/1.1" 200 85012
65.21.232.254 - - [27/Dec/2024:02:12:07 +0100] "GET /ticket2/opencms/sv/buy/?page=1&edid=01F2A948-87CA-060B-030E-779FF6FBE9B2&sortorder=asc&column=row HTTP/1.1" 200 114386
65.21.232.254 - - [27/Dec/2024:02:12:09 +0100] "GET /ticket2/opencms/sv/buy/?page=1&edid=01F2A948-87CA-060B-030E-779FF6FBE9B2&sortorder=asc&column=section HTTP/1.1" 200 114589
65.21.232.254 - - [27/Dec/2024:02:12:11 +0100] "GET /ticket2/opencms/sv/buy/?page=1&edid=025EADBA-4CCB-DA07-4742-9BE67C2EAFE5 HTTP/1.1" 200 112233
65.21.232.254 - - [27/Dec/2024:02:12:12 +0100] "GET /ticket2/opencms/sv/buy/?page=1&edid=025EADBA-4CCB-DA07-4742-9BE67C2EAFE5&sortorder=desc&column=row HTTP/1.1" 200 114058
65.21.232.254 - - [27/Dec/2024:02:12:14 +0100] "GET /ticket2/opencms/sv/buy/?page=1&edid=025EDADF-A6F5-941C-F1A5-97BAE37E9D91 HTTP/1.1" 200 111486
47.128.18.208 - - [27/Dec/2024:02:12:15 +0100] "GET /ticket2/opencms/lv/opencms/system/modules/com.gridnine.opencms.ticketbrokerage.site/frametemplates/buypage.jsp?catid=26594C33-56CE-F529-FAF3-61AB33F74A3B&comcatid=0A6B8208-FDA4-E929-9D72-5312FD481B76&page=7 HTTP/1.1" 404 -
65.21.232.254 - - [27/Dec/2024:02:12:16 +0100] "GET /ticket2/opencms/sv/buy/?page=1&edid=02B60265-B470-D154-3DB2-ED700EFDE316&sortorder=asc&column=price HTTP/1.1" 200 114546
185.191.171.4 - - [27/Dec/2024:02:12:17 +0100] "GET /ticket2/opencms/ro/sport/bilete-fotbal/serie-a/napoli/ HTTP/1.1" 200 99963
65.21.232.254 - - [27/Dec/2024:02:12:18 +0100] "GET /ticket2/opencms/sv/buy/?page=1&edid=02B60265-B470-D154-3DB2-ED700EFDE316&sortorder=asc&column=row HTTP/1.1" 200 114352
65.21.232.254 - - [27/Dec/2024:02:12:20 +0100] "GET /ticket2/opencms/sv/buy/?page=1&edid=02E70633-B7C9-B546-F009-7238F851DD63&sortorder=desc&column=price HTTP/1.1" 200 114464
65.21.232.254 - - [27/Dec/2024:02:12:22 +0100] "GET /ticket2/opencms/sv/buy/?page=1&edid=02E70633-B7C9-B546-F009-7238F851DD63&sortorder=desc&column=section HTTP/1.1" 200 114558
65.21.232.254 - - [27/Dec/2024:02:12:24 +0100] "GET /ticket2/opencms/sv/buy/?page=1&edid=0340F86A-564D-570D-4FB5-34A17BDFADC6 HTTP/1.1" 200 108746
85.208.96.193 - - [27/Dec/2024:02:12:24 +0100] "GET /ticket2/opencms/sr/login/?url=%25252Fsr%25252Fsell%25252F HTTP/1.1" 200 91655
65.21.232.254 - - [27/Dec/2024:02:12:26 +0100] "GET /ticket2/opencms/sv/buy/?page=1&edid=037C183B-A00E-085D-5072-5B2FA6CE1346 HTTP/1.1" 200 110999
65.21.232.254 - - [27/Dec/2024:02:12:27 +0100] "GET /ticket2/opencms/sv/buy/?page=1&edid=0415C45A-63CA-260A-2123-85A9DAAFCE72&sortorder=asc&column=price HTTP/1.1" 200 113603
65.21.232.254 - - [27/Dec/2024:02:12:29 +0100] "GET /ticket2/opencms/sv/buy/?page=1&edid=0415C45A-63CA-260A-2123-85A9DAAFCE72&sortorder=asc&column=row HTTP/1.1" 200 113414
65.21.232.254 - - [27/Dec/2024:02:12:31 +0100] "GET /ticket2/opencms/sv/buy/?page=1&edid=0415C45A-63CA-260A-2123-85A9DAAFCE72&sortorder=asc&column=section HTTP/1.1" 200 113719
65.21.232.254 - - [27/Dec/2024:02:12:33 +0100] "GET /ticket2/opencms/sv/buy/?page=1&edid=0415C45A-63CA-260A-2123-85A9DAAFCE72&sortorder=desc&column=row HTTP/1.1" 200 113465
65.21.232.254 - - [27/Dec/2024:02:12:35 +0100] "GET /ticket2/opencms/sv/buy/?page=1&edid=04B62BE8-DBA1-6837-BCBE-53D7E0288921&sortorder=asc&column=price HTTP/1.1" 200 113019
3.141.47.139 - - [27/Dec/2024:02:12:36 +0100] "GET /ticket2/opencms/ro/about/contact HTTP/1.1" 200 86056
65.21.232.254 - - [27/Dec/2024:02:12:37 +0100] "GET /ticket2/opencms/sv/buy/?page=1&edid=04B62BE8-DBA1-6837-BCBE-53D7E0288921&sortorder=asc&column=row HTTP/1.1" 200 112875
65.21.232.254 - - [27/Dec/2024:02:12:39 +0100] "GET /ticket2/opencms/sv/buy/?page=1&edid=04B62BE8-DBA1-6837-BCBE-53D7E0288921&sortorder=asc&column=section HTTP/1.1" 200 113121
65.21.232.254 - - [27/Dec/2024:02:12:41 +0100] "GET /ticket2/opencms/sv/buy/?page=1&edid=06E9E41F-E48F-7CFB-D11B-E7C9F0A0E4D8&sortorder=asc&column=price HTTP/1.1" 200 114347
47.128.124.32 - - [27/Dec/2024:02:12:41 +0100] "GET /ticket2/opencms/no/sport/fotballsbilletter/champions_league/leipzig/ HTTP/1.1" 200 88258
47.128.124.32 - - [27/Dec/2024:02:12:42 +0100] "GET /ticket2/opencms/system/modules/com.gridnine.opencms.ticketbrokerage.site/resources/pics/logo-new.png HTTP/1.1" 200 13541
65.21.232.254 - - [27/Dec/2024:02:12:42 +0100] "GET /ticket2/opencms/sv/buy/?page=1&edid=06E9E41F-E48F-7CFB-D11B-E7C9F0A0E4D8&sortorder=asc&column=section HTTP/1.1" 200 114451
47.128.124.32 - - [27/Dec/2024:02:12:43 +0100] "GET /ticket2/opencms/system/modules/com.gridnine.opencms.ticketbrokerage.site/resources/pics/banners/Champions_League.jpg HTTP/1.1" 200 13893
34.147.19.222 - - [27/Dec/2024:02:12:43 +0100] "GET /ticket2/opencms/ HTTP/1.1" 302 -
65.21.232.254 - - [27/Dec/2024:02:12:44 +0100] "GET /ticket2/opencms/sv/buy/?page=1&edid=06E9E41F-E48F-7CFB-D11B-E7C9F0A0E4D8&sortorder=desc&column=section HTTP/1.1" 200 114598
47.128.124.32 - - [27/Dec/2024:02:12:46 +0100] "GET /ticket2/opencms/img/icons/et.png HTTP/1.1" 200 754
65.21.232.254 - - [27/Dec/2024:02:12:46 +0100] "GET /ticket2/opencms/sv/buy/?page=1&edid=07D063F2-E88B-66B3-2176-A8CD7061F92B&sortorder=asc&column=price HTTP/1.1" 200 109961
65.21.232.254 - - [27/Dec/2024:02:12:48 +0100] "GET /ticket2/opencms/sv/buy/?page=1&edid=07D063F2-E88B-66B3-2176-A8CD7061F92B&sortorder=asc&column=row HTTP/1.1" 200 109816
34.147.19.222 - - [27/Dec/2024:02:12:48 +0100] "GET /ticket2/opencms/en/ HTTP/1.1" 200 100147
114.119.135.171 - - [27/Dec/2024:02:12:49 +0100] "GET /ticket2/opencms/en/venue/?venueid=F76AD906-FBBC-FCAB-B8D4-268BA5BBF983 HTTP/1.1" 200 84986
18.188.245.152 - - [27/Dec/2024:02:12:50 +0100] "GET /ticket2/opencms/fr/buy/?edid=993ECB6B-5437-7FFC-177B-D4101C1148EA&page=1 HTTP/1.1" 200 109639
216.244.66.238 - - [27/Dec/2024:02:12:53 +0100] "GET /ticket2/opencms/bg/buy?page=1&edid=6E3E962A-41C5-5BB7-D16B-26A307C493D7 HTTP/1.1" 200 115518
83.187.191.235 - - [27/Dec/2024:02:12:55 +0100] "GET /ticket2/opencms/sv/sport/fotbollsbiljetter/la_liga/real_madrid/ HTTP/1.1" 200 95549
83.187.191.235 - - [27/Dec/2024:02:12:55 +0100] "GET /ticket2/opencms/system/modules/com.gridnine.opencms.ticketbrokerage.site/resources/css/ticketbrokerage.css HTTP/1.1" 200 39339
83.187.191.235 - - [27/Dec/2024:02:12:55 +0100] "GET /ticket2/opencms/system/modules/com.gridnine.opencms.ticketbrokerage.site/resources/js/jquery/jquery-ui.js HTTP/1.1" 200 228088
83.187.191.235 - - [27/Dec/2024:02:12:55 +0100] "GET /ticket2/opencms/system/modules/com.gridnine.opencms.ticketbrokerage.site/resources/css/calendar.css HTTP/1.1" 200 6871
83.187.191.235 - - [27/Dec/2024:02:12:55 +0100] "GET /ticket2/opencms/system/modules/com.gridnine.opencms.ticketbrokerage.site/resources/css/standard.css HTTP/1.1" 200 73081
83.187.191.235 - - [27/Dec/2024:02:12:55 +0100] "GET /ticket2/opencms/system/modules/com.gridnine.opencms.ticketbrokerage.site/resources/js/calendar.js HTTP/1.1" 200 49229
83.187.191.235 - - [27/Dec/2024:02:12:55 +0100] "GET /ticket2/opencms/system/modules/com.gridnine.opencms.ticketbrokerage.site/resources/css/jquery.fancybox.css HTTP/1.1" 200 4939
83.187.191.235 - - [27/Dec/2024:02:12:55 +0100] "GET /ticket2/opencms/system/modules/com.gridnine.opencms.ticketbrokerage.site/resources/js/functions.js HTTP/1.1" 200 1583
83.187.191.235 - - [27/Dec/2024:02:12:55 +0100] "GET /ticket2/opencms/system/modules/com.gridnine.opencms.ticketbrokerage.site/resources/css/jquery-ui.css HTTP/1.1" 200 33221
83.187.191.235 - - [27/Dec/2024:02:12:55 +0100] "GET /ticket2/opencms/system/modules/com.gridnine.opencms.ticketbrokerage.site/resources/js/calendar-setup.js HTTP/1.1" 200 4923
83.187.191.235 - - [27/Dec/2024:02:12:55 +0100] "GET /ticket2/opencms/system/modules/com.gridnine.opencms.ticketbrokerage.site/resources/js/stickyfill.min.js HTTP/1.1" 200 5672
83.187.191.235 - - [27/Dec/2024:02:12:55 +0100] "GET /ticket2/opencms/system/modules/com.gridnine.opencms.ticketbrokerage.site/resources/js/jquery/jquery.js HTTP/1.1" 200 93868
83.187.191.235 - - [27/Dec/2024:02:12:55 +0100] "GET /ticket2/opencms/system/modules/com.gridnine.opencms.ticketbrokerage.site/resources/js/jquery.fancybox.pack.js HTTP/1.1" 200 23187
83.187.191.235 - - [27/Dec/2024:02:12:55 +0100] "GET /ticket2/opencms/system/modules/com.gridnine.opencms.ticketbrokerage.site/resources/js/calendar-en.js HTTP/1.1" 200 3338
83.187.191.235 - - [27/Dec/2024:02:12:55 +0100] "GET /ticket2/opencms/system/modules/com.gridnine.opencms.ticketbrokerage.site/resources/js/standard.js HTTP/1.1" 200 3978
83.187.191.235 - - [27/Dec/2024:02:12:55 +0100] "GET /ticket2/opencms/system/modules/com.gridnine.opencms.ticketbrokerage.site/resources/js/common-ajax.js HTTP/1.1" 200 20175
83.187.191.235 - - [27/Dec/2024:02:12:55 +0100] "GET /ticket2/opencms/system/modules/com.gridnine.opencms.ticketbrokerage.site/resources/js/jquery.placeholder.min.js HTTP/1.1" 200 1737
83.187.191.235 - - [27/Dec/2024:02:12:55 +0100] "GET /ticket2/opencms/img/insta.png HTTP/1.1" 200 3967
83.187.191.235 - - [27/Dec/2024:02:12:55 +0100] "GET /ticket2/opencms/system/modules/com.gridnine.opencms.ticketbrokerage.site/resources/pics/logo-new.png HTTP/1.1" 200 13541
83.187.191.235 - - [27/Dec/2024:02:12:55 +0100] "GET /ticket2/opencms/img/fb.png HTTP/1.1" 200 1269
83.187.191.235 - - [27/Dec/2024:02:12:55 +0100] "GET /ticket2/opencms/system/modules/com.gridnine.opencms.ticketbrokerage.site/resources/pics/banners/Real_Madrid_CF.jpg HTTP/1.1" 200 13578
83.187.191.235 - - [27/Dec/2024:02:12:55 +0100] "GET /ticket2/opencms/system/modules/com.gridnine.opencms.ticketbrokerage.site/resources/pics/footer-img.jpg HTTP/1.1" 200 67642
83.187.191.235 - - [27/Dec/2024:02:12:55 +0100] "GET /ticket2/opencms/img/check.png HTTP/1.1" 200 548
83.187.191.235 - - [27/Dec/2024:02:12:55 +0100] "GET /ticket2/opencms/img/icons/globe-white.png HTTP/1.1" 200 947
83.187.191.235 - - [27/Dec/2024:02:12:55 +0100] "GET /ticket2/opencms/img/mail.png HTTP/1.1" 200 403
83.187.191.235 - - [27/Dec/2024:02:12:55 +0100] "GET /ticket2/opencms/img/chat.png HTTP/1.1" 200 416
83.187.191.235 - - [27/Dec/2024:02:12:55 +0100] "GET /ticket2/opencms/img/arrow.png HTTP/1.1" 200 753
83.187.191.235 - - [27/Dec/2024:02:12:55 +0100] "GET /ticket2/opencms/img/icons/se.png HTTP/1.1" 200 1258
83.187.191.235 - - [27/Dec/2024:02:12:55 +0100] "GET /ticket2/opencms/img/icons/en.png HTTP/1.1" 200 2415
83.187.191.235 - - [27/Dec/2024:02:12:55 +0100] "GET /ticket2/opencms/img/icons/no.png HTTP/1.1" 200 1958
83.187.191.235 - - [27/Dec/2024:02:12:55 +0100] "GET /ticket2/opencms/img/icons/es.png HTTP/1.1" 200 1005
83.187.191.235 - - [27/Dec/2024:02:12:55 +0100] "GET /ticket2/opencms/img/icons/pl.png HTTP/1.1" 200 1578
83.187.191.235 - - [27/Dec/2024:02:12:55 +0100] "GET /ticket2/opencms/img/icons/sq.png HTTP/1.1" 200 1619
83.187.191.235 - - [27/Dec/2024:02:12:56 +0100] "GET /ticket2/opencms/img/icons/nl.png HTTP/1.1" 200 1255
83.187.191.235 - - [27/Dec/2024:02:12:56 +0100] "GET /ticket2/opencms/img/icons/be.png HTTP/1.1" 200 1663
83.187.191.235 - - [27/Dec/2024:02:12:56 +0100] "GET /ticket2/opencms/img/icons/bs.png HTTP/1.1" 200 1014
83.187.191.235 - - [27/Dec/2024:02:12:56 +0100] "GET /ticket2/opencms/img/icons/bg.png HTTP/1.1" 200 788
83.187.191.235 - - [27/Dec/2024:02:12:56 +0100] "GET /ticket2/opencms/img/icons/hr.png HTTP/1.1" 200 2024
83.187.191.235 - - [27/Dec/2024:02:12:56 +0100] "GET /ticket2/opencms/img/icons/cs.png HTTP/1.1" 200 1883
83.187.191.235 - - [27/Dec/2024:02:12:56 +0100] "GET /ticket2/opencms/img/icons/et.png HTTP/1.1" 200 754
83.187.191.235 - - [27/Dec/2024:02:12:56 +0100] "GET /ticket2/opencms/img/icons/el.png HTTP/1.1" 200 1637
83.187.191.235 - - [27/Dec/2024:02:12:56 +0100] "GET /ticket2/opencms/img/icons/ka.png HTTP/1.1" 200 860
83.187.191.235 - - [27/Dec/2024:02:12:56 +0100] "GET /ticket2/opencms/img/icons/hu.png HTTP/1.1" 200 733
83.187.191.235 - - [27/Dec/2024:02:12:56 +0100] "GET /ticket2/opencms/img/icons/is.png HTTP/1.1" 200 1884
83.187.191.235 - - [27/Dec/2024:02:12:56 +0100] "GET /ticket2/opencms/img/icons/ga.png HTTP/1.1" 200 1759
83.187.191.235 - - [27/Dec/2024:02:12:56 +0100] "GET /ticket2/opencms/img/icons/dk.png HTTP/1.1" 200 1706
83.187.191.235 - - [27/Dec/2024:02:12:56 +0100] "GET /ticket2/opencms/img/icons/lt.png HTTP/1.1" 200 733
83.187.191.235 - - [27/Dec/2024:02:12:56 +0100] "GET /ticket2/opencms/img/icons/lv.png HTTP/1.1" 200 716
83.187.191.235 - - [27/Dec/2024:02:12:56 +0100] "GET /ticket2/opencms/img/icons/mt.png HTTP/1.1" 200 920
83.187.191.235 - - [27/Dec/2024:02:12:56 +0100] "GET /ticket2/opencms/img/icons/mo.png HTTP/1.1" 200 1468
83.187.191.235 - - [27/Dec/2024:02:12:56 +0100] "GET /ticket2/opencms/img/icons/ro.png HTTP/1.1" 200 1393
83.187.191.235 - - [27/Dec/2024:02:12:56 +0100] "GET /ticket2/opencms/img/icons/sk.png HTTP/1.1" 200 1283
83.187.191.235 - - [27/Dec/2024:02:12:56 +0100] "GET /ticket2/opencms/img/icons/sr.png HTTP/1.1" 200 1602
83.187.191.235 - - [27/Dec/2024:02:12:56 +0100] "GET /ticket2/opencms/img/icons/sl.png HTTP/1.1" 200 966
83.187.191.235 - - [27/Dec/2024:02:12:56 +0100] "GET /ticket2/opencms/img/icons/uk.png HTTP/1.1" 200 1272
83.187.191.235 - - [27/Dec/2024:02:12:56 +0100] "GET /ticket2/opencms/img/icons/tr.png HTTP/1.1" 200 1636
83.187.191.235 - - [27/Dec/2024:02:12:56 +0100] "GET /ticket2/opencms/img/icons/fr.png HTTP/1.1" 200 1764
83.187.191.235 - - [27/Dec/2024:02:12:57 +0100] "GET /ticket2/opencms/img/icons/fi.png HTTP/1.1" 200 1785
83.187.191.235 - - [27/Dec/2024:02:12:57 +0100] "GET /ticket2/opencms/img/icons/it.png HTTP/1.1" 200 2040
83.187.191.235 - - [27/Dec/2024:02:12:57 +0100] "GET /ticket2/opencms/img/icons/az.png HTTP/1.1" 200 1445
83.187.191.235 - - [27/Dec/2024:02:12:57 +0100] "GET /ticket2/opencms/img/icons/de.png HTTP/1.1" 200 1124
83.187.191.235 - - [27/Dec/2024:02:12:57 +0100] "GET /ticket2/opencms/img/icons/ticket2.thumbnail.png HTTP/1.1" 200 21519
83.187.191.235 - - [27/Dec/2024:02:12:57 +0100] "GET /ticket2/opencms/system/modules/com.gridnine.opencms.ticketbrokerage.site/resources/js/standard.js HTTP/1.1" 200 3978
85.208.96.210 - - [27/Dec/2024:02:12:58 +0100] "GET /ticket2/opencms/lv/magazine/article?title=aston-villa-viens-no-vecakajiem-klubiem-premier-league HTTP/1.1" 200 93371
216.244.66.238 - - [27/Dec/2024:02:12:59 +0100] "GET /ticket2/opencms/bs/buy?page=1&edid=51B884F9-DF7A-286D-15A9-2FC5FF326C60 HTTP/1.1" 200 111934
52.167.144.208 - - [27/Dec/2024:02:13:02 +0100] "GET /ticket2/opencms/sk/buy?page=1&edid=E7778B07-5A2E-03C5-E890-F4206C3C4D00&sortorder=asc&column=section HTTP/1.1" 200 115697
185.191.171.13 - - [27/Dec/2024:02:13:04 +0100] "GET /ticket2/opencms/cs/sport/fotbalove-listky/english-championship/millwall/ HTTP/1.1" 200 103904
216.244.66.238 - - [27/Dec/2024:02:13:05 +0100] "GET /ticket2/opencms/bs/buy?page=1&edid=E4AB8B9B-D715-946F-66CB-04AA56069E4B HTTP/1.1" 200 112007
114.119.141.206 - - [27/Dec/2024:02:13:05 +0100] "GET /ticket2/opencms/en/sell/?edid=FA620132-BC4F-5155-0B33-5449E1B23645 HTTP/1.1" 302 -
114.119.141.206 - - [27/Dec/2024:02:13:09 +0100] "GET /ticket2/opencms/en/login/?url=/en/sell/ HTTP/1.1" 200 89832
216.244.66.238 - - [27/Dec/2024:02:13:11 +0100] "GET /ticket2/opencms/fi/buy?page=1&edid=061E5EA1-AE6B-EC9F-2F97-FA0E9464F54B HTTP/1.1" 200 113136
85.208.96.208 - - [27/Dec/2024:02:13:14 +0100] "GET /ticket2/opencms/fi/urheilu/jalkapallo/bundesliga/koln/ HTTP/1.1" 200 94286
216.244.66.238 - - [27/Dec/2024:02:13:16 +0100] "GET /ticket2/opencms/hr/buy?page=1&edid=51B884F9-DF7A-286D-15A9-2FC5FF326C60 HTTP/1.1" 200 112082
216.244.66.238 - - [27/Dec/2024:02:13:22 +0100] "GET /ticket2/opencms/lt/buy?page=1&edid=AE8DF7B2-AA16-49DA-6FF6-26DC8821D0BB HTTP/1.1" 200 112114
172.178.141.131 - - [27/Dec/2024:02:13:23 +0100] "GET /ticket2/opencms/fr/sport/billets-football/la_liga/getafe HTTP/1.1" 200 101950
52.167.144.208 - - [27/Dec/2024:02:13:26 +0100] "GET /ticket2/opencms/ka/buy?page=6&comcatid=A17713B6-D984-201A-4143-ED4DB5ED5C2E&catid=C0DF818C-DB21-6E2E-4056-DB751FFE0C41 HTTP/1.1" 200 6410
216.244.66.238 - - [27/Dec/2024:02:13:29 +0100] "GET /ticket2/opencms/sv/sport/fotbollsbiljetter/premier_league/everton/liverpool.html HTTP/1.1" 200 93730
47.128.55.147 - - [27/Dec/2024:02:13:30 +0100] "GET /ticket2/opencms/sl/buy/?edid=12E0AD86-DC28-E34C-4681-77C2F67FD00B HTTP/1.1" 200 92541
114.119.146.220 - - [27/Dec/2024:02:13:32 +0100] "GET /ticket2/opencms/en/venue/?venueid=43CA93E8-7019-BD08-6A52-02613BB0F965 HTTP/1.1" 200 85023
47.128.55.147 - - [27/Dec/2024:02:13:34 +0100] "GET /ticket2/opencms/img/icons/et.png HTTP/1.1" 200 754
3.147.46.174 - - [27/Dec/2024:02:13:35 +0100] "GET /ticket2/opencms/cs/buy/?edid=993ECB6B-5437-7FFC-177B-D4101C1148EA&page=1 HTTP/1.1" 200 109796
85.208.96.194 - - [27/Dec/2024:02:13:36 +0100] "GET /ticket2/opencms/sl/magazine/article/ HTTP/1.1" 200 88684
216.244.66.238 - - [27/Dec/2024:02:13:39 +0100] "GET /ticket2/opencms/venue/Saransk_Stadium.jpg HTTP/1.1" 200 45097
47.128.56.36 - - [27/Dec/2024:02:13:51 +0100] "GET /ticket2/opencms/pl/buy/?edid=FA047031-F510-E911-0280-BC3ADCB159FC HTTP/1.1" 200 92555
185.191.171.5 - - [27/Dec/2024:02:13:55 +0100] "GET /ticket2/opencms/hu/magazine/article?title=kevin-de-bruyne HTTP/1.1" 200 93752
85.208.96.211 - - [27/Dec/2024:02:13:58 +0100] "GET /ticket2/opencms/cs/magazine/article?title=maximilian-ibrahimovic-podepisuje-smlouvu-s-druhym-tymem-ac-milan HTTP/1.1" 200 96114
85.208.96.208 - - [27/Dec/2024:02:14:01 +0100] "GET /ticket2/opencms/sr/magazine/article?title=refleksija-sezone-arsenala HTTP/1.1" 200 94043
185.191.171.14 - - [27/Dec/2024:02:14:03 +0100] "GET /ticket2/opencms/fi/urheilu/jalkapallo/ligue_1/paris_saint_germain/ HTTP/1.1" 200 93562
185.191.171.11 - - [27/Dec/2024:02:14:06 +0100] "GET /ticket2/opencms/fi/magazine/article?title=kylian-mbappe-real-madridiin HTTP/1.1" 200 92841
114.119.136.146 - - [27/Dec/2024:02:14:15 +0100] "GET /ticket2/opencms/en/sell/?edid=4A8989F3-1686-5872-E1B8-5372AB312373 HTTP/1.1" 302 -
114.119.136.146 - - [27/Dec/2024:02:14:19 +0100] "GET /ticket2/opencms/en/login/?url=/en/sell/ HTTP/1.1" 200 89797
85.208.96.200 - - [27/Dec/2024:02:14:22 +0100] "GET /ticket2/opencms/fi/urheilu/jalkapallo/bundesliga/stuttgart/ HTTP/1.1" 200 99360
185.191.171.10 - - [27/Dec/2024:02:14:33 +0100] "GET /ticket2/opencms/sv/sport/fotbollsbiljetter/la_liga/real_madrid/ HTTP/1.1" 200 95582
114.119.141.178 - - [27/Dec/2024:02:14:37 +0100] "GET /ticket2/opencms/az/buy?page=1&=D794FAB8-B9EC-5EF3-86BF-E61555A7E1A8 HTTP/1.1" 200 6507
52.167.144.172 - - [27/Dec/2024:02:14:38 +0100] "GET /ticket2/opencms/is/buy?page=1&edid=9219490E-57C2-9B65-4F03-B2B5521A5479 HTTP/1.1" 200 109892
85.208.96.210 - - [27/Dec/2024:02:14:39 +0100] "GET /ticket2/opencms/mo/program-de-afiliere HTTP/1.1" 200 89590
85.208.96.211 - - [27/Dec/2024:02:14:42 +0100] "GET /ticket2/opencms/no/magazine/article?title=allsvenskan-den-svenske-fotballens-premier-league HTTP/1.1" 200 93033
185.191.171.11 - - [27/Dec/2024:02:14:47 +0100] "GET /ticket2/opencms/no/magazine/article?title=oversett-folgende-tekst-til-no-newcastle HTTP/1.1" 200 90176
114.119.130.91 - - [27/Dec/2024:02:14:47 +0100] "GET /ticket2/opencms/en/buy/?page=1&edid=F96EC4CB-A7BC-CFD8-70A7-924DB40FAA5B HTTP/1.1" 200 107952
52.15.71.146 - - [27/Dec/2024:02:14:54 +0100] "GET /ticket2/opencms/tr/buy/?edid=993ECB6B-5437-7FFC-177B-D4101C1148EA&page=1 HTTP/1.1" 200 109996
85.208.96.210 - - [27/Dec/2024:02:15:07 +0100] "GET /ticket2/opencms/nl/sport/voetbal-tickets/serie_a/torino/ HTTP/1.1" 200 91950
85.208.96.212 - - [27/Dec/2024:02:15:15 +0100] "GET /ticket2/opencms/mo/magazine/article?title=michail-antonio-feridu-efter-bilolycku HTTP/1.1" 200 94347
185.191.171.1 - - [27/Dec/2024:02:15:21 +0100] "GET /ticket2/opencms/lv/magazine/article?title=crystal-palace-premier-league-labakie-fani HTTP/1.1" 200 93606
185.191.171.9 - - [27/Dec/2024:02:15:26 +0100] "GET /ticket2/opencms/et/magazine/article?title=premier-league-mangude-ajakava-premier-league-fixtures-20242025 HTTP/1.1" 200 92327
47.128.17.168 - - [27/Dec/2024:02:15:28 +0100] "GET /ticket2/opencms/hu/buy/?edid=2B4D80E3-665D-28EB-9306-0D3E928A752F HTTP/1.1" 200 92736
114.119.130.61 - - [27/Dec/2024:02:15:32 +0100] "GET /ticket2/opencms/en/venue/?venueid=A80A0A61-7C37-1A40-97CB-2266617DAAEF HTTP/1.1" 200 84990
85.208.96.197 - - [27/Dec/2024:02:15:36 +0100] "GET /ticket2/opencms/sr/magazine/article?title=raspored-utakmica-za-premier-ligu-raspored-premier-lige-20242025 HTTP/1.1" 200 92692
40.77.167.25 - - [27/Dec/2024:02:15:37 +0100] "GET /ticket2/opencms/sr/buy?page=1&edid=6504940A-EFB0-5E3D-6D5A-011BC7DD06A5 HTTP/1.1" 200 110377
185.191.171.5 - - [27/Dec/2024:02:15:39 +0100] "GET /ticket2/opencms/en/newsletter/ HTTP/1.1" 200 88747
52.167.144.219 - - [27/Dec/2024:02:15:54 +0100] "GET /ticket2/opencms/sv/buy?page=1&edid=0875BE9E-92C8-7BFB-85A8-1DA6555B01C3&sortorder=asc&column=row HTTP/1.1" 200 114198
47.128.44.115 - - [27/Dec/2024:02:16:00 +0100] "GET /ticket2/opencms/fi/venue/?venueid=70BCEFF3-3FFD-32AD-3733-0F6287343BFC HTTP/1.1" 200 86611
85.208.96.211 - - [27/Dec/2024:02:16:20 +0100] "GET /ticket2/opencms/sq/magazine/article?title=kevin-de-bruyne HTTP/1.1" 200 93286
101.44.25.251 - - [27/Dec/2024:02:16:20 +0100] "GET /ticket2/opencms/sk/buy?page=1&edid=BBDCBF15-1B06-DD9F-49B6-3829D3B56DBC HTTP/1.1" 200 112099
47.128.48.139 - - [27/Dec/2024:02:16:24 +0100] "GET /ticket2/opencms/sl/buy/?edid=F470DBBF-86C7-739C-C511-DD5626B6BC19 HTTP/1.1" 200 92536
66.249.79.103 - - [27/Dec/2024:02:16:33 +0100] "GET /ticket2/opencms/ro/buy?page=1&edid=B7C31852-4938-05B8-A23C-0248E7A3D5BA HTTP/1.1" 200 134777
52.167.144.219 - - [27/Dec/2024:02:16:38 +0100] "GET /ticket2/opencms/pl/?page=6&comcatid=A17713B6-D984-201A-4143-ED4DB5ED5C2E&catid=08F27F2A-1872-A39F-A97C-63093E77B18A HTTP/1.1" 200 101417
47.128.116.183 - - [27/Dec/2024:02:16:41 +0100] "GET /ticket2/opencms/fi/venue/?venueid=0DAE72BE-DDB2-1AEE-67A0-D0641E7711CD HTTP/1.1" 200 86655
85.208.96.212 - - [27/Dec/2024:02:16:48 +0100] "GET /ticket2/opencms/no/magazine/article?title=hvordan-skal-manchester-united-handtere-krisen HTTP/1.1" 200 92290
47.128.20.47 - - [27/Dec/2024:02:17:04 +0100] "GET /ticket2/opencms/el/buy?edid=55D1893A-18D7-BF3D-C95C-B7BB78833B39 HTTP/1.1" 200 94198
114.119.139.202 - - [27/Dec/2024:02:17:06 +0100] "GET /ticket2/opencms/en/venue/?venueid=80B2E1FA-5C12-5CA8-5156-ED69E629CB1C HTTP/1.1" 200 85016
40.77.167.25 - - [27/Dec/2024:02:17:07 +0100] "GET /ticket2/opencms/is/buy?page=1&edid=D3D1A511-385D-0A89-1FCD-2C30ED5A7E8C HTTP/1.1" 200 109861
85.208.96.196 - - [27/Dec/2024:02:17:12 +0100] "GET /ticket2/opencms/sv/magazine/article?title=jude-bellingham HTTP/1.1" 200 91722
34.90.229.81 - - [27/Dec/2024:02:17:16 +0100] "GET /ticket2/opencms/de/ HTTP/1.1" 200 101227
185.191.171.10 - - [27/Dec/2024:02:17:28 +0100] "GET /ticket2/opencms/pl/faq/ HTTP/1.1" 200 89637
40.77.167.25 - - [27/Dec/2024:02:17:29 +0100] "GET /ticket2/opencms/is/buy?page=1&edid=D64B5630-A9DF-0854-05CF-2FC43E0CD4B2 HTTP/1.1" 200 109893
85.208.96.196 - - [27/Dec/2024:02:17:38 +0100] "GET /ticket2/opencms/it/magazine/article?title=su-larsenal-fc HTTP/1.1" 200 93039
114.119.136.146 - - [27/Dec/2024:02:17:40 +0100] "GET /ticket2/opencms/en/buy/?page=1&edid=243EB3E1-5742-2E61-6FE1-9C31B1193B60 HTTP/1.1" 200 111313
185.191.171.7 - - [27/Dec/2024:02:17:54 +0100] "GET /ticket2/opencms/it/magazine/article?title=william-alain-andre-gabriel-saliba HTTP/1.1" 200 93751
185.191.171.6 - - [27/Dec/2024:02:18:01 +0100] "GET /ticket2/opencms/fi/magazine/ HTTP/1.1" 200 157778
85.208.96.200 - - [27/Dec/2024:02:18:06 +0100] "GET /ticket2/opencms/lt/apie-mus HTTP/1.1" 200 89154
114.119.132.9 - - [27/Dec/2024:02:18:07 +0100] "GET /ticket2/opencms/en/sell/?edid=F45DD25D-A755-0DD0-7D1E-67A5B8BC201E HTTP/1.1" 302 -
185.191.171.12 - - [27/Dec/2024:02:18:10 +0100] "GET /ticket2/opencms/no/magazine/article?title=bournemouth HTTP/1.1" 200 92669
114.119.132.9 - - [27/Dec/2024:02:18:11 +0100] "GET /ticket2/opencms/en/login/?url=/en/sell/ HTTP/1.1" 200 89892
52.167.144.216 - - [27/Dec/2024:02:18:12 +0100] "GET /ticket2/opencms/nl/magazine/article?title=winnaar-van-de-gouden-bal-2024 HTTP/1.1" 200 91234
185.108.107.130 - - [27/Dec/2024:02:18:12 +0100] "GET /ticket2/opencms/fr/ HTTP/1.1" 200 101830
185.108.107.130 - - [27/Dec/2024:02:18:12 +0100] "GET /ticket2/opencms/system/modules/com.gridnine.opencms.ticketbrokerage.site/resources/css/ticketbrokerage.css HTTP/1.1" 200 39339
185.108.107.130 - - [27/Dec/2024:02:18:13 +0100] "GET /ticket2/opencms/system/modules/com.gridnine.opencms.ticketbrokerage.site/resources/css/calendar.css HTTP/1.1" 200 6871
185.108.107.130 - - [27/Dec/2024:02:18:13 +0100] "GET /ticket2/opencms/system/modules/com.gridnine.opencms.ticketbrokerage.site/resources/css/jquery-ui.css HTTP/1.1" 200 33221
185.108.107.130 - - [27/Dec/2024:02:18:13 +0100] "GET /ticket2/opencms/system/modules/com.gridnine.opencms.ticketbrokerage.site/resources/css/standard.css HTTP/1.1" 200 73081
185.108.107.130 - - [27/Dec/2024:02:18:13 +0100] "GET /ticket2/opencms/system/modules/com.gridnine.opencms.ticketbrokerage.site/resources/css/jquery.fancybox.css HTTP/1.1" 200 4939
185.108.107.130 - - [27/Dec/2024:02:18:13 +0100] "GET /ticket2/opencms/system/modules/com.gridnine.opencms.ticketbrokerage.site/resources/js/functions.js HTTP/1.1" 200 1583
185.108.107.130 - - [27/Dec/2024:02:18:13 +0100] "GET /ticket2/opencms/system/modules/com.gridnine.opencms.ticketbrokerage.site/resources/js/jquery/jquery-ui.js HTTP/1.1" 200 228088
185.108.107.130 - - [27/Dec/2024:02:18:13 +0100] "GET /ticket2/opencms/system/modules/com.gridnine.opencms.ticketbrokerage.site/resources/js/jquery/jquery.js HTTP/1.1" 200 93868
185.108.107.130 - - [27/Dec/2024:02:18:13 +0100] "GET /ticket2/opencms/system/modules/com.gridnine.opencms.ticketbrokerage.site/resources/js/calendar.js HTTP/1.1" 200 49229
185.108.107.130 - - [27/Dec/2024:02:18:13 +0100] "GET /ticket2/opencms/system/modules/com.gridnine.opencms.ticketbrokerage.site/resources/js/calendar-en.js HTTP/1.1" 200 3338
185.108.107.130 - - [27/Dec/2024:02:18:13 +0100] "GET /ticket2/opencms/system/modules/com.gridnine.opencms.ticketbrokerage.site/resources/js/calendar-setup.js HTTP/1.1" 200 4923
185.108.107.130 - - [27/Dec/2024:02:18:13 +0100] "GET /ticket2/opencms/system/modules/com.gridnine.opencms.ticketbrokerage.site/resources/js/jquery.fancybox.pack.js HTTP/1.1" 200 23187
47.238.13.14 - - [27/Dec/2024:02:18:14 +0100] "GET /ticket2/opencms/hr/buy?page=1&edid=F3EAB77E-5223-86F1-9947-9F306D6E6D43 HTTP/1.1" 200 109742
185.108.107.130 - - [27/Dec/2024:02:18:14 +0100] "GET /ticket2/opencms/system/modules/com.gridnine.opencms.ticketbrokerage.site/resources/js/stickyfill.min.js HTTP/1.1" 200 5672
185.108.107.130 - - [27/Dec/2024:02:18:15 +0100] "GET /ticket2/opencms/system/modules/com.gridnine.opencms.ticketbrokerage.site/resources/js/standard.js HTTP/1.1" 200 3978
185.108.107.130 - - [27/Dec/2024:02:18:15 +0100] "GET /ticket2/opencms/system/modules/com.gridnine.opencms.ticketbrokerage.site/resources/js/jquery.placeholder.min.js HTTP/1.1" 200 1737
185.108.107.130 - - [27/Dec/2024:02:18:15 +0100] "GET /ticket2/opencms/system/modules/com.gridnine.opencms.ticketbrokerage.site/resources/js/common-ajax.js HTTP/1.1" 200 20175
185.108.107.130 - - [27/Dec/2024:02:18:15 +0100] "GET /ticket2/opencms/system/modules/com.gridnine.opencms.ticketbrokerage.site/resources/pics/logo-new.png HTTP/1.1" 200 13541
185.108.107.130 - - [27/Dec/2024:02:18:15 +0100] "GET /ticket2/opencms/img/banner-pl.jpeg HTTP/1.1" 200 41818
185.108.107.130 - - [27/Dec/2024:02:18:16 +0100] "GET /ticket2/opencms/img/banner-ll.jpeg HTTP/1.1" 200 41825
114.119.135.171 - - [27/Dec/2024:02:18:20 +0100] "GET /ticket2/opencms/en/buy/?page=6&comcatid=A17713B6-D984-201A-4143-ED4DB5ED5C2E&catid=0A6C99D2-F5BD-7A18-9A5F-5668827042E0&eventid=9F2135C0-926A-6F2D-349D-384B068ADC1C HTTP/1.1" 200 6410
177.76.143.2 - - [27/Dec/2024:02:18:24 +0100] "GET /ticket2/opencms/en/magazine/article?title=legend-in-heated-exchange-with-supporter HTTP/1.1" 200 92144
114.119.150.22 - - [27/Dec/2024:02:18:35 +0100] "GET /ticket2/opencms/en/venue/?venueid=2BC6CC65-A6E8-9076-F09C-25E6D45A736B HTTP/1.1" 200 85022
47.128.112.112 - - [27/Dec/2024:02:18:41 +0100] "GET /ticket2/opencms/hr/buy?edid=C00598F3-771F-F2DA-6AD6-13D480F47A05 HTTP/1.1" 200 92533
185.191.171.12 - - [27/Dec/2024:02:18:44 +0100] "GET /ticket2/opencms/is/sport/fotbolti/bundesliga/hoffenheim/ HTTP/1.1" 200 101853
185.191.171.13 - - [27/Dec/2024:02:18:47 +0100] "GET /ticket2/opencms/fi/magazine/article?title=neymar-yksi-maailman-kalleimmista-hankinnoista HTTP/1.1" 200 90837
85.208.96.196 - - [27/Dec/2024:02:18:51 +0100] "GET /ticket2/opencms/de/sport/fussball-tickets/la_liga/real_madrid/ HTTP/1.1" 200 95953
52.167.144.219 - - [27/Dec/2024:02:18:53 +0100] "GET /ticket2/opencms/sk/magazine/article?title=fanusikovia-chelsea-reaguju-s-frustraciou HTTP/1.1" 200 92787
52.167.144.234 - - [27/Dec/2024:02:19:21 +0100] "GET /ticket2/opencms/fi/buy?page=1&edid=16436A63-E7D4-DEDF-5835-AB72708D4247 HTTP/1.1" 200 111853
