84.247.128.30 - - [27/Dec/2024:05:15:38 +0100] "GET /ticket2/opencms/se/nl/buy/?page=1&edid=D859A189-2AC6-13A3-9532-F25257FEB4C1&sortorder=asc&column=row HTTP/1.1" 404 -
95.217.195.123 - - [27/Dec/2024:05:15:38 +0100] "GET /ticket2/opencms/se/sv/buy/?page=1&edid=716A6FB5-7B3E-71F6-C180-A55BAFEF55F2 HTTP/1.1" 404 -
185.191.171.12 - - [27/Dec/2024:05:15:43 +0100] "GET /ticket2/opencms/sv/terms_of_service/ HTTP/1.1" 200 97712
84.247.128.30 - - [27/Dec/2024:05:15:44 +0100] "GET /ticket2/opencms/se/nl/buy/?page=1&edid=D9F3D901-EF0D-5550-64E0-AAA42CF6945A&sortorder=desc&column=price HTTP/1.1" 404 -
95.217.195.123 - - [27/Dec/2024:05:15:45 +0100] "GET /ticket2/opencms/se/sv/buy/?page=1&edid=716F15C9-42CE-5192-C005-50D592325C6C&sortorder=desc&column=row HTTP/1.1" 404 -
84.247.128.30 - - [27/Dec/2024:05:15:51 +0100] "GET /ticket2/opencms/se/nl/buy/?page=1&edid=D9F3D901-EF0D-5550-64E0-AAA42CF6945A&sortorder=desc&column=section HTTP/1.1" 404 -
95.217.195.123 - - [27/Dec/2024:05:15:53 +0100] "GET /ticket2/opencms/se/sv/buy/?page=1&edid=71F8EE29-FA8F-FD46-7D27-26F4014317BC HTTP/1.1" 404 -
85.208.96.197 - - [27/Dec/2024:05:15:57 +0100] "GET /ticket2/opencms/no/sport/ishockey/nhl/Columbus_Blue_Jackets/ HTTP/1.1" 200 88994
84.247.128.30 - - [27/Dec/2024:05:15:58 +0100] "GET /ticket2/opencms/se/nl/buy/?page=1&edid=DBA24EC4-064E-38F3-96E4-34C95A0CD27F&sortorder=desc&column=section HTTP/1.1" 404 -
95.217.195.123 - - [27/Dec/2024:05:16:01 +0100] "GET /ticket2/opencms/se/sv/buy/?page=1&edid=7252A51A-97AC-D81E-2DC0-946206EF80FD HTTP/1.1" 404 -
47.128.121.87 - - [27/Dec/2024:05:16:04 +0100] "GET /ticket2/opencms/sq/?comcatid=97ECA65A-72DA-F9AF-9DBB-245D3CFED1BE HTTP/1.1" 200 101856
84.247.128.30 - - [27/Dec/2024:05:16:05 +0100] "GET /ticket2/opencms/se/nl/buy/?page=1&edid=DC17638A-A464-04D3-43D9-DBC50F531118&sortorder=desc&column=price HTTP/1.1" 404 -
40.77.167.48 - - [27/Dec/2024:05:16:07 +0100] "GET /ticket2/opencms/es/buy?page=1&edid=1EABC656-E68C-EB7E-CEB8-306B039FCA53 HTTP/1.1" 200 113082
85.208.96.210 - - [27/Dec/2024:05:16:07 +0100] "GET /ticket2/opencms/ka/magazine/article?title=pep-guardiolis-futbolis-revolucia-taktikis-mevares-influqebis HTTP/1.1" 200 98469
95.217.195.123 - - [27/Dec/2024:05:16:07 +0100] "GET /ticket2/opencms/se/sv/buy/?page=1&edid=728FDD8E-BDFE-BB0A-DF35-E4BC18BF7E0D HTTP/1.1" 404 -
84.247.128.30 - - [27/Dec/2024:05:16:11 +0100] "GET /ticket2/opencms/se/nl/buy/?page=1&edid=DC17638A-A464-04D3-43D9-DBC50F531118&sortorder=desc&column=row HTTP/1.1" 404 -
95.217.195.123 - - [27/Dec/2024:05:16:16 +0100] "GET /ticket2/opencms/se/sv/buy/?page=1&edid=728FDD8E-BDFE-BB0A-DF35-E4BC18BF7E0D&sortorder=asc&column=price HTTP/1.1" 404 -
84.247.128.30 - - [27/Dec/2024:05:16:18 +0100] "GET /ticket2/opencms/se/nl/buy/?page=1&edid=E169F5DB-C811-39FE-D2C1-0C94563BAA9E&sortorder=desc&column=section HTTP/1.1" 404 -
95.217.195.123 - - [27/Dec/2024:05:16:24 +0100] "GET /ticket2/opencms/se/sv/buy/?page=1&edid=728FDD8E-BDFE-BB0A-DF35-E4BC18BF7E0D&sortorder=asc&column=row HTTP/1.1" 404 -
85.208.96.210 - - [27/Dec/2024:05:16:25 +0100] "GET /ticket2/opencms/nl/magazine/ HTTP/1.1" 200 154850
47.128.35.23 - - [27/Dec/2024:05:16:25 +0100] "GET /ticket2/opencms/ka/buy/?edid=49D8C017-6E14-30F3-126A-0488D76DB7BC HTTP/1.1" 200 94793
52.167.144.213 - - [27/Dec/2024:05:16:26 +0100] "GET /ticket2/opencms/lt/magazine/article?title=bergvall-ir-kulusevski-ispudingai-zaidzia HTTP/1.1" 200 93852
84.247.128.30 - - [27/Dec/2024:05:16:26 +0100] "GET /ticket2/opencms/se/nl/buy/?page=1&edid=E3118800-A96C-AB59-99C3-1CFA30B79001&sortorder=desc&column=price HTTP/1.1" 404 -
95.217.195.123 - - [27/Dec/2024:05:16:32 +0100] "GET /ticket2/opencms/se/sv/buy/?page=1&edid=728FDD8E-BDFE-BB0A-DF35-E4BC18BF7E0D&sortorder=asc&column=section HTTP/1.1" 404 -
84.247.128.30 - - [27/Dec/2024:05:16:32 +0100] "GET /ticket2/opencms/se/nl/buy/?page=1&edid=E45A7666-64CC-B540-0D3F-68EC07696B61&sortorder=asc&column=row HTTP/1.1" 404 -
84.247.128.30 - - [27/Dec/2024:05:16:39 +0100] "GET /ticket2/opencms/se/nl/buy/?page=1&edid=E45A7666-64CC-B540-0D3F-68EC07696B61&sortorder=asc&column=section HTTP/1.1" 404 -
85.208.96.195 - - [27/Dec/2024:05:16:40 +0100] "GET /ticket2/opencms/sv/sport/fotbollsbiljetter/serie_a/carpi/ HTTP/1.1" 200 86687
95.217.195.123 - - [27/Dec/2024:05:16:41 +0100] "GET /ticket2/opencms/se/sv/buy/?page=1&edid=7299D7C8-4B31-7044-9874-03CCEE394EC0 HTTP/1.1" 404 -
185.191.171.11 - - [27/Dec/2024:05:16:45 +0100] "GET /ticket2/opencms/sk/magazine/article?title=erling-braut-haaland HTTP/1.1" 200 93345
84.247.128.30 - - [27/Dec/2024:05:16:45 +0100] "GET /ticket2/opencms/se/nl/buy/?page=1&edid=E97574C5-2ECA-77FA-53C0-82F31E103FEE HTTP/1.1" 404 -
47.128.54.153 - - [27/Dec/2024:05:16:46 +0100] "GET /ticket2/opencms/dk/sport/fodboldbilletter/serie-a/lazio/ HTTP/1.1" 200 97603
47.128.54.153 - - [27/Dec/2024:05:16:47 +0100] "GET /ticket2/opencms/system/modules/com.gridnine.opencms.ticketbrokerage.site/resources/pics/banners/team/serie_a/lazio.png HTTP/1.1" 200 13241
40.77.167.60 - - [27/Dec/2024:05:16:47 +0100] "GET /ticket2/opencms/be/buy?page=1&edid=D90F2F2C-0185-1952-C0BA-E46B3AE532D5 HTTP/1.1" 200 114893
95.217.195.123 - - [27/Dec/2024:05:16:49 +0100] "GET /ticket2/opencms/se/sv/buy/?page=1&edid=736BD66B-437C-04AF-E221-4773B900AE5E HTTP/1.1" 404 -
114.119.152.77 - - [27/Dec/2024:05:16:50 +0100] "GET /ticket2/opencms/en/buy/?page=6&comcatid=A17713B6-D984-201A-4143-ED4DB5ED5C2E&catid=70B37487-FE30-D476-CAE7-E6AFEA3153F2 HTTP/1.1" 200 6410
84.247.128.30 - - [27/Dec/2024:05:16:52 +0100] "GET /ticket2/opencms/se/nl/buy/?page=1&edid=EFAC700B-CCC4-CF29-BB13-3CFA97BE8CAA HTTP/1.1" 404 -
95.217.195.123 - - [27/Dec/2024:05:16:56 +0100] "GET /ticket2/opencms/se/sv/buy/?page=1&edid=737F88F7-7F18-93CC-306A-5F33631B3F9F HTTP/1.1" 404 -
84.247.128.30 - - [27/Dec/2024:05:16:59 +0100] "GET /ticket2/opencms/se/nl/buy/?page=1&edid=F1F901AD-46B4-2ABB-9F44-8F814117B930 HTTP/1.1" 404 -
85.208.96.207 - - [27/Dec/2024:05:17:00 +0100] "GET /ticket2/opencms/az/magazine/article?title=chelsea-azarkesleri-heyecanla-reaksiya-verirler HTTP/1.1" 200 92666
95.217.195.123 - - [27/Dec/2024:05:17:03 +0100] "GET /ticket2/opencms/se/sv/buy/?page=1&edid=73B597C3-05D3-5B11-4856-D8822E68A76F HTTP/1.1" 404 -
84.247.128.30 - - [27/Dec/2024:05:17:06 +0100] "GET /ticket2/opencms/se/nl/buy/?page=1&edid=F21380F7-75CF-8F6C-44E2-E3C7E626BAE7&sortorder=asc&column=price HTTP/1.1" 404 -
95.217.195.123 - - [27/Dec/2024:05:17:10 +0100] "GET /ticket2/opencms/se/sv/buy/?page=1&edid=73B597C3-05D3-5B11-4856-D8822E68A76F&sortorder=desc&column=section HTTP/1.1" 404 -
185.191.171.11 - - [27/Dec/2024:05:17:11 +0100] "GET /ticket2/opencms/fi/magazine/article?title=chelsea-fanit-reagoivat-turhautuneena HTTP/1.1" 200 93060
84.247.128.30 - - [27/Dec/2024:05:17:13 +0100] "GET /ticket2/opencms/se/nl/buy/?page=1&edid=F21380F7-75CF-8F6C-44E2-E3C7E626BAE7&sortorder=asc&column=row HTTP/1.1" 404 -
114.119.145.123 - - [27/Dec/2024:05:17:15 +0100] "GET /ticket2/opencms/en/venue/?countryid=ACB5B4FC-B2E3-1024-DD30-02CD725AE8FE HTTP/1.1" 200 114386
95.217.195.123 - - [27/Dec/2024:05:17:16 +0100] "GET /ticket2/opencms/se/sv/buy/?page=1&edid=743EAABD-DD59-6451-B522-5F1C40FEEFFB HTTP/1.1" 404 -
84.247.128.30 - - [27/Dec/2024:05:17:20 +0100] "GET /ticket2/opencms/se/nl/buy/?page=1&edid=F21380F7-75CF-8F6C-44E2-E3C7E626BAE7&sortorder=asc&column=section HTTP/1.1" 404 -
85.208.96.203 - - [27/Dec/2024:05:17:20 +0100] "GET /ticket2/opencms/ga/sport/ticeid-peile/premier-league/arsenal HTTP/1.1" 200 96802
95.217.195.123 - - [27/Dec/2024:05:17:23 +0100] "GET /ticket2/opencms/se/sv/buy/?page=1&edid=746FA236-2FD4-7FF8-296E-D198AEED785C HTTP/1.1" 404 -
84.247.128.30 - - [27/Dec/2024:05:17:28 +0100] "GET /ticket2/opencms/se/nl/buy/?page=1&edid=F21380F7-75CF-8F6C-44E2-E3C7E626BAE7&sortorder=desc&column=section HTTP/1.1" 404 -
95.217.195.123 - - [27/Dec/2024:05:17:30 +0100] "GET /ticket2/opencms/se/sv/buy/?page=1&edid=74AB5A47-FA53-0B09-3D6B-CA67984DC604 HTTP/1.1" 404 -
85.208.96.211 - - [27/Dec/2024:05:17:33 +0100] "GET /ticket2/opencms/sr/selling_tickets/ HTTP/1.1" 500 -
40.77.167.60 - - [27/Dec/2024:05:17:37 +0100] "GET /ticket2/opencms/sq/?page=6&comcatid=A17713B6-D984-201A-4143-ED4DB5ED5C2E&catid=88C381AD-5D76-A34D-AC15-A7129F8EF5BE HTTP/1.1" 200 101783
95.217.195.123 - - [27/Dec/2024:05:17:39 +0100] "GET /ticket2/opencms/se/sv/buy/?page=1&edid=74ADA417-D173-7B60-3C75-40D80E934690 HTTP/1.1" 404 -
84.247.128.30 - - [27/Dec/2024:05:17:39 +0100] "GET /ticket2/opencms/se/nl/buy/?page=1&edid=F3169C5D-920B-FD8F-84DD-98534D854D32&sortorder=desc&column=price HTTP/1.1" 404 -
185.191.171.15 - - [27/Dec/2024:05:17:40 +0100] "GET /ticket2/opencms/fi/magazine/article?title=arsenal-lahestyy-liverpoolia HTTP/1.1" 200 92958
40.77.167.60 - - [27/Dec/2024:05:17:45 +0100] "GET /ticket2/opencms/az/buy?page=1&edid=6C967880-E08B-3121-25D0-F145A5542A49 HTTP/1.1" 200 128736
85.208.96.195 - - [27/Dec/2024:05:17:45 +0100] "GET /ticket2/opencms/de/magazine/article?title=abdul-fatawu-wird-den-rest-der-saison-verpassen HTTP/1.1" 200 93748
84.247.128.30 - - [27/Dec/2024:05:17:46 +0100] "GET /ticket2/opencms/se/nl/buy/?page=1&edid=F6A1B293-997D-D8A8-0503-67EB0E82009A&sortorder=asc&column=row HTTP/1.1" 404 -
95.217.195.123 - - [27/Dec/2024:05:17:47 +0100] "GET /ticket2/opencms/se/sv/buy/?page=1&edid=75CCA6C1-F7A9-38DC-1F87-42C0B04DBDA0 HTTP/1.1" 404 -
85.208.96.210 - - [27/Dec/2024:05:17:50 +0100] "GET /ticket2/opencms/mo/magazine/article?title=viktor-gyokeres HTTP/1.1" 200 93379
84.247.128.30 - - [27/Dec/2024:05:17:52 +0100] "GET /ticket2/opencms/se/nl/buy/?page=1&edid=F77680AD-0075-8012-5E4A-7E44C5EB683C&sortorder=desc&column=section HTTP/1.1" 404 -
95.217.195.123 - - [27/Dec/2024:05:17:56 +0100] "GET /ticket2/opencms/se/sv/buy/?page=1&edid=75CCA6C1-F7A9-38DC-1F87-42C0B04DBDA0&sortorder=desc&column=row HTTP/1.1" 404 -
84.247.128.30 - - [27/Dec/2024:05:17:59 +0100] "GET /ticket2/opencms/se/nl/buy/?page=6&comcatid=0A6B8208-FDA4-E929-9D72-5312FD481B76&catid=412DBCF4-025D-8ABC-7A40-D7C760E055FF HTTP/1.1" 404 -
95.217.195.123 - - [27/Dec/2024:05:18:04 +0100] "GET /ticket2/opencms/se/sv/buy/?page=1&edid=75CD70E1-6A6A-D58B-3753-A6F093B3BD54 HTTP/1.1" 404 -
84.247.128.30 - - [27/Dec/2024:05:18:06 +0100] "GET /ticket2/opencms/se/nl/buy/?page=6&comcatid=0A6B8208-FDA4-E929-9D72-5312FD481B76&catid=8E4972FC-6E2C-77A4-BB9D-D67BD270A641 HTTP/1.1" 404 -
47.238.13.10 - - [27/Dec/2024:05:18:08 +0100] "GET /ticket2/opencms/sk/buy?page=1&edid=8718C061-8700-65DF-0CB5-43BAC769300D&sortorder=asc&column=section HTTP/1.1" 200 115871
85.208.96.211 - - [27/Dec/2024:05:18:08 +0100] "GET /ticket2/opencms/fr/sport/billets-football/premier_league/london/ HTTP/1.1" 500 -
95.217.195.123 - - [27/Dec/2024:05:18:10 +0100] "GET /ticket2/opencms/se/sv/buy/?page=1&edid=75CF9ED1-0B78-7C40-BDF2-176433D48B4D HTTP/1.1" 404 -
84.247.128.30 - - [27/Dec/2024:05:18:13 +0100] "GET /ticket2/opencms/se/nl/buy/?page=6&comcatid=97ECA65A-72DA-F9AF-9DBB-245D3CFED1BE&catid=8B6802AF-1ADE-4BE1-A1F7-7671190CFB4F HTTP/1.1" 404 -
95.217.195.123 - - [27/Dec/2024:05:18:17 +0100] "GET /ticket2/opencms/se/sv/buy/?page=1&edid=75CF9ED1-0B78-7C40-BDF2-176433D48B4D&sortorder=asc&column=section HTTP/1.1" 404 -
52.167.144.197 - - [27/Dec/2024:05:18:19 +0100] "GET /ticket2/opencms/uk/buy?page=1&edid=939FFB29-90B3-C45E-CDB3-7D08A9D24AFB HTTP/1.1" 200 115442
114.119.140.111 - - [27/Dec/2024:05:18:20 +0100] "GET /ticket2/opencms/en/venue/?venueid=A3B71C1B-E926-B112-21C1-4B4246731BD7 HTTP/1.1" 200 85038
95.217.195.123 - - [27/Dec/2024:05:18:24 +0100] "GET /ticket2/opencms/se/sv/buy/?page=1&edid=7620AC05-C07D-20B0-5C26-2BB0AB225757 HTTP/1.1" 404 -
84.247.128.30 - - [27/Dec/2024:05:18:25 +0100] "GET /ticket2/opencms/se/nl/buy/?page=6&comcatid=97ECA65A-72DA-F9AF-9DBB-245D3CFED1BE&catid=DA31441B-C568-3C77-D08C-698809032494 HTTP/1.1" 404 -
166.108.232.153 - - [27/Dec/2024:05:18:29 +0100] "GET /ticket2/opencms/sk/buy?page=1&edid=4EF4CC9A-B0ED-46BC-F297-21E10A9EA6B6 HTTP/1.1" 200 113156
95.217.195.123 - - [27/Dec/2024:05:18:31 +0100] "GET /ticket2/opencms/se/sv/buy/?page=1&edid=764DF107-581D-BCA1-53D5-94329CB26BAD HTTP/1.1" 404 -
84.247.128.30 - - [27/Dec/2024:05:18:32 +0100] "GET /ticket2/opencms/se/nl/buy/?page=6&comcatid=97ECA65A-72DA-F9AF-9DBB-245D3CFED1BE&catid=E3105E1E-3982-291E-5523-1C1DF161E9B7 HTTP/1.1" 404 -
84.247.128.30 - - [27/Dec/2024:05:18:38 +0100] "GET /ticket2/opencms/se/no/buy/?comcatid=97ECA65A-72DA-F9AF-9DBB-245D3CFED1BE&catid=43171577-14C8-6B19-25D9-DF372BFFCBFA HTTP/1.1" 404 -
213.142.97.195 - - [27/Dec/2024:05:18:38 +0100] "GET /ticket2/opencms/de/sport/fussball-tickets/premier_league/arsenal?utm_source=chatgpt.com HTTP/1.1" 200 95943
95.217.195.123 - - [27/Dec/2024:05:18:39 +0100] "GET /ticket2/opencms/se/sv/buy/?page=1&edid=7666311D-381C-ABD3-33C1-1B874D640668 HTTP/1.1" 404 -
72.14.201.194 - - [27/Dec/2024:05:18:39 +0100] "GET /ticket2/opencms/ HTTP/1.1" 302 -
114.119.141.34 - - [27/Dec/2024:05:18:39 +0100] "GET /ticket2/opencms/en/venue/?venueid=E063D77E-F5E5-437C-9144-084D408D5EA1 HTTP/1.1" 200 84980
185.191.171.10 - - [27/Dec/2024:05:18:40 +0100] "GET /ticket2/opencms/no/magazine/article?title=vinicius-jr HTTP/1.1" 200 91449
84.247.128.30 - - [27/Dec/2024:05:18:43 +0100] "GET /ticket2/opencms/se/no/buy/?comcatid=97ECA65A-72DA-F9AF-9DBB-245D3CFED1BE&catid=4C4DADF0-07CC-9B24-D2D9-940EF378BE99 HTTP/1.1" 404 -
95.217.195.123 - - [27/Dec/2024:05:18:45 +0100] "GET /ticket2/opencms/se/sv/buy/?page=1&edid=770A3EE6-BF74-E38D-C873-11B5411E184E HTTP/1.1" 404 -
84.247.128.30 - - [27/Dec/2024:05:18:49 +0100] "GET /ticket2/opencms/se/no/buy/?comcatid=97ECA65A-72DA-F9AF-9DBB-245D3CFED1BE&catid=55D1256D-BDD9-CBA3-47A3-0A252F702555 HTTP/1.1" 404 -
95.217.195.123 - - [27/Dec/2024:05:18:51 +0100] "GET /ticket2/opencms/se/sv/buy/?page=1&edid=770A3EE6-BF74-E38D-C873-11B5411E184E&sortorder=asc&column=row HTTP/1.1" 404 -
185.191.171.6 - - [27/Dec/2024:05:18:52 +0100] "GET /ticket2/opencms/dk/magazine/article?title=hvordan-ser-fremtiden-ud-for-alexander-isak HTTP/1.1" 200 91636
72.14.201.194 - - [27/Dec/2024:05:18:52 +0100] "GET /ticket2/opencms/en/ HTTP/1.1" 200 100168
193.186.4.245 - - [27/Dec/2024:05:18:54 +0100] "GET /ticket2/opencms/en/ HTTP/1.1" 200 100249
84.247.128.30 - - [27/Dec/2024:05:18:54 +0100] "GET /ticket2/opencms/se/no/buy/?comcatid=97ECA65A-72DA-F9AF-9DBB-245D3CFED1BE&catid=6CD184E8-C8D4-E1CC-33D0-6F47E3751240 HTTP/1.1" 404 -
95.217.195.123 - - [27/Dec/2024:05:18:58 +0100] "GET /ticket2/opencms/se/sv/buy/?page=1&edid=774A7EEA-D1B2-9FDE-0959-EF9630E0C317 HTTP/1.1" 404 -
84.247.128.30 - - [27/Dec/2024:05:18:58 +0100] "GET /ticket2/opencms/se/no/buy/?comcatid=97ECA65A-72DA-F9AF-9DBB-245D3CFED1BE&catid=757E2DFB-33DA-9B34-8402-9F06B19D8409 HTTP/1.1" 404 -
84.247.128.30 - - [27/Dec/2024:05:19:03 +0100] "GET /ticket2/opencms/se/no/buy/?comcatid=97ECA65A-72DA-F9AF-9DBB-245D3CFED1BE&catid=7D3BEF66-5D88-3916-5B89-0E7B139E0169 HTTP/1.1" 404 -
95.217.195.123 - - [27/Dec/2024:05:19:06 +0100] "GET /ticket2/opencms/se/sv/buy/?page=1&edid=779BC1FE-1DC8-FC01-87AD-5F72C1B982FD&sortorder=desc&column=section HTTP/1.1" 404 -
84.247.128.30 - - [27/Dec/2024:05:19:08 +0100] "GET /ticket2/opencms/se/no/buy/?comcatid=97ECA65A-72DA-F9AF-9DBB-245D3CFED1BE&catid=9457695E-36ED-A63E-7A88-32963954E2C7 HTTP/1.1" 404 -
47.238.13.3 - - [27/Dec/2024:05:19:09 +0100] "GET /ticket2/opencms/sk/buy?page=1&edid=FB730AA6-A470-8EFB-27FE-924D530AC7B8 HTTP/1.1" 200 113015
52.167.144.197 - - [27/Dec/2024:05:19:09 +0100] "GET /ticket2/opencms/az/buy?page=1&edid=56B38CDE-C52C-9D5C-A997-D65F4CB742AB HTTP/1.1" 200 142492
213.142.97.195 - - [27/Dec/2024:05:19:11 +0100] "GET /ticket2/opencms/de/sport/fussball-tickets/premier_league/arsenal?utm_source=chatgpt.com HTTP/1.1" 200 95878
213.142.97.195 - - [27/Dec/2024:05:19:12 +0100] "GET /ticket2/opencms/system/modules/com.gridnine.opencms.ticketbrokerage.site/resources/css/calendar.css HTTP/1.1" 200 6871
213.142.97.195 - - [27/Dec/2024:05:19:12 +0100] "GET /ticket2/opencms/system/modules/com.gridnine.opencms.ticketbrokerage.site/resources/css/ticketbrokerage.css HTTP/1.1" 200 39339
213.142.97.195 - - [27/Dec/2024:05:19:12 +0100] "GET /ticket2/opencms/system/modules/com.gridnine.opencms.ticketbrokerage.site/resources/js/jquery/jquery.js HTTP/1.1" 200 93868
213.142.97.195 - - [27/Dec/2024:05:19:12 +0100] "GET /ticket2/opencms/system/modules/com.gridnine.opencms.ticketbrokerage.site/resources/js/functions.js HTTP/1.1" 200 1583
213.142.97.195 - - [27/Dec/2024:05:19:12 +0100] "GET /ticket2/opencms/system/modules/com.gridnine.opencms.ticketbrokerage.site/resources/js/jquery/jquery-ui.js HTTP/1.1" 200 228088
213.142.97.195 - - [27/Dec/2024:05:19:12 +0100] "GET /ticket2/opencms/system/modules/com.gridnine.opencms.ticketbrokerage.site/resources/css/jquery-ui.css HTTP/1.1" 200 33221
213.142.97.195 - - [27/Dec/2024:05:19:12 +0100] "GET /ticket2/opencms/system/modules/com.gridnine.opencms.ticketbrokerage.site/resources/js/calendar.js HTTP/1.1" 200 49229
213.142.97.195 - - [27/Dec/2024:05:19:12 +0100] "GET /ticket2/opencms/system/modules/com.gridnine.opencms.ticketbrokerage.site/resources/js/jquery.placeholder.min.js HTTP/1.1" 200 1737
213.142.97.195 - - [27/Dec/2024:05:19:12 +0100] "GET /ticket2/opencms/system/modules/com.gridnine.opencms.ticketbrokerage.site/resources/css/jquery.fancybox.css HTTP/1.1" 200 4939
213.142.97.195 - - [27/Dec/2024:05:19:12 +0100] "GET /ticket2/opencms/system/modules/com.gridnine.opencms.ticketbrokerage.site/resources/js/calendar-en.js HTTP/1.1" 200 3338
213.142.97.195 - - [27/Dec/2024:05:19:12 +0100] "GET /ticket2/opencms/system/modules/com.gridnine.opencms.ticketbrokerage.site/resources/css/standard.css HTTP/1.1" 200 73081
213.142.97.195 - - [27/Dec/2024:05:19:12 +0100] "GET /ticket2/opencms/system/modules/com.gridnine.opencms.ticketbrokerage.site/resources/js/calendar-setup.js HTTP/1.1" 200 4923
213.142.97.195 - - [27/Dec/2024:05:19:12 +0100] "GET /ticket2/opencms/system/modules/com.gridnine.opencms.ticketbrokerage.site/resources/js/stickyfill.min.js HTTP/1.1" 200 5672
213.142.97.195 - - [27/Dec/2024:05:19:12 +0100] "GET /ticket2/opencms/system/modules/com.gridnine.opencms.ticketbrokerage.site/resources/js/standard.js HTTP/1.1" 200 3978
213.142.97.195 - - [27/Dec/2024:05:19:12 +0100] "GET /ticket2/opencms/system/modules/com.gridnine.opencms.ticketbrokerage.site/resources/js/jquery.fancybox.pack.js HTTP/1.1" 200 23187
213.142.97.195 - - [27/Dec/2024:05:19:12 +0100] "GET /ticket2/opencms/system/modules/com.gridnine.opencms.ticketbrokerage.site/resources/js/common-ajax.js HTTP/1.1" 200 20175
213.142.97.195 - - [27/Dec/2024:05:19:12 +0100] "GET /ticket2/opencms/img/insta.png HTTP/1.1" 200 3967
213.142.97.195 - - [27/Dec/2024:05:19:12 +0100] "GET /ticket2/opencms/img/icons/globe-white.png HTTP/1.1" 200 947
213.142.97.195 - - [27/Dec/2024:05:19:12 +0100] "GET /ticket2/opencms/system/modules/com.gridnine.opencms.ticketbrokerage.site/resources/pics/logo-new.png HTTP/1.1" 200 13541
213.142.97.195 - - [27/Dec/2024:05:19:12 +0100] "GET /ticket2/opencms/img/fb.png HTTP/1.1" 200 1269
213.142.97.195 - - [27/Dec/2024:05:19:12 +0100] "GET /ticket2/opencms/system/modules/com.gridnine.opencms.ticketbrokerage.site/resources/pics/footer-img.jpg HTTP/1.1" 200 67642
213.142.97.195 - - [27/Dec/2024:05:19:12 +0100] "GET /ticket2/opencms/img/check.png HTTP/1.1" 200 548
213.142.97.195 - - [27/Dec/2024:05:19:12 +0100] "GET /ticket2/opencms/img/hero-team.jpeg HTTP/1.1" 200 73065
95.217.195.123 - - [27/Dec/2024:05:19:12 +0100] "GET /ticket2/opencms/se/sv/buy/?page=1&edid=77AE6AB1-95B2-B9C6-36E3-2143409BAD69 HTTP/1.1" 404 -
213.142.97.195 - - [27/Dec/2024:05:19:12 +0100] "GET /ticket2/opencms/img/icons/en.png HTTP/1.1" 200 2415
213.142.97.195 - - [27/Dec/2024:05:19:12 +0100] "GET /ticket2/opencms/img/mail.png HTTP/1.1" 200 403
213.142.97.195 - - [27/Dec/2024:05:19:13 +0100] "GET /ticket2/opencms/img/chat.png HTTP/1.1" 200 416
213.142.97.195 - - [27/Dec/2024:05:19:13 +0100] "GET /ticket2/opencms/img/arrow.png HTTP/1.1" 200 753
213.142.97.195 - - [27/Dec/2024:05:19:13 +0100] "GET /ticket2/opencms/img/icons/fi.png HTTP/1.1" 200 1785
84.247.128.30 - - [27/Dec/2024:05:19:15 +0100] "GET /ticket2/opencms/se/no/buy/?comcatid=97ECA65A-72DA-F9AF-9DBB-245D3CFED1BE&catid=E3105E1E-3982-291E-5523-1C1DF161E9B7 HTTP/1.1" 404 -
213.142.97.195 - - [27/Dec/2024:05:19:18 +0100] "GET /ticket2/opencms/img/icons/no.png HTTP/1.1" 200 1958
213.142.97.195 - - [27/Dec/2024:05:19:18 +0100] "GET /ticket2/opencms/img/icons/de.png HTTP/1.1" 200 1124
213.142.97.195 - - [27/Dec/2024:05:19:18 +0100] "GET /ticket2/opencms/img/icons/dk.png HTTP/1.1" 200 1706
213.142.97.195 - - [27/Dec/2024:05:19:19 +0100] "GET /ticket2/opencms/img/icons/fr.png HTTP/1.1" 200 1764
213.142.97.195 - - [27/Dec/2024:05:19:19 +0100] "GET /ticket2/opencms/img/icons/it.png HTTP/1.1" 200 2040
213.142.97.195 - - [27/Dec/2024:05:19:19 +0100] "GET /ticket2/opencms/img/icons/es.png HTTP/1.1" 200 1005
47.128.114.73 - - [27/Dec/2024:05:19:19 +0100] "GET /ticket2/opencms/sv/buy/?edid=5CF6EA2B-2B90-CEA1-959D-43D59F6F27D8 HTTP/1.1" 200 91628
213.142.97.195 - - [27/Dec/2024:05:19:19 +0100] "GET /ticket2/opencms/img/icons/nl.png HTTP/1.1" 200 1255
84.247.128.30 - - [27/Dec/2024:05:19:19 +0100] "GET /ticket2/opencms/se/no/buy/?comcatid=97ECA65A-72DA-F9AF-9DBB-245D3CFED1BE&catid=F4D223A4-C027-46DC-3DE5-726A23E30A62 HTTP/1.1" 404 -
213.142.97.195 - - [27/Dec/2024:05:19:19 +0100] "GET /ticket2/opencms/img/icons/se.png HTTP/1.1" 200 1258
213.142.97.195 - - [27/Dec/2024:05:19:20 +0100] "GET /ticket2/opencms/img/icons/az.png HTTP/1.1" 200 1445
213.142.97.195 - - [27/Dec/2024:05:19:20 +0100] "GET /ticket2/opencms/img/icons/pl.png HTTP/1.1" 200 1578
213.142.97.195 - - [27/Dec/2024:05:19:20 +0100] "GET /ticket2/opencms/img/icons/be.png HTTP/1.1" 200 1663
213.142.97.195 - - [27/Dec/2024:05:19:20 +0100] "GET /ticket2/opencms/img/icons/sq.png HTTP/1.1" 200 1619
213.142.97.195 - - [27/Dec/2024:05:19:20 +0100] "GET /ticket2/opencms/img/icons/bs.png HTTP/1.1" 200 1014
213.142.97.195 - - [27/Dec/2024:05:19:21 +0100] "GET /ticket2/opencms/img/icons/bg.png HTTP/1.1" 200 788
213.142.97.195 - - [27/Dec/2024:05:19:21 +0100] "GET /ticket2/opencms/img/icons/hr.png HTTP/1.1" 200 2024
213.142.97.195 - - [27/Dec/2024:05:19:21 +0100] "GET /ticket2/opencms/img/icons/cs.png HTTP/1.1" 200 1883
40.77.167.48 - - [27/Dec/2024:05:19:21 +0100] "GET /ticket2/opencms/ro/buy/?page=1&edid=8E087689-30A7-E7AD-9853-CFBC4F6216DD HTTP/1.1" 200 135764
213.142.97.195 - - [27/Dec/2024:05:19:21 +0100] "GET /ticket2/opencms/img/icons/et.png HTTP/1.1" 200 754
213.142.97.195 - - [27/Dec/2024:05:19:21 +0100] "GET /ticket2/opencms/img/icons/el.png HTTP/1.1" 200 1637
213.142.97.195 - - [27/Dec/2024:05:19:22 +0100] "GET /ticket2/opencms/img/icons/ka.png HTTP/1.1" 200 860
95.217.195.123 - - [27/Dec/2024:05:19:22 +0100] "GET /ticket2/opencms/se/sv/buy/?page=1&edid=77D1A6CC-0A17-F405-1A75-C8465CA345D9 HTTP/1.1" 404 -
213.142.97.195 - - [27/Dec/2024:05:19:22 +0100] "GET /ticket2/opencms/img/icons/hu.png HTTP/1.1" 200 733
213.142.97.195 - - [27/Dec/2024:05:19:22 +0100] "GET /ticket2/opencms/img/icons/is.png HTTP/1.1" 200 1884
213.142.97.195 - - [27/Dec/2024:05:19:22 +0100] "GET /ticket2/opencms/img/icons/ga.png HTTP/1.1" 200 1759
213.142.97.195 - - [27/Dec/2024:05:19:23 +0100] "GET /ticket2/opencms/img/icons/lv.png HTTP/1.1" 200 716
213.142.97.195 - - [27/Dec/2024:05:19:23 +0100] "GET /ticket2/opencms/img/icons/lt.png HTTP/1.1" 200 733
213.142.97.195 - - [27/Dec/2024:05:19:23 +0100] "GET /ticket2/opencms/img/icons/mt.png HTTP/1.1" 200 920
213.142.97.195 - - [27/Dec/2024:05:19:23 +0100] "GET /ticket2/opencms/img/icons/mo.png HTTP/1.1" 200 1468
213.142.97.195 - - [27/Dec/2024:05:19:23 +0100] "GET /ticket2/opencms/img/icons/ro.png HTTP/1.1" 200 1393
213.142.97.195 - - [27/Dec/2024:05:19:24 +0100] "GET /ticket2/opencms/img/icons/sr.png HTTP/1.1" 200 1602
213.142.97.195 - - [27/Dec/2024:05:19:24 +0100] "GET /ticket2/opencms/img/icons/sk.png HTTP/1.1" 200 1283
47.128.114.73 - - [27/Dec/2024:05:19:24 +0100] "GET /ticket2/opencms/img/icons/ga.png HTTP/1.1" 200 1759
84.247.128.30 - - [27/Dec/2024:05:19:24 +0100] "GET /ticket2/opencms/se/no/buy/?comcatid=97ECA65A-72DA-F9AF-9DBB-245D3CFED1BE&catid=F7F89B9B-6697-7881-54AE-4C39276BF1B8 HTTP/1.1" 404 -
213.142.97.195 - - [27/Dec/2024:05:19:24 +0100] "GET /ticket2/opencms/img/icons/uk.png HTTP/1.1" 200 1272
213.142.97.195 - - [27/Dec/2024:05:19:24 +0100] "GET /ticket2/opencms/img/icons/sl.png HTTP/1.1" 200 966
213.142.97.195 - - [27/Dec/2024:05:19:24 +0100] "GET /ticket2/opencms/img/icons/tr.png HTTP/1.1" 200 1636
84.247.128.30 - - [27/Dec/2024:05:19:29 +0100] "GET /ticket2/opencms/se/no/buy/?comcatid=97ECA65A-72DA-F9AF-9DBB-245D3CFED1BE&catid=F7FF413B-5FDF-82CF-E5BB-CD4AB6027974 HTTP/1.1" 404 -
95.217.195.123 - - [27/Dec/2024:05:19:30 +0100] "GET /ticket2/opencms/se/sv/buy/?page=1&edid=7995046D-A59F-7828-F1D9-FFAF911D7812 HTTP/1.1" 404 -
84.247.128.30 - - [27/Dec/2024:05:19:33 +0100] "GET /ticket2/opencms/se/no/buy/?page=1&edid=09EE96B0-CD8C-CFD6-7FFB-CA08AF021FC9&sortorder=desc&column=row HTTP/1.1" 404 -
162.215.171.162 - - [27/Dec/2024:05:19:36 +0100] "GET /ticket2/opencms/en/buy/?page=1&edid=25BCE2B5-FEB0-D1CE-DC66-CF0DE0ECFD52%27 HTTP/1.1" 200 8135
162.215.171.162 - - [27/Dec/2024:05:19:36 +0100] "GET /ticket2/opencms/en/buy/?page=1%27&edid=25BCE2B5-FEB0-D1CE-DC66-CF0DE0ECFD52 HTTP/1.1" 200 91361
40.77.167.48 - - [27/Dec/2024:05:19:37 +0100] "GET /ticket2/opencms/lv/buy?page=1&edid=285C029F-0136-4458-3DAC-D4899E4F1B96 HTTP/1.1" 200 109823
95.217.195.123 - - [27/Dec/2024:05:19:37 +0100] "GET /ticket2/opencms/se/sv/buy/?page=1&edid=79A7E23E-F2EF-CDF4-015B-B51B9E1E38BF HTTP/1.1" 404 -
114.119.152.77 - - [27/Dec/2024:05:19:38 +0100] "GET /ticket2/opencms/en/buy/?page=1&edid=60D43F42-D1EF-C1AD-08FA-36635BC6C8AF HTTP/1.1" 200 110185
84.247.128.30 - - [27/Dec/2024:05:19:38 +0100] "GET /ticket2/opencms/se/no/buy/?page=1&edid=09EE96B0-CD8C-CFD6-7FFB-CA08AF021FC9&sortorder=desc&column=section HTTP/1.1" 404 -
95.217.195.123 - - [27/Dec/2024:05:19:43 +0100] "GET /ticket2/opencms/se/sv/buy/?page=1&edid=79CCFD61-A014-AE43-C5ED-F574B4885086 HTTP/1.1" 404 -
84.247.128.30 - - [27/Dec/2024:05:19:43 +0100] "GET /ticket2/opencms/se/no/buy/?page=1&edid=0D94D087-3A1B-6894-B476-4BF664218857&sortorder=desc&column=row HTTP/1.1" 404 -
40.77.167.46 - - [27/Dec/2024:05:19:46 +0100] "GET /ticket2/opencms/sv/sport/fotbollsbiljetter/la_liga/real_madrid/espanyol.html HTTP/1.1" 200 93847
84.247.128.30 - - [27/Dec/2024:05:19:47 +0100] "GET /ticket2/opencms/se/no/buy/?page=1&edid=0D94D087-3A1B-6894-B476-4BF664218857&sortorder=desc&column=section HTTP/1.1" 404 -
185.191.171.5 - - [27/Dec/2024:05:19:49 +0100] "GET /ticket2/opencms/mo/magazine/article/ HTTP/1.1" 200 88487
95.217.195.123 - - [27/Dec/2024:05:19:49 +0100] "GET /ticket2/opencms/se/sv/buy/?page=1&edid=79CCFD61-A014-AE43-C5ED-F574B4885086&sortorder=asc&column=price HTTP/1.1" 404 -
52.167.144.23 - - [27/Dec/2024:05:19:51 +0100] "GET /ticket2/opencms/nl/magazine/article?title=newcastle HTTP/1.1" 200 88333
84.247.128.30 - - [27/Dec/2024:05:19:52 +0100] "GET /ticket2/opencms/se/no/buy/?page=1&edid=0EAD2254-DDFB-0374-EEC6-9BF23857697A&sortorder=asc&column=section HTTP/1.1" 404 -
95.217.195.123 - - [27/Dec/2024:05:19:56 +0100] "GET /ticket2/opencms/se/sv/buy/?page=1&edid=79CCFD61-A014-AE43-C5ED-F574B4885086&sortorder=asc&column=row HTTP/1.1" 404 -
84.247.128.30 - - [27/Dec/2024:05:19:57 +0100] "GET /ticket2/opencms/se/no/buy/?page=1&edid=0ED1EF7C-0A26-4874-75D0-5C707B461913&sortorder=asc&column=row HTTP/1.1" 404 -
8.210.8.206 - - [27/Dec/2024:05:20:00 +0100] "GET /ticket2/opencms/fi/buy/?page=1&edid=D9F2239E-EF6A-EAF8-CB00-12A5392DA498 HTTP/1.1" 200 132659
47.128.122.27 - - [27/Dec/2024:05:20:00 +0100] "GET /ticket2/opencms/sv/buy?edid=9444713B-A9BE-A3F5-4A66-33B8EFDAEFB0 HTTP/1.1" 200 91566
52.167.144.197 - - [27/Dec/2024:05:20:01 +0100] "GET /ticket2/opencms/nl/buy?page=1&edid=124E8283-E5DC-7FAE-437D-48A8B5EF948C HTTP/1.1" 200 111158
95.217.195.123 - - [27/Dec/2024:05:20:04 +0100] "GET /ticket2/opencms/se/sv/buy/?page=1&edid=79CCFD61-A014-AE43-C5ED-F574B4885086&sortorder=asc&column=section HTTP/1.1" 404 -
84.247.128.30 - - [27/Dec/2024:05:20:08 +0100] "GET /ticket2/opencms/se/no/buy/?page=1&edid=11CA2095-DE4E-F08C-CA73-D1F7DF0C2455&sortorder=asc&column=price HTTP/1.1" 404 -
95.217.195.123 - - [27/Dec/2024:05:20:10 +0100] "GET /ticket2/opencms/se/sv/buy/?page=1&edid=7D0648F8-3AD0-8F78-E994-E700AC212971&sortorder=asc&column=price HTTP/1.1" 404 -
40.77.167.121 - - [27/Dec/2024:05:20:12 +0100] "GET /ticket2/opencms/nl/magazine/article?title=pep-guardiolas-voetbalrevolutie-de-invloed-van-een-tactische-meester HTTP/1.1" 200 91918
84.247.128.30 - - [27/Dec/2024:05:20:13 +0100] "GET /ticket2/opencms/se/no/buy/?page=1&edid=11CA2095-DE4E-F08C-CA73-D1F7DF0C2455&sortorder=desc&column=price HTTP/1.1" 404 -
95.217.195.123 - - [27/Dec/2024:05:20:15 +0100] "GET /ticket2/opencms/se/sv/buy/?page=1&edid=859A21BA-7D6B-CB00-5A53-1245BE135278&sortorder=desc&column=section HTTP/1.1" 404 -
84.247.128.30 - - [27/Dec/2024:05:20:18 +0100] "GET /ticket2/opencms/se/no/buy/?page=1&edid=15EB8492-E613-A503-0EBC-61EBB18066B8&sortorder=asc&column=price HTTP/1.1" 404 -
85.208.96.195 - - [27/Dec/2024:05:20:22 +0100] "GET /ticket2/opencms/bs/magazine/article?title=otkrijte-la-ligu-uzivo-kupite-karte-na-ticket2 HTTP/1.1" 200 93501
95.217.195.123 - - [27/Dec/2024:05:20:22 +0100] "GET /ticket2/opencms/se/sv/buy/?page=1&edid=85C1463C-C6EC-8FA2-656A-0E74E524F5AE&sortorder=asc&column=price HTTP/1.1" 404 -
84.247.128.30 - - [27/Dec/2024:05:20:23 +0100] "GET /ticket2/opencms/se/no/buy/?page=1&edid=15EB8492-E613-A503-0EBC-61EBB18066B8&sortorder=asc&column=row HTTP/1.1" 404 -
95.217.195.123 - - [27/Dec/2024:05:20:28 +0100] "GET /ticket2/opencms/se/sv/buy/?page=1&edid=85D85DE7-7E33-49D9-3EB3-5BCB430E9732&sortorder=desc&column=price HTTP/1.1" 404 -
84.247.128.30 - - [27/Dec/2024:05:20:28 +0100] "GET /ticket2/opencms/se/no/buy/?page=1&edid=15EB8492-E613-A503-0EBC-61EBB18066B8&sortorder=asc&column=section HTTP/1.1" 404 -
84.247.128.30 - - [27/Dec/2024:05:20:33 +0100] "GET /ticket2/opencms/se/no/buy/?page=1&edid=15EB8492-E613-A503-0EBC-61EBB18066B8&sortorder=desc&column=price HTTP/1.1" 404 -
95.217.195.123 - - [27/Dec/2024:05:20:34 +0100] "GET /ticket2/opencms/se/sv/buy/?page=1&edid=86D28B23-05E4-8738-71B5-972088228AE0&sortorder=asc&column=section HTTP/1.1" 404 -
185.191.171.2 - - [27/Dec/2024:05:20:37 +0100] "GET /ticket2/opencms/sv/magazine/article?title=hugo-larsson-20-aringen-som-gar-fran-klarhet-till-klarhet HTTP/1.1" 200 94867
84.247.128.30 - - [27/Dec/2024:05:20:37 +0100] "GET /ticket2/opencms/se/no/buy/?page=1&edid=15EB8492-E613-A503-0EBC-61EBB18066B8&sortorder=desc&column=row HTTP/1.1" 404 -
185.191.171.9 - - [27/Dec/2024:05:20:39 +0100] "GET /ticket2/opencms/sv/sport/fotbollsbiljetter/premier_league/ipswich/ HTTP/1.1" 200 100320
85.76.146.81 - - [27/Dec/2024:05:20:40 +0100] "GET /ticket2/opencms/fi/urheilu/jalkapallo/premier_league/?gad_source=1&gbraid=0AAAAADlS-t-pIifQB6YoaDcDrF7pbLOD0&gclid=EAIaIQobChMIj5ncxYzHigMV3keRBR0EkTLDEAAYAiAAEgJy7_D_BwE HTTP/1.1" 200 97490
85.76.146.81 - - [27/Dec/2024:05:20:40 +0100] "GET /ticket2/opencms/system/modules/com.gridnine.opencms.ticketbrokerage.site/resources/js/jquery/jquery.js HTTP/1.1" 200 93868
85.76.146.81 - - [27/Dec/2024:05:20:40 +0100] "GET /ticket2/opencms/system/modules/com.gridnine.opencms.ticketbrokerage.site/resources/js/jquery/jquery-ui.js HTTP/1.1" 200 228088
85.76.146.81 - - [27/Dec/2024:05:20:40 +0100] "GET /ticket2/opencms/system/modules/com.gridnine.opencms.ticketbrokerage.site/resources/css/calendar.css HTTP/1.1" 200 6871
85.76.146.81 - - [27/Dec/2024:05:20:40 +0100] "GET /ticket2/opencms/system/modules/com.gridnine.opencms.ticketbrokerage.site/resources/css/jquery-ui.css HTTP/1.1" 200 33221
95.217.195.123 - - [27/Dec/2024:05:20:40 +0100] "GET /ticket2/opencms/se/sv/buy/?page=1&edid=892356ED-55B7-785D-1333-2729A9F26EDA&sortorder=desc&column=row HTTP/1.1" 404 -
85.76.146.81 - - [27/Dec/2024:05:20:40 +0100] "GET /ticket2/opencms/system/modules/com.gridnine.opencms.ticketbrokerage.site/resources/css/standard.css HTTP/1.1" 200 73081
85.76.146.81 - - [27/Dec/2024:05:20:40 +0100] "GET /ticket2/opencms/system/modules/com.gridnine.opencms.ticketbrokerage.site/resources/css/ticketbrokerage.css HTTP/1.1" 200 39339
85.76.146.81 - - [27/Dec/2024:05:20:40 +0100] "GET /ticket2/opencms/system/modules/com.gridnine.opencms.ticketbrokerage.site/resources/css/jquery.fancybox.css HTTP/1.1" 200 4939
85.76.146.81 - - [27/Dec/2024:05:20:40 +0100] "GET /ticket2/opencms/system/modules/com.gridnine.opencms.ticketbrokerage.site/resources/js/functions.js HTTP/1.1" 200 1583
85.76.146.81 - - [27/Dec/2024:05:20:40 +0100] "GET /ticket2/opencms/system/modules/com.gridnine.opencms.ticketbrokerage.site/resources/js/jquery.placeholder.min.js HTTP/1.1" 200 1737
85.76.146.81 - - [27/Dec/2024:05:20:40 +0100] "GET /ticket2/opencms/system/modules/com.gridnine.opencms.ticketbrokerage.site/resources/js/calendar-en.js HTTP/1.1" 200 3338
85.76.146.81 - - [27/Dec/2024:05:20:40 +0100] "GET /ticket2/opencms/system/modules/com.gridnine.opencms.ticketbrokerage.site/resources/js/calendar.js HTTP/1.1" 200 49229
85.76.146.81 - - [27/Dec/2024:05:20:40 +0100] "GET /ticket2/opencms/system/modules/com.gridnine.opencms.ticketbrokerage.site/resources/js/common-ajax.js HTTP/1.1" 200 20175
85.76.146.81 - - [27/Dec/2024:05:20:40 +0100] "GET /ticket2/opencms/system/modules/com.gridnine.opencms.ticketbrokerage.site/resources/js/calendar-setup.js HTTP/1.1" 200 4923
85.76.146.81 - - [27/Dec/2024:05:20:40 +0100] "GET /ticket2/opencms/system/modules/com.gridnine.opencms.ticketbrokerage.site/resources/js/jquery.fancybox.pack.js HTTP/1.1" 200 23187
85.76.146.81 - - [27/Dec/2024:05:20:40 +0100] "GET /ticket2/opencms/system/modules/com.gridnine.opencms.ticketbrokerage.site/resources/js/stickyfill.min.js HTTP/1.1" 200 5672
85.76.146.81 - - [27/Dec/2024:05:20:40 +0100] "GET /ticket2/opencms/system/modules/com.gridnine.opencms.ticketbrokerage.site/resources/js/standard.js HTTP/1.1" 200 3978
85.76.146.81 - - [27/Dec/2024:05:20:40 +0100] "GET /ticket2/opencms/system/modules/com.gridnine.opencms.ticketbrokerage.site/resources/pics/logo-new.png HTTP/1.1" 200 13541
85.76.146.81 - - [27/Dec/2024:05:20:40 +0100] "GET /ticket2/opencms/img/icons/globe-white.png HTTP/1.1" 200 947
85.76.146.81 - - [27/Dec/2024:05:20:40 +0100] "GET /ticket2/opencms/img/insta.png HTTP/1.1" 200 3967
85.76.146.81 - - [27/Dec/2024:05:20:40 +0100] "GET /ticket2/opencms/system/modules/com.gridnine.opencms.ticketbrokerage.site/resources/pics/banners/sv/premier_league_sv.png HTTP/1.1" 200 13518
85.76.146.81 - - [27/Dec/2024:05:20:40 +0100] "GET /ticket2/opencms/img/fb.png HTTP/1.1" 200 1269
85.76.146.81 - - [27/Dec/2024:05:20:40 +0100] "GET /ticket2/opencms/system/modules/com.gridnine.opencms.ticketbrokerage.site/resources/pics/footer-img.jpg HTTP/1.1" 200 67642
85.76.146.81 - - [27/Dec/2024:05:20:40 +0100] "GET /ticket2/opencms/img/icons/fi.png HTTP/1.1" 200 1785
85.76.146.81 - - [27/Dec/2024:05:20:40 +0100] "GET /ticket2/opencms/img/icons/se.png HTTP/1.1" 200 1258
85.76.146.81 - - [27/Dec/2024:05:20:40 +0100] "GET /ticket2/opencms/img/check.png HTTP/1.1" 200 548
85.76.146.81 - - [27/Dec/2024:05:20:40 +0100] "GET /ticket2/opencms/img/mail.png HTTP/1.1" 200 403
85.76.146.81 - - [27/Dec/2024:05:20:40 +0100] "GET /ticket2/opencms/img/icons/no.png HTTP/1.1" 200 1958
85.76.146.81 - - [27/Dec/2024:05:20:40 +0100] "GET /ticket2/opencms/img/icons/dk.png HTTP/1.1" 200 1706
85.76.146.81 - - [27/Dec/2024:05:20:40 +0100] "GET /ticket2/opencms/img/chat.png HTTP/1.1" 200 416
85.76.146.81 - - [27/Dec/2024:05:20:40 +0100] "GET /ticket2/opencms/img/arrow.png HTTP/1.1" 200 753
85.76.146.81 - - [27/Dec/2024:05:20:40 +0100] "GET /ticket2/opencms/img/icons/nl.png HTTP/1.1" 200 1255
85.76.146.81 - - [27/Dec/2024:05:20:40 +0100] "GET /ticket2/opencms/img/icons/de.png HTTP/1.1" 200 1124
85.76.146.81 - - [27/Dec/2024:05:20:40 +0100] "GET /ticket2/opencms/img/icons/fr.png HTTP/1.1" 200 1764
85.76.146.81 - - [27/Dec/2024:05:20:41 +0100] "GET /ticket2/opencms/img/icons/es.png HTTP/1.1" 200 1005
85.76.146.81 - - [27/Dec/2024:05:20:41 +0100] "GET /ticket2/opencms/img/icons/it.png HTTP/1.1" 200 2040
85.76.146.81 - - [27/Dec/2024:05:20:41 +0100] "GET /ticket2/opencms/img/icons/pl.png HTTP/1.1" 200 1578
85.76.146.81 - - [27/Dec/2024:05:20:41 +0100] "GET /ticket2/opencms/img/icons/sq.png HTTP/1.1" 200 1619
85.76.146.81 - - [27/Dec/2024:05:20:41 +0100] "GET /ticket2/opencms/img/icons/az.png HTTP/1.1" 200 1445
84.247.128.30 - - [27/Dec/2024:05:20:42 +0100] "GET /ticket2/opencms/se/no/buy/?page=1&edid=3950061E-10D0-1370-F4D5-47E1041A5F57&sortorder=desc&column=price HTTP/1.1" 404 -
85.76.146.81 - - [27/Dec/2024:05:20:43 +0100] "GET /ticket2/opencms/img/icons/bg.png HTTP/1.1" 200 788
85.76.146.81 - - [27/Dec/2024:05:20:43 +0100] "GET /ticket2/opencms/img/icons/el.png HTTP/1.1" 200 1637
85.76.146.81 - - [27/Dec/2024:05:20:43 +0100] "GET /ticket2/opencms/img/icons/cs.png HTTP/1.1" 200 1883
85.76.146.81 - - [27/Dec/2024:05:20:43 +0100] "GET /ticket2/opencms/img/icons/ga.png HTTP/1.1" 200 1759
85.76.146.81 - - [27/Dec/2024:05:20:43 +0100] "GET /ticket2/opencms/img/icons/et.png HTTP/1.1" 200 754
85.76.146.81 - - [27/Dec/2024:05:20:43 +0100] "GET /ticket2/opencms/img/icons/ka.png HTTP/1.1" 200 860
85.76.146.81 - - [27/Dec/2024:05:20:43 +0100] "GET /ticket2/opencms/img/icons/lv.png HTTP/1.1" 200 716
85.76.146.81 - - [27/Dec/2024:05:20:43 +0100] "GET /ticket2/opencms/img/icons/lt.png HTTP/1.1" 200 733
85.76.146.81 - - [27/Dec/2024:05:20:43 +0100] "GET /ticket2/opencms/img/icons/mt.png HTTP/1.1" 200 920
85.76.146.81 - - [27/Dec/2024:05:20:43 +0100] "GET /ticket2/opencms/img/icons/hu.png HTTP/1.1" 200 733
85.76.146.81 - - [27/Dec/2024:05:20:43 +0100] "GET /ticket2/opencms/img/icons/mo.png HTTP/1.1" 200 1468
85.76.146.81 - - [27/Dec/2024:05:20:43 +0100] "GET /ticket2/opencms/img/icons/ro.png HTTP/1.1" 200 1393
85.76.146.81 - - [27/Dec/2024:05:20:43 +0100] "GET /ticket2/opencms/img/icons/sr.png HTTP/1.1" 200 1602
85.76.146.81 - - [27/Dec/2024:05:20:43 +0100] "GET /ticket2/opencms/img/icons/sk.png HTTP/1.1" 200 1283
85.76.146.81 - - [27/Dec/2024:05:20:44 +0100] "GET /ticket2/opencms/img/icons/sl.png HTTP/1.1" 200 966
85.76.146.81 - - [27/Dec/2024:05:20:44 +0100] "GET /ticket2/opencms/img/icons/uk.png HTTP/1.1" 200 1272
85.76.146.81 - - [27/Dec/2024:05:20:44 +0100] "GET /ticket2/opencms/img/icons/en.png HTTP/1.1" 200 2415
85.76.146.81 - - [27/Dec/2024:05:20:44 +0100] "GET /ticket2/opencms/img/icons/tr.png HTTP/1.1" 200 1636
85.76.146.81 - - [27/Dec/2024:05:20:44 +0100] "GET /ticket2/opencms/img/icons/hr.png HTTP/1.1" 200 2024
85.76.146.81 - - [27/Dec/2024:05:20:44 +0100] "GET /ticket2/opencms/img/icons/is.png HTTP/1.1" 200 1884
47.128.32.165 - - [27/Dec/2024:05:20:44 +0100] "GET /ticket2/opencms/fi/venue/?venueid=4E57517D-EB34-B5C4-C05B-4A4E6641D62F HTTP/1.1" 200 86701
85.76.146.81 - - [27/Dec/2024:05:20:46 +0100] "GET /ticket2/opencms/img/icons/be.png HTTP/1.1" 200 1663
85.76.146.81 - - [27/Dec/2024:05:20:46 +0100] "GET /ticket2/opencms/img/icons/bs.png HTTP/1.1" 200 1014
95.217.195.123 - - [27/Dec/2024:05:20:46 +0100] "GET /ticket2/opencms/se/sv/buy/?page=1&edid=8AE5D156-FC63-438F-34F8-237E20433F6C HTTP/1.1" 404 -
85.76.146.81 - - [27/Dec/2024:05:20:46 +0100] "GET /ticket2/opencms/img/icons/ticket2.thumbnail.png HTTP/1.1" 200 21519
85.76.146.81 - - [27/Dec/2024:05:20:46 +0100] "GET /ticket2/opencms/system/modules/com.gridnine.opencms.ticketbrokerage.site/resources/js/standard.js HTTP/1.1" 200 3978
84.247.128.30 - - [27/Dec/2024:05:20:47 +0100] "GET /ticket2/opencms/se/no/buy/?page=1&edid=3950061E-10D0-1370-F4D5-47E1041A5F57&sortorder=desc&column=row HTTP/1.1" 404 -
84.247.128.30 - - [27/Dec/2024:05:20:52 +0100] "GET /ticket2/opencms/se/no/buy/?page=1&edid=399D5857-E3F3-B9C2-E01C-0D17705EC245&sortorder=asc&column=section HTTP/1.1" 404 -
85.76.146.81 - - [27/Dec/2024:05:20:52 +0100] "GET /ticket2/opencms/fi/urheilu/jalkapallo/premier_league/liverpool/ HTTP/1.1" 200 94285
85.76.146.81 - - [27/Dec/2024:05:20:52 +0100] "GET /ticket2/opencms/system/modules/com.gridnine.opencms.ticketbrokerage.site/resources/js/calendar-setup.js HTTP/1.1" 200 4923
85.76.146.81 - - [27/Dec/2024:05:20:52 +0100] "GET /ticket2/opencms/system/modules/com.gridnine.opencms.ticketbrokerage.site/resources/js/calendar-en.js HTTP/1.1" 200 3338
85.76.146.81 - - [27/Dec/2024:05:20:52 +0100] "GET /ticket2/opencms/system/modules/com.gridnine.opencms.ticketbrokerage.site/resources/js/standard.js HTTP/1.1" 200 3978
85.76.146.81 - - [27/Dec/2024:05:20:52 +0100] "GET /ticket2/opencms/system/modules/com.gridnine.opencms.ticketbrokerage.site/resources/css/ticketbrokerage.css HTTP/1.1" 200 39339
85.76.146.81 - - [27/Dec/2024:05:20:52 +0100] "GET /ticket2/opencms/system/modules/com.gridnine.opencms.ticketbrokerage.site/resources/css/standard.css HTTP/1.1" 200 73081
85.76.146.81 - - [27/Dec/2024:05:20:52 +0100] "GET /ticket2/opencms/system/modules/com.gridnine.opencms.ticketbrokerage.site/resources/css/calendar.css HTTP/1.1" 200 6871
85.76.146.81 - - [27/Dec/2024:05:20:52 +0100] "GET /ticket2/opencms/system/modules/com.gridnine.opencms.ticketbrokerage.site/resources/js/calendar.js HTTP/1.1" 200 49229
85.76.146.81 - - [27/Dec/2024:05:20:52 +0100] "GET /ticket2/opencms/system/modules/com.gridnine.opencms.ticketbrokerage.site/resources/js/functions.js HTTP/1.1" 200 1583
85.76.146.81 - - [27/Dec/2024:05:20:52 +0100] "GET /ticket2/opencms/system/modules/com.gridnine.opencms.ticketbrokerage.site/resources/pics/banners/Liverpool.jpg HTTP/1.1" 200 13360
95.217.195.123 - - [27/Dec/2024:05:20:53 +0100] "GET /ticket2/opencms/se/sv/buy/?page=1&edid=8B0DA89C-6395-E4EC-E13B-18842FA8AD15 HTTP/1.1" 404 -
40.77.167.46 - - [27/Dec/2024:05:20:57 +0100] "GET /ticket2/opencms/fi/buy?page=1&edid=C5E6BD6B-6997-F99C-5497-F6687FA84598 HTTP/1.1" 200 109489
84.247.128.30 - - [27/Dec/2024:05:20:57 +0100] "GET /ticket2/opencms/se/no/buy/?page=1&edid=418F640D-FED9-8D6C-3AD1-01149267CC74&sortorder=asc&column=section HTTP/1.1" 404 -
85.208.96.199 - - [27/Dec/2024:05:21:02 +0100] "GET /ticket2/opencms/dk/sport/fodboldbilletter/la-liga/osasuna/ HTTP/1.1" 200 97771
95.217.195.123 - - [27/Dec/2024:05:21:02 +0100] "GET /ticket2/opencms/se/sv/buy/?page=1&edid=8B0DA89C-6395-E4EC-E13B-18842FA8AD15&sortorder=desc&column=section HTTP/1.1" 404 -
84.247.128.30 - - [27/Dec/2024:05:21:06 +0100] "GET /ticket2/opencms/se/no/buy/?page=1&edid=44CCD2DB-E333-44AE-B15D-0AD6623456F4&sortorder=asc&column=row HTTP/1.1" 404 -
95.217.195.123 - - [27/Dec/2024:05:21:09 +0100] "GET /ticket2/opencms/se/sv/buy/?page=1&edid=AFDF9063-C0FF-597F-DC9B-84BBE5A9A009&sortorder=desc&column=row HTTP/1.1" 404 -
84.247.128.30 - - [27/Dec/2024:05:21:11 +0100] "GET /ticket2/opencms/se/no/buy/?page=1&edid=4A821F38-50DC-2259-FA57-2665C1B72876&sortorder=asc&column=price HTTP/1.1" 404 -
85.208.96.208 - - [27/Dec/2024:05:21:12 +0100] "GET /ticket2/opencms/it/login/ HTTP/1.1" 200 91194
84.247.128.30 - - [27/Dec/2024:05:21:16 +0100] "GET /ticket2/opencms/se/no/buy/?page=1&edid=4A821F38-50DC-2259-FA57-2665C1B72876&sortorder=asc&column=row HTTP/1.1" 404 -
95.217.195.123 - - [27/Dec/2024:05:21:16 +0100] "GET /ticket2/opencms/se/sv/buy/?page=1&edid=AFDF9063-C0FF-597F-DC9B-84BBE5A9A009&sortorder=desc&column=section HTTP/1.1" 404 -
185.191.171.14 - - [27/Dec/2024:05:21:16 +0100] "GET /ticket2/opencms/no/sport/fotballsbilletter/premier_league/watford/ HTTP/1.1" 200 87041
216.244.66.245 - - [27/Dec/2024:05:21:18 +0100] "GET /ticket2/opencms/se/robots.txt HTTP/1.1" 404 -
85.76.146.81 - - [27/Dec/2024:05:21:19 +0100] "GET /ticket2/opencms/fi/urheilu/jalkapallo/premier_league/liverpool/ HTTP/1.1" 200 94218
85.76.146.81 - - [27/Dec/2024:05:21:19 +0100] "GET /ticket2/opencms/system/modules/com.gridnine.opencms.ticketbrokerage.site/resources/js/calendar-setup.js HTTP/1.1" 200 4923
85.76.146.81 - - [27/Dec/2024:05:21:20 +0100] "GET /ticket2/opencms/system/modules/com.gridnine.opencms.ticketbrokerage.site/resources/css/standard.css HTTP/1.1" 200 73081
85.76.146.81 - - [27/Dec/2024:05:21:20 +0100] "GET /ticket2/opencms/system/modules/com.gridnine.opencms.ticketbrokerage.site/resources/css/ticketbrokerage.css HTTP/1.1" 200 39339
85.76.146.81 - - [27/Dec/2024:05:21:20 +0100] "GET /ticket2/opencms/system/modules/com.gridnine.opencms.ticketbrokerage.site/resources/js/calendar.js HTTP/1.1" 200 49229
85.76.146.81 - - [27/Dec/2024:05:21:20 +0100] "GET /ticket2/opencms/system/modules/com.gridnine.opencms.ticketbrokerage.site/resources/js/functions.js HTTP/1.1" 200 1583
85.76.146.81 - - [27/Dec/2024:05:21:20 +0100] "GET /ticket2/opencms/system/modules/com.gridnine.opencms.ticketbrokerage.site/resources/css/calendar.css HTTP/1.1" 200 6871
85.76.146.81 - - [27/Dec/2024:05:21:20 +0100] "GET /ticket2/opencms/system/modules/com.gridnine.opencms.ticketbrokerage.site/resources/js/calendar-en.js HTTP/1.1" 200 3338
85.76.146.81 - - [27/Dec/2024:05:21:20 +0100] "GET /ticket2/opencms/system/modules/com.gridnine.opencms.ticketbrokerage.site/resources/js/standard.js HTTP/1.1" 200 3978
95.217.195.123 - - [27/Dec/2024:05:21:22 +0100] "GET /ticket2/opencms/se/sv/buy/?page=1&edid=AFE208A3-9A11-83AE-53EB-2D8CD1F6352B&sortorder=desc&column=price HTTP/1.1" 404 -
84.247.128.30 - - [27/Dec/2024:05:21:26 +0100] "GET /ticket2/opencms/se/no/buy/?page=1&edid=53AAD1DD-DAB5-D05E-8DAD-A50F40AC9A87&sortorder=asc&column=price HTTP/1.1" 404 -
40.77.167.76 - - [27/Dec/2024:05:21:27 +0100] "GET /ticket2/opencms/dk/buy?page=1&edid=DE6EAF1E-F0E3-BCEF-6FE9-789554B2D96C HTTP/1.1" 200 123714
95.217.195.123 - - [27/Dec/2024:05:21:29 +0100] "GET /ticket2/opencms/se/sv/buy/?page=1&edid=AFE208A3-9A11-83AE-53EB-2D8CD1F6352B&sortorder=desc&column=row HTTP/1.1" 404 -
185.191.171.7 - - [27/Dec/2024:05:21:29 +0100] "GET /ticket2/opencms/fi/urheilu/jalkapallo/eredivisie/ HTTP/1.1" 200 88615
84.247.128.30 - - [27/Dec/2024:05:21:30 +0100] "GET /ticket2/opencms/se/no/buy/?page=1&edid=53AAD1DD-DAB5-D05E-8DAD-A50F40AC9A87&sortorder=asc&column=row HTTP/1.1" 404 -
85.76.146.81 - - [27/Dec/2024:05:21:33 +0100] "GET /ticket2/opencms/fi/urheilu/jalkapallo/premier_league/?gad_source=1&gbraid=0AAAAADlS-t-pIifQB6YoaDcDrF7pbLOD0&gclid=EAIaIQobChMIj5ncxYzHigMV3keRBR0EkTLDEAAYAiAAEgJy7_D_BwE HTTP/1.1" 200 97461
52.167.144.17 - - [27/Dec/2024:05:21:34 +0100] "GET /ticket2/opencms/mk/buy?page=1&edid=3B7ABFED-CCD4-8F1F-8F8D-A476A0A381CC HTTP/1.1" 404 -
84.247.128.30 - - [27/Dec/2024:05:21:35 +0100] "GET /ticket2/opencms/se/no/buy/?page=1&edid=53AAD1DD-DAB5-D05E-8DAD-A50F40AC9A87&sortorder=asc&column=section HTTP/1.1" 404 -
95.217.195.123 - - [27/Dec/2024:05:21:35 +0100] "GET /ticket2/opencms/se/sv/buy/?page=1&edid=AFE208A3-9A11-83AE-53EB-2D8CD1F6352B&sortorder=desc&column=section HTTP/1.1" 404 -
84.247.128.30 - - [27/Dec/2024:05:21:39 +0100] "GET /ticket2/opencms/se/no/buy/?page=1&edid=53AAD1DD-DAB5-D05E-8DAD-A50F40AC9A87&sortorder=desc&column=price HTTP/1.1" 404 -
216.244.66.196 - - [27/Dec/2024:05:21:42 +0100] "GET /ticket2/opencms/sv/magazine/article?title=newcastle HTTP/1.1" 200 90026
95.217.195.123 - - [27/Dec/2024:05:21:43 +0100] "GET /ticket2/opencms/se/sv/buy/?page=1&edid=B0194465-9BE5-70DD-1723-870417EF0F45 HTTP/1.1" 404 -
85.76.146.81 - - [27/Dec/2024:05:21:44 +0100] "GET /ticket2/opencms/fi/buy/?page=1&edid=99C77A16-8AF9-4675-97DE-42A41C4ECB4F HTTP/1.1" 200 131596
84.247.128.30 - - [27/Dec/2024:05:21:44 +0100] "GET /ticket2/opencms/se/no/buy/?page=1&edid=53AAD1DD-DAB5-D05E-8DAD-A50F40AC9A87&sortorder=desc&column=row HTTP/1.1" 404 -
85.208.96.210 - - [27/Dec/2024:05:21:47 +0100] "GET /ticket2/opencms/lt/magazine/article?title=manchester-city-pries-queens-park-rangers HTTP/1.1" 200 94099
84.247.128.30 - - [27/Dec/2024:05:21:49 +0100] "GET /ticket2/opencms/se/no/buy/?page=1&edid=53AAD1DD-DAB5-D05E-8DAD-A50F40AC9A87&sortorder=desc&column=section HTTP/1.1" 404 -
95.217.195.123 - - [27/Dec/2024:05:21:49 +0100] "GET /ticket2/opencms/se/sv/buy/?page=1&edid=B0194465-9BE5-70DD-1723-870417EF0F45&sortorder=desc&column=price HTTP/1.1" 404 -
185.191.171.1 - - [27/Dec/2024:05:21:50 +0100] "GET /ticket2/opencms/fi/magazine/article?title=nottingham-forest HTTP/1.1" 200 88757
185.191.171.17 - - [27/Dec/2024:05:21:53 +0100] "GET /ticket2/opencms/sq/buy?page=1 HTTP/1.1" 200 6507
84.247.128.30 - - [27/Dec/2024:05:21:54 +0100] "GET /ticket2/opencms/se/no/buy/?page=1&edid=544F9932-EE47-A783-F07C-2D3DCD93C6A7&sortorder=asc&column=price HTTP/1.1" 404 -
147.185.132.63 - - [27/Dec/2024:05:21:55 +0100] "GET / HTTP/1.1" 404 -
95.217.195.123 - - [27/Dec/2024:05:21:56 +0100] "GET /ticket2/opencms/se/sv/buy/?page=1&edid=B0194465-9BE5-70DD-1723-870417EF0F45&sortorder=desc&column=row HTTP/1.1" 404 -
85.208.96.195 - - [27/Dec/2024:05:21:58 +0100] "GET /ticket2/opencms/mt/about/ HTTP/1.1" 500 -
84.247.128.30 - - [27/Dec/2024:05:21:58 +0100] "GET /ticket2/opencms/se/no/buy/?page=1&edid=544F9932-EE47-A783-F07C-2D3DCD93C6A7&sortorder=desc&column=row HTTP/1.1" 404 -
95.217.195.123 - - [27/Dec/2024:05:22:02 +0100] "GET /ticket2/opencms/se/sv/buy/?page=1&edid=B0194465-9BE5-70DD-1723-870417EF0F45&sortorder=desc&column=section HTTP/1.1" 404 -
84.247.128.30 - - [27/Dec/2024:05:22:03 +0100] "GET /ticket2/opencms/se/no/buy/?page=1&edid=544F9932-EE47-A783-F07C-2D3DCD93C6A7&sortorder=desc&column=section HTTP/1.1" 404 -
47.238.14.12 - - [27/Dec/2024:05:22:04 +0100] "GET /ticket2/opencms/no/buy/?page=1&edid=BFAFDC2C-908C-DD1E-38F3-2E405A281188 HTTP/1.1" 200 135858
85.76.146.81 - - [27/Dec/2024:05:22:04 +0100] "GET /ticket2/opencms/fi/buy/?page=1&edid=99C77A16-8AF9-4675-97DE-42A41C4ECB4F HTTP/1.1" 200 131639
84.247.128.30 - - [27/Dec/2024:05:22:08 +0100] "GET /ticket2/opencms/se/no/buy/?page=1&edid=56AC65AD-6792-298C-C62F-1AAD7AFA4221&sortorder=asc&column=price HTTP/1.1" 404 -
95.217.195.123 - - [27/Dec/2024:05:22:08 +0100] "GET /ticket2/opencms/se/sv/buy/?page=1&edid=B01EB766-CA7D-1A19-0DC1-D3305DF28EF7 HTTP/1.1" 404 -
