194.247.173.99 - - [27/Dec/2024:04:42:22 +0100] "GET /ticket2/opencms/se/ru/buy/?page=1&edid=7AC6ABB3-09AC-6373-722A-4325330B2FBA&sortorder=desc&column=section HTTP/1.1" 404 -
147.93.145.57 - - [27/Dec/2024:04:42:23 +0100] "GET /ticket2/opencms/en/buy/?page=1&edid=497CFADB-43B9-65B9-4674-F7F3D004A91F&sortorder=desc&column=price HTTP/1.1" 200 113753
89.246.241.14 - - [27/Dec/2024:04:42:23 +0100] "GET /ticket2/opencms/en/about/contact HTTP/1.1" 200 87692
85.208.96.198 - - [27/Dec/2024:04:42:24 +0100] "GET /ticket2/opencms/sv/magazine/article?title=jurgen-klopp-lamnar-liverpool-en-framgangssaga-pa-anfield HTTP/1.1" 200 95253
54.183.100.58 - - [27/Dec/2024:04:42:26 +0100] "GET /ticket2/opencms/en/ HTTP/1.1" 200 100186
185.191.171.17 - - [27/Dec/2024:04:42:27 +0100] "GET /ticket2/opencms/mt/magazine/article?title=nio-rebiet-fgaxar-logbiet HTTP/1.1" 200 92310
95.217.195.123 - - [27/Dec/2024:04:42:28 +0100] "GET /ticket2/opencms/se/sv/buy/?page=1&edid=4A1E541D-A2F7-F553-9244-C365DA9D6313&sortorder=desc&column=section HTTP/1.1" 404 -
194.247.173.99 - - [27/Dec/2024:04:42:30 +0100] "GET /ticket2/opencms/se/ru/buy/?page=1&edid=7B13364F-9EE2-FFC9-44E1-6055539DCB61&sortorder=asc&column=price HTTP/1.1" 404 -
185.191.171.4 - - [27/Dec/2024:04:42:33 +0100] "GET /ticket2/opencms/fi/urheilu/jalkapallo/serie_a/atalanta/ HTTP/1.1" 200 100394
147.93.145.57 - - [27/Dec/2024:04:42:34 +0100] "GET /ticket2/opencms/en/buy/?page=1&edid=497CFADB-43B9-65B9-4674-F7F3D004A91F&sortorder=desc&column=section HTTP/1.1" 200 113851
3.137.185.202 - - [27/Dec/2024:04:42:35 +0100] "GET /ticket2/opencms/ro/buy/?edid=5D90F1BB-FDA0-E705-6448-4D677B2D6B3E&page=1 HTTP/1.1" 200 113842
194.247.173.99 - - [27/Dec/2024:04:42:37 +0100] "GET /ticket2/opencms/se/ru/buy/?page=1&edid=7B13364F-9EE2-FFC9-44E1-6055539DCB61&sortorder=asc&column=section HTTP/1.1" 404 -
85.208.96.196 - - [27/Dec/2024:04:42:44 +0100] "GET /ticket2/opencms/no/sport/fotballsbilletter/la_liga/atletico_madrid/ HTTP/1.1" 200 93318
194.247.173.99 - - [27/Dec/2024:04:42:44 +0100] "GET /ticket2/opencms/se/ru/buy/?page=1&edid=7B81DA8C-BC62-30BF-75BA-614CF7ADBC43&sortorder=asc&column=price HTTP/1.1" 404 -
147.93.145.57 - - [27/Dec/2024:04:42:46 +0100] "GET /ticket2/opencms/en/buy/?page=1&edid=4D019A97-BFEB-445D-8A39-F3C482678D04&sortorder=desc&column=price HTTP/1.1" 200 113644
95.217.195.123 - - [27/Dec/2024:04:42:50 +0100] "GET /ticket2/opencms/se/sv/buy/?page=1&edid=4A6D0EFC-9A2C-BA7B-0FCC-E77691D25C34&sortorder=desc&column=price HTTP/1.1" 404 -
194.247.173.99 - - [27/Dec/2024:04:42:52 +0100] "GET /ticket2/opencms/se/ru/buy/?page=1&edid=7B81DA8C-BC62-30BF-75BA-614CF7ADBC43&sortorder=asc&column=row HTTP/1.1" 404 -
194.247.173.99 - - [27/Dec/2024:04:43:00 +0100] "GET /ticket2/opencms/se/ru/buy/?page=1&edid=7B81DA8C-BC62-30BF-75BA-614CF7ADBC43&sortorder=asc&column=section HTTP/1.1" 404 -
147.93.145.57 - - [27/Dec/2024:04:43:01 +0100] "GET /ticket2/opencms/en/buy/?page=1&edid=4D019A97-BFEB-445D-8A39-F3C482678D04&sortorder=desc&column=row HTTP/1.1" 200 113489
95.217.195.123 - - [27/Dec/2024:04:43:07 +0100] "GET /ticket2/opencms/se/sv/buy/?page=1&edid=4A6D0EFC-9A2C-BA7B-0FCC-E77691D25C34&sortorder=desc&column=row HTTP/1.1" 404 -
194.247.173.99 - - [27/Dec/2024:04:43:07 +0100] "GET /ticket2/opencms/se/ru/buy/?page=1&edid=7CBC2073-43B3-6AB9-9406-E231332EAC38&sortorder=asc&column=row HTTP/1.1" 404 -
18.221.248.140 - - [27/Dec/2024:04:43:10 +0100] "GET /ticket2/opencms/es/buy?edid=5D90F1BB-FDA0-E705-6448-4D677B2D6B3E&page=1 HTTP/1.1" 200 113488
52.167.144.159 - - [27/Dec/2024:04:43:13 +0100] "GET /ticket2/opencms/lt/magazine/article?title=petas-kilianas-mbape HTTP/1.1" 200 92275
147.93.145.57 - - [27/Dec/2024:04:43:14 +0100] "GET /ticket2/opencms/en/buy/?page=1&edid=4D019A97-BFEB-445D-8A39-F3C482678D04&sortorder=desc&column=section HTTP/1.1" 200 113808
207.166.160.50 - - [27/Dec/2024:04:43:16 +0100] "GET /ticket2/opencms/venue/eur.png HTTP/1.1" 200 167373
194.247.173.99 - - [27/Dec/2024:04:43:19 +0100] "GET /ticket2/opencms/se/ru/buy/?page=1&edid=7EDF1BEF-5D50-8727-2707-09268639FF35&sortorder=asc&column=price HTTP/1.1" 404 -
185.191.171.4 - - [27/Dec/2024:04:43:26 +0100] "GET /ticket2/opencms/lt/magazine/article?title=futbolas HTTP/1.1" 200 93828
194.247.173.99 - - [27/Dec/2024:04:43:26 +0100] "GET /ticket2/opencms/se/ru/buy/?page=1&edid=7EDF1BEF-5D50-8727-2707-09268639FF35&sortorder=asc&column=row HTTP/1.1" 404 -
95.217.195.123 - - [27/Dec/2024:04:43:26 +0100] "GET /ticket2/opencms/se/sv/buy/?page=1&edid=4A6D0EFC-9A2C-BA7B-0FCC-E77691D25C34&sortorder=desc&column=section HTTP/1.1" 404 -
52.167.144.18 - - [27/Dec/2024:04:43:28 +0100] "GET /ticket2/opencms/sv/buy/?comcatid=A17713B6-D984-201A-4143-ED4DB5ED5C2E&catid=2FC3D548-EAF9-1354-0CD2-7D7619DA2334 HTTP/1.1" 200 6410
147.93.145.57 - - [27/Dec/2024:04:43:32 +0100] "GET /ticket2/opencms/en/buy/?page=1&edid=4E227D03-1EED-6C6C-1F6B-38D6AE5ACB28&sortorder=desc&column=row HTTP/1.1" 200 112365
114.119.133.220 - - [27/Dec/2024:04:43:33 +0100] "GET /ticket2/opencms/en/venue/?venueid=FFA115B2-38B9-DF68-21D2-8F2E64EF271D HTTP/1.1" 200 84949
194.247.173.99 - - [27/Dec/2024:04:43:33 +0100] "GET /ticket2/opencms/se/ru/buy/?page=1&edid=7EDF1BEF-5D50-8727-2707-09268639FF35&sortorder=asc&column=section HTTP/1.1" 404 -
85.208.96.210 - - [27/Dec/2024:04:43:35 +0100] "GET /ticket2/opencms/de/sport/fussball-tickets/la_liga/athletic-bilbao/ HTTP/1.1" 200 101778
194.247.173.99 - - [27/Dec/2024:04:43:40 +0100] "GET /ticket2/opencms/se/ru/buy/?page=1&edid=7EDF1BEF-5D50-8727-2707-09268639FF35&sortorder=desc&column=row HTTP/1.1" 404 -
52.167.144.187 - - [27/Dec/2024:04:43:41 +0100] "GET /ticket2/opencms/be/buy?page=1&edid=3B2EB834-74FD-F65E-9FB4-62BB32E5DD90 HTTP/1.1" 200 114646
114.119.140.111 - - [27/Dec/2024:04:43:41 +0100] "GET /ticket2/opencms/en/sell/?edid=C2594D37-41AF-DD44-19FB-A3A32C390B13 HTTP/1.1" 302 -
3.147.77.51 - - [27/Dec/2024:04:43:44 +0100] "GET /ticket2/opencms/es/buy?edid=A32C2CDE-A2F2-054C-C7FE-30BF45814EDA&page=1 HTTP/1.1" 200 113388
147.93.145.57 - - [27/Dec/2024:04:43:45 +0100] "GET /ticket2/opencms/en/buy/?page=1&edid=4E227D03-1EED-6C6C-1F6B-38D6AE5ACB28&sortorder=desc&column=section HTTP/1.1" 200 112726
185.191.171.4 - - [27/Dec/2024:04:43:46 +0100] "GET /ticket2/opencms/cs/magazine/article?title=jak-vypada-budoucnost-pro-alexandra-isaka HTTP/1.1" 200 92766
194.247.173.99 - - [27/Dec/2024:04:43:47 +0100] "GET /ticket2/opencms/se/ru/buy/?page=1&edid=80A6FF1C-20B5-820E-8265-898EF332A233&sortorder=desc&column=row HTTP/1.1" 404 -
95.217.195.123 - - [27/Dec/2024:04:43:47 +0100] "GET /ticket2/opencms/se/sv/buy/?page=1&edid=4B37FED5-4EBF-EC56-7983-FA55B4F5F861&sortorder=desc&column=price HTTP/1.1" 404 -
114.119.140.111 - - [27/Dec/2024:04:43:50 +0100] "GET /ticket2/opencms/en/login/?url=/en/sell/ HTTP/1.1" 200 89766
185.191.171.4 - - [27/Dec/2024:04:43:53 +0100] "GET /ticket2/opencms/no/magazine/article?title=om-tottenham-hotspur-stadium HTTP/1.1" 200 98006
194.247.173.99 - - [27/Dec/2024:04:43:54 +0100] "GET /ticket2/opencms/se/ru/buy/?page=1&edid=80A6FF1C-20B5-820E-8265-898EF332A233&sortorder=desc&column=section HTTP/1.1" 404 -
47.128.45.194 - - [27/Dec/2024:04:44:01 +0100] "GET /ticket2/opencms/fi/venue/?venueid=16E0C8F7-C946-BD85-3408-7035EE064BCF HTTP/1.1" 200 86640
194.247.173.99 - - [27/Dec/2024:04:44:01 +0100] "GET /ticket2/opencms/se/ru/buy/?page=1&edid=827A5570-CFC8-F898-8F2F-EDB01BF89EB0&sortorder=desc&column=row HTTP/1.1" 404 -
147.93.145.57 - - [27/Dec/2024:04:44:01 +0100] "GET /ticket2/opencms/en/buy/?page=1&edid=4E72738A-17F9-87BC-643A-B5444ABD781B&sortorder=desc&column=price HTTP/1.1" 200 113267
47.128.45.194 - - [27/Dec/2024:04:44:02 +0100] "GET /ticket2/opencms/venue/Saransk_Stadium.jpg HTTP/1.1" 200 45097
194.247.173.99 - - [27/Dec/2024:04:44:07 +0100] "GET /ticket2/opencms/se/ru/buy/?page=1&edid=82B136E6-285D-2514-CC84-CAC01A08B609&sortorder=asc&column=price HTTP/1.1" 404 -
95.217.195.123 - - [27/Dec/2024:04:44:08 +0100] "GET /ticket2/opencms/se/sv/buy/?page=1&edid=4B37FED5-4EBF-EC56-7983-FA55B4F5F861&sortorder=desc&column=row HTTP/1.1" 404 -
185.191.171.13 - - [27/Dec/2024:04:44:13 +0100] "GET /ticket2/opencms/lv/about/press/ HTTP/1.1" 200 88275
101.44.25.131 - - [27/Dec/2024:04:44:14 +0100] "GET /ticket2/opencms/sk/buy?page=1&edid=1862566B-2998-338F-A641-7BC143FBEEE7 HTTP/1.1" 200 136569
52.167.144.187 - - [27/Dec/2024:04:44:16 +0100] "GET /ticket2/opencms/de/buy?page=1&edid=71729821-BB19-CC1B-BEDD-F4658D5AB210 HTTP/1.1" 200 118461
147.93.145.57 - - [27/Dec/2024:04:44:19 +0100] "GET /ticket2/opencms/en/buy/?page=1&edid=4E72738A-17F9-87BC-643A-B5444ABD781B&sortorder=desc&column=row HTTP/1.1" 200 113196
194.247.173.99 - - [27/Dec/2024:04:44:20 +0100] "GET /ticket2/opencms/se/ru/buy/?page=1&edid=82B136E6-285D-2514-CC84-CAC01A08B609&sortorder=asc&column=section HTTP/1.1" 404 -
194.247.173.99 - - [27/Dec/2024:04:44:26 +0100] "GET /ticket2/opencms/se/ru/buy/?page=1&edid=82C986F9-0D6E-C921-C10B-10465651AE1E&sortorder=asc&column=price HTTP/1.1" 404 -
95.217.195.123 - - [27/Dec/2024:04:44:31 +0100] "GET /ticket2/opencms/se/sv/buy/?page=1&edid=4B37FED5-4EBF-EC56-7983-FA55B4F5F861&sortorder=desc&column=section HTTP/1.1" 404 -
47.128.55.228 - - [27/Dec/2024:04:44:33 +0100] "GET /ticket2/opencms/be/?comcatid=97ECA65A-72DA-F9AF-9DBB-245D3CFED1BE HTTP/1.1" 200 103170
147.93.145.57 - - [27/Dec/2024:04:44:34 +0100] "GET /ticket2/opencms/en/buy/?page=1&edid=4E72738A-17F9-87BC-643A-B5444ABD781B&sortorder=desc&column=section HTTP/1.1" 200 113362
194.247.173.99 - - [27/Dec/2024:04:44:34 +0100] "GET /ticket2/opencms/se/ru/buy/?page=1&edid=82C986F9-0D6E-C921-C10B-10465651AE1E&sortorder=asc&column=row HTTP/1.1" 404 -
185.191.171.4 - - [27/Dec/2024:04:44:38 +0100] "GET /ticket2/opencms/fi/urheilu/jalkapallo/bundesliga/ingolstadt/ HTTP/1.1" 200 87689
3.138.134.247 - - [27/Dec/2024:04:44:38 +0100] "GET /ticket2/opencms/lt/buy/?edid=A32C2CDE-A2F2-054C-C7FE-30BF45814EDA&page=1 HTTP/1.1" 200 113768
194.247.173.99 - - [27/Dec/2024:04:44:41 +0100] "GET /ticket2/opencms/se/ru/buy/?page=1&edid=82C986F9-0D6E-C921-C10B-10465651AE1E&sortorder=asc&column=section HTTP/1.1" 404 -
85.208.96.206 - - [27/Dec/2024:04:44:42 +0100] "GET /ticket2/opencms/en/sport/football-tickets/premier_league/burnley/ HTTP/1.1" 200 87214
47.128.33.35 - - [27/Dec/2024:04:44:43 +0100] "GET /ticket2/opencms/de/sport/fussball-tickets/premier_league/london/ HTTP/1.1" 500 -
95.217.195.123 - - [27/Dec/2024:04:44:48 +0100] "GET /ticket2/opencms/se/sv/buy/?page=1&edid=4BE51C11-6242-0667-4C84-D3822EC503E1&sortorder=desc&column=row HTTP/1.1" 404 -
194.247.173.99 - - [27/Dec/2024:04:44:49 +0100] "GET /ticket2/opencms/se/ru/buy/?page=1&edid=82CED242-6054-0EDF-1D26-ECDEB1409776&sortorder=asc&column=price HTTP/1.1" 404 -
147.93.145.57 - - [27/Dec/2024:04:44:51 +0100] "GET /ticket2/opencms/en/buy/?page=1&edid=4F10F0FD-0073-B564-973B-CB2F36E999C3&sortorder=desc&column=price HTTP/1.1" 200 113675
194.247.173.99 - - [27/Dec/2024:04:44:55 +0100] "GET /ticket2/opencms/se/ru/buy/?page=1&edid=82CED242-6054-0EDF-1D26-ECDEB1409776&sortorder=asc&column=row HTTP/1.1" 404 -
194.247.173.99 - - [27/Dec/2024:04:45:03 +0100] "GET /ticket2/opencms/se/ru/buy/?page=1&edid=82CED242-6054-0EDF-1D26-ECDEB1409776&sortorder=asc&column=section HTTP/1.1" 404 -
194.247.173.99 - - [27/Dec/2024:04:45:10 +0100] "GET /ticket2/opencms/se/ru/buy/?page=1&edid=82D74332-3060-836C-B01A-FC5A7B7BBCDC&sortorder=asc&column=price HTTP/1.1" 404 -
147.93.145.57 - - [27/Dec/2024:04:45:12 +0100] "GET /ticket2/opencms/en/buy/?page=1&edid=4F10F0FD-0073-B564-973B-CB2F36E999C3&sortorder=desc&column=row HTTP/1.1" 200 113613
95.217.195.123 - - [27/Dec/2024:04:45:15 +0100] "GET /ticket2/opencms/se/sv/buy/?page=1&edid=4BE59970-EC47-0861-6205-BA251FD6ECF0 HTTP/1.1" 404 -
194.247.173.99 - - [27/Dec/2024:04:45:18 +0100] "GET /ticket2/opencms/se/ru/buy/?page=1&edid=82D74332-3060-836C-B01A-FC5A7B7BBCDC&sortorder=asc&column=row HTTP/1.1" 404 -
47.238.13.13 - - [27/Dec/2024:04:45:21 +0100] "GET /ticket2/opencms/no/buy/?page=1&edid=C781C90E-2A4A-BE38-23EB-6039DE2F5FA8 HTTP/1.1" 200 136082
194.247.173.99 - - [27/Dec/2024:04:45:25 +0100] "GET /ticket2/opencms/se/ru/buy/?page=1&edid=82D74332-3060-836C-B01A-FC5A7B7BBCDC&sortorder=asc&column=section HTTP/1.1" 404 -
147.93.145.57 - - [27/Dec/2024:04:45:27 +0100] "GET /ticket2/opencms/en/buy/?page=1&edid=4F10F0FD-0073-B564-973B-CB2F36E999C3&sortorder=desc&column=section HTTP/1.1" 200 113834
194.247.173.99 - - [27/Dec/2024:04:45:33 +0100] "GET /ticket2/opencms/se/ru/buy/?page=1&edid=82F19FA2-FA7A-0459-E232-50321BC9E2B5&sortorder=asc&column=price HTTP/1.1" 404 -
95.217.195.123 - - [27/Dec/2024:04:45:33 +0100] "GET /ticket2/opencms/se/sv/buy/?page=1&edid=4C02011D-24C0-2535-1DBC-D54833672F3A HTTP/1.1" 404 -
85.208.96.211 - - [27/Dec/2024:04:45:38 +0100] "GET /ticket2/opencms/ga/standard/ HTTP/1.1" 500 -
147.93.145.57 - - [27/Dec/2024:04:45:40 +0100] "GET /ticket2/opencms/en/buy/?page=1&edid=53AAD1DD-DAB5-D05E-8DAD-A50F40AC9A87&sortorder=desc&column=row HTTP/1.1" 200 112837
194.247.173.99 - - [27/Dec/2024:04:45:40 +0100] "GET /ticket2/opencms/se/ru/buy/?page=1&edid=82F19FA2-FA7A-0459-E232-50321BC9E2B5&sortorder=asc&column=row HTTP/1.1" 404 -
185.191.171.5 - - [27/Dec/2024:04:45:40 +0100] "GET /ticket2/opencms/lv/magazine/article?title=jurgen-klopp-pamet-liverpool-veiksmes-stasts-anfilda HTTP/1.1" 200 95306
194.247.173.99 - - [27/Dec/2024:04:45:48 +0100] "GET /ticket2/opencms/se/ru/buy/?page=1&edid=82F19FA2-FA7A-0459-E232-50321BC9E2B5&sortorder=asc&column=section HTTP/1.1" 404 -
95.217.195.123 - - [27/Dec/2024:04:45:50 +0100] "GET /ticket2/opencms/se/sv/buy/?page=1&edid=4C0E2D60-F642-3EA7-4AF8-4A6B372A6F1A HTTP/1.1" 404 -
52.167.144.175 - - [27/Dec/2024:04:45:53 +0100] "GET /ticket2/opencms/es/login/ HTTP/1.1" 200 91338
194.247.173.99 - - [27/Dec/2024:04:45:56 +0100] "GET /ticket2/opencms/se/ru/buy/?page=1&edid=872EADC5-B9DD-21C0-9A0A-0D882685D686&sortorder=asc&column=row HTTP/1.1" 404 -
147.93.145.57 - - [27/Dec/2024:04:45:57 +0100] "GET /ticket2/opencms/en/buy/?page=1&edid=53AAD1DD-DAB5-D05E-8DAD-A50F40AC9A87&sortorder=desc&column=section HTTP/1.1" 200 113059
194.247.173.99 - - [27/Dec/2024:04:46:03 +0100] "GET /ticket2/opencms/se/ru/buy/?page=1&edid=872EADC5-B9DD-21C0-9A0A-0D882685D686&sortorder=asc&column=section HTTP/1.1" 404 -
95.217.195.123 - - [27/Dec/2024:04:46:08 +0100] "GET /ticket2/opencms/se/sv/buy/?page=1&edid=4C433C59-5FE9-0C43-7DAC-788A4C3689C5 HTTP/1.1" 404 -
52.167.144.24 - - [27/Dec/2024:04:46:10 +0100] "GET /ticket2/opencms/no/buy?page=1&edid=87B4AACF-CAE2-8F54-548F-79BBB43EDD42 HTTP/1.1" 200 111590
194.247.173.99 - - [27/Dec/2024:04:46:11 +0100] "GET /ticket2/opencms/se/ru/buy/?page=1&edid=878FBCBC-1999-96EA-66C5-CA46710A03D2&sortorder=asc&column=price HTTP/1.1" 404 -
147.93.145.57 - - [27/Dec/2024:04:46:11 +0100] "GET /ticket2/opencms/en/buy/?page=1&edid=590EDDB9-B981-09D2-E0FC-F6E1B491368A&sortorder=desc&column=section HTTP/1.1" 200 113879
52.167.144.182 - - [27/Dec/2024:04:46:18 +0100] "GET /ticket2/opencms/nl/magazine/article?title=newcastle-upon-tyne HTTP/1.1" 200 90370
194.247.173.99 - - [27/Dec/2024:04:46:19 +0100] "GET /ticket2/opencms/se/ru/buy/?page=1&edid=878FBCBC-1999-96EA-66C5-CA46710A03D2&sortorder=asc&column=row HTTP/1.1" 404 -
185.191.171.15 - - [27/Dec/2024:04:46:19 +0100] "GET /ticket2/opencms/en/magazine/article?title=declan-rice HTTP/1.1" 200 91099
52.167.144.187 - - [27/Dec/2024:04:46:20 +0100] "GET /ticket2/opencms/fi/buy?page=1&edid=355D3270-70A4-08B0-6A25-52C4305F40B2 HTTP/1.1" 200 109609
3.135.249.76 - - [27/Dec/2024:04:46:23 +0100] "GET /ticket2/opencms/lv/buy?edid=A32C2CDE-A2F2-054C-C7FE-30BF45814EDA&page=1 HTTP/1.1" 200 113507
194.247.173.99 - - [27/Dec/2024:04:46:27 +0100] "GET /ticket2/opencms/se/ru/buy/?page=1&edid=878FBCBC-1999-96EA-66C5-CA46710A03D2&sortorder=asc&column=section HTTP/1.1" 404 -
185.191.171.4 - - [27/Dec/2024:04:46:28 +0100] "GET /ticket2/opencms/sv/magazine/article?title=om-tottenham-hotspur-stadium HTTP/1.1" 200 99091
85.208.96.203 - - [27/Dec/2024:04:46:28 +0100] "GET /ticket2/opencms/no/magazine/article?title=kevin-de-bruyne HTTP/1.1" 200 92516
147.93.145.57 - - [27/Dec/2024:04:46:28 +0100] "GET /ticket2/opencms/en/login/?edid=2F602CFA-E8AD-C082-01F3-110FF826CCBF HTTP/1.1" 200 89790
95.217.195.123 - - [27/Dec/2024:04:46:32 +0100] "GET /ticket2/opencms/se/sv/buy/?page=1&edid=4C433C59-5FE9-0C43-7DAC-788A4C3689C5&sortorder=desc&column=price HTTP/1.1" 404 -
194.247.173.99 - - [27/Dec/2024:04:46:34 +0100] "GET /ticket2/opencms/se/ru/buy/?page=1&edid=87A2E0C8-FB06-9F72-D01C-6586D722A374&sortorder=asc&column=price HTTP/1.1" 404 -
85.208.96.203 - - [27/Dec/2024:04:46:39 +0100] "GET /ticket2/opencms/ro/magazine/article?title=nou-contract-pentru-archie-gray-18-ani HTTP/1.1" 200 91327
194.247.173.99 - - [27/Dec/2024:04:46:42 +0100] "GET /ticket2/opencms/se/ru/buy/?page=1&edid=87A2E0C8-FB06-9F72-D01C-6586D722A374&sortorder=asc&column=row HTTP/1.1" 404 -
54.193.156.189 - - [27/Dec/2024:04:46:45 +0100] "GET /ticket2/opencms/ HTTP/1.1" 302 -
147.93.145.57 - - [27/Dec/2024:04:46:45 +0100] "GET /ticket2/opencms/en/login/?edid=37482F50-B95C-A510-B78C-2DC507E76C77 HTTP/1.1" 200 89770
185.191.171.6 - - [27/Dec/2024:04:46:47 +0100] "GET /ticket2/opencms/is/sport/ HTTP/1.1" 200 92442
194.247.173.99 - - [27/Dec/2024:04:46:50 +0100] "GET /ticket2/opencms/se/ru/buy/?page=1&edid=87A2E0C8-FB06-9F72-D01C-6586D722A374&sortorder=asc&column=section HTTP/1.1" 404 -
54.193.156.189 - - [27/Dec/2024:04:46:50 +0100] "GET /ticket2/opencms/en/ HTTP/1.1" 200 100157
95.217.195.123 - - [27/Dec/2024:04:46:50 +0100] "GET /ticket2/opencms/se/sv/buy/?page=1&edid=4C433C59-5FE9-0C43-7DAC-788A4C3689C5&sortorder=desc&column=row HTTP/1.1" 404 -
52.167.144.187 - - [27/Dec/2024:04:46:50 +0100] "GET /ticket2/opencms/mk/buy?page=1&edid=FBCB4DB4-95C2-2162-161E-CFE6F76BC5CD HTTP/1.1" 404 -
85.208.96.210 - - [27/Dec/2024:04:46:56 +0100] "GET /ticket2/opencms/sv/magazine/article?title=ballon-dor-vinnare-2024 HTTP/1.1" 200 92737
194.247.173.99 - - [27/Dec/2024:04:46:58 +0100] "GET /ticket2/opencms/se/ru/buy/?page=1&edid=87E80F4E-52AF-C9C5-B2CC-F679C938B071&sortorder=asc&column=price HTTP/1.1" 404 -
147.93.145.57 - - [27/Dec/2024:04:46:59 +0100] "GET /ticket2/opencms/en/login/?edid=3BC0166D-3334-F436-7AC9-C815C4D456EB HTTP/1.1" 200 89812
85.208.96.209 - - [27/Dec/2024:04:47:00 +0100] "GET /ticket2/opencms/dk/magazine/article?title=mohamed-salah-forlaenge-med-liverpool HTTP/1.1" 200 94051
194.247.173.99 - - [27/Dec/2024:04:47:05 +0100] "GET /ticket2/opencms/se/ru/buy/?page=1&edid=87E80F4E-52AF-C9C5-B2CC-F679C938B071&sortorder=asc&column=row HTTP/1.1" 404 -
95.217.195.123 - - [27/Dec/2024:04:47:07 +0100] "GET /ticket2/opencms/se/sv/buy/?page=1&edid=4C433C59-5FE9-0C43-7DAC-788A4C3689C5&sortorder=desc&column=section HTTP/1.1" 404 -
194.247.173.99 - - [27/Dec/2024:04:47:12 +0100] "GET /ticket2/opencms/se/ru/buy/?page=1&edid=87E80F4E-52AF-C9C5-B2CC-F679C938B071&sortorder=asc&column=section HTTP/1.1" 404 -
114.119.130.178 - - [27/Dec/2024:04:47:14 +0100] "GET /ticket2/opencms/en/venue/?venueid=6D360DF1-D10E-80D6-413A-8A8A7657A599 HTTP/1.1" 200 85131
40.77.167.76 - - [27/Dec/2024:04:47:16 +0100] "GET /ticket2/opencms/is/buy?page=1&edid=33CFCCFE-A22A-4A2C-1202-26E0FBDCB686 HTTP/1.1" 200 122316
147.93.145.57 - - [27/Dec/2024:04:47:16 +0100] "GET /ticket2/opencms/en/login/?edid=3F0125BA-1C61-4BFF-2467-AF8AB47237AF HTTP/1.1" 200 89864
52.167.144.24 - - [27/Dec/2024:04:47:18 +0100] "GET /ticket2/opencms/ro/buy?page=1&edid=EADB7F79-1BC4-53CA-844D-4F8EF9B8B120 HTTP/1.1" 200 114054
52.167.144.24 - - [27/Dec/2024:04:47:18 +0100] "GET /ticket2/opencms/hu/buy?page=1&edid=6E5B69BA-BAC6-DB5A-4781-6AB592C7D855 HTTP/1.1" 200 113456
194.247.173.99 - - [27/Dec/2024:04:47:19 +0100] "GET /ticket2/opencms/se/ru/buy/?page=1&edid=883D5D36-7669-3BE5-E7C2-7115E038218A&sortorder=asc&column=price HTTP/1.1" 404 -
47.128.51.187 - - [27/Dec/2024:04:47:23 +0100] "GET /ticket2/opencms/en/magazine/article?title=abdul-fatawu-will-miss-the-rest-of-the-season HTTP/1.1" 200 92293
85.208.96.210 - - [27/Dec/2024:04:47:24 +0100] "GET /ticket2/opencms/fi/magazine/article?title=jurgen-klopp-jattaa-liverpoolin-menestystarina-anfieldilla HTTP/1.1" 200 96341
154.213.184.18 - - [27/Dec/2024:04:47:25 +0100] "CONNECT example.com:443 HTTP/1.1" 400 -
194.247.173.99 - - [27/Dec/2024:04:47:26 +0100] "GET /ticket2/opencms/se/ru/buy/?page=1&edid=883D5D36-7669-3BE5-E7C2-7115E038218A&sortorder=asc&column=row HTTP/1.1" 404 -
95.217.195.123 - - [27/Dec/2024:04:47:27 +0100] "GET /ticket2/opencms/se/sv/buy/?page=1&edid=4C6028FD-892E-FCA1-AE33-729323D34B0F HTTP/1.1" 404 -
85.208.96.206 - - [27/Dec/2024:04:47:27 +0100] "GET /ticket2/opencms/sv/sport/fotbollsbiljetter/english-championship/plymouth-argyle/ HTTP/1.1" 200 87413
147.93.145.57 - - [27/Dec/2024:04:47:31 +0100] "GET /ticket2/opencms/en/login/?edid=46484497-40E3-24DA-1A4A-CD115F7A9621 HTTP/1.1" 200 89858
52.167.144.187 - - [27/Dec/2024:04:47:31 +0100] "GET /ticket2/opencms/hr/buy?page=1&edid=60EFDC2E-D0E4-50A3-A8F0-F9555AFF82D2 HTTP/1.1" 200 112605
85.208.96.199 - - [27/Dec/2024:04:47:33 +0100] "GET /ticket2/opencms/fi/urheilu/jalkapallo/la-liga/athletic_bilbao/ HTTP/1.1" 200 94069
194.247.173.99 - - [27/Dec/2024:04:47:33 +0100] "GET /ticket2/opencms/se/ru/buy/?page=1&edid=8871F39D-CC75-6BEB-E911-E7E368F4B404&sortorder=asc&column=row HTTP/1.1" 404 -
185.191.171.14 - - [27/Dec/2024:04:47:34 +0100] "GET /ticket2/opencms/sl/magazine/article?title=nogomet HTTP/1.1" 200 93317
194.247.173.99 - - [27/Dec/2024:04:47:40 +0100] "GET /ticket2/opencms/se/ru/buy/?page=1&edid=89512C49-9985-8A64-3ABD-3F9CEE88DFB0&sortorder=asc&column=row HTTP/1.1" 404 -
40.77.167.41 - - [27/Dec/2024:04:47:41 +0100] "GET /ticket2/opencms/pl/login/?url=/pl/sell/ HTTP/1.1" 200 91233
85.208.96.195 - - [27/Dec/2024:04:47:42 +0100] "GET /ticket2/opencms/hu/login/?url=%25252Fhu%25252Fsell%25252F HTTP/1.1" 200 91453
95.217.195.123 - - [27/Dec/2024:04:47:44 +0100] "GET /ticket2/opencms/se/sv/buy/?page=1&edid=4C6028FD-892E-FCA1-AE33-729323D34B0F&sortorder=desc&column=price HTTP/1.1" 404 -
147.93.145.57 - - [27/Dec/2024:04:47:47 +0100] "GET /ticket2/opencms/en/login/?edid=55665BB1-2F3D-DED5-E2AC-E89B6A948AE6 HTTP/1.1" 200 89825
194.247.173.99 - - [27/Dec/2024:04:47:48 +0100] "GET /ticket2/opencms/se/ru/buy/?page=1&edid=89512C49-9985-8A64-3ABD-3F9CEE88DFB0&sortorder=asc&column=section HTTP/1.1" 404 -
18.117.94.221 - - [27/Dec/2024:04:47:49 +0100] "GET /ticket2/opencms/hr/buy?edid=5D90F1BB-FDA0-E705-6448-4D677B2D6B3E&page=1 HTTP/1.1" 200 113507
18.117.94.221 - - [27/Dec/2024:04:47:49 +0100] "GET /ticket2/opencms/sr/buy?edid=5D90F1BB-FDA0-E705-6448-4D677B2D6B3E&page=1 HTTP/1.1" 200 114280
47.238.13.10 - - [27/Dec/2024:04:47:49 +0100] "GET /ticket2/opencms/ga/buy?page=1&edid=671D7335-C193-EB33-C120-16B908FE4C76 HTTP/1.1" 200 113567
194.247.173.99 - - [27/Dec/2024:04:47:55 +0100] "GET /ticket2/opencms/se/ru/buy/?page=1&edid=89FE7505-90F7-E10A-4E29-615C9B572E94&sortorder=asc&column=price HTTP/1.1" 404 -
85.208.96.199 - - [27/Dec/2024:04:47:56 +0100] "GET /ticket2/opencms/et/magazine/article?title=everton HTTP/1.1" 200 91767
47.128.119.134 - - [27/Dec/2024:04:48:00 +0100] "GET /ticket2/opencms/en/magazine/article?title=legend-in-heated-exchange-with-supporter HTTP/1.1" 200 92123
147.93.145.57 - - [27/Dec/2024:04:48:00 +0100] "GET /ticket2/opencms/en/login/?edid=57F16BDD-379D-E68F-34EA-86B693F63ED7 HTTP/1.1" 200 89871
194.247.173.99 - - [27/Dec/2024:04:48:02 +0100] "GET /ticket2/opencms/se/ru/buy/?page=1&edid=89FE7505-90F7-E10A-4E29-615C9B572E94&sortorder=asc&column=row HTTP/1.1" 404 -
95.217.195.123 - - [27/Dec/2024:04:48:03 +0100] "GET /ticket2/opencms/se/sv/buy/?page=1&edid=4C6028FD-892E-FCA1-AE33-729323D34B0F&sortorder=desc&column=row HTTP/1.1" 404 -
85.208.96.206 - - [27/Dec/2024:04:48:04 +0100] "GET /ticket2/opencms/dk/magazine/article?title=vinicius-jr HTTP/1.1" 200 90506
194.247.173.99 - - [27/Dec/2024:04:48:09 +0100] "GET /ticket2/opencms/se/ru/buy/?page=1&edid=89FE7505-90F7-E10A-4E29-615C9B572E94&sortorder=asc&column=section HTTP/1.1" 404 -
194.247.173.99 - - [27/Dec/2024:04:48:16 +0100] "GET /ticket2/opencms/se/ru/buy/?page=1&edid=8AB2E4A1-D116-C62C-CE26-DEC6ED22AE38&sortorder=asc&column=row HTTP/1.1" 404 -
147.93.145.57 - - [27/Dec/2024:04:48:16 +0100] "GET /ticket2/opencms/en/login/?edid=69316806-FAD8-F470-2F12-AA6D133A3A86 HTTP/1.1" 200 89855
95.217.195.123 - - [27/Dec/2024:04:48:18 +0100] "GET /ticket2/opencms/se/sv/buy/?page=1&edid=4C6028FD-892E-FCA1-AE33-729323D34B0F&sortorder=desc&column=section HTTP/1.1" 404 -
85.208.96.200 - - [27/Dec/2024:04:48:18 +0100] "GET /ticket2/opencms/de/magazine/article?title=ein-beeindruckendes-spiel-bei-dem-der-schwede-kulusevski-weiterhin-liefert HTTP/1.1" 200 93986
114.119.150.49 - - [27/Dec/2024:04:48:22 +0100] "GET /ticket2/opencms/en/sell/?edid=C072DD36-36E4-94F8-F236-383A9F5D0253 HTTP/1.1" 302 -
194.247.173.99 - - [27/Dec/2024:04:48:23 +0100] "GET /ticket2/opencms/se/ru/buy/?page=1&edid=8AB2E4A1-D116-C62C-CE26-DEC6ED22AE38&sortorder=asc&column=section HTTP/1.1" 404 -
85.208.96.202 - - [27/Dec/2024:04:48:25 +0100] "GET /ticket2/opencms/sl/sport/nogometne-vstopnice/english-championship/leicester-city/ HTTP/1.1" 200 96975
114.119.150.49 - - [27/Dec/2024:04:48:27 +0100] "GET /ticket2/opencms/en/login/?url=/en/sell/ HTTP/1.1" 200 89870
147.93.145.57 - - [27/Dec/2024:04:48:29 +0100] "GET /ticket2/opencms/en/login/?edid=6FB99050-2EB2-BC0F-C20F-EFDA643A2994 HTTP/1.1" 200 89868
194.247.173.99 - - [27/Dec/2024:04:48:30 +0100] "GET /ticket2/opencms/se/ru/buy/?page=1&edid=8AE5D156-FC63-438F-34F8-237E20433F6C&sortorder=asc&column=price HTTP/1.1" 404 -
85.208.96.202 - - [27/Dec/2024:04:48:32 +0100] "GET /ticket2/opencms/nl/faq HTTP/1.1" 200 92326
185.191.171.12 - - [27/Dec/2024:04:48:32 +0100] "GET /ticket2/opencms/no/magazine/article?title=london-en-fotballby-i-verdensklasse HTTP/1.1" 200 91889
95.217.195.123 - - [27/Dec/2024:04:48:35 +0100] "GET /ticket2/opencms/se/sv/buy/?page=1&edid=4C7CD3B1-B7E1-89E2-C4E7-C4DED146D459&sortorder=asc&column=price HTTP/1.1" 404 -
114.119.134.48 - - [27/Dec/2024:04:48:36 +0100] "GET /ticket2/opencms/en/venue/?venueid=F95CCA03-8412-EF00-BE73-83772A0CB743 HTTP/1.1" 200 85039
194.247.173.99 - - [27/Dec/2024:04:48:36 +0100] "GET /ticket2/opencms/se/ru/buy/?page=1&edid=8C84F5E0-FA25-C5E3-D5D6-2695128F01FC&sortorder=asc&column=price HTTP/1.1" 404 -
194.247.173.99 - - [27/Dec/2024:04:48:43 +0100] "GET /ticket2/opencms/se/ru/buy/?page=1&edid=8C84F5E0-FA25-C5E3-D5D6-2695128F01FC&sortorder=asc&column=row HTTP/1.1" 404 -
147.93.145.57 - - [27/Dec/2024:04:48:43 +0100] "GET /ticket2/opencms/en/login/?edid=7AF7D8B7-92A4-0C81-79E8-64285D78E9F8 HTTP/1.1" 200 89815
47.128.62.132 - - [27/Dec/2024:04:48:43 +0100] "GET /ticket2/opencms/fr/sport/billets-football/uefa-champions-league/ HTTP/1.1" 500 -
194.247.173.99 - - [27/Dec/2024:04:48:50 +0100] "GET /ticket2/opencms/se/ru/buy/?page=1&edid=8C84F5E0-FA25-C5E3-D5D6-2695128F01FC&sortorder=asc&column=section HTTP/1.1" 404 -
85.208.96.203 - - [27/Dec/2024:04:48:51 +0100] "GET /ticket2/opencms/et/about/ HTTP/1.1" 500 -
95.217.195.123 - - [27/Dec/2024:04:48:51 +0100] "GET /ticket2/opencms/se/sv/buy/?page=1&edid=4C7CD3B1-B7E1-89E2-C4E7-C4DED146D459&sortorder=asc&column=row HTTP/1.1" 404 -
147.93.145.57 - - [27/Dec/2024:04:48:55 +0100] "GET /ticket2/opencms/en/login/?edid=8872C96B-9640-E1F1-1648-4C6C90DC1D5A HTTP/1.1" 200 89770
194.247.173.99 - - [27/Dec/2024:04:48:56 +0100] "GET /ticket2/opencms/se/ru/buy/?page=1&edid=925F0BF1-E4E2-ED3A-C832-D4FF2F52FC1D&sortorder=asc&column=section HTTP/1.1" 404 -
52.167.144.24 - - [27/Dec/2024:04:48:57 +0100] "GET /ticket2/opencms/sl/buy?page=1&edid=A443FF53-1C00-C4E0-1D4A-9FD8734D5FCD HTTP/1.1" 200 112000
194.247.173.99 - - [27/Dec/2024:04:49:03 +0100] "GET /ticket2/opencms/se/ru/buy/?page=1&edid=9A05EF4D-4376-E584-2657-07D966D7B743&sortorder=asc&column=price HTTP/1.1" 404 -
85.208.96.201 - - [27/Dec/2024:04:49:04 +0100] "GET /ticket2/opencms/sv/sport/fotbollsbiljetter/english-championship/ipswich-town/ HTTP/1.1" 200 87544
95.217.195.123 - - [27/Dec/2024:04:49:07 +0100] "GET /ticket2/opencms/se/sv/buy/?page=1&edid=4C7CD3B1-B7E1-89E2-C4E7-C4DED146D459&sortorder=asc&column=section HTTP/1.1" 404 -
147.93.145.57 - - [27/Dec/2024:04:49:07 +0100] "GET /ticket2/opencms/en/login/?edid=91386F59-CC65-7E48-663D-CA8734441B84 HTTP/1.1" 200 89789
85.208.96.209 - - [27/Dec/2024:04:49:08 +0100] "GET /ticket2/opencms/az/magazine/article?title=futbol HTTP/1.1" 200 94465
194.247.173.99 - - [27/Dec/2024:04:49:11 +0100] "GET /ticket2/opencms/se/ru/buy/?page=1&edid=9A05EF4D-4376-E584-2657-07D966D7B743&sortorder=asc&column=row HTTP/1.1" 404 -
85.208.96.195 - - [27/Dec/2024:04:49:12 +0100] "GET /ticket2/opencms/az/magazine/ HTTP/1.1" 200 150796
194.247.173.99 - - [27/Dec/2024:04:49:18 +0100] "GET /ticket2/opencms/se/ru/buy/?page=1&edid=9A05EF4D-4376-E584-2657-07D966D7B743&sortorder=asc&column=section HTTP/1.1" 404 -
147.93.145.57 - - [27/Dec/2024:04:49:20 +0100] "GET /ticket2/opencms/en/login/?edid=95CACFD9-29C2-1708-57C5-046FA498506B HTTP/1.1" 200 89730
95.217.195.123 - - [27/Dec/2024:04:49:26 +0100] "GET /ticket2/opencms/se/sv/buy/?page=1&edid=4C7CD3B1-B7E1-89E2-C4E7-C4DED146D459&sortorder=desc&column=row HTTP/1.1" 404 -
194.247.173.99 - - [27/Dec/2024:04:49:26 +0100] "GET /ticket2/opencms/se/ru/buy/?page=1&edid=9AE493CE-16E5-66DA-B419-2CD7D152F786&sortorder=asc&column=price HTTP/1.1" 404 -
185.191.171.9 - - [27/Dec/2024:04:49:27 +0100] "GET /ticket2/opencms/no/buy/ HTTP/1.1" 200 6410
194.247.173.99 - - [27/Dec/2024:04:49:33 +0100] "GET /ticket2/opencms/se/ru/buy/?page=1&edid=9AE493CE-16E5-66DA-B419-2CD7D152F786&sortorder=asc&column=row HTTP/1.1" 404 -
147.93.145.57 - - [27/Dec/2024:04:49:35 +0100] "GET /ticket2/opencms/en/login/?edid=97FFC658-3656-07F3-28A9-C13389584DC3 HTTP/1.1" 200 89807
194.247.173.99 - - [27/Dec/2024:04:49:40 +0100] "GET /ticket2/opencms/se/ru/buy/?page=1&edid=9AE493CE-16E5-66DA-B419-2CD7D152F786&sortorder=asc&column=section HTTP/1.1" 404 -
95.217.195.123 - - [27/Dec/2024:04:49:42 +0100] "GET /ticket2/opencms/se/sv/buy/?page=1&edid=4D9E9B53-D6C2-EBD3-ECBD-EC61B335C986 HTTP/1.1" 404 -
194.247.173.99 - - [27/Dec/2024:04:49:48 +0100] "GET /ticket2/opencms/se/ru/buy/?page=1&edid=9BCFA842-8EB3-2895-3674-5E046AE9AE63&sortorder=asc&column=price HTTP/1.1" 404 -
147.93.145.57 - - [27/Dec/2024:04:49:51 +0100] "GET /ticket2/opencms/en/login/?edid=A427F612-0464-4684-7057-AD9E0E689EC3 HTTP/1.1" 200 89759
194.247.173.99 - - [27/Dec/2024:04:49:56 +0100] "GET /ticket2/opencms/se/ru/buy/?page=1&edid=9BCFA842-8EB3-2895-3674-5E046AE9AE63&sortorder=asc&column=row HTTP/1.1" 404 -
95.217.195.123 - - [27/Dec/2024:04:50:02 +0100] "GET /ticket2/opencms/se/sv/buy/?page=1&edid=4DD2C600-8E26-117F-D48B-6E6499BB74CF&sortorder=asc&column=price HTTP/1.1" 404 -
194.247.173.99 - - [27/Dec/2024:04:50:03 +0100] "GET /ticket2/opencms/se/ru/buy/?page=1&edid=9BCFA842-8EB3-2895-3674-5E046AE9AE63&sortorder=asc&column=section HTTP/1.1" 404 -
147.93.145.57 - - [27/Dec/2024:04:50:03 +0100] "GET /ticket2/opencms/en/login/?edid=A77C62EE-3B29-E3B7-C0E0-E90F5DE24226 HTTP/1.1" 200 89778
194.247.173.99 - - [27/Dec/2024:04:50:11 +0100] "GET /ticket2/opencms/se/ru/buy/?page=1&edid=9C266137-BC2E-54EC-A8AA-96FC26D8A137&sortorder=asc&column=price HTTP/1.1" 404 -
52.167.144.158 - - [27/Dec/2024:04:50:13 +0100] "GET /ticket2/opencms/mo/magazine/article?title=arsenal-fc HTTP/1.1" 200 90150
147.93.145.57 - - [27/Dec/2024:04:50:17 +0100] "GET /ticket2/opencms/en/login/?edid=AF97ABE2-861D-FC72-98BD-465ED5205D7B HTTP/1.1" 200 89776
47.128.110.227 - - [27/Dec/2024:04:50:17 +0100] "GET /ticket2/opencms/et/buy/?comcatid=66708183-7480-3365-06BF-DBF60280AB45 HTTP/1.1" 200 6410
194.247.173.99 - - [27/Dec/2024:04:50:18 +0100] "GET /ticket2/opencms/se/ru/buy/?page=1&edid=9C266137-BC2E-54EC-A8AA-96FC26D8A137&sortorder=asc&column=row HTTP/1.1" 404 -
95.217.195.123 - - [27/Dec/2024:04:50:20 +0100] "GET /ticket2/opencms/se/sv/buy/?page=1&edid=4DD2C600-8E26-117F-D48B-6E6499BB74CF&sortorder=asc&column=row HTTP/1.1" 404 -
85.208.96.210 - - [27/Dec/2024:04:50:22 +0100] "GET /ticket2/opencms/no/magazine/article?title=oversett-folgende-tekst-til-no-newcastle HTTP/1.1" 200 90144
3.141.41.109 - - [27/Dec/2024:04:50:25 +0100] "GET /ticket2/opencms/lt/buy?edid=A32C2CDE-A2F2-054C-C7FE-30BF45814EDA&page=1 HTTP/1.1" 200 113680
194.247.173.99 - - [27/Dec/2024:04:50:26 +0100] "GET /ticket2/opencms/se/ru/buy/?page=1&edid=9F34FF64-8435-0668-CDDD-40FBDE58F48E&sortorder=asc&column=price HTTP/1.1" 404 -
185.191.171.4 - - [27/Dec/2024:04:50:29 +0100] "GET /ticket2/opencms/fi/magazine/article?title=arsenal-fc-pohdinta HTTP/1.1" 200 93180
147.93.145.57 - - [27/Dec/2024:04:50:31 +0100] "GET /ticket2/opencms/en/login/?edid=B512ECB6-FE48-98E4-B068-DEF9FFF07C11 HTTP/1.1" 200 89819
194.247.173.99 - - [27/Dec/2024:04:50:33 +0100] "GET /ticket2/opencms/se/ru/buy/?page=1&edid=9F34FF64-8435-0668-CDDD-40FBDE58F48E&sortorder=asc&column=row HTTP/1.1" 404 -
95.217.195.123 - - [27/Dec/2024:04:50:36 +0100] "GET /ticket2/opencms/se/sv/buy/?page=1&edid=4DD2C600-8E26-117F-D48B-6E6499BB74CF&sortorder=asc&column=section HTTP/1.1" 404 -
52.167.144.24 - - [27/Dec/2024:04:50:39 +0100] "GET /ticket2/opencms/bg/buy?page=1&edid=2FD5F0EB-47D4-01C1-109D-EE3555FD94EC HTTP/1.1" 200 114369
194.247.173.99 - - [27/Dec/2024:04:50:40 +0100] "GET /ticket2/opencms/se/ru/buy/?page=1&edid=9F34FF64-8435-0668-CDDD-40FBDE58F48E&sortorder=asc&column=section HTTP/1.1" 404 -
147.93.145.57 - - [27/Dec/2024:04:50:43 +0100] "GET /ticket2/opencms/en/login/?edid=B67AFE0B-0730-D66E-C5CC-696E38E80478 HTTP/1.1" 200 89788
194.247.173.99 - - [27/Dec/2024:04:50:47 +0100] "GET /ticket2/opencms/se/ru/buy/?page=1&edid=A26332EB-8750-0A54-9325-77029D9AA1E3&sortorder=asc&column=price HTTP/1.1" 404 -
185.191.171.11 - - [27/Dec/2024:04:50:50 +0100] "GET /ticket2/opencms/en/magazine/article?title=arsenal-is-closing-in-on-liverpool HTTP/1.1" 200 91015
95.217.195.123 - - [27/Dec/2024:04:50:50 +0100] "GET /ticket2/opencms/se/sv/buy/?page=1&edid=4DD2C600-8E26-117F-D48B-6E6499BB74CF&sortorder=desc&column=row HTTP/1.1" 404 -
194.247.173.99 - - [27/Dec/2024:04:50:54 +0100] "GET /ticket2/opencms/se/ru/buy/?page=1&edid=A26332EB-8750-0A54-9325-77029D9AA1E3&sortorder=asc&column=section HTTP/1.1" 404 -
147.93.145.57 - - [27/Dec/2024:04:50:56 +0100] "GET /ticket2/opencms/en/login/?edid=C958FFDC-A8B7-609B-CC0C-EEA4F21803F5 HTTP/1.1" 200 89829
194.247.173.99 - - [27/Dec/2024:04:51:02 +0100] "GET /ticket2/opencms/se/ru/buy/?page=1&edid=A2BE7168-4845-F8FA-2E68-63757EE4B44F&sortorder=asc&column=price HTTP/1.1" 404 -
40.77.167.78 - - [27/Dec/2024:04:51:02 +0100] "GET /ticket2/opencms/sk/buy?page=1&edid=DE0D0DE3-BA42-3783-5C74-6058213C61AE HTTP/1.1" 200 109793
147.93.145.57 - - [27/Dec/2024:04:51:09 +0100] "GET /ticket2/opencms/en/login/?edid=CB97ACC5-8C2F-6123-F2BA-E3A04382FA1E HTTP/1.1" 200 89784
95.217.195.123 - - [27/Dec/2024:04:51:09 +0100] "GET /ticket2/opencms/se/sv/buy/?page=1&edid=4E0966A1-2AF5-BC91-C36B-83F4CBC30FFC&sortorder=asc&column=row HTTP/1.1" 404 -
194.247.173.99 - - [27/Dec/2024:04:51:09 +0100] "GET /ticket2/opencms/se/ru/buy/?page=1&edid=A2BE7168-4845-F8FA-2E68-63757EE4B44F&sortorder=asc&column=row HTTP/1.1" 404 -
3.137.171.71 - - [27/Dec/2024:04:51:11 +0100] "GET /ticket2/opencms/bs/buy/?edid=5D90F1BB-FDA0-E705-6448-4D677B2D6B3E&page=1 HTTP/1.1" 200 113402
3.141.12.236 - - [27/Dec/2024:04:51:16 +0100] "GET /ticket2/opencms/be/buy/?edid=5D90F1BB-FDA0-E705-6448-4D677B2D6B3E&page=1 HTTP/1.1" 200 115801
52.167.144.24 - - [27/Dec/2024:04:51:17 +0100] "GET /ticket2/opencms/lt/sport/futbolo-bilietai/champions-league/liverpool HTTP/1.1" 200 96810
194.247.173.99 - - [27/Dec/2024:04:51:17 +0100] "GET /ticket2/opencms/se/ru/buy/?page=1&edid=A2BE7168-4845-F8FA-2E68-63757EE4B44F&sortorder=asc&column=section HTTP/1.1" 404 -
40.77.167.78 - - [27/Dec/2024:04:51:20 +0100] "GET /ticket2/opencms/mk/buy?page=1&edid=F56E127D-A378-06F4-84E7-3510C0A2494A HTTP/1.1" 404 -
147.93.145.57 - - [27/Dec/2024:04:51:20 +0100] "GET /ticket2/opencms/en/login/?edid=CD9DEE8E-6654-72C9-5AD8-79198E596D63 HTTP/1.1" 200 89855
185.191.171.4 - - [27/Dec/2024:04:51:23 +0100] "GET /ticket2/opencms/no/magazine/article?title=hvordan-ser-framtiden-ut-for-alexander-isak HTTP/1.1" 200 92416
85.208.96.204 - - [27/Dec/2024:04:51:24 +0100] "GET /ticket2/opencms/robots.txt HTTP/1.1" 200 773
194.247.173.99 - - [27/Dec/2024:04:51:24 +0100] "GET /ticket2/opencms/se/ru/buy/?page=1&edid=A493F172-CFC1-7FF7-D550-F43C62212F93&sortorder=asc&column=row HTTP/1.1" 404 -
95.217.195.123 - - [27/Dec/2024:04:51:25 +0100] "GET /ticket2/opencms/se/sv/buy/?page=1&edid=4E2597DA-C869-348A-3964-62CB577E6ED9&sortorder=asc&column=price HTTP/1.1" 404 -
85.208.96.206 - - [27/Dec/2024:04:51:29 +0100] "GET /ticket2/opencms/fi/urheilu/jalkapallo/la-liga/espanyol/ HTTP/1.1" 200 101404
40.77.167.78 - - [27/Dec/2024:04:51:30 +0100] "GET /ticket2/opencms/sv/buy?page=1&edid=2B4B21AC-3A39-C63E-397C-084E798BD2FE HTTP/1.1" 200 112536
147.93.145.57 - - [27/Dec/2024:04:51:31 +0100] "GET /ticket2/opencms/en/login/?edid=DA07BA52-26E1-791C-9836-DF5E238F2D5B HTTP/1.1" 200 89802
194.247.173.99 - - [27/Dec/2024:04:51:32 +0100] "GET /ticket2/opencms/se/ru/buy/?page=1&edid=A493F172-CFC1-7FF7-D550-F43C62212F93&sortorder=asc&column=section HTTP/1.1" 404 -
190.66.234.159 - - [27/Dec/2024:04:51:33 +0100] "GET /ticket2/opencms/img/shutterstock_1559114345.jpg HTTP/1.1" 200 1583836
95.217.195.123 - - [27/Dec/2024:04:51:38 +0100] "GET /ticket2/opencms/se/sv/buy/?page=1&edid=4E2597DA-C869-348A-3964-62CB577E6ED9&sortorder=asc&column=row HTTP/1.1" 404 -
85.208.96.207 - - [27/Dec/2024:04:51:43 +0100] "GET /ticket2/opencms/dk/sport/fodboldbilletter/la-liga/real_madrid/ HTTP/1.1" 200 93199
147.93.145.57 - - [27/Dec/2024:04:51:43 +0100] "GET /ticket2/opencms/en/login/?edid=DB8C4F18-75B7-A38E-DC7A-9A06D521BF7E HTTP/1.1" 200 89854
194.247.173.99 - - [27/Dec/2024:04:51:44 +0100] "GET /ticket2/opencms/se/ru/buy/?page=1&edid=A591C58F-4049-8133-475A-C53DE363EBCA&sortorder=asc&column=price HTTP/1.1" 404 -
40.77.167.6 - - [27/Dec/2024:04:51:49 +0100] "GET /ticket2/opencms/nl/magazine/article?title=pep-guardiolas-voetbalrevolutie-de-invloed-van-een-tactische-meester HTTP/1.1" 200 91976
185.191.171.3 - - [27/Dec/2024:04:51:50 +0100] "GET /ticket2/opencms/sv/standard/ HTTP/1.1" 200 99085
194.247.173.99 - - [27/Dec/2024:04:51:51 +0100] "GET /ticket2/opencms/se/ru/buy/?page=1&edid=A591C58F-4049-8133-475A-C53DE363EBCA&sortorder=asc&column=row HTTP/1.1" 404 -
52.167.144.158 - - [27/Dec/2024:04:51:54 +0100] "GET /ticket2/opencms/nl/magazine/article?title=winnaar-van-de-gouden-bal-2024 HTTP/1.1" 200 91178
147.93.145.57 - - [27/Dec/2024:04:51:56 +0100] "GET /ticket2/opencms/en/login/?edid=E2F152C4-7969-462B-B131-68D2CAA6A830 HTTP/1.1" 200 89785
95.217.195.123 - - [27/Dec/2024:04:51:56 +0100] "GET /ticket2/opencms/se/sv/buy/?page=1&edid=4E2597DA-C869-348A-3964-62CB577E6ED9&sortorder=asc&column=section HTTP/1.1" 404 -
194.247.173.99 - - [27/Dec/2024:04:51:59 +0100] "GET /ticket2/opencms/se/ru/buy/?page=1&edid=A6C4D480-69FB-83C2-D404-544032F1E834&sortorder=asc&column=price HTTP/1.1" 404 -
47.128.32.46 - - [27/Dec/2024:04:52:00 +0100] "GET /ticket2/opencms/be/buy/?page=2 HTTP/1.1" 200 116308
147.93.145.57 - - [27/Dec/2024:04:52:09 +0100] "GET /ticket2/opencms/en/login/?edid=EC61041E-00DA-E8B4-FB7A-79E5DD2DBE28 HTTP/1.1" 200 89829
40.77.167.78 - - [27/Dec/2024:04:52:10 +0100] "GET /ticket2/opencms/sq/buy?page=1&edid=1B0D0DF7-1352-FC6A-B87B-EA7A0BA88E11 HTTP/1.1" 200 112355
194.247.173.99 - - [27/Dec/2024:04:52:11 +0100] "GET /ticket2/opencms/se/ru/buy/?page=1&edid=A858554C-F78F-7E97-68A1-73B374CB569E&sortorder=asc&column=price HTTP/1.1" 404 -
185.191.171.15 - - [27/Dec/2024:04:52:14 +0100] "GET /ticket2/opencms/nl/magazine/article?title=kan-viktor-gyokeres-sporting-eerder-verlaten-dan-gepland HTTP/1.1" 200 91425
95.217.195.123 - - [27/Dec/2024:04:52:14 +0100] "GET /ticket2/opencms/se/sv/buy/?page=1&edid=4ED1D41C-065F-1D11-B819-2131F1EB0BBC HTTP/1.1" 404 -
114.119.154.207 - - [27/Dec/2024:04:52:16 +0100] "GET /ticket2/opencms/en/venue/?venueid=66310A18-45F7-A89D-BD9F-A3196DFA666D HTTP/1.1" 200 85029
147.93.145.57 - - [27/Dec/2024:04:52:18 +0100] "GET /ticket2/opencms/en/login/?edid=EFDB06D7-2C74-FECB-EDDF-C256DF642DF7 HTTP/1.1" 200 89786
194.247.173.99 - - [27/Dec/2024:04:52:18 +0100] "GET /ticket2/opencms/se/ru/buy/?page=1&edid=A858554C-F78F-7E97-68A1-73B374CB569E&sortorder=asc&column=row HTTP/1.1" 404 -
159.138.4.19 - - [27/Dec/2024:04:52:28 +0100] "GET /ticket2/opencms/hu/magazine/article?title=ipswich-elso-gyozelme-a-premier-league-ben-22-ev-utan HTTP/1.1" 200 93980
147.93.145.57 - - [27/Dec/2024:04:52:29 +0100] "GET /ticket2/opencms/en/login/?edid=F3C590BC-8B85-5255-AEB2-2BDF70BA064F HTTP/1.1" 200 89775
95.217.195.123 - - [27/Dec/2024:04:52:30 +0100] "GET /ticket2/opencms/se/sv/buy/?page=1&edid=4ED1D41C-065F-1D11-B819-2131F1EB0BBC&sortorder=asc&column=price HTTP/1.1" 404 -
194.247.173.99 - - [27/Dec/2024:04:52:30 +0100] "GET /ticket2/opencms/se/ru/buy/?page=1&edid=AAA7E280-21B8-F2DF-6BE8-2C941214F0BA&sortorder=asc&column=price HTTP/1.1" 404 -
185.191.171.4 - - [27/Dec/2024:04:52:34 +0100] "GET /ticket2/opencms/pl/magazine/article?title=jak-wyglada-przyszlosc-alexandra-isaka HTTP/1.1" 200 92439
47.238.13.12 - - [27/Dec/2024:04:52:34 +0100] "GET /ticket2/opencms/fi/buy/?page=1&edid=C9287498-6E1F-DBF4-4549-10442CEAA9F5 HTTP/1.1" 200 111815
147.93.145.57 - - [27/Dec/2024:04:52:39 +0100] "GET /ticket2/opencms/en/login/?edid=F6FD153F-1035-6D33-2FE5-1AD00791E5A6 HTTP/1.1" 200 89842
85.208.96.210 - - [27/Dec/2024:04:52:42 +0100] "GET /ticket2/opencms/bg/sport/futbolni-bileti/english-championship/ HTTP/1.1" 200 106400
194.247.173.99 - - [27/Dec/2024:04:52:42 +0100] "GET /ticket2/opencms/se/ru/buy/?page=1&edid=AAA7E280-21B8-F2DF-6BE8-2C941214F0BA&sortorder=asc&column=section HTTP/1.1" 404 -
47.128.37.205 - - [27/Dec/2024:04:52:44 +0100] "GET /ticket2/opencms/is/magazine/article?title=thyda-eftirfarandi-texta-a-islensku-luton HTTP/1.1" 200 92624
185.191.171.2 - - [27/Dec/2024:04:52:47 +0100] "GET /ticket2/opencms/robots.txt HTTP/1.1" 200 773
95.217.195.123 - - [27/Dec/2024:04:52:47 +0100] "GET /ticket2/opencms/se/sv/buy/?page=1&edid=4F2A6EFC-5A42-DA27-F945-B53203FE129B&sortorder=asc&column=price HTTP/1.1" 404 -
185.191.171.17 - - [27/Dec/2024:04:52:48 +0100] "GET /ticket2/opencms/uk/magazine/article?title=manchester-city-risks-relegation HTTP/1.1" 200 92577
194.247.173.99 - - [27/Dec/2024:04:52:50 +0100] "GET /ticket2/opencms/se/ru/buy/?page=1&edid=AACFE036-B18C-C38C-4482-9B732B1F5203&sortorder=asc&column=row HTTP/1.1" 404 -
147.93.145.57 - - [27/Dec/2024:04:52:54 +0100] "GET /ticket2/opencms/en/login/?edid=FF322FED-F69E-D25E-3198-5B464973E97D HTTP/1.1" 200 89807
147.93.145.57 - - [27/Dec/2024:04:52:57 +0100] "GET /ticket2/opencms/en/buy/?page=1&edid=038E9D5D-F853-3E62-678F-9F575C0DA65A&sortorder=desc&column=price HTTP/1.1" 200 113758
185.191.171.8 - - [27/Dec/2024:04:52:57 +0100] "GET /ticket2/opencms/sl/magazine/article/ HTTP/1.1" 200 88665
194.247.173.99 - - [27/Dec/2024:04:52:58 +0100] "GET /ticket2/opencms/se/ru/buy/?page=1&edid=AACFE036-B18C-C38C-4482-9B732B1F5203&sortorder=asc&column=section HTTP/1.1" 404 -
147.93.145.57 - - [27/Dec/2024:04:53:01 +0100] "GET /ticket2/opencms/en/buy/?page=1&edid=038E9D5D-F853-3E62-678F-9F575C0DA65A&sortorder=desc&column=row HTTP/1.1" 200 113548
147.93.145.57 - - [27/Dec/2024:04:53:04 +0100] "GET /ticket2/opencms/en/buy/?page=1&edid=038E9D5D-F853-3E62-678F-9F575C0DA65A&sortorder=desc&column=section HTTP/1.1" 200 113867
95.217.195.123 - - [27/Dec/2024:04:53:05 +0100] "GET /ticket2/opencms/se/sv/buy/?page=1&edid=4F2A6EFC-5A42-DA27-F945-B53203FE129B&sortorder=asc&column=section HTTP/1.1" 404 -
85.208.96.207 - - [27/Dec/2024:04:53:05 +0100] "GET /ticket2/opencms/it/magazine/article?title=em-giocatori-che-spiccano HTTP/1.1" 200 92282
194.247.173.99 - - [27/Dec/2024:04:53:06 +0100] "GET /ticket2/opencms/se/ru/buy/?page=1&edid=AB4ED0AB-78AE-687D-2259-4B7771A21F0C&sortorder=asc&column=price HTTP/1.1" 404 -
147.93.145.57 - - [27/Dec/2024:04:53:08 +0100] "GET /ticket2/opencms/en/buy/?page=1&edid=07D24578-F577-FB97-B11A-7D3A32948F2C&sortorder=desc&column=price HTTP/1.1" 200 112554
47.128.124.28 - - [27/Dec/2024:04:53:11 +0100] "GET /ticket2/opencms/sk/buy/?edid=3FB52ADD-0B76-D8A6-EF8F-19BF0AABB668 HTTP/1.1" 200 92685
147.93.145.57 - - [27/Dec/2024:04:53:13 +0100] "GET /ticket2/opencms/en/buy/?page=1&edid=07D24578-F577-FB97-B11A-7D3A32948F2C&sortorder=desc&column=row HTTP/1.1" 200 112419
194.247.173.99 - - [27/Dec/2024:04:53:14 +0100] "GET /ticket2/opencms/se/ru/buy/?page=1&edid=AB4ED0AB-78AE-687D-2259-4B7771A21F0C&sortorder=asc&column=row HTTP/1.1" 404 -
147.93.145.57 - - [27/Dec/2024:04:53:17 +0100] "GET /ticket2/opencms/en/buy/?page=1&edid=07D24578-F577-FB97-B11A-7D3A32948F2C&sortorder=desc&column=section HTTP/1.1" 200 112741
185.191.171.19 - - [27/Dec/2024:04:53:19 +0100] "GET /ticket2/opencms/en/magazine/article?title=manchester-united-vs-arsenal HTTP/1.1" 200 90786
66.249.79.37 - - [27/Dec/2024:04:53:20 +0100] "GET /ticket2/opencms/pl/magazine/article?title=kylian-mbappe-do-realu-madryt HTTP/1.1" 200 92722
114.119.154.81 - - [27/Dec/2024:04:53:20 +0100] "GET /ticket2/opencms/en/sell/?edid=BC1EC1ED-9DF8-C987-E2D9-7659501E4FC2 HTTP/1.1" 302 -
85.208.96.207 - - [27/Dec/2024:04:53:21 +0100] "GET /ticket2/opencms/sk/magazine/article?title=arsenal-sa-priblizuje-k-liverpoolu HTTP/1.1" 200 92748
147.93.145.57 - - [27/Dec/2024:04:53:21 +0100] "GET /ticket2/opencms/en/buy/?page=1&edid=0918B947-793A-2AE6-89D7-3BA5603B1356&sortorder=desc&column=row HTTP/1.1" 200 113115
194.247.173.99 - - [27/Dec/2024:04:53:22 +0100] "GET /ticket2/opencms/se/ru/buy/?page=1&edid=AB4ED0AB-78AE-687D-2259-4B7771A21F0C&sortorder=asc&column=section HTTP/1.1" 404 -
95.217.195.123 - - [27/Dec/2024:04:53:26 +0100] "GET /ticket2/opencms/se/sv/buy/?page=1&edid=4F6C5186-5A04-C7DA-43D4-22E25E850382 HTTP/1.1" 404 -
147.93.145.57 - - [27/Dec/2024:04:53:26 +0100] "GET /ticket2/opencms/en/buy/?page=1&edid=0918B947-793A-2AE6-89D7-3BA5603B1356&sortorder=desc&column=section HTTP/1.1" 200 113375
114.119.154.81 - - [27/Dec/2024:04:53:26 +0100] "GET /ticket2/opencms/en/login/?url=/en/sell/ HTTP/1.1" 200 89785
185.191.171.16 - - [27/Dec/2024:04:53:27 +0100] "GET /ticket2/opencms/uk/magazine/article?title=jurgen-klopp-leaves-liverpool-a-success-story-at-anfield HTTP/1.1" 200 96141
85.208.96.204 - - [27/Dec/2024:04:53:29 +0100] "GET /ticket2/opencms/dk/magazine/article?title=liverpool-en-by-af-kultur-og-historie HTTP/1.1" 200 91466
194.247.173.99 - - [27/Dec/2024:04:53:29 +0100] "GET /ticket2/opencms/se/ru/buy/?page=1&edid=ABC4721A-B6F2-670A-2EEB-D6F5D16C69F5&sortorder=asc&column=price HTTP/1.1" 404 -
147.93.145.57 - - [27/Dec/2024:04:53:32 +0100] "GET /ticket2/opencms/en/buy/?page=1&edid=151CC0D8-0351-C859-2F0C-08FDFAB76DE7&sortorder=desc&column=price HTTP/1.1" 200 112922
3.139.70.69 - - [27/Dec/2024:04:53:33 +0100] "GET /ticket2/opencms/robots.txt HTTP/1.1" 200 773
3.139.70.69 - - [27/Dec/2024:04:53:34 +0100] "GET /ticket2/opencms/it/buy?edid=A32C2CDE-A2F2-054C-C7FE-30BF45814EDA&page=1 HTTP/1.1" 200 113095
200.8.122.152 - - [27/Dec/2024:04:53:37 +0100] "GET /ticket2/opencms/img/shutterstock_1559114345.jpg HTTP/1.1" 200 1583836
147.93.145.57 - - [27/Dec/2024:04:53:37 +0100] "GET /ticket2/opencms/en/buy/?page=1&edid=151CC0D8-0351-C859-2F0C-08FDFAB76DE7&sortorder=desc&column=row HTTP/1.1" 200 112805
194.247.173.99 - - [27/Dec/2024:04:53:37 +0100] "GET /ticket2/opencms/se/ru/buy/?page=1&edid=ABC4721A-B6F2-670A-2EEB-D6F5D16C69F5&sortorder=asc&column=row HTTP/1.1" 404 -
114.119.133.220 - - [27/Dec/2024:04:53:37 +0100] "GET /ticket2/opencms/en/venue/?venueid=D6F2B52F-C215-0A5B-8206-F685BCC6BD43 HTTP/1.1" 200 85014
147.93.145.57 - - [27/Dec/2024:04:53:42 +0100] "GET /ticket2/opencms/en/buy/?page=1&edid=151CC0D8-0351-C859-2F0C-08FDFAB76DE7&sortorder=desc&column=section HTTP/1.1" 200 113113
95.217.195.123 - - [27/Dec/2024:04:53:43 +0100] "GET /ticket2/opencms/se/sv/buy/?page=1&edid=4F85BB13-4691-49F2-FB37-B46A99DE24E2 HTTP/1.1" 404 -
194.247.173.99 - - [27/Dec/2024:04:53:45 +0100] "GET /ticket2/opencms/se/ru/buy/?page=1&edid=ABD71631-87BB-6A7C-FC5E-66817F361F35&sortorder=asc&column=price HTTP/1.1" 404 -
147.93.145.57 - - [27/Dec/2024:04:53:46 +0100] "GET /ticket2/opencms/en/buy/?page=1&edid=1944070F-2A5D-1909-DE14-B309AE8F4483&sortorder=desc&column=price HTTP/1.1" 200 113741
66.249.68.37 - - [27/Dec/2024:04:53:49 +0100] "GET /ticket2/opencms/ga/buy/?page=1&edid=3F2D99A8-7547-83C1-C9EB-9D79E7CF5003 HTTP/1.1" 200 137159
147.93.145.57 - - [27/Dec/2024:04:53:50 +0100] "GET /ticket2/opencms/en/buy/?page=1&edid=1944070F-2A5D-1909-DE14-B309AE8F4483&sortorder=desc&column=row HTTP/1.1" 200 113583
147.93.145.57 - - [27/Dec/2024:04:53:53 +0100] "GET /ticket2/opencms/en/buy/?page=1&edid=1944070F-2A5D-1909-DE14-B309AE8F4483&sortorder=desc&column=section HTTP/1.1" 200 113846
194.247.173.99 - - [27/Dec/2024:04:53:53 +0100] "GET /ticket2/opencms/se/ru/buy/?page=1&edid=ABD71631-87BB-6A7C-FC5E-66817F361F35&sortorder=asc&column=row HTTP/1.1" 404 -
40.77.167.78 - - [27/Dec/2024:04:53:55 +0100] "GET /ticket2/opencms/bs/buy?page=1&edid=5D7AF932-9046-B540-398E-21D39A8B4BC0 HTTP/1.1" 200 112943
147.93.145.57 - - [27/Dec/2024:04:53:56 +0100] "GET /ticket2/opencms/en/buy/?page=1&edid=20B8D1AD-64EC-73DF-B539-29EE3CA0D338&sortorder=desc&column=price HTTP/1.1" 200 112984
66.249.68.3 - - [27/Dec/2024:04:53:56 +0100] "GET /ticket2/opencms/fi/venue/?countryid=D2692076-DE03-44FD-327A-B8175A419AF6 HTTP/1.1" 200 116060
40.77.167.78 - - [27/Dec/2024:04:53:57 +0100] "GET /ticket2/opencms/lt/?comcatid=A17713B6-D984-201A-4143-ED4DB5ED5C2E&catid=6BD6E0B0-84AF-3A0D-3851-C1357CE9B771 HTTP/1.1" 200 101901
185.191.171.8 - - [27/Dec/2024:04:53:59 +0100] "GET /ticket2/opencms/sv/sport/fotbollsbiljetter/uefa-champions-league/braga/ HTTP/1.1" 200 87845
