188.165.232.135 - - [27/Dec/2024:04:23:05 +0100] "GET /ticket2/opencms/sv/buy/?page=1&edid=25D5EB27-A5AE-DC2F-0708-63A5307D4EF7&sortorder=desc&column=row HTTP/1.1" 200 114526
194.247.173.99 - - [27/Dec/2024:04:23:05 +0100] "GET /ticket2/opencms/se/ru/buy/?page=1&edid=E7DE1929-A083-130D-64FE-3A7EA38FB2AF&sortorder=asc&column=price HTTP/1.1" 404 -
47.238.13.15 - - [27/Dec/2024:04:23:07 +0100] "GET /ticket2/opencms/en/buy?page=1&edid=724247B2-796B-C977-0062-C004D5C1A4FC HTTP/1.1" 200 110390
188.165.232.135 - - [27/Dec/2024:04:23:10 +0100] "GET /ticket2/opencms/sv/buy/?page=1&edid=263388E6-2853-7A00-EF80-4BC2B19A028C&sortorder=desc&column=section HTTP/1.1" 200 110817
3.142.130.127 - - [27/Dec/2024:04:23:11 +0100] "GET /ticket2/opencms/az/buy/?edid=5D90F1BB-FDA0-E705-6448-4D677B2D6B3E&page=1 HTTP/1.1" 200 114114
66.249.68.66 - - [27/Dec/2024:04:23:12 +0100] "GET /ticket2/opencms/system/modules/com.gridnine.opencms.ticketbrokerage.site/resources/js/jquery/jquery-ui.js HTTP/1.1" 200 228088
188.165.232.135 - - [27/Dec/2024:04:23:12 +0100] "GET /ticket2/opencms/sv/buy/?page=1&edid=2685EB67-66CF-F338-1DA1-DD3539A89468&sortorder=asc&column=price HTTP/1.1" 200 114420
188.165.232.135 - - [27/Dec/2024:04:23:15 +0100] "GET /ticket2/opencms/sv/buy/?page=1&edid=2685EB67-66CF-F338-1DA1-DD3539A89468&sortorder=asc&column=row HTTP/1.1" 200 114321
194.247.173.99 - - [27/Dec/2024:04:23:15 +0100] "GET /ticket2/opencms/se/ru/buy/?page=1&edid=E7DE1929-A083-130D-64FE-3A7EA38FB2AF&sortorder=asc&column=row HTTP/1.1" 404 -
72.14.199.41 - - [27/Dec/2024:04:23:16 +0100] "GET /ticket2/opencms/sv/buy_safety/ HTTP/1.1" 200 91126
95.217.195.123 - - [27/Dec/2024:04:23:16 +0100] "GET /ticket2/opencms/se/sv/buy/?page=1&edid=430E5B54-D320-BC18-B686-70B7A8AEC622 HTTP/1.1" 404 -
52.167.144.172 - - [27/Dec/2024:04:23:17 +0100] "GET /ticket2/opencms/nl/magazine/article?title=pep-guardiolas-voetbalrevolutie-de-invloed-van-een-tactische-meester HTTP/1.1" 200 92009
147.93.145.57 - - [27/Dec/2024:04:23:17 +0100] "GET /ticket2/opencms/en/buy/?page=1&edid=4457AAA5-B79C-4CFF-795B-48A1890E4376&sortorder=desc&column=price HTTP/1.1" 200 113773
188.165.232.135 - - [27/Dec/2024:04:23:18 +0100] "GET /ticket2/opencms/sv/buy/?page=1&edid=2685EB67-66CF-F338-1DA1-DD3539A89468&sortorder=asc&column=section HTTP/1.1" 200 114642
114.119.130.23 - - [27/Dec/2024:04:23:19 +0100] "GET /ticket2/opencms/en/sell/?edid=C8463748-B145-33AD-CEE6-A9DF95CEBC4A HTTP/1.1" 302 -
188.165.232.135 - - [27/Dec/2024:04:23:21 +0100] "GET /ticket2/opencms/sv/buy/?page=1&edid=2685EB67-66CF-F338-1DA1-DD3539A89468&sortorder=desc&column=price HTTP/1.1" 200 114574
52.167.144.22 - - [27/Dec/2024:04:23:21 +0100] "GET /ticket2/opencms/nl/magazine/article?title=newcastle HTTP/1.1" 200 88360
47.238.13.17 - - [27/Dec/2024:04:23:22 +0100] "GET /ticket2/opencms/fi/buy/?page=1&edid=42626DA9-0BC1-838B-BAE0-C165FD91963D&sortorder=asc&column=price HTTP/1.1" 200 113610
114.119.130.23 - - [27/Dec/2024:04:23:23 +0100] "GET /ticket2/opencms/en/login/?url=/en/sell/ HTTP/1.1" 200 89776
3.15.3.17 - - [27/Dec/2024:04:23:23 +0100] "GET /ticket2/opencms/lt/buy?edid=5D90F1BB-FDA0-E705-6448-4D677B2D6B3E&page=1 HTTP/1.1" 200 113793
188.165.232.135 - - [27/Dec/2024:04:23:24 +0100] "GET /ticket2/opencms/sv/buy/?page=1&edid=2685EB67-66CF-F338-1DA1-DD3539A89468&sortorder=desc&column=section HTTP/1.1" 200 114690
194.247.173.99 - - [27/Dec/2024:04:23:24 +0100] "GET /ticket2/opencms/se/ru/buy/?page=1&edid=E7DE1929-A083-130D-64FE-3A7EA38FB2AF&sortorder=asc&column=section HTTP/1.1" 404 -
18.222.67.8 - - [27/Dec/2024:04:23:27 +0100] "GET /ticket2/opencms/el/buy?edid=A32C2CDE-A2F2-054C-C7FE-30BF45814EDA&page=1 HTTP/1.1" 200 117582
188.165.232.135 - - [27/Dec/2024:04:23:27 +0100] "GET /ticket2/opencms/sv/buy/?page=1&edid=268F6694-F84C-E40C-EBC1-404E5051D05D HTTP/1.1" 200 112484
85.208.96.198 - - [27/Dec/2024:04:23:27 +0100] "GET /ticket2/opencms/no/sport/ishockey/nhl/ny-islanders/ HTTP/1.1" 200 88589
185.191.171.19 - - [27/Dec/2024:04:23:29 +0100] "GET /ticket2/opencms/no/magazine/article?title=en-imponerende-kamp-der-svensken-kulusevski-fortsetter-a-levere HTTP/1.1" 200 94019
147.93.145.57 - - [27/Dec/2024:04:23:29 +0100] "GET /ticket2/opencms/en/buy/?page=1&edid=4457AAA5-B79C-4CFF-795B-48A1890E4376&sortorder=desc&column=row HTTP/1.1" 200 113579
188.165.232.135 - - [27/Dec/2024:04:23:29 +0100] "GET /ticket2/opencms/sv/buy/?page=1&edid=268F6694-F84C-E40C-EBC1-404E5051D05D&sortorder=desc&column=price HTTP/1.1" 200 114433
40.77.167.154 - - [27/Dec/2024:04:23:31 +0100] "GET /ticket2/opencms/el/buy?page=1&edid=F503AB1D-5285-4EFD-342F-0CC2D9705E49 HTTP/1.1" 200 116713
188.165.232.135 - - [27/Dec/2024:04:23:32 +0100] "GET /ticket2/opencms/sv/buy/?page=1&edid=268F6694-F84C-E40C-EBC1-404E5051D05D&sortorder=desc&column=row HTTP/1.1" 200 114323
194.247.173.99 - - [27/Dec/2024:04:23:33 +0100] "GET /ticket2/opencms/se/ru/buy/?page=1&edid=E8847AD1-35CC-3C72-3A90-470EF1CAF178&sortorder=asc&column=price HTTP/1.1" 404 -
188.165.232.135 - - [27/Dec/2024:04:23:34 +0100] "GET /ticket2/opencms/sv/buy/?page=1&edid=268F6694-F84C-E40C-EBC1-404E5051D05D&sortorder=desc&column=section HTTP/1.1" 200 114588
185.191.171.16 - - [27/Dec/2024:04:23:36 +0100] "GET /ticket2/opencms/dk/magazine/article?title=luton HTTP/1.1" 200 90991
114.119.146.220 - - [27/Dec/2024:04:23:37 +0100] "GET /ticket2/opencms/en/venue/?countryid=107D8800-8603-0BDA-4FD0-61E1109B7E82 HTTP/1.1" 200 114428
40.77.167.23 - - [27/Dec/2024:04:23:38 +0100] "GET /ticket2/opencms/no/buy?page=1&edid=FA7F94B4-317A-0ECF-FA42-3F7BBDB83D52 HTTP/1.1" 200 109118
188.165.232.135 - - [27/Dec/2024:04:23:39 +0100] "GET /ticket2/opencms/sv/buy/?page=1&edid=26946324-80EA-5BC2-A081-74A9001A9422 HTTP/1.1" 200 112583
185.191.171.17 - - [27/Dec/2024:04:23:39 +0100] "GET /ticket2/opencms/sv/magazine/article?title=cole-palmer-avgor-matchen-och-alexander-isak-ar-tillbaka HTTP/1.1" 200 92598
188.165.232.135 - - [27/Dec/2024:04:23:41 +0100] "GET /ticket2/opencms/sv/buy/?page=1&edid=26946324-80EA-5BC2-A081-74A9001A9422&sortorder=desc&column=price HTTP/1.1" 200 114628
194.247.173.99 - - [27/Dec/2024:04:23:42 +0100] "GET /ticket2/opencms/se/ru/buy/?page=1&edid=E8847AD1-35CC-3C72-3A90-470EF1CAF178&sortorder=asc&column=row HTTP/1.1" 404 -
147.93.145.57 - - [27/Dec/2024:04:23:42 +0100] "GET /ticket2/opencms/en/buy/?page=1&edid=4457AAA5-B79C-4CFF-795B-48A1890E4376&sortorder=desc&column=section HTTP/1.1" 200 113862
188.165.232.135 - - [27/Dec/2024:04:23:43 +0100] "GET /ticket2/opencms/sv/buy/?page=1&edid=26946324-80EA-5BC2-A081-74A9001A9422&sortorder=desc&column=row HTTP/1.1" 200 114513
18.188.195.90 - - [27/Dec/2024:04:23:47 +0100] "GET /ticket2/opencms/en/buy/?edid=A32C2CDE-A2F2-054C-C7FE-30BF45814EDA&page=1 HTTP/1.1" 200 111812
188.165.232.135 - - [27/Dec/2024:04:23:48 +0100] "GET /ticket2/opencms/sv/buy/?page=1&edid=26B722A8-A37B-F70B-4316-1551E2D204EA&sortorder=desc&column=price HTTP/1.1" 200 114646
194.247.173.99 - - [27/Dec/2024:04:23:50 +0100] "GET /ticket2/opencms/se/ru/buy/?page=1&edid=E8847AD1-35CC-3C72-3A90-470EF1CAF178&sortorder=asc&column=section HTTP/1.1" 404 -
185.191.171.9 - - [27/Dec/2024:04:23:51 +0100] "GET /ticket2/opencms/fi/magazine/article?title=kevin-de-bruyne HTTP/1.1" 200 93081
188.165.232.135 - - [27/Dec/2024:04:23:51 +0100] "GET /ticket2/opencms/sv/buy/?page=1&edid=26B722A8-A37B-F70B-4316-1551E2D204EA&sortorder=desc&column=section HTTP/1.1" 200 114757
114.119.130.178 - - [27/Dec/2024:04:23:52 +0100] "GET /ticket2/opencms/en/buy/?page=1&edid=FF78E5AF-B575-E137-254B-7D951914395E HTTP/1.1" 200 111246
188.165.232.135 - - [27/Dec/2024:04:23:54 +0100] "GET /ticket2/opencms/sv/buy/?page=1&edid=26E1A9E2-98B6-A6E5-096E-D18D1A038FCE&sortorder=desc&column=price HTTP/1.1" 200 113718
188.165.232.135 - - [27/Dec/2024:04:23:57 +0100] "GET /ticket2/opencms/sv/buy/?page=1&edid=26E1A9E2-98B6-A6E5-096E-D18D1A038FCE&sortorder=desc&column=section HTTP/1.1" 200 113787
85.208.96.210 - - [27/Dec/2024:04:23:57 +0100] "GET /ticket2/opencms/fr/magazine/article?title=victor-gyokeres-peut-il-quitter-le-sporting-plus-tot-que-prevu HTTP/1.1" 200 93833
188.165.232.135 - - [27/Dec/2024:04:23:59 +0100] "GET /ticket2/opencms/sv/buy/?page=1&edid=26FF4CAE-0AB1-26F3-524A-CA6FA2A5B775&sortorder=asc&column=price HTTP/1.1" 200 113160
147.93.145.57 - - [27/Dec/2024:04:23:59 +0100] "GET /ticket2/opencms/en/buy/?page=1&edid=482A3E6B-F6F4-FCF6-CF6F-F9FEE87AC240&sortorder=desc&column=price HTTP/1.1" 200 113745
194.247.173.99 - - [27/Dec/2024:04:24:00 +0100] "GET /ticket2/opencms/se/ru/buy/?page=1&edid=E97574C5-2ECA-77FA-53C0-82F31E103FEE&sortorder=asc&column=row HTTP/1.1" 404 -
47.128.27.31 - - [27/Dec/2024:04:24:00 +0100] "GET /ticket2/opencms/fr/sport/ HTTP/1.1" 200 92923
95.217.195.123 - - [27/Dec/2024:04:24:01 +0100] "GET /ticket2/opencms/se/sv/buy/?page=1&edid=430E5B54-D320-BC18-B686-70B7A8AEC622&sortorder=asc&column=price HTTP/1.1" 404 -
188.165.232.135 - - [27/Dec/2024:04:24:02 +0100] "GET /ticket2/opencms/sv/buy/?page=1&edid=26FF4CAE-0AB1-26F3-524A-CA6FA2A5B775&sortorder=desc&column=section HTTP/1.1" 200 113401
47.128.29.245 - - [27/Dec/2024:04:24:04 +0100] "GET /ticket2/opencms/bs/magazine/article?title=cristiano-ronaldo HTTP/1.1" 200 92959
188.165.232.135 - - [27/Dec/2024:04:24:05 +0100] "GET /ticket2/opencms/sv/buy/?page=1&edid=2719FEF6-C3A2-38D8-D55F-559BB24F7DCB&sortorder=desc&column=price HTTP/1.1" 200 113793
47.128.29.245 - - [27/Dec/2024:04:24:05 +0100] "GET /ticket2/opencms/img/fb.png HTTP/1.1" 200 1269
47.128.29.245 - - [27/Dec/2024:04:24:05 +0100] "GET /ticket2/opencms/img/chat.png HTTP/1.1" 200 416
47.128.29.245 - - [27/Dec/2024:04:24:06 +0100] "GET /ticket2/opencms/img/mail.png HTTP/1.1" 200 403
188.165.232.135 - - [27/Dec/2024:04:24:07 +0100] "GET /ticket2/opencms/sv/buy/?page=1&edid=271A438D-A4BA-64C1-3CAA-7AA8B8DABB44&sortorder=asc&column=price HTTP/1.1" 200 113384
188.165.232.135 - - [27/Dec/2024:04:24:09 +0100] "GET /ticket2/opencms/sv/buy/?page=1&edid=271A438D-A4BA-64C1-3CAA-7AA8B8DABB44&sortorder=asc&column=row HTTP/1.1" 200 113282
47.128.59.158 - - [27/Dec/2024:04:24:09 +0100] "GET /ticket2/opencms/hu/about/contact HTTP/1.1" 200 86061
47.128.59.158 - - [27/Dec/2024:04:24:11 +0100] "GET /ticket2/opencms/system/modules/com.gridnine.opencms.ticketbrokerage.site/resources/css/images/event-banner.png HTTP/1.1" 404 -
188.165.232.135 - - [27/Dec/2024:04:24:12 +0100] "GET /ticket2/opencms/sv/buy/?page=1&edid=271A438D-A4BA-64C1-3CAA-7AA8B8DABB44&sortorder=asc&column=section HTTP/1.1" 200 113593
194.247.173.99 - - [27/Dec/2024:04:24:12 +0100] "GET /ticket2/opencms/se/ru/buy/?comcatid=0A6B8208-FDA4-E929-9D72-5312FD481B76&catid=AD8E612F-0F0B-03C9-5236-E4F8B6523945 HTTP/1.1" 404 -
147.93.145.57 - - [27/Dec/2024:04:24:12 +0100] "GET /ticket2/opencms/en/buy/?page=1&edid=482A3E6B-F6F4-FCF6-CF6F-F9FEE87AC240&sortorder=desc&column=section HTTP/1.1" 200 113825
185.191.171.19 - - [27/Dec/2024:04:24:12 +0100] "GET /ticket2/opencms/fi/magazine/article?title=dramaattinen-ottelu-tottenhamin-ja-chelsean-valilla HTTP/1.1" 200 94334
188.165.232.135 - - [27/Dec/2024:04:24:16 +0100] "GET /ticket2/opencms/sv/buy/?page=1&edid=271A438D-A4BA-64C1-3CAA-7AA8B8DABB44&sortorder=desc&column=price HTTP/1.1" 200 113374
188.165.232.135 - - [27/Dec/2024:04:24:18 +0100] "GET /ticket2/opencms/sv/buy/?page=1&edid=271A438D-A4BA-64C1-3CAA-7AA8B8DABB44&sortorder=desc&column=row HTTP/1.1" 200 113372
188.165.232.135 - - [27/Dec/2024:04:24:21 +0100] "GET /ticket2/opencms/sv/buy/?page=1&edid=28367C9E-EB8F-FFA3-A30D-98147557C428&sortorder=desc&column=price HTTP/1.1" 200 114457
194.247.173.99 - - [27/Dec/2024:04:24:24 +0100] "GET /ticket2/opencms/se/ru/buy/?comcatid=0A6B8208-FDA4-E929-9D72-5312FD481B76&catid=FCA7FF95-260A-464B-B6FF-A820FCE7DFEF HTTP/1.1" 404 -
188.165.232.135 - - [27/Dec/2024:04:24:24 +0100] "GET /ticket2/opencms/sv/buy/?page=1&edid=2885F5B5-EAC4-1031-A06B-102F5CDC60A3&sortorder=desc&column=row HTTP/1.1" 200 113792
185.191.171.2 - - [27/Dec/2024:04:24:26 +0100] "GET /ticket2/opencms/fr/magazine/article?title=fermer-le-marche-des-transferts-plus-tot HTTP/1.1" 200 92702
147.93.145.57 - - [27/Dec/2024:04:24:27 +0100] "GET /ticket2/opencms/en/buy/?page=1&edid=497CFADB-43B9-65B9-4674-F7F3D004A91F&sortorder=desc&column=price HTTP/1.1" 200 113719
188.165.232.135 - - [27/Dec/2024:04:24:28 +0100] "GET /ticket2/opencms/sv/buy/?page=1&edid=28A78875-6E8A-83A1-C3FA-6534C0763257 HTTP/1.1" 200 112521
188.165.232.135 - - [27/Dec/2024:04:24:32 +0100] "GET /ticket2/opencms/sv/buy/?page=1&edid=291216E9-A94A-205B-7C67-5C0727287644 HTTP/1.1" 200 111883
188.165.232.135 - - [27/Dec/2024:04:24:35 +0100] "GET /ticket2/opencms/sv/buy/?page=1&edid=291216E9-A94A-205B-7C67-5C0727287644&sortorder=desc&column=price HTTP/1.1" 200 113801
194.247.173.99 - - [27/Dec/2024:04:24:37 +0100] "GET /ticket2/opencms/se/ru/buy/?comcatid=66708183-7480-3365-06BF-DBF60280AB45&catid=8C381435-A1E8-94AF-2C58-D133FCA44A31 HTTP/1.1" 404 -
185.191.171.13 - - [27/Dec/2024:04:24:39 +0100] "GET /ticket2/opencms/en/sport/football-tickets/la-liga/getafe/ HTTP/1.1" 200 98047
85.208.96.204 - - [27/Dec/2024:04:24:39 +0100] "GET /ticket2/opencms/en/magazine/article?title=luka-modric-stays-at-real-madrid HTTP/1.1" 200 92652
147.93.145.57 - - [27/Dec/2024:04:24:39 +0100] "GET /ticket2/opencms/en/buy/?page=1&edid=497CFADB-43B9-65B9-4674-F7F3D004A91F&sortorder=desc&column=section HTTP/1.1" 200 113870
40.77.167.23 - - [27/Dec/2024:04:24:39 +0100] "GET /ticket2/opencms/lv/buy?page=1&edid=3C1AA9C0-084D-56FD-71F5-AB68BF8D6A9C HTTP/1.1" 200 109868
40.77.167.23 - - [27/Dec/2024:04:24:41 +0100] "GET /ticket2/opencms/sk/buy/?page=1&edid=A367E45B-3A92-9918-D8BD-F38EEE247BF6 HTTP/1.1" 200 109872
188.165.232.135 - - [27/Dec/2024:04:24:41 +0100] "GET /ticket2/opencms/sv/buy/?page=1&edid=291216E9-A94A-205B-7C67-5C0727287644&sortorder=desc&column=row HTTP/1.1" 200 113713
95.217.195.123 - - [27/Dec/2024:04:24:42 +0100] "GET /ticket2/opencms/se/sv/buy/?page=1&edid=430E5B54-D320-BC18-B686-70B7A8AEC622&sortorder=desc&column=price HTTP/1.1" 404 -
47.238.13.18 - - [27/Dec/2024:04:24:42 +0100] "GET /ticket2/opencms/mk/buy?page=1&edid=D671AA4B-F4FE-4377-0CEE-00CC26515A20 HTTP/1.1" 404 -
47.128.55.27 - - [27/Dec/2024:04:24:43 +0100] "GET /ticket2/opencms/fi/venue/?venueid=1F720D4E-8F96-91FF-3E22-13763ACC567B HTTP/1.1" 200 86677
188.165.232.135 - - [27/Dec/2024:04:24:45 +0100] "GET /ticket2/opencms/sv/buy/?page=1&edid=291216E9-A94A-205B-7C67-5C0727287644&sortorder=desc&column=section HTTP/1.1" 200 113907
188.165.232.135 - - [27/Dec/2024:04:24:50 +0100] "GET /ticket2/opencms/sv/buy/?page=1&edid=295D0B4F-9C66-266F-5540-9251F65A1527 HTTP/1.1" 200 110830
194.247.173.99 - - [27/Dec/2024:04:24:50 +0100] "GET /ticket2/opencms/se/ru/buy/?page=1&edid=07D24578-F577-FB97-B11A-7D3A32948F2C&sortorder=asc&column=price HTTP/1.1" 404 -
40.77.167.154 - - [27/Dec/2024:04:24:50 +0100] "GET /ticket2/opencms/sv/sport/fotbollsbiljetter/ligue_1/paris_saint_germain/ HTTP/1.1" 200 93234
147.93.145.57 - - [27/Dec/2024:04:24:51 +0100] "GET /ticket2/opencms/en/buy/?page=1&edid=4D019A97-BFEB-445D-8A39-F3C482678D04&sortorder=desc&column=price HTTP/1.1" 200 113659
188.165.232.135 - - [27/Dec/2024:04:24:54 +0100] "GET /ticket2/opencms/sv/buy/?page=1&edid=29CAFDEB-DE6B-CF88-55F0-07F3EC9F3E8C&sortorder=desc&column=price HTTP/1.1" 200 113995
185.191.171.13 - - [27/Dec/2024:04:24:56 +0100] "GET /ticket2/opencms/lv/magazine/article?title=lionel-messi-viens-no-visvairak-mekletajiem-talantiem-visos-laikos HTTP/1.1" 200 93214
114.119.130.154 - - [27/Dec/2024:04:24:57 +0100] "GET /ticket2/opencms/bg/buy?page=1&edid=C8463748-B145-33AD-CEE6-A9DF95CEBC4A HTTP/1.1" 200 125456
188.165.232.135 - - [27/Dec/2024:04:24:58 +0100] "GET /ticket2/opencms/sv/buy/?page=1&edid=29CAFDEB-DE6B-CF88-55F0-07F3EC9F3E8C&sortorder=desc&column=section HTTP/1.1" 200 114106
40.77.167.23 - - [27/Dec/2024:04:24:58 +0100] "GET /ticket2/opencms/et/buy?page=1&edid=55D86897-8C9C-C674-770A-B1D3B4953179 HTTP/1.1" 200 111944
194.247.173.99 - - [27/Dec/2024:04:25:02 +0100] "GET /ticket2/opencms/se/ru/buy/?page=1&edid=1FD3F263-2F64-E336-94A0-E32BC58FA89D&sortorder=asc&column=section HTTP/1.1" 404 -
147.93.145.57 - - [27/Dec/2024:04:25:03 +0100] "GET /ticket2/opencms/en/buy/?page=1&edid=4D019A97-BFEB-445D-8A39-F3C482678D04&sortorder=desc&column=row HTTP/1.1" 200 113483
188.165.232.135 - - [27/Dec/2024:04:25:06 +0100] "GET /ticket2/opencms/sv/buy/?page=1&edid=2B069145-96C4-9DB2-7920-56A0B5CF95BF&sortorder=asc&column=section HTTP/1.1" 200 114101
188.165.232.135 - - [27/Dec/2024:04:25:08 +0100] "GET /ticket2/opencms/sv/buy/?page=1&edid=2B069145-96C4-9DB2-7920-56A0B5CF95BF&sortorder=desc&column=row HTTP/1.1" 200 113781
188.165.232.135 - - [27/Dec/2024:04:25:12 +0100] "GET /ticket2/opencms/sv/buy/?page=1&edid=2B244978-CDF4-B7C4-66FD-1551A26618A8&sortorder=asc&column=price HTTP/1.1" 200 112716
194.247.173.99 - - [27/Dec/2024:04:25:12 +0100] "GET /ticket2/opencms/se/ru/buy/?page=1&edid=26E1A9E2-98B6-A6E5-096E-D18D1A038FCE&sortorder=asc&column=section HTTP/1.1" 404 -
188.165.232.135 - - [27/Dec/2024:04:25:14 +0100] "GET /ticket2/opencms/sv/buy/?page=1&edid=2B244978-CDF4-B7C4-66FD-1551A26618A8&sortorder=asc&column=section HTTP/1.1" 200 112882
188.165.232.135 - - [27/Dec/2024:04:25:17 +0100] "GET /ticket2/opencms/sv/buy/?page=1&edid=2BBB0074-5728-8761-8DC5-1774663C47F8&sortorder=asc&column=row HTTP/1.1" 200 113989
188.165.232.135 - - [27/Dec/2024:04:25:20 +0100] "GET /ticket2/opencms/sv/buy/?page=1&edid=2BBB0074-5728-8761-8DC5-1774663C47F8&sortorder=asc&column=section HTTP/1.1" 200 114189
95.217.195.123 - - [27/Dec/2024:04:25:21 +0100] "GET /ticket2/opencms/se/sv/buy/?page=1&edid=430E5B54-D320-BC18-B686-70B7A8AEC622&sortorder=desc&column=row HTTP/1.1" 404 -
188.165.232.135 - - [27/Dec/2024:04:25:23 +0100] "GET /ticket2/opencms/sv/buy/?page=1&edid=2BBB0074-5728-8761-8DC5-1774663C47F8&sortorder=desc&column=row HTTP/1.1" 200 113984
194.247.173.99 - - [27/Dec/2024:04:25:23 +0100] "GET /ticket2/opencms/se/ru/buy/?page=1&edid=2B069145-96C4-9DB2-7920-56A0B5CF95BF&sortorder=asc&column=price HTTP/1.1" 404 -
147.93.145.57 - - [27/Dec/2024:04:25:24 +0100] "GET /ticket2/opencms/en/buy/?page=1&edid=4D019A97-BFEB-445D-8A39-F3C482678D04&sortorder=desc&column=section HTTP/1.1" 200 113786
188.165.232.135 - - [27/Dec/2024:04:25:25 +0100] "GET /ticket2/opencms/sv/buy/?page=1&edid=2BBB0074-5728-8761-8DC5-1774663C47F8&sortorder=desc&column=section HTTP/1.1" 200 114275
188.165.232.135 - - [27/Dec/2024:04:25:27 +0100] "GET /ticket2/opencms/sv/buy/?page=1&edid=2C4B6786-0F6F-C1FA-478C-3E015D58BCA8&sortorder=desc&column=price HTTP/1.1" 200 114554
40.77.167.23 - - [27/Dec/2024:04:25:29 +0100] "GET /ticket2/opencms/mo/buy?page=1&edid=B73D8B91-10A0-0768-4758-A3AB5852B34E HTTP/1.1" 200 110676
188.165.232.135 - - [27/Dec/2024:04:25:31 +0100] "GET /ticket2/opencms/sv/buy/?page=1&edid=2CA3105D-3A7E-3C22-5999-57054C6868BE&sortorder=desc&column=row HTTP/1.1" 200 113968
194.247.173.99 - - [27/Dec/2024:04:25:33 +0100] "GET /ticket2/opencms/se/ru/buy/?page=1&edid=371F6801-0748-6950-3EE6-EBCD0BD873DE&sortorder=asc&column=section HTTP/1.1" 404 -
188.165.232.135 - - [27/Dec/2024:04:25:34 +0100] "GET /ticket2/opencms/sv/buy/?page=1&edid=2CA3105D-3A7E-3C22-5999-57054C6868BE&sortorder=desc&column=section HTTP/1.1" 200 114185
188.165.232.135 - - [27/Dec/2024:04:25:36 +0100] "GET /ticket2/opencms/sv/buy/?page=1&edid=C924B0C0-2ABF-A65E-7773-327854D317F0&sortorder=asc&column=section HTTP/1.1" 200 113977
185.191.171.11 - - [27/Dec/2024:04:25:36 +0100] "GET /ticket2/opencms/it/magazine/article?title=michail-antonio-infortunato-dopo-un-incidente-dauto HTTP/1.1" 200 93110
147.93.145.57 - - [27/Dec/2024:04:25:37 +0100] "GET /ticket2/opencms/en/buy/?page=1&edid=4E227D03-1EED-6C6C-1F6B-38D6AE5ACB28&sortorder=desc&column=row HTTP/1.1" 200 112371
188.165.232.135 - - [27/Dec/2024:04:25:38 +0100] "GET /ticket2/opencms/sv/buy/?page=1&edid=C924B0C0-2ABF-A65E-7773-327854D317F0&sortorder=desc&column=row HTTP/1.1" 200 113793
47.128.29.34 - - [27/Dec/2024:04:25:40 +0100] "GET /ticket2/opencms/hr/buy?edid=100B7BEC-24E7-7E43-4295-F9FDC77048A6 HTTP/1.1" 200 92562
188.165.232.135 - - [27/Dec/2024:04:25:41 +0100] "GET /ticket2/opencms/sv/buy/?page=1&edid=C9C1865A-DE34-5640-AA00-B81C127F699C&sortorder=asc&column=price HTTP/1.1" 200 113798
194.247.173.99 - - [27/Dec/2024:04:25:44 +0100] "GET /ticket2/opencms/se/ru/buy/?page=1&edid=372E7867-C45E-A39F-8196-A57FD7336106&sortorder=asc&column=price HTTP/1.1" 404 -
188.165.232.135 - - [27/Dec/2024:04:25:44 +0100] "GET /ticket2/opencms/sv/buy/?page=1&edid=CA01FDD0-CDF6-AC8A-12E5-7A918397496D&sortorder=desc&column=price HTTP/1.1" 200 114389
85.208.96.205 - - [27/Dec/2024:04:25:47 +0100] "GET /ticket2/opencms/uk/magazine/article?title=stadion-emirejts HTTP/1.1" 200 94958
185.191.171.12 - - [27/Dec/2024:04:25:47 +0100] "GET /ticket2/opencms/en/magazine/article?title=euro-2024-football HTTP/1.1" 200 87427
185.191.171.10 - - [27/Dec/2024:04:25:48 +0100] "GET /ticket2/opencms/en/magazine/article?title=how-should-manchester-united-handle-the-crisis HTTP/1.1" 200 90979
188.165.232.135 - - [27/Dec/2024:04:25:48 +0100] "GET /ticket2/opencms/sv/buy/?page=1&edid=CA01FDD0-CDF6-AC8A-12E5-7A918397496D&sortorder=desc&column=row HTTP/1.1" 200 114271
188.165.232.135 - - [27/Dec/2024:04:25:50 +0100] "GET /ticket2/opencms/sv/buy/?page=1&edid=CA01FDD0-CDF6-AC8A-12E5-7A918397496D&sortorder=desc&column=section HTTP/1.1" 200 114539
147.93.145.57 - - [27/Dec/2024:04:25:53 +0100] "GET /ticket2/opencms/en/buy/?page=1&edid=4E227D03-1EED-6C6C-1F6B-38D6AE5ACB28&sortorder=desc&column=section HTTP/1.1" 200 112639
188.165.232.135 - - [27/Dec/2024:04:25:53 +0100] "GET /ticket2/opencms/sv/buy/?page=1&edid=CA2CD3F2-C1EB-F7FB-B912-8B5EE7C82721&sortorder=desc&column=section HTTP/1.1" 200 114568
194.247.173.99 - - [27/Dec/2024:04:25:54 +0100] "GET /ticket2/opencms/se/ru/buy/?page=1&edid=372E7867-C45E-A39F-8196-A57FD7336106&sortorder=asc&column=section HTTP/1.1" 404 -
188.165.232.135 - - [27/Dec/2024:04:25:55 +0100] "GET /ticket2/opencms/sv/buy/?page=1&edid=CA3FABDD-43B5-8DDC-6DAC-2917B68B145E HTTP/1.1" 200 112035
188.165.232.135 - - [27/Dec/2024:04:26:00 +0100] "GET /ticket2/opencms/sv/buy/?page=1&edid=CF3BDDE8-6C6B-F85B-528C-11C48A316B2B&sortorder=asc&column=section HTTP/1.1" 200 114493
194.247.173.99 - - [27/Dec/2024:04:26:02 +0100] "GET /ticket2/opencms/se/ru/buy/?page=1&edid=3737C9BB-2ABA-73BF-A966-103E5576001C&sortorder=desc&column=price HTTP/1.1" 404 -
188.165.232.135 - - [27/Dec/2024:04:26:03 +0100] "GET /ticket2/opencms/sv/buy/?page=1&edid=CF584A38-683E-DA48-BA4E-9359699330BA&sortorder=desc&column=price HTTP/1.1" 200 113451
147.93.145.57 - - [27/Dec/2024:04:26:06 +0100] "GET /ticket2/opencms/en/buy/?page=1&edid=4E72738A-17F9-87BC-643A-B5444ABD781B&sortorder=desc&column=price HTTP/1.1" 200 113249
188.165.232.135 - - [27/Dec/2024:04:26:07 +0100] "GET /ticket2/opencms/sv/buy/?page=1&edid=CF584A38-683E-DA48-BA4E-9359699330BA&sortorder=desc&column=row HTTP/1.1" 200 113303
95.217.195.123 - - [27/Dec/2024:04:26:07 +0100] "GET /ticket2/opencms/se/sv/buy/?page=1&edid=430E5B54-D320-BC18-B686-70B7A8AEC622&sortorder=desc&column=section HTTP/1.1" 404 -
40.77.167.154 - - [27/Dec/2024:04:26:09 +0100] "GET /ticket2/opencms/lt/buy/?page=1&edid=39CE598D-FC19-9CD8-F22D-3F7964FACAB9 HTTP/1.1" 200 126203
188.165.232.135 - - [27/Dec/2024:04:26:11 +0100] "GET /ticket2/opencms/sv/buy/?page=1&edid=CF584A38-683E-DA48-BA4E-9359699330BA&sortorder=desc&column=section HTTP/1.1" 200 113608
194.247.173.99 - - [27/Dec/2024:04:26:11 +0100] "GET /ticket2/opencms/se/ru/buy/?page=1&edid=399D5857-E3F3-B9C2-E01C-0D17705EC245&sortorder=asc&column=price HTTP/1.1" 404 -
188.165.232.135 - - [27/Dec/2024:04:26:14 +0100] "GET /ticket2/opencms/sv/buy/?page=1&edid=CF6EA115-6C45-986A-A05A-8A614E59548E HTTP/1.1" 200 110901
188.165.232.135 - - [27/Dec/2024:04:26:17 +0100] "GET /ticket2/opencms/sv/buy/?page=1&edid=CF8D1077-2A2C-A59F-F14A-9F20D480EA6C HTTP/1.1" 200 112023
188.165.232.135 - - [27/Dec/2024:04:26:19 +0100] "GET /ticket2/opencms/sv/buy/?page=1&edid=CF9AADF6-6503-0852-B1B5-AC280A05E729&sortorder=desc&column=price HTTP/1.1" 200 113403
147.93.145.57 - - [27/Dec/2024:04:26:20 +0100] "GET /ticket2/opencms/en/buy/?page=1&edid=4E72738A-17F9-87BC-643A-B5444ABD781B&sortorder=desc&column=row HTTP/1.1" 200 113111
194.247.173.99 - - [27/Dec/2024:04:26:20 +0100] "GET /ticket2/opencms/se/ru/buy/?page=1&edid=399D5857-E3F3-B9C2-E01C-0D17705EC245&sortorder=asc&column=section HTTP/1.1" 404 -
188.165.232.135 - - [27/Dec/2024:04:26:21 +0100] "GET /ticket2/opencms/sv/buy/?page=1&edid=CF9AADF6-6503-0852-B1B5-AC280A05E729&sortorder=desc&column=row HTTP/1.1" 200 113329
188.165.232.135 - - [27/Dec/2024:04:26:25 +0100] "GET /ticket2/opencms/sv/buy/?page=1&edid=CFB75162-A11D-70BF-58DA-F01E13735B85&sortorder=desc&column=price HTTP/1.1" 200 113891
46.250.160.114 - - [27/Dec/2024:04:26:27 +0100] "GET /ticket2/opencms/be/sport/futbol-kvitki/champions-league/ac-milan HTTP/1.1" 200 93858
188.165.232.135 - - [27/Dec/2024:04:26:28 +0100] "GET /ticket2/opencms/sv/buy/?page=1&edid=D1EF0F6B-A1D9-3144-2C8D-BD026F6FEB3F&sortorder=asc&column=section HTTP/1.1" 200 114618
194.247.173.99 - - [27/Dec/2024:04:26:29 +0100] "GET /ticket2/opencms/se/ru/buy/?page=1&edid=3E146A3D-765F-55A1-8128-D385A10FDA85&sortorder=desc&column=price HTTP/1.1" 404 -
188.165.232.135 - - [27/Dec/2024:04:26:32 +0100] "GET /ticket2/opencms/sv/buy/?page=1&edid=D210E338-439A-D82B-80DD-B03F52201487&sortorder=asc&column=row HTTP/1.1" 200 113818
188.165.232.135 - - [27/Dec/2024:04:26:35 +0100] "GET /ticket2/opencms/sv/buy/?page=1&edid=D210E338-439A-D82B-80DD-B03F52201487&sortorder=asc&column=section HTTP/1.1" 200 114043
147.93.145.57 - - [27/Dec/2024:04:26:37 +0100] "GET /ticket2/opencms/en/buy/?page=1&edid=4E72738A-17F9-87BC-643A-B5444ABD781B&sortorder=desc&column=section HTTP/1.1" 200 113395
85.208.96.198 - - [27/Dec/2024:04:26:37 +0100] "GET /ticket2/opencms/en/magazine/article?title=football HTTP/1.1" 200 92072
194.247.173.99 - - [27/Dec/2024:04:26:38 +0100] "GET /ticket2/opencms/se/ru/buy/?page=1&edid=3E146A3D-765F-55A1-8128-D385A10FDA85&sortorder=desc&column=section HTTP/1.1" 404 -
188.165.232.135 - - [27/Dec/2024:04:26:39 +0100] "GET /ticket2/opencms/sv/buy/?page=1&edid=D2281AF2-0CAB-347E-485A-AF9E4C00F32A HTTP/1.1" 200 111795
188.165.232.135 - - [27/Dec/2024:04:26:42 +0100] "GET /ticket2/opencms/sv/buy/?page=1&edid=D2281AF2-0CAB-347E-485A-AF9E4C00F32A&sortorder=asc&column=price HTTP/1.1" 200 113547
188.165.232.135 - - [27/Dec/2024:04:26:45 +0100] "GET /ticket2/opencms/sv/buy/?page=1&edid=D2281AF2-0CAB-347E-485A-AF9E4C00F32A&sortorder=asc&column=row HTTP/1.1" 200 113563
85.208.96.211 - - [27/Dec/2024:04:26:46 +0100] "GET /ticket2/opencms/sv/magazine/article?title=nottingham-forest-premier-league-resan-fortsatter HTTP/1.1" 200 88728
194.247.173.99 - - [27/Dec/2024:04:26:47 +0100] "GET /ticket2/opencms/se/ru/buy/?page=1&edid=3E315332-7389-11F7-FC0A-A2C68F847183&sortorder=asc&column=price HTTP/1.1" 404 -
85.208.96.207 - - [27/Dec/2024:04:26:48 +0100] "GET /ticket2/opencms/en/magazine/article?title=aston-villa-one-of-the-oldest-clubs-in-the-premier-league HTTP/1.1" 200 92521
188.165.232.135 - - [27/Dec/2024:04:26:48 +0100] "GET /ticket2/opencms/sv/buy/?page=1&edid=D2C71F32-D2C2-ED26-25A6-3AC54BFA85D9&sortorder=asc&column=price HTTP/1.1" 200 113434
95.217.195.123 - - [27/Dec/2024:04:26:51 +0100] "GET /ticket2/opencms/se/sv/buy/?page=1&edid=432E7910-BFD2-9BD8-B09F-2C70AF85F459 HTTP/1.1" 404 -
147.93.145.57 - - [27/Dec/2024:04:26:51 +0100] "GET /ticket2/opencms/en/buy/?page=1&edid=4F10F0FD-0073-B564-973B-CB2F36E999C3&sortorder=desc&column=price HTTP/1.1" 200 113725
188.165.232.135 - - [27/Dec/2024:04:26:52 +0100] "GET /ticket2/opencms/sv/buy/?page=1&edid=D2C71F32-D2C2-ED26-25A6-3AC54BFA85D9&sortorder=asc&column=row HTTP/1.1" 200 113291
194.247.173.99 - - [27/Dec/2024:04:26:56 +0100] "GET /ticket2/opencms/se/ru/buy/?page=1&edid=3E315332-7389-11F7-FC0A-A2C68F847183&sortorder=asc&column=row HTTP/1.1" 404 -
188.165.232.135 - - [27/Dec/2024:04:26:57 +0100] "GET /ticket2/opencms/sv/buy/?page=1&edid=D312E8D2-05C6-A8E9-4D62-ADB02195720F HTTP/1.1" 200 111923
188.165.232.135 - - [27/Dec/2024:04:27:01 +0100] "GET /ticket2/opencms/sv/buy/?page=1&edid=D34A8027-9C7C-9A02-E90F-2BDCD9A4174F&sortorder=asc&column=price HTTP/1.1" 200 112754
147.93.145.57 - - [27/Dec/2024:04:27:03 +0100] "GET /ticket2/opencms/en/buy/?page=1&edid=4F10F0FD-0073-B564-973B-CB2F36E999C3&sortorder=desc&column=row HTTP/1.1" 200 113509
188.165.232.135 - - [27/Dec/2024:04:27:03 +0100] "GET /ticket2/opencms/sv/buy/?page=1&edid=D34A8027-9C7C-9A02-E90F-2BDCD9A4174F&sortorder=asc&column=section HTTP/1.1" 200 112886
194.247.173.99 - - [27/Dec/2024:04:27:04 +0100] "GET /ticket2/opencms/se/ru/buy/?page=1&edid=3EB861B6-E18E-9E71-7780-7E9C719C08F8&sortorder=asc&column=price HTTP/1.1" 404 -
188.165.232.135 - - [27/Dec/2024:04:27:06 +0100] "GET /ticket2/opencms/sv/buy/?page=1&edid=D4D8D33D-C874-8F3F-7C90-91B543531027&sortorder=asc&column=section HTTP/1.1" 200 114726
47.128.112.146 - - [27/Dec/2024:04:27:08 +0100] "GET /ticket2/opencms/bg/?comcatid=B41CCF2B-5558-7AEE-3602-09BBDE417D65 HTTP/1.1" 200 103439
188.165.232.135 - - [27/Dec/2024:04:27:11 +0100] "GET /ticket2/opencms/sv/buy/?page=1&edid=5F56230C-1D50-AA08-B627-595D000E7ED7&sortorder=asc&column=section HTTP/1.1" 200 113379
18.191.205.149 - - [27/Dec/2024:04:27:11 +0100] "GET /ticket2/opencms/hr/buy?edid=A32C2CDE-A2F2-054C-C7FE-30BF45814EDA&page=1 HTTP/1.1" 200 113454
194.247.173.99 - - [27/Dec/2024:04:27:13 +0100] "GET /ticket2/opencms/se/ru/buy/?page=1&edid=3EB861B6-E18E-9E71-7780-7E9C719C08F8&sortorder=asc&column=row HTTP/1.1" 404 -
185.191.171.10 - - [27/Dec/2024:04:27:14 +0100] "GET /ticket2/opencms/nl/sport/voetbal-tickets/serie_a/juventus/ HTTP/1.1" 200 98376
3.15.142.42 - - [27/Dec/2024:04:27:15 +0100] "GET /ticket2/opencms/sk/buy?edid=5D90F1BB-FDA0-E705-6448-4D677B2D6B3E&page=1 HTTP/1.1" 200 113801
40.77.167.55 - - [27/Dec/2024:04:27:16 +0100] "GET /ticket2/opencms/nl/buy?page=1&edid=06DDF7DC-90CE-47CB-FD73-98DF0E4BC3EF HTTP/1.1" 200 110703
188.165.232.135 - - [27/Dec/2024:04:27:17 +0100] "GET /ticket2/opencms/sv/buy/?page=1&edid=671B0C16-38D6-D113-D7B3-232AEB5E534F&sortorder=asc&column=price HTTP/1.1" 200 113872
47.128.17.132 - - [27/Dec/2024:04:27:18 +0100] "GET /ticket2/opencms/en/magazine/article?title=euro-2024-football HTTP/1.1" 200 87371
147.93.145.57 - - [27/Dec/2024:04:27:19 +0100] "GET /ticket2/opencms/en/buy/?page=1&edid=4F10F0FD-0073-B564-973B-CB2F36E999C3&sortorder=desc&column=section HTTP/1.1" 200 113874
188.165.232.135 - - [27/Dec/2024:04:27:22 +0100] "GET /ticket2/opencms/sv/buy/?page=1&edid=67B7FBFB-E5E2-DC98-C507-5A3A18AC072D&sortorder=asc&column=price HTTP/1.1" 200 114478
194.247.173.99 - - [27/Dec/2024:04:27:22 +0100] "GET /ticket2/opencms/se/ru/buy/?page=1&edid=3EB861B6-E18E-9E71-7780-7E9C719C08F8&sortorder=asc&column=section HTTP/1.1" 404 -
114.119.151.50 - - [27/Dec/2024:04:27:25 +0100] "GET /ticket2/opencms/en/venue/?venueid=B18A9751-F623-D6A1-1017-3C94514B7B65 HTTP/1.1" 200 84941
18.188.233.69 - - [27/Dec/2024:04:27:26 +0100] "GET /ticket2/opencms/sl/buy/?edid=A32C2CDE-A2F2-054C-C7FE-30BF45814EDA&page=1 HTTP/1.1" 200 113561
157.55.39.6 - - [27/Dec/2024:04:27:30 +0100] "GET /ticket2/opencms/no/magazine/article?title=chelsea-fcs-og-deres-kamp-for-stabilitet HTTP/1.1" 200 93272
188.165.232.135 - - [27/Dec/2024:04:27:30 +0100] "GET /ticket2/opencms/sv/buy/?page=1&edid=67B7FBFB-E5E2-DC98-C507-5A3A18AC072D&sortorder=asc&column=section HTTP/1.1" 200 114676
194.247.173.99 - - [27/Dec/2024:04:27:30 +0100] "GET /ticket2/opencms/se/ru/buy/?page=1&edid=3EC14DC4-3C4A-6A9B-BB8A-B8CCD1583687&sortorder=asc&column=price HTTP/1.1" 404 -
114.119.151.93 - - [27/Dec/2024:04:27:33 +0100] "GET /ticket2/opencms/bg/buy?page=1&edid=26C8B2C6-A707-F683-C614-F836DAE4D61B HTTP/1.1" 200 114372
85.208.96.194 - - [27/Dec/2024:04:27:34 +0100] "GET /ticket2/opencms/nl/magazine/article?title=crystal-palace HTTP/1.1" 200 91863
188.165.232.135 - - [27/Dec/2024:04:27:35 +0100] "GET /ticket2/opencms/sv/buy/?page=1&edid=67C72F40-8641-0188-CA82-23407E250481&sortorder=desc&column=price HTTP/1.1" 200 113281
95.217.195.123 - - [27/Dec/2024:04:27:35 +0100] "GET /ticket2/opencms/se/sv/buy/?page=1&edid=43667867-3935-092D-B992-38E905DC29DA&sortorder=asc&column=price HTTP/1.1" 404 -
147.93.145.57 - - [27/Dec/2024:04:27:38 +0100] "GET /ticket2/opencms/en/buy/?page=1&edid=53AAD1DD-DAB5-D05E-8DAD-A50F40AC9A87&sortorder=desc&column=row HTTP/1.1" 200 112815
194.247.173.99 - - [27/Dec/2024:04:27:39 +0100] "GET /ticket2/opencms/se/ru/buy/?page=1&edid=3EC14DC4-3C4A-6A9B-BB8A-B8CCD1583687&sortorder=asc&column=row HTTP/1.1" 404 -
188.165.232.135 - - [27/Dec/2024:04:27:41 +0100] "GET /ticket2/opencms/sv/buy/?page=1&edid=67C72F40-8641-0188-CA82-23407E250481&sortorder=desc&column=row HTTP/1.1" 200 113162
188.165.232.135 - - [27/Dec/2024:04:27:47 +0100] "GET /ticket2/opencms/sv/buy/?page=1&edid=6BB5D925-7637-CF92-181F-94B35FC14C77&sortorder=desc&column=price HTTP/1.1" 200 112803
85.208.96.206 - - [27/Dec/2024:04:27:48 +0100] "GET /ticket2/opencms/en/magazine/article?title=em-players-that-stand-out HTTP/1.1" 200 90822
194.247.173.99 - - [27/Dec/2024:04:27:48 +0100] "GET /ticket2/opencms/se/ru/buy/?page=1&edid=3EC14DC4-3C4A-6A9B-BB8A-B8CCD1583687&sortorder=asc&column=section HTTP/1.1" 404 -
188.165.232.135 - - [27/Dec/2024:04:27:52 +0100] "GET /ticket2/opencms/sv/buy/?page=1&edid=6C4248B7-33BE-DC59-B5F9-03C5C9053597&sortorder=desc&column=section HTTP/1.1" 200 113423
54.193.161.73 - - [27/Dec/2024:04:27:54 +0100] "GET /ticket2/opencms/ HTTP/1.1" 302 -
194.247.173.99 - - [27/Dec/2024:04:27:56 +0100] "GET /ticket2/opencms/se/ru/buy/?page=1&edid=3F110F0C-E1EC-6A54-956B-ED3BBFFE0B12&sortorder=asc&column=row HTTP/1.1" 404 -
147.93.145.57 - - [27/Dec/2024:04:27:57 +0100] "GET /ticket2/opencms/en/buy/?page=1&edid=53AAD1DD-DAB5-D05E-8DAD-A50F40AC9A87&sortorder=desc&column=section HTTP/1.1" 200 113086
85.208.96.211 - - [27/Dec/2024:04:27:57 +0100] "GET /ticket2/opencms/no/magazine/article?title=nottingham-forest HTTP/1.1" 200 88446
188.165.232.135 - - [27/Dec/2024:04:27:59 +0100] "GET /ticket2/opencms/sv/buy/?page=1&edid=74131A78-3ACC-99E6-1155-5093F043A0B8&sortorder=asc&column=price HTTP/1.1" 200 114390
3.145.88.155 - - [27/Dec/2024:04:28:00 +0100] "GET /ticket2/opencms/no/buy/?edid=5D90F1BB-FDA0-E705-6448-4D677B2D6B3E&page=1 HTTP/1.1" 200 112998
47.128.110.166 - - [27/Dec/2024:04:28:00 +0100] "GET /ticket2/opencms/nl/sport/voetbal-tickets/bundesliga/koln/ HTTP/1.1" 200 92232
216.244.66.238 - - [27/Dec/2024:04:28:02 +0100] "GET /ticket2/opencms/ro/buy?page=1&edid=2B44308E-1778-CFAE-7385-18758823F6EB HTTP/1.1" 200 146688
54.193.161.73 - - [27/Dec/2024:04:28:03 +0100] "GET /ticket2/opencms/en/ HTTP/1.1" 200 100204
188.165.232.135 - - [27/Dec/2024:04:28:04 +0100] "GET /ticket2/opencms/sv/buy/?page=1&edid=74131A78-3ACC-99E6-1155-5093F043A0B8&sortorder=asc&column=row HTTP/1.1" 200 114153
194.247.173.99 - - [27/Dec/2024:04:28:04 +0100] "GET /ticket2/opencms/se/ru/buy/?page=1&edid=3F6B6B17-F159-59CA-9275-25779C692B45&sortorder=asc&column=price HTTP/1.1" 404 -
188.165.232.135 - - [27/Dec/2024:04:28:09 +0100] "GET /ticket2/opencms/sv/buy/?page=1&edid=742CE524-9C3D-91F4-FC16-F3903E8D84E4&sortorder=desc&column=price HTTP/1.1" 200 113711
185.191.171.4 - - [27/Dec/2024:04:28:12 +0100] "GET /ticket2/opencms/hu/sport/focijegyek/english-championship/preston-north-end/ HTTP/1.1" 200 103786
194.247.173.99 - - [27/Dec/2024:04:28:12 +0100] "GET /ticket2/opencms/se/ru/buy/?page=1&edid=3F6B6B17-F159-59CA-9275-25779C692B45&sortorder=asc&column=row HTTP/1.1" 404 -
188.165.232.135 - - [27/Dec/2024:04:28:14 +0100] "GET /ticket2/opencms/sv/buy/?page=1&edid=88336B13-9766-EB55-6455-BCC13677648F&sortorder=desc&column=row HTTP/1.1" 200 112640
95.217.195.123 - - [27/Dec/2024:04:28:17 +0100] "GET /ticket2/opencms/se/sv/buy/?page=1&edid=43667867-3935-092D-B992-38E905DC29DA&sortorder=asc&column=row HTTP/1.1" 404 -
147.93.145.57 - - [27/Dec/2024:04:28:18 +0100] "GET /ticket2/opencms/en/buy/?page=1&edid=590EDDB9-B981-09D2-E0FC-F6E1B491368A&sortorder=desc&column=section HTTP/1.1" 200 113854
114.119.141.206 - - [27/Dec/2024:04:28:19 +0100] "GET /ticket2/opencms/en/sell/?edid=C764B7EF-ED4B-08FD-9CE3-CB10640F618F HTTP/1.1" 302 -
188.165.232.135 - - [27/Dec/2024:04:28:19 +0100] "GET /ticket2/opencms/sv/buy/?page=1&edid=88336B13-9766-EB55-6455-BCC13677648F&sortorder=desc&column=section HTTP/1.1" 200 112958
194.247.173.99 - - [27/Dec/2024:04:28:21 +0100] "GET /ticket2/opencms/se/ru/buy/?page=1&edid=3F6B6B17-F159-59CA-9275-25779C692B45&sortorder=asc&column=section HTTP/1.1" 404 -
85.208.96.207 - - [27/Dec/2024:04:28:23 +0100] "GET /ticket2/opencms/de/magazine/article?title=manchester-united-hat-beschlossen-erik-ten-hag-zu-entlassen%0A%20%20%20%20 HTTP/1.1" 200 97105
114.119.141.206 - - [27/Dec/2024:04:28:24 +0100] "GET /ticket2/opencms/en/login/?url=/en/sell/ HTTP/1.1" 200 89865
188.165.232.135 - - [27/Dec/2024:04:28:24 +0100] "GET /ticket2/opencms/sv/buy/?page=1&edid=8871F39D-CC75-6BEB-E911-E7E368F4B404&sortorder=asc&column=price HTTP/1.1" 200 112972
89.246.241.14 - - [27/Dec/2024:04:28:26 +0100] "GET /ticket2/opencms/en/sport/football-tickets/premier_league/manchester_city HTTP/1.1" 200 99730
194.247.173.99 - - [27/Dec/2024:04:28:29 +0100] "GET /ticket2/opencms/se/ru/buy/?page=1&edid=3FF54EFF-D69B-4E34-5BB8-054563E7D776&sortorder=desc&column=section HTTP/1.1" 404 -
3.129.210.36 - - [27/Dec/2024:04:28:31 +0100] "GET /ticket2/opencms/is/buy/?edid=A32C2CDE-A2F2-054C-C7FE-30BF45814EDA&page=1 HTTP/1.1" 200 113555
188.165.232.135 - - [27/Dec/2024:04:28:31 +0100] "GET /ticket2/opencms/sv/buy/?page=1&edid=8871F39D-CC75-6BEB-E911-E7E368F4B404&sortorder=asc&column=section HTTP/1.1" 200 113060
188.165.232.135 - - [27/Dec/2024:04:28:35 +0100] "GET /ticket2/opencms/sv/buy/?page=1&edid=889DA93B-6CCB-4785-D7E5-2D4770A5C1EC HTTP/1.1" 200 108693
114.119.134.48 - - [27/Dec/2024:04:28:35 +0100] "GET /ticket2/opencms/en/venue/?countryid=0B8FEDC3-C68A-3535-943E-BD0B117D00A8 HTTP/1.1" 200 115407
147.93.145.57 - - [27/Dec/2024:04:28:37 +0100] "GET /ticket2/opencms/en/buy/?page=1&edid=038E9D5D-F853-3E62-678F-9F575C0DA65A&sortorder=desc&column=price HTTP/1.1" 200 113667
194.247.173.99 - - [27/Dec/2024:04:28:37 +0100] "GET /ticket2/opencms/se/ru/buy/?page=1&edid=3FF858CF-7356-7395-9E59-43541CB37D87&sortorder=asc&column=price HTTP/1.1" 404 -
188.165.232.135 - - [27/Dec/2024:04:28:40 +0100] "GET /ticket2/opencms/sv/buy/?page=1&edid=88A5FA8D-B5B5-F577-3320-20F49E5C73A5&sortorder=desc&column=price HTTP/1.1" 200 114659
85.208.96.205 - - [27/Dec/2024:04:28:41 +0100] "GET /ticket2/opencms/nl/standard/ HTTP/1.1" 200 97988
47.128.19.149 - - [27/Dec/2024:04:28:43 +0100] "GET /ticket2/opencms/fi/venue/?venueid=7A93BED8-ECFC-8BF7-F201-A6433D9EB679 HTTP/1.1" 200 86614
188.165.232.135 - - [27/Dec/2024:04:28:46 +0100] "GET /ticket2/opencms/sv/buy/?page=1&edid=8934C2AC-6876-4053-807F-3C9624A74CB0&sortorder=desc&column=row HTTP/1.1" 200 113751
194.247.173.99 - - [27/Dec/2024:04:28:46 +0100] "GET /ticket2/opencms/se/ru/buy/?page=1&edid=3FF858CF-7356-7395-9E59-43541CB37D87&sortorder=asc&column=row HTTP/1.1" 404 -
188.165.232.135 - - [27/Dec/2024:04:28:51 +0100] "GET /ticket2/opencms/sv/buy/?page=1&edid=8CF6788D-AB36-8397-1F86-FEE4FE6FC147&sortorder=desc&column=price HTTP/1.1" 200 114390
194.247.173.99 - - [27/Dec/2024:04:28:54 +0100] "GET /ticket2/opencms/se/ru/buy/?page=1&edid=3FF858CF-7356-7395-9E59-43541CB37D87&sortorder=asc&column=section HTTP/1.1" 404 -
188.165.232.135 - - [27/Dec/2024:04:28:56 +0100] "GET /ticket2/opencms/sv/buy/?page=1&edid=8D9E628C-2B42-F543-B013-065370EDE85E&sortorder=asc&column=price HTTP/1.1" 200 112640
3.144.28.90 - - [27/Dec/2024:04:28:58 +0100] "GET /ticket2/opencms/mo/buy/?edid=5D90F1BB-FDA0-E705-6448-4D677B2D6B3E&page=1 HTTP/1.1" 200 113621
47.128.52.164 - - [27/Dec/2024:04:28:59 +0100] "GET /ticket2/opencms/de/?catid=1DB7F66B-473B-B427-F752-358FEEFE8EC0&comcatid=0A6B8208-FDA4-E929-9D72-5312FD481B76 HTTP/1.1" 200 101230
95.217.195.123 - - [27/Dec/2024:04:28:59 +0100] "GET /ticket2/opencms/se/sv/buy/?page=1&edid=43667867-3935-092D-B992-38E905DC29DA&sortorder=asc&column=section HTTP/1.1" 404 -
194.247.173.99 - - [27/Dec/2024:04:29:02 +0100] "GET /ticket2/opencms/se/ru/buy/?page=1&edid=408DC2B5-4516-E324-6394-41780E7D76AE&sortorder=asc&column=section HTTP/1.1" 404 -
3.22.27.41 - - [27/Dec/2024:04:29:02 +0100] "GET /ticket2/opencms/fi/buy?edid=A32C2CDE-A2F2-054C-C7FE-30BF45814EDA&page=1 HTTP/1.1" 200 113422
188.165.232.135 - - [27/Dec/2024:04:29:03 +0100] "GET /ticket2/opencms/sv/buy/?page=1&edid=8D9E628C-2B42-F543-B013-065370EDE85E&sortorder=asc&column=row HTTP/1.1" 200 112651
147.93.145.57 - - [27/Dec/2024:04:29:03 +0100] "GET /ticket2/opencms/en/buy/?page=1&edid=038E9D5D-F853-3E62-678F-9F575C0DA65A&sortorder=desc&column=row HTTP/1.1" 200 113616
188.165.232.135 - - [27/Dec/2024:04:29:09 +0100] "GET /ticket2/opencms/sv/buy/?page=1&edid=8D9E628C-2B42-F543-B013-065370EDE85E&sortorder=asc&column=section HTTP/1.1" 200 112831
194.247.173.99 - - [27/Dec/2024:04:29:10 +0100] "GET /ticket2/opencms/se/ru/buy/?page=1&edid=40E208E9-E9D2-9A29-B20B-71CB88763633&sortorder=asc&column=price HTTP/1.1" 404 -
40.77.167.154 - - [27/Dec/2024:04:29:13 +0100] "GET /ticket2/opencms/sl/buy?page=1&edid=2FD5F0EB-47D4-01C1-109D-EE3555FD94EC HTTP/1.1" 200 111755
18.216.208.243 - - [27/Dec/2024:04:29:14 +0100] "GET /ticket2/opencms/ka/buy?edid=5D90F1BB-FDA0-E705-6448-4D677B2D6B3E&page=1 HTTP/1.1" 200 119724
188.165.232.135 - - [27/Dec/2024:04:29:15 +0100] "GET /ticket2/opencms/sv/buy/?page=1&edid=8D9E628C-2B42-F543-B013-065370EDE85E&sortorder=desc&column=price HTTP/1.1" 200 112751
194.247.173.99 - - [27/Dec/2024:04:29:18 +0100] "GET /ticket2/opencms/se/ru/buy/?page=1&edid=40E208E9-E9D2-9A29-B20B-71CB88763633&sortorder=asc&column=row HTTP/1.1" 404 -
52.167.144.222 - - [27/Dec/2024:04:29:19 +0100] "GET /ticket2/opencms/hu/buy?page=1&edid=1BFB08A7-6566-B113-E321-5228D23CB18B HTTP/1.1" 200 113347
188.165.232.135 - - [27/Dec/2024:04:29:19 +0100] "GET /ticket2/opencms/sv/buy/?page=1&edid=8D9E628C-2B42-F543-B013-065370EDE85E&sortorder=desc&column=row HTTP/1.1" 200 112653
85.208.96.200 - - [27/Dec/2024:04:29:22 +0100] "GET /ticket2/opencms/it/magazine/article?title=manchester-united-ha-deciso-di-licenziare-erik-ten-hag HTTP/1.1" 200 97090
188.165.232.135 - - [27/Dec/2024:04:29:23 +0100] "GET /ticket2/opencms/sv/buy/?page=1&edid=AFBC7C6C-0902-9DFD-66C8-0C8691268512&sortorder=asc&column=price HTTP/1.1" 200 113864
147.93.145.57 - - [27/Dec/2024:04:29:25 +0100] "GET /ticket2/opencms/en/buy/?page=1&edid=038E9D5D-F853-3E62-678F-9F575C0DA65A&sortorder=desc&column=section HTTP/1.1" 200 113819
194.247.173.99 - - [27/Dec/2024:04:29:25 +0100] "GET /ticket2/opencms/se/ru/buy/?page=1&edid=40E208E9-E9D2-9A29-B20B-71CB88763633&sortorder=desc&column=price HTTP/1.1" 404 -
40.77.167.55 - - [27/Dec/2024:04:29:26 +0100] "GET /ticket2/opencms/de/buy?page=1&edid=DEA5A428-3980-E113-48A8-EB44E7BFB16B HTTP/1.1" 200 109157
188.165.232.135 - - [27/Dec/2024:04:29:28 +0100] "GET /ticket2/opencms/sv/buy/?page=1&edid=B2F92221-2B73-EA2C-C166-398C5B5E8EA2&sortorder=asc&column=row HTTP/1.1" 200 113130
194.247.173.99 - - [27/Dec/2024:04:29:33 +0100] "GET /ticket2/opencms/se/ru/buy/?page=1&edid=40E208E9-E9D2-9A29-B20B-71CB88763633&sortorder=desc&column=row HTTP/1.1" 404 -
188.165.232.135 - - [27/Dec/2024:04:29:33 +0100] "GET /ticket2/opencms/sv/buy/?page=1&edid=B7879DF2-CE3E-BEAE-505D-CB77990C5C5C&sortorder=asc&column=price HTTP/1.1" 200 113212
95.217.195.123 - - [27/Dec/2024:04:29:35 +0100] "GET /ticket2/opencms/se/sv/buy/?page=1&edid=43667867-3935-092D-B992-38E905DC29DA&sortorder=desc&column=price HTTP/1.1" 404 -
188.165.232.135 - - [27/Dec/2024:04:29:38 +0100] "GET /ticket2/opencms/sv/buy/?page=1&edid=B7D538E3-9839-5659-1CBA-1D0177C9B88E&sortorder=asc&column=price HTTP/1.1" 200 110518
194.247.173.99 - - [27/Dec/2024:04:29:40 +0100] "GET /ticket2/opencms/se/ru/buy/?page=1&edid=416DE971-B897-5140-B141-FE881AD61026&sortorder=asc&column=section HTTP/1.1" 404 -
188.165.232.135 - - [27/Dec/2024:04:29:42 +0100] "GET /ticket2/opencms/sv/buy/?page=1&edid=C0148ACE-8EB6-2170-8199-51786DA11E58&sortorder=desc&column=price HTTP/1.1" 200 113931
85.208.96.199 - - [27/Dec/2024:04:29:42 +0100] "GET /ticket2/opencms/sv/sport/fotbollsbiljetter/uefa-champions-league/losc/ HTTP/1.1" 200 86245
188.165.232.135 - - [27/Dec/2024:04:29:46 +0100] "GET /ticket2/opencms/sv/buy/?page=1&edid=C0148ACE-8EB6-2170-8199-51786DA11E58&sortorder=desc&column=section HTTP/1.1" 200 114044
40.77.167.55 - - [27/Dec/2024:04:29:48 +0100] "GET /ticket2/opencms/is/buy?page=1&edid=BA0C4AB6-9AED-31E3-0634-B7D13957256A HTTP/1.1" 200 112824
194.247.173.99 - - [27/Dec/2024:04:29:48 +0100] "GET /ticket2/opencms/se/ru/buy/?page=1&edid=418F640D-FED9-8D6C-3AD1-01149267CC74&sortorder=asc&column=price HTTP/1.1" 404 -
147.93.145.57 - - [27/Dec/2024:04:29:50 +0100] "GET /ticket2/opencms/en/buy/?page=1&edid=07D24578-F577-FB97-B11A-7D3A32948F2C&sortorder=desc&column=price HTTP/1.1" 200 112589
188.165.232.135 - - [27/Dec/2024:04:29:52 +0100] "GET /ticket2/opencms/sv/buy/?page=1&edid=C0DADECE-3739-FBB2-2554-F9E21C47A21A HTTP/1.1" 200 112628
188.165.232.135 - - [27/Dec/2024:04:29:56 +0100] "GET /ticket2/opencms/sv/buy/?page=1&edid=C0DADECE-3739-FBB2-2554-F9E21C47A21A&sortorder=desc&column=price HTTP/1.1" 200 114569
47.128.62.106 - - [27/Dec/2024:04:29:58 +0100] "GET /ticket2/opencms/be/buy/?edid=2FC0C730-CDF2-92B9-F11A-5B4B69410553 HTTP/1.1" 200 93080
194.247.173.99 - - [27/Dec/2024:04:30:01 +0100] "GET /ticket2/opencms/se/ru/buy/?page=1&edid=418F640D-FED9-8D6C-3AD1-01149267CC74&sortorder=asc&column=section HTTP/1.1" 404 -
188.165.232.135 - - [27/Dec/2024:04:30:01 +0100] "GET /ticket2/opencms/sv/buy/?page=1&edid=C10A9B0F-B042-7860-8EFD-336C4373B53D&sortorder=asc&column=price HTTP/1.1" 200 114350
216.244.66.238 - - [27/Dec/2024:04:30:01 +0100] "GET /ticket2/opencms/cs/magazine/article?title=cole-palmer-rozhoduje-o-zapase-a-alexander-isak-je-zpet HTTP/1.1" 200 93210
188.165.232.135 - - [27/Dec/2024:04:30:05 +0100] "GET /ticket2/opencms/sv/buy/?page=1&edid=C10A9B0F-B042-7860-8EFD-336C4373B53D&sortorder=asc&column=row HTTP/1.1" 200 114131
185.191.171.11 - - [27/Dec/2024:04:30:05 +0100] "GET /ticket2/opencms/sv/magazine/article?title=la-liga-real-madrid-vunnit-flest-titlar HTTP/1.1" 200 93991
185.191.171.15 - - [27/Dec/2024:04:30:05 +0100] "GET /ticket2/opencms/bg/magazine/article?title=nations-league-e-v-razgara-si HTTP/1.1" 200 96352
185.191.171.17 - - [27/Dec/2024:04:30:06 +0100] "GET /ticket2/opencms/sv/sport/fotbollsbiljetter/premier_league/west-bromwich-albion/ HTTP/1.1" 200 88451
194.247.173.99 - - [27/Dec/2024:04:30:08 +0100] "GET /ticket2/opencms/se/ru/buy/?page=1&edid=41E9C3A6-1ED0-8493-C595-0C2D48714D8A&sortorder=asc&column=price HTTP/1.1" 404 -
95.217.195.123 - - [27/Dec/2024:04:30:11 +0100] "GET /ticket2/opencms/se/sv/buy/?page=1&edid=437F7F57-119B-3C88-4AE1-DB313FC6EF55 HTTP/1.1" 404 -
188.165.232.135 - - [27/Dec/2024:04:30:12 +0100] "GET /ticket2/opencms/sv/buy/?page=1&edid=C10A9B0F-B042-7860-8EFD-336C4373B53D&sortorder=asc&column=section HTTP/1.1" 200 114380
194.247.173.99 - - [27/Dec/2024:04:30:15 +0100] "GET /ticket2/opencms/se/ru/buy/?page=1&edid=41E9C3A6-1ED0-8493-C595-0C2D48714D8A&sortorder=asc&column=row HTTP/1.1" 404 -
188.165.232.135 - - [27/Dec/2024:04:30:17 +0100] "GET /ticket2/opencms/sv/buy/?page=1&edid=C10A9B0F-B042-7860-8EFD-336C4373B53D&sortorder=desc&column=row HTTP/1.1" 200 114224
147.93.145.57 - - [27/Dec/2024:04:30:18 +0100] "GET /ticket2/opencms/en/buy/?page=1&edid=07D24578-F577-FB97-B11A-7D3A32948F2C&sortorder=desc&column=row HTTP/1.1" 200 112350
185.191.171.14 - - [27/Dec/2024:04:30:19 +0100] "GET /ticket2/opencms/sl/login/?url=%25252Fsl%25252Fsell%25252F HTTP/1.1" 200 91293
114.119.151.93 - - [27/Dec/2024:04:30:20 +0100] "GET /ticket2/opencms/bg/buy?page=1&=96BE3B07-CE75-27D2-A725-0EC31EB711C6 HTTP/1.1" 200 6507
188.165.232.135 - - [27/Dec/2024:04:30:21 +0100] "GET /ticket2/opencms/sv/buy/?page=1&edid=C11CE0A1-BCBD-A7C4-C22E-164F1C641833&sortorder=asc&column=row HTTP/1.1" 200 114147
194.247.173.99 - - [27/Dec/2024:04:30:22 +0100] "GET /ticket2/opencms/se/ru/buy/?page=1&edid=41E9C3A6-1ED0-8493-C595-0C2D48714D8A&sortorder=asc&column=section HTTP/1.1" 404 -
185.191.171.6 - - [27/Dec/2024:04:30:26 +0100] "GET /ticket2/opencms/bs/magazine/article?title=manchester-city-prvaci-cetvrtu-godinu-zaredom HTTP/1.1" 200 93429
188.165.232.135 - - [27/Dec/2024:04:30:26 +0100] "GET /ticket2/opencms/sv/buy/?page=1&edid=C11CE0A1-BCBD-A7C4-C22E-164F1C641833&sortorder=asc&column=section HTTP/1.1" 200 114519
52.167.144.222 - - [27/Dec/2024:04:30:30 +0100] "GET /ticket2/opencms/lv/buy?page=1&edid=570D8103-2AE0-C263-3CF4-52F5572B3472 HTTP/1.1" 200 109711
194.247.173.99 - - [27/Dec/2024:04:30:30 +0100] "GET /ticket2/opencms/se/ru/buy/?page=1&edid=422EB97D-0E0E-B647-A5B3-675991D54797&sortorder=asc&column=price HTTP/1.1" 404 -
188.165.232.135 - - [27/Dec/2024:04:30:31 +0100] "GET /ticket2/opencms/sv/buy/?page=1&edid=C150F8B4-EF11-302C-3E37-D5F5D113309B&sortorder=desc&column=price HTTP/1.1" 200 114628
47.128.22.168 - - [27/Dec/2024:04:30:35 +0100] "GET /ticket2/opencms/uk/?comcatid=810BB404-4103-77F2-A6C2-12D5E6C338E2&page=6 HTTP/1.1" 200 102453
194.247.173.99 - - [27/Dec/2024:04:30:37 +0100] "GET /ticket2/opencms/se/ru/buy/?page=1&edid=422EB97D-0E0E-B647-A5B3-675991D54797&sortorder=asc&column=row HTTP/1.1" 404 -
188.165.232.135 - - [27/Dec/2024:04:30:38 +0100] "GET /ticket2/opencms/sv/buy/?page=1&edid=C150F8B4-EF11-302C-3E37-D5F5D113309B&sortorder=desc&column=row HTTP/1.1" 200 114399
95.217.195.123 - - [27/Dec/2024:04:30:39 +0100] "GET /ticket2/opencms/se/sv/buy/?page=1&edid=43D88884-7748-D9CD-309C-B4C043F1EC3C HTTP/1.1" 404 -
185.191.171.3 - - [27/Dec/2024:04:30:41 +0100] "GET /ticket2/opencms/ga/sport/ticeid-peile/bundesliga/bochum HTTP/1.1" 200 98246
