62.63.249.24 - - [27/Dec/2024:06:42:41 +0100] "GET /ticket2/opencms/system/modules/com.gridnine.opencms.ticketbrokerage.site/resources/css/ticketbrokerage.css HTTP/1.1" 200 39339
62.63.249.24 - - [27/Dec/2024:06:42:41 +0100] "GET /ticket2/opencms/system/modules/com.gridnine.opencms.ticketbrokerage.site/resources/js/functions.js HTTP/1.1" 200 1583
62.63.249.24 - - [27/Dec/2024:06:42:41 +0100] "GET /ticket2/opencms/system/modules/com.gridnine.opencms.ticketbrokerage.site/resources/css/calendar.css HTTP/1.1" 200 6871
62.63.249.24 - - [27/Dec/2024:06:42:41 +0100] "GET /ticket2/opencms/system/modules/com.gridnine.opencms.ticketbrokerage.site/resources/js/calendar-en.js HTTP/1.1" 200 3338
62.63.249.24 - - [27/Dec/2024:06:42:41 +0100] "GET /ticket2/opencms/system/modules/com.gridnine.opencms.ticketbrokerage.site/resources/js/calendar.js HTTP/1.1" 200 49229
62.63.249.24 - - [27/Dec/2024:06:42:41 +0100] "GET /ticket2/opencms/system/modules/com.gridnine.opencms.ticketbrokerage.site/resources/js/calendar-setup.js HTTP/1.1" 200 4923
62.63.249.24 - - [27/Dec/2024:06:42:41 +0100] "GET /ticket2/opencms/system/modules/com.gridnine.opencms.ticketbrokerage.site/resources/css/standard.css HTTP/1.1" 200 73081
62.63.249.24 - - [27/Dec/2024:06:42:41 +0100] "GET /ticket2/opencms/system/modules/com.gridnine.opencms.ticketbrokerage.site/resources/js/standard.js HTTP/1.1" 200 3978
62.63.249.24 - - [27/Dec/2024:06:42:41 +0100] "GET /ticket2/opencms/system/modules/com.gridnine.opencms.ticketbrokerage.site/resources/pics/bank_1_nordea.png HTTP/1.1" 200 4807
62.63.249.24 - - [27/Dec/2024:06:42:41 +0100] "GET /ticket2/opencms/system/modules/com.gridnine.opencms.ticketbrokerage.site/resources/pics/bank_2_handelsbanken.png HTTP/1.1" 200 4509
62.63.249.24 - - [27/Dec/2024:06:42:41 +0100] "GET /ticket2/opencms/system/modules/com.gridnine.opencms.ticketbrokerage.site/resources/pics/bank_4_seb.png HTTP/1.1" 200 2487
62.63.249.24 - - [27/Dec/2024:06:42:41 +0100] "GET /ticket2/opencms/system/modules/com.gridnine.opencms.ticketbrokerage.site/resources/pics/bank_3_swedbank.png HTTP/1.1" 200 5740
62.63.249.24 - - [27/Dec/2024:06:42:41 +0100] "GET /ticket2/opencms/system/modules/com.gridnine.opencms.ticketbrokerage.site/resources/pics/bank_5_visa_mastercard.png HTTP/1.1" 200 8196
62.63.249.24 - - [27/Dec/2024:06:42:41 +0100] "GET /ticket2/opencms/system/modules/com.gridnine.opencms.ticketbrokerage.site/resources/pics/bank_6_american_express.png HTTP/1.1" 200 5570
62.63.249.24 - - [27/Dec/2024:06:42:41 +0100] "GET /ticket2/opencms/sv/ask-form.html HTTP/1.1" 200 2950
62.63.249.24 - - [27/Dec/2024:06:42:42 +0100] "GET /ticket2/opencms/system/modules/com.gridnine.opencms.ticketbrokerage.site/resources/css/images/ui-bg_flat_75_ffffff_40x100.png HTTP/1.1" 404 -
62.63.249.24 - - [27/Dec/2024:06:42:42 +0100] "GET /ticket2/opencms/system/modules/com.gridnine.opencms.ticketbrokerage.site/resources/pics/arrow.gif HTTP/1.1" 200 344
62.63.249.24 - - [27/Dec/2024:06:42:42 +0100] "GET /ticket2/opencms/system/modules/com.gridnine.opencms.ticketbrokerage.site/resources/css/ticketbrokerage.css HTTP/1.1" 200 39339
62.63.249.24 - - [27/Dec/2024:06:42:42 +0100] "GET /ticket2/opencms/system/modules/com.gridnine.opencms.ticketbrokerage.site/resources/pics/form_marker.gif HTTP/1.1" 200 43
62.63.249.24 - - [27/Dec/2024:06:42:42 +0100] "GET /ticket2/opencms/system/modules/com.gridnine.opencms.ticketbrokerage.site/resources/pics/button1_right.gif HTTP/1.1" 200 232
62.63.249.24 - - [27/Dec/2024:06:42:42 +0100] "GET /ticket2/opencms/system/modules/com.gridnine.opencms.ticketbrokerage.site/resources/pics/button1_left.gif HTTP/1.1" 200 232
62.63.249.24 - - [27/Dec/2024:06:42:42 +0100] "GET /ticket2/opencms/system/modules/com.gridnine.opencms.ticketbrokerage.site/resources/pics/button1_center.gif HTTP/1.1" 200 66
135.181.213.219 - - [27/Dec/2024:06:42:42 +0100] "GET /ticket2/opencms/se/ru/buy/?page=1&edid=E1B0D8A0-D6A6-F1B8-598E-C8ECA85414D0&sortorder=asc&column=row HTTP/1.1" 404 -
85.208.96.212 - - [27/Dec/2024:06:42:43 +0100] "GET /ticket2/opencms/is/about/ HTTP/1.1" 500 -
52.167.144.137 - - [27/Dec/2024:06:42:43 +0100] "GET /ticket2/opencms/sv/buy?page=6&comcatid=97ECA65A-72DA-F9AF-9DBB-245D3CFED1BE&catid=43171577-14C8-6B19-25D9-DF372BFFCBFA HTTP/1.1" 200 6410
216.244.66.238 - - [27/Dec/2024:06:42:45 +0100] "GET /ticket2/opencms/sv/buy/?page=1&edid=BF34F1E5-432B-C27C-0DC0-AA009BE6EB81 HTTP/1.1" 200 111747
135.181.213.219 - - [27/Dec/2024:06:42:48 +0100] "GET /ticket2/opencms/se/ru/buy/?page=1&edid=E1DCB673-61B1-1871-C111-11C372A6E675&sortorder=asc&column=price HTTP/1.1" 404 -
66.102.9.133 - - [27/Dec/2024:06:42:48 +0100] "GET /ticket2/opencms/sv/search.html?searchQuery=Liverpool&submit HTTP/1.1" 200 113274
85.208.96.203 - - [27/Dec/2024:06:42:53 +0100] "GET /ticket2/opencms/no/sport/fotballsbilletter/bundesliga/darmstadt/ HTTP/1.1" 200 94302
66.102.9.133 - - [27/Dec/2024:06:42:54 +0100] "GET /ticket2/opencms/sv/search.html?searchQuery=Liverpool&submit HTTP/1.1" 200 113274
66.102.9.133 - - [27/Dec/2024:06:42:54 +0100] "GET /ticket2/opencms/system/modules/com.gridnine.opencms.ticketbrokerage.site/resources/css/calendar.css HTTP/1.1" 200 6871
66.102.9.133 - - [27/Dec/2024:06:42:54 +0100] "GET /ticket2/opencms/system/modules/com.gridnine.opencms.ticketbrokerage.site/resources/css/standard.css HTTP/1.1" 200 73081
66.102.9.132 - - [27/Dec/2024:06:42:54 +0100] "GET /ticket2/opencms/sv/search.html?searchQuery=Liverpool&submit HTTP/1.1" 200 113274
66.102.9.133 - - [27/Dec/2024:06:42:54 +0100] "GET /ticket2/opencms/system/modules/com.gridnine.opencms.ticketbrokerage.site/resources/css/jquery-ui.css HTTP/1.1" 200 33221
66.102.9.131 - - [27/Dec/2024:06:42:54 +0100] "GET /ticket2/opencms/system/modules/com.gridnine.opencms.ticketbrokerage.site/resources/js/jquery/jquery.js HTTP/1.1" 200 93868
66.102.9.133 - - [27/Dec/2024:06:42:54 +0100] "GET /ticket2/opencms/system/modules/com.gridnine.opencms.ticketbrokerage.site/resources/js/jquery.placeholder.min.js HTTP/1.1" 200 1737
66.102.9.131 - - [27/Dec/2024:06:42:54 +0100] "GET /ticket2/opencms/system/modules/com.gridnine.opencms.ticketbrokerage.site/resources/js/standard.js HTTP/1.1" 200 3978
66.102.9.133 - - [27/Dec/2024:06:42:54 +0100] "GET /ticket2/opencms/system/modules/com.gridnine.opencms.ticketbrokerage.site/resources/js/common-ajax.js HTTP/1.1" 200 20175
66.102.9.133 - - [27/Dec/2024:06:42:54 +0100] "GET /ticket2/opencms/system/modules/com.gridnine.opencms.ticketbrokerage.site/resources/js/calendar-en.js HTTP/1.1" 200 3338
66.102.9.133 - - [27/Dec/2024:06:42:54 +0100] "GET /ticket2/opencms/system/modules/com.gridnine.opencms.ticketbrokerage.site/resources/css/ticketbrokerage.css HTTP/1.1" 200 39339
66.102.9.133 - - [27/Dec/2024:06:42:54 +0100] "GET /ticket2/opencms/system/modules/com.gridnine.opencms.ticketbrokerage.site/resources/js/calendar-setup.js HTTP/1.1" 200 4923
66.102.9.133 - - [27/Dec/2024:06:42:54 +0100] "GET /ticket2/opencms/system/modules/com.gridnine.opencms.ticketbrokerage.site/resources/js/jquery/jquery-ui.js HTTP/1.1" 200 228088
66.102.9.132 - - [27/Dec/2024:06:42:54 +0100] "GET /ticket2/opencms/system/modules/com.gridnine.opencms.ticketbrokerage.site/resources/js/jquery.fancybox.pack.js HTTP/1.1" 200 23187
66.102.9.133 - - [27/Dec/2024:06:42:54 +0100] "GET /ticket2/opencms/system/modules/com.gridnine.opencms.ticketbrokerage.site/resources/js/functions.js HTTP/1.1" 200 1583
66.102.9.131 - - [27/Dec/2024:06:42:54 +0100] "GET /ticket2/opencms/system/modules/com.gridnine.opencms.ticketbrokerage.site/resources/css/ticketbrokerage.css HTTP/1.1" 200 39339
66.102.9.133 - - [27/Dec/2024:06:42:54 +0100] "GET /ticket2/opencms/system/modules/com.gridnine.opencms.ticketbrokerage.site/resources/js/stickyfill.min.js HTTP/1.1" 200 5672
66.102.9.131 - - [27/Dec/2024:06:42:54 +0100] "GET /ticket2/opencms/system/modules/com.gridnine.opencms.ticketbrokerage.site/resources/js/calendar.js HTTP/1.1" 200 49229
66.102.9.132 - - [27/Dec/2024:06:42:54 +0100] "GET /ticket2/opencms/sv/ask-form.html HTTP/1.1" 200 2950
66.102.9.131 - - [27/Dec/2024:06:42:54 +0100] "GET /ticket2/opencms/sv/ask-form.html HTTP/1.1" 200 2950
135.181.213.219 - - [27/Dec/2024:06:42:54 +0100] "GET /ticket2/opencms/se/ru/buy/?page=1&edid=E1DCB673-61B1-1871-C111-11C372A6E675&sortorder=asc&column=row HTTP/1.1" 404 -
66.102.9.132 - - [27/Dec/2024:06:42:55 +0100] "GET /ticket2/opencms/sv/ask-form.html HTTP/1.1" 200 2950
66.102.9.132 - - [27/Dec/2024:06:42:55 +0100] "GET /ticket2/opencms/system/modules/com.gridnine.opencms.ticketbrokerage.site/resources/css/ticketbrokerage.css HTTP/1.1" 200 39339
216.244.66.238 - - [27/Dec/2024:06:42:56 +0100] "GET /ticket2/opencms/sv/buy/?page=1&edid=D26F44BA-E875-F594-9FB4-CE27C12E1963 HTTP/1.1" 200 112007
85.208.96.195 - - [27/Dec/2024:06:42:57 +0100] "GET /ticket2/opencms/no/magazine/article?title=brighton-and-hove-albion HTTP/1.1" 200 91822
135.181.213.219 - - [27/Dec/2024:06:43:00 +0100] "GET /ticket2/opencms/se/ru/buy/?page=1&edid=E210EA08-C305-62F6-445A-64FC62365EF4&sortorder=asc&column=price HTTP/1.1" 404 -
85.208.96.212 - - [27/Dec/2024:06:43:02 +0100] "GET /ticket2/opencms/fi/urheilu/jalkapallo/serie_a/bologna/ HTTP/1.1" 200 93522
135.181.213.219 - - [27/Dec/2024:06:43:06 +0100] "GET /ticket2/opencms/se/ru/buy/?page=1&edid=E210EA08-C305-62F6-445A-64FC62365EF4&sortorder=asc&column=row HTTP/1.1" 404 -
216.244.66.238 - - [27/Dec/2024:06:43:07 +0100] "GET /ticket2/opencms/sv/buy?page=1&edid=074DE6AB-3EC7-31AB-C16A-2388E714E078 HTTP/1.1" 200 111978
185.191.171.12 - - [27/Dec/2024:06:43:09 +0100] "GET /ticket2/opencms/bs/magazine/article?title=sta-je-fudbal HTTP/1.1" 200 94214
135.181.213.219 - - [27/Dec/2024:06:43:12 +0100] "GET /ticket2/opencms/se/ru/buy/?page=1&edid=E210EA08-C305-62F6-445A-64FC62365EF4&sortorder=asc&column=section HTTP/1.1" 404 -
62.63.249.24 - - [27/Dec/2024:06:43:17 +0100] "GET /ticket2/opencms/sv/?gad_source=1&gclid=CjwKCAiAmrS7BhBJEiwAei59iwp5em5op4Y4VYGwavt-OMpYZ1bjAJvOUNmDEqujxVCzWs1omsgjuxoCuQEQAvD_BwE HTTP/1.1" 200 100983
52.167.144.158 - - [27/Dec/2024:06:43:18 +0100] "GET /ticket2/opencms/bs/buy?page=1&edid=230CADCB-DB49-F1F9-9B0E-24AB279FB9A0 HTTP/1.1" 200 112914
85.208.96.195 - - [27/Dec/2024:06:43:18 +0100] "GET /ticket2/opencms/sl/magazine/article?title=impresivna-tekma-kjer-sved-kulusevski-nadaljuje-z-dobavljanjem HTTP/1.1" 200 93916
135.181.213.219 - - [27/Dec/2024:06:43:18 +0100] "GET /ticket2/opencms/se/ru/buy/?page=1&edid=E3B46C02-527F-BFED-1199-3D6C38556545&sortorder=asc&column=price HTTP/1.1" 404 -
185.191.171.15 - - [27/Dec/2024:06:43:19 +0100] "GET /ticket2/opencms/sv/sport/fotbollsbiljetter/premier_league/stoke/ HTTP/1.1" 200 87620
85.208.96.198 - - [27/Dec/2024:06:43:22 +0100] "GET /ticket2/opencms/uk/magazine/article?title=euro-broadcasts HTTP/1.1" 200 93757
135.181.213.219 - - [27/Dec/2024:06:43:24 +0100] "GET /ticket2/opencms/se/ru/buy/?page=1&edid=E3B46C02-527F-BFED-1199-3D6C38556545&sortorder=asc&column=row HTTP/1.1" 404 -
114.119.159.129 - - [27/Dec/2024:06:43:28 +0100] "GET /ticket2/opencms/en/sell/?edid=AE8DF7B2-AA16-49DA-6FF6-26DC8821D0BB HTTP/1.1" 302 -
135.181.213.219 - - [27/Dec/2024:06:43:30 +0100] "GET /ticket2/opencms/se/ru/buy/?page=1&edid=E7C2827B-AB04-D914-A6A6-2F87797DD7EE&sortorder=asc&column=row HTTP/1.1" 404 -
47.128.124.182 - - [27/Dec/2024:06:43:31 +0100] "GET /ticket2/opencms/hu/buy/?edid=0E487947-8D2A-A553-BF9C-F44B73D05AC1 HTTP/1.1" 200 92773
114.119.159.129 - - [27/Dec/2024:06:43:33 +0100] "GET /ticket2/opencms/en/login/?url=/en/sell/ HTTP/1.1" 200 89833
89.246.241.14 - - [27/Dec/2024:06:43:35 +0100] "GET /ticket2/opencms/de/affiliateprogram.html HTTP/1.1" 200 90161
135.181.213.219 - - [27/Dec/2024:06:43:36 +0100] "GET /ticket2/opencms/se/ru/buy/?page=1&edid=EBB2685E-B5CD-E71D-6D7A-2FAD449CA6CA&sortorder=asc&column=price HTTP/1.1" 404 -
114.119.141.34 - - [27/Dec/2024:06:43:38 +0100] "GET /ticket2/opencms/en/venue/?venueid=2CC3C565-7AA7-01B3-4822-8F5EC3F5CADB HTTP/1.1" 200 85073
85.208.96.210 - - [27/Dec/2024:06:43:38 +0100] "GET /ticket2/opencms/cs/magazine/article?title=muze-viktor-gyokeres-opustit-sporting-drive-nez-bylo-planovano HTTP/1.1" 200 93786
185.191.171.6 - - [27/Dec/2024:06:43:41 +0100] "GET /ticket2/opencms/no/magazine/article?title=chelsea HTTP/1.1" 200 93533
135.181.213.219 - - [27/Dec/2024:06:43:42 +0100] "GET /ticket2/opencms/se/ru/buy/?page=1&edid=EBB2685E-B5CD-E71D-6D7A-2FAD449CA6CA&sortorder=asc&column=row HTTP/1.1" 404 -
135.181.213.219 - - [27/Dec/2024:06:43:48 +0100] "GET /ticket2/opencms/se/ru/buy/?page=1&edid=EBB2685E-B5CD-E71D-6D7A-2FAD449CA6CA&sortorder=asc&column=section HTTP/1.1" 404 -
47.128.57.53 - - [27/Dec/2024:06:43:48 +0100] "GET /ticket2/opencms/fi/buy/?edid=B6B8349F-A5AA-C742-11D5-2D7AB719C807 HTTP/1.1" 200 92424
114.119.151.93 - - [27/Dec/2024:06:43:49 +0100] "GET /ticket2/opencms/tr/buy?page=1&=A4BFDF12-F160-7F33-EF7D-BF0F1E332ED5 HTTP/1.1" 200 6507
89.246.241.14 - - [27/Dec/2024:06:43:53 +0100] "GET /ticket2/opencms/en/sport/football-tickets/premier_league/liverpool HTTP/1.1" 200 93120
135.181.213.219 - - [27/Dec/2024:06:43:54 +0100] "GET /ticket2/opencms/se/ru/buy/?page=1&edid=F05F57EF-962F-4A4F-88A6-EE4E2D6D15D8&sortorder=asc&column=price HTTP/1.1" 404 -
135.181.213.219 - - [27/Dec/2024:06:44:00 +0100] "GET /ticket2/opencms/se/ru/buy/?page=1&edid=F2FE555C-AC27-5AA8-8120-C9C64D18709B&sortorder=asc&column=price HTTP/1.1" 404 -
47.128.40.120 - - [27/Dec/2024:06:44:05 +0100] "GET /ticket2/opencms/hu/magazine/article HTTP/1.1" 200 88746
135.181.213.219 - - [27/Dec/2024:06:44:06 +0100] "GET /ticket2/opencms/se/ru/buy/?page=1&edid=F2FE555C-AC27-5AA8-8120-C9C64D18709B&sortorder=asc&column=row HTTP/1.1" 404 -
85.208.96.200 - - [27/Dec/2024:06:44:11 +0100] "GET /ticket2/opencms/et/magazine/article?title=avasta-la-liga-otseulekanded-osta-piletid-saidilt-ticket2 HTTP/1.1" 200 93840
135.181.213.219 - - [27/Dec/2024:06:44:12 +0100] "GET /ticket2/opencms/se/ru/buy/?page=6&comcatid=A17713B6-D984-201A-4143-ED4DB5ED5C2E&catid=4B941E1B-E4E2-C53E-C693-9FA91BBA9AD5 HTTP/1.1" 404 -
217.182.175.38 - - [27/Dec/2024:06:44:13 +0100] "GET /ticket2/opencms/se/robots.txt HTTP/1.1" 404 -
85.208.96.197 - - [27/Dec/2024:06:44:14 +0100] "GET /ticket2/opencms/fr/magazine/article?title=lucas-bergvall-un-nouveau-david-beckham HTTP/1.1" 200 93240
135.181.213.219 - - [27/Dec/2024:06:44:18 +0100] "GET /ticket2/opencms/se/ru/buy/?page=6&comcatid=A17713B6-D984-201A-4143-ED4DB5ED5C2E&catid=D8B345C9-F7A5-E620-4B43-C34EB0D6885B HTTP/1.1" 404 -
52.167.144.158 - - [27/Dec/2024:06:44:18 +0100] "GET /ticket2/opencms/sk/buy?page=1&edid=5222C7D8-8DAE-E54F-3083-BC30D29D0922 HTTP/1.1" 200 112038
52.167.144.158 - - [27/Dec/2024:06:44:19 +0100] "GET /ticket2/opencms/en/venue/?venueid=480A6B99-5B8C-629A-4599-8DBE2732DD37 HTTP/1.1" 200 84984
185.191.171.1 - - [27/Dec/2024:06:44:23 +0100] "GET /ticket2/opencms/de/sport/fussball-tickets/bundesliga/union_berlin/ HTTP/1.1" 200 99131
135.181.213.219 - - [27/Dec/2024:06:44:24 +0100] "GET /ticket2/opencms/se/ru/buy/?page=6&comcatid=A17713B6-D984-201A-4143-ED4DB5ED5C2E&catid=E961462E-5AC2-64D6-5850-A310C9DEAA06 HTTP/1.1" 404 -
40.77.167.60 - - [27/Dec/2024:06:44:30 +0100] "GET /ticket2/opencms/nl/magazine/article?title=pep-guardiolas-voetbalrevolutie-de-invloed-van-een-tactische-meester HTTP/1.1" 200 91859
135.181.213.219 - - [27/Dec/2024:06:44:30 +0100] "GET /ticket2/opencms/se/ru/buy/?page=6&comcatid=A17713B6-D984-201A-4143-ED4DB5ED5C2E&catid=F03B8ADD-988E-AE6A-8DBA-AF502C691C60 HTTP/1.1" 404 -
45.234.80.74 - - [27/Dec/2024:06:44:31 +0100] "GET /ticket2/opencms/en/sport/football-tickets/la-liga/ HTTP/1.1" 200 95926
217.182.175.38 - - [27/Dec/2024:06:44:32 +0100] "GET /ticket2/opencms/se/nl/buy/?page=1&edid=60786F6D-6ECB-0990-0FCC-6222D420623E&sortorder=asc&column=row HTTP/1.1" 404 -
135.181.213.219 - - [27/Dec/2024:06:44:36 +0100] "GET /ticket2/opencms/se/ru/buy/?page=6&comcatid=A17713B6-D984-201A-4143-ED4DB5ED5C2E&catid=FF8D7FE7-4B09-7305-01C7-2D47F7913EB8 HTTP/1.1" 404 -
135.181.213.219 - - [27/Dec/2024:06:44:41 +0100] "GET /ticket2/opencms/se/ru/login/?edid=099FDC21-9563-60C3-D538-CF137C642027 HTTP/1.1" 404 -
135.181.213.219 - - [27/Dec/2024:06:44:45 +0100] "GET /ticket2/opencms/se/ru/login/?edid=0D94D087-3A1B-6894-B476-4BF664218857 HTTP/1.1" 404 -
47.128.26.220 - - [27/Dec/2024:06:44:45 +0100] "GET /ticket2/opencms/sq/about/ HTTP/1.1" 500 -
185.191.171.11 - - [27/Dec/2024:06:44:46 +0100] "GET /ticket2/opencms/no/magazine/article?title=em-spillere-som-utmerker-seg HTTP/1.1" 200 92209
135.181.213.219 - - [27/Dec/2024:06:44:50 +0100] "GET /ticket2/opencms/se/ru/login/?edid=5264929B-CFC6-6130-39CF-A9B1A1C1211D HTTP/1.1" 404 -
135.181.213.219 - - [27/Dec/2024:06:44:54 +0100] "GET /ticket2/opencms/se/ru/login/?edid=7753EA52-7985-00A7-A9DB-D81E6156C674 HTTP/1.1" 404 -
111.119.236.183 - - [27/Dec/2024:06:44:56 +0100] "GET /ticket2/opencms/en/sport/football-tickets/premier_league/aston_villa HTTP/1.1" 200 99766
135.181.213.219 - - [27/Dec/2024:06:44:59 +0100] "GET /ticket2/opencms/se/ru/login/?edid=80F09B1E-DC1C-9CB6-D434-EBABD5638BB6 HTTP/1.1" 404 -
85.208.96.210 - - [27/Dec/2024:06:45:01 +0100] "GET /ticket2/opencms/mo/magazine/article?title=tottenham-burnley-2024-05-11 HTTP/1.1" 200 91145
135.181.213.219 - - [27/Dec/2024:06:45:03 +0100] "GET /ticket2/opencms/se/ru/login/?edid=A345B1C7-2ECE-CCA4-505F-B8BAF9A34AE9 HTTP/1.1" 404 -
8.210.8.206 - - [27/Dec/2024:06:45:05 +0100] "GET /ticket2/opencms/fi/buy/?page=1&edid=BC781D5C-058D-8CA8-2F4E-240C11D0769A HTTP/1.1" 200 118947
135.181.213.219 - - [27/Dec/2024:06:45:08 +0100] "GET /ticket2/opencms/se/ru/login/?edid=A9EB69E3-F598-8818-4039-B7E9BE6FE589 HTTP/1.1" 404 -
135.181.213.219 - - [27/Dec/2024:06:45:12 +0100] "GET /ticket2/opencms/se/ru/login/?edid=B48DB9DE-88DE-8188-5DC7-3BEC81F3F53F HTTP/1.1" 404 -
135.181.213.219 - - [27/Dec/2024:06:45:17 +0100] "GET /ticket2/opencms/se/ru/login/?edid=D43BFFD3-0461-0CBA-4DE5-DD2922B6A5EE HTTP/1.1" 404 -
135.181.213.219 - - [27/Dec/2024:06:45:21 +0100] "GET /ticket2/opencms/se/ru/login/?edid=E2111368-0A40-2CCB-2BED-6EDF87CADCB9 HTTP/1.1" 404 -
47.128.29.98 - - [27/Dec/2024:06:45:25 +0100] "GET /ticket2/opencms/is/magazine/article?title=hvernig-a-manchester-united-ad-takast-a-vid-kreppuna HTTP/1.1" 200 92625
85.208.96.196 - - [27/Dec/2024:06:45:25 +0100] "GET /ticket2/opencms/no/sport/fotballsbilletter/champions_league/newcastle/ HTTP/1.1" 200 88275
135.181.213.219 - - [27/Dec/2024:06:45:26 +0100] "GET /ticket2/opencms/se/ru/login/?edid=FC8166F8-5150-95FE-6FDF-33A45AACF965 HTTP/1.1" 404 -
85.208.96.199 - - [27/Dec/2024:06:45:29 +0100] "GET /ticket2/opencms/mo/magazine/article?title=viktor-gyokeres-sporting HTTP/1.1" 200 93350
135.181.213.219 - - [27/Dec/2024:06:45:31 +0100] "GET /ticket2/opencms/se/sv/buy/?page=1&edid=0129609A-3018-8F44-D6E1-E02EE1FA3514 HTTP/1.1" 404 -
135.181.213.219 - - [27/Dec/2024:06:45:35 +0100] "GET /ticket2/opencms/se/sv/buy/?page=1&edid=0139FA24-737E-1DAB-32CD-535D51C7669A HTTP/1.1" 404 -
135.181.213.219 - - [27/Dec/2024:06:45:40 +0100] "GET /ticket2/opencms/se/sv/buy/?page=1&edid=0154E95E-0A44-1BF2-0329-4E27FA15E52D HTTP/1.1" 404 -
166.108.225.144 - - [27/Dec/2024:06:45:43 +0100] "GET /ticket2/opencms/is/sport/fotbolti/la-liga/ HTTP/1.1" 200 101774
135.181.213.219 - - [27/Dec/2024:06:45:44 +0100] "GET /ticket2/opencms/se/sv/buy/?page=1&edid=02574B4C-87EB-6F72-914F-1B119C6EFE8B&sortorder=desc&column=section HTTP/1.1" 404 -
52.167.144.158 - - [27/Dec/2024:06:45:46 +0100] "GET /ticket2/opencms/dk/buy?page=1&edid=E071EAFD-3564-BE36-92D1-A61CC3B7631E HTTP/1.1" 200 111749
52.167.144.229 - - [27/Dec/2024:06:45:48 +0100] "GET /ticket2/opencms/sq/buy?comcatid=A17713B6-D984-201A-4143-ED4DB5ED5C2E&catid=64756941-02D2-3538-2077-8C2508F4A3A8 HTTP/1.1" 200 6410
135.181.213.219 - - [27/Dec/2024:06:45:49 +0100] "GET /ticket2/opencms/se/sv/buy/?page=1&edid=025FD187-2053-F99E-11DF-DFCE54A1DA14&sortorder=desc&column=row HTTP/1.1" 404 -
135.181.213.219 - - [27/Dec/2024:06:45:53 +0100] "GET /ticket2/opencms/se/sv/buy/?page=1&edid=027A8B66-DB53-72A0-2389-10E60933343B HTTP/1.1" 404 -
52.167.144.137 - - [27/Dec/2024:06:45:55 +0100] "GET /ticket2/opencms/fr/buy?page=1&edid=A6EF4FE9-AE81-1F17-8E2D-2A4D92605292 HTTP/1.1" 200 112949
135.181.213.219 - - [27/Dec/2024:06:45:58 +0100] "GET /ticket2/opencms/se/sv/buy/?page=1&edid=0300249E-0859-EC89-FAF2-5149FFD18BE5 HTTP/1.1" 404 -
135.181.213.219 - - [27/Dec/2024:06:46:03 +0100] "GET /ticket2/opencms/se/sv/buy/?page=1&edid=030DDF2F-DD7A-0173-2AC6-CABDCDC5EE6C HTTP/1.1" 404 -
52.167.144.160 - - [27/Dec/2024:06:46:03 +0100] "GET /ticket2/opencms/dk/buy?page=1&edid=BE03ED25-E3B3-00C9-A2E7-31E6C36DC2A7 HTTP/1.1" 200 111674
135.181.213.219 - - [27/Dec/2024:06:46:07 +0100] "GET /ticket2/opencms/se/sv/buy/?page=1&edid=030DDF2F-DD7A-0173-2AC6-CABDCDC5EE6C&sortorder=desc&column=row HTTP/1.1" 404 -
185.191.171.2 - - [27/Dec/2024:06:46:08 +0100] "GET /ticket2/opencms/nl/sport/voetbal-tickets/bundesliga/union_berlin/ HTTP/1.1" 200 92618
135.181.213.219 - - [27/Dec/2024:06:46:12 +0100] "GET /ticket2/opencms/se/sv/buy/?page=1&edid=030DDF2F-DD7A-0173-2AC6-CABDCDC5EE6C&sortorder=desc&column=section HTTP/1.1" 404 -
135.181.213.219 - - [27/Dec/2024:06:46:16 +0100] "GET /ticket2/opencms/se/sv/buy/?page=1&edid=03133821-DE96-A33B-D412-42869C53DA41 HTTP/1.1" 404 -
135.181.213.219 - - [27/Dec/2024:06:46:21 +0100] "GET /ticket2/opencms/se/sv/buy/?page=1&edid=0319A834-E4F8-1CF4-F8AD-79318D5E2742 HTTP/1.1" 404 -
85.208.96.210 - - [27/Dec/2024:06:46:22 +0100] "GET /ticket2/opencms/nl/magazine/article?title=burnley-fc HTTP/1.1" 200 89754
135.181.213.219 - - [27/Dec/2024:06:46:25 +0100] "GET /ticket2/opencms/se/sv/buy/?page=1&edid=03208385-D01E-F3E2-867D-8006D926BFD1 HTTP/1.1" 404 -
47.128.22.90 - - [27/Dec/2024:06:46:25 +0100] "GET /ticket2/opencms/sq/about/contact HTTP/1.1" 200 86110
52.167.144.137 - - [27/Dec/2024:06:46:26 +0100] "GET /ticket2/opencms/bg/buy?page=1&edid=56B38CDE-C52C-9D5C-A997-D65F4CB742AB HTTP/1.1" 200 144907
47.128.22.90 - - [27/Dec/2024:06:46:27 +0100] "GET /ticket2/opencms/system/modules/com.gridnine.opencms.ticketbrokerage.site/resources/css/images/event-banner.png HTTP/1.1" 404 -
52.167.144.229 - - [27/Dec/2024:06:46:27 +0100] "GET /ticket2/opencms/hy/buy?page=1&edid=4FF3C1AE-83B3-493A-B1E5-3C7E7F150C9A HTTP/1.1" 404 -
135.181.213.219 - - [27/Dec/2024:06:46:30 +0100] "GET /ticket2/opencms/se/sv/buy/?page=1&edid=0331FABF-937C-A28B-1B71-61F7E8D0C892 HTTP/1.1" 404 -
135.181.213.219 - - [27/Dec/2024:06:46:35 +0100] "GET /ticket2/opencms/se/sv/buy/?page=1&edid=03337102-274E-EF7A-5BBB-8B18B768E4C2 HTTP/1.1" 404 -
114.119.157.43 - - [27/Dec/2024:06:46:36 +0100] "GET /ticket2/opencms/sv/buy?page=1&=B0B9EEF7-BE5C-51BB-B8C6-90A0B7172389 HTTP/1.1" 200 6507
185.191.171.9 - - [27/Dec/2024:06:46:38 +0100] "GET /ticket2/opencms/sv/magazine/article?title=em-sandningar HTTP/1.1" 200 92838
85.208.96.206 - - [27/Dec/2024:06:46:38 +0100] "GET /ticket2/opencms/en/sport/football-tickets/la-liga/granada/ HTTP/1.1" 200 87185
85.208.96.210 - - [27/Dec/2024:06:46:38 +0100] "GET /ticket2/opencms/fi/urheilu/jalkapallo/la-liga/celta_vigo/ HTTP/1.1" 200 93567
135.181.213.219 - - [27/Dec/2024:06:46:39 +0100] "GET /ticket2/opencms/se/sv/buy/?page=1&edid=03337102-274E-EF7A-5BBB-8B18B768E4C2&sortorder=asc&column=row HTTP/1.1" 404 -
135.181.213.219 - - [27/Dec/2024:06:46:44 +0100] "GET /ticket2/opencms/se/sv/buy/?page=1&edid=03337102-274E-EF7A-5BBB-8B18B768E4C2&sortorder=asc&column=section HTTP/1.1" 404 -
185.191.171.14 - - [27/Dec/2024:06:46:45 +0100] "GET /ticket2/opencms/fi/magazine/article?title=vinicius-jr HTTP/1.1" 200 91846
185.191.171.2 - - [27/Dec/2024:06:46:46 +0100] "GET /ticket2/opencms/de/sport/fussball-tickets/la_liga/barcelona/ HTTP/1.1" 200 96800
135.181.213.219 - - [27/Dec/2024:06:46:48 +0100] "GET /ticket2/opencms/se/sv/buy/?page=1&edid=0A5CEFC4-5394-480F-FEA6-3D833FDD726F HTTP/1.1" 404 -
85.208.96.198 - - [27/Dec/2024:06:46:52 +0100] "GET /ticket2/opencms/no/sport/fotballsbilletter/la_liga/atletico_madrid/ HTTP/1.1" 200 93278
135.181.213.219 - - [27/Dec/2024:06:46:53 +0100] "GET /ticket2/opencms/se/sv/buy/?page=1&edid=0A5CEFC4-5394-480F-FEA6-3D833FDD726F&sortorder=desc&column=price HTTP/1.1" 404 -
135.181.213.219 - - [27/Dec/2024:06:46:58 +0100] "GET /ticket2/opencms/se/sv/buy/?page=1&edid=0AB20BDC-9FF9-D7F9-B52D-D99550E68013 HTTP/1.1" 404 -
85.208.96.198 - - [27/Dec/2024:06:46:58 +0100] "GET /ticket2/opencms/pl/selling_tickets/ HTTP/1.1" 500 -
85.208.96.206 - - [27/Dec/2024:06:47:00 +0100] "GET /ticket2/opencms/no/sport/fotballsbilletter/champions_league/manchester_united/ HTTP/1.1" 200 88266
46.195.95.5 - - [27/Dec/2024:06:47:00 +0100] "GET /ticket2/opencms/sv/buy/?page=1&edid=1AD4E11C-C792-1721-4D1A-2229101A30FD&hlv=66ccb377-5dd8-4296-8264-61a10a01000f HTTP/1.1" 200 147974
47.128.62.208 - - [27/Dec/2024:06:47:02 +0100] "GET /ticket2/opencms/lt/magazine/article?title=lucas-bergvall-naujasis-davidas-beckhamas HTTP/1.1" 200 92675
135.181.213.219 - - [27/Dec/2024:06:47:02 +0100] "GET /ticket2/opencms/se/sv/buy/?page=1&edid=0AB20BDC-9FF9-D7F9-B52D-D99550E68013&sortorder=desc&column=row HTTP/1.1" 404 -
40.77.167.35 - - [27/Dec/2024:06:47:03 +0100] "GET /ticket2/opencms/nl/magazine/article?title=winnaar-van-de-gouden-bal-2024 HTTP/1.1" 200 91253
135.181.213.219 - - [27/Dec/2024:06:47:07 +0100] "GET /ticket2/opencms/se/sv/buy/?page=1&edid=0AB3DF35-C143-1804-D7B0-4D3E0C806A26 HTTP/1.1" 404 -
185.191.171.1 - - [27/Dec/2024:06:47:07 +0100] "GET /ticket2/opencms/es/magazine/article?title=arsenal-se-acerca-a-liverpool HTTP/1.1" 200 92613
135.181.213.219 - - [27/Dec/2024:06:47:11 +0100] "GET /ticket2/opencms/se/sv/buy/?page=1&edid=0AE7C32B-B1C7-7742-D249-80E6AE5C0B1C HTTP/1.1" 404 -
135.181.213.219 - - [27/Dec/2024:06:47:16 +0100] "GET /ticket2/opencms/se/sv/buy/?page=1&edid=0AE7C32B-B1C7-7742-D249-80E6AE5C0B1C&sortorder=asc&column=price HTTP/1.1" 404 -
185.191.171.4 - - [27/Dec/2024:06:47:16 +0100] "GET /ticket2/opencms/no/magazine/article?title=bournemouth HTTP/1.1" 200 92642
185.191.171.12 - - [27/Dec/2024:06:47:16 +0100] "GET /ticket2/opencms/sv/sport/fotbollsbiljetter/la_liga/leganes/ HTTP/1.1" 200 98768
114.119.154.207 - - [27/Dec/2024:06:47:17 +0100] "GET /ticket2/opencms/en/venue/?venueid=E6204074-AB92-38FC-E60D-184F55E9757A HTTP/1.1" 200 85039
52.167.144.160 - - [27/Dec/2024:06:47:18 +0100] "GET /ticket2/opencms/pl/buy?page=1&edid=219AE79C-6EBE-5673-1927-EBB79F47B995 HTTP/1.1" 200 109651
135.181.213.219 - - [27/Dec/2024:06:47:20 +0100] "GET /ticket2/opencms/se/sv/buy/?page=1&edid=0B1DFE74-E96C-992F-F64C-5709A1D86A1D HTTP/1.1" 404 -
135.181.213.219 - - [27/Dec/2024:06:47:24 +0100] "GET /ticket2/opencms/se/sv/buy/?page=1&edid=0B66C0ED-F330-0E66-98ED-3B05F1580DB7&sortorder=asc&column=row HTTP/1.1" 404 -
135.181.213.219 - - [27/Dec/2024:06:47:29 +0100] "GET /ticket2/opencms/se/sv/buy/?page=1&edid=0B66C0ED-F330-0E66-98ED-3B05F1580DB7&sortorder=desc&column=price HTTP/1.1" 404 -
135.181.213.219 - - [27/Dec/2024:06:47:33 +0100] "GET /ticket2/opencms/se/sv/buy/?page=1&edid=0B66C0ED-F330-0E66-98ED-3B05F1580DB7&sortorder=desc&column=section HTTP/1.1" 404 -
193.70.81.116 - - [27/Dec/2024:06:47:37 +0100] "GET /ticket2/opencms/robots.txt HTTP/1.1" 200 773
135.181.213.219 - - [27/Dec/2024:06:47:38 +0100] "GET /ticket2/opencms/se/sv/buy/?page=1&edid=0B99F264-DDE8-4DC8-6523-EAB707062740 HTTP/1.1" 404 -
89.246.241.14 - - [27/Dec/2024:06:47:38 +0100] "GET /ticket2/opencms/en/buy?page=1&edid=DE6EAF1E-F0E3-BCEF-6FE9-789554B2D96C HTTP/1.1" 200 123328
193.70.81.116 - - [27/Dec/2024:06:47:42 +0100] "GET /ticket2/opencms/it/magazine/article?%20Error%20reading%20resource%20from%20path HTTP/1.1" 200 88531
135.181.213.219 - - [27/Dec/2024:06:47:43 +0100] "GET /ticket2/opencms/se/sv/buy/?page=1&edid=0BDDE4B9-AAB0-03E7-CA27-8EE4DAC570B1 HTTP/1.1" 404 -
185.191.171.1 - - [27/Dec/2024:06:47:45 +0100] "GET /ticket2/opencms/sv/magazine/vad_ar_fotboll HTTP/1.1" 200 92069
135.181.213.219 - - [27/Dec/2024:06:47:47 +0100] "GET /ticket2/opencms/se/sv/buy/?page=1&edid=0BDDE4B9-AAB0-03E7-CA27-8EE4DAC570B1&sortorder=desc&column=row HTTP/1.1" 404 -
193.70.81.116 - - [27/Dec/2024:06:47:47 +0100] "GET /ticket2/opencms/sv/magazine/Arsenal%20slutade%20p%C3%A5%20andra%20plats%20i%20Premier%20League%20f%C3%B6r%20andra%20%C3%A5ret%20i%20rad,%20och%20vill%20nu%20ta%20nya%20tag. HTTP/1.1" 404 -
193.70.81.116 - - [27/Dec/2024:06:47:51 +0100] "GET /ticket2/opencms/sv/magazine/Liverpool%20FC%20tar%20emot%20Tottenham%20p%C3%A5%20Anfieled%202024-05-05 HTTP/1.1" 404 -
135.181.213.219 - - [27/Dec/2024:06:47:51 +0100] "GET /ticket2/opencms/se/sv/buy/?page=1&edid=0C3824AA-A8DC-8601-308D-FCE0BC3A1BA7 HTTP/1.1" 404 -
85.208.96.195 - - [27/Dec/2024:06:47:54 +0100] "GET /ticket2/opencms/fr/sport/billets-football/champions-league/anderlecht/ HTTP/1.1" 200 97304
135.181.213.219 - - [27/Dec/2024:06:47:56 +0100] "GET /ticket2/opencms/se/sv/buy/?page=1&edid=0C964CA7-3C45-535D-15FE-520A14005C78&sortorder=desc&column=row HTTP/1.1" 404 -
85.208.96.212 - - [27/Dec/2024:06:47:56 +0100] "GET /ticket2/opencms/fi/magazine/article?title=liverpool-fc-jalkapallojoukkueesta HTTP/1.1" 200 94181
85.208.96.198 - - [27/Dec/2024:06:47:58 +0100] "GET /ticket2/opencms/mo/magazine/article?title=chelsea-fc HTTP/1.1" 200 93684
193.70.81.116 - - [27/Dec/2024:06:47:58 +0100] "GET /ticket2/opencms/sv/magazine/article?%20Error%20reading%20resource%20from%20path HTTP/1.1" 200 88014
135.181.213.219 - - [27/Dec/2024:06:48:00 +0100] "GET /ticket2/opencms/se/sv/buy/?page=1&edid=0CBB46CA-9AD5-9B88-BA0F-7754E32E2606 HTTP/1.1" 404 -
135.181.213.219 - - [27/Dec/2024:06:48:05 +0100] "GET /ticket2/opencms/se/sv/buy/?page=1&edid=0CBB46CA-9AD5-9B88-BA0F-7754E32E2606&sortorder=desc&column=row HTTP/1.1" 404 -
47.128.111.29 - - [27/Dec/2024:06:48:06 +0100] "GET /ticket2/opencms/hu/magazine/ HTTP/1.1" 200 150417
135.181.213.219 - - [27/Dec/2024:06:48:10 +0100] "GET /ticket2/opencms/se/sv/buy/?page=1&edid=0D1729EF-710B-2D13-DB42-A36239A78C15&sortorder=asc&column=section HTTP/1.1" 404 -
47.128.111.29 - - [27/Dec/2024:06:48:13 +0100] "GET /ticket2/opencms/img/null HTTP/1.1" 404 -
135.181.213.219 - - [27/Dec/2024:06:48:14 +0100] "GET /ticket2/opencms/se/sv/buy/?page=1&edid=0D262F5F-0D87-ACD9-5E95-25F64894D8E7 HTTP/1.1" 404 -
47.128.111.29 - - [27/Dec/2024:06:48:18 +0100] "GET /ticket2/opencms/img/shutterstock_2322043435.jpg HTTP/1.1" 200 14587260
47.128.111.29 - - [27/Dec/2024:06:48:19 +0100] "GET /ticket2/opencms/img/shutterstock_1482475556.jpg HTTP/1.1" 200 12169847
135.181.213.219 - - [27/Dec/2024:06:48:19 +0100] "GET /ticket2/opencms/se/sv/buy/?page=1&edid=0E11DE36-D2C8-0BC0-B9F9-E9388C9EDF0E HTTP/1.1" 404 -
185.191.171.7 - - [27/Dec/2024:06:48:22 +0100] "GET /ticket2/opencms/nl/magazine/article?title=crystal-palace HTTP/1.1" 200 92031
114.119.141.206 - - [27/Dec/2024:06:48:23 +0100] "GET /ticket2/opencms/en/sell/?edid=AE0E81B2-3EB3-64B6-5AC3-AA8704F5A6E6 HTTP/1.1" 302 -
135.181.213.219 - - [27/Dec/2024:06:48:23 +0100] "GET /ticket2/opencms/se/sv/buy/?page=1&edid=0E11DE36-D2C8-0BC0-B9F9-E9388C9EDF0E&sortorder=asc&column=price HTTP/1.1" 404 -
47.128.111.29 - - [27/Dec/2024:06:48:24 +0100] "GET /ticket2/opencms/img/shutterstock_1793283961.jpg HTTP/1.1" 200 47721623
114.119.141.206 - - [27/Dec/2024:06:48:27 +0100] "GET /ticket2/opencms/en/login/?url=/en/sell/ HTTP/1.1" 200 89809
135.181.213.219 - - [27/Dec/2024:06:48:28 +0100] "GET /ticket2/opencms/se/sv/buy/?page=1&edid=0E11DE36-D2C8-0BC0-B9F9-E9388C9EDF0E&sortorder=asc&column=row HTTP/1.1" 404 -
85.208.96.198 - - [27/Dec/2024:06:48:29 +0100] "GET /ticket2/opencms/sk/magazine/article?title=allsvenskan-svedska-futbalova-premier-league HTTP/1.1" 200 93482
135.181.213.219 - - [27/Dec/2024:06:48:32 +0100] "GET /ticket2/opencms/se/sv/buy/?page=1&edid=0E235ACA-1CAC-E7C2-BDAF-D07674AD58A3 HTTP/1.1" 404 -
135.181.213.219 - - [27/Dec/2024:06:48:37 +0100] "GET /ticket2/opencms/se/sv/buy/?page=1&edid=101C9D03-41F4-068B-AD6E-B79B3A86271B&sortorder=desc&column=row HTTP/1.1" 404 -
114.119.133.220 - - [27/Dec/2024:06:48:37 +0100] "GET /ticket2/opencms/en/venue/?countryid=E1B3F038-2C75-F5F0-10E7-1C4055EF4908 HTTP/1.1" 200 114441
47.128.127.110 - - [27/Dec/2024:06:48:39 +0100] "GET /ticket2/opencms/sk/buy?catid=2FC3D548-EAF9-1354-0CD2-7D7619DA2334&comcatid=A17713B6-D984-201A-4143-ED4DB5ED5C2E HTTP/1.1" 200 6410
135.181.213.219 - - [27/Dec/2024:06:48:41 +0100] "GET /ticket2/opencms/se/sv/buy/?page=1&edid=104C3244-DF16-AE6C-1D80-9200EA2CEADE HTTP/1.1" 404 -
135.181.213.219 - - [27/Dec/2024:06:48:46 +0100] "GET /ticket2/opencms/se/sv/buy/?page=1&edid=10515F0B-6422-A692-0748-D7547F0F118B HTTP/1.1" 404 -
47.128.49.15 - - [27/Dec/2024:06:48:46 +0100] "GET /ticket2/opencms/az/magazine/article?title=cristiano-ronaldo HTTP/1.1" 200 93884
135.181.213.219 - - [27/Dec/2024:06:48:50 +0100] "GET /ticket2/opencms/se/sv/buy/?page=1&edid=1055D4C3-6294-B312-F201-0E11C346F796 HTTP/1.1" 404 -
135.181.213.219 - - [27/Dec/2024:06:48:55 +0100] "GET /ticket2/opencms/se/sv/buy/?page=1&edid=106FABEB-1625-76C0-96E9-569261E1AC5D HTTP/1.1" 404 -
135.181.213.219 - - [27/Dec/2024:06:48:59 +0100] "GET /ticket2/opencms/se/sv/buy/?page=1&edid=10A62337-6080-4764-6B3B-E77181019E55 HTTP/1.1" 404 -
185.191.171.12 - - [27/Dec/2024:06:49:01 +0100] "GET /ticket2/opencms/no/magazine/article?title=om-tottenham-hotspur-stadium HTTP/1.1" 200 98094
135.181.213.219 - - [27/Dec/2024:06:49:04 +0100] "GET /ticket2/opencms/se/sv/buy/?page=1&edid=10FBE5D4-FAB6-B08C-61D0-4B7EDF5E3DDE HTTP/1.1" 404 -
135.181.213.219 - - [27/Dec/2024:06:49:09 +0100] "GET /ticket2/opencms/se/sv/buy/?page=1&edid=149E4898-886E-801A-DF9C-A6639D44D86F HTTP/1.1" 404 -
207.46.13.87 - - [27/Dec/2024:06:49:12 +0100] "GET /ticket2/opencms/no/magazine/article?title=chelsea-fcs-og-deres-kamp-for-stabilitet HTTP/1.1" 200 93218
135.181.213.219 - - [27/Dec/2024:06:49:13 +0100] "GET /ticket2/opencms/se/sv/buy/?page=1&edid=14DC85A8-0F78-E63B-3823-C6D5EDB81837 HTTP/1.1" 404 -
135.181.213.219 - - [27/Dec/2024:06:49:18 +0100] "GET /ticket2/opencms/se/sv/buy/?page=1&edid=170B7C37-4D9B-E3BF-6BC3-C68341796D2F HTTP/1.1" 404 -
135.181.213.219 - - [27/Dec/2024:06:49:23 +0100] "GET /ticket2/opencms/se/sv/buy/?page=1&edid=17644B1D-96B7-5921-016D-CFFC93315595&sortorder=desc&column=row HTTP/1.1" 404 -
114.119.151.93 - - [27/Dec/2024:06:49:23 +0100] "GET /ticket2/opencms/sv/buy?page=1&=0DB336ED-B184-1B25-4EA8-B6E94BBC2DBC HTTP/1.1" 200 6507
47.128.111.88 - - [27/Dec/2024:06:49:25 +0100] "GET /ticket2/opencms/el/?comcatid=A17713B6-D984-201A-4143-ED4DB5ED5C2E HTTP/1.1" 200 104792
135.181.213.219 - - [27/Dec/2024:06:49:27 +0100] "GET /ticket2/opencms/se/sv/buy/?page=1&edid=17691BA0-3B62-7E67-D3D1-B182892E58DB HTTP/1.1" 404 -
89.200.205.35 - - [27/Dec/2024:06:49:28 +0100] "GET /ticket2/opencms/tr/ HTTP/1.1" 200 101855
135.181.213.219 - - [27/Dec/2024:06:49:32 +0100] "GET /ticket2/opencms/se/sv/buy/?page=1&edid=18867CA9-F302-883E-4054-B8E0E1ADD001 HTTP/1.1" 404 -
52.167.144.25 - - [27/Dec/2024:06:49:33 +0100] "GET /ticket2/opencms/hu/buy?page=1&edid=39083131-8632-F8DF-B271-1D574322B64F HTTP/1.1" 200 110079
135.181.213.219 - - [27/Dec/2024:06:49:36 +0100] "GET /ticket2/opencms/se/sv/buy/?page=1&edid=18B9826D-BF4F-EA00-8C87-B4D46442558C HTTP/1.1" 404 -
135.181.213.219 - - [27/Dec/2024:06:49:41 +0100] "GET /ticket2/opencms/se/sv/buy/?page=1&edid=19E6AA26-8C71-91B2-57B1-FE9ADF08994E HTTP/1.1" 404 -
135.181.213.219 - - [27/Dec/2024:06:49:45 +0100] "GET /ticket2/opencms/se/sv/buy/?page=1&edid=1B801A64-96B5-0112-77E4-90CAC084F9B9 HTTP/1.1" 404 -
185.191.171.14 - - [27/Dec/2024:06:49:48 +0100] "GET /ticket2/opencms/fi/urheilu/jalkapallo/serie_a/milan/ HTTP/1.1" 200 98059
135.181.213.219 - - [27/Dec/2024:06:49:49 +0100] "GET /ticket2/opencms/se/sv/buy/?page=1&edid=1BC4CE70-7556-3284-DF2A-952AAB199E2A HTTP/1.1" 404 -
135.181.213.219 - - [27/Dec/2024:06:49:54 +0100] "GET /ticket2/opencms/se/sv/buy/?page=1&edid=1D16690E-29B1-A5C0-6F37-F627AE404F8F&sortorder=asc&column=price HTTP/1.1" 404 -
52.167.144.160 - - [27/Dec/2024:06:49:58 +0100] "GET /ticket2/opencms/mo/buy?page=1&edid=525CC8ED-4243-A253-ADD9-E32F396C2C4C HTTP/1.1" 200 109863
135.181.213.219 - - [27/Dec/2024:06:49:58 +0100] "GET /ticket2/opencms/se/sv/buy/?page=1&edid=1D16690E-29B1-A5C0-6F37-F627AE404F8F&sortorder=asc&column=row HTTP/1.1" 404 -
135.181.213.219 - - [27/Dec/2024:06:50:03 +0100] "GET /ticket2/opencms/se/sv/buy/?page=1&edid=1D16690E-29B1-A5C0-6F37-F627AE404F8F&sortorder=asc&column=section HTTP/1.1" 404 -
185.191.171.9 - - [27/Dec/2024:06:50:06 +0100] "GET /ticket2/opencms/fi/magazine/article?title=liverpool-vs-tottenham HTTP/1.1" 200 91859
85.208.96.200 - - [27/Dec/2024:06:50:07 +0100] "GET /ticket2/opencms/az/magazine/article?title=transfer-penceresini-daha-tez-baglamaq HTTP/1.1" 200 92757
135.181.213.219 - - [27/Dec/2024:06:50:08 +0100] "GET /ticket2/opencms/se/sv/buy/?page=1&edid=1EF4E706-5097-0A86-8C15-17846FC7046D HTTP/1.1" 404 -
135.181.213.219 - - [27/Dec/2024:06:50:12 +0100] "GET /ticket2/opencms/se/sv/buy/?page=1&edid=1FD00E9B-3A03-E379-9B08-FF7D16F1A6A6 HTTP/1.1" 404 -
47.128.126.45 - - [27/Dec/2024:06:50:16 +0100] "GET /ticket2/opencms/mo/sport/bilete-la-fotbal/champions-league/napoli/ HTTP/1.1" 200 92645
135.181.213.219 - - [27/Dec/2024:06:50:17 +0100] "GET /ticket2/opencms/se/sv/buy/?page=1&edid=1FD934D8-9A8F-2315-FD16-0884AFD61884 HTTP/1.1" 404 -
135.181.213.219 - - [27/Dec/2024:06:50:21 +0100] "GET /ticket2/opencms/se/sv/buy/?page=1&edid=2037F1F4-3AC9-7D0D-D653-6187E617C819 HTTP/1.1" 404 -
52.167.144.229 - - [27/Dec/2024:06:50:24 +0100] "GET /ticket2/opencms/bg/?page=6&comcatid=A17713B6-D984-201A-4143-ED4DB5ED5C2E&catid=42C82D82-D02A-8562-E55C-48ADB3771882 HTTP/1.1" 200 103414
135.181.213.219 - - [27/Dec/2024:06:50:26 +0100] "GET /ticket2/opencms/se/sv/buy/?page=1&edid=20599C7A-7B16-1AE0-93EB-CF44D71F2D6D HTTP/1.1" 404 -
52.167.144.160 - - [27/Dec/2024:06:50:26 +0100] "GET /ticket2/opencms/mt/buy?page=1&edid=C1909DD5-0220-3110-1A79-CF1D777040F3 HTTP/1.1" 200 110029
135.181.213.219 - - [27/Dec/2024:06:50:30 +0100] "GET /ticket2/opencms/se/sv/buy/?page=1&edid=20C1AD53-6A65-5759-88A8-7AC99619D561&sortorder=desc&column=row HTTP/1.1" 404 -
135.181.213.219 - - [27/Dec/2024:06:50:35 +0100] "GET /ticket2/opencms/se/sv/buy/?page=1&edid=211AADC4-C215-DB44-1307-B1B03F5F922B HTTP/1.1" 404 -
135.181.213.219 - - [27/Dec/2024:06:50:39 +0100] "GET /ticket2/opencms/se/sv/buy/?page=1&edid=213A241C-CBD1-63CB-002B-7734E06AD58D HTTP/1.1" 404 -
185.191.171.4 - - [27/Dec/2024:06:50:44 +0100] "GET /ticket2/opencms/en/sport/football-tickets/bundesliga/werder_bremen/ HTTP/1.1" 200 99030
135.181.213.219 - - [27/Dec/2024:06:50:44 +0100] "GET /ticket2/opencms/se/sv/buy/?page=1&edid=21864DD1-06B6-914E-55C3-EE8A66B7F27C HTTP/1.1" 404 -
124.243.179.229 - - [27/Dec/2024:06:50:48 +0100] "GET /ticket2/opencms/en/buy/?page=1&edid=DD14CC82-883B-BD06-4306-EBD494AA1804 HTTP/1.1" 200 135444
52.167.144.229 - - [27/Dec/2024:06:50:48 +0100] "GET /ticket2/opencms/lv/buy?page=1&edid=13CEE059-8BDC-0A5A-CA01-BB02D06808BB HTTP/1.1" 200 111915
135.181.213.219 - - [27/Dec/2024:06:50:49 +0100] "GET /ticket2/opencms/se/sv/buy/?page=1&edid=21864DD1-06B6-914E-55C3-EE8A66B7F27C&sortorder=asc&column=price HTTP/1.1" 404 -
85.208.96.205 - - [27/Dec/2024:06:50:49 +0100] "GET /ticket2/opencms/dk/sport/fodboldbilletter/premier-league/ HTTP/1.1" 200 97240
52.167.144.25 - - [27/Dec/2024:06:50:53 +0100] "GET /ticket2/opencms/it/buy?page=10&eventid=634D2581-663A-DE19-7C72-20C596DE0600 HTTP/1.1" 200 6410
135.181.213.219 - - [27/Dec/2024:06:50:53 +0100] "GET /ticket2/opencms/se/sv/buy/?page=1&edid=21AF03A2-2F1D-66D0-BFA2-40F5742741D8 HTTP/1.1" 404 -
185.191.171.3 - - [27/Dec/2024:06:50:54 +0100] "GET /ticket2/opencms/mo/magazine/article?title=legendaren-i-intensiv-ordvaxling-med-supportern HTTP/1.1" 200 91278
135.181.213.219 - - [27/Dec/2024:06:50:58 +0100] "GET /ticket2/opencms/se/sv/buy/?page=1&edid=22067566-643A-AA4F-0095-4F8E05FA13EC HTTP/1.1" 404 -
135.181.213.219 - - [27/Dec/2024:06:51:02 +0100] "GET /ticket2/opencms/se/sv/buy/?page=1&edid=22067566-643A-AA4F-0095-4F8E05FA13EC&sortorder=desc&column=price HTTP/1.1" 404 -
52.167.144.160 - - [27/Dec/2024:06:51:05 +0100] "GET /ticket2/opencms/lt/buy?page=6&comcatid=A17713B6-D984-201A-4143-ED4DB5ED5C2E&catid=70B37487-FE30-D476-CAE7-E6AFEA3153F2 HTTP/1.1" 200 6410
135.181.213.219 - - [27/Dec/2024:06:51:07 +0100] "GET /ticket2/opencms/se/sv/buy/?page=1&edid=22067566-643A-AA4F-0095-4F8E05FA13EC&sortorder=desc&column=row HTTP/1.1" 404 -
135.181.213.219 - - [27/Dec/2024:06:51:12 +0100] "GET /ticket2/opencms/se/sv/buy/?page=1&edid=22B6ACE9-E5D9-B5BE-CEF2-FFB86A1A7434 HTTP/1.1" 404 -
52.167.144.160 - - [27/Dec/2024:06:51:14 +0100] "GET /ticket2/opencms/az/buy?page=1&edid=2C538FDD-3C52-6C4F-20BD-65D603C9DD1A HTTP/1.1" 200 112686
135.181.213.219 - - [27/Dec/2024:06:51:16 +0100] "GET /ticket2/opencms/se/sv/buy/?page=1&edid=230AAE36-9FEC-B042-69CD-50B112CE56DC HTTP/1.1" 404 -
135.181.213.219 - - [27/Dec/2024:06:51:20 +0100] "GET /ticket2/opencms/se/sv/buy/?page=1&edid=2339F593-864E-624A-018C-2F88448B6000 HTTP/1.1" 404 -
135.181.213.219 - - [27/Dec/2024:06:51:25 +0100] "GET /ticket2/opencms/se/sv/buy/?page=1&edid=23538BB3-9FD4-8D9B-243A-AA2603640F65 HTTP/1.1" 404 -
135.181.213.219 - - [27/Dec/2024:06:51:29 +0100] "GET /ticket2/opencms/se/sv/buy/?page=1&edid=23538BB3-9FD4-8D9B-243A-AA2603640F65&sortorder=asc&column=section HTTP/1.1" 404 -
135.181.213.219 - - [27/Dec/2024:06:51:34 +0100] "GET /ticket2/opencms/se/sv/buy/?page=1&edid=23538BB3-9FD4-8D9B-243A-AA2603640F65&sortorder=desc&column=section HTTP/1.1" 404 -
217.182.175.38 - - [27/Dec/2024:06:51:36 +0100] "GET /ticket2/opencms/se/nl/buy/?page=1&edid=60CC2C09-82B0-47D4-2A40-416D054D80D9&sortorder=asc&column=price HTTP/1.1" 404 -
85.208.96.202 - - [27/Dec/2024:06:51:38 +0100] "GET /ticket2/opencms/admin/index.html HTTP/1.1" 401 -
135.181.213.219 - - [27/Dec/2024:06:51:38 +0100] "GET /ticket2/opencms/se/sv/buy/?page=1&edid=2385A97C-ADBC-714E-058F-F9D1A81366A6&sortorder=desc&column=row HTTP/1.1" 404 -
135.181.213.219 - - [27/Dec/2024:06:51:43 +0100] "GET /ticket2/opencms/se/sv/buy/?page=1&edid=2385A97C-ADBC-714E-058F-F9D1A81366A6&sortorder=desc&column=section HTTP/1.1" 404 -
135.181.213.219 - - [27/Dec/2024:06:51:47 +0100] "GET /ticket2/opencms/se/sv/buy/?page=1&edid=238FA49B-72B2-BE0E-F204-90EDB39CCE4C HTTP/1.1" 404 -
217.182.175.38 - - [27/Dec/2024:06:51:52 +0100] "GET /ticket2/opencms/se/nl/buy/?page=1&edid=65DE09A5-CD2E-4A41-80F5-C70B8B080A91&sortorder=asc&column=price HTTP/1.1" 404 -
135.181.213.219 - - [27/Dec/2024:06:51:52 +0100] "GET /ticket2/opencms/se/sv/buy/?page=1&edid=238FA49B-72B2-BE0E-F204-90EDB39CCE4C&sortorder=desc&column=price HTTP/1.1" 404 -
47.128.30.65 - - [27/Dec/2024:06:51:53 +0100] "GET /ticket2/opencms/hu/buy/?edid=1AEC2618-DE69-59D6-4D54-AF36D227A6D5 HTTP/1.1" 200 92714
135.181.213.219 - - [27/Dec/2024:06:51:56 +0100] "GET /ticket2/opencms/se/sv/buy/?page=1&edid=23D7FD2C-27AD-2624-2564-DE4AA8FD53DE HTTP/1.1" 404 -
213.180.203.161 - - [27/Dec/2024:06:51:57 +0100] "GET /ticket2/opencms/sv/sport/fotbollsbiljetter/ HTTP/1.1" 200 95560
135.181.213.219 - - [27/Dec/2024:06:52:01 +0100] "GET /ticket2/opencms/se/sv/buy/?page=1&edid=23D83870-239A-66D6-55DA-D0C239CEB5E8 HTTP/1.1" 404 -
135.181.213.219 - - [27/Dec/2024:06:52:06 +0100] "GET /ticket2/opencms/se/sv/buy/?page=1&edid=242A560A-40C1-4036-A445-6155711765BE&sortorder=asc&column=price HTTP/1.1" 404 -
47.128.42.10 - - [27/Dec/2024:06:52:06 +0100] "GET /ticket2/opencms/robots.txt HTTP/1.1" 200 773
217.182.175.38 - - [27/Dec/2024:06:52:08 +0100] "GET /ticket2/opencms/se/nl/buy/?page=1&edid=67C72F40-8641-0188-CA82-23407E250481&sortorder=asc&column=row HTTP/1.1" 404 -
135.181.213.219 - - [27/Dec/2024:06:52:10 +0100] "GET /ticket2/opencms/se/sv/buy/?page=1&edid=242A560A-40C1-4036-A445-6155711765BE&sortorder=asc&column=section HTTP/1.1" 404 -
185.191.171.10 - - [27/Dec/2024:06:52:11 +0100] "GET /ticket2/opencms/robots.txt HTTP/1.1" 200 773
185.191.171.1 - - [27/Dec/2024:06:52:12 +0100] "GET /ticket2/opencms/fi/magazine/article?title=vinicius-jr HTTP/1.1" 200 91830
114.119.157.43 - - [27/Dec/2024:06:52:13 +0100] "GET /ticket2/opencms/sr/buy?page=1&=DEAFC2C2-F426-D691-6E5C-FCBBF4DFF1AF HTTP/1.1" 200 6507
85.208.96.196 - - [27/Dec/2024:06:52:13 +0100] "GET /ticket2/opencms/no/buying_tickets/ HTTP/1.1" 200 90581
47.128.62.199 - - [27/Dec/2024:06:52:14 +0100] "GET /ticket2/opencms/is/buy/?edid=59EE7C1E-928C-0B67-F8CD-0935739262E0 HTTP/1.1" 200 92389
135.181.213.219 - - [27/Dec/2024:06:52:15 +0100] "GET /ticket2/opencms/se/sv/buy/?page=1&edid=243CE139-16E3-27B0-9E14-664999F785C0 HTTP/1.1" 404 -
114.119.130.178 - - [27/Dec/2024:06:52:18 +0100] "GET /ticket2/opencms/en/venue/?venueid=C7AA5792-84B6-B218-74FE-1EF0121317B1 HTTP/1.1" 200 85064
135.181.213.219 - - [27/Dec/2024:06:52:19 +0100] "GET /ticket2/opencms/se/sv/buy/?page=1&edid=243CE139-16E3-27B0-9E14-664999F785C0&sortorder=asc&column=row HTTP/1.1" 404 -
185.191.171.3 - - [27/Dec/2024:06:52:23 +0100] "GET /ticket2/opencms/fi/magazine/article?title=burnley-fc HTTP/1.1" 200 91989
135.181.213.219 - - [27/Dec/2024:06:52:24 +0100] "GET /ticket2/opencms/se/sv/buy/?page=1&edid=245192A6-8FDA-2EF7-FEA6-F7485A9315EF HTTP/1.1" 404 -
217.182.175.38 - - [27/Dec/2024:06:52:27 +0100] "GET /ticket2/opencms/se/nl/buy/?page=1&edid=67C72F40-8641-0188-CA82-23407E250481&sortorder=asc&column=section HTTP/1.1" 404 -
135.181.213.219 - - [27/Dec/2024:06:52:28 +0100] "GET /ticket2/opencms/se/sv/buy/?page=1&edid=24A282BA-CC6E-1C13-AE23-912C708E8D54 HTTP/1.1" 404 -
135.181.213.219 - - [27/Dec/2024:06:52:33 +0100] "GET /ticket2/opencms/se/sv/buy/?page=1&edid=24C6651D-049D-EEC7-C880-1C8505D9B8E1 HTTP/1.1" 404 -
135.181.213.219 - - [27/Dec/2024:06:52:37 +0100] "GET /ticket2/opencms/se/sv/buy/?page=1&edid=24C85F17-D416-67BA-92B9-C3D977977D02 HTTP/1.1" 404 -
135.181.213.219 - - [27/Dec/2024:06:52:42 +0100] "GET /ticket2/opencms/se/sv/buy/?page=1&edid=258C096E-CB88-FAB5-BED7-1612D258C46A HTTP/1.1" 404 -
217.182.175.38 - - [27/Dec/2024:06:52:45 +0100] "GET /ticket2/opencms/se/nl/buy/?page=1&edid=67C72F40-8641-0188-CA82-23407E250481&sortorder=desc&column=row HTTP/1.1" 404 -
135.181.213.219 - - [27/Dec/2024:06:52:47 +0100] "GET /ticket2/opencms/se/sv/buy/?page=1&edid=258E0A48-C024-C3DB-0BF3-5E676CFFAE46 HTTP/1.1" 404 -
47.128.49.200 - - [27/Dec/2024:06:52:47 +0100] "GET /ticket2/opencms/sq/selling_tickets/ HTTP/1.1" 500 -
85.208.96.193 - - [27/Dec/2024:06:52:48 +0100] "GET /ticket2/opencms/robots.txt HTTP/1.1" 200 773
185.191.171.4 - - [27/Dec/2024:06:52:50 +0100] "GET /ticket2/opencms/no/sport/fotballsbilletter/la_liga/villareal/ HTTP/1.1" 200 99304
135.181.213.219 - - [27/Dec/2024:06:52:51 +0100] "GET /ticket2/opencms/se/sv/buy/?page=1&edid=25D3D3E5-D02F-8300-32F4-19219E2ACCBA HTTP/1.1" 404 -
66.249.78.3 - - [27/Dec/2024:06:52:52 +0100] "GET /ticket2/opencms/sv/sport/fotbollsbiljetter/premier_league/liverpool/ HTTP/1.1" 200 102301
66.249.68.35 - - [27/Dec/2024:06:52:53 +0100] "GET /ticket2/opencms/ HTTP/1.1" 302 -
8.210.8.206 - - [27/Dec/2024:06:52:55 +0100] "GET /ticket2/opencms/fi/buy/?page=1&edid=069EC406-6DFD-08ED-B6CC-A7E203415919 HTTP/1.1" 200 136384
66.249.68.3 - - [27/Dec/2024:06:52:55 +0100] "GET /ticket2/opencms/el/magazine/article?title=cole-palmer-apofasizei-ton-agwna-kai-o-alexander-isak-epistrefei HTTP/1.1" 200 95875
135.181.213.219 - - [27/Dec/2024:06:52:55 +0100] "GET /ticket2/opencms/se/sv/buy/?page=1&edid=25DD01EA-0026-4809-6BB4-A026061F2057 HTTP/1.1" 404 -
66.249.68.67 - - [27/Dec/2024:06:52:57 +0100] "GET /ticket2/opencms/sr/login/ HTTP/1.1" 200 91633
135.181.213.219 - - [27/Dec/2024:06:52:59 +0100] "GET /ticket2/opencms/se/sv/buy/?page=1&edid=25DD01EA-0026-4809-6BB4-A026061F2057&sortorder=desc&column=row HTTP/1.1" 404 -
217.182.175.38 - - [27/Dec/2024:06:53:00 +0100] "GET /ticket2/opencms/se/nl/buy/?page=1&edid=67C72F40-8641-0188-CA82-23407E250481&sortorder=desc&column=section HTTP/1.1" 404 -
135.181.213.219 - - [27/Dec/2024:06:53:04 +0100] "GET /ticket2/opencms/se/sv/buy/?page=1&edid=25DD01EA-0026-4809-6BB4-A026061F2057&sortorder=desc&column=section HTTP/1.1" 404 -
85.208.96.196 - - [27/Dec/2024:06:53:08 +0100] "GET /ticket2/opencms/hu/sport/focijegyek/premier-league/tottenham HTTP/1.1" 200 97373
173.252.87.13 - - [27/Dec/2024:06:53:08 +0100] "GET /ticket2/opencms/uk/magazine/article?title=luton HTTP/1.1" 200 92524
135.181.213.219 - - [27/Dec/2024:06:53:08 +0100] "GET /ticket2/opencms/se/sv/buy/?page=1&edid=26591706-2A8B-283B-4457-5A4421914D77 HTTP/1.1" 404 -
185.191.171.3 - - [27/Dec/2024:06:53:11 +0100] "GET /ticket2/opencms/sv/sport/fotbollsbiljetter/serie_a/lazio/ HTTP/1.1" 200 98331
135.181.213.219 - - [27/Dec/2024:06:53:13 +0100] "GET /ticket2/opencms/se/sv/buy/?page=1&edid=2780A5A8-28E9-C64D-652F-2BFB7602C631 HTTP/1.1" 404 -
217.182.175.38 - - [27/Dec/2024:06:53:16 +0100] "GET /ticket2/opencms/se/nl/buy/?page=1&edid=68B92CC4-CCEC-BC83-95A2-78E88459C604&sortorder=asc&column=price HTTP/1.1" 404 -
185.191.171.15 - - [27/Dec/2024:06:53:17 +0100] "GET /ticket2/opencms/lv/magazine/article?title=viktors-gekeress-uz-manchester-united HTTP/1.1" 200 92227
135.181.213.219 - - [27/Dec/2024:06:53:17 +0100] "GET /ticket2/opencms/se/sv/buy/?page=1&edid=27B25170-F47D-E8B6-FA45-B0D8DFC2462B HTTP/1.1" 404 -
66.249.76.203 - - [27/Dec/2024:06:53:20 +0100] "GET /ticket2/opencms/az/buy?page=1&edid=36B8587B-9BD4-1599-9368-E59F9780F9A9 HTTP/1.1" 200 146771
66.249.76.231 - - [27/Dec/2024:06:53:20 +0100] "GET /ticket2/opencms/ HTTP/1.1" 302 -
135.181.213.219 - - [27/Dec/2024:06:53:22 +0100] "GET /ticket2/opencms/se/sv/buy/?page=1&edid=27C123AB-DDEB-9544-7BBD-F441CE093363&sortorder=asc&column=price HTTP/1.1" 404 -
114.119.159.237 - - [27/Dec/2024:06:53:22 +0100] "GET /ticket2/opencms/en/sell/?edid=ABC01DED-8BB2-2A33-C5D7-0EDCD04AD379 HTTP/1.1" 302 -
135.181.213.219 - - [27/Dec/2024:06:53:26 +0100] "GET /ticket2/opencms/se/sv/buy/?page=1&edid=27C123AB-DDEB-9544-7BBD-F441CE093363&sortorder=asc&column=row HTTP/1.1" 404 -
114.119.159.237 - - [27/Dec/2024:06:53:26 +0100] "GET /ticket2/opencms/en/login/?url=/en/sell/ HTTP/1.1" 200 89800
