54.38.85.37 - - [27/Dec/2024:02:58:56 +0100] "GET /ticket2/opencms/en/buy/?page=1&edid=98DC6CAD-77AD-4620-6783-1D5582C34842 HTTP/1.1" 200 110260
54.38.85.37 - - [27/Dec/2024:02:58:58 +0100] "GET /ticket2/opencms/en/buy/?page=1&edid=99B50F9B-1D3F-89A8-66B0-19EC5F544B5E&sortorder=asc&column=price HTTP/1.1" 200 113825
54.38.85.37 - - [27/Dec/2024:02:59:00 +0100] "GET /ticket2/opencms/en/buy/?page=1&edid=99B50F9B-1D3F-89A8-66B0-19EC5F544B5E&sortorder=desc&column=row HTTP/1.1" 200 113727
54.38.85.37 - - [27/Dec/2024:02:59:02 +0100] "GET /ticket2/opencms/en/buy/?page=1&edid=99B50F9B-1D3F-89A8-66B0-19EC5F544B5E&sortorder=desc&column=section HTTP/1.1" 200 114001
216.244.66.238 - - [27/Dec/2024:02:59:03 +0100] "GET /ticket2/opencms/bg/buy?page=1&edid=CEF56D0C-4B94-D435-302E-2275000FA9AD HTTP/1.1" 200 115670
54.38.85.37 - - [27/Dec/2024:02:59:03 +0100] "GET /ticket2/opencms/en/buy/?page=1&edid=9ADD6348-BDC2-17B1-D675-135C7F3F55B2 HTTP/1.1" 200 111759
185.191.171.17 - - [27/Dec/2024:02:59:04 +0100] "GET /ticket2/opencms/sv/magazine/article?title=manchester-city-vinner-premier-league HTTP/1.1" 200 91813
54.38.85.37 - - [27/Dec/2024:02:59:05 +0100] "GET /ticket2/opencms/en/buy/?page=1&edid=9B063FAC-18A1-0083-3F00-C83D29618E99&sortorder=asc&column=section HTTP/1.1" 200 113734
54.38.85.37 - - [27/Dec/2024:02:59:07 +0100] "GET /ticket2/opencms/en/buy/?page=1&edid=9B29E45F-73B2-5F58-2083-7139A55F6BCC&sortorder=asc&column=price HTTP/1.1" 200 112048
185.191.171.8 - - [27/Dec/2024:02:59:09 +0100] "GET /ticket2/opencms/nl/magazine/article?title=cole-palmer-beslist-de-wedstrijd-en-alexander-isak-is-terug HTTP/1.1" 200 91100
216.244.66.238 - - [27/Dec/2024:02:59:09 +0100] "GET /ticket2/opencms/mk/buy?page=1&edid=CEF56D0C-4B94-D435-302E-2275000FA9AD HTTP/1.1" 404 -
54.38.85.37 - - [27/Dec/2024:02:59:09 +0100] "GET /ticket2/opencms/en/buy/?page=1&edid=9B29E45F-73B2-5F58-2083-7139A55F6BCC&sortorder=asc&column=row HTTP/1.1" 200 111915
54.38.85.37 - - [27/Dec/2024:02:59:11 +0100] "GET /ticket2/opencms/en/buy/?page=1&edid=A24D0DA7-71BD-F9A1-6BB3-71061AAB8BC1 HTTP/1.1" 200 111260
216.244.66.238 - - [27/Dec/2024:02:59:13 +0100] "GET /ticket2/opencms/no/buy?page=1&edid=F1C43C6B-1BED-2A82-0252-C08617891F95 HTTP/1.1" 200 112507
54.38.85.37 - - [27/Dec/2024:02:59:13 +0100] "GET /ticket2/opencms/en/buy/?page=1&edid=A2BE7168-4845-F8FA-2E68-63757EE4B44F HTTP/1.1" 200 110595
54.38.85.37 - - [27/Dec/2024:02:59:15 +0100] "GET /ticket2/opencms/en/buy/?page=1&edid=A42468F2-2132-FBF5-F067-C842FEC4FD25 HTTP/1.1" 200 111229
54.38.85.37 - - [27/Dec/2024:02:59:17 +0100] "GET /ticket2/opencms/en/buy/?page=1&edid=A4C82ECE-1EEE-CF6A-88E6-0E45082B1861 HTTP/1.1" 200 110212
216.244.66.238 - - [27/Dec/2024:02:59:18 +0100] "GET /ticket2/opencms/pl/buy?page=1&edid=0873E862-93DF-9C35-949A-2F57AE265D6B HTTP/1.1" 200 113062
54.38.85.37 - - [27/Dec/2024:02:59:19 +0100] "GET /ticket2/opencms/en/buy/?page=1&edid=A84070DC-133C-F761-940C-18DE5C0F16D7&sortorder=asc&column=price HTTP/1.1" 200 113674
54.38.85.37 - - [27/Dec/2024:02:59:21 +0100] "GET /ticket2/opencms/en/buy/?page=1&edid=A858554C-F78F-7E97-68A1-73B374CB569E&sortorder=desc&column=price HTTP/1.1" 200 113263
54.38.85.37 - - [27/Dec/2024:02:59:24 +0100] "GET /ticket2/opencms/en/buy/?page=1&edid=A9BA7D5C-8D7C-421C-C929-73A689727790&sortorder=asc&column=section HTTP/1.1" 200 113478
54.38.85.37 - - [27/Dec/2024:02:59:25 +0100] "GET /ticket2/opencms/en/buy/?page=1&edid=AA98F677-D021-59B7-E72A-DFC2DEA2070E&sortorder=asc&column=price HTTP/1.1" 200 113577
54.38.85.37 - - [27/Dec/2024:02:59:28 +0100] "GET /ticket2/opencms/en/buy/?page=1&edid=AB4ED0AB-78AE-687D-2259-4B7771A21F0C HTTP/1.1" 200 111072
54.38.85.37 - - [27/Dec/2024:02:59:30 +0100] "GET /ticket2/opencms/en/buy/?page=1&edid=AB4ED0AB-78AE-687D-2259-4B7771A21F0C&sortorder=desc&column=price HTTP/1.1" 200 112950
54.38.85.37 - - [27/Dec/2024:02:59:32 +0100] "GET /ticket2/opencms/en/buy/?page=1&edid=ABC4721A-B6F2-670A-2EEB-D6F5D16C69F5 HTTP/1.1" 200 111718
54.38.85.37 - - [27/Dec/2024:02:59:34 +0100] "GET /ticket2/opencms/en/buy/?page=1&edid=ABE82418-6D71-12C5-8A2D-1433A0ADE28D HTTP/1.1" 200 110695
54.38.85.37 - - [27/Dec/2024:02:59:36 +0100] "GET /ticket2/opencms/en/buy/?page=1&edid=ACE0111C-6B99-CC8A-A851-A31348B3D091 HTTP/1.1" 200 111810
89.246.241.14 - - [27/Dec/2024:02:59:36 +0100] "GET /ticket2/opencms/lv/ HTTP/1.1" 200 101613
85.208.96.204 - - [27/Dec/2024:02:59:37 +0100] "GET /ticket2/opencms/sk/buying_tickets/ HTTP/1.1" 200 88803
54.38.85.37 - - [27/Dec/2024:02:59:38 +0100] "GET /ticket2/opencms/en/buy/?page=1&edid=ADE3597D-A6E8-88A2-2D38-4DA59DAE8129&sortorder=asc&column=price HTTP/1.1" 200 112473
185.191.171.13 - - [27/Dec/2024:02:59:38 +0100] "GET /ticket2/opencms/fi/magazine/article?title=bukayo-ayoyinka-t-m-saka HTTP/1.1" 200 93719
54.38.85.37 - - [27/Dec/2024:02:59:40 +0100] "GET /ticket2/opencms/en/buy/?page=1&edid=ADE3597D-A6E8-88A2-2D38-4DA59DAE8129&sortorder=asc&column=row HTTP/1.1" 200 112330
119.8.233.29 - - [27/Dec/2024:02:59:42 +0100] "GET /ticket2/opencms/it/sport/biglietti-calcio/serie-a/bologna HTTP/1.1" 200 95659
54.38.85.37 - - [27/Dec/2024:02:59:42 +0100] "GET /ticket2/opencms/en/buy/?page=1&edid=ADE3597D-A6E8-88A2-2D38-4DA59DAE8129&sortorder=asc&column=section HTTP/1.1" 200 112654
54.38.85.37 - - [27/Dec/2024:02:59:44 +0100] "GET /ticket2/opencms/en/buy/?page=1&edid=AF60E88C-EE77-AC95-8E7E-8A264BC7C787 HTTP/1.1" 200 110705
40.77.167.78 - - [27/Dec/2024:02:59:45 +0100] "GET /ticket2/opencms/be/buy?page=1&edid=4014222D-402E-25E3-0225-E4402DF849A6 HTTP/1.1" 200 115105
54.38.85.37 - - [27/Dec/2024:02:59:46 +0100] "GET /ticket2/opencms/en/buy/?page=1&edid=AF632E3B-08B4-EE1B-6873-7D95D28E82AA HTTP/1.1" 200 110555
85.208.96.212 - - [27/Dec/2024:02:59:46 +0100] "GET /ticket2/opencms/sk/magazine/article?title=emirates-stadion HTTP/1.1" 200 95819
54.38.85.37 - - [27/Dec/2024:02:59:48 +0100] "GET /ticket2/opencms/en/buy/?page=1&edid=B06AF4F4-E0B4-9C7E-FDA1-698E9F88DF19 HTTP/1.1" 200 108032
54.38.85.37 - - [27/Dec/2024:02:59:50 +0100] "GET /ticket2/opencms/en/buy/?page=1&edid=B0E4D276-C8CE-F4B4-2DC5-6BEA44E190B2&sortorder=asc&column=row HTTP/1.1" 200 112389
40.77.167.224 - - [27/Dec/2024:02:59:51 +0100] "GET /ticket2/opencms/be/buy?page=1&edid=9662AEC5-C2DE-EE5D-5D3B-AAB4B46EF79E HTTP/1.1" 200 111892
54.38.85.37 - - [27/Dec/2024:02:59:52 +0100] "GET /ticket2/opencms/en/buy/?page=1&edid=B45E1AD2-1369-CFCC-BA36-8169D6C56034&sortorder=asc&column=price HTTP/1.1" 200 113640
54.38.85.37 - - [27/Dec/2024:02:59:54 +0100] "GET /ticket2/opencms/en/buy/?page=1&edid=B45E1AD2-1369-CFCC-BA36-8169D6C56034&sortorder=asc&column=row HTTP/1.1" 200 113516
52.167.144.25 - - [27/Dec/2024:02:59:55 +0100] "GET /ticket2/opencms/en/magazine/article?title=nine-wins-in-ten-matches HTTP/1.1" 200 90725
54.38.85.37 - - [27/Dec/2024:02:59:56 +0100] "GET /ticket2/opencms/en/buy/?page=1&edid=B461BF01-8096-3162-6C25-1DC71021C836 HTTP/1.1" 200 108020
47.128.19.73 - - [27/Dec/2024:02:59:57 +0100] "GET /ticket2/opencms/sl/about/press HTTP/1.1" 200 88277
54.38.85.37 - - [27/Dec/2024:02:59:58 +0100] "GET /ticket2/opencms/en/buy/?page=1&edid=B461BF01-8096-3162-6C25-1DC71021C836&sortorder=desc&column=row HTTP/1.1" 200 109871
47.128.19.73 - - [27/Dec/2024:02:59:58 +0100] "GET /ticket2/opencms/system/modules/com.gridnine.opencms.ticketbrokerage.site/resources/css/images/event-banner.png HTTP/1.1" 404 -
54.38.85.37 - - [27/Dec/2024:03:00:00 +0100] "GET /ticket2/opencms/en/buy/?page=1&edid=B461BF01-8096-3162-6C25-1DC71021C836&sortorder=desc&column=section HTTP/1.1" 200 110074
47.128.18.201 - - [27/Dec/2024:03:00:00 +0100] "GET /ticket2/opencms/fi/venue/?venueid=A6CB083A-5A62-D00D-1160-926B40FC19E8 HTTP/1.1" 200 86592
54.38.85.37 - - [27/Dec/2024:03:00:02 +0100] "GET /ticket2/opencms/en/buy/?page=1&edid=BF5F17D6-5B92-3E63-CAD7-4FDCC4B92F50&sortorder=asc&column=row HTTP/1.1" 200 113174
54.38.85.37 - - [27/Dec/2024:03:00:04 +0100] "GET /ticket2/opencms/en/buy/?page=1&edid=C19BDC6D-B9B2-2881-03CD-5E0FA6322EFC&sortorder=asc&column=row HTTP/1.1" 200 113528
54.38.85.37 - - [27/Dec/2024:03:00:06 +0100] "GET /ticket2/opencms/en/buy/?page=1&edid=C19BDC6D-B9B2-2881-03CD-5E0FA6322EFC&sortorder=asc&column=section HTTP/1.1" 200 113818
54.38.85.37 - - [27/Dec/2024:03:00:08 +0100] "GET /ticket2/opencms/en/buy/?page=1&edid=C19BDC6D-B9B2-2881-03CD-5E0FA6322EFC&sortorder=desc&column=price HTTP/1.1" 200 113659
54.38.85.37 - - [27/Dec/2024:03:00:10 +0100] "GET /ticket2/opencms/en/buy/?page=1&edid=C65F64BD-C047-D4A2-68AC-ED982236616D&sortorder=asc&column=price HTTP/1.1" 200 113310
54.38.85.37 - - [27/Dec/2024:03:00:12 +0100] "GET /ticket2/opencms/en/buy/?page=1&edid=C8198374-0577-0427-4408-233F54C3C751&sortorder=asc&column=price HTTP/1.1" 200 113703
54.38.85.37 - - [27/Dec/2024:03:00:14 +0100] "GET /ticket2/opencms/en/buy/?page=1&edid=C8F9C93A-AB7D-8220-8C68-4335B633FCE4 HTTP/1.1" 200 110093
85.208.96.208 - - [27/Dec/2024:03:00:14 +0100] "GET /ticket2/opencms/fi/urheilu/jalkapallo/premier_league/luton/ HTTP/1.1" 200 88283
54.38.85.37 - - [27/Dec/2024:03:00:16 +0100] "GET /ticket2/opencms/en/buy/?page=1&edid=CA3FABDD-43B5-8DDC-6DAC-2917B68B145E&sortorder=desc&column=row HTTP/1.1" 200 113167
85.208.96.207 - - [27/Dec/2024:03:00:16 +0100] "GET /ticket2/opencms/sv/sport/hockeybiljetter/nhl/florida-panthers/ HTTP/1.1" 200 87980
54.38.85.37 - - [27/Dec/2024:03:00:18 +0100] "GET /ticket2/opencms/en/buy/?page=1&edid=CD6EABFF-F2F6-FE26-CC78-420DEA1CEE33 HTTP/1.1" 200 111072
54.38.85.37 - - [27/Dec/2024:03:00:20 +0100] "GET /ticket2/opencms/en/buy/?page=1&edid=CD6EABFF-F2F6-FE26-CC78-420DEA1CEE33&sortorder=desc&column=row HTTP/1.1" 200 112823
54.38.85.37 - - [27/Dec/2024:03:00:22 +0100] "GET /ticket2/opencms/en/buy/?page=1&edid=CD6EABFF-F2F6-FE26-CC78-420DEA1CEE33&sortorder=desc&column=section HTTP/1.1" 200 113102
54.38.85.37 - - [27/Dec/2024:03:00:24 +0100] "GET /ticket2/opencms/en/buy/?page=1&edid=D2281AF2-0CAB-347E-485A-AF9E4C00F32A HTTP/1.1" 200 111029
54.38.85.37 - - [27/Dec/2024:03:00:26 +0100] "GET /ticket2/opencms/en/buy/?page=1&edid=D31DCA81-F017-5EBA-3840-CF6BDC685B59&sortorder=asc&column=price HTTP/1.1" 200 113177
42.83.147.53 - - [27/Dec/2024:03:00:26 +0100] "GET /ticket2/opencms/ HTTP/1.1" 302 -
54.38.85.37 - - [27/Dec/2024:03:00:28 +0100] "GET /ticket2/opencms/en/buy/?page=1&edid=D5C4F50D-2A92-D0EC-6476-87E00BCDB682&sortorder=desc&column=row HTTP/1.1" 200 113480
185.191.171.12 - - [27/Dec/2024:03:00:29 +0100] "GET /ticket2/opencms/dk/sport/fodboldbilletter/premier-league/liverpool/ HTTP/1.1" 200 94737
54.38.85.37 - - [27/Dec/2024:03:00:30 +0100] "GET /ticket2/opencms/en/buy/?page=1&edid=D7193451-9A3A-74F4-A8C7-6E587A08462E&sortorder=asc&column=section HTTP/1.1" 200 113309
40.77.167.224 - - [27/Dec/2024:03:00:30 +0100] "GET /ticket2/opencms/fr/buy?page=1&edid=7F8C8657-1175-5E36-90F1-A19607745DA5 HTTP/1.1" 200 109529
173.252.107.16 - - [27/Dec/2024:03:00:30 +0100] "GET /ticket2/opencms/cs/magazine/article?title=luton HTTP/1.1" 200 92392
40.77.167.224 - - [27/Dec/2024:03:00:31 +0100] "GET /ticket2/opencms/uk/buy?page=1&edid=38B8C558-DD1D-6008-21F8-CA8931E9D013 HTTP/1.1" 200 112041
54.38.85.37 - - [27/Dec/2024:03:00:32 +0100] "GET /ticket2/opencms/en/buy/?page=1&edid=D7C3AD84-A63D-4BF3-F25A-FE60AC4BA077&sortorder=asc&column=row HTTP/1.1" 200 112697
42.83.147.53 - - [27/Dec/2024:03:00:32 +0100] "GET /ticket2/opencms/en/ HTTP/1.1" 200 100174
54.38.85.37 - - [27/Dec/2024:03:00:34 +0100] "GET /ticket2/opencms/en/buy/?page=1&edid=D7C3AD84-A63D-4BF3-F25A-FE60AC4BA077&sortorder=asc&column=section HTTP/1.1" 200 113049
54.38.85.37 - - [27/Dec/2024:03:00:36 +0100] "GET /ticket2/opencms/en/buy/?page=1&edid=D859A189-2AC6-13A3-9532-F25257FEB4C1&sortorder=asc&column=row HTTP/1.1" 200 109738
85.208.96.208 - - [27/Dec/2024:03:00:38 +0100] "GET /ticket2/opencms/no/magazine/article?title=newcastle-upon-tyne HTTP/1.1" 200 91878
54.38.85.37 - - [27/Dec/2024:03:00:38 +0100] "GET /ticket2/opencms/en/buy/?page=1&edid=D8C045E7-DE27-5265-3CED-6B7D0A1ACD90&sortorder=asc&column=price HTTP/1.1" 200 113051
54.38.85.37 - - [27/Dec/2024:03:00:40 +0100] "GET /ticket2/opencms/en/buy/?page=1&edid=D8C045E7-DE27-5265-3CED-6B7D0A1ACD90&sortorder=asc&column=row HTTP/1.1" 200 112897
47.128.47.77 - - [27/Dec/2024:03:00:41 +0100] "GET /ticket2/opencms/ka/magazine/article?title=niderlandebi-vs-anglia-semifinalshi HTTP/1.1" 200 97016
54.38.85.37 - - [27/Dec/2024:03:00:42 +0100] "GET /ticket2/opencms/en/buy/?page=1&edid=D8C045E7-DE27-5265-3CED-6B7D0A1ACD90&sortorder=asc&column=section HTTP/1.1" 200 113228
54.38.85.37 - - [27/Dec/2024:03:00:45 +0100] "GET /ticket2/opencms/en/buy/?page=1&edid=D8EA692B-687F-02F3-F633-477D649035B5&sortorder=asc&column=row HTTP/1.1" 200 112714
54.38.85.37 - - [27/Dec/2024:03:00:47 +0100] "GET /ticket2/opencms/en/buy/?page=1&edid=D8EA692B-687F-02F3-F633-477D649035B5&sortorder=asc&column=section HTTP/1.1" 200 113024
54.38.85.37 - - [27/Dec/2024:03:00:49 +0100] "GET /ticket2/opencms/en/buy/?page=1&edid=DA205E04-65EE-7F78-067D-CBCBD424C79F&sortorder=asc&column=price HTTP/1.1" 200 113617
54.38.85.37 - - [27/Dec/2024:03:00:51 +0100] "GET /ticket2/opencms/en/buy/?page=1&edid=DA205E04-65EE-7F78-067D-CBCBD424C79F&sortorder=asc&column=row HTTP/1.1" 200 113428
54.38.85.37 - - [27/Dec/2024:03:00:53 +0100] "GET /ticket2/opencms/en/buy/?page=1&edid=DA205E04-65EE-7F78-067D-CBCBD424C79F&sortorder=asc&column=section HTTP/1.1" 200 113649
85.208.96.211 - - [27/Dec/2024:03:00:53 +0100] "GET /ticket2/opencms/robots.txt HTTP/1.1" 200 773
185.191.171.6 - - [27/Dec/2024:03:00:55 +0100] "GET /ticket2/opencms/dk/about/press HTTP/1.1" 200 89552
54.38.85.37 - - [27/Dec/2024:03:00:55 +0100] "GET /ticket2/opencms/en/buy/?page=10&eventid=DFDFE3CE-4FC8-F7B9-D656-A64359A3D356&venueid=66E1E988-5937-F001-455A-788C6919D4BB HTTP/1.1" 200 6410
54.38.85.37 - - [27/Dec/2024:03:00:56 +0100] "GET /ticket2/opencms/fi/buy/?page=1&edid=208620A3-CAD7-367C-C114-D9C4D84F40F8&sortorder=asc&column=row HTTP/1.1" 200 113581
54.38.85.37 - - [27/Dec/2024:03:00:58 +0100] "GET /ticket2/opencms/fi/buy/?page=1&edid=22C30B52-7C01-7FB2-5A8B-C131C4581B2E&sortorder=asc&column=price HTTP/1.1" 200 114061
54.38.85.37 - - [27/Dec/2024:03:01:00 +0100] "GET /ticket2/opencms/fi/buy/?page=1&edid=22C30B52-7C01-7FB2-5A8B-C131C4581B2E&sortorder=asc&column=row HTTP/1.1" 200 113949
54.38.85.37 - - [27/Dec/2024:03:01:02 +0100] "GET /ticket2/opencms/fi/buy/?page=1&edid=22C30B52-7C01-7FB2-5A8B-C131C4581B2E&sortorder=asc&column=section HTTP/1.1" 200 114216
54.38.85.37 - - [27/Dec/2024:03:01:05 +0100] "GET /ticket2/opencms/fi/buy/?page=1&edid=23462A4C-8725-82B5-7A63-462FC0C8A36E&sortorder=asc&column=section HTTP/1.1" 200 115378
54.38.85.37 - - [27/Dec/2024:03:01:07 +0100] "GET /ticket2/opencms/fi/buy/?page=1&edid=23538BB3-9FD4-8D9B-243A-AA2603640F65&sortorder=asc&column=row HTTP/1.1" 200 111434
54.38.85.37 - - [27/Dec/2024:03:01:08 +0100] "GET /ticket2/opencms/fi/buy/?page=1&edid=24E797AC-F1A2-3631-6E04-E34EA5A8D055&sortorder=desc&column=price HTTP/1.1" 200 113697
85.208.96.205 - - [27/Dec/2024:03:01:10 +0100] "GET /ticket2/opencms/is/magazine/article?title=emirates-leikvangurinn HTTP/1.1" 200 95854
54.38.85.37 - - [27/Dec/2024:03:01:11 +0100] "GET /ticket2/opencms/fi/buy/?page=1&edid=263490CA-5339-6807-4EE9-EFD0AC1FB3E6&sortorder=asc&column=price HTTP/1.1" 200 114693
54.38.85.37 - - [27/Dec/2024:03:01:12 +0100] "GET /ticket2/opencms/fi/buy/?page=1&edid=263490CA-5339-6807-4EE9-EFD0AC1FB3E6&sortorder=desc&column=price HTTP/1.1" 200 114857
54.38.85.37 - - [27/Dec/2024:03:01:14 +0100] "GET /ticket2/opencms/fi/buy/?page=1&edid=263490CA-5339-6807-4EE9-EFD0AC1FB3E6&sortorder=desc&column=row HTTP/1.1" 200 114781
54.38.85.37 - - [27/Dec/2024:03:01:16 +0100] "GET /ticket2/opencms/fi/buy/?page=1&edid=263490CA-5339-6807-4EE9-EFD0AC1FB3E6&sortorder=desc&column=section HTTP/1.1" 200 115046
54.38.85.37 - - [27/Dec/2024:03:01:18 +0100] "GET /ticket2/opencms/fi/buy/?page=1&edid=268F6694-F84C-E40C-EBC1-404E5051D05D HTTP/1.1" 200 113399
40.77.167.224 - - [27/Dec/2024:03:01:19 +0100] "GET /ticket2/opencms/cs/buy?page=1&edid=D8A9B55B-90B1-065C-5A4F-22204AB6F0EC HTTP/1.1" 200 111544
54.38.85.37 - - [27/Dec/2024:03:01:20 +0100] "GET /ticket2/opencms/fi/buy/?page=1&edid=268F6694-F84C-E40C-EBC1-404E5051D05D&sortorder=desc&column=price HTTP/1.1" 200 115183
40.77.167.78 - - [27/Dec/2024:03:01:22 +0100] "GET /ticket2/opencms/mo/buy?page=1&edid=EA6DAAD2-200A-052A-B4F6-5898239F72D4 HTTP/1.1" 200 112917
54.38.85.37 - - [27/Dec/2024:03:01:23 +0100] "GET /ticket2/opencms/fi/buy/?page=1&edid=268F6694-F84C-E40C-EBC1-404E5051D05D&sortorder=desc&column=row HTTP/1.1" 200 115241
54.38.85.37 - - [27/Dec/2024:03:01:24 +0100] "GET /ticket2/opencms/fi/buy/?page=1&edid=268F6694-F84C-E40C-EBC1-404E5051D05D&sortorder=desc&column=section HTTP/1.1" 200 115423
54.38.85.37 - - [27/Dec/2024:03:01:27 +0100] "GET /ticket2/opencms/fi/buy/?page=1&edid=5AFDDBF9-845C-BB5D-55AC-602C3BF913C8 HTTP/1.1" 200 112988
54.38.85.37 - - [27/Dec/2024:03:01:29 +0100] "GET /ticket2/opencms/fi/buy/?page=1&edid=765F97BA-C920-639C-860F-B72DB0C768A6&sortorder=asc&column=price HTTP/1.1" 200 113844
54.38.85.37 - - [27/Dec/2024:03:01:31 +0100] "GET /ticket2/opencms/fi/buy/?page=1&edid=7666311D-381C-ABD3-33C1-1B874D640668&sortorder=asc&column=price HTTP/1.1" 200 114887
54.38.85.37 - - [27/Dec/2024:03:01:33 +0100] "GET /ticket2/opencms/fi/buy/?page=1&edid=7666311D-381C-ABD3-33C1-1B874D640668&sortorder=asc&column=row HTTP/1.1" 200 114695
52.167.144.25 - - [27/Dec/2024:03:01:34 +0100] "GET /ticket2/opencms/is/magazine/article?title=fyrsta-sigur-ipswich-i-premier-league-i-22-ar HTTP/1.1" 200 93532
54.38.85.37 - - [27/Dec/2024:03:01:36 +0100] "GET /ticket2/opencms/fi/buy/?page=1&edid=76BB87DF-2D93-1559-E6EE-BF08999C089F&sortorder=asc&column=section HTTP/1.1" 200 111682
54.38.85.37 - - [27/Dec/2024:03:01:38 +0100] "GET /ticket2/opencms/fi/buy/?page=1&edid=76DB4663-3FA8-F4DB-8650-8D3945F9FA71 HTTP/1.1" 200 112027
54.38.85.37 - - [27/Dec/2024:03:01:40 +0100] "GET /ticket2/opencms/fi/buy/?page=1&edid=76DB4663-3FA8-F4DB-8650-8D3945F9FA71&sortorder=desc&column=row HTTP/1.1" 200 113784
85.208.96.197 - - [27/Dec/2024:03:01:42 +0100] "GET /ticket2/opencms/de/sport/fussball-tickets/serie_a/inter/ HTTP/1.1" 200 99355
54.38.85.37 - - [27/Dec/2024:03:01:42 +0100] "GET /ticket2/opencms/fi/buy/?page=1&edid=76DB4663-3FA8-F4DB-8650-8D3945F9FA71&sortorder=desc&column=section HTTP/1.1" 200 114102
185.191.171.6 - - [27/Dec/2024:03:01:43 +0100] "GET /ticket2/opencms/sv/magazine/article?title=ipswichs-forsta-vinst-i-premier-league-pa-22-ar HTTP/1.1" 200 92807
54.38.85.37 - - [27/Dec/2024:03:01:44 +0100] "GET /ticket2/opencms/fi/buy/?page=1&edid=76EC6065-A9FD-2158-21EE-D9457194B3F1&sortorder=asc&column=price HTTP/1.1" 200 114831
54.38.85.37 - - [27/Dec/2024:03:01:46 +0100] "GET /ticket2/opencms/fi/buy/?page=1&edid=76EC6065-A9FD-2158-21EE-D9457194B3F1&sortorder=asc&column=row HTTP/1.1" 200 114632
85.208.96.200 - - [27/Dec/2024:03:01:46 +0100] "GET /ticket2/opencms/fi/legal_info/ HTTP/1.1" 200 87663
54.38.85.37 - - [27/Dec/2024:03:01:48 +0100] "GET /ticket2/opencms/fi/buy/?page=1&edid=76EC6065-A9FD-2158-21EE-D9457194B3F1&sortorder=asc&column=section HTTP/1.1" 200 115046
54.38.85.37 - - [27/Dec/2024:03:01:50 +0100] "GET /ticket2/opencms/fi/buy/?page=1&edid=77897198-4DA3-06E7-062E-E1FDB55488FE HTTP/1.1" 200 112917
47.128.50.34 - - [27/Dec/2024:03:01:51 +0100] "GET /ticket2/opencms/sq/magazine/ HTTP/1.1" 200 151158
54.38.85.37 - - [27/Dec/2024:03:01:52 +0100] "GET /ticket2/opencms/fi/buy/?page=1&edid=77897198-4DA3-06E7-062E-E1FDB55488FE&sortorder=desc&column=row HTTP/1.1" 200 114725
54.38.85.37 - - [27/Dec/2024:03:01:54 +0100] "GET /ticket2/opencms/fi/buy/?page=1&edid=77897198-4DA3-06E7-062E-E1FDB55488FE&sortorder=desc&column=section HTTP/1.1" 200 114960
54.38.85.37 - - [27/Dec/2024:03:01:57 +0100] "GET /ticket2/opencms/fi/buy/?page=1&edid=7A5ADC93-0EC8-0537-E5DD-6AC1A00B3DE9 HTTP/1.1" 200 112503
47.128.50.34 - - [27/Dec/2024:03:01:58 +0100] "GET /ticket2/opencms/img/null HTTP/1.1" 404 -
54.38.85.37 - - [27/Dec/2024:03:01:59 +0100] "GET /ticket2/opencms/fi/buy/?page=1&edid=7A5ADC93-0EC8-0537-E5DD-6AC1A00B3DE9&sortorder=desc&column=price HTTP/1.1" 200 114404
54.38.85.37 - - [27/Dec/2024:03:02:01 +0100] "GET /ticket2/opencms/fi/buy/?page=1&edid=7A5ADC93-0EC8-0537-E5DD-6AC1A00B3DE9&sortorder=desc&column=row HTTP/1.1" 200 114321
47.128.50.34 - - [27/Dec/2024:03:02:03 +0100] "GET /ticket2/opencms/img/shutterstock_2322043435.jpg HTTP/1.1" 200 14587260
47.128.50.34 - - [27/Dec/2024:03:02:03 +0100] "GET /ticket2/opencms/img/PHOTO-2024-05-11-15-59-10.jpg HTTP/1.1" 200 344881
54.38.85.37 - - [27/Dec/2024:03:02:03 +0100] "GET /ticket2/opencms/fi/buy/?page=1&edid=7B795253-FDA4-1C82-06CC-21D0CE336896 HTTP/1.1" 200 112901
47.128.50.34 - - [27/Dec/2024:03:02:05 +0100] "GET /ticket2/opencms/img/shutterstock_1482475556.jpg HTTP/1.1" 200 12169847
54.38.85.37 - - [27/Dec/2024:03:02:05 +0100] "GET /ticket2/opencms/fi/buy/?page=1&edid=7B795253-FDA4-1C82-06CC-21D0CE336896&sortorder=desc&column=section HTTP/1.1" 200 115032
66.249.79.4 - - [27/Dec/2024:03:02:05 +0100] "GET /ticket2/opencms/robots.txt HTTP/1.1" 200 773
47.128.50.34 - - [27/Dec/2024:03:02:06 +0100] "GET /ticket2/opencms/img/cristiano-ronaldo-8373364_640.jpg HTTP/1.1" 200 54166
66.249.68.4 - - [27/Dec/2024:03:02:07 +0100] "GET /ticket2/opencms/az/sport/futbol-biletleri/serie-a/frosinone HTTP/1.1" 200 95941
54.38.85.37 - - [27/Dec/2024:03:02:07 +0100] "GET /ticket2/opencms/fi/buy/?page=1&edid=7B81DA8C-BC62-30BF-75BA-614CF7ADBC43&sortorder=asc&column=row HTTP/1.1" 200 114431
114.119.130.178 - - [27/Dec/2024:03:02:09 +0100] "GET /ticket2/opencms/en/venue/?venueid=433584BA-B375-64FC-9A6E-936720923E1A HTTP/1.1" 200 84996
54.38.85.37 - - [27/Dec/2024:03:02:09 +0100] "GET /ticket2/opencms/fi/buy/?page=1&edid=7BDF5FBF-D958-27AA-DC3E-12B0666E0820 HTTP/1.1" 200 111707
47.128.50.34 - - [27/Dec/2024:03:02:10 +0100] "GET /ticket2/opencms/img/shutterstock_1793283961.jpg HTTP/1.1" 200 47721623
54.38.85.37 - - [27/Dec/2024:03:02:11 +0100] "GET /ticket2/opencms/fi/buy/?page=1&edid=7BDF5FBF-D958-27AA-DC3E-12B0666E0820&sortorder=desc&column=row HTTP/1.1" 200 113535
85.208.96.198 - - [27/Dec/2024:03:02:13 +0100] "GET /ticket2/opencms/ka/about/ HTTP/1.1" 500 -
54.38.85.37 - - [27/Dec/2024:03:02:13 +0100] "GET /ticket2/opencms/fi/buy/?page=1&edid=7CBC2073-43B3-6AB9-9406-E231332EAC38&sortorder=asc&column=price HTTP/1.1" 200 115429
54.38.85.37 - - [27/Dec/2024:03:02:16 +0100] "GET /ticket2/opencms/fi/buy/?page=1&edid=7D1BBEA3-70F8-704C-3A43-B48FB283C9EB&sortorder=desc&column=price HTTP/1.1" 200 114414
54.38.85.37 - - [27/Dec/2024:03:02:18 +0100] "GET /ticket2/opencms/fi/buy/?page=1&edid=7D1BBEA3-70F8-704C-3A43-B48FB283C9EB&sortorder=desc&column=row HTTP/1.1" 200 114290
54.38.85.37 - - [27/Dec/2024:03:02:20 +0100] "GET /ticket2/opencms/fi/buy/?page=1&edid=7DFA9706-6B2A-B4CC-5A39-A5C330CC4190 HTTP/1.1" 200 112308
54.38.85.37 - - [27/Dec/2024:03:02:22 +0100] "GET /ticket2/opencms/fi/buy/?page=1&edid=7E17F6C1-856B-78BE-EE22-EF6E2CE39DF7 HTTP/1.1" 200 112035
54.38.85.37 - - [27/Dec/2024:03:02:25 +0100] "GET /ticket2/opencms/fi/buy/?page=1&edid=82126C57-17A8-5DFA-CA0B-F524096F6163 HTTP/1.1" 200 112949
85.208.96.210 - - [27/Dec/2024:03:02:25 +0100] "GET /ticket2/opencms/sv/sport/fotbollsbiljetter/uefa-champions-league/manchester_city/ HTTP/1.1" 200 88078
54.38.85.37 - - [27/Dec/2024:03:02:27 +0100] "GET /ticket2/opencms/fi/buy/?page=1&edid=82E5C37F-CC9B-4569-1B88-1DB63DDA58A5&sortorder=asc&column=price HTTP/1.1" 200 114730
54.38.85.37 - - [27/Dec/2024:03:02:29 +0100] "GET /ticket2/opencms/fi/buy/?page=1&edid=82E5C37F-CC9B-4569-1B88-1DB63DDA58A5&sortorder=asc&column=row HTTP/1.1" 200 114682
54.38.85.37 - - [27/Dec/2024:03:02:31 +0100] "GET /ticket2/opencms/fi/buy/?page=1&edid=82E5C37F-CC9B-4569-1B88-1DB63DDA58A5&sortorder=asc&column=section HTTP/1.1" 200 114996
54.38.85.37 - - [27/Dec/2024:03:02:33 +0100] "GET /ticket2/opencms/fi/buy/?page=1&edid=85264FEA-3C8F-4680-096F-2B77C577C4FA&sortorder=asc&column=price HTTP/1.1" 200 113719
47.238.14.12 - - [27/Dec/2024:03:02:33 +0100] "GET /ticket2/opencms/tr/buy?page=1&edid=548026E2-BF8F-C035-BA3B-7427C4B9DF73&sortorder=asc&column=section HTTP/1.1" 200 115422
216.244.66.238 - - [27/Dec/2024:03:02:35 +0100] "GET /ticket2/opencms/bg/buy?page=1&edid=8A23E726-1974-5413-8366-4570BB38FB56 HTTP/1.1" 200 115367
54.38.85.37 - - [27/Dec/2024:03:02:35 +0100] "GET /ticket2/opencms/fi/buy/?page=1&edid=85264FEA-3C8F-4680-096F-2B77C577C4FA&sortorder=asc&column=row HTTP/1.1" 200 113482
85.208.96.195 - - [27/Dec/2024:03:02:37 +0100] "GET /ticket2/opencms/no/sport/fotballsbilletter/champions_league/atletico_madrid/ HTTP/1.1" 200 88304
54.38.85.37 - - [27/Dec/2024:03:02:37 +0100] "GET /ticket2/opencms/fi/buy/?page=1&edid=85264FEA-3C8F-4680-096F-2B77C577C4FA&sortorder=asc&column=section HTTP/1.1" 200 113755
66.249.79.37 - - [27/Dec/2024:03:02:37 +0100] "GET /ticket2/opencms/az/buy?page=1&edid=11EFBC55-130A-2310-B776-C5D86878BDAB HTTP/1.1" 200 137025
54.38.85.37 - - [27/Dec/2024:03:02:39 +0100] "GET /ticket2/opencms/fi/buy/?page=1&edid=85266D8D-1EC2-A49C-0CF0-9DD81BE5F4FA HTTP/1.1" 200 112475
54.38.85.37 - - [27/Dec/2024:03:02:41 +0100] "GET /ticket2/opencms/fi/buy/?page=1&edid=85A4DCD9-6E31-82C1-385B-900A2C9467CE HTTP/1.1" 200 113145
207.46.13.155 - - [27/Dec/2024:03:02:41 +0100] "GET /ticket2/opencms/no/magazine/article?title=chelsea-fcs-og-deres-kamp-for-stabilitet HTTP/1.1" 200 93195
54.38.85.37 - - [27/Dec/2024:03:02:43 +0100] "GET /ticket2/opencms/fi/buy/?page=1&edid=85A4DCD9-6E31-82C1-385B-900A2C9467CE&sortorder=desc&column=price HTTP/1.1" 200 115051
66.249.79.2 - - [27/Dec/2024:03:02:45 +0100] "GET /ticket2/opencms/system/modules/com.gridnine.opencms.ticketbrokerage.site/resources/js/jquery/jquery.js HTTP/1.1" 200 93868
54.38.85.37 - - [27/Dec/2024:03:02:45 +0100] "GET /ticket2/opencms/fi/buy/?page=1&edid=864966C0-6945-AA58-A6C7-9273AE6642E0&sortorder=desc&column=price HTTP/1.1" 200 113975
54.38.85.37 - - [27/Dec/2024:03:02:47 +0100] "GET /ticket2/opencms/fi/buy/?page=1&edid=864966C0-6945-AA58-A6C7-9273AE6642E0&sortorder=desc&column=row HTTP/1.1" 200 113825
54.38.85.37 - - [27/Dec/2024:03:02:49 +0100] "GET /ticket2/opencms/fi/buy/?page=1&edid=864966C0-6945-AA58-A6C7-9273AE6642E0&sortorder=desc&column=section HTTP/1.1" 200 114032
185.191.171.12 - - [27/Dec/2024:03:02:51 +0100] "GET /ticket2/opencms/sl/magazine/article?title=nk-liverpool-sezonski-pregled HTTP/1.1" 200 93978
54.38.85.37 - - [27/Dec/2024:03:02:51 +0100] "GET /ticket2/opencms/fi/buy/?page=1&edid=86D37D10-EC86-DA68-64A2-A231E525A63B HTTP/1.1" 200 112928
85.208.96.200 - - [27/Dec/2024:03:02:52 +0100] "GET /ticket2/opencms/robots.txt HTTP/1.1" 200 773
47.128.114.21 - - [27/Dec/2024:03:02:52 +0100] "GET /ticket2/opencms/ga/about/press/ HTTP/1.1" 200 88513
185.191.171.7 - - [27/Dec/2024:03:02:53 +0100] "GET /ticket2/opencms/de/sport/fussball-tickets/bundesliga/stuttgart/ HTTP/1.1" 200 101134
47.128.114.21 - - [27/Dec/2024:03:02:53 +0100] "GET /ticket2/opencms/system/modules/com.gridnine.opencms.ticketbrokerage.site/resources/css/images/event-banner.png HTTP/1.1" 404 -
54.38.85.37 - - [27/Dec/2024:03:02:53 +0100] "GET /ticket2/opencms/fi/buy/?page=1&edid=86D37D10-EC86-DA68-64A2-A231E525A63B&sortorder=desc&column=price HTTP/1.1" 200 114816
54.38.85.37 - - [27/Dec/2024:03:02:56 +0100] "GET /ticket2/opencms/fi/buy/?page=1&edid=86D37D10-EC86-DA68-64A2-A231E525A63B&sortorder=desc&column=section HTTP/1.1" 200 114892
54.38.85.37 - - [27/Dec/2024:03:02:58 +0100] "GET /ticket2/opencms/fi/buy/?page=1&edid=87A2E0C8-FB06-9F72-D01C-6586D722A374&sortorder=asc&column=price HTTP/1.1" 200 114467
216.244.66.238 - - [27/Dec/2024:03:02:59 +0100] "GET /ticket2/opencms/fr/buy?page=1&edid=B640AD0F-A431-B9B5-5584-242D23E4F6FB HTTP/1.1" 200 109614
54.38.85.37 - - [27/Dec/2024:03:03:00 +0100] "GET /ticket2/opencms/fi/buy/?page=1&edid=87A2E0C8-FB06-9F72-D01C-6586D722A374&sortorder=asc&column=row HTTP/1.1" 200 114451
149.50.222.10 - - [27/Dec/2024:03:03:01 +0100] "GET /ticket2/opencms/sv/ HTTP/1.1" 200 101049
34.244.19.150 - - [27/Dec/2024:03:03:01 +0100] "GET /ticket2/opencms/ HTTP/1.1" 302 -
149.50.222.10 - - [27/Dec/2024:03:03:01 +0100] "GET /ticket2/opencms/system/modules/com.gridnine.opencms.ticketbrokerage.site/resources/css/ticketbrokerage.css HTTP/1.1" 200 39339
34.244.19.150 - - [27/Dec/2024:03:03:02 +0100] "GET /ticket2/opencms/en/ HTTP/1.1" 200 100198
149.50.222.10 - - [27/Dec/2024:03:03:02 +0100] "GET /ticket2/opencms/system/modules/com.gridnine.opencms.ticketbrokerage.site/resources/css/calendar.css HTTP/1.1" 200 6871
149.50.222.10 - - [27/Dec/2024:03:03:02 +0100] "GET /ticket2/opencms/system/modules/com.gridnine.opencms.ticketbrokerage.site/resources/css/jquery-ui.css HTTP/1.1" 200 33221
149.50.222.10 - - [27/Dec/2024:03:03:02 +0100] "GET /ticket2/opencms/system/modules/com.gridnine.opencms.ticketbrokerage.site/resources/css/jquery.fancybox.css HTTP/1.1" 200 4939
149.50.222.10 - - [27/Dec/2024:03:03:02 +0100] "GET /ticket2/opencms/system/modules/com.gridnine.opencms.ticketbrokerage.site/resources/js/jquery/jquery.js HTTP/1.1" 200 93868
149.50.222.10 - - [27/Dec/2024:03:03:02 +0100] "GET /ticket2/opencms/system/modules/com.gridnine.opencms.ticketbrokerage.site/resources/css/standard.css HTTP/1.1" 200 73081
149.50.222.10 - - [27/Dec/2024:03:03:02 +0100] "GET /ticket2/opencms/system/modules/com.gridnine.opencms.ticketbrokerage.site/resources/js/jquery/jquery-ui.js HTTP/1.1" 200 228088
149.50.222.10 - - [27/Dec/2024:03:03:02 +0100] "GET /ticket2/opencms/system/modules/com.gridnine.opencms.ticketbrokerage.site/resources/js/functions.js HTTP/1.1" 200 1583
149.50.222.10 - - [27/Dec/2024:03:03:02 +0100] "GET /ticket2/opencms/system/modules/com.gridnine.opencms.ticketbrokerage.site/resources/js/calendar.js HTTP/1.1" 200 49229
54.38.85.37 - - [27/Dec/2024:03:03:02 +0100] "GET /ticket2/opencms/fi/buy/?page=1&edid=87DA739E-CCE4-5E9A-8632-3FF85ED04CE7 HTTP/1.1" 200 109670
149.50.222.10 - - [27/Dec/2024:03:03:02 +0100] "GET /ticket2/opencms/system/modules/com.gridnine.opencms.ticketbrokerage.site/resources/js/calendar-en.js HTTP/1.1" 200 3338
149.50.222.10 - - [27/Dec/2024:03:03:02 +0100] "GET /ticket2/opencms/system/modules/com.gridnine.opencms.ticketbrokerage.site/resources/js/calendar-setup.js HTTP/1.1" 200 4923
149.50.222.10 - - [27/Dec/2024:03:03:02 +0100] "GET /ticket2/opencms/system/modules/com.gridnine.opencms.ticketbrokerage.site/resources/js/jquery.fancybox.pack.js HTTP/1.1" 200 23187
149.50.222.10 - - [27/Dec/2024:03:03:03 +0100] "GET /ticket2/opencms/system/modules/com.gridnine.opencms.ticketbrokerage.site/resources/js/stickyfill.min.js HTTP/1.1" 200 5672
54.38.85.37 - - [27/Dec/2024:03:03:04 +0100] "GET /ticket2/opencms/fi/buy/?page=1&edid=87EB76B2-431B-5A73-8A07-B956FF008594 HTTP/1.1" 200 109758
69.171.249.112 - - [27/Dec/2024:03:03:05 +0100] "GET /ticket2/opencms/ro/magazine/article?title=luton HTTP/1.1" 200 92117
54.38.85.37 - - [27/Dec/2024:03:03:06 +0100] "GET /ticket2/opencms/fi/buy/?page=1&edid=8919BE55-467F-B5F4-E443-3662D2E6E930 HTTP/1.1" 200 109699
54.38.85.37 - - [27/Dec/2024:03:03:08 +0100] "GET /ticket2/opencms/fi/buy/?page=1&edid=89512C49-9985-8A64-3ABD-3F9CEE88DFB0&sortorder=asc&column=row HTTP/1.1" 200 114353
149.50.222.10 - - [27/Dec/2024:03:03:09 +0100] "GET /ticket2/opencms/system/modules/com.gridnine.opencms.ticketbrokerage.site/resources/js/standard.js HTTP/1.1" 200 3978
54.38.85.37 - - [27/Dec/2024:03:03:10 +0100] "GET /ticket2/opencms/fi/buy/?page=1&edid=89512C49-9985-8A64-3ABD-3F9CEE88DFB0&sortorder=asc&column=section HTTP/1.1" 200 114740
89.246.241.14 - - [27/Dec/2024:03:03:11 +0100] "GET /ticket2/opencms/en/buy?page=1&edid=A250B4B1-8EE0-FF45-8CB6-582F5F739AF9 HTTP/1.1" 200 135716
54.38.85.37 - - [27/Dec/2024:03:03:12 +0100] "GET /ticket2/opencms/fi/buy/?page=1&edid=8970AC92-C5AA-B7C6-D963-8BFE17682D77&sortorder=asc&column=price HTTP/1.1" 200 115153
149.50.222.10 - - [27/Dec/2024:03:03:13 +0100] "GET /ticket2/opencms/system/modules/com.gridnine.opencms.ticketbrokerage.site/resources/js/jquery.placeholder.min.js HTTP/1.1" 200 1737
149.50.222.10 - - [27/Dec/2024:03:03:13 +0100] "GET /ticket2/opencms/system/modules/com.gridnine.opencms.ticketbrokerage.site/resources/js/common-ajax.js HTTP/1.1" 200 20175
149.50.222.10 - - [27/Dec/2024:03:03:14 +0100] "GET /ticket2/opencms/system/modules/com.gridnine.opencms.ticketbrokerage.site/resources/pics/logo-new.png HTTP/1.1" 200 13541
54.38.85.37 - - [27/Dec/2024:03:03:14 +0100] "GET /ticket2/opencms/fi/buy/?page=1&edid=8970AC92-C5AA-B7C6-D963-8BFE17682D77&sortorder=asc&column=row HTTP/1.1" 200 115123
149.50.222.10 - - [27/Dec/2024:03:03:15 +0100] "GET /ticket2/opencms/img/banner-pl.jpeg HTTP/1.1" 200 41818
149.50.222.10 - - [27/Dec/2024:03:03:15 +0100] "GET /ticket2/opencms/img/banner-ll.jpeg HTTP/1.1" 200 41825
149.50.222.10 - - [27/Dec/2024:03:03:16 +0100] "GET /ticket2/opencms/img/insta.png HTTP/1.1" 200 3967
149.50.222.10 - - [27/Dec/2024:03:03:16 +0100] "GET /ticket2/opencms/img/fb.png HTTP/1.1" 200 1269
149.50.222.10 - - [27/Dec/2024:03:03:16 +0100] "GET /ticket2/opencms/system/modules/com.gridnine.opencms.ticketbrokerage.site/resources/pics/footer-img.jpg HTTP/1.1" 200 67642
114.119.132.9 - - [27/Dec/2024:03:03:16 +0100] "GET /ticket2/opencms/en/sell/?edid=EBE2E095-EDE2-C88D-EC51-00B2E16EC697 HTTP/1.1" 302 -
149.50.222.10 - - [27/Dec/2024:03:03:16 +0100] "GET /ticket2/opencms/img/check.png HTTP/1.1" 200 548
149.50.222.10 - - [27/Dec/2024:03:03:16 +0100] "GET /ticket2/opencms/img/mail.png HTTP/1.1" 200 403
149.50.222.10 - - [27/Dec/2024:03:03:16 +0100] "GET /ticket2/opencms/img/banner-sa.jpeg HTTP/1.1" 200 41270
54.38.85.37 - - [27/Dec/2024:03:03:16 +0100] "GET /ticket2/opencms/fi/buy/?page=1&edid=8970AC92-C5AA-B7C6-D963-8BFE17682D77&sortorder=asc&column=section HTTP/1.1" 200 115367
149.50.222.10 - - [27/Dec/2024:03:03:16 +0100] "GET /ticket2/opencms/img/chat.png HTTP/1.1" 200 416
149.50.222.10 - - [27/Dec/2024:03:03:16 +0100] "GET /ticket2/opencms/img/arrow.png HTTP/1.1" 200 753
54.38.85.37 - - [27/Dec/2024:03:03:19 +0100] "GET /ticket2/opencms/fi/buy/?page=1&edid=897211BD-6892-D833-1096-CE6140C23AFB&sortorder=asc&column=price HTTP/1.1" 200 113736
185.191.171.11 - - [27/Dec/2024:03:03:19 +0100] "GET /ticket2/opencms/nl/magazine/article?title=londen-een-voetbalstad-van-wereldklasse HTTP/1.1" 200 90284
54.38.85.37 - - [27/Dec/2024:03:03:21 +0100] "GET /ticket2/opencms/fi/buy/?page=1&edid=897211BD-6892-D833-1096-CE6140C23AFB&sortorder=asc&column=section HTTP/1.1" 200 113795
114.119.132.9 - - [27/Dec/2024:03:03:21 +0100] "GET /ticket2/opencms/en/login/?url=/en/sell/ HTTP/1.1" 200 89794
3.137.175.83 - - [27/Dec/2024:03:03:21 +0100] "GET /ticket2/opencms/be/buy/?edid=9444713B-A9BE-A3F5-4A66-33B8EFDAEFB0&page=1 HTTP/1.1" 200 115042
216.244.66.238 - - [27/Dec/2024:03:03:22 +0100] "GET /ticket2/opencms/hr/buy?page=1&edid=BD57B92F-719F-8721-993E-18658CF49B0B HTTP/1.1" 200 109657
54.38.85.37 - - [27/Dec/2024:03:03:23 +0100] "GET /ticket2/opencms/fi/buy/?page=1&edid=89B772F9-A273-8B5E-5539-01FAF7B8850F HTTP/1.1" 200 112863
54.38.85.37 - - [27/Dec/2024:03:03:25 +0100] "GET /ticket2/opencms/fi/buy/?page=1&edid=89B9E8FB-02AC-B2B1-4633-6562ED36330C HTTP/1.1" 200 109684
85.208.96.207 - - [27/Dec/2024:03:03:25 +0100] "GET /ticket2/opencms/en/magazine/article?title=burnley-fc HTTP/1.1" 200 90090
66.249.79.172 - - [27/Dec/2024:03:03:26 +0100] "GET /ticket2/opencms/el/buy?page=1&edid=8085E80D-BC8F-CDCF-7CC8-2F497FE082D3 HTTP/1.1" 200 141877
54.38.85.37 - - [27/Dec/2024:03:03:27 +0100] "GET /ticket2/opencms/fi/buy/?page=1&edid=89FE7505-90F7-E10A-4E29-615C9B572E94&sortorder=asc&column=price HTTP/1.1" 200 114903
47.128.126.87 - - [27/Dec/2024:03:03:28 +0100] "GET /ticket2/opencms/ka/buy/?edid=E191F800-BEBE-94E3-2A9A-C8072A850396 HTTP/1.1" 200 94762
185.191.171.19 - - [27/Dec/2024:03:03:28 +0100] "GET /ticket2/opencms/sv/about/contact HTTP/1.1" 200 88400
54.38.85.37 - - [27/Dec/2024:03:03:29 +0100] "GET /ticket2/opencms/fi/buy/?page=1&edid=89FE7505-90F7-E10A-4E29-615C9B572E94&sortorder=asc&column=row HTTP/1.1" 200 114718
54.38.85.37 - - [27/Dec/2024:03:03:31 +0100] "GET /ticket2/opencms/fi/buy/?page=1&edid=89FE7505-90F7-E10A-4E29-615C9B572E94&sortorder=asc&column=section HTTP/1.1" 200 114967
54.38.85.37 - - [27/Dec/2024:03:03:33 +0100] "GET /ticket2/opencms/fi/buy/?page=1&edid=8A139653-3F2A-117F-5226-9B729662EFF1 HTTP/1.1" 200 109791
114.119.140.85 - - [27/Dec/2024:03:03:33 +0100] "GET /ticket2/opencms/en/venue/?venueid=0D8FB175-8FD4-BBC9-1FBC-8F0EBFF5E13C HTTP/1.1" 200 84968
54.38.85.37 - - [27/Dec/2024:03:03:35 +0100] "GET /ticket2/opencms/fi/buy/?page=1&edid=8EF61386-75A5-7ECD-3DE9-56F6BE848BCB HTTP/1.1" 200 113003
54.38.85.37 - - [27/Dec/2024:03:03:37 +0100] "GET /ticket2/opencms/fi/buy/?page=1&edid=8F32112A-6CA0-9D55-89DE-BC30A4DEC61E HTTP/1.1" 200 113368
85.208.96.201 - - [27/Dec/2024:03:03:38 +0100] "GET /ticket2/opencms/fr/magazine/article?title=liverpool-contre-tottenham HTTP/1.1" 200 91966
47.238.13.15 - - [27/Dec/2024:03:03:38 +0100] "GET /ticket2/opencms/de/buy?page=1&edid=E9273ADB-397B-8C66-EF24-3A92BD3295EC&sortorder=asc&column=price HTTP/1.1" 200 114870
54.38.85.37 - - [27/Dec/2024:03:03:39 +0100] "GET /ticket2/opencms/fi/buy/?page=1&edid=8F32112A-6CA0-9D55-89DE-BC30A4DEC61E&sortorder=desc&column=price HTTP/1.1" 200 115326
54.38.85.37 - - [27/Dec/2024:03:03:41 +0100] "GET /ticket2/opencms/fi/buy/?page=1&edid=8F32112A-6CA0-9D55-89DE-BC30A4DEC61E&sortorder=desc&column=section HTTP/1.1" 200 115631
216.244.66.238 - - [27/Dec/2024:03:03:42 +0100] "GET /ticket2/opencms/is/buy?page=1&edid=3D3DA07F-41D6-4102-026A-DF2EE5E45526 HTTP/1.1" 200 113338
54.38.85.37 - - [27/Dec/2024:03:03:43 +0100] "GET /ticket2/opencms/fi/buy/?page=1&edid=963895FF-8589-B7C5-5491-D5A774B04B1A HTTP/1.1" 200 113049
54.38.85.37 - - [27/Dec/2024:03:03:45 +0100] "GET /ticket2/opencms/fi/buy/?page=1&edid=97688022-64E2-C322-BF2D-348E11C2E2E3&sortorder=asc&column=price HTTP/1.1" 200 115512
173.252.69.9 - - [27/Dec/2024:03:03:46 +0100] "GET /ticket2/opencms/pl/magazine/article?title=kylian-mbappe HTTP/1.1" 200 93430
54.38.85.37 - - [27/Dec/2024:03:03:47 +0100] "GET /ticket2/opencms/fi/buy/?page=1&edid=9C1548C2-2CCF-2559-E7B7-7E11B3528A6D HTTP/1.1" 200 109612
54.38.85.37 - - [27/Dec/2024:03:03:49 +0100] "GET /ticket2/opencms/fi/buy/?page=1&edid=9C92749B-82EC-521C-78AF-8CCF3D3B3F3A HTTP/1.1" 200 112872
54.38.85.37 - - [27/Dec/2024:03:03:51 +0100] "GET /ticket2/opencms/fi/buy/?page=1&edid=9CE18066-28C3-807E-491C-2832FEFE9145 HTTP/1.1" 200 112472
54.38.85.37 - - [27/Dec/2024:03:03:53 +0100] "GET /ticket2/opencms/fi/buy/?page=1&edid=9E1964B6-5472-857D-2725-4C1C466EC5FE HTTP/1.1" 200 109597
54.38.85.37 - - [27/Dec/2024:03:03:55 +0100] "GET /ticket2/opencms/fi/buy/?page=1&edid=9E6B40C5-4DED-B6A2-4412-16601F0EAAEF HTTP/1.1" 200 112309
40.77.167.78 - - [27/Dec/2024:03:03:56 +0100] "GET /ticket2/opencms/ga/buy?page=1&edid=6ADB89E7-5E3D-9568-EF80-A7D0675D6108 HTTP/1.1" 200 113413
54.38.85.37 - - [27/Dec/2024:03:03:56 +0100] "GET /ticket2/opencms/fi/buy/?page=1&edid=9EC22464-5EE1-83DF-3DFE-23CF4C2F9D93 HTTP/1.1" 200 109671
185.191.171.3 - - [27/Dec/2024:03:03:59 +0100] "GET /ticket2/opencms/sr/magazine/article?title=manchester-city-sampioni-cetvrtu-godinu-zaredom HTTP/1.1" 200 93921
54.38.85.37 - - [27/Dec/2024:03:03:59 +0100] "GET /ticket2/opencms/fi/buy/?page=1&edid=9FB6CA5F-9FD4-07F5-846F-055946C41087 HTTP/1.1" 200 112113
47.128.47.120 - - [27/Dec/2024:03:04:00 +0100] "GET /ticket2/opencms/fi/venue/?venueid=31714C71-62AB-341F-02CF-2D7553D967CB HTTP/1.1" 200 86626
54.38.85.37 - - [27/Dec/2024:03:04:01 +0100] "GET /ticket2/opencms/fi/buy/?page=1&edid=AFDF9063-C0FF-597F-DC9B-84BBE5A9A009&sortorder=desc&column=row HTTP/1.1" 200 114567
216.244.66.238 - - [27/Dec/2024:03:04:01 +0100] "GET /ticket2/opencms/no/buy?page=1&edid=E4AB8B9B-D715-946F-66CB-04AA56069E4B HTTP/1.1" 200 111521
66.249.68.37 - - [27/Dec/2024:03:04:02 +0100] "GET /ticket2/opencms/ga/buy/?page=1&edid=77EEF94B-7B3D-9F35-9811-078E0E2474CF HTTP/1.1" 200 133812
66.249.68.36 - - [27/Dec/2024:03:04:04 +0100] "GET /ticket2/opencms/sv/ HTTP/1.1" 200 100943
216.244.66.238 - - [27/Dec/2024:03:04:19 +0100] "GET /ticket2/opencms/uk/buy?page=1&edid=E5E91601-664C-51A2-E749-25FC5C85A6E3 HTTP/1.1" 200 115479
66.249.79.169 - - [27/Dec/2024:03:04:29 +0100] "GET /ticket2/opencms/es/buy/?page=1&edid=A50C9DBA-FE79-ABA2-A67C-ED9083C7A802 HTTP/1.1" 200 122186
85.208.96.206 - - [27/Dec/2024:03:04:42 +0100] "GET /ticket2/opencms/fi/magazine/article?title=otteluohjelma-premier-leaguessa-premier-leaguen-ottelut-20242025 HTTP/1.1" 200 92532
47.128.97.50 - - [27/Dec/2024:03:04:42 +0100] "GET /ticket2/opencms/dk/sport/fodboldbilletter/bundesliga/union_berlin/ HTTP/1.1" 200 99300
3.137.174.253 - - [27/Dec/2024:03:04:55 +0100] "GET /ticket2/opencms/el/buy/?edid=9444713B-A9BE-A3F5-4A66-33B8EFDAEFB0&page=1 HTTP/1.1" 200 116788
47.238.13.18 - - [27/Dec/2024:03:04:58 +0100] "GET /ticket2/opencms/uk/buy?page=1&edid=D34A8027-9C7C-9A02-E90F-2BDCD9A4174F&sortorder=asc&column=row HTTP/1.1" 200 116122
173.252.107.20 - - [27/Dec/2024:03:05:01 +0100] "GET /ticket2/opencms/be/magazine/article?title=im-sorry-i-cannot-fulfill-this-request HTTP/1.1" 200 94288
85.208.96.194 - - [27/Dec/2024:03:05:04 +0100] "GET /ticket2/opencms/dk/sport/fodboldbilletter/la-liga/atletico_madrid/ HTTP/1.1" 200 92418
47.128.55.179 - - [27/Dec/2024:03:05:05 +0100] "GET /ticket2/opencms/hu/standard/ HTTP/1.1" 500 -
47.238.13.3 - - [27/Dec/2024:03:05:06 +0100] "GET /ticket2/opencms/lv/buy?page=1&edid=D5742773-78DA-401C-AB02-281EE4F8A14C HTTP/1.1" 200 113533
40.77.167.224 - - [27/Dec/2024:03:05:09 +0100] "GET /ticket2/opencms/en/search.html HTTP/1.1" 200 94869
185.191.171.16 - - [27/Dec/2024:03:05:22 +0100] "GET /ticket2/opencms/no/sport/fotballsbilletter/champions_league/arsenal/ HTTP/1.1" 200 88537
52.167.144.158 - - [27/Dec/2024:03:05:30 +0100] "GET /ticket2/opencms/dk/search.html?searchQuery=2025 HTTP/1.1" 200 96860
52.167.144.158 - - [27/Dec/2024:03:05:32 +0100] "GET /ticket2/opencms/sk/sport/futbalove-listky/premier-league/manchester-city HTTP/1.1" 200 103487
52.167.144.137 - - [27/Dec/2024:03:05:32 +0100] "GET /ticket2/opencms/nl/magazine/article?title=newcastle HTTP/1.1" 200 88230
52.167.144.17 - - [27/Dec/2024:03:05:33 +0100] "GET /ticket2/opencms/dk/buy/?page=1&edid=F6B52729-D385-1BA8-C061-8869A2499C82 HTTP/1.1" 200 108385
18.225.72.181 - - [27/Dec/2024:03:05:39 +0100] "GET /ticket2/opencms/ka/buy/?edid=9444713B-A9BE-A3F5-4A66-33B8EFDAEFB0&page=1 HTTP/1.1" 200 118973
185.191.171.15 - - [27/Dec/2024:03:05:44 +0100] "GET /ticket2/opencms/nl/magazine/article?title=winnaar-van-de-gouden-bal-2024 HTTP/1.1" 200 91219
52.167.144.17 - - [27/Dec/2024:03:05:44 +0100] "GET /ticket2/opencms/es/login/ HTTP/1.1" 200 91404
47.128.61.166 - - [27/Dec/2024:03:05:46 +0100] "GET /ticket2/opencms/bg/buy/?edid=4D0E8B6F-4A4C-13EE-EC78-4C4A42CB13B0 HTTP/1.1" 200 93468
185.191.171.19 - - [27/Dec/2024:03:05:55 +0100] "GET /ticket2/opencms/de/magazine/article?title=tottenham-hotspur-fc HTTP/1.1" 200 91684
89.246.241.14 - - [27/Dec/2024:03:05:59 +0100] "GET /ticket2/opencms/en/ask-form.html HTTP/1.1" 200 3146
85.208.96.201 - - [27/Dec/2024:03:06:05 +0100] "GET /ticket2/opencms/uk/search.html HTTP/1.1" 200 96649
85.208.96.205 - - [27/Dec/2024:03:06:06 +0100] "GET /ticket2/opencms/sv/magazine/article/ HTTP/1.1" 200 88090
40.77.167.65 - - [27/Dec/2024:03:06:07 +0100] "GET /ticket2/opencms/sl/buy?page=1&edid=0C1979DA-50CA-ECE7-2406-93F50E7E04D2 HTTP/1.1" 200 109680
51.8.155.53 - - [27/Dec/2024:03:06:16 +0100] "GET /ticket2/opencms/bg/sport/futbolni-bileti/bundesliga/bayern-munchen HTTP/1.1" 200 104399
185.191.171.5 - - [27/Dec/2024:03:06:19 +0100] "GET /ticket2/opencms/ro/magazine/article?title=legenda-intr-un-schimb-aprins-de-replici-cu-un-suporter HTTP/1.1" 200 93703
185.191.171.10 - - [27/Dec/2024:03:06:21 +0100] "GET /ticket2/opencms/sites/ticketbrokerage/sv/tickets/stoke/manchester_city.html HTTP/1.1" 404 -
185.191.171.19 - - [27/Dec/2024:03:06:28 +0100] "GET /ticket2/opencms/en/standard/ HTTP/1.1" 200 98206
85.208.96.200 - - [27/Dec/2024:03:06:28 +0100] "GET /ticket2/opencms/fr/buy_safety HTTP/1.1" 200 90644
40.77.167.224 - - [27/Dec/2024:03:06:30 +0100] "GET /ticket2/opencms/mk/buy?page=1&edid=BD37EFB1-8634-B38F-BDAF-60BA4B233529 HTTP/1.1" 404 -
40.77.167.224 - - [27/Dec/2024:03:06:31 +0100] "GET /ticket2/opencms/en/magazine/article?title=nightmare-for-manchester-city HTTP/1.1" 200 92528
185.191.171.8 - - [27/Dec/2024:03:06:38 +0100] "GET /ticket2/opencms/fi/search.html?searchQuery=Pittsburgh HTTP/1.1" 200 97769
40.77.167.224 - - [27/Dec/2024:03:06:41 +0100] "GET /ticket2/opencms/system/modules/com.gridnine.opencms.ticketbrokerage.site/resources/js/calendar-en.js HTTP/1.1" 200 3338
40.77.167.224 - - [27/Dec/2024:03:06:41 +0100] "GET /ticket2/opencms/system/modules/com.gridnine.opencms.ticketbrokerage.site/resources/js/common-ajax.js HTTP/1.1" 200 20175
47.128.47.125 - - [27/Dec/2024:03:06:43 +0100] "GET /ticket2/opencms/pl/sport/bilety-futbol/premier-league/west-ham-united/ HTTP/1.1" 200 101820
40.77.167.65 - - [27/Dec/2024:03:06:45 +0100] "GET /ticket2/opencms/system/modules/com.gridnine.opencms.ticketbrokerage.site/resources/js/calendar-setup.js HTTP/1.1" 200 4923
40.77.167.65 - - [27/Dec/2024:03:06:46 +0100] "GET /ticket2/opencms/system/modules/com.gridnine.opencms.ticketbrokerage.site/resources/js/calendar.js HTTP/1.1" 200 49229
40.77.167.65 - - [27/Dec/2024:03:06:46 +0100] "GET /ticket2/opencms/et/buy?comcatid=A17713B6-D984-201A-4143-ED4DB5ED5C2E&catid=0A6C99D2-F5BD-7A18-9A5F-5668827042E0&npage=1 HTTP/1.1" 200 6410
40.77.167.65 - - [27/Dec/2024:03:06:47 +0100] "GET /ticket2/opencms/system/modules/com.gridnine.opencms.ticketbrokerage.site/resources/js/jquery/jquery.js HTTP/1.1" 200 93868
40.77.167.224 - - [27/Dec/2024:03:06:48 +0100] "GET /ticket2/opencms/system/modules/com.gridnine.opencms.ticketbrokerage.site/resources/js/jquery.placeholder.min.js HTTP/1.1" 200 1737
85.208.96.210 - - [27/Dec/2024:03:06:50 +0100] "GET /ticket2/opencms/dk/magazine/article?title=everton HTTP/1.1" 200 90767
185.191.171.4 - - [27/Dec/2024:03:06:50 +0100] "GET /ticket2/opencms/robots.txt HTTP/1.1" 200 773
52.167.144.158 - - [27/Dec/2024:03:06:50 +0100] "GET /ticket2/opencms/system/modules/com.gridnine.opencms.ticketbrokerage.site/resources/js/functions.js HTTP/1.1" 200 1583
85.208.96.202 - - [27/Dec/2024:03:06:56 +0100] "GET /ticket2/opencms/fi/urheilu/jalkapallo/bundesliga/leipzig/ HTTP/1.1" 200 94385
114.119.143.233 - - [27/Dec/2024:03:07:00 +0100] "GET /ticket2/opencms/uk/buy?page=1&edid=0DBCB465-B50C-322C-E09A-388DFDB3B5F8 HTTP/1.1" 200 114391
52.167.144.158 - - [27/Dec/2024:03:07:00 +0100] "GET /ticket2/opencms/system/modules/com.gridnine.opencms.ticketbrokerage.site/resources/js/jquery.fancybox.pack.js HTTP/1.1" 200 23187
52.167.144.158 - - [27/Dec/2024:03:07:00 +0100] "GET /ticket2/opencms/system/modules/com.gridnine.opencms.ticketbrokerage.site/resources/js/jquery/jquery-ui.js HTTP/1.1" 200 228088
52.167.144.158 - - [27/Dec/2024:03:07:01 +0100] "GET /ticket2/opencms/system/modules/com.gridnine.opencms.ticketbrokerage.site/resources/js/standard.js HTTP/1.1" 200 3978
52.167.144.158 - - [27/Dec/2024:03:07:01 +0100] "GET /ticket2/opencms/system/modules/com.gridnine.opencms.ticketbrokerage.site/resources/js/stickyfill.min.js HTTP/1.1" 200 5672
185.191.171.16 - - [27/Dec/2024:03:07:02 +0100] "GET /ticket2/opencms/el/selling_tickets/ HTTP/1.1" 500 -
114.119.152.134 - - [27/Dec/2024:03:07:10 +0100] "GET /ticket2/opencms/en/venue/?venueid=41578BAC-B3C6-A54C-C6C5-8BDAB9EF23A9 HTTP/1.1" 200 85095
185.191.171.8 - - [27/Dec/2024:03:07:11 +0100] "GET /ticket2/opencms/et/login/?url=%25252Fet%25252Fsell%25252F HTTP/1.1" 200 91413
85.208.96.201 - - [27/Dec/2024:03:07:13 +0100] "GET /ticket2/opencms/no/magazine/article?title=jurgen-klopp-forlater-liverpool-en-suksesshistorie-pa-anfield HTTP/1.1" 200 95417
85.208.96.204 - - [27/Dec/2024:03:07:14 +0100] "GET /ticket2/opencms/pl/magazine/article?title=legenda-w-goracej-wymianie-zdan-z-kibicem HTTP/1.1" 200 93474
69.171.230.10 - - [27/Dec/2024:03:07:20 +0100] "GET /ticket2/opencms/en/buy?page=1&edid=3D561669-CE76-F355-781D-8E2E1C0C9894 HTTP/1.1" 200 124160
47.238.13.13 - - [27/Dec/2024:03:07:31 +0100] "GET /ticket2/opencms/hu/buy?page=1&edid=12968C36-EF0E-52F6-FF93-EF3AF0F97431&sortorder=asc&column=price HTTP/1.1" 200 115805
85.208.96.199 - - [27/Dec/2024:03:07:43 +0100] "GET /ticket2/opencms/hr/faq/ HTTP/1.1" 200 89848
40.77.167.65 - - [27/Dec/2024:03:07:43 +0100] "GET /ticket2/opencms/ro/buy?page=1&edid=1B6F6A2B-A0DA-FF91-EC4E-3DCAA442C25B HTTP/1.1" 200 136102
185.191.171.4 - - [27/Dec/2024:03:07:46 +0100] "GET /ticket2/opencms/it/magazine/article?title=sul-club-di-calcio-liverpool-fc HTTP/1.1" 200 94198
40.77.167.224 - - [27/Dec/2024:03:07:50 +0100] "GET /ticket2/opencms/no/buy?page=1&edid=2BD79B71-800A-C357-916D-556B8E35E774 HTTP/1.1" 200 109150
40.77.167.224 - - [27/Dec/2024:03:07:51 +0100] "GET /ticket2/opencms/fr/magazine/article?title=stade-emirates-une-arene-iconique HTTP/1.1" 200 95568
52.167.144.158 - - [27/Dec/2024:03:07:52 +0100] "GET /ticket2/opencms/mk/buy?page=1&edid=37E2A4DD-118F-C378-83A2-20232412AB9C HTTP/1.1" 404 -
47.128.21.156 - - [27/Dec/2024:03:08:01 +0100] "GET /ticket2/opencms/fi/venue/?venueid=92B1EF2C-B01A-5498-4DA0-D832A3A798A5 HTTP/1.1" 200 86643
114.119.141.206 - - [27/Dec/2024:03:08:16 +0100] "GET /ticket2/opencms/en/sell/?edid=EB592836-3B3C-DB5C-2862-32483E1FB13E HTTP/1.1" 302 -
47.128.116.223 - - [27/Dec/2024:03:08:18 +0100] "GET /ticket2/opencms/it/magazine/article?title=vincitore-del-pallone-doro-2024 HTTP/1.1" 200 93205
47.128.116.223 - - [27/Dec/2024:03:08:19 +0100] "GET /ticket2/opencms/system/modules/com.gridnine.opencms.ticketbrokerage.site/resources/pics/footer-img.jpg HTTP/1.1" 200 67642
185.191.171.16 - - [27/Dec/2024:03:08:20 +0100] "GET /ticket2/opencms/dk/magazine/article?title=lionel-messi HTTP/1.1" 200 92228
