66.249.79.99 - - [27/Dec/2024:02:01:47 +0100] "GET /ticket2/opencms/sv/venue/?venueid=599873B1-3873-AE39-BC85-F2D3640C7F65 HTTP/1.1" 200 85847
66.249.79.8 - - [27/Dec/2024:02:01:50 +0100] "GET /ticket2/opencms/system/modules/com.gridnine.opencms.ticketbrokerage.site/resources/js/jquery.placeholder.min.js HTTP/1.1" 200 1737
47.128.22.10 - - [27/Dec/2024:02:01:53 +0100] "GET /ticket2/opencms/az/buy/?edid=AAD8B8EA-9AED-21A9-2967-40D5EB8A5581 HTTP/1.1" 200 92627
66.249.68.67 - - [27/Dec/2024:02:02:00 +0100] "GET /ticket2/opencms/it/buy/?page=1&edid=8EE24D2F-4BF0-A103-6944-36103BCA6278 HTTP/1.1" 200 123127
66.249.78.7 - - [27/Dec/2024:02:02:01 +0100] "GET /ticket2/opencms/system/modules/com.gridnine.opencms.ticketbrokerage.site/resources/css/ticketbrokerage.css HTTP/1.1" 200 39339
89.246.241.14 - - [27/Dec/2024:02:02:01 +0100] "GET /ticket2/opencms/dk/ HTTP/1.1" 200 100626
66.249.79.103 - - [27/Dec/2024:02:02:04 +0100] "GET /ticket2/opencms/dk/buy/?page=1&edid=1E7AFBDB-B9E9-CF51-FB2A-8AD63A1AF949 HTTP/1.1" 200 108413
114.119.152.134 - - [27/Dec/2024:02:02:05 +0100] "GET /ticket2/opencms/en/venue/?venueid=931B960B-87A9-7EDC-AD2E-1CCD2CDDC26D HTTP/1.1" 200 85038
40.77.167.14 - - [27/Dec/2024:02:02:10 +0100] "GET /ticket2/opencms/el/buy?page=1&edid=91E06EB3-29BE-78F9-C5D9-F08587328467 HTTP/1.1" 200 115911
52.167.144.202 - - [27/Dec/2024:02:02:14 +0100] "GET /ticket2/opencms/bs/buy?page=1&edid=5FC2C7FA-F1ED-ECF7-ECE6-C7698E9219FD HTTP/1.1" 200 109619
185.191.171.7 - - [27/Dec/2024:02:02:17 +0100] "GET /ticket2/opencms/sv/about/press/ HTTP/1.1" 200 90559
185.191.171.14 - - [27/Dec/2024:02:02:18 +0100] "GET /ticket2/opencms/fi/urheilu/jalkapallo/ligue_1/lyon/ HTTP/1.1" 200 87526
40.77.167.14 - - [27/Dec/2024:02:02:20 +0100] "GET /ticket2/opencms/dk/buy?page=1&edid=B3E9D9E7-B50F-08FD-E8CA-41A1BFDA893A HTTP/1.1" 200 110606
85.208.96.209 - - [27/Dec/2024:02:02:20 +0100] "GET /ticket2/opencms/mo/magazine/article?title=legendaren-i-intensiv-ordvaxling-med-supportern HTTP/1.1" 200 91276
47.128.119.247 - - [27/Dec/2024:02:02:32 +0100] "GET /ticket2/opencms/mt/buy/?edid=44D167E7-554F-DC29-C45D-3596737FE6BB HTTP/1.1" 200 92727
185.191.171.11 - - [27/Dec/2024:02:02:49 +0100] "GET /ticket2/opencms/fi/magazine/article?title=analyysi-nain-paljon-valioliigan-lippujen-hinnat-ovat-nousseet-liverpool-ja-arsenal-ovat-kalleimmat HTTP/1.1" 200 100046
65.21.232.254 - - [27/Dec/2024:02:02:50 +0100] "GET /ticket2/opencms/robots.txt HTTP/1.1" 200 773
185.191.171.10 - - [27/Dec/2024:02:02:51 +0100] "GET /ticket2/opencms/mt/sport/biljetti-tal-futbol/la-liga/getafe/ HTTP/1.1" 200 100623
52.167.144.202 - - [27/Dec/2024:02:02:52 +0100] "GET /ticket2/opencms/tr/buy?page=1&edid=2FEC6466-2972-B3E3-5EB3-4D7B08898B31 HTTP/1.1" 200 112956
65.21.232.254 - - [27/Dec/2024:02:02:52 +0100] "GET /ticket2/opencms/fi/buy/?page=1&edid=B0E4D276-C8CE-F4B4-2DC5-6BEA44E190B2&sortorder=asc&column=price HTTP/1.1" 200 114143
66.249.76.36 - - [27/Dec/2024:02:02:53 +0100] "GET /ticket2/opencms/nl/buy/?page=1&edid=DD14CC82-883B-BD06-4306-EBD494AA1804 HTTP/1.1" 200 135014
65.21.232.254 - - [27/Dec/2024:02:02:55 +0100] "GET /ticket2/opencms/fi/buy/?page=1&edid=B0E4D276-C8CE-F4B4-2DC5-6BEA44E190B2&sortorder=asc&column=row HTTP/1.1" 200 114012
65.21.232.254 - - [27/Dec/2024:02:02:57 +0100] "GET /ticket2/opencms/fi/buy/?page=1&edid=B0E4D276-C8CE-F4B4-2DC5-6BEA44E190B2&sortorder=asc&column=section HTTP/1.1" 200 114301
65.21.232.254 - - [27/Dec/2024:02:02:59 +0100] "GET /ticket2/opencms/fi/buy/?page=1&edid=B0E4D276-C8CE-F4B4-2DC5-6BEA44E190B2&sortorder=desc&column=price HTTP/1.1" 200 114276
65.21.232.254 - - [27/Dec/2024:02:03:01 +0100] "GET /ticket2/opencms/fi/buy/?page=1&edid=B0E4D276-C8CE-F4B4-2DC5-6BEA44E190B2&sortorder=desc&column=section HTTP/1.1" 200 114431
65.21.232.254 - - [27/Dec/2024:02:03:03 +0100] "GET /ticket2/opencms/fi/buy/?page=1&edid=B10AF00E-0324-7445-7D15-B9217548CB2C&sortorder=asc&column=section HTTP/1.1" 200 114938
85.208.96.206 - - [27/Dec/2024:02:03:03 +0100] "GET /ticket2/opencms/ro/magazine/article?title=prima-victorie-a-lui-ipswich-in-premier-league-dupa-22-de-ani HTTP/1.1" 200 93573
65.21.232.254 - - [27/Dec/2024:02:03:05 +0100] "GET /ticket2/opencms/fi/buy/?page=1&edid=B2F92221-2B73-EA2C-C166-398C5B5E8EA2 HTTP/1.1" 200 112318
114.119.154.81 - - [27/Dec/2024:02:03:05 +0100] "GET /ticket2/opencms/en/venue/?venueid=F670BB4E-C7FE-DBAC-B41D-241CF96C0068 HTTP/1.1" 200 85013
65.21.232.254 - - [27/Dec/2024:02:03:06 +0100] "GET /ticket2/opencms/fi/buy/?page=1&edid=B3FFE65A-30FC-32DE-3E3C-769263593BC1&sortorder=asc&column=price HTTP/1.1" 200 113915
65.21.232.254 - - [27/Dec/2024:02:03:09 +0100] "GET /ticket2/opencms/fi/buy/?page=1&edid=B68A5FCD-3F48-E5F6-F08A-DB5402FFB044 HTTP/1.1" 200 112937
40.77.167.14 - - [27/Dec/2024:02:03:09 +0100] "GET /ticket2/opencms/bg/buy?page=1&edid=A34637F6-A2D0-912E-26B6-F992C4C5FF72 HTTP/1.1" 200 116035
65.21.232.254 - - [27/Dec/2024:02:03:11 +0100] "GET /ticket2/opencms/fi/buy/?page=1&edid=B6D0A9AB-69A7-9419-F7A9-AFE901370F8E&sortorder=desc&column=price HTTP/1.1" 200 114293
114.119.135.171 - - [27/Dec/2024:02:03:11 +0100] "GET /ticket2/opencms/en/buy/?page=1&edid=48E72B51-00CE-CE36-D8BB-29D37358C55B HTTP/1.1" 200 133358
65.21.232.254 - - [27/Dec/2024:02:03:13 +0100] "GET /ticket2/opencms/fi/buy/?page=1&edid=B6D0A9AB-69A7-9419-F7A9-AFE901370F8E&sortorder=desc&column=row HTTP/1.1" 200 114104
65.21.232.254 - - [27/Dec/2024:02:03:15 +0100] "GET /ticket2/opencms/fi/buy/?page=1&edid=B6D0A9AB-69A7-9419-F7A9-AFE901370F8E&sortorder=desc&column=section HTTP/1.1" 200 114516
65.21.232.254 - - [27/Dec/2024:02:03:17 +0100] "GET /ticket2/opencms/fi/buy/?page=1&edid=B7610A39-4144-0BE0-019F-B5A48CCD6AC6 HTTP/1.1" 200 109668
65.21.232.254 - - [27/Dec/2024:02:03:19 +0100] "GET /ticket2/opencms/fi/buy/?page=1&edid=B762BDA4-1E96-1980-2A63-9064BB71B032 HTTP/1.1" 200 112738
52.167.144.65 - - [27/Dec/2024:02:03:20 +0100] "GET /ticket2/opencms/robots.txt HTTP/1.1" 200 773
52.167.144.65 - - [27/Dec/2024:02:03:21 +0100] "GET /ticket2/opencms/robots.txt HTTP/1.1" 200 773
65.21.232.254 - - [27/Dec/2024:02:03:21 +0100] "GET /ticket2/opencms/fi/buy/?page=1&edid=B77ADEB5-E693-DB5B-6404-78A71074DE2E HTTP/1.1" 200 112894
65.21.232.254 - - [27/Dec/2024:02:03:23 +0100] "GET /ticket2/opencms/fi/buy/?page=1&edid=B77ADEB5-E693-DB5B-6404-78A71074DE2E&sortorder=asc&column=row HTTP/1.1" 200 114644
65.21.232.254 - - [27/Dec/2024:02:03:25 +0100] "GET /ticket2/opencms/fi/buy/?page=1&edid=B77ADEB5-E693-DB5B-6404-78A71074DE2E&sortorder=desc&column=row HTTP/1.1" 200 114596
65.21.232.254 - - [27/Dec/2024:02:03:27 +0100] "GET /ticket2/opencms/fi/buy/?page=1&edid=B78F37A9-D298-0836-D814-4AD77F1949FB&sortorder=desc&column=row HTTP/1.1" 200 114923
66.249.68.2 - - [27/Dec/2024:02:03:28 +0100] "GET /ticket2/opencms/no/buy/?page=1&edid=FCEB71A3-C27D-C49F-469F-2CB5939452EE HTTP/1.1" 200 134693
65.21.232.254 - - [27/Dec/2024:02:03:29 +0100] "GET /ticket2/opencms/fi/buy/?page=1&edid=B7CD03F3-78D0-257F-84AD-A4BE61864779&sortorder=desc&column=section HTTP/1.1" 200 115596
114.119.141.178 - - [27/Dec/2024:02:03:31 +0100] "GET /ticket2/opencms/bs/buy?page=1&=E1CACBEB-5FB5-F359-D95F-1110648BB53A HTTP/1.1" 200 6507
65.21.232.254 - - [27/Dec/2024:02:03:31 +0100] "GET /ticket2/opencms/fi/buy/?page=1&edid=B7E11C2C-3C6C-DE18-D55E-09DE5B0BD063 HTTP/1.1" 200 109665
114.119.150.22 - - [27/Dec/2024:02:03:32 +0100] "GET /ticket2/opencms/en/venue/?venueid=630E70AB-B3E3-ED18-A61B-E2859D17F940 HTTP/1.1" 200 84967
65.21.232.254 - - [27/Dec/2024:02:03:33 +0100] "GET /ticket2/opencms/fi/buy/?page=1&edid=B7E969B7-0E01-52EF-9592-2E66EEC1C46E&sortorder=asc&column=section HTTP/1.1" 200 114896
65.21.232.254 - - [27/Dec/2024:02:03:35 +0100] "GET /ticket2/opencms/fi/buy/?page=1&edid=B7E969B7-0E01-52EF-9592-2E66EEC1C46E&sortorder=desc&column=section HTTP/1.1" 200 114985
65.21.232.254 - - [27/Dec/2024:02:03:37 +0100] "GET /ticket2/opencms/fi/buy/?page=1&edid=B855F537-DE06-C9FC-EE20-2B91E0343DA6&sortorder=desc&column=price HTTP/1.1" 200 114715
65.21.232.254 - - [27/Dec/2024:02:03:39 +0100] "GET /ticket2/opencms/fi/buy/?page=1&edid=B855F537-DE06-C9FC-EE20-2B91E0343DA6&sortorder=desc&column=row HTTP/1.1" 200 114762
65.21.232.254 - - [27/Dec/2024:02:03:41 +0100] "GET /ticket2/opencms/fi/buy/?page=1&edid=B855F537-DE06-C9FC-EE20-2B91E0343DA6&sortorder=desc&column=section HTTP/1.1" 200 114870
65.21.232.254 - - [27/Dec/2024:02:03:43 +0100] "GET /ticket2/opencms/fi/buy/?page=1&edid=B8BBF679-D59C-F1CB-8AEA-58801327388A HTTP/1.1" 200 109615
65.21.232.254 - - [27/Dec/2024:02:03:45 +0100] "GET /ticket2/opencms/fi/buy/?page=1&edid=B8D6B8EB-335D-1479-E55C-34EBEB3FD86C HTTP/1.1" 200 111834
149.102.244.39 - - [27/Dec/2024:02:03:47 +0100] "GET /ticket2/opencms/es/ HTTP/1.1" 200 101860
65.21.232.254 - - [27/Dec/2024:02:03:47 +0100] "GET /ticket2/opencms/fi/buy/?page=1&edid=B8DEB2B8-683F-0A52-3ABD-4B09CFFDFCBC HTTP/1.1" 200 111953
149.102.244.39 - - [27/Dec/2024:02:03:47 +0100] "GET /ticket2/opencms/system/modules/com.gridnine.opencms.ticketbrokerage.site/resources/css/ticketbrokerage.css HTTP/1.1" 200 39339
149.102.244.39 - - [27/Dec/2024:02:03:47 +0100] "GET /ticket2/opencms/system/modules/com.gridnine.opencms.ticketbrokerage.site/resources/css/calendar.css HTTP/1.1" 200 6871
149.102.244.39 - - [27/Dec/2024:02:03:47 +0100] "GET /ticket2/opencms/system/modules/com.gridnine.opencms.ticketbrokerage.site/resources/css/jquery-ui.css HTTP/1.1" 200 33221
149.102.244.39 - - [27/Dec/2024:02:03:48 +0100] "GET /ticket2/opencms/system/modules/com.gridnine.opencms.ticketbrokerage.site/resources/css/jquery.fancybox.css HTTP/1.1" 200 4939
149.102.244.39 - - [27/Dec/2024:02:03:48 +0100] "GET /ticket2/opencms/system/modules/com.gridnine.opencms.ticketbrokerage.site/resources/css/standard.css HTTP/1.1" 200 73081
149.102.244.39 - - [27/Dec/2024:02:03:48 +0100] "GET /ticket2/opencms/system/modules/com.gridnine.opencms.ticketbrokerage.site/resources/js/jquery/jquery.js HTTP/1.1" 200 93868
149.102.244.39 - - [27/Dec/2024:02:03:48 +0100] "GET /ticket2/opencms/system/modules/com.gridnine.opencms.ticketbrokerage.site/resources/js/jquery/jquery-ui.js HTTP/1.1" 200 228088
149.102.244.39 - - [27/Dec/2024:02:03:48 +0100] "GET /ticket2/opencms/system/modules/com.gridnine.opencms.ticketbrokerage.site/resources/js/functions.js HTTP/1.1" 200 1583
149.102.244.39 - - [27/Dec/2024:02:03:48 +0100] "GET /ticket2/opencms/system/modules/com.gridnine.opencms.ticketbrokerage.site/resources/js/calendar.js HTTP/1.1" 200 49229
149.102.244.39 - - [27/Dec/2024:02:03:48 +0100] "GET /ticket2/opencms/system/modules/com.gridnine.opencms.ticketbrokerage.site/resources/js/calendar-en.js HTTP/1.1" 200 3338
149.102.244.39 - - [27/Dec/2024:02:03:48 +0100] "GET /ticket2/opencms/system/modules/com.gridnine.opencms.ticketbrokerage.site/resources/js/calendar-setup.js HTTP/1.1" 200 4923
149.102.244.39 - - [27/Dec/2024:02:03:48 +0100] "GET /ticket2/opencms/system/modules/com.gridnine.opencms.ticketbrokerage.site/resources/js/jquery.fancybox.pack.js HTTP/1.1" 200 23187
149.102.244.39 - - [27/Dec/2024:02:03:48 +0100] "GET /ticket2/opencms/system/modules/com.gridnine.opencms.ticketbrokerage.site/resources/js/stickyfill.min.js HTTP/1.1" 200 5672
65.21.232.254 - - [27/Dec/2024:02:03:49 +0100] "GET /ticket2/opencms/fi/buy/?page=1&edid=B8E28361-FF2F-75E4-F13C-146109C81455 HTTP/1.1" 200 113180
65.21.232.254 - - [27/Dec/2024:02:03:51 +0100] "GET /ticket2/opencms/fi/buy/?page=1&edid=B8E28361-FF2F-75E4-F13C-146109C81455&sortorder=asc&column=section HTTP/1.1" 200 115159
65.21.232.254 - - [27/Dec/2024:02:03:53 +0100] "GET /ticket2/opencms/fi/buy/?page=1&edid=B8E28361-FF2F-75E4-F13C-146109C81455&sortorder=desc&column=price HTTP/1.1" 200 115004
65.21.232.254 - - [27/Dec/2024:02:03:55 +0100] "GET /ticket2/opencms/fi/buy/?page=1&edid=B8E28361-FF2F-75E4-F13C-146109C81455&sortorder=desc&column=row HTTP/1.1" 200 115055
114.119.154.207 - - [27/Dec/2024:02:03:55 +0100] "GET /ticket2/opencms/en/buy/?page=1&edid=490A3EB7-122E-45F6-B34E-808127A7B906 HTTP/1.1" 200 120920
149.102.244.39 - - [27/Dec/2024:02:03:55 +0100] "GET /ticket2/opencms/system/modules/com.gridnine.opencms.ticketbrokerage.site/resources/js/standard.js HTTP/1.1" 200 3978
65.21.232.254 - - [27/Dec/2024:02:03:57 +0100] "GET /ticket2/opencms/fi/buy/?page=1&edid=B8E28361-FF2F-75E4-F13C-146109C81455&sortorder=desc&column=section HTTP/1.1" 200 115268
65.21.232.254 - - [27/Dec/2024:02:03:59 +0100] "GET /ticket2/opencms/fi/buy/?page=1&edid=B93B0FFA-1133-B639-A688-B05549F4B695&sortorder=asc&column=row HTTP/1.1" 200 114699
149.102.244.39 - - [27/Dec/2024:02:03:59 +0100] "GET /ticket2/opencms/system/modules/com.gridnine.opencms.ticketbrokerage.site/resources/js/jquery.placeholder.min.js HTTP/1.1" 200 1737
149.102.244.39 - - [27/Dec/2024:02:03:59 +0100] "GET /ticket2/opencms/system/modules/com.gridnine.opencms.ticketbrokerage.site/resources/js/common-ajax.js HTTP/1.1" 200 20175
149.102.244.39 - - [27/Dec/2024:02:04:00 +0100] "GET /ticket2/opencms/system/modules/com.gridnine.opencms.ticketbrokerage.site/resources/pics/logo-new.png HTTP/1.1" 200 13541
47.128.57.188 - - [27/Dec/2024:02:04:00 +0100] "GET /ticket2/opencms/fi/venue/?venueid=F3839010-FA04-80EF-00C0-301AFB1437AD HTTP/1.1" 200 86720
149.102.244.39 - - [27/Dec/2024:02:04:00 +0100] "GET /ticket2/opencms/img/banner-pl.jpeg HTTP/1.1" 200 41818
149.102.244.39 - - [27/Dec/2024:02:04:00 +0100] "GET /ticket2/opencms/img/banner-ll.jpeg HTTP/1.1" 200 41825
65.21.232.254 - - [27/Dec/2024:02:04:01 +0100] "GET /ticket2/opencms/fi/buy/?page=1&edid=B93B0FFA-1133-B639-A688-B05549F4B695&sortorder=asc&column=section HTTP/1.1" 200 114984
65.21.232.254 - - [27/Dec/2024:02:04:03 +0100] "GET /ticket2/opencms/fi/buy/?page=1&edid=B96D0370-B469-FF0E-6B5B-D897998EF0D4 HTTP/1.1" 200 113595
65.21.232.254 - - [27/Dec/2024:02:04:05 +0100] "GET /ticket2/opencms/fi/buy/?page=1&edid=B96D0370-B469-FF0E-6B5B-D897998EF0D4&sortorder=asc&column=section HTTP/1.1" 200 115595
65.21.232.254 - - [27/Dec/2024:02:04:07 +0100] "GET /ticket2/opencms/fi/buy/?page=1&edid=B96D0370-B469-FF0E-6B5B-D897998EF0D4&sortorder=desc&column=price HTTP/1.1" 200 115508
65.21.232.254 - - [27/Dec/2024:02:04:08 +0100] "GET /ticket2/opencms/fi/buy/?page=1&edid=B96D0370-B469-FF0E-6B5B-D897998EF0D4&sortorder=desc&column=row HTTP/1.1" 200 115377
52.167.144.208 - - [27/Dec/2024:02:04:09 +0100] "GET /ticket2/opencms/bg/buy?page=1&edid=F6626DB9-CF49-C060-B5A0-E4907286C489 HTTP/1.1" 200 112183
47.128.52.187 - - [27/Dec/2024:02:04:09 +0100] "GET /ticket2/opencms/pl/buy/?edid=EBF1342E-BB1A-F042-231F-198A898B67BA HTTP/1.1" 200 92523
65.21.232.254 - - [27/Dec/2024:02:04:11 +0100] "GET /ticket2/opencms/fi/buy/?page=1&edid=B96D0370-B469-FF0E-6B5B-D897998EF0D4&sortorder=desc&column=section HTTP/1.1" 200 115690
65.21.232.254 - - [27/Dec/2024:02:04:12 +0100] "GET /ticket2/opencms/fi/buy/?page=1&edid=B9AF967E-6A2C-9F16-4FB0-0AAF3EDE2C61 HTTP/1.1" 200 111971
52.167.144.202 - - [27/Dec/2024:02:04:13 +0100] "GET /ticket2/opencms/dk/ HTTP/1.1" 200 100680
52.167.144.202 - - [27/Dec/2024:02:04:13 +0100] "GET /ticket2/opencms/az/buy?page=1&edid=9ADD6348-BDC2-17B1-D675-135C7F3F55B2 HTTP/1.1" 200 114053
65.21.232.254 - - [27/Dec/2024:02:04:14 +0100] "GET /ticket2/opencms/fi/buy/?page=1&edid=B9B91169-4EA9-E6CD-1848-4D81035A6C12 HTTP/1.1" 200 111753
85.208.96.206 - - [27/Dec/2024:02:04:16 +0100] "GET /ticket2/opencms/fi/magazine/article?title=uusi-sopimus-18-vuotiaalle-archie-graylle HTTP/1.1" 200 91500
65.21.232.254 - - [27/Dec/2024:02:04:16 +0100] "GET /ticket2/opencms/fi/buy/?page=1&edid=BA8D3DA7-D826-AB2B-1B8E-EFBE92B5BF6A&sortorder=desc&column=row HTTP/1.1" 200 114538
65.21.232.254 - - [27/Dec/2024:02:04:18 +0100] "GET /ticket2/opencms/fi/buy/?page=1&edid=BA8D3DA7-D826-AB2B-1B8E-EFBE92B5BF6A&sortorder=desc&column=section HTTP/1.1" 200 114878
52.167.144.136 - - [27/Dec/2024:02:04:19 +0100] "GET /ticket2/opencms/fi/magazine/article?title=mohamed-salah-jatkaa-liverpoolissa HTTP/1.1" 200 95462
65.21.232.254 - - [27/Dec/2024:02:04:20 +0100] "GET /ticket2/opencms/fi/buy/?page=1&edid=BA909974-2940-7848-58AE-89A23BBFBA9A HTTP/1.1" 200 109657
65.21.232.254 - - [27/Dec/2024:02:04:23 +0100] "GET /ticket2/opencms/fi/buy/?page=1&edid=BA9FE2BC-D5C3-0C95-5A35-8594BE85BD7D HTTP/1.1" 200 112938
65.21.232.254 - - [27/Dec/2024:02:04:24 +0100] "GET /ticket2/opencms/fi/buy/?page=1&edid=BAF8742F-F66A-CAC9-02C4-2E2E5AAE39AF&sortorder=asc&column=price HTTP/1.1" 200 114818
65.21.232.254 - - [27/Dec/2024:02:04:26 +0100] "GET /ticket2/opencms/fi/buy/?page=1&edid=BAF8742F-F66A-CAC9-02C4-2E2E5AAE39AF&sortorder=asc&column=row HTTP/1.1" 200 114760
51.8.102.152 - - [27/Dec/2024:02:04:28 +0100] "GET /ticket2/opencms/az/buy/?edid=D4F26649-49E7-D9AD-008F-6A1EF16B5F3C&page=1 HTTP/1.1" 200 128794
65.21.232.254 - - [27/Dec/2024:02:04:28 +0100] "GET /ticket2/opencms/fi/buy/?page=1&edid=BAF8742F-F66A-CAC9-02C4-2E2E5AAE39AF&sortorder=asc&column=section HTTP/1.1" 200 114935
65.21.232.254 - - [27/Dec/2024:02:04:30 +0100] "GET /ticket2/opencms/fi/buy/?page=1&edid=BAF8742F-F66A-CAC9-02C4-2E2E5AAE39AF&sortorder=desc&column=price HTTP/1.1" 200 114859
65.21.232.254 - - [27/Dec/2024:02:04:32 +0100] "GET /ticket2/opencms/fi/buy/?page=1&edid=BAF8742F-F66A-CAC9-02C4-2E2E5AAE39AF&sortorder=desc&column=row HTTP/1.1" 200 114730
65.21.232.254 - - [27/Dec/2024:02:04:34 +0100] "GET /ticket2/opencms/fi/buy/?page=1&edid=BB068898-8AEE-3088-BF4A-EAD2D033A38E HTTP/1.1" 200 113127
207.46.13.87 - - [27/Dec/2024:02:04:36 +0100] "GET /ticket2/opencms/en/magazine/article?title=manchester-city-risks-relegation HTTP/1.1" 200 90440
65.21.232.254 - - [27/Dec/2024:02:04:36 +0100] "GET /ticket2/opencms/fi/buy/?page=1&edid=BB54F0F0-3B20-C5FF-0962-86B6F0CB443B HTTP/1.1" 200 112127
207.46.13.87 - - [27/Dec/2024:02:04:37 +0100] "GET /ticket2/opencms/dk/buy/?page=1&edid=07DEB2A3-DF25-51E6-57DE-19F2D68F0F1B HTTP/1.1" 200 108379
65.21.232.254 - - [27/Dec/2024:02:04:38 +0100] "GET /ticket2/opencms/fi/buy/?page=1&edid=BBBCA264-5732-E10D-2F77-6078F8DC6D3B&sortorder=asc&column=price HTTP/1.1" 200 113923
65.21.232.254 - - [27/Dec/2024:02:04:40 +0100] "GET /ticket2/opencms/fi/buy/?page=1&edid=BBBCA264-5732-E10D-2F77-6078F8DC6D3B&sortorder=desc&column=price HTTP/1.1" 200 113938
85.208.96.196 - - [27/Dec/2024:02:04:40 +0100] "GET /ticket2/opencms/tr/magazine/article?title=hollanda-ile-ingiltere-yari-finalde HTTP/1.1" 200 96327
47.128.33.128 - - [27/Dec/2024:02:04:41 +0100] "GET /ticket2/opencms/dk/magazine/article?title=manchester-city-mod-queens-park-rangers HTTP/1.1" 200 93377
85.208.96.199 - - [27/Dec/2024:02:04:42 +0100] "GET /ticket2/opencms/de/sport/fussball-tickets/bundesliga/borussia-dortmund/ HTTP/1.1" 200 102117
3.145.45.223 - - [27/Dec/2024:02:04:42 +0100] "GET /ticket2/opencms/nl/buy?edid=993ECB6B-5437-7FFC-177B-D4101C1148EA&page=1 HTTP/1.1" 200 107412
65.21.232.254 - - [27/Dec/2024:02:04:42 +0100] "GET /ticket2/opencms/fi/buy/?page=1&edid=BBC938D5-42A8-9CEA-6099-142BEB9F4F7D HTTP/1.1" 200 113586
185.191.171.1 - - [27/Dec/2024:02:04:42 +0100] "GET /ticket2/opencms/el/magazine/article?title=o-telikos-toy-euro-2024 HTTP/1.1" 200 96977
47.128.33.128 - - [27/Dec/2024:02:04:44 +0100] "GET /ticket2/opencms/img/shutterstock_2226142803.jpg HTTP/1.1" 200 1282800
65.21.232.254 - - [27/Dec/2024:02:04:44 +0100] "GET /ticket2/opencms/fi/buy/?page=1&edid=BD3D4222-DD36-C1A0-EF58-456D0FFDAB97 HTTP/1.1" 200 112828
65.21.232.254 - - [27/Dec/2024:02:04:46 +0100] "GET /ticket2/opencms/fi/buy/?page=1&edid=BD57B92F-719F-8721-993E-18658CF49B0B HTTP/1.1" 200 109575
47.128.50.247 - - [27/Dec/2024:02:04:47 +0100] "GET /ticket2/opencms/mt/buy/?edid=1848722C-7496-89CC-162E-A03E4F33CA8A HTTP/1.1" 200 92631
65.21.232.254 - - [27/Dec/2024:02:04:48 +0100] "GET /ticket2/opencms/fi/buy/?page=1&edid=BD803897-0AF1-6865-317A-1580BE02E250&sortorder=asc&column=price HTTP/1.1" 200 114575
65.21.232.254 - - [27/Dec/2024:02:04:50 +0100] "GET /ticket2/opencms/fi/buy/?page=1&edid=BD803897-0AF1-6865-317A-1580BE02E250&sortorder=asc&column=row HTTP/1.1" 200 114426
65.21.232.254 - - [27/Dec/2024:02:04:52 +0100] "GET /ticket2/opencms/fi/buy/?page=1&edid=BD803897-0AF1-6865-317A-1580BE02E250&sortorder=asc&column=section HTTP/1.1" 200 114651
65.21.232.254 - - [27/Dec/2024:02:04:54 +0100] "GET /ticket2/opencms/fi/buy/?page=1&edid=BD803897-0AF1-6865-317A-1580BE02E250&sortorder=desc&column=price HTTP/1.1" 200 114563
65.21.232.254 - - [27/Dec/2024:02:04:56 +0100] "GET /ticket2/opencms/fi/buy/?page=1&edid=BD803897-0AF1-6865-317A-1580BE02E250&sortorder=desc&column=row HTTP/1.1" 200 114578
65.21.232.254 - - [27/Dec/2024:02:04:58 +0100] "GET /ticket2/opencms/fi/buy/?page=1&edid=BD803897-0AF1-6865-317A-1580BE02E250&sortorder=desc&column=section HTTP/1.1" 200 114876
52.167.144.208 - - [27/Dec/2024:02:05:00 +0100] "GET /ticket2/opencms/ro/buy?page=1&edid=13FD52ED-2424-BEB8-F194-ACEDB9434F70 HTTP/1.1" 200 119471
65.21.232.254 - - [27/Dec/2024:02:05:00 +0100] "GET /ticket2/opencms/fi/buy/?page=1&edid=BDC96CE5-1920-9FFC-526E-B5DA9C06A68A HTTP/1.1" 200 109560
65.21.232.254 - - [27/Dec/2024:02:05:02 +0100] "GET /ticket2/opencms/fi/buy/?page=1&edid=BE17ACCD-373E-3D61-3E0D-59C7799F3E1D HTTP/1.1" 200 112869
65.21.232.254 - - [27/Dec/2024:02:05:04 +0100] "GET /ticket2/opencms/fi/buy/?page=1&edid=BE205C18-AB59-5ED1-BF23-6632C9BAFEED HTTP/1.1" 200 109624
65.21.232.254 - - [27/Dec/2024:02:05:06 +0100] "GET /ticket2/opencms/fi/buy/?page=1&edid=BF34F1E5-432B-C27C-0DC0-AA009BE6EB81 HTTP/1.1" 200 112739
65.21.232.254 - - [27/Dec/2024:02:05:08 +0100] "GET /ticket2/opencms/fi/buy/?page=1&edid=BF34F1E5-432B-C27C-0DC0-AA009BE6EB81&sortorder=desc&column=price HTTP/1.1" 200 114659
65.21.232.254 - - [27/Dec/2024:02:05:10 +0100] "GET /ticket2/opencms/fi/buy/?page=1&edid=BF34F1E5-432B-C27C-0DC0-AA009BE6EB81&sortorder=desc&column=row HTTP/1.1" 200 114509
85.208.96.212 - - [27/Dec/2024:02:05:11 +0100] "GET /ticket2/opencms/be/buy_safety HTTP/1.1" 200 89560
65.21.232.254 - - [27/Dec/2024:02:05:12 +0100] "GET /ticket2/opencms/fi/buy/?page=1&edid=BF34F1E5-432B-C27C-0DC0-AA009BE6EB81&sortorder=desc&column=section HTTP/1.1" 200 114828
85.208.96.200 - - [27/Dec/2024:02:05:13 +0100] "GET /ticket2/opencms/fi/magazine/article?title=tietoa-arsenal-fcsta HTTP/1.1" 200 93404
65.21.232.254 - - [27/Dec/2024:02:05:14 +0100] "GET /ticket2/opencms/fi/buy/?page=1&edid=BF405205-807F-3537-86FF-7A87332D9EF9 HTTP/1.1" 200 112334
65.21.232.254 - - [27/Dec/2024:02:05:15 +0100] "GET /ticket2/opencms/fi/buy/?page=1&edid=BF990419-E317-46FC-F88A-E6023A3E4305&sortorder=desc&column=price HTTP/1.1" 200 114914
52.167.144.208 - - [27/Dec/2024:02:05:16 +0100] "GET /ticket2/opencms/ka/buy?page=1&edid=BAF33BAB-F3FE-A596-F7A7-D750C5098FEC HTTP/1.1" 200 119692
65.21.232.254 - - [27/Dec/2024:02:05:17 +0100] "GET /ticket2/opencms/fi/buy/?page=1&edid=BF990419-E317-46FC-F88A-E6023A3E4305&sortorder=desc&column=row HTTP/1.1" 200 114776
65.21.232.254 - - [27/Dec/2024:02:05:19 +0100] "GET /ticket2/opencms/fi/buy/?page=1&edid=BF990419-E317-46FC-F88A-E6023A3E4305&sortorder=desc&column=section HTTP/1.1" 200 115014
65.21.232.254 - - [27/Dec/2024:02:05:21 +0100] "GET /ticket2/opencms/fi/buy/?page=1&edid=BFDFE449-D4A2-3EC2-5F36-4B5707D3EE53&sortorder=desc&column=price HTTP/1.1" 200 115236
65.21.232.254 - - [27/Dec/2024:02:05:23 +0100] "GET /ticket2/opencms/fi/buy/?page=1&edid=C0148ACE-8EB6-2170-8199-51786DA11E58 HTTP/1.1" 200 113000
65.21.232.254 - - [27/Dec/2024:02:05:25 +0100] "GET /ticket2/opencms/fi/buy/?page=1&edid=C065E77D-CAA2-653C-DADC-24A01CBF0EB5 HTTP/1.1" 200 112959
65.21.232.254 - - [27/Dec/2024:02:05:27 +0100] "GET /ticket2/opencms/fi/buy/?page=1&edid=C0BB989A-596D-C432-58D8-29175A09DEE3 HTTP/1.1" 200 112866
65.21.232.254 - - [27/Dec/2024:02:05:29 +0100] "GET /ticket2/opencms/fi/buy/?page=1&edid=C10A9B0F-B042-7860-8EFD-336C4373B53D&sortorder=asc&column=price HTTP/1.1" 200 115243
65.21.232.254 - - [27/Dec/2024:02:05:31 +0100] "GET /ticket2/opencms/fi/buy/?page=1&edid=C10A9B0F-B042-7860-8EFD-336C4373B53D&sortorder=asc&column=row HTTP/1.1" 200 115174
65.21.232.254 - - [27/Dec/2024:02:05:33 +0100] "GET /ticket2/opencms/fi/buy/?page=1&edid=C117DD72-B7EF-B15D-D7AA-9F9540EB98EC HTTP/1.1" 200 109542
65.21.232.254 - - [27/Dec/2024:02:05:35 +0100] "GET /ticket2/opencms/fi/buy/?page=1&edid=C12BC2CD-76A7-8FBF-D429-F776F9982E78 HTTP/1.1" 200 109662
65.21.232.254 - - [27/Dec/2024:02:05:37 +0100] "GET /ticket2/opencms/fi/buy/?page=1&edid=C1909DD5-0220-3110-1A79-CF1D777040F3 HTTP/1.1" 200 109507
65.21.232.254 - - [27/Dec/2024:02:05:39 +0100] "GET /ticket2/opencms/fi/buy/?page=1&edid=C19BDC6D-B9B2-2881-03CD-5E0FA6322EFC HTTP/1.1" 200 113415
65.21.232.254 - - [27/Dec/2024:02:05:41 +0100] "GET /ticket2/opencms/fi/buy/?page=1&edid=C1AA3CD8-9B92-9EEB-74B5-3A5D9E84C8B5 HTTP/1.1" 200 112485
65.21.232.254 - - [27/Dec/2024:02:05:43 +0100] "GET /ticket2/opencms/fi/buy/?page=1&edid=C1B40CD2-9655-A74D-E9C7-468FC0AD4BA2 HTTP/1.1" 200 109671
65.21.232.254 - - [27/Dec/2024:02:05:45 +0100] "GET /ticket2/opencms/fi/buy/?page=1&edid=C2230841-0CF8-C133-1EF6-FA21C3B60704 HTTP/1.1" 200 112808
47.128.32.75 - - [27/Dec/2024:02:05:47 +0100] "GET /ticket2/opencms/es/magazine/article?title=liverpool-vs-tottenham HTTP/1.1" 200 91719
65.21.232.254 - - [27/Dec/2024:02:05:47 +0100] "GET /ticket2/opencms/fi/buy/?page=1&edid=C2910EC2-9592-90B0-A42D-A344DFC6DED1&sortorder=asc&column=price HTTP/1.1" 200 114884
65.21.232.254 - - [27/Dec/2024:02:05:49 +0100] "GET /ticket2/opencms/fi/buy/?page=1&edid=C2910EC2-9592-90B0-A42D-A344DFC6DED1&sortorder=asc&column=section HTTP/1.1" 200 114945
52.167.144.230 - - [27/Dec/2024:02:05:49 +0100] "GET /ticket2/opencms/nl/magazine/article?title=newcastle HTTP/1.1" 200 88349
47.128.32.75 - - [27/Dec/2024:02:05:50 +0100] "GET /ticket2/opencms/img/PHOTO-2024-05-05-17-41-03.jpg HTTP/1.1" 200 266906
65.21.232.254 - - [27/Dec/2024:02:05:51 +0100] "GET /ticket2/opencms/fi/buy/?page=1&edid=C2943DE7-0FE2-91EA-C91E-C4366BCD7216 HTTP/1.1" 200 109631
47.128.32.75 - - [27/Dec/2024:02:05:51 +0100] "GET /ticket2/opencms/img/icons/bg.png HTTP/1.1" 200 788
47.128.32.75 - - [27/Dec/2024:02:05:51 +0100] "GET /ticket2/opencms/img/icons/sr.png HTTP/1.1" 200 1602
114.119.136.30 - - [27/Dec/2024:02:05:51 +0100] "GET /ticket2/opencms/en/venue/?venueid=BC292235-0368-F4B6-A5B1-8737AD416345 HTTP/1.1" 200 84997
65.21.232.254 - - [27/Dec/2024:02:05:53 +0100] "GET /ticket2/opencms/fi/buy/?page=1&edid=C2CD3885-D663-89B2-61C9-751DA9A6EAB2&sortorder=asc&column=price HTTP/1.1" 200 115445
65.21.232.254 - - [27/Dec/2024:02:05:55 +0100] "GET /ticket2/opencms/fi/buy/?page=1&edid=C2CD3885-D663-89B2-61C9-751DA9A6EAB2&sortorder=desc&column=price HTTP/1.1" 200 115492
52.167.144.160 - - [27/Dec/2024:02:05:55 +0100] "GET /ticket2/opencms/de/buy/?page=1&edid=65C03F06-B4E6-0D65-D535-E007A0321D02 HTTP/1.1" 200 124533
65.21.232.254 - - [27/Dec/2024:02:05:57 +0100] "GET /ticket2/opencms/fi/buy/?page=1&edid=C2CD3885-D663-89B2-61C9-751DA9A6EAB2&sortorder=desc&column=row HTTP/1.1" 200 115305
65.21.232.254 - - [27/Dec/2024:02:05:59 +0100] "GET /ticket2/opencms/fi/buy/?page=1&edid=C2CD3885-D663-89B2-61C9-751DA9A6EAB2&sortorder=desc&column=section HTTP/1.1" 200 115570
65.21.232.254 - - [27/Dec/2024:02:06:01 +0100] "GET /ticket2/opencms/fi/buy/?page=1&edid=C2E2A345-1805-9628-50E3-0D8B812CD139&sortorder=asc&column=row HTTP/1.1" 200 114672
65.21.232.254 - - [27/Dec/2024:02:06:03 +0100] "GET /ticket2/opencms/fi/buy/?page=1&edid=C2E2A345-1805-9628-50E3-0D8B812CD139&sortorder=asc&column=section HTTP/1.1" 200 114894
45.149.241.134 - - [27/Dec/2024:02:06:03 +0100] "GET /ticket2/opencms/it/wp-includes/js/jquery/jquery.js HTTP/1.1" 404 -
65.21.232.254 - - [27/Dec/2024:02:06:05 +0100] "GET /ticket2/opencms/fi/buy/?page=1&edid=C2EAC35C-806F-010C-DE25-D13971AC8E7C&sortorder=asc&column=row HTTP/1.1" 200 114024
65.21.232.254 - - [27/Dec/2024:02:06:07 +0100] "GET /ticket2/opencms/fi/buy/?page=1&edid=C38B91D5-7E34-5D39-0264-2447EFE5EA84 HTTP/1.1" 200 109586
65.21.232.254 - - [27/Dec/2024:02:06:08 +0100] "GET /ticket2/opencms/fi/buy/?page=1&edid=C54B0D5C-ACD2-E60A-7D9D-220ABE238387 HTTP/1.1" 200 109650
65.21.232.254 - - [27/Dec/2024:02:06:10 +0100] "GET /ticket2/opencms/fi/buy/?page=1&edid=C580BF0C-0450-5572-ED27-577DCC9CA75F HTTP/1.1" 200 112259
65.21.232.254 - - [27/Dec/2024:02:06:12 +0100] "GET /ticket2/opencms/fi/buy/?page=1&edid=C582E015-42AB-72ED-131F-55A79EC42566 HTTP/1.1" 200 111785
65.21.232.254 - - [27/Dec/2024:02:06:14 +0100] "GET /ticket2/opencms/fi/buy/?page=1&edid=C5BE8910-C31D-1B7A-D498-4C5862D3F5A8&sortorder=asc&column=price HTTP/1.1" 200 114580
65.21.232.254 - - [27/Dec/2024:02:06:16 +0100] "GET /ticket2/opencms/fi/buy/?page=1&edid=C5BE8910-C31D-1B7A-D498-4C5862D3F5A8&sortorder=asc&column=row HTTP/1.1" 200 114459
207.46.13.111 - - [27/Dec/2024:02:06:16 +0100] "GET /ticket2/opencms/no/magazine/article?title=chelsea-fcs-og-deres-kamp-for-stabilitet HTTP/1.1" 200 93317
114.119.136.30 - - [27/Dec/2024:02:06:17 +0100] "GET /ticket2/opencms/be/buy?page=1&edid=867E5C69-A11C-A0A4-176A-7AA1621CA972 HTTP/1.1" 200 114282
65.21.232.254 - - [27/Dec/2024:02:06:18 +0100] "GET /ticket2/opencms/fi/buy/?page=1&edid=C5BE8910-C31D-1B7A-D498-4C5862D3F5A8&sortorder=asc&column=section HTTP/1.1" 200 114652
85.208.96.198 - - [27/Dec/2024:02:06:18 +0100] "GET /ticket2/opencms/robots.txt HTTP/1.1" 200 773
85.208.96.198 - - [27/Dec/2024:02:06:19 +0100] "GET /ticket2/opencms/dk/magazine/article?title=manchester-city HTTP/1.1" 200 93017
65.21.232.254 - - [27/Dec/2024:02:06:20 +0100] "GET /ticket2/opencms/fi/buy/?page=1&edid=C62DB70D-7145-8517-F811-B9277D3A4518 HTTP/1.1" 200 111842
85.208.96.212 - - [27/Dec/2024:02:06:21 +0100] "GET /ticket2/opencms/en/sport/football-tickets/bundesliga/eintracht_frankfurt/ HTTP/1.1" 200 99471
65.21.232.254 - - [27/Dec/2024:02:06:22 +0100] "GET /ticket2/opencms/fi/buy/?page=1&edid=C6AA63EA-6C0C-A332-FED8-612DDCEED030 HTTP/1.1" 200 109669
65.21.232.254 - - [27/Dec/2024:02:06:24 +0100] "GET /ticket2/opencms/fi/buy/?page=1&edid=C6C5559B-8A18-A2E6-0F36-C07F28EC006B&sortorder=asc&column=row HTTP/1.1" 200 111340
65.21.232.254 - - [27/Dec/2024:02:06:26 +0100] "GET /ticket2/opencms/fi/buy/?page=1&edid=C6DB5473-82D7-D6CC-1ED6-D69EBD668925 HTTP/1.1" 200 109626
85.208.96.212 - - [27/Dec/2024:02:06:27 +0100] "GET /ticket2/opencms/pl/magazine/article?title=abdul-fatawu-bedzie-pauzowac-do-konca-sezonu HTTP/1.1" 200 93621
52.14.234.146 - - [27/Dec/2024:02:06:27 +0100] "GET /ticket2/opencms/sl/buy/?edid=993ECB6B-5437-7FFC-177B-D4101C1148EA&page=1 HTTP/1.1" 200 109613
65.21.232.254 - - [27/Dec/2024:02:06:28 +0100] "GET /ticket2/opencms/fi/buy/?page=1&edid=C79549EC-3C6C-B7C2-BDDD-2D9ED0198DCE HTTP/1.1" 200 109702
65.21.232.254 - - [27/Dec/2024:02:06:30 +0100] "GET /ticket2/opencms/fi/buy/?page=1&edid=C7BF2F27-25CE-6988-2BAE-106FF090AB2B HTTP/1.1" 200 112914
65.21.232.254 - - [27/Dec/2024:02:06:32 +0100] "GET /ticket2/opencms/fi/buy/?page=1&edid=C7C3F7C8-7F36-0782-FA6C-E7203AC8861A HTTP/1.1" 200 111805
65.21.232.254 - - [27/Dec/2024:02:06:34 +0100] "GET /ticket2/opencms/fi/buy/?page=1&edid=C8198374-0577-0427-4408-233F54C3C751 HTTP/1.1" 200 113543
65.21.232.254 - - [27/Dec/2024:02:06:36 +0100] "GET /ticket2/opencms/fi/buy/?page=1&edid=C842B42D-EC0C-337E-839C-F94D0BEF3026 HTTP/1.1" 200 109685
65.21.232.254 - - [27/Dec/2024:02:06:38 +0100] "GET /ticket2/opencms/fi/buy/?page=1&edid=C8508A21-C249-5F28-315D-1243D9273718&sortorder=asc&column=price HTTP/1.1" 200 111464
65.21.232.254 - - [27/Dec/2024:02:06:40 +0100] "GET /ticket2/opencms/fi/buy/?page=1&edid=C8508A21-C249-5F28-315D-1243D9273718&sortorder=asc&column=row HTTP/1.1" 200 111361
52.167.144.202 - - [27/Dec/2024:02:06:40 +0100] "GET /ticket2/opencms/sv/sport/fotbollsbiljetter/bundesliga/ HTTP/1.1" 200 101698
65.21.232.254 - - [27/Dec/2024:02:06:42 +0100] "GET /ticket2/opencms/fi/buy/?page=1&edid=C8508A21-C249-5F28-315D-1243D9273718&sortorder=asc&column=section HTTP/1.1" 200 111687
65.21.232.254 - - [27/Dec/2024:02:06:44 +0100] "GET /ticket2/opencms/fi/buy/?page=1&edid=C8DAF8A2-BB84-11D0-7BDD-73BB9BAB31C8&sortorder=asc&column=price HTTP/1.1" 200 115308
65.21.232.254 - - [27/Dec/2024:02:06:46 +0100] "GET /ticket2/opencms/fi/buy/?page=1&edid=C8DAF8A2-BB84-11D0-7BDD-73BB9BAB31C8&sortorder=asc&column=row HTTP/1.1" 200 115275
89.200.205.39 - - [27/Dec/2024:02:06:47 +0100] "GET /ticket2/opencms/robots.txt HTTP/1.1" 200 773
65.21.232.254 - - [27/Dec/2024:02:06:48 +0100] "GET /ticket2/opencms/fi/buy/?page=1&edid=C8DAF8A2-BB84-11D0-7BDD-73BB9BAB31C8&sortorder=asc&column=section HTTP/1.1" 200 115504
65.21.232.254 - - [27/Dec/2024:02:06:50 +0100] "GET /ticket2/opencms/fi/buy/?page=1&edid=CA3D8417-F74F-462D-182B-6C61936A40CF HTTP/1.1" 200 112271
185.191.171.7 - - [27/Dec/2024:02:06:50 +0100] "GET /ticket2/opencms/nl/sport/ijshockeytickets/nhl/ HTTP/1.1" 200 85163
65.21.232.254 - - [27/Dec/2024:02:06:52 +0100] "GET /ticket2/opencms/fi/buy/?page=1&edid=CA3FABDD-43B5-8DDC-6DAC-2917B68B145E&sortorder=asc&column=price HTTP/1.1" 200 114891
18.218.250.241 - - [27/Dec/2024:02:06:52 +0100] "GET /ticket2/opencms/nl/buy/?edid=993ECB6B-5437-7FFC-177B-D4101C1148EA&page=1 HTTP/1.1" 200 107446
65.21.232.254 - - [27/Dec/2024:02:06:54 +0100] "GET /ticket2/opencms/fi/buy/?page=1&edid=CA3FABDD-43B5-8DDC-6DAC-2917B68B145E&sortorder=asc&column=row HTTP/1.1" 200 114804
65.21.232.254 - - [27/Dec/2024:02:06:56 +0100] "GET /ticket2/opencms/fi/buy/?page=1&edid=CA3FABDD-43B5-8DDC-6DAC-2917B68B145E&sortorder=asc&column=section HTTP/1.1" 200 114986
65.21.232.254 - - [27/Dec/2024:02:06:58 +0100] "GET /ticket2/opencms/fi/buy/?page=1&edid=CAF09F38-ABF3-8747-726A-6B931E94EAF3 HTTP/1.1" 200 109613
65.21.232.254 - - [27/Dec/2024:02:07:00 +0100] "GET /ticket2/opencms/fi/buy/?page=1&edid=CAF487BE-6126-E9FD-123C-2A6FB466331D HTTP/1.1" 200 112276
65.21.232.254 - - [27/Dec/2024:02:07:02 +0100] "GET /ticket2/opencms/fi/buy/?page=1&edid=CB9F93FB-28F6-076C-5E54-4EC331BFF078 HTTP/1.1" 200 109540
65.21.232.254 - - [27/Dec/2024:02:07:04 +0100] "GET /ticket2/opencms/fi/buy/?page=1&edid=CBBC1C61-6635-5670-696D-36DB7FD2C0A4 HTTP/1.1" 200 109641
65.21.232.254 - - [27/Dec/2024:02:07:06 +0100] "GET /ticket2/opencms/fi/buy/?page=1&edid=CC33A6F6-C64B-FC65-C420-F12FE93D0E9E&sortorder=desc&column=price HTTP/1.1" 200 114231
114.119.135.251 - - [27/Dec/2024:02:07:06 +0100] "GET /ticket2/opencms/en/venue/?venueid=912F0069-B2C0-0AC0-F2EF-4265D10E9B2C HTTP/1.1" 200 85071
85.208.96.200 - - [27/Dec/2024:02:07:07 +0100] "GET /ticket2/opencms/pl/magazine/Liverpool HTTP/1.1" 404 -
65.21.232.254 - - [27/Dec/2024:02:07:07 +0100] "GET /ticket2/opencms/fi/buy/?page=1&edid=CC33A6F6-C64B-FC65-C420-F12FE93D0E9E&sortorder=desc&column=section HTTP/1.1" 200 114253
65.21.232.254 - - [27/Dec/2024:02:07:09 +0100] "GET /ticket2/opencms/fi/buy/?page=1&edid=CC994673-5D69-5FF0-6706-9E7C98B375FE&sortorder=desc&column=row HTTP/1.1" 200 114572
65.21.232.254 - - [27/Dec/2024:02:07:12 +0100] "GET /ticket2/opencms/fi/buy/?page=1&edid=CD65C209-BAA2-D38F-CBE6-B4275F8A3C80 HTTP/1.1" 200 111923
65.21.232.254 - - [27/Dec/2024:02:07:14 +0100] "GET /ticket2/opencms/fi/buy/?page=1&edid=CD843574-821F-BD11-D02D-75E35292AAE0&sortorder=asc&column=price HTTP/1.1" 200 115503
65.21.232.254 - - [27/Dec/2024:02:07:16 +0100] "GET /ticket2/opencms/fi/buy/?page=1&edid=CD843574-821F-BD11-D02D-75E35292AAE0&sortorder=asc&column=row HTTP/1.1" 200 115298
65.21.232.254 - - [27/Dec/2024:02:07:17 +0100] "GET /ticket2/opencms/fi/buy/?page=1&edid=CD843574-821F-BD11-D02D-75E35292AAE0&sortorder=asc&column=section HTTP/1.1" 200 115603
85.208.96.212 - - [27/Dec/2024:02:07:18 +0100] "GET /ticket2/opencms/ka/about/press/ HTTP/1.1" 200 90339
65.21.232.254 - - [27/Dec/2024:02:07:20 +0100] "GET /ticket2/opencms/fi/buy/?page=1&edid=CD8C65AB-F506-0A9E-001A-2A1B6DBD3092 HTTP/1.1" 200 113399
65.21.232.254 - - [27/Dec/2024:02:07:22 +0100] "GET /ticket2/opencms/fi/buy/?page=1&edid=CD9CCE5B-E45C-7CA4-806C-47052D704B01 HTTP/1.1" 200 112152
47.128.23.91 - - [27/Dec/2024:02:07:23 +0100] "GET /ticket2/opencms/hr/buy?edid=D3AB0CA8-3C40-1AB9-8BEC-7D01F349EB4E HTTP/1.1" 200 92528
18.226.98.244 - - [27/Dec/2024:02:07:23 +0100] "GET /ticket2/opencms/bg/buy?edid=993ECB6B-5437-7FFC-177B-D4101C1148EA&page=1 HTTP/1.1" 200 112179
65.21.232.254 - - [27/Dec/2024:02:07:24 +0100] "GET /ticket2/opencms/fi/buy/?page=1&edid=CD9CCE5B-E45C-7CA4-806C-47052D704B01&sortorder=desc&column=section HTTP/1.1" 200 114301
65.21.232.254 - - [27/Dec/2024:02:07:26 +0100] "GET /ticket2/opencms/fi/buy/?page=1&edid=CDBBB4B0-1B1B-0FEA-D492-D486E0380D5A HTTP/1.1" 200 109622
18.118.164.100 - - [27/Dec/2024:02:07:26 +0100] "GET /ticket2/opencms/sv/buy/?edid=993ECB6B-5437-7FFC-177B-D4101C1148EA&page=1 HTTP/1.1" 200 108650
65.21.232.254 - - [27/Dec/2024:02:07:27 +0100] "GET /ticket2/opencms/fi/buy/?page=1&edid=CE19E882-E576-3254-1961-57D7F61D3D2A&sortorder=asc&column=price HTTP/1.1" 200 114717
65.21.232.254 - - [27/Dec/2024:02:07:29 +0100] "GET /ticket2/opencms/fi/buy/?page=1&edid=CE19E882-E576-3254-1961-57D7F61D3D2A&sortorder=asc&column=row HTTP/1.1" 200 114557
65.21.232.254 - - [27/Dec/2024:02:07:31 +0100] "GET /ticket2/opencms/fi/buy/?page=1&edid=CE19E882-E576-3254-1961-57D7F61D3D2A&sortorder=asc&column=section HTTP/1.1" 200 114911
65.21.232.254 - - [27/Dec/2024:02:07:33 +0100] "GET /ticket2/opencms/fi/buy/?page=1&edid=CE2D039C-F9B0-D889-98A0-A6CC7F5B1AAB HTTP/1.1" 200 113002
85.208.96.199 - - [27/Dec/2024:02:07:35 +0100] "GET /ticket2/opencms/nl/magazine/article?title=arsenal-nadert-liverpool HTTP/1.1" 200 90549
65.21.232.254 - - [27/Dec/2024:02:07:35 +0100] "GET /ticket2/opencms/fi/buy/?page=1&edid=CE34A6C2-1A53-0D58-98EA-91B4CCF5D653 HTTP/1.1" 200 112915
65.21.232.254 - - [27/Dec/2024:02:07:37 +0100] "GET /ticket2/opencms/fi/buy/?page=1&edid=CE7A6A9F-4825-9BAB-7AEC-E9BA47633272 HTTP/1.1" 200 112792
111.119.211.143 - - [27/Dec/2024:02:07:39 +0100] "GET /ticket2/opencms/no/buy?page=1&edid=DA6CFFC3-8EC5-E201-FD73-CCFDC49E297C&sortorder=asc&column=price HTTP/1.1" 200 114405
65.21.232.254 - - [27/Dec/2024:02:07:39 +0100] "GET /ticket2/opencms/fi/buy/?page=1&edid=CEA22FC6-1BBC-ECD9-F981-50AEC76B0A69 HTTP/1.1" 200 112127
47.128.48.11 - - [27/Dec/2024:02:07:42 +0100] "GET /ticket2/opencms/hu/buy/?edid=C78E4619-1E46-CB27-6BCC-007429A12C31 HTTP/1.1" 200 92818
65.21.232.254 - - [27/Dec/2024:02:07:42 +0100] "GET /ticket2/opencms/fi/buy/?page=1&edid=CF3BDDE8-6C6B-F85B-528C-11C48A316B2B&sortorder=asc&column=price HTTP/1.1" 200 115350
65.21.232.254 - - [27/Dec/2024:02:07:44 +0100] "GET /ticket2/opencms/fi/buy/?page=1&edid=CF3BDDE8-6C6B-F85B-528C-11C48A316B2B&sortorder=asc&column=row HTTP/1.1" 200 115171
18.191.26.149 - - [27/Dec/2024:02:07:44 +0100] "GET /ticket2/opencms/et/buy/?edid=993ECB6B-5437-7FFC-177B-D4101C1148EA&page=1 HTTP/1.1" 200 109731
47.128.48.11 - - [27/Dec/2024:02:07:45 +0100] "GET /ticket2/opencms/img/icons/it.png HTTP/1.1" 200 2040
65.21.232.254 - - [27/Dec/2024:02:07:46 +0100] "GET /ticket2/opencms/fi/buy/?page=1&edid=CF3BDDE8-6C6B-F85B-528C-11C48A316B2B&sortorder=desc&column=price HTTP/1.1" 200 115397
65.21.232.254 - - [27/Dec/2024:02:07:48 +0100] "GET /ticket2/opencms/fi/buy/?page=1&edid=CF3BDDE8-6C6B-F85B-528C-11C48A316B2B&sortorder=desc&column=row HTTP/1.1" 200 115275
65.21.232.254 - - [27/Dec/2024:02:07:50 +0100] "GET /ticket2/opencms/fi/buy/?page=1&edid=CF3BDDE8-6C6B-F85B-528C-11C48A316B2B&sortorder=desc&column=section HTTP/1.1" 200 115543
85.208.96.203 - - [27/Dec/2024:02:07:51 +0100] "GET /ticket2/opencms/nl/buy_safety/ HTTP/1.1" 200 89026
65.21.232.254 - - [27/Dec/2024:02:07:52 +0100] "GET /ticket2/opencms/fi/buy/?page=1&edid=CFB3C173-B4FB-B01A-31DC-68FDFD5FA2B7&sortorder=asc&column=price HTTP/1.1" 200 111441
65.21.232.254 - - [27/Dec/2024:02:07:54 +0100] "GET /ticket2/opencms/fi/buy/?page=1&edid=CFB75162-A11D-70BF-58DA-F01E13735B85&sortorder=asc&column=price HTTP/1.1" 200 114798
65.21.232.254 - - [27/Dec/2024:02:07:56 +0100] "GET /ticket2/opencms/fi/buy/?page=1&edid=CFB75162-A11D-70BF-58DA-F01E13735B85&sortorder=asc&column=row HTTP/1.1" 200 114689
47.238.13.3 - - [27/Dec/2024:02:07:57 +0100] "GET /ticket2/opencms/it/buy?page=1&edid=B175AB35-7948-C38C-E506-6E502E92CAA9 HTTP/1.1" 200 112361
65.21.232.254 - - [27/Dec/2024:02:07:58 +0100] "GET /ticket2/opencms/fi/buy/?page=1&edid=CFC8339A-2390-6FEF-4DCF-FB8FFEFB28D1 HTTP/1.1" 200 109637
111.119.215.169 - - [27/Dec/2024:02:07:58 +0100] "GET /ticket2/opencms/be/sport/futbol-kvitki/serie-a HTTP/1.1" 200 102388
85.208.96.206 - - [27/Dec/2024:02:07:59 +0100] "GET /ticket2/opencms/de/sport/fussball-tickets/la_liga/atletico-madrid/ HTTP/1.1" 200 96222
47.128.120.80 - - [27/Dec/2024:02:08:00 +0100] "GET /ticket2/opencms/fi/venue/?venueid=4127EEBD-FCE3-EDFF-3B26-3C946EF7942B HTTP/1.1" 200 86681
65.21.232.254 - - [27/Dec/2024:02:08:00 +0100] "GET /ticket2/opencms/fi/buy/?page=1&edid=CFF201A2-816F-939B-4EEF-A73760108DF3 HTTP/1.1" 200 109674
111.119.215.169 - - [27/Dec/2024:02:08:01 +0100] "GET /ticket2/opencms/system/modules/com.gridnine.opencms.ticketbrokerage.site/resources/css/ticketbrokerage.css HTTP/1.1" 200 39339
111.119.215.169 - - [27/Dec/2024:02:08:02 +0100] "GET /ticket2/opencms/system/modules/com.gridnine.opencms.ticketbrokerage.site/resources/css/calendar.css HTTP/1.1" 200 6871
111.119.215.169 - - [27/Dec/2024:02:08:02 +0100] "GET /ticket2/opencms/system/modules/com.gridnine.opencms.ticketbrokerage.site/resources/css/jquery-ui.css HTTP/1.1" 200 33221
111.119.215.169 - - [27/Dec/2024:02:08:02 +0100] "GET /ticket2/opencms/system/modules/com.gridnine.opencms.ticketbrokerage.site/resources/css/jquery.fancybox.css HTTP/1.1" 200 4939
111.119.215.169 - - [27/Dec/2024:02:08:02 +0100] "GET /ticket2/opencms/system/modules/com.gridnine.opencms.ticketbrokerage.site/resources/css/standard.css HTTP/1.1" 200 73081
111.119.215.169 - - [27/Dec/2024:02:08:02 +0100] "GET /ticket2/opencms/system/modules/com.gridnine.opencms.ticketbrokerage.site/resources/js/jquery/jquery.js HTTP/1.1" 200 93868
111.119.215.169 - - [27/Dec/2024:02:08:03 +0100] "GET /ticket2/opencms/system/modules/com.gridnine.opencms.ticketbrokerage.site/resources/js/functions.js HTTP/1.1" 200 1583
111.119.215.169 - - [27/Dec/2024:02:08:03 +0100] "GET /ticket2/opencms/system/modules/com.gridnine.opencms.ticketbrokerage.site/resources/js/jquery/jquery-ui.js HTTP/1.1" 200 228088
111.119.215.169 - - [27/Dec/2024:02:08:03 +0100] "GET /ticket2/opencms/system/modules/com.gridnine.opencms.ticketbrokerage.site/resources/js/calendar.js HTTP/1.1" 200 49229
111.119.215.169 - - [27/Dec/2024:02:08:03 +0100] "GET /ticket2/opencms/system/modules/com.gridnine.opencms.ticketbrokerage.site/resources/js/jquery.fancybox.pack.js HTTP/1.1" 200 23187
111.119.215.169 - - [27/Dec/2024:02:08:03 +0100] "GET /ticket2/opencms/system/modules/com.gridnine.opencms.ticketbrokerage.site/resources/js/stickyfill.min.js HTTP/1.1" 200 5672
111.119.215.169 - - [27/Dec/2024:02:08:03 +0100] "GET /ticket2/opencms/system/modules/com.gridnine.opencms.ticketbrokerage.site/resources/js/calendar-en.js HTTP/1.1" 200 3338
111.119.215.169 - - [27/Dec/2024:02:08:03 +0100] "GET /ticket2/opencms/system/modules/com.gridnine.opencms.ticketbrokerage.site/resources/js/standard.js HTTP/1.1" 200 3978
111.119.215.169 - - [27/Dec/2024:02:08:03 +0100] "GET /ticket2/opencms/system/modules/com.gridnine.opencms.ticketbrokerage.site/resources/js/calendar-setup.js HTTP/1.1" 200 4923
111.119.215.169 - - [27/Dec/2024:02:08:04 +0100] "GET /ticket2/opencms/system/modules/com.gridnine.opencms.ticketbrokerage.site/resources/js/jquery.placeholder.min.js HTTP/1.1" 200 1737
111.119.215.169 - - [27/Dec/2024:02:08:04 +0100] "GET /ticket2/opencms/system/modules/com.gridnine.opencms.ticketbrokerage.site/resources/js/common-ajax.js HTTP/1.1" 200 20175
65.21.232.254 - - [27/Dec/2024:02:08:04 +0100] "GET /ticket2/opencms/fi/buy/?page=1&edid=CFF269B0-000A-3FAF-1F72-06C3B63C5E84 HTTP/1.1" 200 112876
114.119.140.111 - - [27/Dec/2024:02:08:05 +0100] "GET /ticket2/opencms/en/venue/?venueid=607B4CDA-3D24-91FF-EFA3-BE6FF8649434 HTTP/1.1" 200 85038
111.119.215.169 - - [27/Dec/2024:02:08:06 +0100] "GET /ticket2/opencms/system/modules/com.gridnine.opencms.ticketbrokerage.site/resources/js/standard.js HTTP/1.1" 200 3978
40.77.167.14 - - [27/Dec/2024:02:08:06 +0100] "GET /ticket2/opencms/be/buy?page=1&edid=7D165939-BF98-0026-A2D4-02E534C6E447 HTTP/1.1" 200 114305
65.21.232.254 - - [27/Dec/2024:02:08:06 +0100] "GET /ticket2/opencms/fi/buy/?page=1&edid=D026C608-23E1-B6A9-4601-4D591DD4828E HTTP/1.1" 200 112786
85.208.96.207 - - [27/Dec/2024:02:08:07 +0100] "GET /ticket2/opencms/fi/urheilu/jalkapallo/serie_a/milan/ HTTP/1.1" 200 98074
52.167.144.208 - - [27/Dec/2024:02:08:08 +0100] "GET /ticket2/opencms/es/buy?page=1&edid=1291CD6B-4651-52CC-8D36-B0FB58FEEDFA HTTP/1.1" 200 131032
65.21.232.254 - - [27/Dec/2024:02:08:09 +0100] "GET /ticket2/opencms/fi/buy/?page=1&edid=D0F26606-9A2B-7F9B-761A-AD94A62F6874 HTTP/1.1" 200 112994
65.21.232.254 - - [27/Dec/2024:02:08:11 +0100] "GET /ticket2/opencms/fi/buy/?page=1&edid=D113E468-2DF2-22A8-54C7-46CC05C5FA8D&sortorder=asc&column=section HTTP/1.1" 200 111655
65.21.232.254 - - [27/Dec/2024:02:08:13 +0100] "GET /ticket2/opencms/fi/buy/?page=1&edid=D16DA74F-82BD-078A-CF3E-3033D52E5AD2 HTTP/1.1" 200 113513
65.21.232.254 - - [27/Dec/2024:02:08:15 +0100] "GET /ticket2/opencms/fi/buy/?page=1&edid=D1B6D814-A677-3D90-03BA-1F7CF35352A4&sortorder=asc&column=price HTTP/1.1" 200 114607
65.21.232.254 - - [27/Dec/2024:02:08:17 +0100] "GET /ticket2/opencms/fi/buy/?page=1&edid=D1B6D814-A677-3D90-03BA-1F7CF35352A4&sortorder=asc&column=row HTTP/1.1" 200 114384
85.208.96.197 - - [27/Dec/2024:02:08:18 +0100] "GET /ticket2/opencms/es/magazine/article?title=cristiano-ronaldo HTTP/1.1" 200 93678
65.21.232.254 - - [27/Dec/2024:02:08:19 +0100] "GET /ticket2/opencms/fi/buy/?page=1&edid=D1B6D814-A677-3D90-03BA-1F7CF35352A4&sortorder=asc&column=section HTTP/1.1" 200 114600
65.21.232.254 - - [27/Dec/2024:02:08:21 +0100] "GET /ticket2/opencms/fi/buy/?page=1&edid=D1B6D814-A677-3D90-03BA-1F7CF35352A4&sortorder=desc&column=price HTTP/1.1" 200 114716
65.21.232.254 - - [27/Dec/2024:02:08:23 +0100] "GET /ticket2/opencms/fi/buy/?page=1&edid=D1B6D814-A677-3D90-03BA-1F7CF35352A4&sortorder=desc&column=row HTTP/1.1" 200 114479
216.244.66.238 - - [27/Dec/2024:02:08:24 +0100] "GET /ticket2/opencms/cs/magazine/article?title=prvni-vitezstvi-ipswiche-v-premier-league-za-22-let HTTP/1.1" 200 93645
65.21.232.254 - - [27/Dec/2024:02:08:26 +0100] "GET /ticket2/opencms/fi/buy/?page=1&edid=D27C0576-937D-075A-E920-DCB47456396D HTTP/1.1" 200 112985
52.167.144.208 - - [27/Dec/2024:02:08:26 +0100] "GET /ticket2/opencms/lv/buy?page=1&edid=4BA781DE-2024-5888-8F0F-2E0AC0F53952 HTTP/1.1" 200 115727
65.21.232.254 - - [27/Dec/2024:02:08:28 +0100] "GET /ticket2/opencms/fi/buy/?page=1&edid=D2A45732-043F-9648-F6F1-0FB8A1C1603D HTTP/1.1" 200 112869
90.224.180.174 - - [27/Dec/2024:02:08:28 +0100] "GET /ticket2/opencms/sv/buy/?page=1&edid=DCF22239-47F2-2282-C13B-85FCE1D7C913 HTTP/1.1" 200 136105
65.21.232.254 - - [27/Dec/2024:02:08:29 +0100] "GET /ticket2/opencms/fi/buy/?page=1&edid=D3AC8ED2-9B15-6187-BB41-9830D862CD00&sortorder=asc&column=row HTTP/1.1" 200 114024
65.21.232.254 - - [27/Dec/2024:02:08:31 +0100] "GET /ticket2/opencms/fi/buy/?page=1&edid=D421CF40-F847-B0E5-3935-A03A252A248C HTTP/1.1" 200 109632
114.119.148.14 - - [27/Dec/2024:02:08:33 +0100] "GET /ticket2/opencms/en/venue/?venueid=5BBB9175-6BCD-4507-B680-0B60E4DE2F3E HTTP/1.1" 200 85021
65.21.232.254 - - [27/Dec/2024:02:08:33 +0100] "GET /ticket2/opencms/fi/buy/?page=1&edid=D5607A12-0D2A-220B-7825-3437A34BC772 HTTP/1.1" 200 111849
65.21.232.254 - - [27/Dec/2024:02:08:35 +0100] "GET /ticket2/opencms/fi/buy/?page=1&edid=D588D64F-5A51-B39F-60C7-A9090D7C3320 HTTP/1.1" 200 112944
47.238.13.18 - - [27/Dec/2024:02:08:37 +0100] "GET /ticket2/opencms/mt/buy?page=1&edid=79A9A1E5-4D03-03CB-B5B5-89A68C5D2E2C&sortorder=asc&column=price HTTP/1.1" 200 115684
65.21.232.254 - - [27/Dec/2024:02:08:37 +0100] "GET /ticket2/opencms/fi/buy/?page=1&edid=D5C4F50D-2A92-D0EC-6476-87E00BCDB682&sortorder=asc&column=row HTTP/1.1" 200 115105
65.21.232.254 - - [27/Dec/2024:02:08:39 +0100] "GET /ticket2/opencms/fi/buy/?page=1&edid=D5C4F50D-2A92-D0EC-6476-87E00BCDB682&sortorder=desc&column=price HTTP/1.1" 200 115161
52.167.144.208 - - [27/Dec/2024:02:08:40 +0100] "GET /ticket2/opencms/be/buy?page=1&edid=402D4ADF-F1A8-8EDD-0E47-FAEC0616E1C7 HTTP/1.1" 200 121298
47.128.23.149 - - [27/Dec/2024:02:08:41 +0100] "GET /ticket2/opencms/tr/magazine/article?title=brentford-fc-championshipta-ikinci HTTP/1.1" 200 93083
65.21.232.254 - - [27/Dec/2024:02:08:41 +0100] "GET /ticket2/opencms/fi/buy/?page=1&edid=D5C4F50D-2A92-D0EC-6476-87E00BCDB682&sortorder=desc&column=section HTTP/1.1" 200 115361
65.21.232.254 - - [27/Dec/2024:02:08:43 +0100] "GET /ticket2/opencms/fi/buy/?page=1&edid=D5D92891-B389-AB4D-D0C3-85E1E758B18E&sortorder=asc&column=section HTTP/1.1" 200 115405
47.128.23.149 - - [27/Dec/2024:02:08:44 +0100] "GET /ticket2/opencms/img/IMG_0096.jpeg HTTP/1.1" 200 3566943
65.21.232.254 - - [27/Dec/2024:02:08:45 +0100] "GET /ticket2/opencms/fi/buy/?page=1&edid=D5ECBB60-B9DE-C9C5-5B4C-845CEC40C77F&sortorder=asc&column=price HTTP/1.1" 200 114712
85.208.96.209 - - [27/Dec/2024:02:08:47 +0100] "GET /ticket2/opencms/fi/urheilu/jalkapallo/bundesliga/bayern_munchen/ HTTP/1.1" 200 94643
65.21.232.254 - - [27/Dec/2024:02:08:47 +0100] "GET /ticket2/opencms/fi/buy/?page=1&edid=D64B5630-A9DF-0854-05CF-2FC43E0CD4B2 HTTP/1.1" 200 109617
65.21.232.254 - - [27/Dec/2024:02:08:49 +0100] "GET /ticket2/opencms/fi/buy/?page=1&edid=D6618DFA-7F41-411A-824F-820EEB7DB525 HTTP/1.1" 200 109622
65.21.232.254 - - [27/Dec/2024:02:08:51 +0100] "GET /ticket2/opencms/fi/buy/?page=1&edid=D6A1B130-9B06-3599-EB71-2853514A277E&sortorder=asc&column=row HTTP/1.1" 200 114636
65.21.232.254 - - [27/Dec/2024:02:08:54 +0100] "GET /ticket2/opencms/fi/buy/?page=1&edid=D77B3728-26E3-6A84-BA10-6F62EDBDC4A9 HTTP/1.1" 200 109622
85.208.96.198 - - [27/Dec/2024:02:08:54 +0100] "GET /ticket2/opencms/robots.txt HTTP/1.1" 200 773
65.21.232.254 - - [27/Dec/2024:02:08:56 +0100] "GET /ticket2/opencms/fi/buy/?page=1&edid=D78F0C94-8501-C39F-E00E-C88362DE2B32 HTTP/1.1" 200 109575
