52.167.144.201 - - [27/Dec/2024:04:14:21 +0100] "GET /ticket2/opencms/es/buy?page=1&edid=4CA369BE-7848-7A9B-1CC8-A6F58FD34D24 HTTP/1.1" 200 124189
188.165.232.135 - - [27/Dec/2024:04:14:23 +0100] "GET /ticket2/opencms/sv/buy/?page=1&edid=0918B947-793A-2AE6-89D7-3BA5603B1356&sortorder=asc&column=price HTTP/1.1" 200 113883
47.128.113.254 - - [27/Dec/2024:04:14:23 +0100] "GET /ticket2/opencms/uk/faq/ HTTP/1.1" 200 92030
188.165.232.135 - - [27/Dec/2024:04:14:26 +0100] "GET /ticket2/opencms/sv/buy/?page=1&edid=0918B947-793A-2AE6-89D7-3BA5603B1356&sortorder=asc&column=row HTTP/1.1" 200 113762
188.165.232.135 - - [27/Dec/2024:04:14:29 +0100] "GET /ticket2/opencms/sv/buy/?page=1&edid=0918B947-793A-2AE6-89D7-3BA5603B1356&sortorder=asc&column=section HTTP/1.1" 200 114108
188.165.232.135 - - [27/Dec/2024:04:14:32 +0100] "GET /ticket2/opencms/sv/buy/?page=1&edid=0918B947-793A-2AE6-89D7-3BA5603B1356&sortorder=desc&column=price HTTP/1.1" 200 113992
85.208.96.212 - - [27/Dec/2024:04:14:33 +0100] "GET /ticket2/opencms/sv/sport/fotbollsbiljetter/uefa-champions-league/manchester_city/ HTTP/1.1" 200 88135
188.165.232.135 - - [27/Dec/2024:04:14:35 +0100] "GET /ticket2/opencms/sv/buy/?page=1&edid=0918B947-793A-2AE6-89D7-3BA5603B1356&sortorder=desc&column=row HTTP/1.1" 200 113787
188.165.232.135 - - [27/Dec/2024:04:14:38 +0100] "GET /ticket2/opencms/sv/buy/?page=1&edid=0918B947-793A-2AE6-89D7-3BA5603B1356&sortorder=desc&column=section HTTP/1.1" 200 114211
185.191.171.10 - - [27/Dec/2024:04:14:38 +0100] "GET /ticket2/opencms/sr/sport/fudbalske-karte/premier-league/manchester-united HTTP/1.1" 200 103564
188.165.232.135 - - [27/Dec/2024:04:14:41 +0100] "GET /ticket2/opencms/sv/buy/?page=1&edid=091BF004-CC2A-3A60-87D6-A06DC394E6C9&sortorder=asc&column=price HTTP/1.1" 200 113840
188.165.232.135 - - [27/Dec/2024:04:14:43 +0100] "GET /ticket2/opencms/sv/buy/?page=1&edid=091BF004-CC2A-3A60-87D6-A06DC394E6C9&sortorder=asc&column=row HTTP/1.1" 200 113645
188.165.232.135 - - [27/Dec/2024:04:14:47 +0100] "GET /ticket2/opencms/sv/buy/?page=1&edid=091BF004-CC2A-3A60-87D6-A06DC394E6C9&sortorder=asc&column=section HTTP/1.1" 200 113974
52.167.144.221 - - [27/Dec/2024:04:14:49 +0100] "GET /ticket2/opencms/en/buy?page=1&edid=93D16233-A2B3-F73E-A92E-3387C202F68F HTTP/1.1" 200 111785
40.77.167.108 - - [27/Dec/2024:04:14:49 +0100] "GET /ticket2/opencms/robots.txt HTTP/1.1" 200 773
188.165.232.135 - - [27/Dec/2024:04:14:49 +0100] "GET /ticket2/opencms/sv/buy/?page=1&edid=097474E7-8A8F-522A-B62A-D10F10D973DA&sortorder=asc&column=price HTTP/1.1" 200 112757
52.167.144.221 - - [27/Dec/2024:04:14:50 +0100] "GET /ticket2/opencms/cs/buy?page=1&edid=D7949E96-F42D-70F9-7279-35B1E42ED10B HTTP/1.1" 200 109863
40.77.167.108 - - [27/Dec/2024:04:14:50 +0100] "GET /ticket2/opencms/robots.txt HTTP/1.1" 200 773
3.144.16.40 - - [27/Dec/2024:04:14:50 +0100] "GET /ticket2/opencms/it/buy/?edid=5D90F1BB-FDA0-E705-6448-4D677B2D6B3E&page=1 HTTP/1.1" 200 113054
188.165.232.135 - - [27/Dec/2024:04:14:54 +0100] "GET /ticket2/opencms/sv/buy/?page=1&edid=09EE96B0-CD8C-CFD6-7FFB-CA08AF021FC9&sortorder=desc&column=row HTTP/1.1" 200 113176
188.165.232.135 - - [27/Dec/2024:04:14:57 +0100] "GET /ticket2/opencms/sv/buy/?page=1&edid=0C964CA7-3C45-535D-15FE-520A14005C78&sortorder=asc&column=price HTTP/1.1" 200 113943
40.77.167.78 - - [27/Dec/2024:04:14:59 +0100] "GET /ticket2/opencms/dk/buy?page=1&edid=0F9D6B87-FBA2-98F6-6A11-CBBA4D2A86C1 HTTP/1.1" 200 112218
188.165.232.135 - - [27/Dec/2024:04:14:59 +0100] "GET /ticket2/opencms/sv/buy/?page=1&edid=0CA3FD47-A06A-35B3-8EAB-9D836A2EC845&sortorder=asc&column=price HTTP/1.1" 200 113879
18.224.38.176 - - [27/Dec/2024:04:15:00 +0100] "GET /ticket2/opencms/lv/buy?edid=5D90F1BB-FDA0-E705-6448-4D677B2D6B3E&page=1 HTTP/1.1" 200 113663
85.208.96.206 - - [27/Dec/2024:04:15:01 +0100] "GET /ticket2/opencms/sq/sport/bileta-per-futboll/english-championship/watford/ HTTP/1.1" 200 97635
188.165.232.135 - - [27/Dec/2024:04:15:03 +0100] "GET /ticket2/opencms/sv/buy/?page=1&edid=0CA3FD47-A06A-35B3-8EAB-9D836A2EC845&sortorder=asc&column=row HTTP/1.1" 200 113714
3.145.73.167 - - [27/Dec/2024:04:15:05 +0100] "GET /ticket2/opencms/tr/buy/?edid=5D90F1BB-FDA0-E705-6448-4D677B2D6B3E&page=1 HTTP/1.1" 200 113930
188.165.232.135 - - [27/Dec/2024:04:15:06 +0100] "GET /ticket2/opencms/sv/buy/?page=1&edid=0D0ADBCB-6EBA-B656-73A6-7D7B7FC3C3FA&sortorder=desc&column=price HTTP/1.1" 200 114019
188.165.232.135 - - [27/Dec/2024:04:15:09 +0100] "GET /ticket2/opencms/sv/buy/?page=1&edid=0EDFB483-C2F9-E7E3-7387-05687EB38571&sortorder=desc&column=section HTTP/1.1" 200 113969
3.144.30.14 - - [27/Dec/2024:04:15:11 +0100] "GET /ticket2/opencms/de/buy?edid=5D90F1BB-FDA0-E705-6448-4D677B2D6B3E&page=1 HTTP/1.1" 200 112990
188.165.232.135 - - [27/Dec/2024:04:15:13 +0100] "GET /ticket2/opencms/sv/buy/?page=1&edid=0F5BCCDF-283D-CAA7-0BE6-E08DEE7F9F45&sortorder=asc&column=price HTTP/1.1" 200 113975
3.133.155.253 - - [27/Dec/2024:04:15:15 +0100] "GET /ticket2/opencms/sq/buy?edid=A32C2CDE-A2F2-054C-C7FE-30BF45814EDA&page=1 HTTP/1.1" 200 113940
188.165.232.135 - - [27/Dec/2024:04:15:15 +0100] "GET /ticket2/opencms/sv/buy/?page=1&edid=0F5BCCDF-283D-CAA7-0BE6-E08DEE7F9F45&sortorder=asc&column=row HTTP/1.1" 200 113784
188.165.232.135 - - [27/Dec/2024:04:15:19 +0100] "GET /ticket2/opencms/sv/buy/?page=1&edid=0F5BCCDF-283D-CAA7-0BE6-E08DEE7F9F45&sortorder=asc&column=section HTTP/1.1" 200 114025
188.165.232.135 - - [27/Dec/2024:04:15:24 +0100] "GET /ticket2/opencms/sv/buy/?page=1&edid=0F5BCCDF-283D-CAA7-0BE6-E08DEE7F9F45&sortorder=desc&column=section HTTP/1.1" 200 114146
185.191.171.6 - - [27/Dec/2024:04:15:25 +0100] "GET /ticket2/opencms/no/magazine/article?title=villa-park-med-en-kapasitet-pa-over-42000-tilskuere HTTP/1.1" 200 91708
188.165.232.135 - - [27/Dec/2024:04:15:26 +0100] "GET /ticket2/opencms/sv/buy/?page=1&edid=10ACC236-9050-224D-9B74-CD4488885E9B&sortorder=desc&column=section HTTP/1.1" 200 113995
217.182.175.163 - - [27/Dec/2024:04:15:26 +0100] "GET /ticket2/opencms/se/robots.txt HTTP/1.1" 404 -
47.128.58.20 - - [27/Dec/2024:04:15:26 +0100] "GET /ticket2/opencms/cs/buy/?edid=3D90558B-59E5-DB4E-10D0-F79B6C89B78E HTTP/1.1" 200 92802
188.165.232.135 - - [27/Dec/2024:04:15:29 +0100] "GET /ticket2/opencms/sv/buy/?page=1&edid=10FB1C4A-BD03-D935-D381-D59A9F05AA1D&sortorder=asc&column=row HTTP/1.1" 200 114110
18.191.84.179 - - [27/Dec/2024:04:15:31 +0100] "GET /ticket2/opencms/nl/buy/?edid=5D90F1BB-FDA0-E705-6448-4D677B2D6B3E&page=1 HTTP/1.1" 200 111260
188.165.232.135 - - [27/Dec/2024:04:15:31 +0100] "GET /ticket2/opencms/sv/buy/?page=1&edid=112B8EBB-2603-9B36-8924-2995808A83B2&sortorder=desc&column=row HTTP/1.1" 200 113911
188.165.232.135 - - [27/Dec/2024:04:15:34 +0100] "GET /ticket2/opencms/sv/buy/?page=1&edid=11CA2095-DE4E-F08C-CA73-D1F7DF0C2455&sortorder=asc&column=price HTTP/1.1" 200 113241
188.165.232.135 - - [27/Dec/2024:04:15:38 +0100] "GET /ticket2/opencms/sv/buy/?page=1&edid=11CA2095-DE4E-F08C-CA73-D1F7DF0C2455&sortorder=asc&column=row HTTP/1.1" 200 113041
3.137.198.181 - - [27/Dec/2024:04:15:39 +0100] "GET /ticket2/opencms/mt/buy/?edid=A32C2CDE-A2F2-054C-C7FE-30BF45814EDA&page=1 HTTP/1.1" 200 113836
188.165.232.135 - - [27/Dec/2024:04:15:40 +0100] "GET /ticket2/opencms/sv/buy/?page=1&edid=133C755F-7180-13CC-FCBB-7D53D7F560DC HTTP/1.1" 200 112472
85.208.96.203 - - [27/Dec/2024:04:15:40 +0100] "GET /ticket2/opencms/no/magazine/article?title=kylian-mbappe-til-real-madrid HTTP/1.1" 200 92371
188.165.232.135 - - [27/Dec/2024:04:15:45 +0100] "GET /ticket2/opencms/sv/buy/?page=1&edid=133C755F-7180-13CC-FCBB-7D53D7F560DC&sortorder=desc&column=section HTTP/1.1" 200 114599
185.191.171.4 - - [27/Dec/2024:04:15:46 +0100] "GET /ticket2/opencms/fi/magazine/article?title=ballon-dor-ehdokkaiden-lista HTTP/1.1" 200 94760
185.191.171.8 - - [27/Dec/2024:04:15:47 +0100] "GET /ticket2/opencms/en/magazine/article?title=analysis-how-much-premier-league-ticket-prices-have-increased-liverpool-and-arsenal-are-the-most-expensive HTTP/1.1" 200 99568
188.165.232.135 - - [27/Dec/2024:04:15:47 +0100] "GET /ticket2/opencms/sv/buy/?page=1&edid=151CC0D8-0351-C859-2F0C-08FDFAB76DE7&sortorder=asc&column=price HTTP/1.1" 200 113624
95.217.195.123 - - [27/Dec/2024:04:15:51 +0100] "GET /ticket2/opencms/se/robots.txt HTTP/1.1" 404 -
188.165.232.135 - - [27/Dec/2024:04:15:52 +0100] "GET /ticket2/opencms/sv/buy/?page=1&edid=151CC0D8-0351-C859-2F0C-08FDFAB76DE7&sortorder=asc&column=row HTTP/1.1" 200 113411
3.144.98.43 - - [27/Dec/2024:04:15:52 +0100] "GET /ticket2/opencms/el/buy/?edid=5D90F1BB-FDA0-E705-6448-4D677B2D6B3E&page=1 HTTP/1.1" 200 117642
188.165.232.135 - - [27/Dec/2024:04:15:54 +0100] "GET /ticket2/opencms/sv/buy/?page=1&edid=151CC0D8-0351-C859-2F0C-08FDFAB76DE7&sortorder=asc&column=section HTTP/1.1" 200 113797
217.182.175.163 - - [27/Dec/2024:04:15:54 +0100] "GET /ticket2/opencms/se/sv/buy/?page=1&edid=B53551B2-5E85-1251-09D9-28B7F3E9AD07 HTTP/1.1" 404 -
188.165.232.135 - - [27/Dec/2024:04:15:57 +0100] "GET /ticket2/opencms/sv/buy/?page=1&edid=151CC0D8-0351-C859-2F0C-08FDFAB76DE7&sortorder=desc&column=row HTTP/1.1" 200 113538
188.165.232.135 - - [27/Dec/2024:04:15:59 +0100] "GET /ticket2/opencms/sv/buy/?page=1&edid=151CC0D8-0351-C859-2F0C-08FDFAB76DE7&sortorder=desc&column=section HTTP/1.1" 200 113795
47.128.110.27 - - [27/Dec/2024:04:15:59 +0100] "GET /ticket2/opencms/de/sell/?edid=56BC3965-276E-354F-1EDA-8AF4681F5BD5 HTTP/1.1" 302 -
47.128.23.212 - - [27/Dec/2024:04:16:00 +0100] "GET /ticket2/opencms/en/magazine/article?title=can-viktor-gyokeres-leave-sporting-earlier-than-planned HTTP/1.1" 200 92009
47.128.110.27 - - [27/Dec/2024:04:16:01 +0100] "GET /ticket2/opencms/de/login/?url=/de/sell/ HTTP/1.1" 200 91015
188.165.232.135 - - [27/Dec/2024:04:16:02 +0100] "GET /ticket2/opencms/sv/buy/?page=1&edid=156562D2-0263-CCAA-DF54-9314F5D26523 HTTP/1.1" 200 112329
52.167.144.145 - - [27/Dec/2024:04:16:02 +0100] "GET /ticket2/opencms/tr/standard/ HTTP/1.1" 500 -
188.165.232.135 - - [27/Dec/2024:04:16:06 +0100] "GET /ticket2/opencms/sv/buy/?page=1&edid=156562D2-0263-CCAA-DF54-9314F5D26523&sortorder=desc&column=price HTTP/1.1" 200 114319
188.165.232.135 - - [27/Dec/2024:04:16:10 +0100] "GET /ticket2/opencms/sv/buy/?page=1&edid=156562D2-0263-CCAA-DF54-9314F5D26523&sortorder=desc&column=row HTTP/1.1" 200 114253
188.165.232.135 - - [27/Dec/2024:04:16:12 +0100] "GET /ticket2/opencms/sv/buy/?page=1&edid=156562D2-0263-CCAA-DF54-9314F5D26523&sortorder=desc&column=section HTTP/1.1" 200 114468
54.193.156.189 - - [27/Dec/2024:04:16:13 +0100] "GET /ticket2/opencms/ HTTP/1.1" 302 -
54.193.156.189 - - [27/Dec/2024:04:16:13 +0100] "GET /ticket2/opencms/ HTTP/1.1" 500 -
188.165.232.135 - - [27/Dec/2024:04:16:15 +0100] "GET /ticket2/opencms/sv/buy/?page=1&edid=15663D62-2271-4E56-54F8-D55FBC72F26B HTTP/1.1" 200 111935
188.165.232.135 - - [27/Dec/2024:04:16:19 +0100] "GET /ticket2/opencms/sv/buy/?page=1&edid=15663D62-2271-4E56-54F8-D55FBC72F26B&sortorder=desc&column=row HTTP/1.1" 200 113847
217.182.175.163 - - [27/Dec/2024:04:16:20 +0100] "GET /ticket2/opencms/se/sv/buy/?page=1&edid=B5487927-5D9E-47A1-7B61-6B84BE8D3FED HTTP/1.1" 404 -
54.193.156.189 - - [27/Dec/2024:04:16:21 +0100] "GET /ticket2/opencms/en/ HTTP/1.1" 200 100147
188.165.232.135 - - [27/Dec/2024:04:16:24 +0100] "GET /ticket2/opencms/sv/buy/?page=1&edid=15663D62-2271-4E56-54F8-D55FBC72F26B&sortorder=desc&column=section HTTP/1.1" 200 114097
114.119.130.154 - - [27/Dec/2024:04:16:26 +0100] "GET /ticket2/opencms/cs/buy?page=1&=ABE0D196-5A84-0064-2AAA-8BE846913E3B HTTP/1.1" 200 6507
178.156.151.202 - - [27/Dec/2024:04:16:26 +0100] "GET /ticket2/opencms/es/buy?page=1&edid=1AD4E11C-C792-1721-4D1A-2229101A30FD HTTP/1.1" 200 146034
40.77.167.78 - - [27/Dec/2024:04:16:27 +0100] "GET /ticket2/opencms/uk/magazine/article?title=common-terms-in-football HTTP/1.1" 200 99697
188.165.232.135 - - [27/Dec/2024:04:16:29 +0100] "GET /ticket2/opencms/sv/buy/?page=1&edid=1570A5A8-9F59-7B85-D5CB-DF1B005C18AF&sortorder=asc&column=price HTTP/1.1" 200 114596
52.167.144.196 - - [27/Dec/2024:04:16:31 +0100] "GET /ticket2/opencms/bs/buy?page=1&edid=3583D5C7-607A-E528-A709-844E6A72DC1B HTTP/1.1" 200 141965
188.165.232.135 - - [27/Dec/2024:04:16:32 +0100] "GET /ticket2/opencms/sv/buy/?page=1&edid=15AF8D2B-EC86-F832-6A25-EDE861BB730F HTTP/1.1" 200 111905
95.217.195.123 - - [27/Dec/2024:04:16:34 +0100] "GET /ticket2/opencms/se/sv/buy/?page=1&edid=420CC3BB-9C0C-D2F8-9034-6F306315D716&sortorder=desc&column=price HTTP/1.1" 404 -
188.165.232.135 - - [27/Dec/2024:04:16:37 +0100] "GET /ticket2/opencms/sv/buy/?page=1&edid=15AF8D2B-EC86-F832-6A25-EDE861BB730F&sortorder=desc&column=price HTTP/1.1" 200 113888
188.165.232.135 - - [27/Dec/2024:04:16:40 +0100] "GET /ticket2/opencms/sv/buy/?page=1&edid=15AF8D2B-EC86-F832-6A25-EDE861BB730F&sortorder=desc&column=row HTTP/1.1" 200 113650
47.128.117.185 - - [27/Dec/2024:04:16:43 +0100] "GET /ticket2/opencms/sv/buy?edid=186C4928-084D-658D-D6B0-95947954D866 HTTP/1.1" 200 91616
188.165.232.135 - - [27/Dec/2024:04:16:43 +0100] "GET /ticket2/opencms/sv/buy/?page=1&edid=16DC67F5-9434-FD84-70BE-618276292715&sortorder=desc&column=price HTTP/1.1" 200 110653
40.77.167.65 - - [27/Dec/2024:04:16:44 +0100] "GET /ticket2/opencms/pl/buy?page=1&edid=17687D32-5E2D-8573-6D52-BE9A2F51FA8D HTTP/1.1" 200 109068
188.165.232.135 - - [27/Dec/2024:04:16:46 +0100] "GET /ticket2/opencms/sv/buy/?page=1&edid=16DC67F5-9434-FD84-70BE-618276292715&sortorder=desc&column=row HTTP/1.1" 200 110496
217.182.175.163 - - [27/Dec/2024:04:16:48 +0100] "GET /ticket2/opencms/se/sv/buy/?page=1&edid=B5E1DBCF-60C9-6B74-2BC5-D9DD921875AF HTTP/1.1" 404 -
147.93.145.57 - - [27/Dec/2024:04:16:49 +0100] "GET /ticket2/opencms/robots.txt HTTP/1.1" 200 773
188.165.232.135 - - [27/Dec/2024:04:16:50 +0100] "GET /ticket2/opencms/sv/buy/?page=1&edid=16DC67F5-9434-FD84-70BE-618276292715&sortorder=desc&column=section HTTP/1.1" 200 110714
185.191.171.15 - - [27/Dec/2024:04:16:51 +0100] "GET /ticket2/opencms/is/standard/ HTTP/1.1" 500 -
188.165.232.135 - - [27/Dec/2024:04:16:54 +0100] "GET /ticket2/opencms/sv/buy/?page=1&edid=1702263D-D572-F8BF-DE0E-23917DE6133F HTTP/1.1" 200 112097
188.165.232.135 - - [27/Dec/2024:04:16:57 +0100] "GET /ticket2/opencms/sv/buy/?page=1&edid=1704DC47-D333-EEEA-B66A-BC4C3DDB8A1C&sortorder=desc&column=price HTTP/1.1" 200 114444
95.217.195.123 - - [27/Dec/2024:04:16:58 +0100] "GET /ticket2/opencms/se/sv/buy/?page=1&edid=420CC3BB-9C0C-D2F8-9034-6F306315D716&sortorder=desc&column=row HTTP/1.1" 404 -
52.167.144.232 - - [27/Dec/2024:04:16:59 +0100] "GET /ticket2/opencms/fi/buy?page=1&edid=95062A1B-0899-EFAC-D737-2DEF9A6E1B20 HTTP/1.1" 200 112191
188.165.232.135 - - [27/Dec/2024:04:17:00 +0100] "GET /ticket2/opencms/sv/buy/?page=1&edid=1704DC47-D333-EEEA-B66A-BC4C3DDB8A1C&sortorder=desc&column=row HTTP/1.1" 200 114339
147.93.145.57 - - [27/Dec/2024:04:17:01 +0100] "GET /ticket2/opencms/en/buy/?page=1&edid=038E9D5D-F853-3E62-678F-9F575C0DA65A&sortorder=desc&column=price HTTP/1.1" 200 113711
188.165.232.135 - - [27/Dec/2024:04:17:04 +0100] "GET /ticket2/opencms/sv/buy/?page=1&edid=1789EFF5-BF66-CA33-ACEE-5963FAAC8579&sortorder=asc&column=price HTTP/1.1" 200 110656
185.191.171.15 - - [27/Dec/2024:04:17:04 +0100] "GET /ticket2/opencms/dk/sport/fodboldbilletter/bundesliga/stuttgart/ HTTP/1.1" 200 97626
188.165.232.135 - - [27/Dec/2024:04:17:06 +0100] "GET /ticket2/opencms/sv/buy/?page=1&edid=1876C975-2219-B424-5832-564A46DA440A&sortorder=desc&column=section HTTP/1.1" 200 114460
4.227.36.29 - - [27/Dec/2024:04:17:07 +0100] "GET /ticket2/opencms/tb/opencms/sv/?partner=[0D48DF4C-9897-47DD-7BE1-E5191954C85A] HTTP/1.1" 404 -
13.58.110.182 - - [27/Dec/2024:04:17:07 +0100] "GET /ticket2/opencms/hu/buy/?edid=A32C2CDE-A2F2-054C-C7FE-30BF45814EDA&page=1 HTTP/1.1" 200 113895
114.119.145.123 - - [27/Dec/2024:04:17:09 +0100] "GET /ticket2/opencms/en/venue/?venueid=D1E3D72D-8E07-9A29-868C-678E69048B2D HTTP/1.1" 200 85026
188.165.232.135 - - [27/Dec/2024:04:17:09 +0100] "GET /ticket2/opencms/sv/buy/?page=1&edid=1883B848-C2AA-E4F0-1F07-3E2222F1A59D&sortorder=asc&column=price HTTP/1.1" 200 113859
114.119.157.43 - - [27/Dec/2024:04:17:12 +0100] "GET /ticket2/opencms/en/buy?page=1&edid=CF871F32-58B9-936F-E54E-3AC3FCAE5989 HTTP/1.1" 200 111255
188.165.232.135 - - [27/Dec/2024:04:17:13 +0100] "GET /ticket2/opencms/sv/buy/?page=1&edid=1883B848-C2AA-E4F0-1F07-3E2222F1A59D&sortorder=asc&column=section HTTP/1.1" 200 114058
147.93.145.57 - - [27/Dec/2024:04:17:14 +0100] "GET /ticket2/opencms/en/buy/?page=1&edid=038E9D5D-F853-3E62-678F-9F575C0DA65A&sortorder=desc&column=row HTTP/1.1" 200 113625
188.165.232.135 - - [27/Dec/2024:04:17:16 +0100] "GET /ticket2/opencms/sv/buy/?page=1&edid=18908639-C334-8D37-23D3-F8AC9105A9E3&sortorder=asc&column=row HTTP/1.1" 200 114411
217.182.175.163 - - [27/Dec/2024:04:17:18 +0100] "GET /ticket2/opencms/se/sv/buy/?page=1&edid=B5E212FA-75B2-874E-9151-2C0F6C91543F HTTP/1.1" 404 -
188.165.232.135 - - [27/Dec/2024:04:17:19 +0100] "GET /ticket2/opencms/sv/buy/?page=1&edid=18908639-C334-8D37-23D3-F8AC9105A9E3&sortorder=asc&column=section HTTP/1.1" 200 114698
95.217.195.123 - - [27/Dec/2024:04:17:21 +0100] "GET /ticket2/opencms/se/sv/buy/?page=1&edid=420CC3BB-9C0C-D2F8-9034-6F306315D716&sortorder=desc&column=section HTTP/1.1" 404 -
188.165.232.135 - - [27/Dec/2024:04:17:22 +0100] "GET /ticket2/opencms/sv/buy/?page=1&edid=18908639-C334-8D37-23D3-F8AC9105A9E3&sortorder=desc&column=price HTTP/1.1" 200 114688
188.165.232.135 - - [27/Dec/2024:04:17:25 +0100] "GET /ticket2/opencms/sv/buy/?page=1&edid=18908639-C334-8D37-23D3-F8AC9105A9E3&sortorder=desc&column=row HTTP/1.1" 200 114495
185.191.171.6 - - [27/Dec/2024:04:17:26 +0100] "GET /ticket2/opencms/dk/search.html HTTP/1.1" 200 95346
3.143.237.54 - - [27/Dec/2024:04:17:27 +0100] "GET /ticket2/opencms/bs/buy?edid=A32C2CDE-A2F2-054C-C7FE-30BF45814EDA&page=1 HTTP/1.1" 200 113324
188.165.232.135 - - [27/Dec/2024:04:17:28 +0100] "GET /ticket2/opencms/sv/buy/?page=1&edid=18908639-C334-8D37-23D3-F8AC9105A9E3&sortorder=desc&column=section HTTP/1.1" 200 114807
147.93.145.57 - - [27/Dec/2024:04:17:28 +0100] "GET /ticket2/opencms/en/buy/?page=1&edid=038E9D5D-F853-3E62-678F-9F575C0DA65A&sortorder=desc&column=section HTTP/1.1" 200 113855
188.165.232.135 - - [27/Dec/2024:04:17:31 +0100] "GET /ticket2/opencms/sv/buy/?page=1&edid=19102562-E2A2-AF98-F707-B3F5DB2EE4C3&sortorder=asc&column=price HTTP/1.1" 200 114473
188.165.232.135 - - [27/Dec/2024:04:17:34 +0100] "GET /ticket2/opencms/sv/buy/?page=1&edid=19102562-E2A2-AF98-F707-B3F5DB2EE4C3&sortorder=asc&column=row HTTP/1.1" 200 114433
18.222.184.207 - - [27/Dec/2024:04:17:35 +0100] "GET /ticket2/opencms/bs/buy?edid=5D90F1BB-FDA0-E705-6448-4D677B2D6B3E&page=1 HTTP/1.1" 200 113375
47.128.41.171 - - [27/Dec/2024:04:17:36 +0100] "GET /ticket2/opencms/bg/buy?edid=BE388851-096B-2B4D-C281-DAEB16275376 HTTP/1.1" 200 93342
188.165.232.135 - - [27/Dec/2024:04:17:36 +0100] "GET /ticket2/opencms/sv/buy/?page=1&edid=19102562-E2A2-AF98-F707-B3F5DB2EE4C3&sortorder=asc&column=section HTTP/1.1" 200 114693
3.17.175.167 - - [27/Dec/2024:04:17:38 +0100] "GET /ticket2/opencms/ka/buy?edid=A32C2CDE-A2F2-054C-C7FE-30BF45814EDA&page=1 HTTP/1.1" 200 119813
188.165.232.135 - - [27/Dec/2024:04:17:39 +0100] "GET /ticket2/opencms/sv/buy/?page=1&edid=19102562-E2A2-AF98-F707-B3F5DB2EE4C3&sortorder=desc&column=price HTTP/1.1" 200 114679
147.93.145.57 - - [27/Dec/2024:04:17:39 +0100] "GET /ticket2/opencms/en/buy/?page=1&edid=07D24578-F577-FB97-B11A-7D3A32948F2C&sortorder=desc&column=price HTTP/1.1" 200 112497
188.165.232.135 - - [27/Dec/2024:04:17:42 +0100] "GET /ticket2/opencms/sv/buy/?page=1&edid=19102562-E2A2-AF98-F707-B3F5DB2EE4C3&sortorder=desc&column=row HTTP/1.1" 200 114444
217.182.175.163 - - [27/Dec/2024:04:17:44 +0100] "GET /ticket2/opencms/se/sv/buy/?page=1&edid=B6212AD0-3917-4B87-D77E-0A47DAD0A500 HTTP/1.1" 404 -
188.165.232.135 - - [27/Dec/2024:04:17:46 +0100] "GET /ticket2/opencms/sv/buy/?page=1&edid=19102562-E2A2-AF98-F707-B3F5DB2EE4C3&sortorder=desc&column=section HTTP/1.1" 200 114773
101.44.184.92 - - [27/Dec/2024:04:17:47 +0100] "GET /ticket2/opencms/it/sport/biglietti-calcio/serie-a/fiorentina/ HTTP/1.1" 200 102020
40.77.167.23 - - [27/Dec/2024:04:17:48 +0100] "GET /ticket2/opencms/is/buy?page=1&edid=619E7243-1B23-CC7D-76EF-2E2E7EEEE439 HTTP/1.1" 200 112824
188.165.232.135 - - [27/Dec/2024:04:17:48 +0100] "GET /ticket2/opencms/sv/buy/?page=1&edid=191271CC-20AF-1008-2B26-F67C7C00D476&sortorder=asc&column=section HTTP/1.1" 200 110673
95.217.195.123 - - [27/Dec/2024:04:17:49 +0100] "GET /ticket2/opencms/se/sv/buy/?page=1&edid=424EF7C2-EA43-6C2B-5DFC-FDAAF8467F7B HTTP/1.1" 404 -
147.93.145.57 - - [27/Dec/2024:04:17:50 +0100] "GET /ticket2/opencms/en/buy/?page=1&edid=07D24578-F577-FB97-B11A-7D3A32948F2C&sortorder=desc&column=row HTTP/1.1" 200 112420
188.165.232.135 - - [27/Dec/2024:04:17:52 +0100] "GET /ticket2/opencms/sv/buy/?page=1&edid=191271CC-20AF-1008-2B26-F67C7C00D476&sortorder=desc&column=price HTTP/1.1" 200 110623
188.165.232.135 - - [27/Dec/2024:04:17:54 +0100] "GET /ticket2/opencms/sv/buy/?page=1&edid=1922F4C1-0D89-1ACA-A50D-EFC3C58AA17B&sortorder=desc&column=section HTTP/1.1" 200 113932
188.165.232.135 - - [27/Dec/2024:04:17:57 +0100] "GET /ticket2/opencms/sv/buy/?page=1&edid=192CD3C2-714D-3D17-EB72-20264FE62CF8&sortorder=desc&column=price HTTP/1.1" 200 110643
188.165.232.135 - - [27/Dec/2024:04:18:00 +0100] "GET /ticket2/opencms/sv/buy/?page=1&edid=197FC2D3-DD51-5963-00AB-841E5325644D HTTP/1.1" 200 111039
85.208.96.210 - - [27/Dec/2024:04:18:00 +0100] "GET /ticket2/opencms/de/sport/fussball-tickets/la_liga/getafe/ HTTP/1.1" 200 100906
147.93.145.57 - - [27/Dec/2024:04:18:03 +0100] "GET /ticket2/opencms/en/buy/?page=1&edid=07D24578-F577-FB97-B11A-7D3A32948F2C&sortorder=desc&column=section HTTP/1.1" 200 112670
188.165.232.135 - - [27/Dec/2024:04:18:03 +0100] "GET /ticket2/opencms/sv/buy/?page=1&edid=19E1E130-239D-825F-A5F3-74E3C641B339&sortorder=asc&column=price HTTP/1.1" 200 113865
52.167.144.201 - - [27/Dec/2024:04:18:05 +0100] "GET /ticket2/opencms/uk/buy?page=1&edid=7C00C025-4187-F18C-F721-DDEE3215F3B5 HTTP/1.1" 200 112084
188.165.232.135 - - [27/Dec/2024:04:18:06 +0100] "GET /ticket2/opencms/sv/buy/?page=1&edid=19E1E130-239D-825F-A5F3-74E3C641B339&sortorder=asc&column=row HTTP/1.1" 200 113788
188.165.232.135 - - [27/Dec/2024:04:18:09 +0100] "GET /ticket2/opencms/sv/buy/?page=1&edid=22C63B7D-E2A1-29A9-0605-7ABAF31BD16E&sortorder=asc&column=price HTTP/1.1" 200 112973
217.182.175.163 - - [27/Dec/2024:04:18:10 +0100] "GET /ticket2/opencms/se/sv/buy/?page=1&edid=B6233164-B09D-2F93-ABBA-AC58AB9CD4E2 HTTP/1.1" 404 -
185.191.171.4 - - [27/Dec/2024:04:18:14 +0100] "GET /ticket2/opencms/fi/urheilu/hockey/nhl/ HTTP/1.1" 200 99361
147.93.145.57 - - [27/Dec/2024:04:18:14 +0100] "GET /ticket2/opencms/en/buy/?page=1&edid=0918B947-793A-2AE6-89D7-3BA5603B1356&sortorder=desc&column=row HTTP/1.1" 200 113146
95.217.195.123 - - [27/Dec/2024:04:18:16 +0100] "GET /ticket2/opencms/se/sv/buy/?page=1&edid=4283C0F9-68DA-FA30-758C-257225F7159B&sortorder=asc&column=price HTTP/1.1" 404 -
3.144.89.197 - - [27/Dec/2024:04:18:19 +0100] "GET /ticket2/opencms/sv/buy?edid=5D90F1BB-FDA0-E705-6448-4D677B2D6B3E&page=1 HTTP/1.1" 200 112479
188.165.232.135 - - [27/Dec/2024:04:18:20 +0100] "GET /ticket2/opencms/sv/buy/?page=1&edid=22C63B7D-E2A1-29A9-0605-7ABAF31BD16E&sortorder=asc&column=row HTTP/1.1" 200 112842
114.119.159.237 - - [27/Dec/2024:04:18:20 +0100] "GET /ticket2/opencms/en/sell/?edid=E3540B9C-08EB-EAEF-8CDC-37EBFC3CF0A5 HTTP/1.1" 302 -
47.128.59.215 - - [27/Dec/2024:04:18:21 +0100] "GET /ticket2/opencms/ga/buy/?edid=E1890C55-BB29-2521-0846-5A33B1490A2E HTTP/1.1" 200 92711
185.191.171.6 - - [27/Dec/2024:04:18:24 +0100] "GET /ticket2/opencms/fi/urheilu/jalkapallo/premier_league/crystal_palace/ HTTP/1.1" 200 100406
188.165.232.135 - - [27/Dec/2024:04:18:26 +0100] "GET /ticket2/opencms/sv/buy/?page=1&edid=22C63B7D-E2A1-29A9-0605-7ABAF31BD16E&sortorder=asc&column=section HTTP/1.1" 200 113058
185.191.171.16 - - [27/Dec/2024:04:18:27 +0100] "GET /ticket2/opencms/nl/magazine/article?title=fulham-fc HTTP/1.1" 200 90051
114.119.159.237 - - [27/Dec/2024:04:18:27 +0100] "GET /ticket2/opencms/en/login/?url=/en/sell/ HTTP/1.1" 200 89819
147.93.145.57 - - [27/Dec/2024:04:18:27 +0100] "GET /ticket2/opencms/en/buy/?page=1&edid=0918B947-793A-2AE6-89D7-3BA5603B1356&sortorder=desc&column=section HTTP/1.1" 200 113382
13.58.211.135 - - [27/Dec/2024:04:18:32 +0100] "GET /ticket2/opencms/fi/buy?edid=5D90F1BB-FDA0-E705-6448-4D677B2D6B3E&page=1 HTTP/1.1" 200 113434
114.119.135.171 - - [27/Dec/2024:04:18:33 +0100] "GET /ticket2/opencms/en/buy/?page=1&edid=8F1F38C2-E2DB-B13E-FCEA-0A73F3399CCE HTTP/1.1" 200 108059
52.167.144.201 - - [27/Dec/2024:04:18:34 +0100] "GET /ticket2/opencms/es/buy?page=1&edid=975A25A0-8B01-9363-B4DD-6190A3C6DB45 HTTP/1.1" 200 112984
188.165.232.135 - - [27/Dec/2024:04:18:34 +0100] "GET /ticket2/opencms/sv/buy/?page=1&edid=22EC4137-73E0-6CCE-0699-2175D4DB160A&sortorder=asc&column=price HTTP/1.1" 200 113610
147.93.145.57 - - [27/Dec/2024:04:18:37 +0100] "GET /ticket2/opencms/en/buy/?page=1&edid=151CC0D8-0351-C859-2F0C-08FDFAB76DE7&sortorder=desc&column=price HTTP/1.1" 200 112975
114.119.146.220 - - [27/Dec/2024:04:18:38 +0100] "GET /ticket2/opencms/en/venue/?countryid=4007957B-6F0C-502F-B270-CD7A61AC3C71 HTTP/1.1" 200 114468
217.182.175.163 - - [27/Dec/2024:04:18:38 +0100] "GET /ticket2/opencms/se/sv/buy/?page=1&edid=B6BE07C8-2C6A-5290-9EE9-E0B0DF45FC77 HTTP/1.1" 404 -
188.165.232.135 - - [27/Dec/2024:04:18:42 +0100] "GET /ticket2/opencms/sv/buy/?page=1&edid=22EC4137-73E0-6CCE-0699-2175D4DB160A&sortorder=asc&column=row HTTP/1.1" 200 113552
147.93.145.57 - - [27/Dec/2024:04:18:48 +0100] "GET /ticket2/opencms/en/buy/?page=1&edid=151CC0D8-0351-C859-2F0C-08FDFAB76DE7&sortorder=desc&column=row HTTP/1.1" 200 112852
95.217.195.123 - - [27/Dec/2024:04:18:49 +0100] "GET /ticket2/opencms/se/sv/buy/?page=1&edid=4283C0F9-68DA-FA30-758C-257225F7159B&sortorder=asc&column=row HTTP/1.1" 404 -
40.77.167.44 - - [27/Dec/2024:04:18:51 +0100] "GET /ticket2/opencms/mo/magazine/article?title=aston-villa HTTP/1.1" 200 91518
188.165.232.135 - - [27/Dec/2024:04:19:00 +0100] "GET /ticket2/opencms/sv/buy/?page=1&edid=22EC4137-73E0-6CCE-0699-2175D4DB160A&sortorder=desc&column=price HTTP/1.1" 200 113683
185.191.171.3 - - [27/Dec/2024:04:19:00 +0100] "GET /ticket2/opencms/sv/about/contact/ HTTP/1.1" 200 88333
147.93.145.57 - - [27/Dec/2024:04:19:01 +0100] "GET /ticket2/opencms/en/buy/?page=1&edid=151CC0D8-0351-C859-2F0C-08FDFAB76DE7&sortorder=desc&column=section HTTP/1.1" 200 113030
89.246.241.14 - - [27/Dec/2024:04:19:05 +0100] "GET /ticket2/opencms/de HTTP/1.1" 200 101211
18.117.168.40 - - [27/Dec/2024:04:19:06 +0100] "GET /ticket2/opencms/is/buy?edid=5D90F1BB-FDA0-E705-6448-4D677B2D6B3E&page=1 HTTP/1.1" 200 113639
188.165.232.135 - - [27/Dec/2024:04:19:10 +0100] "GET /ticket2/opencms/sv/buy/?page=1&edid=22EC4137-73E0-6CCE-0699-2175D4DB160A&sortorder=desc&column=row HTTP/1.1" 200 113592
3.145.44.46 - - [27/Dec/2024:04:19:10 +0100] "GET /ticket2/opencms/sl/buy?edid=A32C2CDE-A2F2-054C-C7FE-30BF45814EDA&page=1 HTTP/1.1" 200 113536
47.128.50.175 - - [27/Dec/2024:04:19:13 +0100] "GET /ticket2/opencms/sk/buy?edid=CB50E5ED-4E55-9EA7-FE3A-EB8925A271F7 HTTP/1.1" 200 92678
114.119.141.178 - - [27/Dec/2024:04:19:13 +0100] "GET /ticket2/opencms/bs/buy?page=1&edid=8146A7B3-741F-33FE-A603-D6B5616C3E8B HTTP/1.1" 200 109633
185.191.171.16 - - [27/Dec/2024:04:19:13 +0100] "GET /ticket2/opencms/sr/magazine/article?title=luton HTTP/1.1" 200 92210
147.93.145.57 - - [27/Dec/2024:04:19:16 +0100] "GET /ticket2/opencms/en/buy/?page=1&edid=1944070F-2A5D-1909-DE14-B309AE8F4483&sortorder=desc&column=price HTTP/1.1" 200 113729
47.238.13.14 - - [27/Dec/2024:04:19:18 +0100] "GET /ticket2/opencms/fi/buy/?page=1&edid=FF079107-CBD4-B70B-EC76-A896DEC733A2 HTTP/1.1" 200 122588
188.165.232.135 - - [27/Dec/2024:04:19:21 +0100] "GET /ticket2/opencms/sv/buy/?page=1&edid=22EC4137-73E0-6CCE-0699-2175D4DB160A&sortorder=desc&column=section HTTP/1.1" 200 113887
194.247.173.99 - - [27/Dec/2024:04:19:22 +0100] "GET /ticket2/opencms/se/robots.txt HTTP/1.1" 404 -
188.165.232.135 - - [27/Dec/2024:04:19:25 +0100] "GET /ticket2/opencms/sv/buy/?page=1&edid=2385A97C-ADBC-714E-058F-F9D1A81366A6&sortorder=asc&column=price HTTP/1.1" 200 113815
147.93.145.57 - - [27/Dec/2024:04:19:27 +0100] "GET /ticket2/opencms/en/buy/?page=1&edid=1944070F-2A5D-1909-DE14-B309AE8F4483&sortorder=desc&column=row HTTP/1.1" 200 113573
185.191.171.16 - - [27/Dec/2024:04:19:31 +0100] "GET /ticket2/opencms/es/magazine/article?title=joel-matip-deja-el-liverpool-fc HTTP/1.1" 200 94603
194.247.173.99 - - [27/Dec/2024:04:19:32 +0100] "GET /ticket2/opencms/se/ru/buy/?page=1&edid=DC17638A-A464-04D3-43D9-DBC50F531118&sortorder=asc&column=row HTTP/1.1" 404 -
188.165.232.135 - - [27/Dec/2024:04:19:36 +0100] "GET /ticket2/opencms/sv/buy/?page=1&edid=2385A97C-ADBC-714E-058F-F9D1A81366A6&sortorder=asc&column=row HTTP/1.1" 200 113641
95.217.195.123 - - [27/Dec/2024:04:19:37 +0100] "GET /ticket2/opencms/se/sv/buy/?page=1&edid=4283C0F9-68DA-FA30-758C-257225F7159B&sortorder=asc&column=section HTTP/1.1" 404 -
194.247.173.99 - - [27/Dec/2024:04:19:38 +0100] "GET /ticket2/opencms/se/ru/buy/?page=1&edid=DC17638A-A464-04D3-43D9-DBC50F531118&sortorder=asc&column=section HTTP/1.1" 404 -
147.93.145.57 - - [27/Dec/2024:04:19:39 +0100] "GET /ticket2/opencms/en/buy/?page=1&edid=1944070F-2A5D-1909-DE14-B309AE8F4483&sortorder=desc&column=section HTTP/1.1" 200 113868
217.182.175.163 - - [27/Dec/2024:04:19:40 +0100] "GET /ticket2/opencms/se/sv/buy/?page=1&edid=B6FD6F56-B8F2-9BA8-8B4B-AE0A1C6D3F3D HTTP/1.1" 404 -
3.139.235.100 - - [27/Dec/2024:04:19:41 +0100] "GET /ticket2/opencms/tr/buy/?edid=A32C2CDE-A2F2-054C-C7FE-30BF45814EDA&page=1 HTTP/1.1" 200 113769
194.247.173.99 - - [27/Dec/2024:04:19:44 +0100] "GET /ticket2/opencms/se/ru/buy/?page=1&edid=DD7009E0-BEDD-5FDF-FBEC-9803C9276491&sortorder=asc&column=row HTTP/1.1" 404 -
85.208.96.206 - - [27/Dec/2024:04:19:44 +0100] "GET /ticket2/opencms/sq/buy?page=1 HTTP/1.1" 200 6507
85.208.96.205 - - [27/Dec/2024:04:19:48 +0100] "GET /ticket2/opencms/de/magazine/article?title=uber-den-fussballverein-liverpool-fc HTTP/1.1" 200 94268
194.247.173.99 - - [27/Dec/2024:04:19:49 +0100] "GET /ticket2/opencms/se/ru/buy/?page=1&edid=DD7009E0-BEDD-5FDF-FBEC-9803C9276491&sortorder=asc&column=section HTTP/1.1" 404 -
188.165.232.135 - - [27/Dec/2024:04:19:51 +0100] "GET /ticket2/opencms/sv/buy/?page=1&edid=2385A97C-ADBC-714E-058F-F9D1A81366A6&sortorder=asc&column=section HTTP/1.1" 200 113953
147.93.145.57 - - [27/Dec/2024:04:19:52 +0100] "GET /ticket2/opencms/en/buy/?page=1&edid=20B8D1AD-64EC-73DF-B539-29EE3CA0D338&sortorder=desc&column=price HTTP/1.1" 200 112965
194.247.173.99 - - [27/Dec/2024:04:19:55 +0100] "GET /ticket2/opencms/se/ru/buy/?page=1&edid=DEDD4EB7-1358-2E27-5CFE-6E94FA76853A&sortorder=asc&column=price HTTP/1.1" 404 -
114.119.151.93 - - [27/Dec/2024:04:20:00 +0100] "GET /ticket2/opencms/en/buy/?page=6&comcatid=97ECA65A-72DA-F9AF-9DBB-245D3CFED1BE&catid=43171577-14C8-6B19-25D9-DF372BFFCBFA HTTP/1.1" 200 6410
5.161.98.17 - - [27/Dec/2024:04:20:00 +0100] "GET /ticket2/opencms/es/buy?page=1&edid=36B8587B-9BD4-1599-9368-E59F9780F9A9 HTTP/1.1" 200 8694
194.247.173.99 - - [27/Dec/2024:04:20:00 +0100] "GET /ticket2/opencms/se/ru/buy/?page=1&edid=DEDD4EB7-1358-2E27-5CFE-6E94FA76853A&sortorder=asc&column=row HTTP/1.1" 404 -
47.128.53.125 - - [27/Dec/2024:04:20:01 +0100] "GET /ticket2/opencms/fi/venue/?venueid=583C4468-89E5-F28A-113C-507599FE1057 HTTP/1.1" 200 86606
188.165.232.135 - - [27/Dec/2024:04:20:01 +0100] "GET /ticket2/opencms/sv/buy/?page=1&edid=2385A97C-ADBC-714E-058F-F9D1A81366A6&sortorder=desc&column=price HTTP/1.1" 200 113867
194.247.173.99 - - [27/Dec/2024:04:20:06 +0100] "GET /ticket2/opencms/se/ru/buy/?page=1&edid=DEDD4EB7-1358-2E27-5CFE-6E94FA76853A&sortorder=asc&column=section HTTP/1.1" 404 -
147.93.145.57 - - [27/Dec/2024:04:20:08 +0100] "GET /ticket2/opencms/en/buy/?page=1&edid=20B8D1AD-64EC-73DF-B539-29EE3CA0D338&sortorder=desc&column=section HTTP/1.1" 200 113112
194.247.173.99 - - [27/Dec/2024:04:20:11 +0100] "GET /ticket2/opencms/se/ru/buy/?page=1&edid=E0E0A92E-E970-D7B2-B5EB-9799FE58777D&sortorder=asc&column=price HTTP/1.1" 404 -
52.167.144.201 - - [27/Dec/2024:04:20:14 +0100] "GET /ticket2/opencms/sq/buy/?page=1&edid=BBB940B6-8B69-6BE4-C45F-7EE004DD79A8 HTTP/1.1" 200 122624
188.165.232.135 - - [27/Dec/2024:04:20:15 +0100] "GET /ticket2/opencms/sv/buy/?page=1&edid=2385A97C-ADBC-714E-058F-F9D1A81366A6&sortorder=desc&column=row HTTP/1.1" 200 113727
95.217.195.123 - - [27/Dec/2024:04:20:16 +0100] "GET /ticket2/opencms/se/sv/buy/?page=1&edid=42CC057E-BFC3-051F-A141-2DFBCF82629E HTTP/1.1" 404 -
89.246.241.14 - - [27/Dec/2024:04:20:17 +0100] "GET /ticket2/opencms/es/deporte/entradas-futbol/la-liga/real-madrid HTTP/1.1" 200 96780
194.247.173.99 - - [27/Dec/2024:04:20:17 +0100] "GET /ticket2/opencms/se/ru/buy/?page=1&edid=E0E0A92E-E970-D7B2-B5EB-9799FE58777D&sortorder=asc&column=row HTTP/1.1" 404 -
18.117.104.132 - - [27/Dec/2024:04:20:22 +0100] "GET /ticket2/opencms/fr/buy/?edid=A32C2CDE-A2F2-054C-C7FE-30BF45814EDA&page=1 HTTP/1.1" 200 113480
147.93.145.57 - - [27/Dec/2024:04:20:22 +0100] "GET /ticket2/opencms/en/buy/?page=1&edid=23462A4C-8725-82B5-7A63-462FC0C8A36E&sortorder=desc&column=price HTTP/1.1" 200 113696
194.247.173.99 - - [27/Dec/2024:04:20:23 +0100] "GET /ticket2/opencms/se/ru/buy/?page=1&edid=E0E0A92E-E970-D7B2-B5EB-9799FE58777D&sortorder=asc&column=section HTTP/1.1" 404 -
188.165.232.135 - - [27/Dec/2024:04:20:26 +0100] "GET /ticket2/opencms/sv/buy/?page=1&edid=23F0F026-6FB2-933B-FBB7-AB314482896C&sortorder=desc&column=section HTTP/1.1" 200 114560
194.247.173.99 - - [27/Dec/2024:04:20:29 +0100] "GET /ticket2/opencms/se/ru/buy/?page=1&edid=E1B0D8A0-D6A6-F1B8-598E-C8ECA85414D0&sortorder=asc&column=price HTTP/1.1" 404 -
52.167.144.232 - - [27/Dec/2024:04:20:31 +0100] "GET /ticket2/opencms/sr/buy?page=1&edid=E9F0B041-BF0A-CE11-045F-89CD49D4FA7D HTTP/1.1" 200 116271
188.165.232.135 - - [27/Dec/2024:04:20:31 +0100] "GET /ticket2/opencms/sv/buy/?page=1&edid=24033EBD-A7D9-1504-4E84-E5D2D469E2D5&sortorder=desc&column=price HTTP/1.1" 200 112859
194.247.173.99 - - [27/Dec/2024:04:20:35 +0100] "GET /ticket2/opencms/se/ru/buy/?page=1&edid=E1B0D8A0-D6A6-F1B8-598E-C8ECA85414D0&sortorder=asc&column=row HTTP/1.1" 404 -
147.93.145.57 - - [27/Dec/2024:04:20:38 +0100] "GET /ticket2/opencms/en/buy/?page=1&edid=23462A4C-8725-82B5-7A63-462FC0C8A36E&sortorder=desc&column=section HTTP/1.1" 200 113869
185.191.171.1 - - [27/Dec/2024:04:20:40 +0100] "GET /ticket2/opencms/fi/urheilu/jalkapallo/la-liga/barcelona/ HTTP/1.1" 200 95619
194.247.173.99 - - [27/Dec/2024:04:20:40 +0100] "GET /ticket2/opencms/se/ru/buy/?page=1&edid=E1B0D8A0-D6A6-F1B8-598E-C8ECA85414D0&sortorder=asc&column=section HTTP/1.1" 404 -
188.165.232.135 - - [27/Dec/2024:04:20:40 +0100] "GET /ticket2/opencms/sv/buy/?page=1&edid=24033EBD-A7D9-1504-4E84-E5D2D469E2D5&sortorder=desc&column=row HTTP/1.1" 200 112679
217.182.175.163 - - [27/Dec/2024:04:20:43 +0100] "GET /ticket2/opencms/se/sv/buy/?page=1&edid=BA2FF1F7-E728-8738-5927-CFCA86554278 HTTP/1.1" 404 -
47.238.13.14 - - [27/Dec/2024:04:20:43 +0100] "GET /ticket2/opencms/fi/buy/?page=1&edid=047E0311-281A-A7AE-E87D-50033F4F70CA HTTP/1.1" 200 141904
47.128.23.175 - - [27/Dec/2024:04:20:43 +0100] "GET /ticket2/opencms/fi/venue/?venueid=A1666C8B-D5BA-A589-2015-C0D802A28414 HTTP/1.1" 200 86501
18.224.38.176 - - [27/Dec/2024:04:20:43 +0100] "GET /ticket2/opencms/cs/buy?edid=A32C2CDE-A2F2-054C-C7FE-30BF45814EDA&page=1 HTTP/1.1" 200 113788
194.247.173.99 - - [27/Dec/2024:04:20:46 +0100] "GET /ticket2/opencms/se/ru/buy/?page=1&edid=E1B0D8A0-D6A6-F1B8-598E-C8ECA85414D0&sortorder=desc&column=row HTTP/1.1" 404 -
185.191.171.11 - - [27/Dec/2024:04:20:47 +0100] "GET /ticket2/opencms/nl/magazine/article?title=nottingham-forest HTTP/1.1" 200 86499
47.128.127.162 - - [27/Dec/2024:04:20:50 +0100] "GET /ticket2/opencms/tr/magazine/article?title=petas-kylian-mbappe HTTP/1.1" 200 92612
188.165.232.135 - - [27/Dec/2024:04:20:50 +0100] "GET /ticket2/opencms/sv/buy/?page=1&edid=24206F39-31DB-B754-AD5A-817D4A9AC835&sortorder=asc&column=price HTTP/1.1" 200 112692
147.93.145.57 - - [27/Dec/2024:04:20:51 +0100] "GET /ticket2/opencms/en/buy/?page=1&edid=371F6801-0748-6950-3EE6-EBCD0BD873DE&sortorder=desc&column=price HTTP/1.1" 200 112555
87.250.224.18 - - [27/Dec/2024:04:20:52 +0100] "GET /ticket2/opencms/en/buy/?comcatid=A17713B6-D984-201A-4143-ED4DB5ED5C2E&catid=97608B80-50C4-18AE-7A82-0413C62E9243 HTTP/1.1" 200 6410
194.247.173.99 - - [27/Dec/2024:04:20:52 +0100] "GET /ticket2/opencms/se/ru/buy/?page=1&edid=E1FC6F96-DADD-1E67-9966-A5FADC6CF01F&sortorder=asc&column=row HTTP/1.1" 404 -
95.217.195.123 - - [27/Dec/2024:04:20:57 +0100] "GET /ticket2/opencms/se/sv/buy/?page=1&edid=42CC057E-BFC3-051F-A141-2DFBCF82629E&sortorder=desc&column=price HTTP/1.1" 404 -
185.191.171.9 - - [27/Dec/2024:04:20:58 +0100] "GET /ticket2/opencms/en/magazine/article?title=liverpool-a-city-of-culture-and-history HTTP/1.1" 200 90698
194.247.173.99 - - [27/Dec/2024:04:20:58 +0100] "GET /ticket2/opencms/se/ru/buy/?page=1&edid=E1FC6F96-DADD-1E67-9966-A5FADC6CF01F&sortorder=asc&column=section HTTP/1.1" 404 -
188.165.232.135 - - [27/Dec/2024:04:20:59 +0100] "GET /ticket2/opencms/sv/buy/?page=1&edid=24206F39-31DB-B754-AD5A-817D4A9AC835&sortorder=asc&column=row HTTP/1.1" 200 112592
194.247.173.99 - - [27/Dec/2024:04:21:05 +0100] "GET /ticket2/opencms/se/ru/buy/?page=1&edid=E2BA566F-7943-8BEC-96B9-9CC0C50C3F94&sortorder=asc&column=price HTTP/1.1" 404 -
147.93.145.57 - - [27/Dec/2024:04:21:05 +0100] "GET /ticket2/opencms/en/buy/?page=1&edid=371F6801-0748-6950-3EE6-EBCD0BD873DE&sortorder=desc&column=row HTTP/1.1" 200 112426
188.165.232.135 - - [27/Dec/2024:04:21:09 +0100] "GET /ticket2/opencms/sv/buy/?page=1&edid=24206F39-31DB-B754-AD5A-817D4A9AC835&sortorder=desc&column=price HTTP/1.1" 200 112767
194.247.173.99 - - [27/Dec/2024:04:21:11 +0100] "GET /ticket2/opencms/se/ru/buy/?page=1&edid=E2BA566F-7943-8BEC-96B9-9CC0C50C3F94&sortorder=asc&column=row HTTP/1.1" 404 -
52.167.144.232 - - [27/Dec/2024:04:21:11 +0100] "GET /ticket2/opencms/no/buy?page=1&edid=273354A2-650C-3851-1A58-3030AE27555E HTTP/1.1" 200 109255
188.165.232.135 - - [27/Dec/2024:04:21:13 +0100] "GET /ticket2/opencms/sv/buy/?page=1&edid=246C985E-FEEB-2661-C5F8-A8B3FD9C9EA0&sortorder=asc&column=price HTTP/1.1" 200 113306
40.77.167.23 - - [27/Dec/2024:04:21:13 +0100] "GET /ticket2/opencms/lv/buy?page=1&edid=219AE79C-6EBE-5673-1927-EBB79F47B995 HTTP/1.1" 200 109811
47.128.113.34 - - [27/Dec/2024:04:21:15 +0100] "GET /ticket2/opencms/hu/buy/?edid=E191F800-BEBE-94E3-2A9A-C8072A850396 HTTP/1.1" 200 92536
40.77.167.23 - - [27/Dec/2024:04:21:15 +0100] "GET /ticket2/opencms/sr/buy/?page=1&edid=E0A8CE5D-A2DA-F5EB-6814-85F787FE51D7 HTTP/1.1" 200 113486
194.247.173.99 - - [27/Dec/2024:04:21:17 +0100] "GET /ticket2/opencms/se/ru/buy/?page=1&edid=E2BA566F-7943-8BEC-96B9-9CC0C50C3F94&sortorder=asc&column=section HTTP/1.1" 404 -
114.119.130.61 - - [27/Dec/2024:04:21:21 +0100] "GET /ticket2/opencms/en/buy/?page=1&edid=E0B4B777-7EB3-2A8E-35EC-2CB7F8614609 HTTP/1.1" 200 110663
147.93.145.57 - - [27/Dec/2024:04:21:22 +0100] "GET /ticket2/opencms/en/buy/?page=1&edid=371F6801-0748-6950-3EE6-EBCD0BD873DE&sortorder=desc&column=section HTTP/1.1" 200 112678
188.165.232.135 - - [27/Dec/2024:04:21:22 +0100] "GET /ticket2/opencms/sv/buy/?page=1&edid=253C1D60-C0F6-05F8-5F6E-716B9D2DC0AE&sortorder=desc&column=row HTTP/1.1" 200 114229
52.167.144.221 - - [27/Dec/2024:04:21:23 +0100] "GET /ticket2/opencms/sv/magazine/article?title=newcastle-upon-tyne HTTP/1.1" 200 91922
194.247.173.99 - - [27/Dec/2024:04:21:23 +0100] "GET /ticket2/opencms/se/ru/buy/?page=1&edid=E3B46C02-527F-BFED-1199-3D6C38556545&sortorder=asc&column=price HTTP/1.1" 404 -
52.167.144.201 - - [27/Dec/2024:04:21:25 +0100] "GET /ticket2/opencms/is/buy?page=1&edid=A5B5B2CD-655A-1CA5-B849-920F087D0B0E HTTP/1.1" 200 113178
194.247.173.99 - - [27/Dec/2024:04:21:29 +0100] "GET /ticket2/opencms/se/ru/buy/?page=1&edid=E3B46C02-527F-BFED-1199-3D6C38556545&sortorder=asc&column=row HTTP/1.1" 404 -
195.191.219.132 - - [27/Dec/2024:04:21:31 +0100] "GET /ticket2/opencms/se/robots.txt HTTP/1.1" 404 -
188.165.232.135 - - [27/Dec/2024:04:21:35 +0100] "GET /ticket2/opencms/sv/buy/?page=1&edid=253D2D4D-1132-6606-C0DE-477A194C1855&sortorder=asc&column=section HTTP/1.1" 200 112952
194.247.173.99 - - [27/Dec/2024:04:21:36 +0100] "GET /ticket2/opencms/se/ru/buy/?page=1&edid=E3B46C02-527F-BFED-1199-3D6C38556545&sortorder=asc&column=section HTTP/1.1" 404 -
185.191.171.16 - - [27/Dec/2024:04:21:39 +0100] "GET /ticket2/opencms/en/sport/football-tickets/bundesliga/wolfsburg/ HTTP/1.1" 200 92978
194.247.173.99 - - [27/Dec/2024:04:21:43 +0100] "GET /ticket2/opencms/se/ru/buy/?page=1&edid=E7C2827B-AB04-D914-A6A6-2F87797DD7EE&sortorder=asc&column=price HTTP/1.1" 404 -
95.217.195.123 - - [27/Dec/2024:04:21:43 +0100] "GET /ticket2/opencms/se/sv/buy/?page=1&edid=42DE2EB9-5870-F0F0-A529-40B5A0F98F0C HTTP/1.1" 404 -
195.191.219.132 - - [27/Dec/2024:04:21:43 +0100] "GET /ticket2/opencms/sv/ HTTP/1.1" 200 100957
147.93.145.57 - - [27/Dec/2024:04:21:43 +0100] "GET /ticket2/opencms/en/buy/?page=1&edid=418F640D-FED9-8D6C-3AD1-01149267CC74&sortorder=desc&column=price HTTP/1.1" 200 113321
188.165.232.135 - - [27/Dec/2024:04:21:44 +0100] "GET /ticket2/opencms/sv/buy/?page=1&edid=253D2D4D-1132-6606-C0DE-477A194C1855&sortorder=desc&column=price HTTP/1.1" 200 112928
40.77.167.151 - - [27/Dec/2024:04:21:47 +0100] "GET /ticket2/opencms/fi/magazine/article?title=painajainen-manchester-citylle HTTP/1.1" 200 95151
18.191.171.136 - - [27/Dec/2024:04:21:48 +0100] "GET /ticket2/opencms/en/buy?edid=A32C2CDE-A2F2-054C-C7FE-30BF45814EDA&page=1 HTTP/1.1" 200 111685
157.55.39.6 - - [27/Dec/2024:04:21:48 +0100] "GET /ticket2/opencms/en/magazine/article?title=nations-league-is-in-full-swing HTTP/1.1" 200 92491
194.247.173.99 - - [27/Dec/2024:04:21:50 +0100] "GET /ticket2/opencms/se/ru/buy/?page=1&edid=E7C2827B-AB04-D914-A6A6-2F87797DD7EE&sortorder=asc&column=row HTTP/1.1" 404 -
188.165.232.135 - - [27/Dec/2024:04:21:55 +0100] "GET /ticket2/opencms/sv/buy/?page=1&edid=253D2D4D-1132-6606-C0DE-477A194C1855&sortorder=desc&column=row HTTP/1.1" 200 112824
85.208.96.206 - - [27/Dec/2024:04:21:55 +0100] "GET /ticket2/opencms/nl/magazine/article?title=joel-matip-verlaat-liverpool-fc HTTP/1.1" 200 92255
194.247.173.99 - - [27/Dec/2024:04:21:56 +0100] "GET /ticket2/opencms/se/ru/buy/?page=1&edid=E7C2827B-AB04-D914-A6A6-2F87797DD7EE&sortorder=asc&column=section HTTP/1.1" 404 -
114.119.141.178 - - [27/Dec/2024:04:21:59 +0100] "GET /ticket2/opencms/bs/buy?page=1&edid=413316C1-341C-FAC4-7C06-164A881E9743 HTTP/1.1" 200 112114
194.247.173.99 - - [27/Dec/2024:04:22:03 +0100] "GET /ticket2/opencms/se/ru/buy/?page=1&edid=E7C2827B-AB04-D914-A6A6-2F87797DD7EE&sortorder=desc&column=price HTTP/1.1" 404 -
188.165.232.135 - - [27/Dec/2024:04:22:04 +0100] "GET /ticket2/opencms/sv/buy/?page=1&edid=253D2D4D-1132-6606-C0DE-477A194C1855&sortorder=desc&column=section HTTP/1.1" 200 113069
147.93.145.57 - - [27/Dec/2024:04:22:05 +0100] "GET /ticket2/opencms/en/buy/?page=1&edid=418F640D-FED9-8D6C-3AD1-01149267CC74&sortorder=desc&column=row HTTP/1.1" 200 113092
66.249.76.231 - - [27/Dec/2024:04:22:06 +0100] "GET /ticket2/opencms/el/buy/?page=1&edid=428E58E3-B3C1-2F0F-E2C9-023C8EA16898 HTTP/1.1" 200 117109
194.247.173.99 - - [27/Dec/2024:04:22:10 +0100] "GET /ticket2/opencms/se/ru/buy/?page=1&edid=E7C2827B-AB04-D914-A6A6-2F87797DD7EE&sortorder=desc&column=row HTTP/1.1" 404 -
114.119.154.207 - - [27/Dec/2024:04:22:11 +0100] "GET /ticket2/opencms/en/venue/?venueid=B7E496D3-47D0-180C-FDEA-256FBD380F8B HTTP/1.1" 200 85091
52.167.144.232 - - [27/Dec/2024:04:22:12 +0100] "GET /ticket2/opencms/de/buy?comcatid=A17713B6-D984-201A-4143-ED4DB5ED5C2E&catid=7ACC33AD-EE7E-AAA7-9050-0F4587759B87 HTTP/1.1" 200 6410
188.165.232.135 - - [27/Dec/2024:04:22:13 +0100] "GET /ticket2/opencms/sv/buy/?page=1&edid=2575916B-6579-ECDB-CD33-6F8E4E970260&sortorder=asc&column=price HTTP/1.1" 200 113917
40.77.167.65 - - [27/Dec/2024:04:22:15 +0100] "GET /ticket2/opencms/it/buy?page=1&edid=0872CDCC-19F9-14E1-6474-AB6CD6A870A9 HTTP/1.1" 200 111970
66.249.79.199 - - [27/Dec/2024:04:22:16 +0100] "GET /ticket2/opencms/tr/buy/?page=1&edid=F90DC262-1A9F-4FB5-A462-84BFB9E077F0&hlv=6149f84f-ea7c-4305-b39d-28890a01000f HTTP/1.1" 200 116063
40.77.167.65 - - [27/Dec/2024:04:22:16 +0100] "GET /ticket2/opencms/ga/buy?page=1&edid=91822FE2-DE87-A84A-2822-E8AA69FE74C1 HTTP/1.1" 200 110424
194.247.173.99 - - [27/Dec/2024:04:22:16 +0100] "GET /ticket2/opencms/se/ru/buy/?page=1&edid=E7C2827B-AB04-D914-A6A6-2F87797DD7EE&sortorder=desc&column=section HTTP/1.1" 404 -
3.138.134.149 - - [27/Dec/2024:04:22:22 +0100] "GET /ticket2/opencms/uk/buy?edid=A32C2CDE-A2F2-054C-C7FE-30BF45814EDA&page=1 HTTP/1.1" 200 115909
188.165.232.135 - - [27/Dec/2024:04:22:23 +0100] "GET /ticket2/opencms/sv/buy/?page=1&edid=258E0A48-C024-C3DB-0BF3-5E676CFFAE46&sortorder=asc&column=price HTTP/1.1" 200 113831
66.249.76.225 - - [27/Dec/2024:04:22:23 +0100] "GET /ticket2/opencms/et/buy/?comcatid=A17713B6-D984-201A-4143-ED4DB5ED5C2E&catid=6E0E0CA4-3F14-9697-92B9-3687047BE453 HTTP/1.1" 200 6410
194.247.173.99 - - [27/Dec/2024:04:22:24 +0100] "GET /ticket2/opencms/se/ru/buy/?page=1&edid=E7C58B46-F248-A624-B7EB-F07435EA5EF7&sortorder=asc&column=row HTTP/1.1" 404 -
147.93.145.57 - - [27/Dec/2024:04:22:25 +0100] "GET /ticket2/opencms/en/buy/?page=1&edid=443A5BE5-6E1B-92D8-CAE5-906AF16A59E7&sortorder=desc&column=price HTTP/1.1" 200 112995
85.208.96.196 - - [27/Dec/2024:04:22:26 +0100] "GET /ticket2/opencms/sk/magazine/article?title=rozpis-zapasov-premier-league-premier-league-zapasy-20242025 HTTP/1.1" 200 92519
47.128.96.22 - - [27/Dec/2024:04:22:27 +0100] "GET /ticket2/opencms/it/buy?catid=36DC4BE2-91A2-6146-2BE9-47B6F3C44EDB&comcatid=B41CCF2B-5558-7AEE-3602-09BBDE417D65 HTTP/1.1" 200 6410
66.249.68.35 - - [27/Dec/2024:04:22:27 +0100] "GET /ticket2/opencms/sl/buy/?page=1&edid=C783769A-8791-6C10-D63E-BC165049D2D0 HTTP/1.1" 200 112935
194.247.173.99 - - [27/Dec/2024:04:22:31 +0100] "GET /ticket2/opencms/se/ru/buy/?page=1&edid=E7C58B46-F248-A624-B7EB-F07435EA5EF7&sortorder=asc&column=section HTTP/1.1" 404 -
66.249.79.36 - - [27/Dec/2024:04:22:32 +0100] "GET /ticket2/opencms/sl/ask-form.html HTTP/1.1" 200 3156
188.165.232.135 - - [27/Dec/2024:04:22:34 +0100] "GET /ticket2/opencms/sv/buy/?page=1&edid=258E0A48-C024-C3DB-0BF3-5E676CFFAE46&sortorder=asc&column=row HTTP/1.1" 200 113619
95.217.195.123 - - [27/Dec/2024:04:22:35 +0100] "GET /ticket2/opencms/se/sv/buy/?page=1&edid=42DE2EB9-5870-F0F0-A529-40B5A0F98F0C&sortorder=desc&column=row HTTP/1.1" 404 -
194.247.173.99 - - [27/Dec/2024:04:22:41 +0100] "GET /ticket2/opencms/se/ru/buy/?page=1&edid=E7D76902-ECED-BE8E-8DAB-8F4E7659C70A&sortorder=asc&column=price HTTP/1.1" 404 -
188.165.232.135 - - [27/Dec/2024:04:22:43 +0100] "GET /ticket2/opencms/sv/buy/?page=1&edid=258E0A48-C024-C3DB-0BF3-5E676CFFAE46&sortorder=asc&column=section HTTP/1.1" 200 113943
147.93.145.57 - - [27/Dec/2024:04:22:44 +0100] "GET /ticket2/opencms/en/buy/?page=1&edid=443A5BE5-6E1B-92D8-CAE5-906AF16A59E7&sortorder=desc&column=row HTTP/1.1" 200 112790
185.191.171.12 - - [27/Dec/2024:04:22:45 +0100] "GET /ticket2/opencms/no/sport/ishockey/nhl/Boston-Bruins/ HTTP/1.1" 200 88847
40.77.167.65 - - [27/Dec/2024:04:22:45 +0100] "GET /ticket2/opencms/pl/buy?page=1&edid=F9E0F31E-9C70-12ED-A009-FACDE1C2082E HTTP/1.1" 200 113019
188.165.232.135 - - [27/Dec/2024:04:22:46 +0100] "GET /ticket2/opencms/sv/buy/?page=1&edid=258E0A48-C024-C3DB-0BF3-5E676CFFAE46&sortorder=desc&column=price HTTP/1.1" 200 113868
85.208.96.209 - - [27/Dec/2024:04:22:46 +0100] "GET /ticket2/opencms/uk/magazine/article?title=fixture-list-for-premier-league-premier-league-fixtures-20242025 HTTP/1.1" 200 93025
194.247.173.99 - - [27/Dec/2024:04:22:48 +0100] "GET /ticket2/opencms/se/ru/buy/?page=1&edid=E7D76902-ECED-BE8E-8DAB-8F4E7659C70A&sortorder=asc&column=row HTTP/1.1" 404 -
188.165.232.135 - - [27/Dec/2024:04:22:49 +0100] "GET /ticket2/opencms/sv/buy/?page=1&edid=258E0A48-C024-C3DB-0BF3-5E676CFFAE46&sortorder=desc&column=row HTTP/1.1" 200 113815
188.165.232.135 - - [27/Dec/2024:04:22:52 +0100] "GET /ticket2/opencms/sv/buy/?page=1&edid=258E0A48-C024-C3DB-0BF3-5E676CFFAE46&sortorder=desc&column=section HTTP/1.1" 200 113959
188.165.232.135 - - [27/Dec/2024:04:22:55 +0100] "GET /ticket2/opencms/sv/buy/?page=1&edid=25D5EB27-A5AE-DC2F-0708-63A5307D4EF7&sortorder=asc&column=row HTTP/1.1" 200 114404
194.247.173.99 - - [27/Dec/2024:04:22:56 +0100] "GET /ticket2/opencms/se/ru/buy/?page=1&edid=E7D76902-ECED-BE8E-8DAB-8F4E7659C70A&sortorder=asc&column=section HTTP/1.1" 404 -
85.208.96.211 - - [27/Dec/2024:04:22:57 +0100] "GET /ticket2/opencms/sv/sport/fotbollsbiljetter/premier_league/birmingham/ HTTP/1.1" 200 86267
188.165.232.135 - - [27/Dec/2024:04:22:57 +0100] "GET /ticket2/opencms/sv/buy/?page=1&edid=25D5EB27-A5AE-DC2F-0708-63A5307D4EF7&sortorder=asc&column=section HTTP/1.1" 200 114708
66.249.76.202 - - [27/Dec/2024:04:23:00 +0100] "GET /ticket2/opencms/bg/buy/?page=1&edid=4850D7A2-1335-E7AC-9D3F-41B304FBAA4C HTTP/1.1" 200 135738
185.191.171.9 - - [27/Dec/2024:04:23:00 +0100] "GET /ticket2/opencms/no/magazine/article?title=viktor-gyokeres-til-manchester-united HTTP/1.1" 200 92413
188.165.232.135 - - [27/Dec/2024:04:23:02 +0100] "GET /ticket2/opencms/sv/buy/?page=1&edid=25D5EB27-A5AE-DC2F-0708-63A5307D4EF7&sortorder=desc&column=price HTTP/1.1" 200 114594
147.93.145.57 - - [27/Dec/2024:04:23:03 +0100] "GET /ticket2/opencms/en/buy/?page=1&edid=443A5BE5-6E1B-92D8-CAE5-906AF16A59E7&sortorder=desc&column=section HTTP/1.1" 200 113095
