51.8.102.37 - - [27/Dec/2024:06:29:52 +0100] "GET /ticket2/opencms/dk/sport/fodboldbilletter/bundesliga/leipzig/ HTTP/1.1" 200 92334
157.55.39.200 - - [27/Dec/2024:06:30:05 +0100] "GET /ticket2/opencms/mt/magazine/article?title=nations-league-gaddejja-bl-istess-ritmu HTTP/1.1" 200 94225
85.208.96.202 - - [27/Dec/2024:06:30:12 +0100] "GET /ticket2/opencms/en/magazine/article?title=manchester-united-vs-arsenal HTTP/1.1" 200 90762
40.77.167.15 - - [27/Dec/2024:06:30:49 +0100] "GET /ticket2/opencms/mo/?page=6&comcatid=A17713B6-D984-201A-4143-ED4DB5ED5C2E&catid=36394212-F82E-F845-399B-42BED55969CC&eventid=19AD6356-6E10-9C9F-9FF7-23862BF7038B HTTP/1.1" 200 101599
40.77.167.48 - - [27/Dec/2024:06:30:51 +0100] "GET /ticket2/opencms/sr/buy?page=1&edid=6DC3A802-C601-7FFD-B08B-38EEF45F02CA HTTP/1.1" 200 113608
47.128.127.138 - - [27/Dec/2024:06:30:53 +0100] "GET /ticket2/opencms/mo/buy?edid=0F484790-35E4-1F59-EA8B-B93E16E6B1AE HTTP/1.1" 200 92541
185.191.171.5 - - [27/Dec/2024:06:30:58 +0100] "GET /ticket2/opencms/tr/magazine/ HTTP/1.1" 200 149309
185.191.171.11 - - [27/Dec/2024:06:31:03 +0100] "GET /ticket2/opencms/bs/magazine/article?title=luka-modric-ostaje-u-real-madridu HTTP/1.1" 200 94369
185.191.171.19 - - [27/Dec/2024:06:31:05 +0100] "GET /ticket2/opencms/lv/magazine/article?title=chelsea-fanu-reakcija-ar-frustraciju HTTP/1.1" 200 92737
85.208.96.208 - - [27/Dec/2024:06:31:07 +0100] "GET /ticket2/opencms/no/sport/fotballsbilletter/bundesliga/stuttgart/ HTTP/1.1" 200 98827
216.244.66.238 - - [27/Dec/2024:06:31:27 +0100] "GET /ticket2/opencms/bg/magazine/article?title=rodrigo-bentancur-e-sedem-macha-nakazanie-sled-rasistki-komentar HTTP/1.1" 200 95511
40.77.167.48 - - [27/Dec/2024:06:31:37 +0100] "GET /ticket2/opencms/ga/buy?page=1&edid=294968E7-670E-500D-EF6F-F776CC397F5A HTTP/1.1" 200 122805
85.208.96.212 - - [27/Dec/2024:06:31:44 +0100] "GET /ticket2/opencms/fi/magazine/article?title=ruotsalaiset-jalkapalloilijat-valioliigassa HTTP/1.1" 200 94492
47.128.36.79 - - [27/Dec/2024:06:31:54 +0100] "GET /ticket2/opencms/be/buy/?edid=76B00707-D3EA-3D94-DEEA-CEE4CD43DF30 HTTP/1.1" 200 93134
45.185.122.17 - - [27/Dec/2024:06:31:59 +0100] "GET /ticket2/opencms/en/buy/ HTTP/1.1" 200 6410
47.128.115.79 - - [27/Dec/2024:06:32:04 +0100] "GET /ticket2/opencms/hu/magazine/article?title=viktor-gyokeres-a-manchester-unitedhoz HTTP/1.1" 200 92731
185.191.171.3 - - [27/Dec/2024:06:32:05 +0100] "GET /ticket2/opencms/fr/magazine/article?title=chelsea HTTP/1.1" 200 94626
85.208.96.197 - - [27/Dec/2024:06:32:10 +0100] "GET /ticket2/opencms/en/magazine/article?title=eredivisie HTTP/1.1" 200 93187
114.119.152.134 - - [27/Dec/2024:06:32:17 +0100] "GET /ticket2/opencms/en/buy?page=1&edid=1DA488AB-9EEC-BDBF-9AEB-C7841A873692 HTTP/1.1" 200 110197
40.77.167.15 - - [27/Dec/2024:06:32:17 +0100] "GET /ticket2/opencms/en/buy?page=1&edid=7F8C8657-1175-5E36-90F1-A19607745DA5 HTTP/1.1" 200 108027
40.77.167.48 - - [27/Dec/2024:06:32:22 +0100] "GET /ticket2/opencms/ga/buy?page=1&edid=32383021-E0A1-F77B-1AA6-B356381F213B HTTP/1.1" 200 112885
47.128.124.192 - - [27/Dec/2024:06:32:30 +0100] "GET /ticket2/opencms/is/buy/?edid=86BA0EBA-DCFF-BF4C-E8AB-F1AFF085EA37 HTTP/1.1" 200 92467
52.167.144.230 - - [27/Dec/2024:06:32:36 +0100] "GET /ticket2/opencms/bs/?page=6&comcatid=A17713B6-D984-201A-4143-ED4DB5ED5C2E&catid=36394212-F82E-F845-399B-42BED55969CC&eventid=19AD6356-6E10-9C9F-9FF7-23862BF7038B HTTP/1.1" 200 101473
47.128.111.184 - - [27/Dec/2024:06:32:46 +0100] "GET /ticket2/opencms/fi/venue/?venueid=7D0F0DC6-7ECD-E2A4-C5CD-DFF5AEF26B1F HTTP/1.1" 200 86695
47.128.111.184 - - [27/Dec/2024:06:32:48 +0100] "GET /ticket2/opencms/system/galleries/pics/st_petersburg_stadium.png HTTP/1.1" 200 544945
40.77.167.48 - - [27/Dec/2024:06:33:01 +0100] "GET /ticket2/opencms/no/buy?page=1&edid=A78A72B3-2814-DC13-6F59-77132C171711 HTTP/1.1" 200 112428
47.238.14.12 - - [27/Dec/2024:06:33:16 +0100] "GET /ticket2/opencms/az/buy?page=1&edid=482A3E6B-F6F4-FCF6-CF6F-F9FEE87AC240&sortorder=asc&column=row HTTP/1.1" 200 115939
114.119.150.49 - - [27/Dec/2024:06:33:23 +0100] "GET /ticket2/opencms/en/sell/?edid=B2F92221-2B73-EA2C-C166-398C5B5E8EA2 HTTP/1.1" 302 -
114.119.150.49 - - [27/Dec/2024:06:33:27 +0100] "GET /ticket2/opencms/en/login/?url=/en/sell/ HTTP/1.1" 200 89740
87.236.176.232 - - [27/Dec/2024:06:33:33 +0100] "GET /ticket2/opencms/de/ HTTP/1.1" 200 101289
185.247.137.81 - - [27/Dec/2024:06:33:34 +0100] "GET /ticket2/opencms/img/icons/ticket2.thumbnail.png HTTP/1.1" 200 21519
114.119.140.85 - - [27/Dec/2024:06:33:37 +0100] "GET /ticket2/opencms/en/venue/?venueid=8F69F39C-B5DA-1E67-5E28-A694F58730E7 HTTP/1.1" 200 85027
85.208.96.212 - - [27/Dec/2024:06:33:45 +0100] "GET /ticket2/opencms/lv/selling_tickets/ HTTP/1.1" 500 -
185.191.171.8 - - [27/Dec/2024:06:33:48 +0100] "GET /ticket2/opencms/en/magazine/article?title=burnley-fc HTTP/1.1" 200 90133
85.208.96.206 - - [27/Dec/2024:06:34:02 +0100] "GET /ticket2/opencms/it/affiliateprogram.html HTTP/1.1" 200 90025
185.191.171.6 - - [27/Dec/2024:06:34:05 +0100] "GET /ticket2/opencms/sv/sport/hockeybiljetter/nhl/Buffalo_Sabres/ HTTP/1.1" 200 88163
47.128.43.139 - - [27/Dec/2024:06:34:07 +0100] "GET /ticket2/opencms/pl/buy?edid=47EBAE6F-817A-37A2-D93C-48B4FE4F8A77 HTTP/1.1" 200 92526
185.191.171.8 - - [27/Dec/2024:06:34:11 +0100] "GET /ticket2/opencms/nl/magazine/article?title=koop-tickets-voor-de-bundesliga-op-ticket2com HTTP/1.1" 200 90453
47.238.13.10 - - [27/Dec/2024:06:34:13 +0100] "GET /ticket2/opencms/fi/buy?page=1&edid=D0F26606-9A2B-7F9B-761A-AD94A62F6874 HTTP/1.1" 200 112917
40.77.167.15 - - [27/Dec/2024:06:34:14 +0100] "GET /ticket2/opencms/et/buy?page=1&edid=459129C1-A0F8-2D8B-54E1-F5067FEFFAF4 HTTP/1.1" 200 133164
185.191.171.16 - - [27/Dec/2024:06:34:16 +0100] "GET /ticket2/opencms/en/magazine/article?title=eredivisie HTTP/1.1" 200 93112
185.191.171.6 - - [27/Dec/2024:06:34:19 +0100] "GET /ticket2/opencms/dk/sport/fodboldbilletter/champions_league/celtic/ HTTP/1.1" 200 87252
85.208.96.208 - - [27/Dec/2024:06:34:28 +0100] "GET /ticket2/opencms/nl/magazine/article?title=arsenal-en-tottenham-delen-de-punten-in-een-epische-4-4-wedstrijd-op-29-oktober-2008 HTTP/1.1" 200 92812
85.208.96.203 - - [27/Dec/2024:06:34:33 +0100] "GET /ticket2/opencms/it/magazine/article?title=liverpool-una-citta-di-cultura-e-storia HTTP/1.1" 200 92650
185.191.171.1 - - [27/Dec/2024:06:34:51 +0100] "GET /ticket2/opencms/tr/magazine/article?title=eredivisie HTTP/1.1" 200 94750
47.128.124.186 - - [27/Dec/2024:06:34:54 +0100] "GET /ticket2/opencms/ka/?comcatid=810BB404-4103-77F2-A6C2-12D5E6C338E2 HTTP/1.1" 200 105888
89.246.241.14 - - [27/Dec/2024:06:35:14 +0100] "GET /ticket2/opencms/en/buy?page=1&edid=8085E80D-BC8F-CDCF-7CC8-2F497FE082D3 HTTP/1.1" 200 135586
85.208.96.206 - - [27/Dec/2024:06:35:14 +0100] "GET /ticket2/opencms/no/sport/fotballsbilletter/premier_league/ HTTP/1.1" 200 97962
85.208.96.198 - - [27/Dec/2024:06:35:17 +0100] "GET /ticket2/opencms/no/magazine/article?title=em-finalen-2024 HTTP/1.1" 200 93779
40.77.167.48 - - [27/Dec/2024:06:35:26 +0100] "GET /ticket2/opencms/ga/ HTTP/1.1" 200 101887
52.167.144.158 - - [27/Dec/2024:06:35:26 +0100] "GET /ticket2/opencms/dk/buy/?comcatid=A17713B6-D984-201A-4143-ED4DB5ED5C2E HTTP/1.1" 200 6410
185.191.171.19 - - [27/Dec/2024:06:35:34 +0100] "GET /ticket2/opencms/no/magazine/article?title=cristiano-ronaldo HTTP/1.1" 200 93298
89.200.205.35 - - [27/Dec/2024:06:35:37 +0100] "GET /ticket2/opencms/robots.txt HTTP/1.1" 200 773
47.128.50.231 - - [27/Dec/2024:06:35:44 +0100] "GET /ticket2/opencms/pl/magazine/article?title=michail-antonio-kontuzjowany-po-wypadku-samochodowym HTTP/1.1" 200 93015
40.77.167.48 - - [27/Dec/2024:06:35:48 +0100] "GET /ticket2/opencms/el/athlitismos/eisitiria-podosfairou/champions-league HTTP/1.1" 200 108331
85.208.96.211 - - [27/Dec/2024:06:35:50 +0100] "GET /ticket2/opencms/nl/login HTTP/1.1" 200 89435
216.244.66.238 - - [27/Dec/2024:06:35:52 +0100] "GET /ticket2/opencms/mt/buy?page=1&edid=D2BEBDA1-D943-8C94-446D-4F8E8234137B HTTP/1.1" 200 112660
89.200.205.35 - - [27/Dec/2024:06:36:04 +0100] "GET /ticket2/opencms/nl/buy?edid=6C0AA1CC-8488-7981-DA23-AD8E06F80ABD&page=1 HTTP/1.1" 200 133965
47.128.127.77 - - [27/Dec/2024:06:36:05 +0100] "GET /ticket2/opencms/hu/magazine/article?title=michail-antonio-megserult-egy-autobalesetben HTTP/1.1" 200 93585
114.119.136.30 - - [27/Dec/2024:06:36:07 +0100] "GET /ticket2/opencms/sl/buy?page=1&edid=069EC406-6DFD-08ED-B6CC-A7E203415919 HTTP/1.1" 200 136442
135.181.213.219 - - [27/Dec/2024:06:36:24 +0100] "GET /ticket2/opencms/se/robots.txt HTTP/1.1" 404 -
185.191.171.13 - - [27/Dec/2024:06:36:26 +0100] "GET /ticket2/opencms/nl/magazine/article?title=negen-overwinningen-uit-tien-wedstrijden HTTP/1.1" 200 90333
135.181.213.219 - - [27/Dec/2024:06:36:30 +0100] "GET /ticket2/opencms/se/ru/buy/?page=1&edid=C8BE8B3C-DCF5-5A10-3072-9A1A6B964BF1&sortorder=asc&column=row HTTP/1.1" 404 -
135.181.213.219 - - [27/Dec/2024:06:36:36 +0100] "GET /ticket2/opencms/se/ru/buy/?page=1&edid=C8BE8B3C-DCF5-5A10-3072-9A1A6B964BF1&sortorder=asc&column=section HTTP/1.1" 404 -
166.108.192.94 - - [27/Dec/2024:06:36:41 +0100] "GET /ticket2/opencms/sk/buy?page=1&edid=D04A2A75-C354-C952-6F83-6468E82B896B HTTP/1.1" 200 126428
52.167.144.17 - - [27/Dec/2024:06:36:42 +0100] "GET /ticket2/opencms/et/buy?page=1&edid=D32E6E8F-4267-4ED8-F70D-962BC1F391DE HTTP/1.1" 200 112156
135.181.213.219 - - [27/Dec/2024:06:36:44 +0100] "GET /ticket2/opencms/se/ru/buy/?page=1&edid=C911FAED-AB24-3D1E-9FCD-5C4460E1968C&sortorder=asc&column=row HTTP/1.1" 404 -
47.128.32.189 - - [27/Dec/2024:06:36:46 +0100] "GET /ticket2/opencms/fi/venue/?venueid=6E74DDFB-B5A5-70DD-F587-B3566A502D6D HTTP/1.1" 200 86591
135.181.213.219 - - [27/Dec/2024:06:36:50 +0100] "GET /ticket2/opencms/se/ru/buy/?page=1&edid=C911FAED-AB24-3D1E-9FCD-5C4460E1968C&sortorder=asc&column=section HTTP/1.1" 404 -
135.181.213.219 - - [27/Dec/2024:06:36:56 +0100] "GET /ticket2/opencms/se/ru/buy/?page=1&edid=CA3FABDD-43B5-8DDC-6DAC-2917B68B145E&sortorder=asc&column=row HTTP/1.1" 404 -
135.181.213.219 - - [27/Dec/2024:06:37:02 +0100] "GET /ticket2/opencms/se/ru/buy/?page=1&edid=CA984D7E-3D0A-9EC2-7133-56D7DC3CD0C3&sortorder=asc&column=price HTTP/1.1" 404 -
185.191.171.19 - - [27/Dec/2024:06:37:04 +0100] "GET /ticket2/opencms/ro/magazine/article?title=luton HTTP/1.1" 200 92086
40.77.167.48 - - [27/Dec/2024:06:37:06 +0100] "GET /ticket2/opencms/nl/?page=6&comcatid=A17713B6-D984-201A-4143-ED4DB5ED5C2E&catid=08F27F2A-1872-A39F-A97C-63093E77B18A HTTP/1.1" 200 99507
135.181.213.219 - - [27/Dec/2024:06:37:08 +0100] "GET /ticket2/opencms/se/ru/buy/?page=1&edid=CA984D7E-3D0A-9EC2-7133-56D7DC3CD0C3&sortorder=asc&column=row HTTP/1.1" 404 -
216.244.66.238 - - [27/Dec/2024:06:37:12 +0100] "GET /ticket2/opencms/nl/buy?page=1&edid=B06AF4F4-E0B4-9C7E-FDA1-698E9F88DF19 HTTP/1.1" 200 107535
135.181.213.219 - - [27/Dec/2024:06:37:14 +0100] "GET /ticket2/opencms/se/ru/buy/?page=1&edid=CFE6EC3A-3188-38D8-C8A4-9712A26A5661&sortorder=asc&column=price HTTP/1.1" 404 -
85.208.96.194 - - [27/Dec/2024:06:37:15 +0100] "GET /ticket2/opencms/mt/magazine/article?title=kif-sejra-l-futur-gal-alexander-isak HTTP/1.1" 200 92538
114.119.151.50 - - [27/Dec/2024:06:37:16 +0100] "GET /ticket2/opencms/en/buy?page=1&edid=12FE9A0A-4E2D-5275-1076-E343F4E21442 HTTP/1.1" 200 110785
36.81.52.249 - - [27/Dec/2024:06:37:19 +0100] "GET /ticket2/opencms/venue/etihad_stadium.png HTTP/1.1" 200 50176
135.181.213.219 - - [27/Dec/2024:06:37:20 +0100] "GET /ticket2/opencms/se/ru/buy/?page=1&edid=CFE6EC3A-3188-38D8-C8A4-9712A26A5661&sortorder=asc&column=row HTTP/1.1" 404 -
47.128.28.57 - - [27/Dec/2024:06:37:21 +0100] "GET /ticket2/opencms/ka/buy/?edid=BE765CF2-E26F-2AA1-7F08-B0402508BB0C HTTP/1.1" 200 94863
185.191.171.5 - - [27/Dec/2024:06:37:22 +0100] "GET /ticket2/opencms/fi/urheilu/jalkapallo/serie_a/lazio/ HTTP/1.1" 200 97981
135.181.213.219 - - [27/Dec/2024:06:37:25 +0100] "GET /ticket2/opencms/se/ru/buy/?page=1&edid=CFE6EC3A-3188-38D8-C8A4-9712A26A5661&sortorder=asc&column=section HTTP/1.1" 404 -
85.208.96.207 - - [27/Dec/2024:06:37:27 +0100] "GET /ticket2/opencms/tr/buying_tickets/ HTTP/1.1" 200 88801
135.181.213.219 - - [27/Dec/2024:06:37:31 +0100] "GET /ticket2/opencms/se/ru/buy/?page=1&edid=D1232EB3-9D48-1326-7254-05C79A197FDE&sortorder=asc&column=price HTTP/1.1" 404 -
185.191.171.5 - - [27/Dec/2024:06:37:35 +0100] "GET /ticket2/opencms/fi/urheilu/jalkapallo/serie_a/ HTTP/1.1" 200 96429
135.181.213.219 - - [27/Dec/2024:06:37:37 +0100] "GET /ticket2/opencms/se/ru/buy/?page=1&edid=D1232EB3-9D48-1326-7254-05C79A197FDE&sortorder=asc&column=row HTTP/1.1" 404 -
40.77.167.32 - - [27/Dec/2024:06:37:40 +0100] "GET /ticket2/opencms/nl/magazine/article?title=newcastle HTTP/1.1" 200 88305
185.191.171.13 - - [27/Dec/2024:06:37:41 +0100] "GET /ticket2/opencms/sv/faq/ HTTP/1.1" 200 92308
135.181.213.219 - - [27/Dec/2024:06:37:43 +0100] "GET /ticket2/opencms/se/ru/buy/?page=1&edid=D1232EB3-9D48-1326-7254-05C79A197FDE&sortorder=asc&column=section HTTP/1.1" 404 -
114.119.130.154 - - [27/Dec/2024:06:37:47 +0100] "GET /ticket2/opencms/en/buy/?page=6&comcatid=A17713B6-D984-201A-4143-ED4DB5ED5C2E&catid=D8B345C9-F7A5-E620-4B43-C34EB0D6885B&eventid=78296403-093D-5D8F-011A-DB87D87C6529 HTTP/1.1" 200 6410
47.128.35.196 - - [27/Dec/2024:06:37:48 +0100] "GET /ticket2/opencms/sv/?comcatid=B41CCF2B-5558-7AEE-3602-09BBDE417D65 HTTP/1.1" 200 101017
135.181.213.219 - - [27/Dec/2024:06:37:49 +0100] "GET /ticket2/opencms/se/ru/buy/?page=1&edid=D18990C0-6266-CECC-2F28-27D4A5841172&sortorder=asc&column=price HTTP/1.1" 404 -
51.81.46.212 - - [27/Dec/2024:06:37:51 +0100] "GET /ticket2/opencms/it/ HTTP/1.1" 200 101563
135.181.213.219 - - [27/Dec/2024:06:37:55 +0100] "GET /ticket2/opencms/se/ru/buy/?page=1&edid=D18990C0-6266-CECC-2F28-27D4A5841172&sortorder=asc&column=section HTTP/1.1" 404 -
83.254.50.143 - - [27/Dec/2024:06:37:56 +0100] "GET /ticket2/opencms/sv/?gad_source=1&gclid=Cj0KCQiAsaS7BhDPARIsAAX5cSAOFX8OAsrTLHQG1mJiQsZ6DqeqzcVuzQ9ipr5s2TLq8lmIh_y3jgwaAjicEALw_wcB HTTP/1.1" 200 101083
135.181.213.219 - - [27/Dec/2024:06:38:01 +0100] "GET /ticket2/opencms/se/ru/buy/?page=1&edid=D1B6D814-A677-3D90-03BA-1F7CF35352A4&sortorder=asc&column=price HTTP/1.1" 404 -
135.181.213.219 - - [27/Dec/2024:06:38:07 +0100] "GET /ticket2/opencms/se/ru/buy/?page=1&edid=D38A75EF-0F2E-99D7-BE2D-1257A3573610&sortorder=asc&column=price HTTP/1.1" 404 -
3.144.224.105 - - [27/Dec/2024:06:38:08 +0100] "GET /ticket2/opencms/sl/about HTTP/1.1" 500 -
135.181.213.219 - - [27/Dec/2024:06:38:13 +0100] "GET /ticket2/opencms/se/ru/buy/?page=1&edid=D38A75EF-0F2E-99D7-BE2D-1257A3573610&sortorder=asc&column=row HTTP/1.1" 404 -
114.119.157.43 - - [27/Dec/2024:06:38:16 +0100] "GET /ticket2/opencms/ro/buy?page=1&edid=7CDF583D-C8D5-9C11-E6DA-1E36596FCE50 HTTP/1.1" 200 113321
66.249.79.161 - - [27/Dec/2024:06:38:19 +0100] "GET /ticket2/opencms/hr/buy/?page=1&edid=8F340A1C-D664-7FDD-8257-FE31525DAB7C HTTP/1.1" 200 137058
135.181.213.219 - - [27/Dec/2024:06:38:19 +0100] "GET /ticket2/opencms/se/ru/buy/?page=1&edid=D38A75EF-0F2E-99D7-BE2D-1257A3573610&sortorder=asc&column=section HTTP/1.1" 404 -
66.249.68.65 - - [27/Dec/2024:06:38:20 +0100] "GET /ticket2/opencms/mo/magazine/article?title=joel-matipliverpool-fc HTTP/1.1" 200 94140
114.119.140.111 - - [27/Dec/2024:06:38:22 +0100] "GET /ticket2/opencms/en/sell/?edid=B0D8F931-9E2F-729D-31DA-DE516B7231DA HTTP/1.1" 302 -
135.181.213.219 - - [27/Dec/2024:06:38:25 +0100] "GET /ticket2/opencms/se/ru/buy/?page=1&edid=D58773AD-87B0-4499-CB80-8C22201C9598&sortorder=desc&column=price HTTP/1.1" 404 -
66.249.68.71 - - [27/Dec/2024:06:38:26 +0100] "GET /ticket2/opencms/system/modules/com.gridnine.opencms.ticketbrokerage.site/resources/css/jquery-ui.css HTTP/1.1" 200 33221
114.119.140.111 - - [27/Dec/2024:06:38:28 +0100] "GET /ticket2/opencms/en/login/?url=/en/sell/ HTTP/1.1" 200 89800
85.208.96.207 - - [27/Dec/2024:06:38:29 +0100] "GET /ticket2/opencms/fi/urheilu/jalkapallo/la-liga/athletic_bilbao/ HTTP/1.1" 200 93914
135.181.213.219 - - [27/Dec/2024:06:38:31 +0100] "GET /ticket2/opencms/se/ru/buy/?page=1&edid=D58773AD-87B0-4499-CB80-8C22201C9598&sortorder=desc&column=row HTTP/1.1" 404 -
66.249.79.200 - - [27/Dec/2024:06:38:33 +0100] "GET /ticket2/opencms/et/sport/jalgpallipiletid/premier-league/manchester-united HTTP/1.1" 200 103145
85.208.96.207 - - [27/Dec/2024:06:38:35 +0100] "GET /ticket2/opencms/sk/magazine/article?title=lionel-messi-jeden-z-najviac-vyhladavanych-talentov-vsetkych-cias HTTP/1.1" 200 93879
66.249.78.7 - - [27/Dec/2024:06:38:35 +0100] "GET /ticket2/opencms/system/modules/com.gridnine.opencms.ticketbrokerage.site/resources/js/calendar.js HTTP/1.1" 200 49229
52.167.144.158 - - [27/Dec/2024:06:38:36 +0100] "GET /ticket2/opencms/es/magazine/ HTTP/1.1" 200 158545
135.181.213.219 - - [27/Dec/2024:06:38:36 +0100] "GET /ticket2/opencms/se/ru/buy/?page=1&edid=D70FA4BD-1396-4999-0353-201780ED1BFA&sortorder=asc&column=row HTTP/1.1" 404 -
114.119.130.91 - - [27/Dec/2024:06:38:39 +0100] "GET /ticket2/opencms/en/venue/?venueid=696CF794-7D31-9FC6-0B42-8ABB3E78F390 HTTP/1.1" 200 86058
66.249.78.11 - - [27/Dec/2024:06:38:41 +0100] "GET /ticket2/opencms/es/magazine/ HTTP/1.1" 200 158574
185.191.171.15 - - [27/Dec/2024:06:38:42 +0100] "GET /ticket2/opencms/sv/magazine/article?title=kylian-mbappe-till-real-madrid HTTP/1.1" 200 92411
135.181.213.219 - - [27/Dec/2024:06:38:43 +0100] "GET /ticket2/opencms/se/ru/buy/?page=1&edid=D70FA4BD-1396-4999-0353-201780ED1BFA&sortorder=asc&column=section HTTP/1.1" 404 -
216.244.66.238 - - [27/Dec/2024:06:38:43 +0100] "GET /ticket2/opencms/is/buy?page=1&edid=24A0474C-0E94-45BE-FC4D-B791EA0F3040 HTTP/1.1" 200 112453
135.181.213.219 - - [27/Dec/2024:06:38:49 +0100] "GET /ticket2/opencms/se/ru/buy/?page=1&edid=D8C7B7F8-B92D-B924-97EB-2437BB276AEB&sortorder=asc&column=price HTTP/1.1" 404 -
52.167.144.17 - - [27/Dec/2024:06:38:52 +0100] "GET /ticket2/opencms/mt/buy?page=1&edid=EB4DE1F4-F429-D890-6213-A5B01648901D HTTP/1.1" 200 112834
135.181.213.219 - - [27/Dec/2024:06:38:55 +0100] "GET /ticket2/opencms/se/ru/buy/?page=1&edid=D8C7B7F8-B92D-B924-97EB-2437BB276AEB&sortorder=asc&column=section HTTP/1.1" 404 -
66.249.68.68 - - [27/Dec/2024:06:38:55 +0100] "GET /ticket2/opencms/mo/buy/?page=1&edid=7D62C8D6-8DC2-0BAA-B7B9-AB09CD79241A HTTP/1.1" 200 113044
47.128.20.251 - - [27/Dec/2024:06:38:57 +0100] "GET /ticket2/opencms/pl/buy?edid=1D1F6410-E683-A360-6E10-EB3B1EDE1568 HTTP/1.1" 200 92571
135.181.213.219 - - [27/Dec/2024:06:39:01 +0100] "GET /ticket2/opencms/se/ru/buy/?page=1&edid=D982F7C7-2260-B918-A19A-9AD033AA1445&sortorder=asc&column=price HTTP/1.1" 404 -
66.249.79.192 - - [27/Dec/2024:06:39:01 +0100] "GET /ticket2/opencms/be/buy/?page=1&edid=00653391-A813-563B-EC42-2A1E972F6570 HTTP/1.1" 200 114160
216.244.66.238 - - [27/Dec/2024:06:39:02 +0100] "GET /ticket2/opencms/lv/buy?page=1&edid=F1C43C6B-1BED-2A82-0252-C08617891F95 HTTP/1.1" 200 113161
52.167.144.17 - - [27/Dec/2024:06:39:04 +0100] "GET /ticket2/opencms/de/buy?comcatid=A17713B6-D984-201A-4143-ED4DB5ED5C2E&catid=573B7747-EE85-D769-C87D-F3F61FB64AA5 HTTP/1.1" 200 6410
185.191.171.15 - - [27/Dec/2024:06:39:06 +0100] "GET /ticket2/opencms/en/magazine/article?title=what-is-football HTTP/1.1" 200 92916
135.181.213.219 - - [27/Dec/2024:06:39:07 +0100] "GET /ticket2/opencms/se/ru/buy/?page=1&edid=D982F7C7-2260-B918-A19A-9AD033AA1445&sortorder=asc&column=row HTTP/1.1" 404 -
85.208.96.199 - - [27/Dec/2024:06:39:07 +0100] "GET /ticket2/opencms/sr/magazine/article/ HTTP/1.1" 200 89132
66.249.68.68 - - [27/Dec/2024:06:39:08 +0100] "GET /ticket2/opencms/az/buy/?page=1&edid=ACFE5269-826A-FF79-28D4-8876A969800F HTTP/1.1" 200 119536
66.249.68.37 - - [27/Dec/2024:06:39:09 +0100] "GET /ticket2/opencms/be/ask-form.html HTTP/1.1" 200 3156
135.181.213.219 - - [27/Dec/2024:06:39:12 +0100] "GET /ticket2/opencms/se/ru/buy/?page=1&edid=D982F7C7-2260-B918-A19A-9AD033AA1445&sortorder=asc&column=section HTTP/1.1" 404 -
185.191.171.15 - - [27/Dec/2024:06:39:14 +0100] "GET /ticket2/opencms/sv/search.html HTTP/1.1" 200 95728
66.249.68.36 - - [27/Dec/2024:06:39:15 +0100] "GET /ticket2/opencms/az/ask-form.html HTTP/1.1" 200 3156
216.244.66.238 - - [27/Dec/2024:06:39:17 +0100] "GET /ticket2/opencms/mk/buy?page=1&edid=24A0474C-0E94-45BE-FC4D-B791EA0F3040 HTTP/1.1" 404 -
66.249.68.68 - - [27/Dec/2024:06:39:18 +0100] "GET /ticket2/opencms/dk/magazine/article?title=emirates-stadium-en-ikonisk-arena HTTP/1.1" 200 94099
135.181.213.219 - - [27/Dec/2024:06:39:18 +0100] "GET /ticket2/opencms/se/ru/buy/?page=1&edid=D9F3D901-EF0D-5550-64E0-AAA42CF6945A&sortorder=asc&column=row HTTP/1.1" 404 -
66.249.76.202 - - [27/Dec/2024:06:39:20 +0100] "GET /ticket2/opencms/el/magazine/article?title=anaskophsh-sezon-ths-manchester-united-202324 HTTP/1.1" 200 96909
135.181.213.219 - - [27/Dec/2024:06:39:24 +0100] "GET /ticket2/opencms/se/ru/buy/?page=1&edid=D9F3D901-EF0D-5550-64E0-AAA42CF6945A&sortorder=asc&column=section HTTP/1.1" 404 -
135.181.213.219 - - [27/Dec/2024:06:39:30 +0100] "GET /ticket2/opencms/se/ru/buy/?page=1&edid=DA544182-AA79-F548-64ED-2C067A356729&sortorder=asc&column=price HTTP/1.1" 404 -
85.208.96.197 - - [27/Dec/2024:06:39:34 +0100] "GET /ticket2/opencms/fi/magazine/article?title=arsenalin-kausireflektio HTTP/1.1" 200 94191
40.77.167.75 - - [27/Dec/2024:06:39:34 +0100] "GET /ticket2/opencms/sk/buy/?comcatid=97ECA65A-72DA-F9AF-9DBB-245D3CFED1BE&catid=078F99D4-0B9E-E323-5A07-D7B70F6E8874 HTTP/1.1" 200 6410
135.181.213.219 - - [27/Dec/2024:06:39:36 +0100] "GET /ticket2/opencms/se/ru/buy/?page=1&edid=DA544182-AA79-F548-64ED-2C067A356729&sortorder=asc&column=row HTTP/1.1" 404 -
85.208.96.200 - - [27/Dec/2024:06:39:40 +0100] "GET /ticket2/opencms/fr/ HTTP/1.1" 200 101697
135.181.213.219 - - [27/Dec/2024:06:39:42 +0100] "GET /ticket2/opencms/se/ru/buy/?page=1&edid=DA544182-AA79-F548-64ED-2C067A356729&sortorder=asc&column=section HTTP/1.1" 404 -
52.167.144.137 - - [27/Dec/2024:06:39:46 +0100] "GET /ticket2/opencms/sv/buy?page=1&edid=F26F7624-B3C7-3F2B-5F3B-CAEEB7F1CB7F HTTP/1.1" 200 134812
85.208.96.206 - - [27/Dec/2024:06:39:49 +0100] "GET /ticket2/opencms/no/magazine/article?title=erling-braut-haaland HTTP/1.1" 200 92924
135.181.213.219 - - [27/Dec/2024:06:39:49 +0100] "GET /ticket2/opencms/se/ru/buy/?page=1&edid=DA9C4A89-BD59-5860-6E54-5F7B1109ABBF&sortorder=asc&column=row HTTP/1.1" 404 -
135.181.213.219 - - [27/Dec/2024:06:39:55 +0100] "GET /ticket2/opencms/se/ru/buy/?page=1&edid=DA9C4A89-BD59-5860-6E54-5F7B1109ABBF&sortorder=asc&column=section HTTP/1.1" 404 -
135.181.213.219 - - [27/Dec/2024:06:40:01 +0100] "GET /ticket2/opencms/se/ru/buy/?page=1&edid=DA9D2A76-92D5-D9C9-5100-8D5EB69CFF78&sortorder=asc&column=price HTTP/1.1" 404 -
47.128.55.251 - - [27/Dec/2024:06:40:05 +0100] "GET /ticket2/opencms/hu/magazine/article/ HTTP/1.1" 200 88648
135.181.213.219 - - [27/Dec/2024:06:40:07 +0100] "GET /ticket2/opencms/se/ru/buy/?page=1&edid=DA9D2A76-92D5-D9C9-5100-8D5EB69CFF78&sortorder=asc&column=row HTTP/1.1" 404 -
135.181.213.219 - - [27/Dec/2024:06:40:13 +0100] "GET /ticket2/opencms/se/ru/buy/?page=1&edid=DA9D2A76-92D5-D9C9-5100-8D5EB69CFF78&sortorder=asc&column=section HTTP/1.1" 404 -
40.77.167.151 - - [27/Dec/2024:06:40:16 +0100] "GET /ticket2/opencms/sv/magazine/article?title=la-liga-real-madrid-vunnit-flest-titlar HTTP/1.1" 200 94026
135.181.213.219 - - [27/Dec/2024:06:40:19 +0100] "GET /ticket2/opencms/se/ru/buy/?page=1&edid=DAB0CF77-5AA1-9D7C-95C2-E53E9FBADCFF&sortorder=asc&column=price HTTP/1.1" 404 -
135.181.213.219 - - [27/Dec/2024:06:40:25 +0100] "GET /ticket2/opencms/se/ru/buy/?page=1&edid=DAB0CF77-5AA1-9D7C-95C2-E53E9FBADCFF&sortorder=asc&column=section HTTP/1.1" 404 -
52.167.144.17 - - [27/Dec/2024:06:40:25 +0100] "GET /ticket2/opencms/az/?page=6&comcatid=A17713B6-D984-201A-4143-ED4DB5ED5C2E&catid=0A6C99D2-F5BD-7A18-9A5F-5668827042E0&eventid=894DC58A-C9B9-A619-22E1-739D490A607E HTTP/1.1" 200 101988
185.191.171.4 - - [27/Dec/2024:06:40:27 +0100] "GET /ticket2/opencms/sr/magazine/article?title=fulam-fk HTTP/1.1" 200 92174
85.208.96.193 - - [27/Dec/2024:06:40:29 +0100] "GET /ticket2/opencms/sv/magazine/article?title=bournemouth HTTP/1.1" 200 92627
135.181.213.219 - - [27/Dec/2024:06:40:31 +0100] "GET /ticket2/opencms/se/ru/buy/?page=1&edid=DAFD8751-5600-01A2-5DAC-15D77C2E597B&sortorder=asc&column=price HTTP/1.1" 404 -
47.128.22.210 - - [27/Dec/2024:06:40:34 +0100] "GET /ticket2/opencms/es/buy?edid=1D5F9EE1-797F-37B3-641C-E2D7E9D08ACF HTTP/1.1" 200 92254
47.128.46.95 - - [27/Dec/2024:06:40:37 +0100] "GET /ticket2/opencms/mo/buy/?edid=57412838-C1A6-98A6-E9C0-312135C0092F HTTP/1.1" 200 92473
135.181.213.219 - - [27/Dec/2024:06:40:37 +0100] "GET /ticket2/opencms/se/ru/buy/?page=1&edid=DAFD8751-5600-01A2-5DAC-15D77C2E597B&sortorder=asc&column=row HTTP/1.1" 404 -
135.181.213.219 - - [27/Dec/2024:06:40:43 +0100] "GET /ticket2/opencms/se/ru/buy/?page=1&edid=DAFD8751-5600-01A2-5DAC-15D77C2E597B&sortorder=asc&column=section HTTP/1.1" 404 -
85.208.96.195 - - [27/Dec/2024:06:40:45 +0100] "GET /ticket2/opencms/sk/magazine/article?title=manchester-city-vs-queens-park-rangers HTTP/1.1" 200 94607
47.128.39.50 - - [27/Dec/2024:06:40:45 +0100] "GET /ticket2/opencms/fi/venue/?venueid=7E50D8FA-8534-B576-687A-11043ABCF62E HTTP/1.1" 200 86600
52.167.144.208 - - [27/Dec/2024:06:40:46 +0100] "GET /ticket2/opencms/no/sport/fotballsbilletter/ligue_1/ HTTP/1.1" 200 88930
135.181.213.219 - - [27/Dec/2024:06:40:49 +0100] "GET /ticket2/opencms/se/ru/buy/?page=1&edid=DB32BA93-9DA6-CFBB-00EF-A3F1F419A945&sortorder=asc&column=price HTTP/1.1" 404 -
135.181.213.219 - - [27/Dec/2024:06:40:55 +0100] "GET /ticket2/opencms/se/ru/buy/?page=1&edid=DB32BA93-9DA6-CFBB-00EF-A3F1F419A945&sortorder=asc&column=row HTTP/1.1" 404 -
85.208.96.212 - - [27/Dec/2024:06:40:55 +0100] "GET /ticket2/opencms/et/sport/jalgpallipiletid/champions-league/valencia HTTP/1.1" 200 95595
135.181.213.219 - - [27/Dec/2024:06:41:00 +0100] "GET /ticket2/opencms/se/ru/buy/?page=1&edid=DBAD06DD-B5E6-0770-1537-688D55437E6D&sortorder=asc&column=price HTTP/1.1" 404 -
114.119.151.93 - - [27/Dec/2024:06:41:04 +0100] "GET /ticket2/opencms/tr/buy?page=1&=A443FF53-1C00-C4E0-1D4A-9FD8734D5FCD HTTP/1.1" 200 6507
52.167.144.158 - - [27/Dec/2024:06:41:06 +0100] "GET /ticket2/opencms/sv/buy/?comcatid=A17713B6-D984-201A-4143-ED4DB5ED5C2E HTTP/1.1" 200 6410
135.181.213.219 - - [27/Dec/2024:06:41:06 +0100] "GET /ticket2/opencms/se/ru/buy/?page=1&edid=DBAD06DD-B5E6-0770-1537-688D55437E6D&sortorder=asc&column=row HTTP/1.1" 404 -
216.244.66.238 - - [27/Dec/2024:06:41:08 +0100] "GET /ticket2/opencms/en/venue/?countryid=56FE8DB8-0A46-00E3-175D-347FD72BDA70 HTTP/1.1" 200 115064
52.167.144.137 - - [27/Dec/2024:06:41:11 +0100] "GET /ticket2/opencms/sr/buy?page=1&edid=635D915B-25B6-96E4-0E7F-F8BA07683430 HTTP/1.1" 200 113675
135.181.213.219 - - [27/Dec/2024:06:41:12 +0100] "GET /ticket2/opencms/se/ru/buy/?page=1&edid=DC17638A-A464-04D3-43D9-DBC50F531118&sortorder=asc&column=price HTTP/1.1" 404 -
52.167.144.137 - - [27/Dec/2024:06:41:13 +0100] "GET /ticket2/opencms/hr/buy?page=1&edid=CEC3CC84-E2A0-FA7E-2440-748B95840967 HTTP/1.1" 200 112961
52.167.144.17 - - [27/Dec/2024:06:41:16 +0100] "GET /ticket2/opencms/lv/buy/?page=1&edid=9D2DFDC9-4BC5-EECE-32CF-AF6FA9041457 HTTP/1.1" 200 112057
85.208.96.200 - - [27/Dec/2024:06:41:17 +0100] "GET /ticket2/opencms/dk/magazine/article?title=om-fodboldholdet-liverpool-fc HTTP/1.1" 200 93134
135.181.213.219 - - [27/Dec/2024:06:41:19 +0100] "GET /ticket2/opencms/se/ru/buy/?page=1&edid=DC17638A-A464-04D3-43D9-DBC50F531118&sortorder=asc&column=row HTTP/1.1" 404 -
51.8.102.94 - - [27/Dec/2024:06:41:20 +0100] "GET /ticket2/opencms/fi/urheilu/jalkapallo/premier_league/ HTTP/1.1" 200 97448
85.208.96.207 - - [27/Dec/2024:06:41:21 +0100] "GET /ticket2/opencms/fi/search.html?searchQuery=Philadelphia%2BFlyers HTTP/1.1" 200 97757
51.8.102.1 - - [27/Dec/2024:06:41:22 +0100] "GET /ticket2/opencms/az/magazine/article?title=brighton-ve-hove-albion HTTP/1.1" 200 92894
135.181.213.219 - - [27/Dec/2024:06:41:25 +0100] "GET /ticket2/opencms/se/ru/buy/?page=1&edid=DC17638A-A464-04D3-43D9-DBC50F531118&sortorder=asc&column=section HTTP/1.1" 404 -
52.167.144.158 - - [27/Dec/2024:06:41:27 +0100] "GET /ticket2/opencms/mk/buy?page=1&edid=DE5B6A64-DD53-E533-1C9F-682C000226C9 HTTP/1.1" 404 -
135.181.213.219 - - [27/Dec/2024:06:41:30 +0100] "GET /ticket2/opencms/se/ru/buy/?page=1&edid=DD7009E0-BEDD-5FDF-FBEC-9803C9276491&sortorder=asc&column=row HTTP/1.1" 404 -
135.181.213.219 - - [27/Dec/2024:06:41:36 +0100] "GET /ticket2/opencms/se/ru/buy/?page=1&edid=DD7009E0-BEDD-5FDF-FBEC-9803C9276491&sortorder=asc&column=section HTTP/1.1" 404 -
135.181.213.219 - - [27/Dec/2024:06:41:42 +0100] "GET /ticket2/opencms/se/ru/buy/?page=1&edid=DEC25760-0789-4D20-D1DC-0FD688090800 HTTP/1.1" 404 -
185.191.171.16 - - [27/Dec/2024:06:41:43 +0100] "GET /ticket2/opencms/de/fi/urheilu/jalkapallo/serie_a/lecce/ HTTP/1.1" 404 -
52.167.144.137 - - [27/Dec/2024:06:41:48 +0100] "GET /ticket2/opencms/hr/buy?page=1&edid=7D0FDED0-7BC4-4EA6-3DAA-20D3EE07613E HTTP/1.1" 200 112534
135.181.213.219 - - [27/Dec/2024:06:41:48 +0100] "GET /ticket2/opencms/se/ru/buy/?page=1&edid=DEDD4EB7-1358-2E27-5CFE-6E94FA76853A&sortorder=asc&column=price HTTP/1.1" 404 -
135.181.213.219 - - [27/Dec/2024:06:41:54 +0100] "GET /ticket2/opencms/se/ru/buy/?page=1&edid=DEDD4EB7-1358-2E27-5CFE-6E94FA76853A&sortorder=asc&column=row HTTP/1.1" 404 -
185.191.171.1 - - [27/Dec/2024:06:41:58 +0100] "GET /ticket2/opencms/pl/magazine/article?title=bergvall-i-kulusevski-robia-wrazenie HTTP/1.1" 200 93724
135.181.213.219 - - [27/Dec/2024:06:42:00 +0100] "GET /ticket2/opencms/se/ru/buy/?page=1&edid=DEDD4EB7-1358-2E27-5CFE-6E94FA76853A&sortorder=asc&column=section HTTP/1.1" 404 -
135.181.213.219 - - [27/Dec/2024:06:42:06 +0100] "GET /ticket2/opencms/se/ru/buy/?page=1&edid=E0B4B777-7EB3-2A8E-35EC-2CB7F8614609&sortorder=asc&column=row HTTP/1.1" 404 -
64.233.173.67 - - [27/Dec/2024:06:42:06 +0100] "GET /ticket2/opencms/.well-known/traffic-advice HTTP/1.1" 404 -
72.14.201.145 - - [27/Dec/2024:06:42:07 +0100] "GET /ticket2/opencms/ HTTP/1.1" 302 -
85.208.96.197 - - [27/Dec/2024:06:42:10 +0100] "GET /ticket2/opencms/sv/magazine/om-lag/ HTTP/1.1" 200 84688
114.125.158.228 - - [27/Dec/2024:06:42:11 +0100] "GET /ticket2/opencms/ HTTP/1.1" 302 -
114.125.158.228 - - [27/Dec/2024:06:42:11 +0100] "GET /ticket2/opencms/system/modules/com.gridnine.opencms.ticketbrokerage.site/resources/css/ticketbrokerage.css HTTP/1.1" 200 39339
114.125.158.228 - - [27/Dec/2024:06:42:11 +0100] "GET /ticket2/opencms/system/modules/com.gridnine.opencms.ticketbrokerage.site/resources/css/jquery-ui.css HTTP/1.1" 200 33221
114.125.158.228 - - [27/Dec/2024:06:42:11 +0100] "GET /ticket2/opencms/system/modules/com.gridnine.opencms.ticketbrokerage.site/resources/css/calendar.css HTTP/1.1" 200 6871
114.125.158.228 - - [27/Dec/2024:06:42:11 +0100] "GET /ticket2/opencms/system/modules/com.gridnine.opencms.ticketbrokerage.site/resources/css/standard.css HTTP/1.1" 200 73081
114.125.158.228 - - [27/Dec/2024:06:42:11 +0100] "GET /ticket2/opencms/system/modules/com.gridnine.opencms.ticketbrokerage.site/resources/css/jquery.fancybox.css HTTP/1.1" 200 4939
47.128.53.23 - - [27/Dec/2024:06:42:11 +0100] "GET /ticket2/opencms/is/buy/?edid=70818629-9551-6DC7-FD0C-3665BC11B0F8 HTTP/1.1" 200 92406
114.125.158.228 - - [27/Dec/2024:06:42:11 +0100] "GET /ticket2/opencms/system/modules/com.gridnine.opencms.ticketbrokerage.site/resources/js/jquery/jquery.js HTTP/1.1" 200 93868
114.125.158.228 - - [27/Dec/2024:06:42:11 +0100] "GET /ticket2/opencms/system/modules/com.gridnine.opencms.ticketbrokerage.site/resources/js/jquery/jquery-ui.js HTTP/1.1" 200 228088
135.181.213.219 - - [27/Dec/2024:06:42:12 +0100] "GET /ticket2/opencms/se/ru/buy/?page=1&edid=E0B4B777-7EB3-2A8E-35EC-2CB7F8614609&sortorder=asc&column=section HTTP/1.1" 404 -
85.208.96.197 - - [27/Dec/2024:06:42:12 +0100] "GET /ticket2/opencms/uk/magazine/article?title=manchester-city-champions-for-the-fourth-year-in-a-row HTTP/1.1" 200 94345
72.14.201.145 - - [27/Dec/2024:06:42:15 +0100] "GET /ticket2/opencms/en/ HTTP/1.1" 200 100251
114.119.139.202 - - [27/Dec/2024:06:42:16 +0100] "GET /ticket2/opencms/en/buy?page=1&edid=01A43DF5-256F-8380-5389-DDDBFA700A48 HTTP/1.1" 200 111363
193.186.4.145 - - [27/Dec/2024:06:42:17 +0100] "GET /ticket2/opencms/ HTTP/1.1" 302 -
40.77.167.224 - - [27/Dec/2024:06:42:17 +0100] "GET /ticket2/opencms/hu/ HTTP/1.1" 200 101858
135.181.213.219 - - [27/Dec/2024:06:42:18 +0100] "GET /ticket2/opencms/se/ru/buy/?page=1&edid=E0E0A92E-E970-D7B2-B5EB-9799FE58777D&sortorder=asc&column=price HTTP/1.1" 404 -
114.125.158.228 - - [27/Dec/2024:06:42:18 +0100] "GET /ticket2/opencms/en/ HTTP/1.1" 200 100179
216.244.66.238 - - [27/Dec/2024:06:42:18 +0100] "GET /ticket2/opencms/dk/buy?page=1&edid=26128587-E741-EC80-2371-BDADD3568348 HTTP/1.1" 200 108420
114.125.158.228 - - [27/Dec/2024:06:42:20 +0100] "GET /ticket2/opencms/system/modules/com.gridnine.opencms.ticketbrokerage.site/resources/css/calendar.css HTTP/1.1" 200 6871
114.125.158.228 - - [27/Dec/2024:06:42:20 +0100] "GET /ticket2/opencms/system/modules/com.gridnine.opencms.ticketbrokerage.site/resources/css/ticketbrokerage.css HTTP/1.1" 200 39339
114.125.158.228 - - [27/Dec/2024:06:42:20 +0100] "GET /ticket2/opencms/ HTTP/1.1" 302 -
114.125.158.228 - - [27/Dec/2024:06:42:20 +0100] "GET /ticket2/opencms/system/modules/com.gridnine.opencms.ticketbrokerage.site/resources/css/standard.css HTTP/1.1" 200 73081
114.125.158.228 - - [27/Dec/2024:06:42:20 +0100] "GET /ticket2/opencms/en/ HTTP/1.1" 200 100177
193.186.4.147 - - [27/Dec/2024:06:42:20 +0100] "GET /ticket2/opencms/en/ HTTP/1.1" 200 100223
114.125.158.228 - - [27/Dec/2024:06:42:21 +0100] "GET /ticket2/opencms/system/modules/com.gridnine.opencms.ticketbrokerage.site/resources/js/functions.js HTTP/1.1" 200 1583
114.125.158.228 - - [27/Dec/2024:06:42:21 +0100] "GET /ticket2/opencms/system/modules/com.gridnine.opencms.ticketbrokerage.site/resources/js/calendar.js HTTP/1.1" 200 49229
114.125.158.228 - - [27/Dec/2024:06:42:21 +0100] "GET /ticket2/opencms/system/modules/com.gridnine.opencms.ticketbrokerage.site/resources/js/calendar-en.js HTTP/1.1" 200 3338
114.125.158.228 - - [27/Dec/2024:06:42:21 +0100] "GET /ticket2/opencms/system/modules/com.gridnine.opencms.ticketbrokerage.site/resources/js/calendar-setup.js HTTP/1.1" 200 4923
114.125.158.228 - - [27/Dec/2024:06:42:21 +0100] "GET /ticket2/opencms/system/modules/com.gridnine.opencms.ticketbrokerage.site/resources/js/jquery.fancybox.pack.js HTTP/1.1" 200 23187
114.125.158.228 - - [27/Dec/2024:06:42:21 +0100] "GET /ticket2/opencms/system/modules/com.gridnine.opencms.ticketbrokerage.site/resources/js/stickyfill.min.js HTTP/1.1" 200 5672
114.125.158.228 - - [27/Dec/2024:06:42:22 +0100] "GET /ticket2/opencms/system/modules/com.gridnine.opencms.ticketbrokerage.site/resources/js/standard.js HTTP/1.1" 200 3978
114.125.158.228 - - [27/Dec/2024:06:42:22 +0100] "GET /ticket2/opencms/system/modules/com.gridnine.opencms.ticketbrokerage.site/resources/js/jquery.placeholder.min.js HTTP/1.1" 200 1737
114.125.158.228 - - [27/Dec/2024:06:42:22 +0100] "GET /ticket2/opencms/system/modules/com.gridnine.opencms.ticketbrokerage.site/resources/js/common-ajax.js HTTP/1.1" 200 20175
114.125.158.228 - - [27/Dec/2024:06:42:22 +0100] "GET /ticket2/opencms/system/modules/com.gridnine.opencms.ticketbrokerage.site/resources/pics/logo-new.png HTTP/1.1" 200 13541
114.125.158.228 - - [27/Dec/2024:06:42:22 +0100] "GET /ticket2/opencms/img/insta.png HTTP/1.1" 200 3967
114.125.158.228 - - [27/Dec/2024:06:42:22 +0100] "GET /ticket2/opencms/img/fb.png HTTP/1.1" 200 1269
114.125.158.228 - - [27/Dec/2024:06:42:22 +0100] "GET /ticket2/opencms/system/modules/com.gridnine.opencms.ticketbrokerage.site/resources/pics/footer-img.jpg HTTP/1.1" 200 67642
114.125.158.228 - - [27/Dec/2024:06:42:22 +0100] "GET /ticket2/opencms/img/check.png HTTP/1.1" 200 548
114.125.158.228 - - [27/Dec/2024:06:42:22 +0100] "GET /ticket2/opencms/img/mail.png HTTP/1.1" 200 403
114.125.158.228 - - [27/Dec/2024:06:42:22 +0100] "GET /ticket2/opencms/img/chat.png HTTP/1.1" 200 416
114.125.158.228 - - [27/Dec/2024:06:42:22 +0100] "GET /ticket2/opencms/img/arrow.png HTTP/1.1" 200 753
114.125.158.228 - - [27/Dec/2024:06:42:23 +0100] "GET /ticket2/opencms/img/banner-sa.jpeg HTTP/1.1" 200 41270
114.125.158.228 - - [27/Dec/2024:06:42:23 +0100] "GET /ticket2/opencms/img/banner-ll.jpeg HTTP/1.1" 200 41825
114.125.158.228 - - [27/Dec/2024:06:42:23 +0100] "GET /ticket2/opencms/img/banner-pl.jpeg HTTP/1.1" 200 41818
135.181.213.219 - - [27/Dec/2024:06:42:24 +0100] "GET /ticket2/opencms/se/ru/buy/?page=1&edid=E0E0A92E-E970-D7B2-B5EB-9799FE58777D&sortorder=asc&column=row HTTP/1.1" 404 -
114.125.158.228 - - [27/Dec/2024:06:42:24 +0100] "GET /ticket2/opencms/img/icons/globe-white.png HTTP/1.1" 200 947
114.125.158.228 - - [27/Dec/2024:06:42:24 +0100] "GET /ticket2/opencms/img/icons/se.png HTTP/1.1" 200 1258
114.125.158.228 - - [27/Dec/2024:06:42:24 +0100] "GET /ticket2/opencms/img/icons/en.png HTTP/1.1" 200 2415
114.125.158.228 - - [27/Dec/2024:06:42:25 +0100] "GET /ticket2/opencms/img/icons/fi.png HTTP/1.1" 200 1785
114.125.158.228 - - [27/Dec/2024:06:42:25 +0100] "GET /ticket2/opencms/img/icons/no.png HTTP/1.1" 200 1958
114.125.158.228 - - [27/Dec/2024:06:42:25 +0100] "GET /ticket2/opencms/img/icons/dk.png HTTP/1.1" 200 1706
114.125.158.228 - - [27/Dec/2024:06:42:25 +0100] "GET /ticket2/opencms/img/icons/nl.png HTTP/1.1" 200 1255
114.125.158.228 - - [27/Dec/2024:06:42:25 +0100] "GET /ticket2/opencms/img/icons/de.png HTTP/1.1" 200 1124
114.125.158.228 - - [27/Dec/2024:06:42:25 +0100] "GET /ticket2/opencms/img/icons/fr.png HTTP/1.1" 200 1764
114.125.158.228 - - [27/Dec/2024:06:42:25 +0100] "GET /ticket2/opencms/img/icons/es.png HTTP/1.1" 200 1005
114.125.158.228 - - [27/Dec/2024:06:42:25 +0100] "GET /ticket2/opencms/img/icons/it.png HTTP/1.1" 200 2040
114.125.158.228 - - [27/Dec/2024:06:42:26 +0100] "GET /ticket2/opencms/img/icons/sq.png HTTP/1.1" 200 1619
114.125.158.228 - - [27/Dec/2024:06:42:26 +0100] "GET /ticket2/opencms/img/icons/pl.png HTTP/1.1" 200 1578
114.125.158.228 - - [27/Dec/2024:06:42:26 +0100] "GET /ticket2/opencms/img/icons/be.png HTTP/1.1" 200 1663
114.125.158.228 - - [27/Dec/2024:06:42:26 +0100] "GET /ticket2/opencms/img/icons/az.png HTTP/1.1" 200 1445
114.125.158.228 - - [27/Dec/2024:06:42:26 +0100] "GET /ticket2/opencms/img/icons/bs.png HTTP/1.1" 200 1014
114.125.158.228 - - [27/Dec/2024:06:42:26 +0100] "GET /ticket2/opencms/img/icons/bg.png HTTP/1.1" 200 788
114.125.158.228 - - [27/Dec/2024:06:42:26 +0100] "GET /ticket2/opencms/img/icons/hr.png HTTP/1.1" 200 2024
114.125.158.228 - - [27/Dec/2024:06:42:26 +0100] "GET /ticket2/opencms/img/icons/cs.png HTTP/1.1" 200 1883
114.125.158.228 - - [27/Dec/2024:06:42:26 +0100] "GET /ticket2/opencms/img/icons/et.png HTTP/1.1" 200 754
114.125.158.228 - - [27/Dec/2024:06:42:26 +0100] "GET /ticket2/opencms/img/icons/el.png HTTP/1.1" 200 1637
114.125.158.228 - - [27/Dec/2024:06:42:27 +0100] "GET /ticket2/opencms/img/icons/hu.png HTTP/1.1" 200 733
114.125.158.228 - - [27/Dec/2024:06:42:27 +0100] "GET /ticket2/opencms/img/icons/ka.png HTTP/1.1" 200 860
85.208.96.201 - - [27/Dec/2024:06:42:27 +0100] "GET /ticket2/opencms/en/magazine/article?title=what-is-football HTTP/1.1" 200 92848
114.125.158.228 - - [27/Dec/2024:06:42:27 +0100] "GET /ticket2/opencms/img/icons/lv.png HTTP/1.1" 200 716
114.125.158.228 - - [27/Dec/2024:06:42:27 +0100] "GET /ticket2/opencms/img/icons/lt.png HTTP/1.1" 200 733
114.125.158.228 - - [27/Dec/2024:06:42:27 +0100] "GET /ticket2/opencms/img/icons/ga.png HTTP/1.1" 200 1759
114.125.158.228 - - [27/Dec/2024:06:42:27 +0100] "GET /ticket2/opencms/img/icons/is.png HTTP/1.1" 200 1884
114.125.158.228 - - [27/Dec/2024:06:42:28 +0100] "GET /ticket2/opencms/img/icons/mo.png HTTP/1.1" 200 1468
114.125.158.228 - - [27/Dec/2024:06:42:28 +0100] "GET /ticket2/opencms/img/icons/mt.png HTTP/1.1" 200 920
114.125.158.228 - - [27/Dec/2024:06:42:28 +0100] "GET /ticket2/opencms/img/icons/ro.png HTTP/1.1" 200 1393
114.125.158.228 - - [27/Dec/2024:06:42:28 +0100] "GET /ticket2/opencms/img/icons/sr.png HTTP/1.1" 200 1602
114.125.158.228 - - [27/Dec/2024:06:42:28 +0100] "GET /ticket2/opencms/img/icons/sk.png HTTP/1.1" 200 1283
114.125.158.228 - - [27/Dec/2024:06:42:28 +0100] "GET /ticket2/opencms/img/icons/sl.png HTTP/1.1" 200 966
114.125.158.228 - - [27/Dec/2024:06:42:28 +0100] "GET /ticket2/opencms/img/icons/uk.png HTTP/1.1" 200 1272
114.125.158.228 - - [27/Dec/2024:06:42:28 +0100] "GET /ticket2/opencms/img/icons/tr.png HTTP/1.1" 200 1636
62.63.249.24 - - [27/Dec/2024:06:42:29 +0100] "GET /ticket2/opencms/sv/?gad_source=1&gclid=CjwKCAiAmrS7BhBJEiwAei59iwp5em5op4Y4VYGwavt-OMpYZ1bjAJvOUNmDEqujxVCzWs1omsgjuxoCuQEQAvD_BwE HTTP/1.1" 200 101041
62.63.249.24 - - [27/Dec/2024:06:42:29 +0100] "GET /ticket2/opencms/system/modules/com.gridnine.opencms.ticketbrokerage.site/resources/css/ticketbrokerage.css HTTP/1.1" 200 39339
62.63.249.24 - - [27/Dec/2024:06:42:29 +0100] "GET /ticket2/opencms/system/modules/com.gridnine.opencms.ticketbrokerage.site/resources/css/jquery-ui.css HTTP/1.1" 200 33221
62.63.249.24 - - [27/Dec/2024:06:42:29 +0100] "GET /ticket2/opencms/system/modules/com.gridnine.opencms.ticketbrokerage.site/resources/css/calendar.css HTTP/1.1" 200 6871
62.63.249.24 - - [27/Dec/2024:06:42:29 +0100] "GET /ticket2/opencms/system/modules/com.gridnine.opencms.ticketbrokerage.site/resources/css/standard.css HTTP/1.1" 200 73081
62.63.249.24 - - [27/Dec/2024:06:42:29 +0100] "GET /ticket2/opencms/system/modules/com.gridnine.opencms.ticketbrokerage.site/resources/css/jquery.fancybox.css HTTP/1.1" 200 4939
62.63.249.24 - - [27/Dec/2024:06:42:29 +0100] "GET /ticket2/opencms/system/modules/com.gridnine.opencms.ticketbrokerage.site/resources/js/jquery/jquery-ui.js HTTP/1.1" 200 228088
62.63.249.24 - - [27/Dec/2024:06:42:29 +0100] "GET /ticket2/opencms/system/modules/com.gridnine.opencms.ticketbrokerage.site/resources/js/jquery/jquery.js HTTP/1.1" 200 93868
62.63.249.24 - - [27/Dec/2024:06:42:29 +0100] "GET /ticket2/opencms/system/modules/com.gridnine.opencms.ticketbrokerage.site/resources/js/functions.js HTTP/1.1" 200 1583
62.63.249.24 - - [27/Dec/2024:06:42:29 +0100] "GET /ticket2/opencms/system/modules/com.gridnine.opencms.ticketbrokerage.site/resources/js/calendar-en.js HTTP/1.1" 200 3338
62.63.249.24 - - [27/Dec/2024:06:42:29 +0100] "GET /ticket2/opencms/system/modules/com.gridnine.opencms.ticketbrokerage.site/resources/js/calendar.js HTTP/1.1" 200 49229
62.63.249.24 - - [27/Dec/2024:06:42:29 +0100] "GET /ticket2/opencms/system/modules/com.gridnine.opencms.ticketbrokerage.site/resources/js/calendar-setup.js HTTP/1.1" 200 4923
62.63.249.24 - - [27/Dec/2024:06:42:29 +0100] "GET /ticket2/opencms/system/modules/com.gridnine.opencms.ticketbrokerage.site/resources/js/stickyfill.min.js HTTP/1.1" 200 5672
62.63.249.24 - - [27/Dec/2024:06:42:29 +0100] "GET /ticket2/opencms/system/modules/com.gridnine.opencms.ticketbrokerage.site/resources/js/jquery.fancybox.pack.js HTTP/1.1" 200 23187
114.125.158.228 - - [27/Dec/2024:06:42:29 +0100] "GET /ticket2/opencms/system/modules/com.gridnine.opencms.ticketbrokerage.site/resources/js/standard.js HTTP/1.1" 200 3978
114.125.158.228 - - [27/Dec/2024:06:42:29 +0100] "GET /ticket2/opencms/img/icons/ticket2.thumbnail.png HTTP/1.1" 200 21519
62.63.249.24 - - [27/Dec/2024:06:42:29 +0100] "GET /ticket2/opencms/img/icons/en.png HTTP/1.1" 200 2415
62.63.249.24 - - [27/Dec/2024:06:42:29 +0100] "GET /ticket2/opencms/system/modules/com.gridnine.opencms.ticketbrokerage.site/resources/js/jquery.placeholder.min.js HTTP/1.1" 200 1737
62.63.249.24 - - [27/Dec/2024:06:42:29 +0100] "GET /ticket2/opencms/system/modules/com.gridnine.opencms.ticketbrokerage.site/resources/js/standard.js HTTP/1.1" 200 3978
62.63.249.24 - - [27/Dec/2024:06:42:29 +0100] "GET /ticket2/opencms/system/modules/com.gridnine.opencms.ticketbrokerage.site/resources/js/common-ajax.js HTTP/1.1" 200 20175
62.63.249.24 - - [27/Dec/2024:06:42:29 +0100] "GET /ticket2/opencms/img/icons/se.png HTTP/1.1" 200 1258
62.63.249.24 - - [27/Dec/2024:06:42:30 +0100] "GET /ticket2/opencms/img/check.png HTTP/1.1" 200 548
62.63.249.24 - - [27/Dec/2024:06:42:30 +0100] "GET /ticket2/opencms/system/modules/com.gridnine.opencms.ticketbrokerage.site/resources/pics/logo-new.png HTTP/1.1" 200 13541
62.63.249.24 - - [27/Dec/2024:06:42:30 +0100] "GET /ticket2/opencms/img/fb.png HTTP/1.1" 200 1269
62.63.249.24 - - [27/Dec/2024:06:42:30 +0100] "GET /ticket2/opencms/img/insta.png HTTP/1.1" 200 3967
62.63.249.24 - - [27/Dec/2024:06:42:30 +0100] "GET /ticket2/opencms/system/modules/com.gridnine.opencms.ticketbrokerage.site/resources/pics/footer-img.jpg HTTP/1.1" 200 67642
62.63.249.24 - - [27/Dec/2024:06:42:30 +0100] "GET /ticket2/opencms/img/mail.png HTTP/1.1" 200 403
62.63.249.24 - - [27/Dec/2024:06:42:30 +0100] "GET /ticket2/opencms/img/chat.png HTTP/1.1" 200 416
62.63.249.24 - - [27/Dec/2024:06:42:30 +0100] "GET /ticket2/opencms/img/arrow.png HTTP/1.1" 200 753
62.63.249.24 - - [27/Dec/2024:06:42:30 +0100] "GET /ticket2/opencms/img/banner-ll.jpeg HTTP/1.1" 200 41825
62.63.249.24 - - [27/Dec/2024:06:42:30 +0100] "GET /ticket2/opencms/img/banner-pl.jpeg HTTP/1.1" 200 41818
62.63.249.24 - - [27/Dec/2024:06:42:30 +0100] "GET /ticket2/opencms/img/banner-sa.jpeg HTTP/1.1" 200 41270
62.63.249.24 - - [27/Dec/2024:06:42:30 +0100] "GET /ticket2/opencms/img/icons/se.png HTTP/1.1" 200 1258
62.63.249.24 - - [27/Dec/2024:06:42:30 +0100] "GET /ticket2/opencms/img/icons/fi.png HTTP/1.1" 200 1785
62.63.249.24 - - [27/Dec/2024:06:42:30 +0100] "GET /ticket2/opencms/img/icons/globe-white.png HTTP/1.1" 200 947
62.63.249.24 - - [27/Dec/2024:06:42:30 +0100] "GET /ticket2/opencms/img/icons/no.png HTTP/1.1" 200 1958
62.63.249.24 - - [27/Dec/2024:06:42:30 +0100] "GET /ticket2/opencms/img/icons/dk.png HTTP/1.1" 200 1706
135.181.213.219 - - [27/Dec/2024:06:42:30 +0100] "GET /ticket2/opencms/se/ru/buy/?page=1&edid=E0E0A92E-E970-D7B2-B5EB-9799FE58777D&sortorder=asc&column=section HTTP/1.1" 404 -
62.63.249.24 - - [27/Dec/2024:06:42:30 +0100] "GET /ticket2/opencms/img/icons/nl.png HTTP/1.1" 200 1255
62.63.249.24 - - [27/Dec/2024:06:42:30 +0100] "GET /ticket2/opencms/img/icons/fr.png HTTP/1.1" 200 1764
62.63.249.24 - - [27/Dec/2024:06:42:30 +0100] "GET /ticket2/opencms/img/icons/de.png HTTP/1.1" 200 1124
62.63.249.24 - - [27/Dec/2024:06:42:30 +0100] "GET /ticket2/opencms/img/icons/it.png HTTP/1.1" 200 2040
62.63.249.24 - - [27/Dec/2024:06:42:30 +0100] "GET /ticket2/opencms/img/icons/sq.png HTTP/1.1" 200 1619
62.63.249.24 - - [27/Dec/2024:06:42:30 +0100] "GET /ticket2/opencms/img/icons/es.png HTTP/1.1" 200 1005
62.63.249.24 - - [27/Dec/2024:06:42:30 +0100] "GET /ticket2/opencms/img/icons/pl.png HTTP/1.1" 200 1578
62.63.249.24 - - [27/Dec/2024:06:42:30 +0100] "GET /ticket2/opencms/img/icons/az.png HTTP/1.1" 200 1445
62.63.249.24 - - [27/Dec/2024:06:42:30 +0100] "GET /ticket2/opencms/img/icons/bs.png HTTP/1.1" 200 1014
62.63.249.24 - - [27/Dec/2024:06:42:30 +0100] "GET /ticket2/opencms/img/icons/hr.png HTTP/1.1" 200 2024
62.63.249.24 - - [27/Dec/2024:06:42:30 +0100] "GET /ticket2/opencms/img/icons/bg.png HTTP/1.1" 200 788
62.63.249.24 - - [27/Dec/2024:06:42:30 +0100] "GET /ticket2/opencms/img/icons/be.png HTTP/1.1" 200 1663
62.63.249.24 - - [27/Dec/2024:06:42:31 +0100] "GET /ticket2/opencms/img/icons/cs.png HTTP/1.1" 200 1883
62.63.249.24 - - [27/Dec/2024:06:42:31 +0100] "GET /ticket2/opencms/img/icons/el.png HTTP/1.1" 200 1637
62.63.249.24 - - [27/Dec/2024:06:42:31 +0100] "GET /ticket2/opencms/img/icons/ka.png HTTP/1.1" 200 860
62.63.249.24 - - [27/Dec/2024:06:42:31 +0100] "GET /ticket2/opencms/img/icons/et.png HTTP/1.1" 200 754
62.63.249.24 - - [27/Dec/2024:06:42:31 +0100] "GET /ticket2/opencms/img/icons/hu.png HTTP/1.1" 200 733
62.63.249.24 - - [27/Dec/2024:06:42:31 +0100] "GET /ticket2/opencms/img/icons/is.png HTTP/1.1" 200 1884
62.63.249.24 - - [27/Dec/2024:06:42:31 +0100] "GET /ticket2/opencms/img/icons/mt.png HTTP/1.1" 200 920
62.63.249.24 - - [27/Dec/2024:06:42:31 +0100] "GET /ticket2/opencms/img/icons/mo.png HTTP/1.1" 200 1468
62.63.249.24 - - [27/Dec/2024:06:42:31 +0100] "GET /ticket2/opencms/img/icons/lv.png HTTP/1.1" 200 716
62.63.249.24 - - [27/Dec/2024:06:42:31 +0100] "GET /ticket2/opencms/img/icons/ga.png HTTP/1.1" 200 1759
62.63.249.24 - - [27/Dec/2024:06:42:31 +0100] "GET /ticket2/opencms/img/icons/lt.png HTTP/1.1" 200 733
62.63.249.24 - - [27/Dec/2024:06:42:31 +0100] "GET /ticket2/opencms/img/icons/ro.png HTTP/1.1" 200 1393
62.63.249.24 - - [27/Dec/2024:06:42:31 +0100] "GET /ticket2/opencms/img/icons/sr.png HTTP/1.1" 200 1602
62.63.249.24 - - [27/Dec/2024:06:42:31 +0100] "GET /ticket2/opencms/img/icons/sl.png HTTP/1.1" 200 966
62.63.249.24 - - [27/Dec/2024:06:42:31 +0100] "GET /ticket2/opencms/img/icons/uk.png HTTP/1.1" 200 1272
62.63.249.24 - - [27/Dec/2024:06:42:31 +0100] "GET /ticket2/opencms/img/icons/sk.png HTTP/1.1" 200 1283
62.63.249.24 - - [27/Dec/2024:06:42:31 +0100] "GET /ticket2/opencms/img/icons/tr.png HTTP/1.1" 200 1636
62.63.249.24 - - [27/Dec/2024:06:42:31 +0100] "GET /ticket2/opencms/img/icons/ticket2.thumbnail.png HTTP/1.1" 200 21519
62.63.249.24 - - [27/Dec/2024:06:42:31 +0100] "GET /ticket2/opencms/system/modules/com.gridnine.opencms.ticketbrokerage.site/resources/js/standard.js HTTP/1.1" 200 3978
216.244.66.238 - - [27/Dec/2024:06:42:32 +0100] "GET /ticket2/opencms/sv/buy/?page=1&edid=1CACEC5F-B994-32DD-19DD-67E5A3F13C44 HTTP/1.1" 200 108720
135.181.213.219 - - [27/Dec/2024:06:42:36 +0100] "GET /ticket2/opencms/se/ru/buy/?page=1&edid=E1B0D8A0-D6A6-F1B8-598E-C8ECA85414D0&sortorder=asc&column=price HTTP/1.1" 404 -
62.63.249.24 - - [27/Dec/2024:06:42:41 +0100] "GET /ticket2/opencms/sv/search.html?searchQuery=Liverpool&submit= HTTP/1.1" 200 113274
