185.191.171.5 - - [27/Dec/2024:05:22:11 +0100] "GET /ticket2/opencms/no/sport/fotballsbilletter/serie_a/lazio/ HTTP/1.1" 200 98474
84.247.128.30 - - [27/Dec/2024:05:22:13 +0100] "GET /ticket2/opencms/se/no/buy/?page=1&edid=56AC65AD-6792-298C-C62F-1AAD7AFA4221&sortorder=asc&column=row HTTP/1.1" 404 -
114.119.154.207 - - [27/Dec/2024:05:22:15 +0100] "GET /ticket2/opencms/en/venue/?countryid=3E153AD4-B966-FBA9-55D2-B5BF8B4DBAEE HTTP/1.1" 200 114409
95.217.195.123 - - [27/Dec/2024:05:22:15 +0100] "GET /ticket2/opencms/se/sv/buy/?page=1&edid=B01EB766-CA7D-1A19-0DC1-D3305DF28EF7&sortorder=desc&column=price HTTP/1.1" 404 -
185.191.171.15 - - [27/Dec/2024:05:22:16 +0100] "GET /ticket2/opencms/sv/sport/fotbollsbiljetter/bundesliga/koln/ HTTP/1.1" 200 93037
47.128.38.39 - - [27/Dec/2024:05:22:18 +0100] "GET /ticket2/opencms/be/?comcatid=A17713B6-D984-201A-4143-ED4DB5ED5C2E HTTP/1.1" 200 103161
84.247.128.30 - - [27/Dec/2024:05:22:18 +0100] "GET /ticket2/opencms/se/no/buy/?page=1&edid=58849721-189F-D09B-851E-CCAD1153A6C9&sortorder=asc&column=price HTTP/1.1" 404 -
114.119.131.180 - - [27/Dec/2024:05:22:20 +0100] "GET /ticket2/opencms/en/buy/?comcatid=A17713B6-D984-201A-4143-ED4DB5ED5C2E&catid=7ACC33AD-EE7E-AAA7-9050-0F4587759B87 HTTP/1.1" 200 6410
95.217.195.123 - - [27/Dec/2024:05:22:22 +0100] "GET /ticket2/opencms/se/sv/buy/?page=1&edid=B01EB766-CA7D-1A19-0DC1-D3305DF28EF7&sortorder=desc&column=row HTTP/1.1" 404 -
52.167.144.17 - - [27/Dec/2024:05:22:22 +0100] "GET /ticket2/opencms/en/buy/?comcatid=A17713B6-D984-201A-4143-ED4DB5ED5C2E HTTP/1.1" 200 6410
84.247.128.30 - - [27/Dec/2024:05:22:23 +0100] "GET /ticket2/opencms/se/no/buy/?page=1&edid=58849721-189F-D09B-851E-CCAD1153A6C9&sortorder=asc&column=row HTTP/1.1" 404 -
47.128.16.25 - - [27/Dec/2024:05:22:24 +0100] "GET /ticket2/opencms/robots.txt HTTP/1.1" 200 773
84.247.128.30 - - [27/Dec/2024:05:22:28 +0100] "GET /ticket2/opencms/se/no/buy/?page=1&edid=58849721-189F-D09B-851E-CCAD1153A6C9&sortorder=asc&column=section HTTP/1.1" 404 -
95.217.195.123 - - [27/Dec/2024:05:22:30 +0100] "GET /ticket2/opencms/se/sv/buy/?page=1&edid=B0A7B93D-B4B8-4787-14E2-3435BF39BB42&sortorder=desc&column=section HTTP/1.1" 404 -
85.208.96.195 - - [27/Dec/2024:05:22:31 +0100] "GET /ticket2/opencms/nl/sport/voetbal-tickets/la_liga/hercules/ HTTP/1.1" 200 85561
52.167.144.197 - - [27/Dec/2024:05:22:31 +0100] "GET /ticket2/opencms/fi/buy?page=1&edid=30B90E18-08FF-50F0-57E7-09B58974F8E4 HTTP/1.1" 200 113520
84.247.128.30 - - [27/Dec/2024:05:22:33 +0100] "GET /ticket2/opencms/se/no/buy/?page=1&edid=58849721-189F-D09B-851E-CCAD1153A6C9&sortorder=desc&column=price HTTP/1.1" 404 -
84.247.128.30 - - [27/Dec/2024:05:22:37 +0100] "GET /ticket2/opencms/se/no/buy/?page=1&edid=58849721-189F-D09B-851E-CCAD1153A6C9&sortorder=desc&column=row HTTP/1.1" 404 -
85.208.96.209 - - [27/Dec/2024:05:22:39 +0100] "GET /ticket2/opencms/sv/magazine/article?title=em-stjarnorna-som-googlas-mest-och-storst-pa-instagram HTTP/1.1" 200 112364
95.217.195.123 - - [27/Dec/2024:05:22:39 +0100] "GET /ticket2/opencms/se/sv/buy/?page=1&edid=B0D5163C-4275-4174-A853-F0FCD7B54F1F&sortorder=asc&column=row HTTP/1.1" 404 -
84.247.128.30 - - [27/Dec/2024:05:22:42 +0100] "GET /ticket2/opencms/se/no/buy/?page=1&edid=58849721-189F-D09B-851E-CCAD1153A6C9&sortorder=desc&column=section HTTP/1.1" 404 -
84.247.128.30 - - [27/Dec/2024:05:22:47 +0100] "GET /ticket2/opencms/se/no/buy/?page=1&edid=595B8CB0-570C-BECE-2B96-53CB04F64A65&sortorder=asc&column=price HTTP/1.1" 404 -
95.217.195.123 - - [27/Dec/2024:05:22:47 +0100] "GET /ticket2/opencms/se/sv/buy/?page=1&edid=B0D5163C-4275-4174-A853-F0FCD7B54F1F&sortorder=asc&column=section HTTP/1.1" 404 -
84.247.128.30 - - [27/Dec/2024:05:22:52 +0100] "GET /ticket2/opencms/se/no/buy/?page=1&edid=595B8CB0-570C-BECE-2B96-53CB04F64A65&sortorder=asc&column=row HTTP/1.1" 404 -
95.217.195.123 - - [27/Dec/2024:05:22:56 +0100] "GET /ticket2/opencms/se/sv/buy/?page=1&edid=B0D5163C-4275-4174-A853-F0FCD7B54F1F&sortorder=desc&column=row HTTP/1.1" 404 -
84.247.128.30 - - [27/Dec/2024:05:22:56 +0100] "GET /ticket2/opencms/se/no/buy/?page=1&edid=595B8CB0-570C-BECE-2B96-53CB04F64A65&sortorder=asc&column=section HTTP/1.1" 404 -
84.247.128.30 - - [27/Dec/2024:05:23:01 +0100] "GET /ticket2/opencms/se/no/buy/?page=1&edid=595B8CB0-570C-BECE-2B96-53CB04F64A65&sortorder=desc&column=price HTTP/1.1" 404 -
95.217.195.123 - - [27/Dec/2024:05:23:01 +0100] "GET /ticket2/opencms/se/sv/buy/?page=1&edid=B0D5163C-4275-4174-A853-F0FCD7B54F1F&sortorder=desc&column=section HTTP/1.1" 404 -
189.1.219.149 - - [27/Dec/2024:05:23:03 +0100] "GET /ticket2/opencms/no/affiliateprogram.html HTTP/1.1" 200 89885
84.247.128.30 - - [27/Dec/2024:05:23:06 +0100] "GET /ticket2/opencms/se/no/buy/?page=1&edid=595B8CB0-570C-BECE-2B96-53CB04F64A65&sortorder=desc&column=row HTTP/1.1" 404 -
95.217.195.123 - - [27/Dec/2024:05:23:09 +0100] "GET /ticket2/opencms/se/sv/buy/?page=1&edid=B0E4CC3A-66D1-7CAF-A087-4A0296858788 HTTP/1.1" 404 -
84.247.128.30 - - [27/Dec/2024:05:23:11 +0100] "GET /ticket2/opencms/se/no/buy/?page=1&edid=595B8CB0-570C-BECE-2B96-53CB04F64A65&sortorder=desc&column=section HTTP/1.1" 404 -
84.247.128.30 - - [27/Dec/2024:05:23:15 +0100] "GET /ticket2/opencms/se/no/buy/?page=1&edid=6750BD34-C29C-E045-3680-25A7647342F8 HTTP/1.1" 404 -
95.217.195.123 - - [27/Dec/2024:05:23:16 +0100] "GET /ticket2/opencms/se/sv/buy/?page=1&edid=B10AF00E-0324-7445-7D15-B9217548CB2C HTTP/1.1" 404 -
84.247.128.30 - - [27/Dec/2024:05:23:20 +0100] "GET /ticket2/opencms/se/no/buy/?page=1&edid=69463D93-1B94-ECEF-559A-83CDF9B19DD4&sortorder=asc&column=price HTTP/1.1" 404 -
85.208.96.208 - - [27/Dec/2024:05:23:20 +0100] "GET /ticket2/opencms/no/sport/fotballsbilletter/champions_league/psg/ HTTP/1.1" 200 88224
114.119.140.111 - - [27/Dec/2024:05:23:21 +0100] "GET /ticket2/opencms/en/venue/?venueid=A0215E07-B078-8AA5-6DA4-5B2EADC61CED HTTP/1.1" 200 85102
52.167.144.197 - - [27/Dec/2024:05:23:21 +0100] "GET /ticket2/opencms/hu/buy?page=1&edid=80EC9BE4-423E-910F-0C1D-DE63B8ED3287 HTTP/1.1" 200 113343
89.246.241.14 - - [27/Dec/2024:05:23:23 +0100] "GET /ticket2/opencms/en/about/press HTTP/1.1" 200 88443
95.217.195.123 - - [27/Dec/2024:05:23:23 +0100] "GET /ticket2/opencms/se/sv/buy/?page=1&edid=B1DFC9EC-D2C4-76B2-A8EC-9DB1DA34315C HTTP/1.1" 404 -
84.247.128.30 - - [27/Dec/2024:05:23:25 +0100] "GET /ticket2/opencms/se/no/buy/?page=1&edid=69463D93-1B94-ECEF-559A-83CDF9B19DD4&sortorder=asc&column=row HTTP/1.1" 404 -
84.247.128.30 - - [27/Dec/2024:05:23:30 +0100] "GET /ticket2/opencms/se/no/buy/?page=1&edid=7A7AA818-DDC7-0640-E83C-722520D16871&sortorder=asc&column=price HTTP/1.1" 404 -
95.217.195.123 - - [27/Dec/2024:05:23:32 +0100] "GET /ticket2/opencms/se/sv/buy/?page=1&edid=B1DFC9EC-D2C4-76B2-A8EC-9DB1DA34315C&sortorder=desc&column=price HTTP/1.1" 404 -
47.238.13.10 - - [27/Dec/2024:05:23:32 +0100] "GET /ticket2/opencms/no/buy/?page=1&edid=8D916C6C-0A69-41F7-4678-427710F013C6 HTTP/1.1" 200 138406
84.247.128.30 - - [27/Dec/2024:05:23:34 +0100] "GET /ticket2/opencms/se/no/buy/?page=1&edid=7A7AA818-DDC7-0640-E83C-722520D16871&sortorder=asc&column=row HTTP/1.1" 404 -
95.217.195.123 - - [27/Dec/2024:05:23:38 +0100] "GET /ticket2/opencms/se/sv/buy/?page=1&edid=B2BF22CA-FF99-6F1A-6DFD-9AA67B6F3634 HTTP/1.1" 404 -
114.119.133.220 - - [27/Dec/2024:05:23:38 +0100] "GET /ticket2/opencms/en/login/?url=/en/sell/ HTTP/1.1" 200 89828
84.247.128.30 - - [27/Dec/2024:05:23:39 +0100] "GET /ticket2/opencms/se/no/buy/?page=1&edid=7A7AA818-DDC7-0640-E83C-722520D16871&sortorder=asc&column=section HTTP/1.1" 404 -
84.247.128.30 - - [27/Dec/2024:05:23:44 +0100] "GET /ticket2/opencms/se/no/buy/?page=1&edid=7B13364F-9EE2-FFC9-44E1-6055539DCB61&sortorder=asc&column=row HTTP/1.1" 404 -
95.217.195.123 - - [27/Dec/2024:05:23:45 +0100] "GET /ticket2/opencms/se/sv/buy/?page=1&edid=B3163364-11A7-18BA-CCD8-E7AC257CF300&sortorder=asc&column=price HTTP/1.1" 404 -
114.119.133.220 - - [27/Dec/2024:05:23:45 +0100] "GET /ticket2/opencms/en/venue/?venueid=D6CC3155-CB84-ABB2-ABC8-9ACE6AA05853 HTTP/1.1" 200 84884
85.208.96.207 - - [27/Dec/2024:05:23:45 +0100] "GET /ticket2/opencms/fi/urheilu/hockey/ HTTP/1.1" 200 -
84.247.128.30 - - [27/Dec/2024:05:23:49 +0100] "GET /ticket2/opencms/se/no/buy/?page=1&edid=7B13364F-9EE2-FFC9-44E1-6055539DCB61&sortorder=asc&column=section HTTP/1.1" 404 -
95.217.195.123 - - [27/Dec/2024:05:23:51 +0100] "GET /ticket2/opencms/se/sv/buy/?page=1&edid=B3163364-11A7-18BA-CCD8-E7AC257CF300&sortorder=asc&column=section HTTP/1.1" 404 -
47.128.118.139 - - [27/Dec/2024:05:23:53 +0100] "GET /ticket2/opencms/de/sport/fussball-tickets/champions-league/antwerp/ HTTP/1.1" 200 96550
185.191.171.8 - - [27/Dec/2024:05:23:53 +0100] "GET /ticket2/opencms/be/selling_tickets/ HTTP/1.1" 500 -
84.247.128.30 - - [27/Dec/2024:05:23:53 +0100] "GET /ticket2/opencms/se/no/buy/?page=1&edid=7B7E492E-BB04-D25B-639C-474D33D3E7BA&sortorder=asc&column=row HTTP/1.1" 404 -
95.108.213.210 - - [27/Dec/2024:05:23:54 +0100] "GET /ticket2/opencms/sv/sport/fotbollsbiljetter/premier_league/liverpool/ HTTP/1.1" 200 102294
95.217.195.123 - - [27/Dec/2024:05:23:58 +0100] "GET /ticket2/opencms/se/sv/buy/?page=1&edid=B3163364-11A7-18BA-CCD8-E7AC257CF300&sortorder=desc&column=price HTTP/1.1" 404 -
84.247.128.30 - - [27/Dec/2024:05:23:58 +0100] "GET /ticket2/opencms/se/no/buy/?page=1&edid=7B7E492E-BB04-D25B-639C-474D33D3E7BA&sortorder=asc&column=section HTTP/1.1" 404 -
85.208.96.206 - - [27/Dec/2024:05:23:59 +0100] "GET /ticket2/opencms/de/magazine/article?title=emirates-stadion HTTP/1.1" 200 95096
47.128.122.16 - - [27/Dec/2024:05:24:00 +0100] "GET /ticket2/opencms/fi/urheilu/jalkapallo/la-liga/alaves/ HTTP/1.1" 200 101144
47.128.122.16 - - [27/Dec/2024:05:24:01 +0100] "GET /ticket2/opencms/system/modules/com.gridnine.opencms.ticketbrokerage.site/resources/pics/banners/sv/la_liga_sv.png HTTP/1.1" 200 13455
84.247.128.30 - - [27/Dec/2024:05:24:03 +0100] "GET /ticket2/opencms/se/no/buy/?page=1&edid=8124925D-02E4-C992-3295-AAF8E791AD8B&sortorder=asc&column=price HTTP/1.1" 404 -
95.217.195.123 - - [27/Dec/2024:05:24:03 +0100] "GET /ticket2/opencms/se/sv/buy/?page=1&edid=B3FFE65A-30FC-32DE-3E3C-769263593BC1&sortorder=desc&column=row HTTP/1.1" 404 -
84.247.128.30 - - [27/Dec/2024:05:24:08 +0100] "GET /ticket2/opencms/se/no/buy/?page=1&edid=8124925D-02E4-C992-3295-AAF8E791AD8B&sortorder=asc&column=row HTTP/1.1" 404 -
95.217.195.123 - - [27/Dec/2024:05:24:10 +0100] "GET /ticket2/opencms/se/sv/buy/?page=1&edid=B4EC0635-7D95-B22D-B192-3848478AFE4A&sortorder=asc&column=price HTTP/1.1" 404 -
52.167.144.25 - - [27/Dec/2024:05:24:12 +0100] "GET /ticket2/opencms/dk/magazine/article?title=tottenham-burnley-2024-05-11 HTTP/1.1" 200 90263
84.247.128.30 - - [27/Dec/2024:05:24:13 +0100] "GET /ticket2/opencms/se/no/buy/?page=1&edid=8124925D-02E4-C992-3295-AAF8E791AD8B&sortorder=asc&column=section HTTP/1.1" 404 -
95.217.195.123 - - [27/Dec/2024:05:24:16 +0100] "GET /ticket2/opencms/se/sv/buy/?page=1&edid=B4EC0635-7D95-B22D-B192-3848478AFE4A&sortorder=asc&column=row HTTP/1.1" 404 -
84.247.128.30 - - [27/Dec/2024:05:24:18 +0100] "GET /ticket2/opencms/se/no/buy/?page=1&edid=82B136E6-285D-2514-CC84-CAC01A08B609&sortorder=asc&column=price HTTP/1.1" 404 -
85.208.96.205 - - [27/Dec/2024:05:24:21 +0100] "GET /ticket2/opencms/sv/buy_safety/ HTTP/1.1" 200 91089
95.217.195.123 - - [27/Dec/2024:05:24:22 +0100] "GET /ticket2/opencms/se/sv/buy/?page=1&edid=B4EC0635-7D95-B22D-B192-3848478AFE4A&sortorder=asc&column=section HTTP/1.1" 404 -
84.247.128.30 - - [27/Dec/2024:05:24:23 +0100] "GET /ticket2/opencms/se/no/buy/?page=1&edid=82B136E6-285D-2514-CC84-CAC01A08B609&sortorder=asc&column=row HTTP/1.1" 404 -
207.46.13.130 - - [27/Dec/2024:05:24:24 +0100] "GET /ticket2/opencms/no/magazine/article?title=chelsea-fcs-og-deres-kamp-for-stabilitet HTTP/1.1" 200 93218
84.247.128.30 - - [27/Dec/2024:05:24:29 +0100] "GET /ticket2/opencms/se/no/buy/?page=1&edid=82B136E6-285D-2514-CC84-CAC01A08B609&sortorder=asc&column=section HTTP/1.1" 404 -
95.217.195.123 - - [27/Dec/2024:05:24:29 +0100] "GET /ticket2/opencms/se/sv/buy/?page=1&edid=B4FC85CE-934D-C2FF-C197-68C576598958 HTTP/1.1" 404 -
85.208.96.212 - - [27/Dec/2024:05:24:29 +0100] "GET /ticket2/opencms/sr/magazine/article?title=tottenham-barnli-2024-05-11 HTTP/1.1" 200 91665
85.208.96.205 - - [27/Dec/2024:05:24:30 +0100] "GET /ticket2/opencms/sv/magazine/article?title=kylian-mbappe HTTP/1.1" 200 93076
85.208.96.201 - - [27/Dec/2024:05:24:33 +0100] "GET /ticket2/opencms/fr/sport/billets-football/serie_a/ HTTP/1.1" 200 102155
84.247.128.30 - - [27/Dec/2024:05:24:34 +0100] "GET /ticket2/opencms/se/no/buy/?page=1&edid=841F01BE-9A3A-AE33-4004-B13EAF3CAACE&sortorder=asc&column=price HTTP/1.1" 404 -
84.247.128.30 - - [27/Dec/2024:05:24:38 +0100] "GET /ticket2/opencms/se/no/buy/?page=1&edid=841F01BE-9A3A-AE33-4004-B13EAF3CAACE&sortorder=asc&column=row HTTP/1.1" 404 -
95.217.195.123 - - [27/Dec/2024:05:24:41 +0100] "GET /ticket2/opencms/se/sv/buy/?page=1&edid=9359554A-FD13-97BA-FBF7-F727D9759D7C&sortorder=asc&column=section HTTP/1.1" 404 -
84.247.128.30 - - [27/Dec/2024:05:24:43 +0100] "GET /ticket2/opencms/se/no/buy/?page=1&edid=8583C3B4-68A3-FF6C-44E3-F622BF6F6133&sortorder=asc&column=row HTTP/1.1" 404 -
47.128.127.222 - - [27/Dec/2024:05:24:44 +0100] "GET /ticket2/opencms/fi/venue/?venueid=3ED5EA9D-5706-84F2-16D2-FC98CC15FF4D HTTP/1.1" 200 86532
84.247.128.30 - - [27/Dec/2024:05:24:48 +0100] "GET /ticket2/opencms/se/no/buy/?page=1&edid=8583C3B4-68A3-FF6C-44E3-F622BF6F6133&sortorder=asc&column=section HTTP/1.1" 404 -
95.217.195.123 - - [27/Dec/2024:05:24:50 +0100] "GET /ticket2/opencms/se/sv/buy/?page=1&edid=93EAB1FB-E361-1C6A-65E8-48D7E58E8464 HTTP/1.1" 404 -
84.247.128.30 - - [27/Dec/2024:05:24:52 +0100] "GET /ticket2/opencms/se/no/buy/?page=1&edid=859AFC52-CBE6-9F9D-BB23-1672BDAEEA65&sortorder=asc&column=price HTTP/1.1" 404 -
66.249.79.160 - - [27/Dec/2024:05:24:52 +0100] "GET /ticket2/opencms/is/buy?page=2&sodvid= HTTP/1.1" 200 116318
84.247.128.30 - - [27/Dec/2024:05:24:57 +0100] "GET /ticket2/opencms/se/no/buy/?page=1&edid=859AFC52-CBE6-9F9D-BB23-1672BDAEEA65&sortorder=asc&column=row HTTP/1.1" 404 -
185.191.171.7 - - [27/Dec/2024:05:24:58 +0100] "GET /ticket2/opencms/sv/sport/fotbollsbiljetter/la_liga/mallorca/ HTTP/1.1" 200 99179
95.217.195.123 - - [27/Dec/2024:05:24:59 +0100] "GET /ticket2/opencms/se/sv/buy/?page=1&edid=94027107-2733-BE0D-2930-4AD846A95CE4 HTTP/1.1" 404 -
66.249.79.99 - - [27/Dec/2024:05:25:01 +0100] "GET /ticket2/opencms/lv/buy/?page=1&edid=7D0034DE-60A0-B971-BE37-13F34A8B84FE HTTP/1.1" 200 112377
84.247.128.30 - - [27/Dec/2024:05:25:02 +0100] "GET /ticket2/opencms/se/no/buy/?page=1&edid=AD3034FC-07C9-DBD5-1F60-A35D880286B6&sortorder=asc&column=section HTTP/1.1" 404 -
52.167.144.17 - - [27/Dec/2024:05:25:06 +0100] "GET /ticket2/opencms/az/buy?page=1&edid=C8A0EA02-7961-BF28-677E-A1ED5DEA2F3D HTTP/1.1" 200 110172
84.247.128.30 - - [27/Dec/2024:05:25:07 +0100] "GET /ticket2/opencms/se/no/buy/?page=1&edid=B4FC85CE-934D-C2FF-C197-68C576598958&sortorder=desc&column=section HTTP/1.1" 404 -
66.249.68.2 - - [27/Dec/2024:05:25:07 +0100] "GET /ticket2/opencms/cs/buy/?page=1&edid=979A80EE-C0D2-57E0-C882-1064B868BC30 HTTP/1.1" 200 113162
95.217.195.123 - - [27/Dec/2024:05:25:07 +0100] "GET /ticket2/opencms/se/sv/buy/?page=1&edid=9494FC4F-F552-A105-03DC-9240AF0DDC45 HTTP/1.1" 404 -
47.128.57.94 - - [27/Dec/2024:05:25:08 +0100] "GET /ticket2/opencms/cs/buy/?edid=DC909086-9C5C-EBAF-0F10-7C4FD4D0055C HTTP/1.1" 200 92680
84.247.128.30 - - [27/Dec/2024:05:25:12 +0100] "GET /ticket2/opencms/se/no/buy/?page=1&edid=BC81A9B9-DAA0-AAD8-65DE-038B140B862E&sortorder=desc&column=row HTTP/1.1" 404 -
95.217.195.123 - - [27/Dec/2024:05:25:16 +0100] "GET /ticket2/opencms/se/sv/buy/?page=1&edid=94C00F6B-FC53-0B34-A8F9-F3B70628243D HTTP/1.1" 404 -
84.247.128.30 - - [27/Dec/2024:05:25:16 +0100] "GET /ticket2/opencms/se/no/buy/?page=1&edid=BCCE5493-7F07-107D-7782-B1E85DBB415D&sortorder=desc&column=row HTTP/1.1" 404 -
66.249.79.5 - - [27/Dec/2024:05:25:18 +0100] "GET /ticket2/opencms/de/buy/?page=1&edid=D82A55E9-700E-0A50-F575-755C8E3E7147 HTTP/1.1" 200 111630
84.247.128.30 - - [27/Dec/2024:05:25:21 +0100] "GET /ticket2/opencms/se/no/buy/?page=1&edid=BD7F7FC5-0DF5-7ACB-57B0-E3B92454A7B0&sortorder=asc&column=price HTTP/1.1" 404 -
185.191.171.5 - - [27/Dec/2024:05:25:21 +0100] "GET /ticket2/opencms/az/magazine/article?title=manchester-city-dorduncu-il-ardicil-olaraq-cempion HTTP/1.1" 200 94268
185.191.171.14 - - [27/Dec/2024:05:25:22 +0100] "GET /ticket2/opencms/dk/sport/fodboldbilletter/premier-league/aston-villa/ HTTP/1.1" 200 99536
95.217.195.123 - - [27/Dec/2024:05:25:24 +0100] "GET /ticket2/opencms/se/sv/buy/?page=1&edid=9526AF0D-0D8C-34BF-A3E7-A80C1F296237 HTTP/1.1" 404 -
185.191.171.13 - - [27/Dec/2024:05:25:25 +0100] "GET /ticket2/opencms/it/magazine/article?title=tottenham-burnley-2024-05-11 HTTP/1.1" 200 91186
84.247.128.30 - - [27/Dec/2024:05:25:26 +0100] "GET /ticket2/opencms/se/no/buy/?page=1&edid=BD7F7FC5-0DF5-7ACB-57B0-E3B92454A7B0&sortorder=asc&column=row HTTP/1.1" 404 -
47.128.60.207 - - [27/Dec/2024:05:25:29 +0100] "GET /ticket2/opencms/es/magazine/article?title=la-nations-league-esta-en-pleno-desarrollo HTTP/1.1" 200 94262
84.247.128.30 - - [27/Dec/2024:05:25:30 +0100] "GET /ticket2/opencms/se/no/buy/?page=1&edid=BD7F7FC5-0DF5-7ACB-57B0-E3B92454A7B0&sortorder=asc&column=section HTTP/1.1" 404 -
47.128.60.207 - - [27/Dec/2024:05:25:30 +0100] "GET /ticket2/opencms/img/fb.png HTTP/1.1" 200 1269
47.128.60.207 - - [27/Dec/2024:05:25:31 +0100] "GET /ticket2/opencms/img/check.png HTTP/1.1" 200 548
66.249.68.4 - - [27/Dec/2024:05:25:31 +0100] "GET /ticket2/opencms/de/ HTTP/1.1" 200 101240
47.128.60.207 - - [27/Dec/2024:05:25:31 +0100] "GET /ticket2/opencms/img/mail.png HTTP/1.1" 200 403
95.217.195.123 - - [27/Dec/2024:05:25:32 +0100] "GET /ticket2/opencms/se/sv/buy/?page=1&edid=9526AF0D-0D8C-34BF-A3E7-A80C1F296237&sortorder=desc&column=section HTTP/1.1" 404 -
40.77.167.46 - - [27/Dec/2024:05:25:35 +0100] "GET /ticket2/opencms/hu/buy?page=6&comcatid=A17713B6-D984-201A-4143-ED4DB5ED5C2E&catid=21C3854B-901E-11F9-7B7D-6838CC6AFAA4 HTTP/1.1" 200 6410
84.247.128.30 - - [27/Dec/2024:05:25:35 +0100] "GET /ticket2/opencms/se/no/buy/?page=1&edid=BE3989E9-E417-FEC1-0DE3-5B20F52B6312&sortorder=asc&column=price HTTP/1.1" 404 -
85.208.96.208 - - [27/Dec/2024:05:25:38 +0100] "GET /ticket2/opencms/is/magazine/article?title=eredivisie HTTP/1.1" 200 95606
52.167.144.17 - - [27/Dec/2024:05:25:40 +0100] "GET /ticket2/opencms/mt/buy?page=1&edid=037C183B-A00E-085D-5072-5B2FA6CE1346 HTTP/1.1" 200 112286
84.247.128.30 - - [27/Dec/2024:05:25:40 +0100] "GET /ticket2/opencms/se/no/buy/?page=1&edid=C03521F2-41EE-6C48-45C4-DE14E2CF6CA2&sortorder=asc&column=section HTTP/1.1" 404 -
95.217.195.123 - - [27/Dec/2024:05:25:40 +0100] "GET /ticket2/opencms/se/sv/buy/?page=1&edid=95ABEEA7-578D-3788-87FE-97E37F7989AE HTTP/1.1" 404 -
47.238.13.3 - - [27/Dec/2024:05:25:40 +0100] "GET /ticket2/opencms/fi/buy/?page=1&edid=6C1ED87B-DDA5-3BB2-3EDA-87860E37D5E0 HTTP/1.1" 200 119081
84.247.128.30 - - [27/Dec/2024:05:25:45 +0100] "GET /ticket2/opencms/se/no/buy/?page=1&edid=C0E71D3B-DC0E-DD9D-0716-7AD40A999541&sortorder=asc&column=price HTTP/1.1" 404 -
95.217.195.123 - - [27/Dec/2024:05:25:48 +0100] "GET /ticket2/opencms/se/sv/buy/?page=1&edid=95ABEEA7-578D-3788-87FE-97E37F7989AE&sortorder=desc&column=price HTTP/1.1" 404 -
84.247.128.30 - - [27/Dec/2024:05:25:49 +0100] "GET /ticket2/opencms/se/no/buy/?page=1&edid=C0E71D3B-DC0E-DD9D-0716-7AD40A999541&sortorder=asc&column=section HTTP/1.1" 404 -
85.208.96.198 - - [27/Dec/2024:05:25:51 +0100] "GET /ticket2/opencms/no/sport/fotballsbilletter/la_liga/girona/ HTTP/1.1" 200 92877
185.191.171.5 - - [27/Dec/2024:05:25:51 +0100] "GET /ticket2/opencms/cs/magazine/article?title=o-arsenal-fc HTTP/1.1" 200 93741
52.167.144.18 - - [27/Dec/2024:05:25:53 +0100] "GET /ticket2/opencms/sv/magazine/article?title=ruben-amorim-blev-ny-tranare-for-manchester-united HTTP/1.1" 200 92632
84.247.128.30 - - [27/Dec/2024:05:25:54 +0100] "GET /ticket2/opencms/se/no/buy/?page=1&edid=C0FFA6FD-32FA-9A10-CB6E-3A2F4E87A6FA&sortorder=asc&column=section HTTP/1.1" 404 -
213.142.97.195 - - [27/Dec/2024:05:25:56 +0100] "GET /ticket2/opencms/system/modules/com.gridnine.opencms.ticketbrokerage.site/resources/js/standard.js HTTP/1.1" 200 3978
213.142.97.195 - - [27/Dec/2024:05:25:57 +0100] "GET /ticket2/opencms/img/icons/ticket2.thumbnail.png HTTP/1.1" 200 21519
95.217.195.123 - - [27/Dec/2024:05:25:57 +0100] "GET /ticket2/opencms/se/sv/buy/?page=1&edid=95ABEEA7-578D-3788-87FE-97E37F7989AE&sortorder=desc&column=row HTTP/1.1" 404 -
84.247.128.30 - - [27/Dec/2024:05:25:59 +0100] "GET /ticket2/opencms/se/no/buy/?page=1&edid=C117AED7-EC39-A674-9EB2-6A08DB41E7C9&sortorder=asc&column=price HTTP/1.1" 404 -
84.247.128.30 - - [27/Dec/2024:05:26:04 +0100] "GET /ticket2/opencms/se/no/buy/?page=1&edid=C2A79993-E70B-426D-9013-A8F409E2602A&sortorder=asc&column=section HTTP/1.1" 404 -
95.217.195.123 - - [27/Dec/2024:05:26:05 +0100] "GET /ticket2/opencms/se/sv/buy/?page=1&edid=95ABEEA7-578D-3788-87FE-97E37F7989AE&sortorder=desc&column=section HTTP/1.1" 404 -
84.247.128.30 - - [27/Dec/2024:05:26:09 +0100] "GET /ticket2/opencms/se/no/buy/?page=1&edid=C3C85BA9-2E4B-C378-8825-4A7128A5F236&sortorder=asc&column=section HTTP/1.1" 404 -
206.168.34.125 - - [27/Dec/2024:05:26:10 +0100] "GET /ticket2/opencms/ HTTP/1.1" 302 -
85.208.96.212 - - [27/Dec/2024:05:26:11 +0100] "GET /ticket2/opencms/it/magazine/article?title=manchester-city HTTP/1.1" 200 94236
84.247.128.30 - - [27/Dec/2024:05:26:13 +0100] "GET /ticket2/opencms/se/no/buy/?page=1&edid=C4BA00AB-BDFC-3A0A-FE36-2E6A52B5950E&sortorder=asc&column=row HTTP/1.1" 404 -
95.217.195.123 - - [27/Dec/2024:05:26:15 +0100] "GET /ticket2/opencms/se/sv/buy/?page=1&edid=9617F64E-1CD5-5694-C586-13BBE4F219BD HTTP/1.1" 404 -
85.208.96.209 - - [27/Dec/2024:05:26:17 +0100] "GET /ticket2/opencms/sk/magazine/article?title=rozpis-zapasov-premier-league-premier-league-zapasy-20242025 HTTP/1.1" 200 92533
185.191.171.19 - - [27/Dec/2024:05:26:18 +0100] "GET /ticket2/opencms/sv/sport/fotbollsbiljetter/uefa-champions-league/lazio/ HTTP/1.1" 200 87627
84.247.128.30 - - [27/Dec/2024:05:26:18 +0100] "GET /ticket2/opencms/se/no/buy/?page=1&edid=C4C0CEFE-A8F1-501B-6E98-F6FC9EBE96A4&sortorder=asc&column=price HTTP/1.1" 404 -
185.191.171.16 - - [27/Dec/2024:05:26:21 +0100] "GET /ticket2/opencms/bg/magazine/article?title=rodrigo-bentancur-e-sedem-macha-nakazanie-sled-rasistki-komentar HTTP/1.1" 200 95615
95.217.195.123 - - [27/Dec/2024:05:26:22 +0100] "GET /ticket2/opencms/se/sv/buy/?page=1&edid=96631622-BA02-0E24-E1A0-9F44A4397FEB HTTP/1.1" 404 -
84.247.128.30 - - [27/Dec/2024:05:26:23 +0100] "GET /ticket2/opencms/se/no/buy/?page=1&edid=C4C0CEFE-A8F1-501B-6E98-F6FC9EBE96A4&sortorder=asc&column=row HTTP/1.1" 404 -
84.247.128.30 - - [27/Dec/2024:05:26:27 +0100] "GET /ticket2/opencms/se/no/buy/?page=1&edid=C4C0CEFE-A8F1-501B-6E98-F6FC9EBE96A4&sortorder=asc&column=section HTTP/1.1" 404 -
95.217.195.123 - - [27/Dec/2024:05:26:32 +0100] "GET /ticket2/opencms/se/sv/buy/?page=1&edid=96AC909E-5B9B-2325-5C76-5EFEF9923C58 HTTP/1.1" 404 -
84.247.128.30 - - [27/Dec/2024:05:26:32 +0100] "GET /ticket2/opencms/se/no/buy/?page=1&edid=C58087C9-0464-2443-9995-9C5C02D4C88F&sortorder=asc&column=price HTTP/1.1" 404 -
84.247.128.30 - - [27/Dec/2024:05:26:37 +0100] "GET /ticket2/opencms/se/no/buy/?page=1&edid=C58087C9-0464-2443-9995-9C5C02D4C88F&sortorder=asc&column=section HTTP/1.1" 404 -
95.217.195.123 - - [27/Dec/2024:05:26:40 +0100] "GET /ticket2/opencms/se/sv/buy/?page=1&edid=96F30A5D-14BE-BD60-0E2F-BB513D88813E HTTP/1.1" 404 -
84.247.128.30 - - [27/Dec/2024:05:26:42 +0100] "GET /ticket2/opencms/se/no/buy/?page=1&edid=C5E02AED-3D26-13F0-5095-0058A0BC3E62&sortorder=asc&column=price HTTP/1.1" 404 -
52.167.144.197 - - [27/Dec/2024:05:26:44 +0100] "GET /ticket2/opencms/nl/buy/?page=1&edid=FC303EBD-5096-3CBD-F53F-40405A5B8114 HTTP/1.1" 200 107494
84.247.128.30 - - [27/Dec/2024:05:26:47 +0100] "GET /ticket2/opencms/se/no/buy/?page=1&edid=C5E02AED-3D26-13F0-5095-0058A0BC3E62&sortorder=asc&column=section HTTP/1.1" 404 -
85.208.96.196 - - [27/Dec/2024:05:26:48 +0100] "GET /ticket2/opencms/fi/urheilu/tennis/ HTTP/1.1" 200 89203
95.217.195.123 - - [27/Dec/2024:05:26:49 +0100] "GET /ticket2/opencms/se/sv/buy/?page=1&edid=97FD3FB4-D972-2B5D-29FB-AD22F8A4FAFB HTTP/1.1" 404 -
185.191.171.5 - - [27/Dec/2024:05:26:51 +0100] "GET /ticket2/opencms/pl/magazine/article?title=rodrigo-bentancur-zawieszony-na-siedem-meczow-za-rasistowska-wypowiedz HTTP/1.1" 200 93509
84.247.128.30 - - [27/Dec/2024:05:26:51 +0100] "GET /ticket2/opencms/se/no/buy/?page=1&edid=C624B2E6-D832-C748-3C71-308D0CDEE890&sortorder=asc&column=price HTTP/1.1" 404 -
84.247.128.30 - - [27/Dec/2024:05:26:56 +0100] "GET /ticket2/opencms/se/no/buy/?page=1&edid=C624B2E6-D832-C748-3C71-308D0CDEE890&sortorder=asc&column=row HTTP/1.1" 404 -
206.168.34.125 - - [27/Dec/2024:05:26:56 +0100] "GET /ticket2/opencms/en/ HTTP/1.1" 200 100198
95.217.195.123 - - [27/Dec/2024:05:27:01 +0100] "GET /ticket2/opencms/se/sv/buy/?page=1&edid=97FD3FB4-D972-2B5D-29FB-AD22F8A4FAFB&sortorder=desc&column=price HTTP/1.1" 404 -
84.247.128.30 - - [27/Dec/2024:05:27:02 +0100] "GET /ticket2/opencms/se/no/buy/?page=1&edid=C624B2E6-D832-C748-3C71-308D0CDEE890&sortorder=asc&column=section HTTP/1.1" 404 -
47.128.110.33 - - [27/Dec/2024:05:27:06 +0100] "GET /ticket2/opencms/cs/buy/?edid=3332FDE7-1F4A-7217-A205-4DAC5ABE8927 HTTP/1.1" 200 92711
84.247.128.30 - - [27/Dec/2024:05:27:07 +0100] "GET /ticket2/opencms/se/no/buy/?page=1&edid=C7115D30-B8A3-CC93-65A1-FAEE93E7AAFA&sortorder=asc&column=price HTTP/1.1" 404 -
206.168.34.125 - - [27/Dec/2024:05:27:08 +0100] "GET /ticket2/opencms/img/icons/ticket2.thumbnail.png HTTP/1.1" 200 21519
185.191.171.10 - - [27/Dec/2024:05:27:09 +0100] "GET /ticket2/opencms/dk/sport/fodboldbilletter/champions_league/arsenal/ HTTP/1.1" 200 87913
190.92.205.7 - - [27/Dec/2024:05:27:10 +0100] "GET /ticket2/opencms/sk/buy?page=1&edid=B9407654-D1C6-43D7-8C6F-1D5985170F9F HTTP/1.1" 200 113287
95.217.195.123 - - [27/Dec/2024:05:27:11 +0100] "GET /ticket2/opencms/se/sv/buy/?page=1&edid=97FD3FB4-D972-2B5D-29FB-AD22F8A4FAFB&sortorder=desc&column=row HTTP/1.1" 404 -
84.247.128.30 - - [27/Dec/2024:05:27:12 +0100] "GET /ticket2/opencms/se/no/buy/?page=1&edid=F3756B07-2F5C-FFFD-72BE-0A74CDBD5EA0&sortorder=asc&column=section HTTP/1.1" 404 -
52.167.144.17 - - [27/Dec/2024:05:27:13 +0100] "GET /ticket2/opencms/en/buy/?id=81B744E7-1FEE-E757-C0AB-C7AF73CDE252 HTTP/1.1" 200 6410
114.119.139.202 - - [27/Dec/2024:05:27:13 +0100] "GET /ticket2/opencms/en/sell?edid=6750BD34-C29C-E045-3680-25A7647342F8 HTTP/1.1" 302 -
206.168.34.125 - - [27/Dec/2024:05:27:14 +0100] "GET /ticket2/opencms/favicon.ico HTTP/1.1" 200 15406
84.247.128.30 - - [27/Dec/2024:05:27:16 +0100] "GET /ticket2/opencms/se/no/buy/?page=1&edid=F3A6023D-F8D4-B558-EED3-42F5CB61B4B4&sortorder=desc&column=section HTTP/1.1" 404 -
114.119.139.202 - - [27/Dec/2024:05:27:18 +0100] "GET /ticket2/opencms/en/login/?url=/en/sell/ HTTP/1.1" 200 89827
95.217.195.123 - - [27/Dec/2024:05:27:19 +0100] "GET /ticket2/opencms/se/sv/buy/?page=1&edid=97FD3FB4-D972-2B5D-29FB-AD22F8A4FAFB&sortorder=desc&column=section HTTP/1.1" 404 -
84.247.128.30 - - [27/Dec/2024:05:27:21 +0100] "GET /ticket2/opencms/se/no/buy/?page=1&edid=F675517E-77A1-26BF-A8E7-E48FFFB49370&sortorder=asc&column=row HTTP/1.1" 404 -
52.167.144.197 - - [27/Dec/2024:05:27:22 +0100] "GET /ticket2/opencms/pl/buy?page=1&edid=B0841BB6-785C-A34F-868D-F0027058A6D0 HTTP/1.1" 200 111998
84.247.128.30 - - [27/Dec/2024:05:27:26 +0100] "GET /ticket2/opencms/se/no/buy/?page=1&edid=F675517E-77A1-26BF-A8E7-E48FFFB49370&sortorder=asc&column=section HTTP/1.1" 404 -
95.217.195.123 - - [27/Dec/2024:05:27:27 +0100] "GET /ticket2/opencms/se/sv/buy/?page=1&edid=9855A2C3-650C-23D8-F314-126B4A227928 HTTP/1.1" 404 -
89.246.241.14 - - [27/Dec/2024:05:27:28 +0100] "GET /ticket2/opencms/en/search.html?searchQuery=liverpool&submit= HTTP/1.1" 200 108952
40.77.167.46 - - [27/Dec/2024:05:27:34 +0100] "GET /ticket2/opencms/mo/buy?page=1&edid=A1B37D0F-A4BD-02A4-1307-231B5EF99F2B HTTP/1.1" 200 113037
40.77.167.46 - - [27/Dec/2024:05:27:35 +0100] "GET /ticket2/opencms/hu/buy?page=6&comcatid=A17713B6-D984-201A-4143-ED4DB5ED5C2E&catid=0A6C99D2-F5BD-7A18-9A5F-5668827042E0&eventid=95E8846F-148F-9D89-2E4D-7714EAEAF9EE HTTP/1.1" 200 6410
95.217.195.123 - - [27/Dec/2024:05:27:36 +0100] "GET /ticket2/opencms/se/sv/buy/?page=1&edid=98AE05DF-7259-780C-B8A1-9BDC5E73E210 HTTP/1.1" 404 -
85.208.96.202 - - [27/Dec/2024:05:27:43 +0100] "GET /ticket2/opencms/no/magazine/article?title=om-tottenham-hotspur-stadium HTTP/1.1" 200 98052
95.217.195.123 - - [27/Dec/2024:05:27:45 +0100] "GET /ticket2/opencms/se/sv/buy/?page=1&edid=98C1240D-E032-0B95-7573-C567C14D7D16&sortorder=asc&column=price HTTP/1.1" 404 -
85.208.96.202 - - [27/Dec/2024:05:27:49 +0100] "GET /ticket2/opencms/mo/sport/bilete-la-fotbal/serie-a/atalanta HTTP/1.1" 200 102570
95.217.195.123 - - [27/Dec/2024:05:27:53 +0100] "GET /ticket2/opencms/se/sv/buy/?page=1&edid=9DD4F3F0-2B3C-2E8D-D066-7DC7DDA8AEEF&sortorder=asc&column=price HTTP/1.1" 404 -
185.191.171.12 - - [27/Dec/2024:05:27:57 +0100] "GET /ticket2/opencms/fi/magazine/article?title=brentford-fc HTTP/1.1" 200 92570
85.208.96.210 - - [27/Dec/2024:05:27:59 +0100] "GET /ticket2/opencms/bs/magazine/article?title=fudbal HTTP/1.1" 200 93368
47.128.110.227 - - [27/Dec/2024:05:28:01 +0100] "GET /ticket2/opencms/fi/venue/?venueid=7943BD7F-85DA-A73F-DD60-967562D19B0E HTTP/1.1" 200 87208
47.128.35.4 - - [27/Dec/2024:05:28:02 +0100] "GET /ticket2/opencms/hr/buy/?edid=9298EE47-1A7F-20BC-182D-AD5062126FDE HTTP/1.1" 200 92603
95.217.195.123 - - [27/Dec/2024:05:28:02 +0100] "GET /ticket2/opencms/se/sv/buy/?page=1&edid=9DD4F3F0-2B3C-2E8D-D066-7DC7DDA8AEEF&sortorder=asc&column=section HTTP/1.1" 404 -
47.128.110.227 - - [27/Dec/2024:05:28:02 +0100] "GET /ticket2/opencms/venue/goodison_park.png HTTP/1.1" 200 179209
47.238.13.10 - - [27/Dec/2024:05:28:06 +0100] "GET /ticket2/opencms/fr/buy?page=1&edid=D48E81DA-781A-6693-9C8A-D43F3432BE61&sortorder=desc&column=section HTTP/1.1" 200 113859
95.217.195.123 - - [27/Dec/2024:05:28:10 +0100] "GET /ticket2/opencms/se/sv/buy/?page=1&edid=9E2C94FE-5D34-AB50-68DA-3224561463E2&sortorder=asc&column=section HTTP/1.1" 404 -
95.217.195.123 - - [27/Dec/2024:05:28:18 +0100] "GET /ticket2/opencms/se/sv/buy/?page=1&edid=A2EBEE55-0F02-EF65-FACF-A4CB04DC02EA&sortorder=desc&column=price HTTP/1.1" 404 -
114.119.140.111 - - [27/Dec/2024:05:28:20 +0100] "GET /ticket2/opencms/en/venue/?venueid=84B93D8A-8F8E-8AD6-E15A-BD8F16B36685 HTTP/1.1" 200 84983
185.191.171.15 - - [27/Dec/2024:05:28:24 +0100] "GET /ticket2/opencms/dk/sport/fodboldbilletter/la-liga/sevilla/ HTTP/1.1" 200 92717
95.217.195.123 - - [27/Dec/2024:05:28:26 +0100] "GET /ticket2/opencms/se/sv/buy/?page=1&edid=A2EBEE55-0F02-EF65-FACF-A4CB04DC02EA&sortorder=desc&column=row HTTP/1.1" 404 -
95.217.195.123 - - [27/Dec/2024:05:28:34 +0100] "GET /ticket2/opencms/se/sv/buy/?page=1&edid=B37AC691-C9A4-C565-F39D-9F0E1B23ADC0 HTTP/1.1" 404 -
52.167.144.17 - - [27/Dec/2024:05:28:35 +0100] "GET /ticket2/opencms/mo/buy?page=1&edid=848957BE-8671-4A4D-3A5C-F9117B76047A HTTP/1.1" 200 112563
92.220.35.158 - - [27/Dec/2024:05:28:37 +0100] "GET /ticket2/opencms/no?gad_source=1&gbraid=0AAAAADlS-t_CuHJ6rn9T8vfW49Sd-l86J&gclid=CjwKCAiAmrS7BhBJEiwAei59i_4esh7t9gaXQWotGXQG7yBHW6o8GXJvFACZJwee6gROUqf-Unxl9BoC4T4QAvD_BwE HTTP/1.1" 200 101526
92.220.35.158 - - [27/Dec/2024:05:28:37 +0100] "GET /ticket2/opencms/system/modules/com.gridnine.opencms.ticketbrokerage.site/resources/css/ticketbrokerage.css HTTP/1.1" 200 39339
92.220.35.158 - - [27/Dec/2024:05:28:37 +0100] "GET /ticket2/opencms/system/modules/com.gridnine.opencms.ticketbrokerage.site/resources/js/jquery/jquery-ui.js HTTP/1.1" 200 228088
92.220.35.158 - - [27/Dec/2024:05:28:37 +0100] "GET /ticket2/opencms/system/modules/com.gridnine.opencms.ticketbrokerage.site/resources/css/calendar.css HTTP/1.1" 200 6871
92.220.35.158 - - [27/Dec/2024:05:28:37 +0100] "GET /ticket2/opencms/system/modules/com.gridnine.opencms.ticketbrokerage.site/resources/css/jquery.fancybox.css HTTP/1.1" 200 4939
92.220.35.158 - - [27/Dec/2024:05:28:37 +0100] "GET /ticket2/opencms/system/modules/com.gridnine.opencms.ticketbrokerage.site/resources/css/jquery-ui.css HTTP/1.1" 200 33221
92.220.35.158 - - [27/Dec/2024:05:28:37 +0100] "GET /ticket2/opencms/system/modules/com.gridnine.opencms.ticketbrokerage.site/resources/css/standard.css HTTP/1.1" 200 73081
92.220.35.158 - - [27/Dec/2024:05:28:37 +0100] "GET /ticket2/opencms/system/modules/com.gridnine.opencms.ticketbrokerage.site/resources/js/jquery/jquery.js HTTP/1.1" 200 93868
92.220.35.158 - - [27/Dec/2024:05:28:37 +0100] "GET /ticket2/opencms/system/modules/com.gridnine.opencms.ticketbrokerage.site/resources/js/functions.js HTTP/1.1" 200 1583
92.220.35.158 - - [27/Dec/2024:05:28:37 +0100] "GET /ticket2/opencms/system/modules/com.gridnine.opencms.ticketbrokerage.site/resources/js/jquery.placeholder.min.js HTTP/1.1" 200 1737
92.220.35.158 - - [27/Dec/2024:05:28:37 +0100] "GET /ticket2/opencms/system/modules/com.gridnine.opencms.ticketbrokerage.site/resources/js/calendar-en.js HTTP/1.1" 200 3338
92.220.35.158 - - [27/Dec/2024:05:28:37 +0100] "GET /ticket2/opencms/system/modules/com.gridnine.opencms.ticketbrokerage.site/resources/js/calendar.js HTTP/1.1" 200 49229
92.220.35.158 - - [27/Dec/2024:05:28:37 +0100] "GET /ticket2/opencms/system/modules/com.gridnine.opencms.ticketbrokerage.site/resources/js/calendar-setup.js HTTP/1.1" 200 4923
92.220.35.158 - - [27/Dec/2024:05:28:37 +0100] "GET /ticket2/opencms/system/modules/com.gridnine.opencms.ticketbrokerage.site/resources/js/common-ajax.js HTTP/1.1" 200 20175
92.220.35.158 - - [27/Dec/2024:05:28:37 +0100] "GET /ticket2/opencms/system/modules/com.gridnine.opencms.ticketbrokerage.site/resources/js/jquery.fancybox.pack.js HTTP/1.1" 200 23187
92.220.35.158 - - [27/Dec/2024:05:28:37 +0100] "GET /ticket2/opencms/system/modules/com.gridnine.opencms.ticketbrokerage.site/resources/js/stickyfill.min.js HTTP/1.1" 200 5672
92.220.35.158 - - [27/Dec/2024:05:28:37 +0100] "GET /ticket2/opencms/system/modules/com.gridnine.opencms.ticketbrokerage.site/resources/js/standard.js HTTP/1.1" 200 3978
92.220.35.158 - - [27/Dec/2024:05:28:37 +0100] "GET /ticket2/opencms/img/icons/globe-white.png HTTP/1.1" 200 947
92.220.35.158 - - [27/Dec/2024:05:28:37 +0100] "GET /ticket2/opencms/system/modules/com.gridnine.opencms.ticketbrokerage.site/resources/pics/logo-new.png HTTP/1.1" 200 13541
92.220.35.158 - - [27/Dec/2024:05:28:37 +0100] "GET /ticket2/opencms/img/insta.png HTTP/1.1" 200 3967
92.220.35.158 - - [27/Dec/2024:05:28:37 +0100] "GET /ticket2/opencms/img/fb.png HTTP/1.1" 200 1269
92.220.35.158 - - [27/Dec/2024:05:28:37 +0100] "GET /ticket2/opencms/system/modules/com.gridnine.opencms.ticketbrokerage.site/resources/pics/footer-img.jpg HTTP/1.1" 200 67642
92.220.35.158 - - [27/Dec/2024:05:28:37 +0100] "GET /ticket2/opencms/img/check.png HTTP/1.1" 200 548
92.220.35.158 - - [27/Dec/2024:05:28:37 +0100] "GET /ticket2/opencms/img/icons/se.png HTTP/1.1" 200 1258
92.220.35.158 - - [27/Dec/2024:05:28:37 +0100] "GET /ticket2/opencms/img/mail.png HTTP/1.1" 200 403
92.220.35.158 - - [27/Dec/2024:05:28:37 +0100] "GET /ticket2/opencms/img/chat.png HTTP/1.1" 200 416
92.220.35.158 - - [27/Dec/2024:05:28:37 +0100] "GET /ticket2/opencms/img/arrow.png HTTP/1.1" 200 753
114.119.150.22 - - [27/Dec/2024:05:28:37 +0100] "GET /ticket2/opencms/en/venue/?venueid=BC2CC518-91EF-AA50-803C-4CF19EFA0DC6 HTTP/1.1" 200 85004
92.220.35.158 - - [27/Dec/2024:05:28:38 +0100] "GET /ticket2/opencms/img/icons/en.png HTTP/1.1" 200 2415
92.220.35.158 - - [27/Dec/2024:05:28:38 +0100] "GET /ticket2/opencms/img/icons/fi.png HTTP/1.1" 200 1785
92.220.35.158 - - [27/Dec/2024:05:28:38 +0100] "GET /ticket2/opencms/img/icons/no.png HTTP/1.1" 200 1958
92.220.35.158 - - [27/Dec/2024:05:28:38 +0100] "GET /ticket2/opencms/img/banner-pl.jpeg HTTP/1.1" 200 41818
92.220.35.158 - - [27/Dec/2024:05:28:38 +0100] "GET /ticket2/opencms/img/icons/dk.png HTTP/1.1" 200 1706
92.220.35.158 - - [27/Dec/2024:05:28:38 +0100] "GET /ticket2/opencms/img/icons/nl.png HTTP/1.1" 200 1255
92.220.35.158 - - [27/Dec/2024:05:28:38 +0100] "GET /ticket2/opencms/img/icons/de.png HTTP/1.1" 200 1124
92.220.35.158 - - [27/Dec/2024:05:28:38 +0100] "GET /ticket2/opencms/img/icons/fr.png HTTP/1.1" 200 1764
92.220.35.158 - - [27/Dec/2024:05:28:38 +0100] "GET /ticket2/opencms/img/icons/es.png HTTP/1.1" 200 1005
92.220.35.158 - - [27/Dec/2024:05:28:38 +0100] "GET /ticket2/opencms/img/icons/az.png HTTP/1.1" 200 1445
92.220.35.158 - - [27/Dec/2024:05:28:38 +0100] "GET /ticket2/opencms/img/icons/be.png HTTP/1.1" 200 1663
92.220.35.158 - - [27/Dec/2024:05:28:38 +0100] "GET /ticket2/opencms/img/icons/bs.png HTTP/1.1" 200 1014
92.220.35.158 - - [27/Dec/2024:05:28:38 +0100] "GET /ticket2/opencms/img/icons/bg.png HTTP/1.1" 200 788
92.220.35.158 - - [27/Dec/2024:05:28:38 +0100] "GET /ticket2/opencms/img/icons/hr.png HTTP/1.1" 200 2024
92.220.35.158 - - [27/Dec/2024:05:28:38 +0100] "GET /ticket2/opencms/img/icons/cs.png HTTP/1.1" 200 1883
92.220.35.158 - - [27/Dec/2024:05:28:39 +0100] "GET /ticket2/opencms/img/icons/et.png HTTP/1.1" 200 754
92.220.35.158 - - [27/Dec/2024:05:28:39 +0100] "GET /ticket2/opencms/img/icons/el.png HTTP/1.1" 200 1637
92.220.35.158 - - [27/Dec/2024:05:28:39 +0100] "GET /ticket2/opencms/img/icons/ka.png HTTP/1.1" 200 860
92.220.35.158 - - [27/Dec/2024:05:28:39 +0100] "GET /ticket2/opencms/img/icons/hu.png HTTP/1.1" 200 733
92.220.35.158 - - [27/Dec/2024:05:28:39 +0100] "GET /ticket2/opencms/img/icons/is.png HTTP/1.1" 200 1884
92.220.35.158 - - [27/Dec/2024:05:28:39 +0100] "GET /ticket2/opencms/img/icons/ga.png HTTP/1.1" 200 1759
92.220.35.158 - - [27/Dec/2024:05:28:39 +0100] "GET /ticket2/opencms/img/icons/lv.png HTTP/1.1" 200 716
92.220.35.158 - - [27/Dec/2024:05:28:39 +0100] "GET /ticket2/opencms/img/icons/lt.png HTTP/1.1" 200 733
92.220.35.158 - - [27/Dec/2024:05:28:39 +0100] "GET /ticket2/opencms/img/icons/mt.png HTTP/1.1" 200 920
92.220.35.158 - - [27/Dec/2024:05:28:39 +0100] "GET /ticket2/opencms/img/icons/mo.png HTTP/1.1" 200 1468
92.220.35.158 - - [27/Dec/2024:05:28:39 +0100] "GET /ticket2/opencms/img/icons/ro.png HTTP/1.1" 200 1393
92.220.35.158 - - [27/Dec/2024:05:28:39 +0100] "GET /ticket2/opencms/img/icons/sr.png HTTP/1.1" 200 1602
92.220.35.158 - - [27/Dec/2024:05:28:39 +0100] "GET /ticket2/opencms/img/icons/sk.png HTTP/1.1" 200 1283
92.220.35.158 - - [27/Dec/2024:05:28:39 +0100] "GET /ticket2/opencms/img/icons/sl.png HTTP/1.1" 200 966
92.220.35.158 - - [27/Dec/2024:05:28:39 +0100] "GET /ticket2/opencms/img/icons/uk.png HTTP/1.1" 200 1272
92.220.35.158 - - [27/Dec/2024:05:28:39 +0100] "GET /ticket2/opencms/img/icons/tr.png HTTP/1.1" 200 1636
92.220.35.158 - - [27/Dec/2024:05:28:39 +0100] "GET /ticket2/opencms/img/banner-ll.jpeg HTTP/1.1" 200 41825
92.220.35.158 - - [27/Dec/2024:05:28:39 +0100] "GET /ticket2/opencms/img/banner-sa.jpeg HTTP/1.1" 200 41270
92.220.35.158 - - [27/Dec/2024:05:28:39 +0100] "GET /ticket2/opencms/img/icons/sq.png HTTP/1.1" 200 1619
92.220.35.158 - - [27/Dec/2024:05:28:40 +0100] "GET /ticket2/opencms/img/icons/it.png HTTP/1.1" 200 2040
92.220.35.158 - - [27/Dec/2024:05:28:40 +0100] "GET /ticket2/opencms/img/icons/pl.png HTTP/1.1" 200 1578
92.220.35.158 - - [27/Dec/2024:05:28:40 +0100] "GET /ticket2/opencms/system/modules/com.gridnine.opencms.ticketbrokerage.site/resources/js/standard.js HTTP/1.1" 200 3978
92.220.35.158 - - [27/Dec/2024:05:28:40 +0100] "GET /ticket2/opencms/img/icons/ticket2.thumbnail.png HTTP/1.1" 200 21519
47.128.39.61 - - [27/Dec/2024:05:28:43 +0100] "GET /ticket2/opencms/en/sport/football-tickets/bundesliga/bayern-munchen/ HTTP/1.1" 404 -
95.217.195.123 - - [27/Dec/2024:05:28:44 +0100] "GET /ticket2/opencms/se/sv/buy/?page=1&edid=B3E810E8-D051-B949-4289-ACAD08512B5A&sortorder=desc&column=row HTTP/1.1" 404 -
114.119.140.85 - - [27/Dec/2024:05:28:44 +0100] "GET /ticket2/opencms/en/buy/?page=1&edid=8EF7EC9D-9BC8-1DEC-C27C-0541D5C5F471 HTTP/1.1" 200 126437
47.128.99.198 - - [27/Dec/2024:05:28:44 +0100] "GET /ticket2/opencms/fi/venue/?venueid=CECD7212-C0C4-A2C4-7CE4-4BCC2D51A2B1 HTTP/1.1" 200 86589
84.247.128.30 - - [27/Dec/2024:05:28:47 +0100] "GET /ticket2/opencms/se/no/buy/?page=1&edid=F78DC12D-B45B-D285-8414-628B02B61CCF&sortorder=asc&column=price HTTP/1.1" 404 -
185.191.171.12 - - [27/Dec/2024:05:28:48 +0100] "GET /ticket2/opencms/sk/magazine/article?title=manchester-city-vyhrava-premier-league HTTP/1.1" 200 92537
92.220.35.158 - - [27/Dec/2024:05:28:49 +0100] "GET /ticket2/opencms/no/sport/fotballsbilletter/premier_league/ HTTP/1.1" 200 98022
92.220.35.158 - - [27/Dec/2024:05:28:49 +0100] "GET /ticket2/opencms/system/modules/com.gridnine.opencms.ticketbrokerage.site/resources/pics/banners/sv/premier_league_sv.png HTTP/1.1" 200 13518
92.220.35.158 - - [27/Dec/2024:05:28:49 +0100] "GET /ticket2/opencms/system/modules/com.gridnine.opencms.ticketbrokerage.site/resources/js/calendar.js HTTP/1.1" 200 49229
92.220.35.158 - - [27/Dec/2024:05:28:49 +0100] "GET /ticket2/opencms/system/modules/com.gridnine.opencms.ticketbrokerage.site/resources/css/ticketbrokerage.css HTTP/1.1" 200 39339
92.220.35.158 - - [27/Dec/2024:05:28:49 +0100] "GET /ticket2/opencms/system/modules/com.gridnine.opencms.ticketbrokerage.site/resources/js/calendar-setup.js HTTP/1.1" 200 4923
92.220.35.158 - - [27/Dec/2024:05:28:49 +0100] "GET /ticket2/opencms/system/modules/com.gridnine.opencms.ticketbrokerage.site/resources/js/standard.js HTTP/1.1" 200 3978
92.220.35.158 - - [27/Dec/2024:05:28:49 +0100] "GET /ticket2/opencms/system/modules/com.gridnine.opencms.ticketbrokerage.site/resources/js/calendar-en.js HTTP/1.1" 200 3338
92.220.35.158 - - [27/Dec/2024:05:28:49 +0100] "GET /ticket2/opencms/system/modules/com.gridnine.opencms.ticketbrokerage.site/resources/js/functions.js HTTP/1.1" 200 1583
92.220.35.158 - - [27/Dec/2024:05:28:49 +0100] "GET /ticket2/opencms/system/modules/com.gridnine.opencms.ticketbrokerage.site/resources/css/standard.css HTTP/1.1" 200 73081
92.220.35.158 - - [27/Dec/2024:05:28:49 +0100] "GET /ticket2/opencms/system/modules/com.gridnine.opencms.ticketbrokerage.site/resources/css/calendar.css HTTP/1.1" 200 6871
95.217.195.123 - - [27/Dec/2024:05:28:52 +0100] "GET /ticket2/opencms/se/sv/buy/?page=1&edid=B4030CF5-B314-5DDA-40F9-72DC7FBE18CD&sortorder=desc&column=row HTTP/1.1" 404 -
84.247.128.30 - - [27/Dec/2024:05:28:52 +0100] "GET /ticket2/opencms/se/no/buy/?page=1&edid=F78DC12D-B45B-D285-8414-628B02B61CCF&sortorder=asc&column=row HTTP/1.1" 404 -
84.247.128.30 - - [27/Dec/2024:05:28:57 +0100] "GET /ticket2/opencms/se/no/buy/?page=1&edid=F78DC12D-B45B-D285-8414-628B02B61CCF&sortorder=asc&column=section HTTP/1.1" 404 -
85.208.96.211 - - [27/Dec/2024:05:28:59 +0100] "GET /ticket2/opencms/no/magazine/article?title=aston-villa-en-av-de-eldste-klubbene-i-premier-league HTTP/1.1" 200 93661
95.217.195.123 - - [27/Dec/2024:05:29:01 +0100] "GET /ticket2/opencms/se/sv/buy/?page=1&edid=B44FDB64-52B9-2FED-89FD-31A7E0881296 HTTP/1.1" 404 -
84.247.128.30 - - [27/Dec/2024:05:29:04 +0100] "GET /ticket2/opencms/se/no/buy/?page=1&edid=11E0F3F3-866B-8B11-2E4F-E306B11A08DD&sortorder=asc&column=price HTTP/1.1" 404 -
95.217.195.123 - - [27/Dec/2024:05:29:10 +0100] "GET /ticket2/opencms/se/sv/buy/?page=1&edid=B4C738A5-76B3-7898-6428-65EDFE327DB4 HTTP/1.1" 404 -
84.247.128.30 - - [27/Dec/2024:05:29:11 +0100] "GET /ticket2/opencms/se/no/buy/?page=1&edid=11E0F3F3-866B-8B11-2E4F-E306B11A08DD&sortorder=asc&column=row HTTP/1.1" 404 -
85.208.96.202 - - [27/Dec/2024:05:29:12 +0100] "GET /ticket2/opencms/de/magazine/article?title=die-zukunft-der-technologie-im-fussball HTTP/1.1" 200 94966
52.167.144.208 - - [27/Dec/2024:05:29:13 +0100] "GET /ticket2/opencms/fi/magazine/article?title=manchester-city-riskii-putoamisen HTTP/1.1" 200 92303
84.247.128.30 - - [27/Dec/2024:05:29:18 +0100] "GET /ticket2/opencms/se/no/buy/?page=1&edid=11E0F3F3-866B-8B11-2E4F-E306B11A08DD&sortorder=asc&column=section HTTP/1.1" 404 -
85.208.96.207 - - [27/Dec/2024:05:29:20 +0100] "GET /ticket2/opencms/fr/magazine/article?title=quest-ce-que-le-football HTTP/1.1" 200 95385
52.167.144.238 - - [27/Dec/2024:05:29:24 +0100] "GET /ticket2/opencms/el/magazine/article?title=o-rodrigo-bentancur-apokleisthke-gia-epta-agwnes-meta-apo-ratsistikh-dhlwsh HTTP/1.1" 200 96685
84.247.128.30 - - [27/Dec/2024:05:29:30 +0100] "GET /ticket2/opencms/se/no/buy/?page=1&edid=1401AD4A-779C-EB9C-2944-DAE28606BE93&sortorder=desc&column=price HTTP/1.1" 404 -
84.247.128.30 - - [27/Dec/2024:05:29:35 +0100] "GET /ticket2/opencms/se/ru/buy/?page=1&edid=C5BE8910-C31D-1B7A-D498-4C5862D3F5A8&sortorder=asc&column=price HTTP/1.1" 404 -
92.220.35.158 - - [27/Dec/2024:05:29:37 +0100] "GET /ticket2/opencms/no/sport/fotballsbilletter/premier_league/chelsea/ HTTP/1.1" 200 101424
92.220.35.158 - - [27/Dec/2024:05:29:37 +0100] "GET /ticket2/opencms/system/modules/com.gridnine.opencms.ticketbrokerage.site/resources/css/standard.css HTTP/1.1" 200 73081
92.220.35.158 - - [27/Dec/2024:05:29:37 +0100] "GET /ticket2/opencms/system/modules/com.gridnine.opencms.ticketbrokerage.site/resources/css/calendar.css HTTP/1.1" 200 6871
92.220.35.158 - - [27/Dec/2024:05:29:37 +0100] "GET /ticket2/opencms/system/modules/com.gridnine.opencms.ticketbrokerage.site/resources/js/standard.js HTTP/1.1" 200 3978
92.220.35.158 - - [27/Dec/2024:05:29:37 +0100] "GET /ticket2/opencms/system/modules/com.gridnine.opencms.ticketbrokerage.site/resources/js/calendar-setup.js HTTP/1.1" 200 4923
92.220.35.158 - - [27/Dec/2024:05:29:37 +0100] "GET /ticket2/opencms/system/modules/com.gridnine.opencms.ticketbrokerage.site/resources/css/ticketbrokerage.css HTTP/1.1" 200 39339
92.220.35.158 - - [27/Dec/2024:05:29:37 +0100] "GET /ticket2/opencms/system/modules/com.gridnine.opencms.ticketbrokerage.site/resources/js/calendar-en.js HTTP/1.1" 200 3338
92.220.35.158 - - [27/Dec/2024:05:29:37 +0100] "GET /ticket2/opencms/system/modules/com.gridnine.opencms.ticketbrokerage.site/resources/js/calendar.js HTTP/1.1" 200 49229
92.220.35.158 - - [27/Dec/2024:05:29:37 +0100] "GET /ticket2/opencms/system/modules/com.gridnine.opencms.ticketbrokerage.site/resources/js/functions.js HTTP/1.1" 200 1583
92.220.35.158 - - [27/Dec/2024:05:29:37 +0100] "GET /ticket2/opencms/system/modules/com.gridnine.opencms.ticketbrokerage.site/resources/pics/banners/Chelsea.jpg HTTP/1.1" 200 13056
52.167.144.209 - - [27/Dec/2024:05:29:38 +0100] "GET /ticket2/opencms/az/buy?page=1&edid=EA22A313-8EAF-86C7-31A1-A4D029D5E9C9 HTTP/1.1" 200 113497
84.247.128.30 - - [27/Dec/2024:05:29:39 +0100] "GET /ticket2/opencms/se/ru/buy/?page=1&edid=C5BE8910-C31D-1B7A-D498-4C5862D3F5A8&sortorder=asc&column=row HTTP/1.1" 404 -
85.208.96.207 - - [27/Dec/2024:05:29:39 +0100] "GET /ticket2/opencms/it/faq/ HTTP/1.1" 200 93238
185.191.171.16 - - [27/Dec/2024:05:29:40 +0100] "GET /ticket2/opencms/bg/magazine/article?title=uilyam-alen-andre-gabriel-saliba HTTP/1.1" 200 95994
84.247.128.30 - - [27/Dec/2024:05:29:44 +0100] "GET /ticket2/opencms/se/ru/buy/?page=1&edid=C5BE8910-C31D-1B7A-D498-4C5862D3F5A8&sortorder=asc&column=section HTTP/1.1" 404 -
85.208.96.210 - - [27/Dec/2024:05:29:45 +0100] "GET /ticket2/opencms/fi/urheilu/jalkapallo/serie_a/roma/ HTTP/1.1" 200 99209
85.208.96.211 - - [27/Dec/2024:05:29:47 +0100] "GET /ticket2/opencms/en/sport/football-tickets/premier_league/chelsea/ HTTP/1.1" 200 99338
84.247.128.30 - - [27/Dec/2024:05:29:49 +0100] "GET /ticket2/opencms/se/ru/buy/?page=1&edid=C87D073B-AE67-CB2F-38A2-458D7BBFFECB&sortorder=asc&column=price HTTP/1.1" 404 -
85.208.96.197 - - [27/Dec/2024:05:29:53 +0100] "GET /ticket2/opencms/fi/magazine/article?title=manchester-united HTTP/1.1" 200 91288
84.247.128.30 - - [27/Dec/2024:05:29:53 +0100] "GET /ticket2/opencms/se/ru/buy/?page=1&edid=C87D073B-AE67-CB2F-38A2-458D7BBFFECB&sortorder=asc&column=row HTTP/1.1" 404 -
84.247.128.30 - - [27/Dec/2024:05:29:58 +0100] "GET /ticket2/opencms/se/ru/buy/?page=1&edid=C87D073B-AE67-CB2F-38A2-458D7BBFFECB&sortorder=asc&column=section HTTP/1.1" 404 -
85.208.96.207 - - [27/Dec/2024:05:29:58 +0100] "GET /ticket2/opencms/be/sport/futbol-kvitki/champions-league/celtic/ HTTP/1.1" 200 96331
84.247.128.30 - - [27/Dec/2024:05:30:04 +0100] "GET /ticket2/opencms/se/ru/buy/?page=1&edid=C8BE8B3C-DCF5-5A10-3072-9A1A6B964BF1&sortorder=asc&column=price HTTP/1.1" 404 -
84.247.128.30 - - [27/Dec/2024:05:30:09 +0100] "GET /ticket2/opencms/se/ru/buy/?page=1&edid=C8BE8B3C-DCF5-5A10-3072-9A1A6B964BF1&sortorder=asc&column=row HTTP/1.1" 404 -
47.238.13.18 - - [27/Dec/2024:05:30:10 +0100] "GET /ticket2/opencms/fi/buy/?page=1&edid=348C0D4F-C07E-3755-DFEC-416D881A5AC9 HTTP/1.1" 200 122827
40.77.167.9 - - [27/Dec/2024:05:30:13 +0100] "GET /ticket2/opencms/nl/magazine/article?title=winnaar-van-de-gouden-bal-2024 HTTP/1.1" 200 91233
34.0.149.255 - - [27/Dec/2024:05:30:13 +0100] "GET /ticket2/opencms/ HTTP/1.1" 302 -
84.247.128.30 - - [27/Dec/2024:05:30:14 +0100] "GET /ticket2/opencms/se/ru/buy/?page=1&edid=C8BE8B3C-DCF5-5A10-3072-9A1A6B964BF1&sortorder=asc&column=section HTTP/1.1" 404 -
84.247.128.30 - - [27/Dec/2024:05:30:18 +0100] "GET /ticket2/opencms/se/ru/buy/?page=1&edid=C911FAED-AB24-3D1E-9FCD-5C4460E1968C&sortorder=asc&column=row HTTP/1.1" 404 -
185.191.171.14 - - [27/Dec/2024:05:30:20 +0100] "GET /ticket2/opencms/cs/magazine/article?title=chelsea-fc-a-jejich-boj-za-stabilitu HTTP/1.1" 200 94099
47.128.97.130 - - [27/Dec/2024:05:30:20 +0100] "GET /ticket2/opencms/lt/magazine/article HTTP/1.1" 200 88600
47.128.97.130 - - [27/Dec/2024:05:30:21 +0100] "GET /ticket2/opencms/img/mail.png HTTP/1.1" 200 403
84.247.128.30 - - [27/Dec/2024:05:30:23 +0100] "GET /ticket2/opencms/se/ru/buy/?page=1&edid=C911FAED-AB24-3D1E-9FCD-5C4460E1968C&sortorder=asc&column=section HTTP/1.1" 404 -
