85.208.96.207 - - [27/Dec/2024:02:46:19 +0100] "GET /ticket2/opencms/dk/magazine/article?title=ruben-amorim-blev-ny-traener-for-manchester-united HTTP/1.1" 200 92370
85.208.96.209 - - [27/Dec/2024:02:46:22 +0100] "GET /ticket2/opencms/nl/magazine/article?title=winnaar-van-de-gouden-bal-2024 HTTP/1.1" 200 91213
185.191.171.6 - - [27/Dec/2024:02:46:28 +0100] "GET /ticket2/opencms/dk/magazine/article?title=om-tottenham-hotspur-stadium HTTP/1.1" 200 97239
85.208.96.207 - - [27/Dec/2024:02:46:37 +0100] "GET /ticket2/opencms/no/sport/ishockey/nhl/la-kings/ HTTP/1.1" 200 88167
47.238.13.17 - - [27/Dec/2024:02:46:42 +0100] "GET /ticket2/opencms/bs/buy?page=1&edid=1BF80C33-B195-62CF-DC0D-7E03BCB8BD2C&sortorder=asc&column=row HTTP/1.1" 200 115155
18.227.72.27 - - [27/Dec/2024:02:46:42 +0100] "GET /ticket2/opencms/hr/buy?edid=9444713B-A9BE-A3F5-4A66-33B8EFDAEFB0&page=1 HTTP/1.1" 200 112692
85.208.96.197 - - [27/Dec/2024:02:46:43 +0100] "GET /ticket2/opencms/ga/magazine/article?title=viktor-gyokeres-go-manchester-united HTTP/1.1" 200 92787
185.191.171.6 - - [27/Dec/2024:02:46:46 +0100] "GET /ticket2/opencms/it/magazine/article?title=come-funziona-sul-campo-da-calcio HTTP/1.1" 200 89967
52.167.144.158 - - [27/Dec/2024:02:46:55 +0100] "GET /ticket2/opencms/sv/buy?page=1&edid=8A676299-B54E-C301-442A-823ABEA189C5 HTTP/1.1" 200 118261
52.167.144.158 - - [27/Dec/2024:02:46:59 +0100] "GET /ticket2/opencms/es/buy?page=1&edid=4D569333-A725-AF23-311D-520AB9757B29 HTTP/1.1" 200 113093
52.167.144.158 - - [27/Dec/2024:02:47:01 +0100] "GET /ticket2/opencms/hu/buy?page=1&edid=8B2EF130-37EC-A547-CC41-754692687217 HTTP/1.1" 200 113937
66.249.76.204 - - [27/Dec/2024:02:47:02 +0100] "GET /ticket2/opencms/hr/magazine/article?title=prva-pobjeda-ipswicha-u-premier-ligi-nakon-22-godine HTTP/1.1" 200 93156
66.249.79.197 - - [27/Dec/2024:02:47:05 +0100] "GET /ticket2/opencms/sv/buy/?page=6&comcatid=A17713B6-D984-201A-4143-ED4DB5ED5C2E&catid=06324577-7173-BAB0-146D-E644C912F7C1&eventid=F6265060-8333-20CB-0429-405892258667 HTTP/1.1" 200 6410
114.119.130.178 - - [27/Dec/2024:02:47:07 +0100] "GET /ticket2/opencms/en/venue/?venueid=E4A26DC2-259C-956F-C1B9-047939CC2CD2 HTTP/1.1" 200 85056
40.77.167.70 - - [27/Dec/2024:02:47:08 +0100] "GET /ticket2/opencms/nl/magazine/article?title=newcastle HTTP/1.1" 200 88357
185.191.171.16 - - [27/Dec/2024:02:47:10 +0100] "GET /ticket2/opencms/dk/magazine/article?title=ballon-dor-vinder-2024 HTTP/1.1" 200 92177
85.208.96.202 - - [27/Dec/2024:02:47:19 +0100] "GET /ticket2/opencms/nl/magazine/article?title=erling-braut-haaland HTTP/1.1" 200 91022
40.77.167.58 - - [27/Dec/2024:02:47:24 +0100] "GET /ticket2/opencms/dk/magazine/article?title=legenden-i-hed-ordveksling-med-supporter HTTP/1.1" 200 92661
66.249.76.231 - - [27/Dec/2024:02:47:34 +0100] "GET /ticket2/opencms/fi/buy/?page=1&edid=7EE6FDFE-D5C7-871C-1D44-A83A22170314 HTTP/1.1" 200 132982
66.249.68.35 - - [27/Dec/2024:02:47:41 +0100] "GET /ticket2/opencms/bg/buy/?page=1&edid=428E58E3-B3C1-2F0F-E2C9-023C8EA16898 HTTP/1.1" 200 115759
85.208.96.202 - - [27/Dec/2024:02:47:45 +0100] "GET /ticket2/opencms/fi/musikaalit/ HTTP/1.1" 200 92847
47.128.127.151 - - [27/Dec/2024:02:47:46 +0100] "GET /ticket2/opencms/fi/buy/?edid=24A843F5-AE99-1BDD-5A34-93381BE14187 HTTP/1.1" 200 92448
3.138.114.198 - - [27/Dec/2024:02:47:47 +0100] "GET /ticket2/opencms/no/buy/?edid=9444713B-A9BE-A3F5-4A66-33B8EFDAEFB0&page=1 HTTP/1.1" 200 112255
185.191.171.6 - - [27/Dec/2024:02:47:55 +0100] "GET /ticket2/opencms/robots.txt HTTP/1.1" 200 773
185.191.171.15 - - [27/Dec/2024:02:47:57 +0100] "GET /ticket2/opencms/el/magazine/article?title=h-prwth-nikh-ths-ipswich-sthn-premier-league-meta-apo-22-xronia HTTP/1.1" 200 96284
47.128.97.77 - - [27/Dec/2024:02:48:01 +0100] "GET /ticket2/opencms/dk/sport/fodboldbilletter/bundesliga/frankfurt/ HTTP/1.1" 200 99669
47.128.97.77 - - [27/Dec/2024:02:48:02 +0100] "GET /ticket2/opencms/system/modules/com.gridnine.opencms.ticketbrokerage.site/resources/pics/banners/sv/Eintracht_Frankfurt.jpg HTTP/1.1" 200 37795
47.128.97.77 - - [27/Dec/2024:02:48:03 +0100] "GET /ticket2/opencms/system/modules/com.gridnine.opencms.ticketbrokerage.site/resources/css/images/event-banner.png HTTP/1.1" 404 -
66.249.79.103 - - [27/Dec/2024:02:48:08 +0100] "GET /ticket2/opencms/se/robots.txt HTTP/1.1" 404 -
5.102.173.71 - - [27/Dec/2024:02:48:10 +0100] "GET /ticket2/opencms/robots.txt HTTP/1.1" 200 773
5.102.173.71 - - [27/Dec/2024:02:48:12 +0100] "GET /ticket2/opencms/mo/sport/bilete-la-fotbal/premier-league/chelsea HTTP/1.1" 200 102341
85.208.96.205 - - [27/Dec/2024:02:48:13 +0100] "GET /ticket2/opencms/dk/sport/fodboldbilletter/bundesliga/wolfsburg/ HTTP/1.1" 200 92946
3.137.198.181 - - [27/Dec/2024:02:48:16 +0100] "GET /ticket2/opencms/mt/buy?edid=9444713B-A9BE-A3F5-4A66-33B8EFDAEFB0&page=1 HTTP/1.1" 200 113152
47.128.117.92 - - [27/Dec/2024:02:48:20 +0100] "GET /ticket2/opencms/ka/buy/?edid=A457FF13-7A37-0365-AFA9-2CC7C635642A HTTP/1.1" 200 94806
114.119.140.111 - - [27/Dec/2024:02:48:21 +0100] "GET /ticket2/opencms/en/venue/?countryid=397EE7D1-C7FC-902D-F9A7-02173E5367FD HTTP/1.1" 200 114372
85.208.96.206 - - [27/Dec/2024:02:48:35 +0100] "GET /ticket2/opencms/no/magazine/article?title=liverpool-mot-tottenham HTTP/1.1" 200 91561
114.119.140.85 - - [27/Dec/2024:02:48:36 +0100] "GET /ticket2/opencms/en/venue/?venueid=2093F44A-5602-34FE-CA0A-0A611F93B4B6 HTTP/1.1" 200 84953
47.128.50.169 - - [27/Dec/2024:02:48:41 +0100] "GET /ticket2/opencms/is/magazine/article?title=pep-guardiolas-fotboltabylting-ahrif-taktiskrar-snilldar HTTP/1.1" 200 94605
185.191.171.12 - - [27/Dec/2024:02:48:47 +0100] "GET /ticket2/opencms/nl HTTP/1.1" 200 99525
185.191.171.3 - - [27/Dec/2024:02:48:52 +0100] "GET /ticket2/opencms/no/magazine/article?title=arsenal-fc-refleksjon HTTP/1.1" 200 92503
185.191.171.5 - - [27/Dec/2024:02:48:52 +0100] "GET /ticket2/opencms/dk/magazine/article?title=manchester-city-vinder-premier-league HTTP/1.1" 200 90884
43.153.38.77 - - [27/Dec/2024:02:48:55 +0100] "GET /ticket2/opencms/xmlrpc.php HTTP/1.1" 404 -
40.77.167.65 - - [27/Dec/2024:02:48:58 +0100] "GET /ticket2/opencms/ro/magazine/article?title=poate-viktor-gyokeres-sa-paraseasca-sporting-mai-devreme-decat-era-planificat HTTP/1.1" 200 93509
52.167.144.19 - - [27/Dec/2024:02:49:00 +0100] "GET /ticket2/opencms/fi/buy/?page=1&edid=43648EFF-F203-5C8B-C74A-806DA7871A83 HTTP/1.1" 200 113395
85.208.96.203 - - [27/Dec/2024:02:49:09 +0100] "GET /ticket2/opencms/robots.txt HTTP/1.1" 200 773
185.191.171.10 - - [27/Dec/2024:02:49:10 +0100] "GET /ticket2/opencms/mo/magazine/article?title=manchester-united-erik-ten-hag HTTP/1.1" 200 96934
47.128.62.34 - - [27/Dec/2024:02:49:22 +0100] "GET /ticket2/opencms/fi/buy/?edid=B5C73525-3464-86C0-6556-AF81CD6951F1 HTTP/1.1" 200 92378
114.119.152.77 - - [27/Dec/2024:02:49:36 +0100] "GET /ticket2/opencms/en/venue/?venueid=2F58F2AB-0424-685C-B2ED-AB5E0C783A33 HTTP/1.1" 200 85030
85.208.96.203 - - [27/Dec/2024:02:49:48 +0100] "GET /ticket2/opencms/hr/magazine/article?title=chelsea-fc-i-njihova-borba-za-stabilnost HTTP/1.1" 200 93185
85.208.96.193 - - [27/Dec/2024:02:50:09 +0100] "GET /ticket2/opencms/bs/magazine/article?title=manchester-united-protiv-arsenala HTTP/1.1" 200 91602
47.238.13.13 - - [27/Dec/2024:02:50:11 +0100] "GET /ticket2/opencms/bs/buy?page=1&edid=8AC64706-2160-17F4-C951-1B669D8578A7&sortorder=asc&column=section HTTP/1.1" 200 114455
216.244.66.238 - - [27/Dec/2024:02:50:11 +0100] "GET /ticket2/opencms/ro/magazine/article?title=petas-kylian-mbappe HTTP/1.1" 200 92576
185.191.171.10 - - [27/Dec/2024:02:50:13 +0100] "GET /ticket2/opencms/az/magazine/article?title=on-qelebe-on-matcda HTTP/1.1" 200 92468
85.208.96.209 - - [27/Dec/2024:02:50:18 +0100] "GET /ticket2/opencms/et/magazine/article?title=rahvuste-liiga-on-taies-hoos HTTP/1.1" 200 93944
185.191.171.16 - - [27/Dec/2024:02:50:22 +0100] "GET /ticket2/opencms/nl/magazine/article?title=londen-een-voetbalstad-van-wereldklasse HTTP/1.1" 200 90166
85.208.96.201 - - [27/Dec/2024:02:50:23 +0100] "GET /ticket2/opencms/fr/magazine/article?title=la-premiere-victoire-dipswich-en-premier-league-depuis-22-ans HTTP/1.1" 200 93757
185.191.171.6 - - [27/Dec/2024:02:50:25 +0100] "GET /ticket2/opencms/fi/urheilu/jalkapallo/premier_league/watford/ HTTP/1.1" 200 87401
185.191.171.5 - - [27/Dec/2024:02:50:40 +0100] "GET /ticket2/opencms/sv/sport/fotbollsbiljetter/eredivisie/hollandska-ligan/ HTTP/1.1" 200 91687
190.107.160.158 - - [27/Dec/2024:02:50:41 +0100] "GET /ticket2/opencms/bs/buy?page=1&edid=118E47BF-C955-525A-E288-4BE392C3F248 HTTP/1.1" 200 109606
52.167.144.17 - - [27/Dec/2024:02:50:50 +0100] "GET /ticket2/opencms/fi/standard/ HTTP/1.1" 200 99983
185.191.171.10 - - [27/Dec/2024:02:50:52 +0100] "GET /ticket2/opencms/es/deporte/entradas-futbol/english-championship/queens-park-rangers/ HTTP/1.1" 200 104564
85.208.96.196 - - [27/Dec/2024:02:50:54 +0100] "GET /ticket2/opencms/sv/magazine/article?articleId=17 HTTP/1.1" 200 92720
85.208.96.195 - - [27/Dec/2024:02:50:56 +0100] "GET /ticket2/opencms/pl/magazine/article?title=jak-wyglada-przyszlosc-alexandra-isaka HTTP/1.1" 200 92430
52.167.144.137 - - [27/Dec/2024:02:50:59 +0100] "GET /ticket2/opencms/lv/buy?page=1&edid=4736DF7C-C1C2-2C08-48FA-1D2EB109FC30 HTTP/1.1" 200 112000
124.243.185.92 - - [27/Dec/2024:02:51:02 +0100] "GET /ticket2/opencms/ru/buy?edid=1B7E6258-815D-432F-4E7E-31083E684184&page=1 HTTP/1.1" 200 109211
47.128.23.163 - - [27/Dec/2024:02:51:04 +0100] "GET /ticket2/opencms/uk/?catid=E961462E-5AC2-64D6-5850-A310C9DEAA06&comcatid=A17713B6-D984-201A-4143-ED4DB5ED5C2E HTTP/1.1" 200 102499
114.119.136.146 - - [27/Dec/2024:02:51:04 +0100] "GET /ticket2/opencms/en/venue/?venueid=18CB81B4-8EA7-CAF4-AF24-168C4E2476BF HTTP/1.1" 200 84997
47.128.96.170 - - [27/Dec/2024:02:51:14 +0100] "GET /ticket2/opencms/el/buy/?edid=04B0DB48-8735-9FEB-09F8-41C9C1D4D32E HTTP/1.1" 200 94275
185.191.171.19 - - [27/Dec/2024:02:51:20 +0100] "GET /ticket2/opencms/fi/magazine/article?title=burnley-fc HTTP/1.1" 200 91986
85.208.96.195 - - [27/Dec/2024:02:51:20 +0100] "GET /ticket2/opencms/de/about/press/ HTTP/1.1" 200 90214
40.77.167.55 - - [27/Dec/2024:02:51:31 +0100] "GET /ticket2/opencms/is/buy?page=1&edid=F6013E60-5F3B-257F-4A8C-BBE7ADE18FAA HTTP/1.1" 200 109822
52.167.144.137 - - [27/Dec/2024:02:51:33 +0100] "GET /ticket2/opencms/sq/buy?page=1&edid=4850D7A2-1335-E7AC-9D3F-41B304FBAA4C HTTP/1.1" 200 133564
85.208.96.202 - - [27/Dec/2024:02:51:33 +0100] "GET /ticket2/opencms/en/magazine/article?title=analysis-how-much-premier-league-ticket-prices-have-increased-liverpool-and-arsenal-are-the-most-expensive HTTP/1.1" 200 99588
213.180.203.54 - - [27/Dec/2024:02:51:34 +0100] "GET /ticket2/opencms/robots.txt HTTP/1.1" 200 773
5.255.231.150 - - [27/Dec/2024:02:51:35 +0100] "GET /ticket2/opencms/en/sport/football-tickets/serie_a/ HTTP/1.1" 200 95120
52.167.144.137 - - [27/Dec/2024:02:51:37 +0100] "GET /ticket2/opencms/fi/buy/?page=1&edid=EA00FCBA-5B6E-62D4-1F16-BFE669B6AE6B HTTP/1.1" 200 112518
85.208.96.212 - - [27/Dec/2024:02:51:44 +0100] "GET /ticket2/opencms/fi/magazine/article?title=lucas-bergvall-uusi-david-beckham HTTP/1.1" 200 93207
35.209.68.128 - - [27/Dec/2024:02:51:44 +0100] "GET /ticket2/opencms/ HTTP/1.1" 302 -
35.209.68.128 - - [27/Dec/2024:02:51:48 +0100] "GET /ticket2/opencms/en/ HTTP/1.1" 200 100159
40.77.167.55 - - [27/Dec/2024:02:51:51 +0100] "GET /ticket2/opencms/is/buy?page=1&edid=7CDF583D-C8D5-9C11-E6DA-1E36596FCE50 HTTP/1.1" 200 113045
47.128.54.161 - - [27/Dec/2024:02:52:00 +0100] "GET /ticket2/opencms/fi/venue/?venueid=15123ED8-609E-2D0A-517F-C0F7E5CB9508 HTTP/1.1" 200 86676
114.119.152.134 - - [27/Dec/2024:02:52:08 +0100] "GET /ticket2/opencms/en/venue/?venueid=86DEA7DE-EC8B-6F7F-4E07-89780910ACCD HTTP/1.1" 200 84979
52.167.144.137 - - [27/Dec/2024:02:52:09 +0100] "GET /ticket2/opencms/bg/buy?comcatid=A17713B6-D984-201A-4143-ED4DB5ED5C2E&catid=D8B345C9-F7A5-E620-4B43-C34EB0D6885B&npage=2 HTTP/1.1" 200 6410
52.15.70.0 - - [27/Dec/2024:02:52:10 +0100] "GET /ticket2/opencms/robots.txt HTTP/1.1" 200 773
52.15.70.0 - - [27/Dec/2024:02:52:11 +0100] "GET /ticket2/opencms/bg/buy/?edid=9444713B-A9BE-A3F5-4A66-33B8EFDAEFB0&page=1 HTTP/1.1" 200 115441
52.167.144.137 - - [27/Dec/2024:02:52:11 +0100] "GET /ticket2/opencms/fr/buy/?page=1&edid=E191F800-BEBE-94E3-2A9A-C8072A850396 HTTP/1.1" 200 112951
52.167.144.137 - - [27/Dec/2024:02:52:12 +0100] "GET /ticket2/opencms/sl/buy?page=1&edid=0F5B2278-CB2B-6519-1D28-92A45D61B015 HTTP/1.1" 200 113705
3.144.16.40 - - [27/Dec/2024:02:52:13 +0100] "GET /ticket2/opencms/sl/buy/?edid=9444713B-A9BE-A3F5-4A66-33B8EFDAEFB0&page=1 HTTP/1.1" 200 112827
85.208.96.195 - - [27/Dec/2024:02:52:20 +0100] "GET /ticket2/opencms/nl/sport/voetbal-tickets/premier_league/wolverhampton/ HTTP/1.1" 200 98891
114.119.130.61 - - [27/Dec/2024:02:52:21 +0100] "GET /ticket2/opencms/en/sell/?edid=4E82E685-2EBA-34D9-4335-D8747BAD4BE7 HTTP/1.1" 302 -
185.191.171.10 - - [27/Dec/2024:02:52:22 +0100] "GET /ticket2/opencms/fi/magazine/article?title=voiko-viktor-gyokeres-lahtea-sportingista-aikaisemmin-kuin-suunniteltu HTTP/1.1" 200 93997
114.119.130.61 - - [27/Dec/2024:02:52:25 +0100] "GET /ticket2/opencms/en/login/?url=/en/sell/ HTTP/1.1" 200 89886
85.208.96.196 - - [27/Dec/2024:02:52:34 +0100] "GET /ticket2/opencms/fr/sport/billets-football/premier_league/west_ham_united/ HTTP/1.1" 200 102817
47.128.55.29 - - [27/Dec/2024:02:52:41 +0100] "GET /ticket2/opencms/no/magazine/article?title=emirates-stadion HTTP/1.1" 200 94728
47.128.55.29 - - [27/Dec/2024:02:52:51 +0100] "GET /ticket2/opencms/img/shutterstock_1793283961.jpg HTTP/1.1" 200 47721623
52.167.144.194 - - [27/Dec/2024:02:52:52 +0100] "GET /ticket2/opencms/et/buy/?page=1&edid=FB5480CB-FDB3-16C8-62C0-C378411EBA39 HTTP/1.1" 200 133068
85.208.96.205 - - [27/Dec/2024:02:52:55 +0100] "GET /ticket2/opencms/sv/sport/fotbollsbiljetter/english-championship/fulham/ HTTP/1.1" 200 93759
18.190.253.224 - - [27/Dec/2024:02:52:56 +0100] "GET /ticket2/opencms/sr/buy?edid=9444713B-A9BE-A3F5-4A66-33B8EFDAEFB0&page=1 HTTP/1.1" 200 113421
85.208.96.209 - - [27/Dec/2024:02:52:58 +0100] "GET /ticket2/opencms/es/about/press/ HTTP/1.1" 200 91258
85.208.96.210 - - [27/Dec/2024:02:53:08 +0100] "GET /ticket2/opencms/en/magazine/article?title=about-tottenham-hotspur-stadium HTTP/1.1" 200 96500
114.119.132.9 - - [27/Dec/2024:02:53:16 +0100] "GET /ticket2/opencms/en/sell/?edid=F86DC6C7-BB6C-B6B3-BE8B-026623A0DCBE HTTP/1.1" 302 -
47.238.13.16 - - [27/Dec/2024:02:53:18 +0100] "GET /ticket2/opencms/ro/buy?page=1&edid=8002875D-E399-25EC-C7DC-8B3FB3E1B048 HTTP/1.1" 200 113376
114.119.132.9 - - [27/Dec/2024:02:53:20 +0100] "GET /ticket2/opencms/en/login/?url=/en/sell/ HTTP/1.1" 200 89798
85.208.96.194 - - [27/Dec/2024:02:53:21 +0100] "GET /ticket2/opencms/dk/sport/fodboldbilletter/premier-league/burnley/ HTTP/1.1" 200 86868
85.208.96.211 - - [27/Dec/2024:02:53:23 +0100] "GET /ticket2/opencms/no/magazine/article?title=nations-league-er-i-full-gang HTTP/1.1" 200 93728
85.208.96.196 - - [27/Dec/2024:02:53:25 +0100] "GET /ticket2/opencms/sl/magazine/article?title=everton HTTP/1.1" 200 91477
52.167.144.137 - - [27/Dec/2024:02:53:30 +0100] "GET /ticket2/opencms/mo/buy?page=1&edid=037F7D58-F025-6DA7-A67A-3BE5E3996F20 HTTP/1.1" 200 112422
114.119.133.220 - - [27/Dec/2024:02:53:33 +0100] "GET /ticket2/opencms/en/venue/?venueid=1F720D4E-8F96-91FF-3E22-13763ACC567B HTTP/1.1" 200 85052
52.167.144.137 - - [27/Dec/2024:02:53:34 +0100] "GET /ticket2/opencms/el/magazine/article?title=h-prwth-nikh-ths-ipswich-sthn-premier-league-meta-apo-22-xronia HTTP/1.1" 200 96340
85.208.96.208 - - [27/Dec/2024:02:53:37 +0100] "GET /ticket2/opencms/no/magazine/article?title=champions-league-billetter-pa-ticket2 HTTP/1.1" 200 97178
54.38.85.37 - - [27/Dec/2024:02:53:43 +0100] "GET /ticket2/opencms/robots.txt HTTP/1.1" 200 773
54.38.85.37 - - [27/Dec/2024:02:53:46 +0100] "GET /ticket2/opencms/dk/buy/?page=1&edid=07A33A19-3A86-A256-E698-74944137E871&sortorder=desc&column=price HTTP/1.1" 200 113619
54.38.85.37 - - [27/Dec/2024:02:53:48 +0100] "GET /ticket2/opencms/dk/buy/?page=1&edid=0918B947-793A-2AE6-89D7-3BA5603B1356&sortorder=desc&column=row HTTP/1.1" 200 113531
85.208.96.201 - - [27/Dec/2024:02:53:49 +0100] "GET /ticket2/opencms/it/magazine/article?title=kylian-mbappe-al-real-madrid HTTP/1.1" 200 92476
187.73.201.163 - - [27/Dec/2024:02:53:49 +0100] "GET /ticket2/opencms/pl/buy?page=1&edid=0D33199C-853B-C4DC-F1E2-6CF75BE0B211 HTTP/1.1" 200 113620
54.38.85.37 - - [27/Dec/2024:02:53:50 +0100] "GET /ticket2/opencms/dk/buy/?page=1&edid=10320789-4754-46D6-EB18-7303900B68CE&sortorder=desc&column=price HTTP/1.1" 200 114038
54.38.85.37 - - [27/Dec/2024:02:53:52 +0100] "GET /ticket2/opencms/dk/buy/?page=1&edid=1154DCB7-5A2A-A6AE-4672-BBF2DE0C9EC8 HTTP/1.1" 200 110564
85.208.96.195 - - [27/Dec/2024:02:53:53 +0100] "GET /ticket2/opencms/hr/ HTTP/1.1" 200 101778
54.38.85.37 - - [27/Dec/2024:02:53:54 +0100] "GET /ticket2/opencms/dk/buy/?page=1&edid=1EBC220F-DC4B-8D2C-D8E4-51D66799F0B5&sortorder=asc&column=price HTTP/1.1" 200 113509
54.38.85.37 - - [27/Dec/2024:02:53:56 +0100] "GET /ticket2/opencms/dk/buy/?page=1&edid=1EBC220F-DC4B-8D2C-D8E4-51D66799F0B5&sortorder=asc&column=section HTTP/1.1" 200 113560
185.191.171.14 - - [27/Dec/2024:02:53:57 +0100] "GET /ticket2/opencms/mt/magazine/article?title=thomas-tuchel-ser-il-kow-nazzjonali-l-did-tal-ingilterra HTTP/1.1" 200 93083
52.167.144.172 - - [27/Dec/2024:02:53:58 +0100] "GET /ticket2/opencms/sv/magazine/article?title=tottenham-burnley-2024-05-11 HTTP/1.1" 200 90653
54.38.85.37 - - [27/Dec/2024:02:53:58 +0100] "GET /ticket2/opencms/dk/buy/?page=1&edid=200DEA95-C913-C4D4-21B2-9E21A42B9886&sortorder=desc&column=section HTTP/1.1" 200 112634
54.38.85.37 - - [27/Dec/2024:02:54:00 +0100] "GET /ticket2/opencms/dk/buy/?page=1&edid=23462A4C-8725-82B5-7A63-462FC0C8A36E&sortorder=desc&column=price HTTP/1.1" 200 114138
54.38.85.37 - - [27/Dec/2024:02:54:02 +0100] "GET /ticket2/opencms/dk/buy/?page=1&edid=23462A4C-8725-82B5-7A63-462FC0C8A36E&sortorder=desc&column=section HTTP/1.1" 200 114219
54.38.85.37 - - [27/Dec/2024:02:54:04 +0100] "GET /ticket2/opencms/dk/buy/?page=1&edid=2719FEF6-C3A2-38D8-D55F-559BB24F7DCB HTTP/1.1" 200 111629
85.208.96.195 - - [27/Dec/2024:02:54:06 +0100] "GET /ticket2/opencms/nl/magazine/article?title=londen-een-voetbalstad-van-wereldklasse HTTP/1.1" 200 90296
54.38.85.37 - - [27/Dec/2024:02:54:06 +0100] "GET /ticket2/opencms/dk/buy/?page=1&edid=2719FEF6-C3A2-38D8-D55F-559BB24F7DCB&sortorder=desc&column=price HTTP/1.1" 200 113616
54.38.85.37 - - [27/Dec/2024:02:54:08 +0100] "GET /ticket2/opencms/dk/buy/?page=1&edid=28F0825C-19F9-7A9A-47A6-29D256059C0C&sortorder=asc&column=row HTTP/1.1" 200 112337
47.128.110.116 - - [27/Dec/2024:02:54:09 +0100] "GET /ticket2/opencms/bg/buy/?edid=B98837D3-1E81-8A8C-D0BB-1E445F8B9795 HTTP/1.1" 200 93543
54.38.85.37 - - [27/Dec/2024:02:54:10 +0100] "GET /ticket2/opencms/dk/buy/?page=1&edid=2D77D5E8-F469-AAA2-8433-36A939B8305F&sortorder=asc&column=row HTTP/1.1" 200 113376
54.38.85.37 - - [27/Dec/2024:02:54:12 +0100] "GET /ticket2/opencms/dk/buy/?page=1&edid=2E7C3DB6-FDBC-8B55-9268-E31142D44B61 HTTP/1.1" 200 112040
54.38.85.37 - - [27/Dec/2024:02:54:14 +0100] "GET /ticket2/opencms/dk/buy/?page=1&edid=2E7C3DB6-FDBC-8B55-9268-E31142D44B61&sortorder=desc&column=price HTTP/1.1" 200 114009
54.38.85.37 - - [27/Dec/2024:02:54:16 +0100] "GET /ticket2/opencms/dk/buy/?page=1&edid=2E7C3DB6-FDBC-8B55-9268-E31142D44B61&sortorder=desc&column=section HTTP/1.1" 200 114147
54.38.85.37 - - [27/Dec/2024:02:54:18 +0100] "GET /ticket2/opencms/dk/buy/?page=1&edid=312D91B6-932A-A893-4AF7-A90079FB1635&sortorder=asc&column=section HTTP/1.1" 200 113667
52.167.144.194 - - [27/Dec/2024:02:54:18 +0100] "GET /ticket2/opencms/it/buy?page=1&edid=9AF29D4D-BF71-6182-1EBD-FF49E6DA3ECE HTTP/1.1" 200 111722
54.38.85.37 - - [27/Dec/2024:02:54:20 +0100] "GET /ticket2/opencms/dk/buy/?page=1&edid=32C84788-8258-761B-31DE-9CBA78728125&sortorder=desc&column=section HTTP/1.1" 200 113715
54.38.85.37 - - [27/Dec/2024:02:54:22 +0100] "GET /ticket2/opencms/dk/buy/?page=1&edid=333E3452-C437-2ACD-A4A9-9FA33977FDCE&sortorder=desc&column=price HTTP/1.1" 200 113620
185.191.171.3 - - [27/Dec/2024:02:54:23 +0100] "GET /ticket2/opencms/it/magazine/article?title=nottingham-forest HTTP/1.1" 200 88453
185.191.171.14 - - [27/Dec/2024:02:54:24 +0100] "GET /ticket2/opencms/it/magazine/article?title=finale-em-2024 HTTP/1.1" 200 93993
54.38.85.37 - - [27/Dec/2024:02:54:25 +0100] "GET /ticket2/opencms/dk/buy/?page=1&edid=391E8F77-0345-E2F5-869C-543F72982348 HTTP/1.1" 200 111130
54.38.85.37 - - [27/Dec/2024:02:54:27 +0100] "GET /ticket2/opencms/dk/buy/?page=1&edid=3930902F-44C9-0DA4-854E-41262D5A61CF&sortorder=asc&column=section HTTP/1.1" 200 114187
54.38.85.37 - - [27/Dec/2024:02:54:29 +0100] "GET /ticket2/opencms/dk/buy/?page=1&edid=3CC17989-3033-10BE-F5C3-D729834B05F5&sortorder=asc&column=row HTTP/1.1" 200 112933
54.38.85.37 - - [27/Dec/2024:02:54:30 +0100] "GET /ticket2/opencms/dk/buy/?page=1&edid=3CD487B4-E613-C078-AE8C-674999572B44&sortorder=desc&column=price HTTP/1.1" 200 113598
54.38.85.37 - - [27/Dec/2024:02:54:33 +0100] "GET /ticket2/opencms/dk/buy/?page=1&edid=3E073779-8E51-3844-6923-CF42DBA9A05A&sortorder=asc&column=row HTTP/1.1" 200 113907
54.38.85.37 - - [27/Dec/2024:02:54:35 +0100] "GET /ticket2/opencms/dk/buy/?page=1&edid=3E073779-8E51-3844-6923-CF42DBA9A05A&sortorder=asc&column=section HTTP/1.1" 200 114145
54.38.85.37 - - [27/Dec/2024:02:54:37 +0100] "GET /ticket2/opencms/dk/buy/?page=1&edid=3F6A8792-7548-F993-C348-52429B326F12&sortorder=desc&column=price HTTP/1.1" 200 112998
54.38.85.37 - - [27/Dec/2024:02:54:39 +0100] "GET /ticket2/opencms/dk/buy/?page=1&edid=3F6A8792-7548-F993-C348-52429B326F12&sortorder=desc&column=row HTTP/1.1" 200 112887
54.38.85.37 - - [27/Dec/2024:02:54:41 +0100] "GET /ticket2/opencms/dk/buy/?page=1&edid=3F822738-BD55-10B1-3185-42149CD278B9&sortorder=desc&column=price HTTP/1.1" 200 113618
85.208.96.206 - - [27/Dec/2024:02:54:42 +0100] "GET /ticket2/opencms/no/musikal/ HTTP/1.1" 200 90917
54.38.85.37 - - [27/Dec/2024:02:54:43 +0100] "GET /ticket2/opencms/dk/buy/?page=1&edid=412FDB60-9870-0CA3-D6DE-428EE343A262&sortorder=desc&column=section HTTP/1.1" 200 112623
54.38.85.37 - - [27/Dec/2024:02:54:45 +0100] "GET /ticket2/opencms/dk/buy/?page=1&edid=4D019A97-BFEB-445D-8A39-F3C482678D04&sortorder=desc&column=row HTTP/1.1" 200 113904
54.38.85.37 - - [27/Dec/2024:02:54:47 +0100] "GET /ticket2/opencms/dk/buy/?page=1&edid=4D0AE9B7-3FC7-8828-8150-08AA80E3B754&sortorder=asc&column=price HTTP/1.1" 200 112347
54.38.85.37 - - [27/Dec/2024:02:54:49 +0100] "GET /ticket2/opencms/dk/buy/?page=1&edid=4E227D03-1EED-6C6C-1F6B-38D6AE5ACB28&sortorder=desc&column=section HTTP/1.1" 200 113101
54.38.85.37 - - [27/Dec/2024:02:54:51 +0100] "GET /ticket2/opencms/dk/buy/?page=1&edid=4E72738A-17F9-87BC-643A-B5444ABD781B&sortorder=desc&column=price HTTP/1.1" 200 113619
54.38.85.37 - - [27/Dec/2024:02:54:54 +0100] "GET /ticket2/opencms/dk/buy/?page=1&edid=4F10F0FD-0073-B564-973B-CB2F36E999C3&sortorder=desc&column=row HTTP/1.1" 200 114072
54.38.85.37 - - [27/Dec/2024:02:54:56 +0100] "GET /ticket2/opencms/dk/buy/?page=1&edid=4F10F0FD-0073-B564-973B-CB2F36E999C3&sortorder=desc&column=section HTTP/1.1" 200 114232
85.208.96.206 - - [27/Dec/2024:02:54:58 +0100] "GET /ticket2/opencms/bs/magazine/article?title=o-arsenal-fc HTTP/1.1" 200 92772
54.38.85.37 - - [27/Dec/2024:02:54:58 +0100] "GET /ticket2/opencms/dk/buy/?page=1&edid=4F679D59-A856-14F0-ECEF-29CBD5EE9427&sortorder=asc&column=section HTTP/1.1" 200 112460
54.38.85.37 - - [27/Dec/2024:02:55:00 +0100] "GET /ticket2/opencms/dk/buy/?page=1&edid=4F864DED-3EA1-C4B1-B9E6-8775CC676432&sortorder=desc&column=row HTTP/1.1" 200 111372
52.167.144.137 - - [27/Dec/2024:02:55:01 +0100] "GET /ticket2/opencms/el/buy?page=1&edid=F9CBDA74-1975-ACB0-9F7B-F63B7B1D5539 HTTP/1.1" 200 115962
54.38.85.37 - - [27/Dec/2024:02:55:03 +0100] "GET /ticket2/opencms/dk/buy/?page=1&edid=50C0023B-61A7-4684-18AF-AEB17F1F3E03&sortorder=desc&column=price HTTP/1.1" 200 113524
54.38.85.37 - - [27/Dec/2024:02:55:05 +0100] "GET /ticket2/opencms/dk/buy/?page=1&edid=590EDDB9-B981-09D2-E0FC-F6E1B491368A&sortorder=desc&column=price HTTP/1.1" 200 114210
85.208.96.205 - - [27/Dec/2024:02:55:05 +0100] "GET /ticket2/opencms/nl/magazine/article?title=toekomstige-sterren HTTP/1.1" 200 90343
54.38.85.37 - - [27/Dec/2024:02:55:07 +0100] "GET /ticket2/opencms/dk/buy/?page=1&edid=590EDDB9-B981-09D2-E0FC-F6E1B491368A&sortorder=desc&column=section HTTP/1.1" 200 114298
54.38.85.37 - - [27/Dec/2024:02:55:09 +0100] "GET /ticket2/opencms/dk/buy/?page=1&edid=5BB2CDD4-9898-4E12-65F3-4ADBD5A99EE7&sortorder=asc&column=row HTTP/1.1" 200 112580
54.38.85.37 - - [27/Dec/2024:02:55:11 +0100] "GET /ticket2/opencms/dk/buy/?page=1&edid=616E0307-EF5A-C0BC-E2E4-858595D5400D&sortorder=desc&column=section HTTP/1.1" 200 114167
54.38.85.37 - - [27/Dec/2024:02:55:13 +0100] "GET /ticket2/opencms/dk/buy/?page=1&edid=6440E7CC-E56C-CD13-BB09-A84D83EDDD53&sortorder=asc&column=section HTTP/1.1" 200 113220
54.38.85.37 - - [27/Dec/2024:02:55:15 +0100] "GET /ticket2/opencms/dk/buy/?page=1&edid=64784D6B-8B67-3AC8-EF42-17E02029D94B&sortorder=asc&column=price HTTP/1.1" 200 112885
114.119.130.61 - - [27/Dec/2024:02:55:16 +0100] "GET /ticket2/opencms/en/venue/?venueid=66310A18-45F7-A89D-BD9F-A3196DFA666D HTTP/1.1" 200 85041
54.38.85.37 - - [27/Dec/2024:02:55:17 +0100] "GET /ticket2/opencms/dk/buy/?page=1&edid=66870AC2-190A-A6B7-504A-473B5293D621&sortorder=desc&column=section HTTP/1.1" 200 113742
47.238.13.16 - - [27/Dec/2024:02:55:18 +0100] "GET /ticket2/opencms/ga/buy?page=1&edid=399991E5-88C2-190C-7742-7D3EFD89FB0D&sortorder=asc&column=section HTTP/1.1" 200 115982
85.208.96.196 - - [27/Dec/2024:02:55:18 +0100] "GET /ticket2/opencms/fr/faq/ HTTP/1.1" 200 93777
54.38.85.37 - - [27/Dec/2024:02:55:19 +0100] "GET /ticket2/opencms/dk/buy/?page=1&edid=6B3BF078-C100-90F5-6150-C146B5879A8A&sortorder=desc&column=row HTTP/1.1" 200 112443
54.38.85.37 - - [27/Dec/2024:02:55:22 +0100] "GET /ticket2/opencms/dk/buy/?page=1&edid=703B9188-07D2-D0DA-558A-C19524FFF0C0&sortorder=asc&column=row HTTP/1.1" 200 112347
54.38.85.37 - - [27/Dec/2024:02:55:24 +0100] "GET /ticket2/opencms/dk/buy/?page=1&edid=7459F5A6-5C71-5448-0A95-344245FCC6AA&sortorder=desc&column=price HTTP/1.1" 200 113646
216.244.66.238 - - [27/Dec/2024:02:55:24 +0100] "GET /ticket2/opencms/no/buy?page=1&edid=F5149B92-D57F-CBDB-10C2-B819DBAFCD86 HTTP/1.1" 200 112927
54.38.85.37 - - [27/Dec/2024:02:55:26 +0100] "GET /ticket2/opencms/dk/buy/?page=1&edid=7B46862D-316F-0187-3F98-B05908C5748C&sortorder=desc&column=section HTTP/1.1" 200 114325
54.38.85.37 - - [27/Dec/2024:02:55:28 +0100] "GET /ticket2/opencms/dk/buy/?page=1&edid=7B795253-FDA4-1C82-06CC-21D0CE336896&sortorder=desc&column=section HTTP/1.1" 200 113816
54.38.85.37 - - [27/Dec/2024:02:55:30 +0100] "GET /ticket2/opencms/dk/buy/?page=1&edid=7CBC2073-43B3-6AB9-9406-E231332EAC38&sortorder=desc&column=price HTTP/1.1" 200 114022
54.38.85.37 - - [27/Dec/2024:02:55:32 +0100] "GET /ticket2/opencms/dk/buy/?page=1&edid=7CBC2073-43B3-6AB9-9406-E231332EAC38&sortorder=desc&column=row HTTP/1.1" 200 113999
54.38.85.37 - - [27/Dec/2024:02:55:35 +0100] "GET /ticket2/opencms/dk/buy/?page=1&edid=7D0FDED0-7BC4-4EA6-3DAA-20D3EE07613E&sortorder=desc&column=row HTTP/1.1" 200 113054
54.38.85.37 - - [27/Dec/2024:02:55:37 +0100] "GET /ticket2/opencms/dk/buy/?page=1&edid=7D1BBEA3-70F8-704C-3A43-B48FB283C9EB&sortorder=desc&column=price HTTP/1.1" 200 113215
173.252.69.8 - - [27/Dec/2024:02:55:37 +0100] "GET /ticket2/opencms/en/magazine/article?title=a-season-reflection-of-manchester-united-202324 HTTP/1.1" 200 91645
3.147.86.30 - - [27/Dec/2024:02:55:39 +0100] "GET /ticket2/opencms/fr/buy/?edid=9444713B-A9BE-A3F5-4A66-33B8EFDAEFB0&page=1 HTTP/1.1" 200 112742
54.38.85.37 - - [27/Dec/2024:02:55:39 +0100] "GET /ticket2/opencms/dk/buy/?page=1&edid=7D1BBEA3-70F8-704C-3A43-B48FB283C9EB&sortorder=desc&column=row HTTP/1.1" 200 113035
54.38.85.37 - - [27/Dec/2024:02:55:41 +0100] "GET /ticket2/opencms/dk/buy/?page=1&edid=7D1BBEA3-70F8-704C-3A43-B48FB283C9EB&sortorder=desc&column=section HTTP/1.1" 200 113329
47.238.13.18 - - [27/Dec/2024:02:55:43 +0100] "GET /ticket2/opencms/lt/sport HTTP/1.1" 200 92844
54.38.85.37 - - [27/Dec/2024:02:55:44 +0100] "GET /ticket2/opencms/dk/buy/?page=1&edid=7EF10304-98E0-2B58-2938-76F08ACE3694 HTTP/1.1" 200 111140
85.208.96.206 - - [27/Dec/2024:02:55:44 +0100] "GET /ticket2/opencms/it/magazine/article?title=manchester-united-vs-arsenal HTTP/1.1" 200 92304
54.38.85.37 - - [27/Dec/2024:02:55:46 +0100] "GET /ticket2/opencms/dk/buy/?page=1&edid=7EF10304-98E0-2B58-2938-76F08ACE3694&sortorder=desc&column=row HTTP/1.1" 200 113053
54.38.85.37 - - [27/Dec/2024:02:55:48 +0100] "GET /ticket2/opencms/dk/buy/?page=1&edid=7F453E70-42C2-9829-6707-8F3A9E689502&sortorder=desc&column=section HTTP/1.1" 200 113261
54.38.85.37 - - [27/Dec/2024:02:55:50 +0100] "GET /ticket2/opencms/dk/buy/?page=1&edid=81CB16E1-41EB-DE22-295B-27386E73C454 HTTP/1.1" 200 111214
54.38.85.37 - - [27/Dec/2024:02:55:52 +0100] "GET /ticket2/opencms/dk/buy/?page=1&edid=82126C57-17A8-5DFA-CA0B-F524096F6163 HTTP/1.1" 200 111605
54.38.85.37 - - [27/Dec/2024:02:55:54 +0100] "GET /ticket2/opencms/dk/buy/?page=1&edid=82126C57-17A8-5DFA-CA0B-F524096F6163&sortorder=desc&column=price HTTP/1.1" 200 113612
40.77.167.58 - - [27/Dec/2024:02:55:55 +0100] "GET /ticket2/opencms/es/magazine/article?title=la-revolucion-futbolistica-de-pep-guardiola-la-influencia-de-un-maestro-tactico HTTP/1.1" 200 94186
54.38.85.37 - - [27/Dec/2024:02:55:57 +0100] "GET /ticket2/opencms/dk/buy/?page=1&edid=835B9B3D-AE0A-A1D2-2531-808BBF422F8D&sortorder=asc&column=row HTTP/1.1" 200 112363
54.38.85.37 - - [27/Dec/2024:02:55:59 +0100] "GET /ticket2/opencms/dk/buy/?page=1&edid=835B9B3D-AE0A-A1D2-2531-808BBF422F8D&sortorder=asc&column=section HTTP/1.1" 200 112683
47.238.13.9 - - [27/Dec/2024:02:56:00 +0100] "GET /ticket2/opencms/ga/buy?page=1&edid=372E2EFE-457C-DF4D-FC89-808FA8424DAF&sortorder=desc&column=section HTTP/1.1" 200 115587
47.128.45.195 - - [27/Dec/2024:02:56:00 +0100] "GET /ticket2/opencms/hu/magazine/article?title=bergvall-es-kulusevski-lenyugoz HTTP/1.1" 200 94465
54.38.85.37 - - [27/Dec/2024:02:56:01 +0100] "GET /ticket2/opencms/dk/buy/?page=1&edid=85266D8D-1EC2-A49C-0CF0-9DD81BE5F4FA&sortorder=desc&column=price HTTP/1.1" 200 113143
54.38.85.37 - - [27/Dec/2024:02:56:03 +0100] "GET /ticket2/opencms/dk/buy/?page=1&edid=85266D8D-1EC2-A49C-0CF0-9DD81BE5F4FA&sortorder=desc&column=row HTTP/1.1" 200 113077
54.38.85.37 - - [27/Dec/2024:02:56:05 +0100] "GET /ticket2/opencms/dk/buy/?page=1&edid=85266D8D-1EC2-A49C-0CF0-9DD81BE5F4FA&sortorder=desc&column=section HTTP/1.1" 200 113321
54.38.85.37 - - [27/Dec/2024:02:56:07 +0100] "GET /ticket2/opencms/dk/buy/?page=1&edid=859AFC52-CBE6-9F9D-BB23-1672BDAEEA65&sortorder=asc&column=section HTTP/1.1" 200 110441
54.38.85.37 - - [27/Dec/2024:02:56:09 +0100] "GET /ticket2/opencms/dk/buy/?page=1&edid=85A9016D-9EFC-2EF7-D909-C2C300F655F0&sortorder=asc&column=row HTTP/1.1" 200 112731
54.38.85.37 - - [27/Dec/2024:02:56:11 +0100] "GET /ticket2/opencms/dk/buy/?page=1&edid=884B57EC-0756-8A8B-E4E6-89BAE41C97D9&sortorder=asc&column=price HTTP/1.1" 200 113542
54.38.85.37 - - [27/Dec/2024:02:56:13 +0100] "GET /ticket2/opencms/dk/buy/?page=1&edid=8934C2AC-6876-4053-807F-3C9624A74CB0&sortorder=desc&column=row HTTP/1.1" 200 113506
85.208.96.194 - - [27/Dec/2024:02:56:14 +0100] "GET /ticket2/opencms/az/magazine/article?title=lionel-messi-zamanlarin-en-cox-axtarilan-istedadlarindan-biri HTTP/1.1" 200 94186
54.38.85.37 - - [27/Dec/2024:02:56:15 +0100] "GET /ticket2/opencms/dk/buy/?page=1&edid=89512C49-9985-8A64-3ABD-3F9CEE88DFB0&sortorder=asc&column=price HTTP/1.1" 200 113319
185.191.171.2 - - [27/Dec/2024:02:56:16 +0100] "GET /ticket2/opencms/fi/search.html?searchQuery=Dallas%2BStars HTTP/1.1" 200 97646
54.38.85.37 - - [27/Dec/2024:02:56:17 +0100] "GET /ticket2/opencms/dk/buy/?page=1&edid=8A1D7FDE-61D9-CA78-3F14-088E085C1428&sortorder=desc&column=price HTTP/1.1" 200 113644
40.77.167.78 - - [27/Dec/2024:02:56:17 +0100] "GET /ticket2/opencms/lv/buy?page=1&edid=526F1D37-BA70-21EC-CAF1-AAF7DB0DD672 HTTP/1.1" 200 109805
54.38.85.37 - - [27/Dec/2024:02:56:19 +0100] "GET /ticket2/opencms/dk/buy/?page=1&edid=8A1D7FDE-61D9-CA78-3F14-088E085C1428&sortorder=desc&column=row HTTP/1.1" 200 113430
173.252.107.2 - - [27/Dec/2024:02:56:20 +0100] "GET /ticket2/opencms/sq/magazine/article?title=manchester-united-kunder-arsenal HTTP/1.1" 200 93073
40.77.167.45 - - [27/Dec/2024:02:56:20 +0100] "GET /ticket2/opencms/nl/magazine/article?title=winnaar-van-de-gouden-bal-2024 HTTP/1.1" 200 91233
54.38.85.37 - - [27/Dec/2024:02:56:21 +0100] "GET /ticket2/opencms/dk/buy/?page=1&edid=8A5B32E4-5478-8490-6ECA-09829F465621 HTTP/1.1" 200 108404
54.38.85.37 - - [27/Dec/2024:02:56:24 +0100] "GET /ticket2/opencms/dk/buy/?page=1&edid=8A5B32E4-5478-8490-6ECA-09829F465621&sortorder=desc&column=row HTTP/1.1" 200 110105
54.38.85.37 - - [27/Dec/2024:02:56:25 +0100] "GET /ticket2/opencms/dk/buy/?page=1&edid=8B3B84C5-3DC0-B667-5464-4096542A8D78&sortorder=desc&column=price HTTP/1.1" 200 113175
54.38.85.37 - - [27/Dec/2024:02:56:27 +0100] "GET /ticket2/opencms/dk/buy/?page=1&edid=8B3B84C5-3DC0-B667-5464-4096542A8D78&sortorder=desc&column=row HTTP/1.1" 200 113008
54.38.85.37 - - [27/Dec/2024:02:56:29 +0100] "GET /ticket2/opencms/dk/buy/?page=1&edid=99E9CEAD-E564-4C9C-3F3B-25F0D20C4C8C&sortorder=desc&column=row HTTP/1.1" 200 112904
54.38.85.37 - - [27/Dec/2024:02:56:31 +0100] "GET /ticket2/opencms/dk/buy/?page=1&edid=A858554C-F78F-7E97-68A1-73B374CB569E&sortorder=desc&column=section HTTP/1.1" 200 113787
18.117.232.108 - - [27/Dec/2024:02:56:32 +0100] "GET /ticket2/opencms/sk/buy?edid=9444713B-A9BE-A3F5-4A66-33B8EFDAEFB0&page=1 HTTP/1.1" 200 112897
54.38.85.37 - - [27/Dec/2024:02:56:33 +0100] "GET /ticket2/opencms/dk/buy/?page=1&edid=AA8F437D-FB32-9DC7-FD41-122608E61459 HTTP/1.1" 200 111579
54.38.85.37 - - [27/Dec/2024:02:56:35 +0100] "GET /ticket2/opencms/dk/buy/?page=1&edid=AB82714E-6963-E775-D4D6-9BFD51ADB158&sortorder=asc&column=section HTTP/1.1" 200 111422
54.38.85.37 - - [27/Dec/2024:02:56:37 +0100] "GET /ticket2/opencms/dk/buy/?page=1&edid=B34FC5D8-17C2-148F-346E-D5A9AE0C7EAA HTTP/1.1" 200 111662
54.38.85.37 - - [27/Dec/2024:02:56:39 +0100] "GET /ticket2/opencms/dk/buy/?page=1&edid=B461BF01-8096-3162-6C25-1DC71021C836 HTTP/1.1" 200 108391
54.38.85.37 - - [27/Dec/2024:02:56:41 +0100] "GET /ticket2/opencms/dk/buy/?page=1&edid=B461BF01-8096-3162-6C25-1DC71021C836&sortorder=desc&column=price HTTP/1.1" 200 110363
47.128.23.161 - - [27/Dec/2024:02:56:41 +0100] "GET /ticket2/opencms/fi/venue/?venueid=D436D35C-B831-A55A-C197-F1CFCA7C670C HTTP/1.1" 200 86563
54.38.85.37 - - [27/Dec/2024:02:56:43 +0100] "GET /ticket2/opencms/dk/buy/?page=1&edid=B461BF01-8096-3162-6C25-1DC71021C836&sortorder=desc&column=row HTTP/1.1" 200 110168
54.38.85.37 - - [27/Dec/2024:02:56:45 +0100] "GET /ticket2/opencms/dk/buy/?page=1&edid=B719043E-9C48-E7FF-4885-D1C11C25593E HTTP/1.1" 200 112196
54.38.85.37 - - [27/Dec/2024:02:56:47 +0100] "GET /ticket2/opencms/dk/buy/?page=1&edid=B7273C39-879C-F440-737F-E7FD86E31FD8&sortorder=asc&column=row HTTP/1.1" 200 113832
185.191.171.6 - - [27/Dec/2024:02:56:49 +0100] "GET /ticket2/opencms/partners/?page=1 HTTP/1.1" 200 13780
54.38.85.37 - - [27/Dec/2024:02:56:49 +0100] "GET /ticket2/opencms/dk/buy/?page=1&edid=B7675F2E-12BD-02A6-E9A9-75752EB2042D HTTP/1.1" 200 111647
54.38.85.37 - - [27/Dec/2024:02:56:51 +0100] "GET /ticket2/opencms/dk/buy/?page=1&edid=BACAAA47-35FE-A7A6-4A5B-EC89D6F82750 HTTP/1.1" 200 110517
54.38.85.37 - - [27/Dec/2024:02:56:53 +0100] "GET /ticket2/opencms/dk/buy/?page=1&edid=BB34AD6D-B775-E1B3-25A5-D38ADD0D1B38 HTTP/1.1" 200 111608
54.38.85.37 - - [27/Dec/2024:02:56:55 +0100] "GET /ticket2/opencms/dk/buy/?page=1&edid=BB34AD6D-B775-E1B3-25A5-D38ADD0D1B38&sortorder=desc&column=row HTTP/1.1" 200 113440
40.77.167.78 - - [27/Dec/2024:02:56:57 +0100] "GET /ticket2/opencms/fi/buy?page=1&edid=ED4C15BA-A735-5A37-316B-855060919A38 HTTP/1.1" 200 112907
54.38.85.37 - - [27/Dec/2024:02:56:57 +0100] "GET /ticket2/opencms/dk/buy/?page=1&edid=BB34AD6D-B775-E1B3-25A5-D38ADD0D1B38&sortorder=desc&column=section HTTP/1.1" 200 113707
54.38.85.37 - - [27/Dec/2024:02:56:59 +0100] "GET /ticket2/opencms/dk/buy/?page=1&edid=C2910EC2-9592-90B0-A42D-A344DFC6DED1&sortorder=desc&column=section HTTP/1.1" 200 113788
54.38.85.37 - - [27/Dec/2024:02:57:01 +0100] "GET /ticket2/opencms/dk/buy/?page=1&edid=C432447A-6E52-0387-9903-4AF5529FE72C HTTP/1.1" 200 111542
54.38.85.37 - - [27/Dec/2024:02:57:02 +0100] "GET /ticket2/opencms/dk/buy/?page=1&edid=C432447A-6E52-0387-9903-4AF5529FE72C&sortorder=desc&column=section HTTP/1.1" 200 113727
47.128.36.239 - - [27/Dec/2024:02:57:03 +0100] "GET /ticket2/opencms/is/buy/?edid=4F04B384-F03D-7561-DCF9-2375D49FE618 HTTP/1.1" 200 92427
185.191.171.10 - - [27/Dec/2024:02:57:04 +0100] "GET /ticket2/opencms/bs/standard/ HTTP/1.1" 500 -
54.38.85.37 - - [27/Dec/2024:02:57:04 +0100] "GET /ticket2/opencms/dk/buy/?page=1&edid=C48EAFD0-8BA3-4D86-9F12-42C6F4555C84 HTTP/1.1" 200 111346
54.38.85.37 - - [27/Dec/2024:02:57:06 +0100] "GET /ticket2/opencms/dk/buy/?page=1&edid=CF9AADF6-6503-0852-B1B5-AC280A05E729 HTTP/1.1" 200 111230
40.77.167.121 - - [27/Dec/2024:02:57:07 +0100] "GET /ticket2/opencms/de/magazine/article?title=michail-antonio-verletzt-nach-autounfall HTTP/1.1" 200 92993
54.38.85.37 - - [27/Dec/2024:02:57:08 +0100] "GET /ticket2/opencms/dk/buy/?page=1&edid=CFB75162-A11D-70BF-58DA-F01E13735B85 HTTP/1.1" 200 111662
114.119.151.50 - - [27/Dec/2024:02:57:08 +0100] "GET /ticket2/opencms/en/venue/?venueid=4686023E-1A9C-D773-1EF5-78A9D0532992 HTTP/1.1" 200 85562
54.38.85.37 - - [27/Dec/2024:02:57:10 +0100] "GET /ticket2/opencms/dk/buy/?page=1&edid=CFB75162-A11D-70BF-58DA-F01E13735B85&sortorder=desc&column=price HTTP/1.1" 200 113575
54.38.85.37 - - [27/Dec/2024:02:57:12 +0100] "GET /ticket2/opencms/dk/buy/?page=1&edid=D017627D-6895-48D5-7AF6-3326E738EE9B&sortorder=desc&column=section HTTP/1.1" 200 112673
54.38.85.37 - - [27/Dec/2024:02:57:14 +0100] "GET /ticket2/opencms/dk/buy/?page=1&edid=D07DCEFA-35D1-5F34-400B-00D74939FF4F&sortorder=desc&column=price HTTP/1.1" 200 112499
54.38.85.37 - - [27/Dec/2024:02:57:16 +0100] "GET /ticket2/opencms/dk/buy/?page=1&edid=D07DCEFA-35D1-5F34-400B-00D74939FF4F&sortorder=desc&column=row HTTP/1.1" 200 112259
54.38.85.37 - - [27/Dec/2024:02:57:18 +0100] "GET /ticket2/opencms/dk/buy/?page=1&edid=D0922091-3F02-A1A0-C882-D45382E227D8&sortorder=desc&column=row HTTP/1.1" 200 113000
3.17.181.181 - - [27/Dec/2024:02:57:20 +0100] "GET /ticket2/opencms/lv/buy/?edid=9444713B-A9BE-A3F5-4A66-33B8EFDAEFB0&page=1 HTTP/1.1" 200 112905
54.38.85.37 - - [27/Dec/2024:02:57:21 +0100] "GET /ticket2/opencms/dk/buy/?page=1&edid=D28674D7-BD38-712E-389D-3A2C16C5CDF5 HTTP/1.1" 200 111217
52.15.191.241 - - [27/Dec/2024:02:57:21 +0100] "GET /ticket2/opencms/sq/buy?edid=9444713B-A9BE-A3F5-4A66-33B8EFDAEFB0&page=1 HTTP/1.1" 200 113105
54.38.85.37 - - [27/Dec/2024:02:57:23 +0100] "GET /ticket2/opencms/dk/buy/?page=1&edid=D4B1E319-6F48-1B90-FA7F-FABAA1246B5E HTTP/1.1" 200 111577
47.238.13.15 - - [27/Dec/2024:02:57:25 +0100] "GET /ticket2/opencms/ro/buy?page=1&edid=0A5CEFC4-5394-480F-FEA6-3D833FDD726F&sortorder=asc&column=section HTTP/1.1" 200 112001
54.38.85.37 - - [27/Dec/2024:02:57:25 +0100] "GET /ticket2/opencms/dk/buy/?page=1&edid=D737459F-8C33-1A07-DB7F-17A3C6E8F82A&sortorder=desc&column=row HTTP/1.1" 200 113064
40.77.167.78 - - [27/Dec/2024:02:57:26 +0100] "GET /ticket2/opencms/dk/buy?page=1&edid=037F7D58-F025-6DA7-A67A-3BE5E3996F20 HTTP/1.1" 200 110977
54.38.85.37 - - [27/Dec/2024:02:57:27 +0100] "GET /ticket2/opencms/dk/buy/?page=1&edid=D737459F-8C33-1A07-DB7F-17A3C6E8F82A&sortorder=desc&column=section HTTP/1.1" 200 113348
54.38.85.37 - - [27/Dec/2024:02:57:29 +0100] "GET /ticket2/opencms/dk/buy/?page=1&edid=D77508F6-9331-A006-851B-5A867CA79BF7&sortorder=asc&column=section HTTP/1.1" 200 113595
54.38.85.37 - - [27/Dec/2024:02:57:31 +0100] "GET /ticket2/opencms/dk/buy/?page=1&edid=DAEFA4FD-F482-31FE-95FC-55BA3FB167D0&sortorder=desc&column=section HTTP/1.1" 200 113763
54.38.85.37 - - [27/Dec/2024:02:57:33 +0100] "GET /ticket2/opencms/dk/buy/?page=1&edid=DCBA862D-C641-83C3-073B-674B49C90711 HTTP/1.1" 200 108364
85.208.96.201 - - [27/Dec/2024:02:57:35 +0100] "GET /ticket2/opencms/fr/magazine/article?title=la-legende-en-echange-houleux-avec-un-supporter HTTP/1.1" 200 94238
54.38.85.37 - - [27/Dec/2024:02:57:35 +0100] "GET /ticket2/opencms/dk/buy/?page=1&edid=E2BA566F-7943-8BEC-96B9-9CC0C50C3F94&sortorder=asc&column=section HTTP/1.1" 200 114172
85.208.96.200 - - [27/Dec/2024:02:57:37 +0100] "GET /ticket2/opencms/fi/handbook_seller/ HTTP/1.1" 200 91000
54.38.85.37 - - [27/Dec/2024:02:57:37 +0100] "GET /ticket2/opencms/dk/buy/?page=1&edid=E2FF13E6-DFDF-8758-C2F3-20694194FCC2&sortorder=asc&column=price HTTP/1.1" 200 110334
47.238.13.10 - - [27/Dec/2024:02:57:37 +0100] "GET /ticket2/opencms/it/buy?page=1&edid=E0B4B777-7EB3-2A8E-35EC-2CB7F8614609&sortorder=asc&column=price HTTP/1.1" 200 113843
47.238.13.18 - - [27/Dec/2024:02:57:38 +0100] "GET /ticket2/opencms/ka/buy?page=1&edid=7A146577-8F65-06C8-4C0F-1812EF8BCA1F HTTP/1.1" 200 118897
54.38.85.37 - - [27/Dec/2024:02:57:39 +0100] "GET /ticket2/opencms/dk/buy/?page=1&edid=E2FF13E6-DFDF-8758-C2F3-20694194FCC2&sortorder=asc&column=row HTTP/1.1" 200 110218
54.38.85.37 - - [27/Dec/2024:02:57:40 +0100] "GET /ticket2/opencms/dk/buy/?page=1&edid=E3B46C02-527F-BFED-1199-3D6C38556545 HTTP/1.1" 200 112118
54.38.85.37 - - [27/Dec/2024:02:57:42 +0100] "GET /ticket2/opencms/dk/buy/?page=1&edid=E6F3FCE0-2FC0-1D19-A7CC-E19CDD18C53C&sortorder=desc&column=section HTTP/1.1" 200 113737
54.38.85.37 - - [27/Dec/2024:02:57:44 +0100] "GET /ticket2/opencms/dk/buy/?page=1&edid=FBAFC8C9-2F07-B1EF-CF64-939CD8CFFE64&sortorder=asc&column=row HTTP/1.1" 200 114029
54.38.85.37 - - [27/Dec/2024:02:57:46 +0100] "GET /ticket2/opencms/dk/buy/?page=1&edid=FD6F3B4B-A5BC-5248-5E75-2F9B37E37FBE&sortorder=desc&column=price HTTP/1.1" 200 114013
54.38.85.37 - - [27/Dec/2024:02:57:48 +0100] "GET /ticket2/opencms/dk/buy/?page=1&edid=FD6F3B4B-A5BC-5248-5E75-2F9B37E37FBE&sortorder=desc&column=section HTTP/1.1" 200 114222
54.38.85.37 - - [27/Dec/2024:02:57:50 +0100] "GET /ticket2/opencms/dk/buy/?page=1&edid=FECC0DB2-B8D9-00EE-095F-D7560C44D578&sortorder=desc&column=row HTTP/1.1" 200 113396
85.208.96.201 - - [27/Dec/2024:02:57:51 +0100] "GET /ticket2/opencms/is/magazine/article?title=manchester-united-hefur-akvedid-ad-reka-erik-ten-hag HTTP/1.1" 200 98352
54.38.85.37 - - [27/Dec/2024:02:57:54 +0100] "GET /ticket2/opencms/dk/buy/?page=1&edid=7422BB76-D50D-112B-59E4-17DC58B2A2B5&sortorder=desc&column=price HTTP/1.1" 200 113584
54.38.85.37 - - [27/Dec/2024:02:57:57 +0100] "GET /ticket2/opencms/dk/buy/?page=1&edid=BCDC90EA-C791-96A5-DAF9-E863584C211D&sortorder=desc&column=price HTTP/1.1" 200 110327
54.38.85.37 - - [27/Dec/2024:02:58:00 +0100] "GET /ticket2/opencms/dk/venue/?venueid=0244E869-E2F3-A6E3-662F-EE6F7C68AB65 HTTP/1.1" 200 85482
54.38.85.37 - - [27/Dec/2024:02:58:02 +0100] "GET /ticket2/opencms/dk/venue/?venueid=C458B6B1-F3BA-F452-1EA5-B4B6AF5E0413 HTTP/1.1" 200 85547
54.38.85.37 - - [27/Dec/2024:02:58:04 +0100] "GET /ticket2/opencms/dk/venue/?venueid=F1735286-7AD2-7B98-D4E5-03066C2CD758 HTTP/1.1" 200 85500
54.38.85.37 - - [27/Dec/2024:02:58:06 +0100] "GET /ticket2/opencms/en/buy/?page=1&edid=529D645D-E454-0A79-EC53-E61958917FA4&sortorder=asc&column=row HTTP/1.1" 200 113187
54.38.85.37 - - [27/Dec/2024:02:58:08 +0100] "GET /ticket2/opencms/en/buy/?page=1&edid=5334896C-C3F5-3C15-5145-9352C3FF461E&sortorder=asc&column=row HTTP/1.1" 200 113549
40.77.167.23 - - [27/Dec/2024:02:58:08 +0100] "GET /ticket2/opencms/nl/magazine/article?title=pep-guardiolas-voetbalrevolutie-de-invloed-van-een-tactische-meester HTTP/1.1" 200 91872
185.191.171.3 - - [27/Dec/2024:02:58:08 +0100] "GET /ticket2/opencms/bs/magazine/article?title=manchester-city-prvaci-cetvrtu-godinu-zaredom HTTP/1.1" 200 93408
54.38.85.37 - - [27/Dec/2024:02:58:10 +0100] "GET /ticket2/opencms/en/buy/?page=1&edid=5334896C-C3F5-3C15-5145-9352C3FF461E&sortorder=asc&column=section HTTP/1.1" 200 113904
54.38.85.37 - - [27/Dec/2024:02:58:12 +0100] "GET /ticket2/opencms/en/buy/?page=1&edid=53761E65-F89B-BBEE-6188-DCF95DA0DC4F&sortorder=asc&column=price HTTP/1.1" 200 113137
18.116.20.205 - - [27/Dec/2024:02:58:12 +0100] "GET /ticket2/opencms/hu/buy?edid=9444713B-A9BE-A3F5-4A66-33B8EFDAEFB0&page=1 HTTP/1.1" 200 112992
54.38.85.37 - - [27/Dec/2024:02:58:14 +0100] "GET /ticket2/opencms/en/buy/?page=1&edid=5A53D059-2717-7212-ED4E-000015E5862F&sortorder=asc&column=row HTTP/1.1" 200 113500
54.38.85.37 - - [27/Dec/2024:02:58:16 +0100] "GET /ticket2/opencms/en/buy/?page=1&edid=5A53D059-2717-7212-ED4E-000015E5862F&sortorder=asc&column=section HTTP/1.1" 200 113835
147.185.132.117 - - [27/Dec/2024:02:58:17 +0100] "GET / HTTP/1.1" 404 -
185.191.171.13 - - [27/Dec/2024:02:58:17 +0100] "GET /ticket2/opencms/ga/login/?url=%25252Fga%25252Fsell%25252F HTTP/1.1" 200 91390
207.46.13.54 - - [27/Dec/2024:02:58:18 +0100] "GET /ticket2/opencms/en/magazine/article?title=michail-antonio-injured-after-car-accident HTTP/1.1" 200 91648
54.38.85.37 - - [27/Dec/2024:02:58:18 +0100] "GET /ticket2/opencms/en/buy/?page=1&edid=5A9B32FB-C20E-2874-9C42-0B1D1553465A&sortorder=asc&column=row HTTP/1.1" 200 113208
114.119.130.23 - - [27/Dec/2024:02:58:19 +0100] "GET /ticket2/opencms/en/sell/?edid=F503AB1D-5285-4EFD-342F-0CC2D9705E49 HTTP/1.1" 302 -
54.38.85.37 - - [27/Dec/2024:02:58:20 +0100] "GET /ticket2/opencms/en/buy/?page=1&edid=5A9B32FB-C20E-2874-9C42-0B1D1553465A&sortorder=asc&column=section HTTP/1.1" 200 113389
52.167.144.142 - - [27/Dec/2024:02:58:20 +0100] "GET /ticket2/opencms/ro/ HTTP/1.1" 200 101793
54.38.85.37 - - [27/Dec/2024:02:58:22 +0100] "GET /ticket2/opencms/en/buy/?page=1&edid=5B22F83A-2ADE-82C8-21F3-C11998BADC97&sortorder=asc&column=price HTTP/1.1" 200 113371
85.208.96.193 - - [27/Dec/2024:02:58:23 +0100] "GET /ticket2/opencms/fi/magazine/article?title=manchester-city HTTP/1.1" 200 94521
85.208.96.211 - - [27/Dec/2024:02:58:23 +0100] "GET /ticket2/opencms/sv/sport/fotbollsbiljetter/ligue_1/paris_saint_germain/ HTTP/1.1" 200 93262
114.119.130.23 - - [27/Dec/2024:02:58:24 +0100] "GET /ticket2/opencms/en/login/?url=/en/sell/ HTTP/1.1" 200 89820
54.38.85.37 - - [27/Dec/2024:02:58:24 +0100] "GET /ticket2/opencms/en/buy/?page=1&edid=5B22F83A-2ADE-82C8-21F3-C11998BADC97&sortorder=asc&column=row HTTP/1.1" 200 113123
54.38.85.37 - - [27/Dec/2024:02:58:26 +0100] "GET /ticket2/opencms/en/buy/?page=1&edid=5B22F83A-2ADE-82C8-21F3-C11998BADC97&sortorder=desc&column=section HTTP/1.1" 200 113541
54.38.85.37 - - [27/Dec/2024:02:58:28 +0100] "GET /ticket2/opencms/en/buy/?page=1&edid=5DB082CF-9F35-D360-53D3-670AC3A63FB5&sortorder=asc&column=price HTTP/1.1" 200 113347
173.252.83.2 - - [27/Dec/2024:02:58:29 +0100] "GET /ticket2/opencms/mo/magazine/article?title=premier-league-premier-league-fixtures-20242025 HTTP/1.1" 200 92460
54.38.85.37 - - [27/Dec/2024:02:58:30 +0100] "GET /ticket2/opencms/en/buy/?page=1&edid=5DB082CF-9F35-D360-53D3-670AC3A63FB5&sortorder=asc&column=row HTTP/1.1" 200 113213
54.38.85.37 - - [27/Dec/2024:02:58:31 +0100] "GET /ticket2/opencms/en/buy/?page=1&edid=5DB082CF-9F35-D360-53D3-670AC3A63FB5&sortorder=asc&column=section HTTP/1.1" 200 113481
54.38.85.37 - - [27/Dec/2024:02:58:33 +0100] "GET /ticket2/opencms/en/buy/?page=1&edid=6082F16E-936D-95FC-7956-A001C0E49E14&sortorder=asc&column=price HTTP/1.1" 200 113681
114.119.148.14 - - [27/Dec/2024:02:58:34 +0100] "GET /ticket2/opencms/en/venue/?venueid=18C713C2-5502-2721-4BDF-4CC89EA5797B HTTP/1.1" 200 85015
54.38.85.37 - - [27/Dec/2024:02:58:36 +0100] "GET /ticket2/opencms/en/buy/?page=1&edid=6082F16E-936D-95FC-7956-A001C0E49E14&sortorder=asc&column=row HTTP/1.1" 200 113501
54.38.85.37 - - [27/Dec/2024:02:58:38 +0100] "GET /ticket2/opencms/en/buy/?page=1&edid=6082F16E-936D-95FC-7956-A001C0E49E14&sortorder=asc&column=section HTTP/1.1" 200 113763
85.208.96.201 - - [27/Dec/2024:02:58:39 +0100] "GET /ticket2/opencms/de/sport/fussball-tickets/la_liga/osasuna/ HTTP/1.1" 200 101321
54.38.85.37 - - [27/Dec/2024:02:58:40 +0100] "GET /ticket2/opencms/en/buy/?page=1&edid=60A92E2C-5D4D-C143-3776-D1790FE7FB3F&sortorder=asc&column=price HTTP/1.1" 200 113648
54.38.85.37 - - [27/Dec/2024:02:58:42 +0100] "GET /ticket2/opencms/en/buy/?page=1&edid=60A92E2C-5D4D-C143-3776-D1790FE7FB3F&sortorder=asc&column=row HTTP/1.1" 200 113533
54.38.85.37 - - [27/Dec/2024:02:58:43 +0100] "GET /ticket2/opencms/en/buy/?page=1&edid=60A92E2C-5D4D-C143-3776-D1790FE7FB3F&sortorder=asc&column=section HTTP/1.1" 200 113822
54.38.85.37 - - [27/Dec/2024:02:58:45 +0100] "GET /ticket2/opencms/en/buy/?page=1&edid=60D43F42-D1EF-C1AD-08FA-36635BC6C8AF&sortorder=asc&column=price HTTP/1.1" 200 112028
189.203.236.13 - - [27/Dec/2024:02:58:45 +0100] "GET /ticket2/opencms/img/shutterstock_1559114345.jpg HTTP/1.1" 200 1583836
3.137.219.213 - - [27/Dec/2024:02:58:47 +0100] "GET /ticket2/opencms/hr/buy/?edid=9444713B-A9BE-A3F5-4A66-33B8EFDAEFB0&page=1 HTTP/1.1" 200 112688
54.38.85.37 - - [27/Dec/2024:02:58:47 +0100] "GET /ticket2/opencms/en/buy/?page=1&edid=60D43F42-D1EF-C1AD-08FA-36635BC6C8AF&sortorder=asc&column=row HTTP/1.1" 200 111851
54.38.85.37 - - [27/Dec/2024:02:58:50 +0100] "GET /ticket2/opencms/en/buy/?page=1&edid=60D43F42-D1EF-C1AD-08FA-36635BC6C8AF&sortorder=asc&column=section HTTP/1.1" 200 112174
54.38.85.37 - - [27/Dec/2024:02:58:52 +0100] "GET /ticket2/opencms/en/buy/?page=1&edid=616E0307-EF5A-C0BC-E2E4-858595D5400D&sortorder=desc&column=price HTTP/1.1" 200 113721
54.38.85.37 - - [27/Dec/2024:02:58:54 +0100] "GET /ticket2/opencms/en/buy/?page=1&edid=98D6C99F-F8F5-DE71-7D09-3A72246C9A50 HTTP/1.1" 200 110665
