47.128.30.89 - - [27/Dec/2024:06:53:29 +0100] "GET /ticket2/opencms/lt/buy?edid=186C4928-084D-658D-D6B0-95947954D866 HTTP/1.1" 200 92579
66.249.68.35 - - [27/Dec/2024:06:53:30 +0100] "GET /ticket2/opencms/en/ HTTP/1.1" 200 100099
135.181.213.219 - - [27/Dec/2024:06:53:31 +0100] "GET /ticket2/opencms/se/sv/buy/?page=1&edid=27C123AB-DDEB-9544-7BBD-F441CE093363&sortorder=asc&column=section HTTP/1.1" 404 -
66.249.79.101 - - [27/Dec/2024:06:53:31 +0100] "GET /ticket2/opencms/lt/buy/?page=1&edid=070182EB-30EF-F34B-AE41-C4B61E82D2C9 HTTP/1.1" 200 113262
217.182.175.38 - - [27/Dec/2024:06:53:32 +0100] "GET /ticket2/opencms/se/nl/buy/?page=1&edid=68B92CC4-CCEC-BC83-95A2-78E88459C604&sortorder=asc&column=row HTTP/1.1" 404 -
85.208.96.193 - - [27/Dec/2024:06:53:33 +0100] "GET /ticket2/opencms/bs/sport/fudbalske-karte/la-liga HTTP/1.1" 200 101288
135.181.213.219 - - [27/Dec/2024:06:53:36 +0100] "GET /ticket2/opencms/se/sv/buy/?page=1&edid=28A78875-6E8A-83A1-C3FA-6534C0763257 HTTP/1.1" 404 -
47.238.14.12 - - [27/Dec/2024:06:53:38 +0100] "GET /ticket2/opencms/it/buy?page=1&edid=9250B98C-3D5F-37E6-7B39-001C84B580C7 HTTP/1.1" 200 117203
66.249.79.163 - - [27/Dec/2024:06:53:40 +0100] "GET /ticket2/opencms/mo/buy/?page=1&edid=4660DE29-C3F1-FFBE-5E6B-4C74E874EC91 HTTP/1.1" 200 113596
135.181.213.219 - - [27/Dec/2024:06:53:41 +0100] "GET /ticket2/opencms/se/sv/buy/?page=1&edid=290CBF40-7E56-D6CB-CC78-308707AA99A3 HTTP/1.1" 404 -
114.119.130.91 - - [27/Dec/2024:06:53:42 +0100] "GET /ticket2/opencms/en/sport/football-tickets/serie_a/inter/ HTTP/1.1" 200 96394
66.249.79.199 - - [27/Dec/2024:06:53:43 +0100] "GET /ticket2/opencms/en/ HTTP/1.1" 200 100155
135.181.213.219 - - [27/Dec/2024:06:53:45 +0100] "GET /ticket2/opencms/se/sv/buy/?page=1&edid=29B573D8-16F6-7556-60C3-0029DCFF0A60 HTTP/1.1" 404 -
217.182.175.38 - - [27/Dec/2024:06:53:46 +0100] "GET /ticket2/opencms/se/nl/buy/?page=1&edid=68B92CC4-CCEC-BC83-95A2-78E88459C604&sortorder=asc&column=section HTTP/1.1" 404 -
135.181.213.219 - - [27/Dec/2024:06:53:50 +0100] "GET /ticket2/opencms/se/sv/buy/?page=1&edid=2B0158DD-C9AE-5B4F-1162-68A0BF601349 HTTP/1.1" 404 -
87.250.224.49 - - [27/Dec/2024:06:53:51 +0100] "GET /ticket2/opencms/dk/sport/fodboldbilletter/premier-league/tottenham/ HTTP/1.1" 200 94349
135.181.213.219 - - [27/Dec/2024:06:53:54 +0100] "GET /ticket2/opencms/se/sv/buy/?page=1&edid=2B0158DD-C9AE-5B4F-1162-68A0BF601349&sortorder=asc&column=section HTTP/1.1" 404 -
85.208.96.209 - - [27/Dec/2024:06:53:56 +0100] "GET /ticket2/opencms/no/magazine/article?title=kjop-billetter-til-bundesliga-pa-ticket2com HTTP/1.1" 200 92388
135.181.213.219 - - [27/Dec/2024:06:53:59 +0100] "GET /ticket2/opencms/se/sv/buy/?page=1&edid=2B244978-CDF4-B7C4-66FD-1551A26618A8 HTTP/1.1" 404 -
135.181.213.219 - - [27/Dec/2024:06:54:04 +0100] "GET /ticket2/opencms/se/sv/buy/?page=1&edid=2CAB5555-278E-85B1-698D-866B9B29BE8E&sortorder=desc&column=row HTTP/1.1" 404 -
217.182.175.38 - - [27/Dec/2024:06:54:04 +0100] "GET /ticket2/opencms/se/nl/buy/?page=1&edid=68B92CC4-CCEC-BC83-95A2-78E88459C604&sortorder=desc&column=price HTTP/1.1" 404 -
185.191.171.5 - - [27/Dec/2024:06:54:05 +0100] "GET /ticket2/opencms/robots.txt HTTP/1.1" 200 773
185.191.171.13 - - [27/Dec/2024:06:54:06 +0100] "GET /ticket2/opencms/de/sport/fussball-tickets/la_liga/deportivo_alaves/ HTTP/1.1" 200 102878
185.191.171.14 - - [27/Dec/2024:06:54:06 +0100] "GET /ticket2/opencms/dk/magazine/article?title=arsenal-fc-refleksion HTTP/1.1" 200 91827
135.181.213.219 - - [27/Dec/2024:06:54:08 +0100] "GET /ticket2/opencms/se/sv/buy/?page=1&edid=2CAB5555-278E-85B1-698D-866B9B29BE8E&sortorder=desc&column=section HTTP/1.1" 404 -
135.181.213.219 - - [27/Dec/2024:06:54:13 +0100] "GET /ticket2/opencms/se/sv/buy/?page=1&edid=2D6008FC-74D0-B42D-D394-6581AA02F839 HTTP/1.1" 404 -
135.181.213.219 - - [27/Dec/2024:06:54:17 +0100] "GET /ticket2/opencms/se/sv/buy/?page=1&edid=2E351EEA-33B4-0E8E-6D73-E9AB91DE426F HTTP/1.1" 404 -
52.167.144.229 - - [27/Dec/2024:06:54:20 +0100] "GET /ticket2/opencms/en/buy?page=1&edid=0BFEF265-1561-95F2-B0AD-720F1986AD1D HTTP/1.1" 200 131221
217.182.175.38 - - [27/Dec/2024:06:54:21 +0100] "GET /ticket2/opencms/se/nl/buy/?page=1&edid=68B92CC4-CCEC-BC83-95A2-78E88459C604&sortorder=desc&column=row HTTP/1.1" 404 -
135.181.213.219 - - [27/Dec/2024:06:54:22 +0100] "GET /ticket2/opencms/se/sv/buy/?page=1&edid=2E4F8B90-0A99-D872-0996-CB4BBB296F52 HTTP/1.1" 404 -
135.181.213.219 - - [27/Dec/2024:06:54:26 +0100] "GET /ticket2/opencms/se/sv/buy/?page=1&edid=2E8F8574-F869-5C9B-22BD-92D7A3307EC4 HTTP/1.1" 404 -
52.167.144.229 - - [27/Dec/2024:06:54:29 +0100] "GET /ticket2/opencms/ro/buy?page=1&edid=62A38D37-A3CA-2938-5541-EC898BE28908 HTTP/1.1" 200 112332
135.181.213.219 - - [27/Dec/2024:06:54:31 +0100] "GET /ticket2/opencms/se/sv/buy/?page=1&edid=2F2A5072-295A-D707-553D-D36BF8CA313B HTTP/1.1" 404 -
124.243.180.82 - - [27/Dec/2024:06:54:32 +0100] "GET /ticket2/opencms/sk/buy?page=1&edid=56BEA2AB-D62C-F232-ADFB-5CF7A178E68C HTTP/1.1" 200 133520
185.191.171.1 - - [27/Dec/2024:06:54:34 +0100] "GET /ticket2/opencms/dk/sport/fodboldbilletter/la-liga/cadiz/ HTTP/1.1" 200 86778
217.182.175.38 - - [27/Dec/2024:06:54:34 +0100] "GET /ticket2/opencms/se/nl/buy/?page=1&edid=69877597-E510-0567-3349-DBF7A6E00B8C HTTP/1.1" 404 -
135.181.213.219 - - [27/Dec/2024:06:54:36 +0100] "GET /ticket2/opencms/se/sv/buy/?page=1&edid=2FC98323-B77E-D291-9131-7C1F611770DD HTTP/1.1" 404 -
135.181.213.219 - - [27/Dec/2024:06:54:40 +0100] "GET /ticket2/opencms/se/sv/buy/?page=1&edid=3073B46A-4E01-598E-3EDB-B08A261454C6 HTTP/1.1" 404 -
52.167.144.160 - - [27/Dec/2024:06:54:42 +0100] "GET /ticket2/opencms/img/reese_james_chelsea.jpg HTTP/1.1" 200 140723
135.181.213.219 - - [27/Dec/2024:06:54:45 +0100] "GET /ticket2/opencms/se/sv/buy/?page=1&edid=30C89ECD-9C00-576C-AA0D-236F4C1FBD43&sortorder=desc&column=section HTTP/1.1" 404 -
217.182.175.38 - - [27/Dec/2024:06:54:48 +0100] "GET /ticket2/opencms/se/nl/buy/?page=1&edid=6A066321-8561-A11B-AAA6-D4F9A8D6BE39&sortorder=asc&column=price HTTP/1.1" 404 -
135.181.213.219 - - [27/Dec/2024:06:54:49 +0100] "GET /ticket2/opencms/se/sv/buy/?page=1&edid=30DFF5A6-5801-42E1-F124-0EA64463049D&sortorder=desc&column=section HTTP/1.1" 404 -
135.181.213.219 - - [27/Dec/2024:06:54:54 +0100] "GET /ticket2/opencms/se/sv/buy/?page=1&edid=312F925C-21EC-506E-3F79-878DE79022A7&sortorder=asc&column=price HTTP/1.1" 404 -
114.119.136.30 - - [27/Dec/2024:06:54:58 +0100] "GET /ticket2/opencms/sr/buy?page=1&=36AF1B5E-5A99-17FA-F2C9-AE0F1234F398 HTTP/1.1" 200 6507
135.181.213.219 - - [27/Dec/2024:06:54:58 +0100] "GET /ticket2/opencms/se/sv/buy/?page=1&edid=312F925C-21EC-506E-3F79-878DE79022A7&sortorder=asc&column=row HTTP/1.1" 404 -
217.182.175.38 - - [27/Dec/2024:06:55:01 +0100] "GET /ticket2/opencms/se/nl/buy/?page=1&edid=6A066321-8561-A11B-AAA6-D4F9A8D6BE39&sortorder=asc&column=section HTTP/1.1" 404 -
135.181.213.219 - - [27/Dec/2024:06:55:03 +0100] "GET /ticket2/opencms/se/sv/buy/?page=1&edid=312F925C-21EC-506E-3F79-878DE79022A7&sortorder=asc&column=section HTTP/1.1" 404 -
47.128.99.111 - - [27/Dec/2024:06:55:07 +0100] "GET /ticket2/opencms/et/magazine/article?title=manchester-city-vs-queens-park-rangers HTTP/1.1" 200 94250
135.181.213.219 - - [27/Dec/2024:06:55:07 +0100] "GET /ticket2/opencms/se/sv/buy/?page=1&edid=312F925C-21EC-506E-3F79-878DE79022A7&sortorder=desc&column=price HTTP/1.1" 404 -
47.128.120.227 - - [27/Dec/2024:06:55:08 +0100] "GET /ticket2/opencms/sk/buy/?edid=6DFFB718-11C1-53C4-2A79-C844FA7A064D HTTP/1.1" 200 92717
135.181.213.219 - - [27/Dec/2024:06:55:12 +0100] "GET /ticket2/opencms/se/sv/buy/?page=1&edid=312F925C-21EC-506E-3F79-878DE79022A7&sortorder=desc&column=section HTTP/1.1" 404 -
217.182.175.38 - - [27/Dec/2024:06:55:14 +0100] "GET /ticket2/opencms/se/nl/buy/?page=1&edid=6B362B16-3138-C077-A4D8-7508DEEA6E81&sortorder=asc&column=row HTTP/1.1" 404 -
185.191.171.12 - - [27/Dec/2024:06:55:15 +0100] "GET /ticket2/opencms/fi/about/press/ HTTP/1.1" 200 90491
135.181.213.219 - - [27/Dec/2024:06:55:16 +0100] "GET /ticket2/opencms/se/sv/buy/?page=1&edid=3150A50C-406C-2280-37B6-F35D6C5A214C&sortorder=desc&column=price HTTP/1.1" 404 -
135.181.213.219 - - [27/Dec/2024:06:55:21 +0100] "GET /ticket2/opencms/se/sv/buy/?page=1&edid=3150A50C-406C-2280-37B6-F35D6C5A214C&sortorder=desc&column=row HTTP/1.1" 404 -
185.191.171.2 - - [27/Dec/2024:06:55:23 +0100] "GET /ticket2/opencms/no/search.html?searchQuery=Sheffield%2BUnited&submit HTTP/1.1" 200 98663
135.181.213.219 - - [27/Dec/2024:06:55:26 +0100] "GET /ticket2/opencms/se/sv/buy/?page=1&edid=3150A50C-406C-2280-37B6-F35D6C5A214C&sortorder=desc&column=section HTTP/1.1" 404 -
217.182.175.38 - - [27/Dec/2024:06:55:28 +0100] "GET /ticket2/opencms/se/nl/buy/?page=1&edid=6B362B16-3138-C077-A4D8-7508DEEA6E81&sortorder=asc&column=section HTTP/1.1" 404 -
135.181.213.219 - - [27/Dec/2024:06:55:30 +0100] "GET /ticket2/opencms/se/sv/buy/?page=1&edid=3176E62D-2ABE-1AEC-AE78-5501F2AB2BE9&sortorder=asc&column=price HTTP/1.1" 404 -
89.246.241.14 - - [27/Dec/2024:06:55:34 +0100] "GET /ticket2/opencms/cs/ HTTP/1.1" 200 101795
135.181.213.219 - - [27/Dec/2024:06:55:35 +0100] "GET /ticket2/opencms/se/sv/buy/?page=1&edid=31CFF865-AEBB-B4D0-C11D-57C54407DE09 HTTP/1.1" 404 -
135.181.213.219 - - [27/Dec/2024:06:55:39 +0100] "GET /ticket2/opencms/se/sv/buy/?page=1&edid=31FC80C3-F408-0E0C-5F3A-C941F4BFE838 HTTP/1.1" 404 -
217.182.175.38 - - [27/Dec/2024:06:55:41 +0100] "GET /ticket2/opencms/se/nl/buy/?page=1&edid=6B362B16-3138-C077-A4D8-7508DEEA6E81&sortorder=desc&column=row HTTP/1.1" 404 -
52.167.144.160 - - [27/Dec/2024:06:55:43 +0100] "GET /ticket2/opencms/de/buy/?page=1&edid=724FE1B6-4193-89FA-1AFC-FD88F07C0653 HTTP/1.1" 200 108570
135.181.213.219 - - [27/Dec/2024:06:55:43 +0100] "GET /ticket2/opencms/se/sv/buy/?page=1&edid=325B1ED6-7B15-4D0E-D8E7-20609740D0F8&sortorder=asc&column=row HTTP/1.1" 404 -
52.167.144.160 - - [27/Dec/2024:06:55:44 +0100] "GET /ticket2/opencms/uk/buy?page=1&edid=CAFC2A98-4055-5730-C500-B9C073EA2889&sortorder=asc&column=row HTTP/1.1" 200 116316
135.181.213.219 - - [27/Dec/2024:06:55:48 +0100] "GET /ticket2/opencms/se/sv/buy/?page=1&edid=325B1ED6-7B15-4D0E-D8E7-20609740D0F8&sortorder=asc&column=section HTTP/1.1" 404 -
185.191.171.9 - - [27/Dec/2024:06:55:48 +0100] "GET /ticket2/opencms/dk/magazine/article?title=declan-rice HTTP/1.1" 200 91595
185.191.171.10 - - [27/Dec/2024:06:55:48 +0100] "GET /ticket2/opencms/sl/sport/nogometne-vstopnice/premier-league/liverpool/ HTTP/1.1" 200 95548
135.181.213.219 - - [27/Dec/2024:06:55:53 +0100] "GET /ticket2/opencms/se/sv/buy/?page=1&edid=325B1ED6-7B15-4D0E-D8E7-20609740D0F8&sortorder=desc&column=row HTTP/1.1" 404 -
135.181.213.219 - - [27/Dec/2024:06:55:57 +0100] "GET /ticket2/opencms/se/sv/buy/?page=1&edid=32761879-506B-0718-462F-1A1F8B946759&sortorder=asc&column=price HTTP/1.1" 404 -
217.182.175.38 - - [27/Dec/2024:06:55:58 +0100] "GET /ticket2/opencms/se/nl/buy/?page=1&edid=6B362B16-3138-C077-A4D8-7508DEEA6E81&sortorder=desc&column=section HTTP/1.1" 404 -
193.14.193.248 - - [27/Dec/2024:06:56:01 +0100] "GET /ticket2/opencms/sv/foretagserbjudande/?wbraid=ClMKCAiA9667BhA4EkMAr11gnrCbL_wOfpICloSKod8y_9N0pJaFL9omoqqPJ8SHMTjvj_TlFZXG1RVLX4yUIxgyg5T6svYWb5SV3xt-o4wBGgJ7NA HTTP/1.1" 200 89968
193.14.193.248 - - [27/Dec/2024:06:56:01 +0100] "GET /ticket2/opencms/system/modules/com.gridnine.opencms.ticketbrokerage.site/resources/js/jquery/jquery.js HTTP/1.1" 200 93868
193.14.193.248 - - [27/Dec/2024:06:56:01 +0100] "GET /ticket2/opencms/system/modules/com.gridnine.opencms.ticketbrokerage.site/resources/js/jquery/jquery-ui.js HTTP/1.1" 200 228088
193.14.193.248 - - [27/Dec/2024:06:56:01 +0100] "GET /ticket2/opencms/system/modules/com.gridnine.opencms.ticketbrokerage.site/resources/css/calendar.css HTTP/1.1" 200 6871
193.14.193.248 - - [27/Dec/2024:06:56:01 +0100] "GET /ticket2/opencms/system/modules/com.gridnine.opencms.ticketbrokerage.site/resources/css/jquery.fancybox.css HTTP/1.1" 200 4939
193.14.193.248 - - [27/Dec/2024:06:56:01 +0100] "GET /ticket2/opencms/system/modules/com.gridnine.opencms.ticketbrokerage.site/resources/css/ticketbrokerage.css HTTP/1.1" 200 39339
193.14.193.248 - - [27/Dec/2024:06:56:01 +0100] "GET /ticket2/opencms/system/modules/com.gridnine.opencms.ticketbrokerage.site/resources/css/jquery-ui.css HTTP/1.1" 200 33221
193.14.193.248 - - [27/Dec/2024:06:56:01 +0100] "GET /ticket2/opencms/system/modules/com.gridnine.opencms.ticketbrokerage.site/resources/css/standard.css HTTP/1.1" 200 73081
193.14.193.248 - - [27/Dec/2024:06:56:01 +0100] "GET /ticket2/opencms/system/modules/com.gridnine.opencms.ticketbrokerage.site/resources/js/functions.js HTTP/1.1" 200 1583
193.14.193.248 - - [27/Dec/2024:06:56:01 +0100] "GET /ticket2/opencms/system/modules/com.gridnine.opencms.ticketbrokerage.site/resources/js/calendar.js HTTP/1.1" 200 49229
193.14.193.248 - - [27/Dec/2024:06:56:01 +0100] "GET /ticket2/opencms/system/modules/com.gridnine.opencms.ticketbrokerage.site/resources/js/calendar-en.js HTTP/1.1" 200 3338
193.14.193.248 - - [27/Dec/2024:06:56:01 +0100] "GET /ticket2/opencms/system/modules/com.gridnine.opencms.ticketbrokerage.site/resources/js/calendar-setup.js HTTP/1.1" 200 4923
193.14.193.248 - - [27/Dec/2024:06:56:01 +0100] "GET /ticket2/opencms/system/modules/com.gridnine.opencms.ticketbrokerage.site/resources/js/jquery.fancybox.pack.js HTTP/1.1" 200 23187
193.14.193.248 - - [27/Dec/2024:06:56:01 +0100] "GET /ticket2/opencms/system/modules/com.gridnine.opencms.ticketbrokerage.site/resources/js/stickyfill.min.js HTTP/1.1" 200 5672
193.14.193.248 - - [27/Dec/2024:06:56:02 +0100] "GET /ticket2/opencms/system/modules/com.gridnine.opencms.ticketbrokerage.site/resources/js/standard.js HTTP/1.1" 200 3978
193.14.193.248 - - [27/Dec/2024:06:56:02 +0100] "GET /ticket2/opencms/system/modules/com.gridnine.opencms.ticketbrokerage.site/resources/js/jquery.placeholder.min.js HTTP/1.1" 200 1737
193.14.193.248 - - [27/Dec/2024:06:56:02 +0100] "GET /ticket2/opencms/system/modules/com.gridnine.opencms.ticketbrokerage.site/resources/js/common-ajax.js HTTP/1.1" 200 20175
193.14.193.248 - - [27/Dec/2024:06:56:02 +0100] "GET /ticket2/opencms/img/insta.png HTTP/1.1" 200 3967
193.14.193.248 - - [27/Dec/2024:06:56:02 +0100] "GET /ticket2/opencms/system/modules/com.gridnine.opencms.ticketbrokerage.site/resources/pics/logo-new.png HTTP/1.1" 200 13541
193.14.193.248 - - [27/Dec/2024:06:56:02 +0100] "GET /ticket2/opencms/img/fb.png HTTP/1.1" 200 1269
193.14.193.248 - - [27/Dec/2024:06:56:02 +0100] "GET /ticket2/opencms/system/modules/com.gridnine.opencms.ticketbrokerage.site/resources/pics/arrow.gif HTTP/1.1" 200 344
193.14.193.248 - - [27/Dec/2024:06:56:02 +0100] "GET /ticket2/opencms/system/modules/com.gridnine.opencms.ticketbrokerage.site/resources/pics/form_marker.gif HTTP/1.1" 200 43
193.14.193.248 - - [27/Dec/2024:06:56:02 +0100] "GET /ticket2/opencms/system/modules/com.gridnine.opencms.ticketbrokerage.site/resources/pics/content/corporate_sv.png HTTP/1.1" 200 17314
193.14.193.248 - - [27/Dec/2024:06:56:02 +0100] "GET /ticket2/opencms/system/modules/com.gridnine.opencms.ticketbrokerage.site/resources/pics/footer-img.jpg HTTP/1.1" 200 67642
193.14.193.248 - - [27/Dec/2024:06:56:02 +0100] "GET /ticket2/opencms/system/modules/com.gridnine.opencms.ticketbrokerage.site/resources/css/images/event-banner.png HTTP/1.1" 404 -
193.14.193.248 - - [27/Dec/2024:06:56:02 +0100] "GET /ticket2/opencms/system/modules/com.gridnine.opencms.ticketbrokerage.site/resources/pics/button1_left.gif HTTP/1.1" 200 232
193.14.193.248 - - [27/Dec/2024:06:56:02 +0100] "GET /ticket2/opencms/system/modules/com.gridnine.opencms.ticketbrokerage.site/resources/pics/button1_center.gif HTTP/1.1" 200 66
193.14.193.248 - - [27/Dec/2024:06:56:02 +0100] "GET /ticket2/opencms/system/modules/com.gridnine.opencms.ticketbrokerage.site/resources/pics/button1_right.gif HTTP/1.1" 200 232
193.14.193.248 - - [27/Dec/2024:06:56:02 +0100] "GET /ticket2/opencms/img/check.png HTTP/1.1" 200 548
193.14.193.248 - - [27/Dec/2024:06:56:02 +0100] "GET /ticket2/opencms/img/mail.png HTTP/1.1" 200 403
193.14.193.248 - - [27/Dec/2024:06:56:02 +0100] "GET /ticket2/opencms/img/chat.png HTTP/1.1" 200 416
193.14.193.248 - - [27/Dec/2024:06:56:02 +0100] "GET /ticket2/opencms/img/arrow.png HTTP/1.1" 200 753
193.14.193.248 - - [27/Dec/2024:06:56:02 +0100] "GET /ticket2/opencms/img/icons/globe-white.png HTTP/1.1" 200 947
193.14.193.248 - - [27/Dec/2024:06:56:02 +0100] "GET /ticket2/opencms/img/icons/it.png HTTP/1.1" 200 2040
193.14.193.248 - - [27/Dec/2024:06:56:02 +0100] "GET /ticket2/opencms/img/icons/pl.png HTTP/1.1" 200 1578
193.14.193.248 - - [27/Dec/2024:06:56:02 +0100] "GET /ticket2/opencms/img/icons/sq.png HTTP/1.1" 200 1619
193.14.193.248 - - [27/Dec/2024:06:56:02 +0100] "GET /ticket2/opencms/img/icons/az.png HTTP/1.1" 200 1445
193.14.193.248 - - [27/Dec/2024:06:56:02 +0100] "GET /ticket2/opencms/img/icons/ticket2.thumbnail.png HTTP/1.1" 200 21519
193.14.193.248 - - [27/Dec/2024:06:56:02 +0100] "GET /ticket2/opencms/img/icons/be.png HTTP/1.1" 200 1663
193.14.193.248 - - [27/Dec/2024:06:56:03 +0100] "GET /ticket2/opencms/img/icons/bs.png HTTP/1.1" 200 1014
193.14.193.248 - - [27/Dec/2024:06:56:03 +0100] "GET /ticket2/opencms/img/icons/bg.png HTTP/1.1" 200 788
193.14.193.248 - - [27/Dec/2024:06:56:03 +0100] "GET /ticket2/opencms/img/icons/hr.png HTTP/1.1" 200 2024
193.14.193.248 - - [27/Dec/2024:06:56:03 +0100] "GET /ticket2/opencms/img/icons/cs.png HTTP/1.1" 200 1883
193.14.193.248 - - [27/Dec/2024:06:56:03 +0100] "GET /ticket2/opencms/img/icons/et.png HTTP/1.1" 200 754
193.14.193.248 - - [27/Dec/2024:06:56:03 +0100] "GET /ticket2/opencms/img/icons/el.png HTTP/1.1" 200 1637
193.14.193.248 - - [27/Dec/2024:06:56:03 +0100] "GET /ticket2/opencms/img/icons/ka.png HTTP/1.1" 200 860
193.14.193.248 - - [27/Dec/2024:06:56:03 +0100] "GET /ticket2/opencms/img/icons/hu.png HTTP/1.1" 200 733
193.14.193.248 - - [27/Dec/2024:06:56:03 +0100] "GET /ticket2/opencms/img/icons/is.png HTTP/1.1" 200 1884
193.14.193.248 - - [27/Dec/2024:06:56:03 +0100] "GET /ticket2/opencms/img/icons/ga.png HTTP/1.1" 200 1759
193.14.193.248 - - [27/Dec/2024:06:56:03 +0100] "GET /ticket2/opencms/img/icons/lv.png HTTP/1.1" 200 716
193.14.193.248 - - [27/Dec/2024:06:56:03 +0100] "GET /ticket2/opencms/img/icons/lt.png HTTP/1.1" 200 733
193.14.193.248 - - [27/Dec/2024:06:56:03 +0100] "GET /ticket2/opencms/img/icons/mt.png HTTP/1.1" 200 920
193.14.193.248 - - [27/Dec/2024:06:56:03 +0100] "GET /ticket2/opencms/img/icons/mo.png HTTP/1.1" 200 1468
193.14.193.248 - - [27/Dec/2024:06:56:03 +0100] "GET /ticket2/opencms/img/icons/ro.png HTTP/1.1" 200 1393
193.14.193.248 - - [27/Dec/2024:06:56:03 +0100] "GET /ticket2/opencms/img/icons/sr.png HTTP/1.1" 200 1602
193.14.193.248 - - [27/Dec/2024:06:56:03 +0100] "GET /ticket2/opencms/img/icons/sk.png HTTP/1.1" 200 1283
193.14.193.248 - - [27/Dec/2024:06:56:03 +0100] "GET /ticket2/opencms/img/icons/sl.png HTTP/1.1" 200 966
193.14.193.248 - - [27/Dec/2024:06:56:03 +0100] "GET /ticket2/opencms/img/icons/tr.png HTTP/1.1" 200 1636
193.14.193.248 - - [27/Dec/2024:06:56:03 +0100] "GET /ticket2/opencms/img/icons/uk.png HTTP/1.1" 200 1272
135.181.213.219 - - [27/Dec/2024:06:56:03 +0100] "GET /ticket2/opencms/se/sv/buy/?page=1&edid=32761879-506B-0718-462F-1A1F8B946759&sortorder=asc&column=row HTTP/1.1" 404 -
193.14.193.248 - - [27/Dec/2024:06:56:03 +0100] "GET /ticket2/opencms/img/icons/no.png HTTP/1.1" 200 1958
193.14.193.248 - - [27/Dec/2024:06:56:04 +0100] "GET /ticket2/opencms/img/icons/dk.png HTTP/1.1" 200 1706
193.14.193.248 - - [27/Dec/2024:06:56:04 +0100] "GET /ticket2/opencms/img/icons/se.png HTTP/1.1" 200 1258
193.14.193.248 - - [27/Dec/2024:06:56:04 +0100] "GET /ticket2/opencms/img/icons/es.png HTTP/1.1" 200 1005
193.14.193.248 - - [27/Dec/2024:06:56:05 +0100] "GET /ticket2/opencms/img/icons/de.png HTTP/1.1" 200 1124
193.14.193.248 - - [27/Dec/2024:06:56:05 +0100] "GET /ticket2/opencms/img/icons/nl.png HTTP/1.1" 200 1255
193.14.193.248 - - [27/Dec/2024:06:56:05 +0100] "GET /ticket2/opencms/img/icons/fi.png HTTP/1.1" 200 1785
193.14.193.248 - - [27/Dec/2024:06:56:06 +0100] "GET /ticket2/opencms/img/icons/fr.png HTTP/1.1" 200 1764
193.14.193.248 - - [27/Dec/2024:06:56:06 +0100] "GET /ticket2/opencms/img/icons/en.png HTTP/1.1" 200 2415
47.128.42.2 - - [27/Dec/2024:06:56:07 +0100] "GET /ticket2/opencms/hu/magazine/article?title=eb-kozvetitesek HTTP/1.1" 200 94806
135.181.213.219 - - [27/Dec/2024:06:56:08 +0100] "GET /ticket2/opencms/se/sv/buy/?page=1&edid=32761879-506B-0718-462F-1A1F8B946759&sortorder=asc&column=section HTTP/1.1" 404 -
217.182.175.38 - - [27/Dec/2024:06:56:12 +0100] "GET /ticket2/opencms/se/nl/buy/?page=1&edid=6D659B0C-D907-0405-67DC-00DF3824F864&sortorder=asc&column=row HTTP/1.1" 404 -
135.181.213.219 - - [27/Dec/2024:06:56:13 +0100] "GET /ticket2/opencms/se/sv/buy/?page=1&edid=328CD364-5FBE-B6B9-C6DD-6B5ED1B81716&sortorder=asc&column=price HTTP/1.1" 404 -
89.246.241.14 - - [27/Dec/2024:06:56:13 +0100] "GET /ticket2/opencms/en/buy?page=1&edid=BE8C7FA0-9E48-EAB3-3A70-9E9F9EA30F95 HTTP/1.1" 200 111241
47.238.13.15 - - [27/Dec/2024:06:56:14 +0100] "GET /ticket2/opencms/fi/buy/?page=1&edid=3F245B75-1DCF-320F-93F3-D63AC2E239C1 HTTP/1.1" 200 118970
114.119.157.43 - - [27/Dec/2024:06:56:16 +0100] "GET /ticket2/opencms/is/buy?page=1&edid=FD4DCA3B-ED43-1043-8648-63C229A27832 HTTP/1.1" 200 112811
185.191.171.11 - - [27/Dec/2024:06:56:17 +0100] "GET /ticket2/opencms/tr/magazine/article?title=cristiano-ronaldo HTTP/1.1" 200 93425
135.181.213.219 - - [27/Dec/2024:06:56:17 +0100] "GET /ticket2/opencms/se/sv/buy/?page=1&edid=328CD364-5FBE-B6B9-C6DD-6B5ED1B81716&sortorder=desc&column=price HTTP/1.1" 404 -
135.181.213.219 - - [27/Dec/2024:06:56:22 +0100] "GET /ticket2/opencms/se/sv/buy/?page=1&edid=32A94776-FE00-228B-7B34-31E5A640D10B HTTP/1.1" 404 -
135.181.213.219 - - [27/Dec/2024:06:56:26 +0100] "GET /ticket2/opencms/se/sv/buy/?page=1&edid=32BF0609-F2DA-AC01-0A1E-DC0F351CAD89&sortorder=asc&column=price HTTP/1.1" 404 -
217.182.175.38 - - [27/Dec/2024:06:56:27 +0100] "GET /ticket2/opencms/se/nl/buy/?page=1&edid=6D659B0C-D907-0405-67DC-00DF3824F864&sortorder=asc&column=section HTTP/1.1" 404 -
62.198.164.100 - - [27/Dec/2024:06:56:27 +0100] "GET /ticket2/opencms/dk/sport/fodboldbilletter/la-liga/?wbraid=ClMKCAiAmrS7BhBvEkMAPGR1Zoq-dAz2j6qtO2NBI1f7SZ6q_47xgWljOvsQlFcVZpPPhZ9yP5LH6dxiIXChL8Kf8GodblIfW7UOHyQ-YdkYGgIUWA HTTP/1.1" 200 95032
62.198.164.100 - - [27/Dec/2024:06:56:27 +0100] "GET /ticket2/opencms/system/modules/com.gridnine.opencms.ticketbrokerage.site/resources/css/ticketbrokerage.css HTTP/1.1" 200 39339
62.198.164.100 - - [27/Dec/2024:06:56:27 +0100] "GET /ticket2/opencms/system/modules/com.gridnine.opencms.ticketbrokerage.site/resources/js/jquery/jquery-ui.js HTTP/1.1" 200 228088
62.198.164.100 - - [27/Dec/2024:06:56:27 +0100] "GET /ticket2/opencms/system/modules/com.gridnine.opencms.ticketbrokerage.site/resources/css/jquery.fancybox.css HTTP/1.1" 200 4939
62.198.164.100 - - [27/Dec/2024:06:56:27 +0100] "GET /ticket2/opencms/system/modules/com.gridnine.opencms.ticketbrokerage.site/resources/css/jquery-ui.css HTTP/1.1" 200 33221
62.198.164.100 - - [27/Dec/2024:06:56:27 +0100] "GET /ticket2/opencms/system/modules/com.gridnine.opencms.ticketbrokerage.site/resources/js/functions.js HTTP/1.1" 200 1583
62.198.164.100 - - [27/Dec/2024:06:56:27 +0100] "GET /ticket2/opencms/system/modules/com.gridnine.opencms.ticketbrokerage.site/resources/css/calendar.css HTTP/1.1" 200 6871
62.198.164.100 - - [27/Dec/2024:06:56:27 +0100] "GET /ticket2/opencms/system/modules/com.gridnine.opencms.ticketbrokerage.site/resources/js/jquery/jquery.js HTTP/1.1" 200 93868
62.198.164.100 - - [27/Dec/2024:06:56:27 +0100] "GET /ticket2/opencms/system/modules/com.gridnine.opencms.ticketbrokerage.site/resources/css/standard.css HTTP/1.1" 200 73081
62.198.164.100 - - [27/Dec/2024:06:56:28 +0100] "GET /ticket2/opencms/system/modules/com.gridnine.opencms.ticketbrokerage.site/resources/js/jquery.placeholder.min.js HTTP/1.1" 200 1737
62.198.164.100 - - [27/Dec/2024:06:56:28 +0100] "GET /ticket2/opencms/system/modules/com.gridnine.opencms.ticketbrokerage.site/resources/js/calendar-en.js HTTP/1.1" 200 3338
62.198.164.100 - - [27/Dec/2024:06:56:28 +0100] "GET /ticket2/opencms/system/modules/com.gridnine.opencms.ticketbrokerage.site/resources/js/calendar.js HTTP/1.1" 200 49229
62.198.164.100 - - [27/Dec/2024:06:56:28 +0100] "GET /ticket2/opencms/system/modules/com.gridnine.opencms.ticketbrokerage.site/resources/js/calendar-setup.js HTTP/1.1" 200 4923
62.198.164.100 - - [27/Dec/2024:06:56:28 +0100] "GET /ticket2/opencms/system/modules/com.gridnine.opencms.ticketbrokerage.site/resources/js/common-ajax.js HTTP/1.1" 200 20175
62.198.164.100 - - [27/Dec/2024:06:56:28 +0100] "GET /ticket2/opencms/system/modules/com.gridnine.opencms.ticketbrokerage.site/resources/js/jquery.fancybox.pack.js HTTP/1.1" 200 23187
62.198.164.100 - - [27/Dec/2024:06:56:28 +0100] "GET /ticket2/opencms/system/modules/com.gridnine.opencms.ticketbrokerage.site/resources/js/stickyfill.min.js HTTP/1.1" 200 5672
62.198.164.100 - - [27/Dec/2024:06:56:28 +0100] "GET /ticket2/opencms/system/modules/com.gridnine.opencms.ticketbrokerage.site/resources/js/standard.js HTTP/1.1" 200 3978
62.198.164.100 - - [27/Dec/2024:06:56:28 +0100] "GET /ticket2/opencms/img/icons/globe-white.png HTTP/1.1" 200 947
62.198.164.100 - - [27/Dec/2024:06:56:28 +0100] "GET /ticket2/opencms/system/modules/com.gridnine.opencms.ticketbrokerage.site/resources/pics/logo-new.png HTTP/1.1" 200 13541
62.198.164.100 - - [27/Dec/2024:06:56:28 +0100] "GET /ticket2/opencms/img/insta.png HTTP/1.1" 200 3967
62.198.164.100 - - [27/Dec/2024:06:56:28 +0100] "GET /ticket2/opencms/img/fb.png HTTP/1.1" 200 1269
62.198.164.100 - - [27/Dec/2024:06:56:28 +0100] "GET /ticket2/opencms/system/modules/com.gridnine.opencms.ticketbrokerage.site/resources/pics/banners/sv/la_liga_sv.png HTTP/1.1" 200 13455
62.198.164.100 - - [27/Dec/2024:06:56:28 +0100] "GET /ticket2/opencms/img/check.png HTTP/1.1" 200 548
62.198.164.100 - - [27/Dec/2024:06:56:28 +0100] "GET /ticket2/opencms/system/modules/com.gridnine.opencms.ticketbrokerage.site/resources/pics/footer-img.jpg HTTP/1.1" 200 67642
62.198.164.100 - - [27/Dec/2024:06:56:28 +0100] "GET /ticket2/opencms/img/icons/en.png HTTP/1.1" 200 2415
62.198.164.100 - - [27/Dec/2024:06:56:28 +0100] "GET /ticket2/opencms/img/icons/se.png HTTP/1.1" 200 1258
62.198.164.100 - - [27/Dec/2024:06:56:28 +0100] "GET /ticket2/opencms/img/mail.png HTTP/1.1" 200 403
62.198.164.100 - - [27/Dec/2024:06:56:28 +0100] "GET /ticket2/opencms/img/arrow.png HTTP/1.1" 200 753
62.198.164.100 - - [27/Dec/2024:06:56:28 +0100] "GET /ticket2/opencms/img/chat.png HTTP/1.1" 200 416
62.198.164.100 - - [27/Dec/2024:06:56:28 +0100] "GET /ticket2/opencms/img/icons/fi.png HTTP/1.1" 200 1785
62.198.164.100 - - [27/Dec/2024:06:56:28 +0100] "GET /ticket2/opencms/img/icons/no.png HTTP/1.1" 200 1958
62.198.164.100 - - [27/Dec/2024:06:56:28 +0100] "GET /ticket2/opencms/img/icons/nl.png HTTP/1.1" 200 1255
62.198.164.100 - - [27/Dec/2024:06:56:28 +0100] "GET /ticket2/opencms/img/icons/dk.png HTTP/1.1" 200 1706
62.198.164.100 - - [27/Dec/2024:06:56:28 +0100] "GET /ticket2/opencms/img/icons/fr.png HTTP/1.1" 200 1764
62.198.164.100 - - [27/Dec/2024:06:56:28 +0100] "GET /ticket2/opencms/img/icons/de.png HTTP/1.1" 200 1124
62.198.164.100 - - [27/Dec/2024:06:56:28 +0100] "GET /ticket2/opencms/img/icons/es.png HTTP/1.1" 200 1005
62.198.164.100 - - [27/Dec/2024:06:56:28 +0100] "GET /ticket2/opencms/img/icons/it.png HTTP/1.1" 200 2040
62.198.164.100 - - [27/Dec/2024:06:56:28 +0100] "GET /ticket2/opencms/img/icons/pl.png HTTP/1.1" 200 1578
62.198.164.100 - - [27/Dec/2024:06:56:28 +0100] "GET /ticket2/opencms/img/icons/sq.png HTTP/1.1" 200 1619
62.198.164.100 - - [27/Dec/2024:06:56:28 +0100] "GET /ticket2/opencms/img/icons/az.png HTTP/1.1" 200 1445
62.198.164.100 - - [27/Dec/2024:06:56:28 +0100] "GET /ticket2/opencms/img/icons/be.png HTTP/1.1" 200 1663
62.198.164.100 - - [27/Dec/2024:06:56:28 +0100] "GET /ticket2/opencms/img/icons/bs.png HTTP/1.1" 200 1014
62.198.164.100 - - [27/Dec/2024:06:56:28 +0100] "GET /ticket2/opencms/img/icons/bg.png HTTP/1.1" 200 788
62.198.164.100 - - [27/Dec/2024:06:56:29 +0100] "GET /ticket2/opencms/img/icons/hr.png HTTP/1.1" 200 2024
62.198.164.100 - - [27/Dec/2024:06:56:29 +0100] "GET /ticket2/opencms/img/icons/cs.png HTTP/1.1" 200 1883
62.198.164.100 - - [27/Dec/2024:06:56:29 +0100] "GET /ticket2/opencms/img/icons/et.png HTTP/1.1" 200 754
62.198.164.100 - - [27/Dec/2024:06:56:29 +0100] "GET /ticket2/opencms/img/icons/el.png HTTP/1.1" 200 1637
62.198.164.100 - - [27/Dec/2024:06:56:29 +0100] "GET /ticket2/opencms/img/icons/ka.png HTTP/1.1" 200 860
62.198.164.100 - - [27/Dec/2024:06:56:29 +0100] "GET /ticket2/opencms/img/icons/hu.png HTTP/1.1" 200 733
62.198.164.100 - - [27/Dec/2024:06:56:29 +0100] "GET /ticket2/opencms/img/icons/is.png HTTP/1.1" 200 1884
62.198.164.100 - - [27/Dec/2024:06:56:29 +0100] "GET /ticket2/opencms/img/icons/ga.png HTTP/1.1" 200 1759
62.198.164.100 - - [27/Dec/2024:06:56:29 +0100] "GET /ticket2/opencms/img/icons/lv.png HTTP/1.1" 200 716
62.198.164.100 - - [27/Dec/2024:06:56:29 +0100] "GET /ticket2/opencms/img/icons/sr.png HTTP/1.1" 200 1602
62.198.164.100 - - [27/Dec/2024:06:56:29 +0100] "GET /ticket2/opencms/img/icons/sk.png HTTP/1.1" 200 1283
62.198.164.100 - - [27/Dec/2024:06:56:29 +0100] "GET /ticket2/opencms/img/icons/sl.png HTTP/1.1" 200 966
62.198.164.100 - - [27/Dec/2024:06:56:29 +0100] "GET /ticket2/opencms/img/icons/uk.png HTTP/1.1" 200 1272
62.198.164.100 - - [27/Dec/2024:06:56:29 +0100] "GET /ticket2/opencms/img/icons/ro.png HTTP/1.1" 200 1393
62.198.164.100 - - [27/Dec/2024:06:56:29 +0100] "GET /ticket2/opencms/img/icons/tr.png HTTP/1.1" 200 1636
62.198.164.100 - - [27/Dec/2024:06:56:29 +0100] "GET /ticket2/opencms/img/icons/mo.png HTTP/1.1" 200 1468
62.198.164.100 - - [27/Dec/2024:06:56:29 +0100] "GET /ticket2/opencms/img/icons/lt.png HTTP/1.1" 200 733
62.198.164.100 - - [27/Dec/2024:06:56:29 +0100] "GET /ticket2/opencms/img/icons/mt.png HTTP/1.1" 200 920
62.198.164.100 - - [27/Dec/2024:06:56:29 +0100] "GET /ticket2/opencms/system/modules/com.gridnine.opencms.ticketbrokerage.site/resources/js/standard.js HTTP/1.1" 200 3978
135.181.213.219 - - [27/Dec/2024:06:56:31 +0100] "GET /ticket2/opencms/se/sv/buy/?page=1&edid=337152A4-124F-E656-0F24-1F386552AC10&sortorder=desc&column=section HTTP/1.1" 404 -
135.181.213.219 - - [27/Dec/2024:06:56:36 +0100] "GET /ticket2/opencms/se/sv/buy/?page=1&edid=347F0F8E-F432-46BA-EFD5-1063B0744C73 HTTP/1.1" 404 -
185.191.171.12 - - [27/Dec/2024:06:56:39 +0100] "GET /ticket2/opencms/is/magazine/article?title=erling-braut-haaland HTTP/1.1" 200 93366
135.181.213.219 - - [27/Dec/2024:06:56:40 +0100] "GET /ticket2/opencms/se/sv/buy/?page=1&edid=3499FEE4-EBAE-2DC8-2BF3-44C7835D2575 HTTP/1.1" 404 -
217.182.175.38 - - [27/Dec/2024:06:56:40 +0100] "GET /ticket2/opencms/se/nl/buy/?page=1&edid=70FDC3DC-F515-C07F-B4AD-EDA83BDCA260&sortorder=asc&column=price HTTP/1.1" 404 -
52.167.144.25 - - [27/Dec/2024:06:56:44 +0100] "GET /ticket2/opencms/hu/buy?page=1&edid=81879857-4F25-1D91-01EE-91203C205E54 HTTP/1.1" 200 112794
135.181.213.219 - - [27/Dec/2024:06:56:44 +0100] "GET /ticket2/opencms/se/sv/buy/?page=1&edid=34BDC586-A93A-69A1-D0F6-90D176813C32&sortorder=desc&column=price HTTP/1.1" 404 -
52.167.144.25 - - [27/Dec/2024:06:56:45 +0100] "GET /ticket2/opencms/lv/buy?page=1&edid=FC52BEDA-2D71-C6DF-342C-8E675A0CD538 HTTP/1.1" 200 109732
47.128.49.167 - - [27/Dec/2024:06:56:47 +0100] "GET /ticket2/opencms/ga/standard/ HTTP/1.1" 500 -
135.181.213.219 - - [27/Dec/2024:06:56:49 +0100] "GET /ticket2/opencms/se/sv/buy/?page=1&edid=34BDC586-A93A-69A1-D0F6-90D176813C32&sortorder=desc&column=section HTTP/1.1" 404 -
47.128.29.249 - - [27/Dec/2024:06:56:50 +0100] "GET /ticket2/opencms/uk/?catid=97608B80-50C4-18AE-7A82-0413C62E9243&comcatid=A17713B6-D984-201A-4143-ED4DB5ED5C2E&page=6 HTTP/1.1" 200 102479
185.191.171.2 - - [27/Dec/2024:06:56:52 +0100] "GET /ticket2/opencms/nl/magazine/article?title=ek-spelers-die-uitblinken HTTP/1.1" 200 90490
52.167.144.18 - - [27/Dec/2024:06:56:52 +0100] "GET /ticket2/opencms/nl/buy/?page=1&edid=142F310F-06F3-6B85-2C0C-93EE54B98CF5 HTTP/1.1" 200 107478
185.191.171.9 - - [27/Dec/2024:06:56:53 +0100] "GET /ticket2/opencms/pl/magazine/article?title=abdul-fatawu-bedzie-pauzowac-do-konca-sezonu HTTP/1.1" 200 93582
135.181.213.219 - - [27/Dec/2024:06:56:54 +0100] "GET /ticket2/opencms/se/sv/buy/?page=1&edid=34D7EC04-C112-178F-F96C-27507B72A319&sortorder=desc&column=price HTTP/1.1" 404 -
217.182.175.38 - - [27/Dec/2024:06:56:54 +0100] "GET /ticket2/opencms/se/nl/buy/?page=1&edid=70FDC3DC-F515-C07F-B4AD-EDA83BDCA260&sortorder=asc&column=row HTTP/1.1" 404 -
85.208.96.205 - - [27/Dec/2024:06:56:56 +0100] "GET /ticket2/opencms/sl/magazine/article?title=eredivisie HTTP/1.1" 200 94173
135.181.213.219 - - [27/Dec/2024:06:56:59 +0100] "GET /ticket2/opencms/se/sv/buy/?page=1&edid=34D7EC04-C112-178F-F96C-27507B72A319&sortorder=desc&column=row HTTP/1.1" 404 -
135.181.213.219 - - [27/Dec/2024:06:57:03 +0100] "GET /ticket2/opencms/se/sv/buy/?page=1&edid=3562D43D-6253-86AF-AAE0-01E721D13978&sortorder=desc&column=price HTTP/1.1" 404 -
85.208.96.207 - - [27/Dec/2024:06:57:05 +0100] "GET /ticket2/opencms/fi/magazine/article/ HTTP/1.1" 200 88947
195.191.219.131 - - [27/Dec/2024:06:57:05 +0100] "GET /ticket2/opencms/fr/robots.txt HTTP/1.1" 404 -
47.238.13.3 - - [27/Dec/2024:06:57:07 +0100] "GET /ticket2/opencms/fi/buy/?page=1&edid=D11D82D4-28DA-1768-D317-EF521A2F97E6 HTTP/1.1" 200 143197
217.182.175.38 - - [27/Dec/2024:06:57:07 +0100] "GET /ticket2/opencms/se/nl/buy/?page=1&edid=71063979-8EC0-A41A-F00E-124A141F7124&sortorder=asc&column=price HTTP/1.1" 404 -
185.191.171.16 - - [27/Dec/2024:06:57:08 +0100] "GET /ticket2/opencms/dk/magazine/article?title=eredivisie HTTP/1.1" 200 93793
135.181.213.219 - - [27/Dec/2024:06:57:08 +0100] "GET /ticket2/opencms/se/sv/buy/?page=1&edid=3562D43D-6253-86AF-AAE0-01E721D13978&sortorder=desc&column=row HTTP/1.1" 404 -
185.191.171.6 - - [27/Dec/2024:06:57:10 +0100] "GET /ticket2/opencms/fi/standard/ HTTP/1.1" 200 99941
47.238.13.17 - - [27/Dec/2024:06:57:12 +0100] "GET /ticket2/opencms/mo/buy?page=1&edid=E78E7190-7DE0-C7CA-3D7E-09B338BF3F73 HTTP/1.1" 200 113028
135.181.213.219 - - [27/Dec/2024:06:57:12 +0100] "GET /ticket2/opencms/se/sv/buy/?page=1&edid=3562D43D-6253-86AF-AAE0-01E721D13978&sortorder=desc&column=section HTTP/1.1" 404 -
85.208.96.208 - - [27/Dec/2024:06:57:12 +0100] "GET /ticket2/opencms/de/sport/fussball-tickets/la_liga/osasuna/ HTTP/1.1" 200 101306
185.191.171.5 - - [27/Dec/2024:06:57:13 +0100] "GET /ticket2/opencms/de/magazine/article?title=ballon-dor-gewinner-2024 HTTP/1.1" 200 92881
135.181.213.219 - - [27/Dec/2024:06:57:17 +0100] "GET /ticket2/opencms/se/sv/buy/?page=1&edid=372E2EFE-457C-DF4D-FC89-808FA8424DAF HTTP/1.1" 404 -
195.191.219.131 - - [27/Dec/2024:06:57:18 +0100] "GET /ticket2/opencms/fr/ HTTP/1.1" 200 101772
114.119.145.123 - - [27/Dec/2024:06:57:18 +0100] "GET /ticket2/opencms/en/venue/?venueid=9E11657F-4DEC-23FB-7EA0-FBC7E33C2918 HTTP/1.1" 200 84969
85.208.96.201 - - [27/Dec/2024:06:57:20 +0100] "GET /ticket2/opencms/no/sport/fotballsbilletter/champions_league/final/ HTTP/1.1" 200 87662
217.182.175.38 - - [27/Dec/2024:06:57:20 +0100] "GET /ticket2/opencms/se/nl/buy/?page=1&edid=71063979-8EC0-A41A-F00E-124A141F7124&sortorder=asc&column=row HTTP/1.1" 404 -
135.181.213.219 - - [27/Dec/2024:06:57:21 +0100] "GET /ticket2/opencms/se/sv/buy/?page=1&edid=3738F2CC-D0C9-3638-FE16-E3CC3D548765 HTTP/1.1" 404 -
195.191.219.131 - - [27/Dec/2024:06:57:23 +0100] "GET /ticket2/opencms/fr/robots.txt HTTP/1.1" 404 -
157.55.39.58 - - [27/Dec/2024:06:57:25 +0100] "GET /ticket2/opencms/is/login/?url=/is/sell/ HTTP/1.1" 200 91248
135.181.213.219 - - [27/Dec/2024:06:57:26 +0100] "GET /ticket2/opencms/se/sv/buy/?page=1&edid=37A4DAAB-625B-DF72-E6EA-4F4DA29403EA HTTP/1.1" 404 -
185.191.171.9 - - [27/Dec/2024:06:57:27 +0100] "GET /ticket2/opencms/is/magazine/article?title=manchester-city-vinnur-premier-league HTTP/1.1" 200 92393
195.191.219.131 - - [27/Dec/2024:06:57:28 +0100] "GET /ticket2/opencms/fr/ HTTP/1.1" 200 101716
135.181.213.219 - - [27/Dec/2024:06:57:30 +0100] "GET /ticket2/opencms/se/sv/buy/?page=1&edid=37D48E1B-2752-5F8F-5AEB-0BF82E1637C1 HTTP/1.1" 404 -
217.182.175.38 - - [27/Dec/2024:06:57:33 +0100] "GET /ticket2/opencms/se/nl/buy/?page=1&edid=71063979-8EC0-A41A-F00E-124A141F7124&sortorder=asc&column=section HTTP/1.1" 404 -
135.181.213.219 - - [27/Dec/2024:06:57:35 +0100] "GET /ticket2/opencms/se/sv/buy/?page=1&edid=381DA836-7443-9903-5BA4-073DBD31F96D HTTP/1.1" 404 -
47.238.13.13 - - [27/Dec/2024:06:57:36 +0100] "GET /ticket2/opencms/fi/buy/?page=1&edid=5E608C7A-903B-E4BB-4868-5D83917347B8 HTTP/1.1" 200 145507
135.181.213.219 - - [27/Dec/2024:06:57:39 +0100] "GET /ticket2/opencms/se/sv/buy/?page=1&edid=3930902F-44C9-0DA4-854E-41262D5A61CF HTTP/1.1" 404 -
114.119.150.86 - - [27/Dec/2024:06:57:43 +0100] "GET /ticket2/opencms/ro/buy?page=1&edid=75EFD84D-4865-1C12-9995-610F41A1BAD6 HTTP/1.1" 200 109963
135.181.213.219 - - [27/Dec/2024:06:57:44 +0100] "GET /ticket2/opencms/se/sv/buy/?page=1&edid=3B2B632D-2D9E-A780-282C-D4563639E830&sortorder=asc&column=row HTTP/1.1" 404 -
217.182.175.38 - - [27/Dec/2024:06:57:44 +0100] "GET /ticket2/opencms/se/nl/buy/?page=1&edid=7120C207-B2B4-FC1F-26E8-1A7CADFA22DF&sortorder=asc&column=price HTTP/1.1" 404 -
135.181.213.219 - - [27/Dec/2024:06:57:48 +0100] "GET /ticket2/opencms/se/sv/buy/?page=1&edid=3C190050-2199-C27C-460E-D6B96E817500&sortorder=asc&column=price HTTP/1.1" 404 -
135.181.213.219 - - [27/Dec/2024:06:57:53 +0100] "GET /ticket2/opencms/se/sv/buy/?page=1&edid=3C190050-2199-C27C-460E-D6B96E817500&sortorder=asc&column=row HTTP/1.1" 404 -
135.181.213.219 - - [27/Dec/2024:06:57:57 +0100] "GET /ticket2/opencms/se/sv/buy/?page=1&edid=3C190050-2199-C27C-460E-D6B96E817500&sortorder=asc&column=section HTTP/1.1" 404 -
217.182.175.38 - - [27/Dec/2024:06:57:58 +0100] "GET /ticket2/opencms/se/nl/buy/?page=1&edid=7120C207-B2B4-FC1F-26E8-1A7CADFA22DF&sortorder=asc&column=row HTTP/1.1" 404 -
52.167.144.208 - - [27/Dec/2024:06:57:59 +0100] "GET /ticket2/opencms/fi/buy?page=6&comcatid=A17713B6-D984-201A-4143-ED4DB5ED5C2E&catid=70B37487-FE30-D476-CAE7-E6AFEA3153F2 HTTP/1.1" 200 6410
135.181.213.219 - - [27/Dec/2024:06:58:02 +0100] "GET /ticket2/opencms/se/sv/buy/?page=1&edid=3C401EE2-0221-FC2B-B3C7-067DD6B2E9FD&sortorder=desc&column=row HTTP/1.1" 404 -
86.84.247.159 - - [27/Dec/2024:06:58:02 +0100] "GET /ticket2/opencms/set_aff_cookie.jsp?partner=53673ED6-1455-FA54-818F-B1F67121E37C&url=/nl/buy/index.html%3Fpage%3D1%26edid%3D750C6040-29F7-425D-A24F-51B977F415A3%26hlv%3D67628efe-d754-45e2-b179-1c620a01000f%23v1814338314 HTTP/1.1" 200 225
47.128.49.56 - - [27/Dec/2024:06:58:02 +0100] "GET /ticket2/opencms/uk/buy_safety HTTP/1.1" 200 89624
86.84.247.159 - - [27/Dec/2024:06:58:02 +0100] "GET /ticket2/opencms/favicon.ico HTTP/1.1" 200 15406
47.128.49.56 - - [27/Dec/2024:06:58:03 +0100] "GET /ticket2/opencms/system/modules/com.gridnine.opencms.ticketbrokerage.site/resources/css/images/event-banner.png HTTP/1.1" 404 -
185.191.171.6 - - [27/Dec/2024:06:58:04 +0100] "GET /ticket2/opencms/no/magazine/article?title=analyse-sa-mye-har-premier-leagues-billettpriser-okt-liverpool-og-arsenal-er-dyrest HTTP/1.1" 200 100281
85.208.96.199 - - [27/Dec/2024:06:58:04 +0100] "GET /ticket2/opencms/robots.txt HTTP/1.1" 200 773
185.191.171.3 - - [27/Dec/2024:06:58:05 +0100] "GET /ticket2/opencms/mo/magazine/article?title=jude-bellingham HTTP/1.1" 200 94302
135.181.213.219 - - [27/Dec/2024:06:58:06 +0100] "GET /ticket2/opencms/se/sv/buy/?page=1&edid=3C401EE2-0221-FC2B-B3C7-067DD6B2E9FD&sortorder=desc&column=section HTTP/1.1" 404 -
85.208.96.209 - - [27/Dec/2024:06:58:09 +0100] "GET /ticket2/opencms/en/sport/football-tickets/premier_league/manchester_city/ HTTP/1.1" 200 99776
217.182.175.38 - - [27/Dec/2024:06:58:10 +0100] "GET /ticket2/opencms/se/nl/buy/?page=1&edid=7120C207-B2B4-FC1F-26E8-1A7CADFA22DF&sortorder=asc&column=section HTTP/1.1" 404 -
135.181.213.219 - - [27/Dec/2024:06:58:11 +0100] "GET /ticket2/opencms/se/sv/buy/?page=1&edid=3CC17989-3033-10BE-F5C3-D729834B05F5 HTTP/1.1" 404 -
135.181.213.219 - - [27/Dec/2024:06:58:16 +0100] "GET /ticket2/opencms/se/sv/buy/?page=1&edid=3CC17989-3033-10BE-F5C3-D729834B05F5&sortorder=desc&column=row HTTP/1.1" 404 -
86.84.247.159 - - [27/Dec/2024:06:58:19 +0100] "GET /ticket2/opencms/set_aff_cookie.jsp?partner=53673ED6-1455-FA54-818F-B1F67121E37C&url=/nl/buy/index.html%3Fpage%3D1%26edid%3D750C6040-29F7-425D-A24F-51B977F415A3%26hlv%3D67628efe-d754-45e2-b179-1c620a01000f%23v1814338314 HTTP/1.1" 200 225
47.128.98.196 - - [27/Dec/2024:06:58:20 +0100] "GET /ticket2/opencms/sk/sell/?edid=52F83580-0FD4-F06F-050A-AE1CCE4A20C1 HTTP/1.1" 302 -
135.181.213.219 - - [27/Dec/2024:06:58:20 +0100] "GET /ticket2/opencms/se/sv/buy/?page=1&edid=3D63CCAF-3F90-AC37-40FF-8478AE9C951E HTTP/1.1" 404 -
47.128.98.196 - - [27/Dec/2024:06:58:22 +0100] "GET /ticket2/opencms/sk/login/?url=/sk/sell/ HTTP/1.1" 200 91454
217.182.175.38 - - [27/Dec/2024:06:58:22 +0100] "GET /ticket2/opencms/se/nl/buy/?page=1&edid=71496077-5B1C-FE48-E8D7-00D3EF8F08C6&sortorder=asc&column=price HTTP/1.1" 404 -
114.119.159.129 - - [27/Dec/2024:06:58:23 +0100] "GET /ticket2/opencms/en/sell/?edid=A67BB2AD-2A21-1A26-B327-2F5324A92178 HTTP/1.1" 302 -
135.181.213.219 - - [27/Dec/2024:06:58:25 +0100] "GET /ticket2/opencms/se/sv/buy/?page=1&edid=3DD93626-388E-B658-D6F1-23C401A796FB HTTP/1.1" 404 -
114.119.159.129 - - [27/Dec/2024:06:58:27 +0100] "GET /ticket2/opencms/en/login/?url=/en/sell/ HTTP/1.1" 200 89807
135.181.213.219 - - [27/Dec/2024:06:58:29 +0100] "GET /ticket2/opencms/se/sv/buy/?page=1&edid=3E058C46-1FE0-EA11-A095-589705DF4EE2 HTTP/1.1" 404 -
86.84.247.159 - - [27/Dec/2024:06:58:31 +0100] "GET /ticket2/opencms/nl/buy/?page=1&edid=750C6040-29F7-425D-A24F-51B977F415A3&hlv=67628efe-d754-45e2-b179-1c620a01000f HTTP/1.1" 200 137765
135.181.213.219 - - [27/Dec/2024:06:58:34 +0100] "GET /ticket2/opencms/se/sv/buy/?page=1&edid=3E058C46-1FE0-EA11-A095-589705DF4EE2&sortorder=asc&column=row HTTP/1.1" 404 -
40.77.167.7 - - [27/Dec/2024:06:58:35 +0100] "GET /ticket2/opencms/nl/magazine/article?title=newcastle HTTP/1.1" 200 88264
217.182.175.38 - - [27/Dec/2024:06:58:35 +0100] "GET /ticket2/opencms/se/nl/buy/?page=1&edid=71496077-5B1C-FE48-E8D7-00D3EF8F08C6&sortorder=asc&column=row HTTP/1.1" 404 -
185.191.171.3 - - [27/Dec/2024:06:58:37 +0100] "GET /ticket2/opencms/fr/sport/billets-football/premier_league/tottenham/ HTTP/1.1" 200 96762
135.181.213.219 - - [27/Dec/2024:06:58:38 +0100] "GET /ticket2/opencms/se/sv/buy/?page=1&edid=3E073779-8E51-3844-6923-CF42DBA9A05A HTTP/1.1" 404 -
114.119.140.85 - - [27/Dec/2024:06:58:41 +0100] "GET /ticket2/opencms/en/sport/football-tickets/premier_league/west-ham/ HTTP/1.1" 200 99248
135.181.213.219 - - [27/Dec/2024:06:58:43 +0100] "GET /ticket2/opencms/se/sv/buy/?page=1&edid=3E2F6837-CCFC-9284-0235-725D2AA31D66 HTTP/1.1" 404 -
135.181.213.219 - - [27/Dec/2024:06:58:47 +0100] "GET /ticket2/opencms/se/sv/buy/?page=1&edid=3E52ED31-39C4-1131-9BC0-0DFF22E8D6C5 HTTP/1.1" 404 -
217.182.175.38 - - [27/Dec/2024:06:58:48 +0100] "GET /ticket2/opencms/se/nl/buy/?page=1&edid=71496077-5B1C-FE48-E8D7-00D3EF8F08C6&sortorder=asc&column=section HTTP/1.1" 404 -
86.84.247.159 - - [27/Dec/2024:06:58:49 +0100] "GET /ticket2/opencms/nl/buy/?page=1&edid=750C6040-29F7-425D-A24F-51B977F415A3&hlv=67628efe-d754-45e2-b179-1c620a01000f HTTP/1.1" 200 137821
135.181.213.219 - - [27/Dec/2024:06:58:52 +0100] "GET /ticket2/opencms/se/sv/buy/?page=1&edid=3E844C64-2B32-A35E-237A-EDAC48338BDA HTTP/1.1" 404 -
135.181.213.219 - - [27/Dec/2024:06:58:56 +0100] "GET /ticket2/opencms/se/sv/buy/?page=1&edid=3E844C64-2B32-A35E-237A-EDAC48338BDA&sortorder=asc&column=price HTTP/1.1" 404 -
40.77.167.7 - - [27/Dec/2024:06:58:57 +0100] "GET /ticket2/opencms/ga/buy?page=1&edid=CE09E9D6-3CEE-5013-57C1-817C68FF8DA4&sortorder=desc&column=row HTTP/1.1" 200 111423
217.182.175.38 - - [27/Dec/2024:06:59:00 +0100] "GET /ticket2/opencms/se/nl/buy/?page=1&edid=71C1DD0E-A2ED-675C-7C19-1F73AD28D43E&sortorder=desc&column=price HTTP/1.1" 404 -
135.181.213.219 - - [27/Dec/2024:06:59:01 +0100] "GET /ticket2/opencms/se/sv/buy/?page=1&edid=3E844C64-2B32-A35E-237A-EDAC48338BDA&sortorder=asc&column=row HTTP/1.1" 404 -
52.167.144.234 - - [27/Dec/2024:06:59:03 +0100] "GET /ticket2/opencms/et/buy/?page=1&edid=3EACF9E2-ABC6-108D-E866-9803A85B9A14 HTTP/1.1" 200 109071
114.119.150.86 - - [27/Dec/2024:06:59:04 +0100] "GET /ticket2/opencms/en/sell/?edid=C37415B8-5B3B-C138-0EE3-D2C082D87A70 HTTP/1.1" 302 -
135.181.213.219 - - [27/Dec/2024:06:59:05 +0100] "GET /ticket2/opencms/se/sv/buy/?page=1&edid=3ED842FC-FF3B-D3BC-69A3-8AB7FF361EA5 HTTP/1.1" 404 -
114.119.150.86 - - [27/Dec/2024:06:59:09 +0100] "GET /ticket2/opencms/en/login/?url=/en/sell/ HTTP/1.1" 200 89773
135.181.213.219 - - [27/Dec/2024:06:59:10 +0100] "GET /ticket2/opencms/se/sv/buy/?page=1&edid=3EE82812-88E0-47E5-57E4-6CB801A92703 HTTP/1.1" 404 -
217.182.175.38 - - [27/Dec/2024:06:59:12 +0100] "GET /ticket2/opencms/se/nl/buy/?page=1&edid=7281C2E7-E4D7-23F7-1971-03EC28244FFF&sortorder=asc&column=row HTTP/1.1" 404 -
135.181.213.219 - - [27/Dec/2024:06:59:14 +0100] "GET /ticket2/opencms/se/sv/buy/?page=1&edid=3EE82812-88E0-47E5-57E4-6CB801A92703&sortorder=desc&column=row HTTP/1.1" 404 -
185.191.171.4 - - [27/Dec/2024:06:59:16 +0100] "GET /ticket2/opencms/no/tickets/ HTTP/1.1" 500 -
135.181.213.219 - - [27/Dec/2024:06:59:19 +0100] "GET /ticket2/opencms/se/sv/buy/?page=1&edid=3EEE97AA-1D53-9CE7-099B-9DC82B5512F1 HTTP/1.1" 404 -
135.181.213.219 - - [27/Dec/2024:06:59:23 +0100] "GET /ticket2/opencms/se/sv/buy/?page=1&edid=3EEE97AA-1D53-9CE7-099B-9DC82B5512F1&sortorder=desc&column=price HTTP/1.1" 404 -
40.77.167.7 - - [27/Dec/2024:06:59:25 +0100] "GET /ticket2/opencms/bg/buy?page=1&edid=0FDE0AF4-9670-B36A-AA4D-4052EE1D47FE HTTP/1.1" 200 115568
217.182.175.38 - - [27/Dec/2024:06:59:25 +0100] "GET /ticket2/opencms/se/nl/buy/?page=1&edid=7281C2E7-E4D7-23F7-1971-03EC28244FFF&sortorder=asc&column=section HTTP/1.1" 404 -
135.181.213.219 - - [27/Dec/2024:06:59:27 +0100] "GET /ticket2/opencms/se/sv/buy/?page=1&edid=3EEE97AA-1D53-9CE7-099B-9DC82B5512F1&sortorder=desc&column=row HTTP/1.1" 404 -
40.77.167.7 - - [27/Dec/2024:06:59:28 +0100] "GET /ticket2/opencms/ka/buy?page=1&edid=38C5F8C8-F6C2-BA94-BDF5-C45BF1FEC28E HTTP/1.1" 200 119637
135.181.213.219 - - [27/Dec/2024:06:59:32 +0100] "GET /ticket2/opencms/se/sv/buy/?page=1&edid=3F03396F-3992-F037-AAF5-4DAE8D2B17F4 HTTP/1.1" 404 -
135.181.213.219 - - [27/Dec/2024:06:59:36 +0100] "GET /ticket2/opencms/se/sv/buy/?page=1&edid=3F2C8D5E-7438-2D70-0996-42F9CB6F4E20 HTTP/1.1" 404 -
217.182.175.38 - - [27/Dec/2024:06:59:37 +0100] "GET /ticket2/opencms/se/nl/buy/?page=1&edid=749F5230-DCF2-8C68-63DC-F53A65BE28B8&sortorder=asc&column=row HTTP/1.1" 404 -
135.181.213.219 - - [27/Dec/2024:06:59:41 +0100] "GET /ticket2/opencms/se/sv/buy/?page=1&edid=3F666EA8-3582-CA4F-7916-99CDCAA57E7F&sortorder=desc&column=section HTTP/1.1" 404 -
185.191.171.10 - - [27/Dec/2024:06:59:43 +0100] "GET /ticket2/opencms/lt/magazine/article?title=thomas-tuchel-taps-anglijos-naujasis-rinktines-treneris HTTP/1.1" 200 92920
135.181.213.219 - - [27/Dec/2024:06:59:45 +0100] "GET /ticket2/opencms/se/sv/buy/?page=1&edid=3F87137A-1EEA-8B97-ED7A-AF9E348CC6BD HTTP/1.1" 404 -
135.181.213.219 - - [27/Dec/2024:06:59:50 +0100] "GET /ticket2/opencms/se/sv/buy/?page=1&edid=3FC2B591-D536-D1BB-E60B-6C053ECAFC38&sortorder=asc&column=price HTTP/1.1" 404 -
217.182.175.38 - - [27/Dec/2024:06:59:50 +0100] "GET /ticket2/opencms/se/nl/buy/?page=1&edid=749F5230-DCF2-8C68-63DC-F53A65BE28B8&sortorder=asc&column=section HTTP/1.1" 404 -
85.208.96.212 - - [27/Dec/2024:06:59:51 +0100] "GET /ticket2/opencms/en/sport/football-tickets/la-liga/real_betis/ HTTP/1.1" 200 93525
135.181.213.219 - - [27/Dec/2024:06:59:54 +0100] "GET /ticket2/opencms/se/sv/buy/?page=1&edid=3FC2B591-D536-D1BB-E60B-6C053ECAFC38&sortorder=asc&column=row HTTP/1.1" 404 -
47.128.29.85 - - [27/Dec/2024:06:59:58 +0100] "GET /ticket2/opencms/uk/magazine/article?title=premier-league-transfer-windows-most-interesting-transfers HTTP/1.1" 200 95276
135.181.213.219 - - [27/Dec/2024:06:59:59 +0100] "GET /ticket2/opencms/se/sv/buy/?page=1&edid=4003BBF4-D7D1-CEBE-15DE-37E8051B187F HTTP/1.1" 404 -
8.210.8.206 - - [27/Dec/2024:06:59:59 +0100] "GET /ticket2/opencms/fi/buy/?page=1&edid=99C77A16-8AF9-4675-97DE-42A41C4ECB4F HTTP/1.1" 200 131538
217.182.175.38 - - [27/Dec/2024:07:00:02 +0100] "GET /ticket2/opencms/se/nl/buy/?page=1&edid=74AB5A47-FA53-0B09-3D6B-CA67984DC604&sortorder=asc&column=price HTTP/1.1" 404 -
135.181.213.219 - - [27/Dec/2024:07:00:03 +0100] "GET /ticket2/opencms/se/sv/buy/?page=1&edid=4003BBF4-D7D1-CEBE-15DE-37E8051B187F&sortorder=asc&column=section HTTP/1.1" 404 -
47.128.31.63 - - [27/Dec/2024:07:00:07 +0100] "GET /ticket2/opencms/hu/magazine/article?title=manchester-city-vs-queens-park-rangers HTTP/1.1" 200 95360
135.181.213.219 - - [27/Dec/2024:07:00:08 +0100] "GET /ticket2/opencms/se/sv/buy/?page=1&edid=4018F88A-4AA6-E738-1F44-74C10A1CA3AA HTTP/1.1" 404 -
135.181.213.219 - - [27/Dec/2024:07:00:13 +0100] "GET /ticket2/opencms/se/sv/buy/?page=1&edid=4057E8A8-6B66-DEE6-87A2-EA5D65CE2004 HTTP/1.1" 404 -
217.182.175.38 - - [27/Dec/2024:07:00:14 +0100] "GET /ticket2/opencms/se/nl/buy/?page=1&edid=74AB5A47-FA53-0B09-3D6B-CA67984DC604&sortorder=asc&column=row HTTP/1.1" 404 -
135.181.213.219 - - [27/Dec/2024:07:00:17 +0100] "GET /ticket2/opencms/se/sv/buy/?page=1&edid=405C0F58-088A-B30D-4CF5-534348FD33D1&sortorder=desc&column=row HTTP/1.1" 404 -
185.191.171.12 - - [27/Dec/2024:07:00:20 +0100] "GET /ticket2/opencms/dk/sport/fodboldbilletter/la-liga/osasuna/ HTTP/1.1" 200 97775
