147.93.145.57 - - [27/Dec/2024:04:53:59 +0100] "GET /ticket2/opencms/en/buy/?page=1&edid=20B8D1AD-64EC-73DF-B539-29EE3CA0D338&sortorder=desc&column=section HTTP/1.1" 200 113136
194.247.173.99 - - [27/Dec/2024:04:54:01 +0100] "GET /ticket2/opencms/se/ru/buy/?page=1&edid=ABD71631-87BB-6A7C-FC5E-66817F361F35&sortorder=asc&column=section HTTP/1.1" 404 -
95.217.195.123 - - [27/Dec/2024:04:54:01 +0100] "GET /ticket2/opencms/se/sv/buy/?page=1&edid=4F864DED-3EA1-C4B1-B9E6-8775CC676432&sortorder=desc&column=row HTTP/1.1" 404 -
66.249.68.6 - - [27/Dec/2024:04:54:02 +0100] "GET /ticket2/opencms/sv/sport/fotbollsbiljetter/serie_a/ HTTP/1.1" 200 96242
147.93.145.57 - - [27/Dec/2024:04:54:02 +0100] "GET /ticket2/opencms/en/buy/?page=1&edid=23462A4C-8725-82B5-7A63-462FC0C8A36E&sortorder=desc&column=price HTTP/1.1" 200 113681
85.208.96.197 - - [27/Dec/2024:04:54:04 +0100] "GET /ticket2/opencms/fi/urheilu/jalkapallo/eredivisie/ HTTP/1.1" 200 88725
147.93.145.57 - - [27/Dec/2024:04:54:05 +0100] "GET /ticket2/opencms/en/buy/?page=1&edid=23462A4C-8725-82B5-7A63-462FC0C8A36E&sortorder=desc&column=section HTTP/1.1" 200 113877
66.249.68.66 - - [27/Dec/2024:04:54:06 +0100] "GET /ticket2/opencms/be/buy/?page=1&edid=2E8924E6-28D0-1DDA-A1D1-EAAA09293C64 HTTP/1.1" 200 115111
194.247.173.99 - - [27/Dec/2024:04:54:09 +0100] "GET /ticket2/opencms/se/ru/buy/?page=1&edid=ABE82418-6D71-12C5-8A2D-1433A0ADE28D&sortorder=asc&column=price HTTP/1.1" 404 -
147.93.145.57 - - [27/Dec/2024:04:54:09 +0100] "GET /ticket2/opencms/en/buy/?page=1&edid=371F6801-0748-6950-3EE6-EBCD0BD873DE&sortorder=desc&column=price HTTP/1.1" 200 112598
147.93.145.57 - - [27/Dec/2024:04:54:13 +0100] "GET /ticket2/opencms/en/buy/?page=1&edid=371F6801-0748-6950-3EE6-EBCD0BD873DE&sortorder=desc&column=row HTTP/1.1" 200 112447
194.247.173.99 - - [27/Dec/2024:04:54:16 +0100] "GET /ticket2/opencms/se/ru/buy/?page=1&edid=ABE82418-6D71-12C5-8A2D-1433A0ADE28D&sortorder=asc&column=row HTTP/1.1" 404 -
95.217.195.123 - - [27/Dec/2024:04:54:17 +0100] "GET /ticket2/opencms/se/sv/buy/?page=1&edid=4FA35C52-FFF1-5176-02B2-76834248E00E HTTP/1.1" 404 -
147.93.145.57 - - [27/Dec/2024:04:54:18 +0100] "GET /ticket2/opencms/en/buy/?page=1&edid=371F6801-0748-6950-3EE6-EBCD0BD873DE&sortorder=desc&column=section HTTP/1.1" 200 112765
40.77.167.78 - - [27/Dec/2024:04:54:21 +0100] "GET /ticket2/opencms/it/buy?page=1&edid=DD14CC82-883B-BD06-4306-EBD494AA1804 HTTP/1.1" 200 136838
194.247.173.99 - - [27/Dec/2024:04:54:24 +0100] "GET /ticket2/opencms/se/ru/buy/?page=1&edid=ABE82418-6D71-12C5-8A2D-1433A0ADE28D&sortorder=asc&column=section HTTP/1.1" 404 -
147.93.145.57 - - [27/Dec/2024:04:54:24 +0100] "GET /ticket2/opencms/en/buy/?page=1&edid=418F640D-FED9-8D6C-3AD1-01149267CC74&sortorder=desc&column=price HTTP/1.1" 200 113298
66.249.79.34 - - [27/Dec/2024:04:54:26 +0100] "GET /ticket2/opencms/az/buy/?page=1&edid=EFCA122E-EFD5-12F8-6F83-6930A0BC1F37 HTTP/1.1" 200 125568
66.249.79.33 - - [27/Dec/2024:04:54:28 +0100] "GET /ticket2/opencms/bs/sport/fudbalske-karte/bundesliga/bayern-munchen HTTP/1.1" 200 102152
147.93.145.57 - - [27/Dec/2024:04:54:29 +0100] "GET /ticket2/opencms/en/buy/?page=1&edid=418F640D-FED9-8D6C-3AD1-01149267CC74&sortorder=desc&column=row HTTP/1.1" 200 113103
194.247.173.99 - - [27/Dec/2024:04:54:32 +0100] "GET /ticket2/opencms/se/ru/buy/?page=1&edid=AC289A33-6057-2E6A-4FF7-76294D3A4351 HTTP/1.1" 404 -
66.249.79.103 - - [27/Dec/2024:04:54:33 +0100] "GET /ticket2/opencms/sq/magazine/article?title=legjenda-ne-perplasje-fjalesh-me-tifozin HTTP/1.1" 200 94238
147.93.145.57 - - [27/Dec/2024:04:54:33 +0100] "GET /ticket2/opencms/en/buy/?page=1&edid=443A5BE5-6E1B-92D8-CAE5-906AF16A59E7&sortorder=desc&column=price HTTP/1.1" 200 112945
95.217.195.123 - - [27/Dec/2024:04:54:34 +0100] "GET /ticket2/opencms/se/sv/buy/?page=1&edid=4FC20BCD-8A50-71C9-F142-FB0BED101987 HTTP/1.1" 404 -
85.208.96.200 - - [27/Dec/2024:04:54:36 +0100] "GET /ticket2/opencms/pl/login/ HTTP/1.1" 200 91245
52.167.144.24 - - [27/Dec/2024:04:54:37 +0100] "GET /ticket2/opencms/es/buy?page=10&eventid=EB2FE692-3675-80F7-07A1-A2EE94FD6784&venueid=152137BD-51FA-C49F-6002-B503D5181B54 HTTP/1.1" 200 6410
147.93.145.57 - - [27/Dec/2024:04:54:38 +0100] "GET /ticket2/opencms/en/buy/?page=1&edid=443A5BE5-6E1B-92D8-CAE5-906AF16A59E7&sortorder=desc&column=row HTTP/1.1" 200 112794
72.14.199.41 - - [27/Dec/2024:04:54:38 +0100] "GET /ticket2/opencms/no/buying_tickets HTTP/1.1" 200 90451
194.247.173.99 - - [27/Dec/2024:04:54:40 +0100] "GET /ticket2/opencms/se/ru/buy/?page=1&edid=AD8B286C-A601-B37E-CF61-F8810D020A2B&sortorder=asc&column=price HTTP/1.1" 404 -
147.93.145.57 - - [27/Dec/2024:04:54:41 +0100] "GET /ticket2/opencms/en/buy/?page=1&edid=443A5BE5-6E1B-92D8-CAE5-906AF16A59E7&sortorder=desc&column=section HTTP/1.1" 200 113093
74.125.150.35 - - [27/Dec/2024:04:54:43 +0100] "GET /ticket2/opencms/sv/sport/fotbollsbiljetter/premier_league/tottenham/restips_ny_arena_tottenham/ HTTP/1.1" 200 93358
147.93.145.57 - - [27/Dec/2024:04:54:45 +0100] "GET /ticket2/opencms/en/buy/?page=1&edid=4457AAA5-B79C-4CFF-795B-48A1890E4376&sortorder=desc&column=price HTTP/1.1" 200 113717
72.14.199.8 - - [27/Dec/2024:04:54:46 +0100] "GET /ticket2/opencms/system/modules/com.gridnine.opencms.ticketbrokerage.site/resources/js/calendar-en.js HTTP/1.1" 200 3338
40.77.167.76 - - [27/Dec/2024:04:54:47 +0100] "GET /ticket2/opencms/tr/buy?page=1&edid=0CEC8633-C400-C905-54E3-2A651C6B122C HTTP/1.1" 200 113982
194.247.173.99 - - [27/Dec/2024:04:54:47 +0100] "GET /ticket2/opencms/se/ru/buy/?page=1&edid=AD8B286C-A601-B37E-CF61-F8810D020A2B&sortorder=asc&column=section HTTP/1.1" 404 -
147.93.145.57 - - [27/Dec/2024:04:54:49 +0100] "GET /ticket2/opencms/en/buy/?page=1&edid=4457AAA5-B79C-4CFF-795B-48A1890E4376&sortorder=desc&column=row HTTP/1.1" 200 113592
185.191.171.1 - - [27/Dec/2024:04:54:52 +0100] "GET /ticket2/opencms/de/magazine/article?title=brentford-fc HTTP/1.1" 200 92167
185.191.171.12 - - [27/Dec/2024:04:54:53 +0100] "GET /ticket2/opencms/nl/magazine/article?title=manchester-city-vs-queens-park-rangers HTTP/1.1" 200 92407
147.93.145.57 - - [27/Dec/2024:04:54:53 +0100] "GET /ticket2/opencms/en/buy/?page=1&edid=4457AAA5-B79C-4CFF-795B-48A1890E4376&sortorder=desc&column=section HTTP/1.1" 200 113910
95.217.195.123 - - [27/Dec/2024:04:54:54 +0100] "GET /ticket2/opencms/se/sv/buy/?page=1&edid=4FC20BCD-8A50-71C9-F142-FB0BED101987&sortorder=desc&column=row HTTP/1.1" 404 -
194.247.173.99 - - [27/Dec/2024:04:54:54 +0100] "GET /ticket2/opencms/se/ru/buy/?page=1&edid=AEE0E38F-0CA3-53E5-BE24-D612BD968C58&sortorder=asc&column=row HTTP/1.1" 404 -
85.208.96.195 - - [27/Dec/2024:04:54:56 +0100] "GET /ticket2/opencms/dk/sport/fodboldbilletter/bundesliga/mainz/ HTTP/1.1" 200 97794
185.191.171.12 - - [27/Dec/2024:04:54:58 +0100] "GET /ticket2/opencms/dk/magazine/article?title=fulham-fc HTTP/1.1" 200 90870
147.93.145.57 - - [27/Dec/2024:04:54:59 +0100] "GET /ticket2/opencms/en/buy/?page=1&edid=482A3E6B-F6F4-FCF6-CF6F-F9FEE87AC240&sortorder=desc&column=price HTTP/1.1" 200 113736
194.247.173.99 - - [27/Dec/2024:04:55:02 +0100] "GET /ticket2/opencms/se/ru/buy/?page=1&edid=AEE0E38F-0CA3-53E5-BE24-D612BD968C58&sortorder=asc&column=section HTTP/1.1" 404 -
147.93.145.57 - - [27/Dec/2024:04:55:02 +0100] "GET /ticket2/opencms/en/buy/?page=1&edid=482A3E6B-F6F4-FCF6-CF6F-F9FEE87AC240&sortorder=desc&column=section HTTP/1.1" 200 113832
40.77.167.78 - - [27/Dec/2024:04:55:03 +0100] "GET /ticket2/opencms/sq/buy/?page=1&edid=E071EAFD-3564-BE36-92D1-A61CC3B7631E HTTP/1.1" 200 113313
85.208.96.211 - - [27/Dec/2024:04:55:06 +0100] "GET /ticket2/opencms/et/sport/jalgpallipiletid/english-championship/plymouth-argyle/ HTTP/1.1" 200 97183
147.93.145.57 - - [27/Dec/2024:04:55:07 +0100] "GET /ticket2/opencms/en/buy/?page=1&edid=497CFADB-43B9-65B9-4674-F7F3D004A91F&sortorder=desc&column=price HTTP/1.1" 200 113758
194.247.173.99 - - [27/Dec/2024:04:55:10 +0100] "GET /ticket2/opencms/se/ru/buy/?page=1&edid=AEEDBD7A-961C-0FB9-092F-CBFB7B36B978&sortorder=asc&column=row HTTP/1.1" 404 -
147.93.145.57 - - [27/Dec/2024:04:55:11 +0100] "GET /ticket2/opencms/en/buy/?page=1&edid=497CFADB-43B9-65B9-4674-F7F3D004A91F&sortorder=desc&column=section HTTP/1.1" 200 113868
185.191.171.7 - - [27/Dec/2024:04:55:11 +0100] "GET /ticket2/opencms/no/tickets/premier_league/ HTTP/1.1" 200 100804
95.217.195.123 - - [27/Dec/2024:04:55:15 +0100] "GET /ticket2/opencms/se/sv/buy/?page=1&edid=4FC20BCD-8A50-71C9-F142-FB0BED101987&sortorder=desc&column=section HTTP/1.1" 404 -
87.250.224.232 - - [27/Dec/2024:04:55:17 +0100] "GET /ticket2/opencms/sq/kontaktoni/ HTTP/1.1" 200 89086
194.247.173.99 - - [27/Dec/2024:04:55:18 +0100] "GET /ticket2/opencms/se/ru/buy/?page=1&edid=AF10138E-A60F-F322-730E-45CBD84A9C2C&sortorder=asc&column=price HTTP/1.1" 404 -
147.93.145.57 - - [27/Dec/2024:04:55:18 +0100] "GET /ticket2/opencms/en/buy/?page=1&edid=4D019A97-BFEB-445D-8A39-F3C482678D04&sortorder=desc&column=price HTTP/1.1" 200 113618
147.93.145.57 - - [27/Dec/2024:04:55:22 +0100] "GET /ticket2/opencms/en/buy/?page=1&edid=4D019A97-BFEB-445D-8A39-F3C482678D04&sortorder=desc&column=row HTTP/1.1" 200 113439
194.247.173.99 - - [27/Dec/2024:04:55:25 +0100] "GET /ticket2/opencms/se/ru/buy/?page=1&edid=AF10138E-A60F-F322-730E-45CBD84A9C2C&sortorder=asc&column=row HTTP/1.1" 404 -
147.93.145.57 - - [27/Dec/2024:04:55:26 +0100] "GET /ticket2/opencms/en/buy/?page=1&edid=4D019A97-BFEB-445D-8A39-F3C482678D04&sortorder=desc&column=section HTTP/1.1" 200 113845
52.167.144.24 - - [27/Dec/2024:04:55:26 +0100] "GET /ticket2/opencms/it/buy/?page=1&edid=C0049B49-8D01-C9A0-52E0-C8086FED93CE HTTP/1.1" 200 112567
52.167.144.24 - - [27/Dec/2024:04:55:28 +0100] "GET /ticket2/opencms/pl/buy?page=1&edid=FF216B09-98BA-49AF-0334-F1C7D603E1D7 HTTP/1.1" 200 109640
147.93.145.57 - - [27/Dec/2024:04:55:29 +0100] "GET /ticket2/opencms/en/buy/?page=1&edid=4E227D03-1EED-6C6C-1F6B-38D6AE5ACB28&sortorder=desc&column=row HTTP/1.1" 200 112457
194.247.173.99 - - [27/Dec/2024:04:55:32 +0100] "GET /ticket2/opencms/se/ru/buy/?page=1&edid=B2F92221-2B73-EA2C-C166-398C5B5E8EA2&sortorder=asc&column=price HTTP/1.1" 404 -
147.93.145.57 - - [27/Dec/2024:04:55:34 +0100] "GET /ticket2/opencms/en/buy/?page=1&edid=4E227D03-1EED-6C6C-1F6B-38D6AE5ACB28&sortorder=desc&column=section HTTP/1.1" 200 112695
147.93.145.57 - - [27/Dec/2024:04:55:37 +0100] "GET /ticket2/opencms/en/buy/?page=1&edid=4E72738A-17F9-87BC-643A-B5444ABD781B&sortorder=desc&column=price HTTP/1.1" 200 113246
95.217.195.123 - - [27/Dec/2024:04:55:38 +0100] "GET /ticket2/opencms/se/sv/buy/?page=1&edid=4FCB449E-EA67-7D06-DD6A-C041E26583BB HTTP/1.1" 404 -
185.191.171.17 - - [27/Dec/2024:04:55:38 +0100] "GET /ticket2/opencms/es/magazine/article?title=nuevo-contrato-para-archie-gray-18-anos HTTP/1.1" 200 91445
194.247.173.99 - - [27/Dec/2024:04:55:40 +0100] "GET /ticket2/opencms/se/ru/buy/?page=1&edid=B2F92221-2B73-EA2C-C166-398C5B5E8EA2&sortorder=asc&column=section HTTP/1.1" 404 -
147.93.145.57 - - [27/Dec/2024:04:55:40 +0100] "GET /ticket2/opencms/en/buy/?page=1&edid=4E72738A-17F9-87BC-643A-B5444ABD781B&sortorder=desc&column=row HTTP/1.1" 200 113124
207.46.13.7 - - [27/Dec/2024:04:55:42 +0100] "GET /ticket2/opencms/no/magazine/article?title=chelsea-fcs-og-deres-kamp-for-stabilitet HTTP/1.1" 200 93243
147.93.145.57 - - [27/Dec/2024:04:55:45 +0100] "GET /ticket2/opencms/en/buy/?page=1&edid=4E72738A-17F9-87BC-643A-B5444ABD781B&sortorder=desc&column=section HTTP/1.1" 200 113410
147.93.145.57 - - [27/Dec/2024:04:55:51 +0100] "GET /ticket2/opencms/en/buy/?page=1&edid=4F10F0FD-0073-B564-973B-CB2F36E999C3&sortorder=desc&column=price HTTP/1.1" 200 113659
85.208.96.195 - - [27/Dec/2024:04:55:52 +0100] "GET /ticket2/opencms/dk/sport/fodboldbilletter/premier-league/chelsea/ HTTP/1.1" 200 101107
194.247.173.99 - - [27/Dec/2024:04:55:52 +0100] "GET /ticket2/opencms/se/ru/buy/?page=1&edid=B4FD3B53-8032-0E58-F439-012FAD8AA274&sortorder=asc&column=section HTTP/1.1" 404 -
147.93.145.57 - - [27/Dec/2024:04:55:54 +0100] "GET /ticket2/opencms/en/buy/?page=1&edid=4F10F0FD-0073-B564-973B-CB2F36E999C3&sortorder=desc&column=row HTTP/1.1" 200 113596
147.93.145.57 - - [27/Dec/2024:04:55:58 +0100] "GET /ticket2/opencms/en/buy/?page=1&edid=4F10F0FD-0073-B564-973B-CB2F36E999C3&sortorder=desc&column=section HTTP/1.1" 200 113825
95.217.195.123 - - [27/Dec/2024:04:55:59 +0100] "GET /ticket2/opencms/se/sv/buy/?page=1&edid=4FCB449E-EA67-7D06-DD6A-C041E26583BB&sortorder=desc&column=row HTTP/1.1" 404 -
194.247.173.99 - - [27/Dec/2024:04:56:00 +0100] "GET /ticket2/opencms/se/ru/buy/?page=1&edid=C5BE8910-C31D-1B7A-D498-4C5862D3F5A8&sortorder=asc&column=price HTTP/1.1" 404 -
47.128.125.105 - - [27/Dec/2024:04:56:00 +0100] "GET /ticket2/opencms/en/magazine/article?title=london-a-world-class-football-city HTTP/1.1" 200 90475
147.93.145.57 - - [27/Dec/2024:04:56:02 +0100] "GET /ticket2/opencms/en/buy/?page=1&edid=53AAD1DD-DAB5-D05E-8DAD-A50F40AC9A87&sortorder=desc&column=row HTTP/1.1" 200 112861
216.244.66.238 - - [27/Dec/2024:04:56:02 +0100] "GET /ticket2/opencms/robots.txt HTTP/1.1" 200 773
40.77.167.78 - - [27/Dec/2024:04:56:04 +0100] "GET /ticket2/opencms/sr/magazine/article?title=kakva-je-buducnost-za-aleksandra-isaka HTTP/1.1" 200 92902
147.93.145.57 - - [27/Dec/2024:04:56:06 +0100] "GET /ticket2/opencms/en/buy/?page=1&edid=53AAD1DD-DAB5-D05E-8DAD-A50F40AC9A87&sortorder=desc&column=section HTTP/1.1" 200 113040
47.128.41.81 - - [27/Dec/2024:04:56:06 +0100] "GET /ticket2/opencms/fi/buy/?edid=D9DFA8C8-D977-C463-EF54-2526B55523A3 HTTP/1.1" 200 92428
194.247.173.99 - - [27/Dec/2024:04:56:07 +0100] "GET /ticket2/opencms/se/ru/buy/?page=1&edid=C5BE8910-C31D-1B7A-D498-4C5862D3F5A8&sortorder=asc&column=row HTTP/1.1" 404 -
52.167.144.173 - - [27/Dec/2024:04:56:09 +0100] "GET /ticket2/opencms/ga/magazine/article?title=ballon-dor-buanyi-2024 HTTP/1.1" 200 93549
147.93.145.57 - - [27/Dec/2024:04:56:09 +0100] "GET /ticket2/opencms/en/buy/?page=1&edid=590EDDB9-B981-09D2-E0FC-F6E1B491368A&sortorder=desc&column=section HTTP/1.1" 200 113894
194.247.173.99 - - [27/Dec/2024:04:56:14 +0100] "GET /ticket2/opencms/se/ru/buy/?page=1&edid=C5BE8910-C31D-1B7A-D498-4C5862D3F5A8&sortorder=asc&column=section HTTP/1.1" 404 -
85.208.96.207 - - [27/Dec/2024:04:56:14 +0100] "GET /ticket2/opencms/dk/sport/fodboldbilletter/premier-league/luton/ HTTP/1.1" 200 86995
147.93.145.57 - - [27/Dec/2024:04:56:15 +0100] "GET /ticket2/opencms/en/buy/?page=1&edid=038E9D5D-F853-3E62-678F-9F575C0DA65A&sortorder=desc&column=price HTTP/1.1" 200 113752
95.217.195.123 - - [27/Dec/2024:04:56:20 +0100] "GET /ticket2/opencms/se/sv/buy/?page=1&edid=4FDB7F94-F8AB-DA67-68DF-7DD5AAAA6868 HTTP/1.1" 404 -
194.247.173.99 - - [27/Dec/2024:04:56:20 +0100] "GET /ticket2/opencms/se/ru/buy/?page=1&edid=C87D073B-AE67-CB2F-38A2-458D7BBFFECB&sortorder=asc&column=price HTTP/1.1" 404 -
147.93.145.57 - - [27/Dec/2024:04:56:21 +0100] "GET /ticket2/opencms/en/buy/?page=1&edid=038E9D5D-F853-3E62-678F-9F575C0DA65A&sortorder=desc&column=row HTTP/1.1" 200 113571
185.191.171.10 - - [27/Dec/2024:04:56:25 +0100] "GET /ticket2/opencms/robots.txt HTTP/1.1" 200 773
85.208.96.204 - - [27/Dec/2024:04:56:26 +0100] "GET /ticket2/opencms/fi/urheilu/jalkapallo/bundesliga/mainz/ HTTP/1.1" 200 99529
147.93.145.57 - - [27/Dec/2024:04:56:27 +0100] "GET /ticket2/opencms/en/buy/?page=1&edid=038E9D5D-F853-3E62-678F-9F575C0DA65A&sortorder=desc&column=section HTTP/1.1" 200 113846
194.247.173.99 - - [27/Dec/2024:04:56:27 +0100] "GET /ticket2/opencms/se/ru/buy/?page=1&edid=C87D073B-AE67-CB2F-38A2-458D7BBFFECB&sortorder=asc&column=row HTTP/1.1" 404 -
85.208.96.205 - - [27/Dec/2024:04:56:31 +0100] "GET /ticket2/opencms/no/magazine/article?title=en-dramatisk-kamp-mellom-tottenham-og-chelsea HTTP/1.1" 200 93737
147.93.145.57 - - [27/Dec/2024:04:56:33 +0100] "GET /ticket2/opencms/en/buy/?page=1&edid=07D24578-F577-FB97-B11A-7D3A32948F2C&sortorder=desc&column=price HTTP/1.1" 200 112550
185.191.171.15 - - [27/Dec/2024:04:56:33 +0100] "GET /ticket2/opencms/it/magazine/article?title=come-appare-il-futuro-per-alexander-isak HTTP/1.1" 200 92376
194.247.173.99 - - [27/Dec/2024:04:56:34 +0100] "GET /ticket2/opencms/se/ru/buy/?page=1&edid=C87D073B-AE67-CB2F-38A2-458D7BBFFECB&sortorder=asc&column=section HTTP/1.1" 404 -
95.217.195.123 - - [27/Dec/2024:04:56:39 +0100] "GET /ticket2/opencms/se/sv/buy/?page=1&edid=5001F909-597E-0965-B8CB-F4DFF6997BB8 HTTP/1.1" 404 -
194.247.173.99 - - [27/Dec/2024:04:56:40 +0100] "GET /ticket2/opencms/se/ru/buy/?page=1&edid=C8BE8B3C-DCF5-5A10-3072-9A1A6B964BF1&sortorder=asc&column=price HTTP/1.1" 404 -
147.93.145.57 - - [27/Dec/2024:04:56:41 +0100] "GET /ticket2/opencms/en/buy/?page=1&edid=07D24578-F577-FB97-B11A-7D3A32948F2C&sortorder=desc&column=row HTTP/1.1" 200 112400
47.128.58.31 - - [27/Dec/2024:04:56:44 +0100] "GET /ticket2/opencms/dk/sport/fodboldbilletter/serie-a/sassuolo/ HTTP/1.1" 200 92815
47.128.58.31 - - [27/Dec/2024:04:56:45 +0100] "GET /ticket2/opencms/system/modules/com.gridnine.opencms.ticketbrokerage.site/resources/pics/banners/team/serie_a/sassuolo.png HTTP/1.1" 200 202828
147.93.145.57 - - [27/Dec/2024:04:56:47 +0100] "GET /ticket2/opencms/en/buy/?page=1&edid=07D24578-F577-FB97-B11A-7D3A32948F2C&sortorder=desc&column=section HTTP/1.1" 200 112719
216.244.66.196 - - [27/Dec/2024:04:56:50 +0100] "GET /ticket2/opencms/robots.txt HTTP/1.1" 200 773
185.191.171.19 - - [27/Dec/2024:04:56:53 +0100] "GET /ticket2/opencms/sk/magazine/article?title=luton HTTP/1.1" 200 92415
147.93.145.57 - - [27/Dec/2024:04:56:55 +0100] "GET /ticket2/opencms/en/buy/?page=1&edid=0918B947-793A-2AE6-89D7-3BA5603B1356&sortorder=desc&column=row HTTP/1.1" 200 113082
85.208.96.194 - - [27/Dec/2024:04:56:58 +0100] "GET /ticket2/opencms/de/sport/fussball-tickets/serie_a/lecce/ HTTP/1.1" 200 95877
147.93.145.57 - - [27/Dec/2024:04:57:02 +0100] "GET /ticket2/opencms/en/buy/?page=1&edid=0918B947-793A-2AE6-89D7-3BA5603B1356&sortorder=desc&column=section HTTP/1.1" 200 113363
95.217.195.123 - - [27/Dec/2024:04:57:03 +0100] "GET /ticket2/opencms/se/sv/buy/?page=1&edid=5049F443-2967-4BC4-9DF8-22395FCF3C8C HTTP/1.1" 404 -
147.93.145.57 - - [27/Dec/2024:04:57:08 +0100] "GET /ticket2/opencms/en/buy/?page=1&edid=151CC0D8-0351-C859-2F0C-08FDFAB76DE7&sortorder=desc&column=price HTTP/1.1" 200 112938
147.93.145.57 - - [27/Dec/2024:04:57:14 +0100] "GET /ticket2/opencms/en/buy/?page=1&edid=151CC0D8-0351-C859-2F0C-08FDFAB76DE7&sortorder=desc&column=row HTTP/1.1" 200 112769
40.77.167.70 - - [27/Dec/2024:04:57:20 +0100] "GET /ticket2/opencms/lt/buy/ HTTP/1.1" 200 6410
114.119.131.180 - - [27/Dec/2024:04:57:20 +0100] "GET /ticket2/opencms/en/venue/?venueid=2F58F2AB-0424-685C-B2ED-AB5E0C783A33 HTTP/1.1" 200 85083
147.93.145.57 - - [27/Dec/2024:04:57:20 +0100] "GET /ticket2/opencms/en/buy/?page=1&edid=151CC0D8-0351-C859-2F0C-08FDFAB76DE7&sortorder=desc&column=section HTTP/1.1" 200 113096
114.119.145.123 - - [27/Dec/2024:04:57:22 +0100] "GET /ticket2/opencms/en/venue/?venueid=1296F5D3-4505-F292-99A1-ABFE76F323BD HTTP/1.1" 200 85110
40.77.167.151 - - [27/Dec/2024:04:57:23 +0100] "GET /ticket2/opencms/ro/buy?page=1&edid=D2BD1FBD-835A-06C7-CB4B-DAA4984CBA73 HTTP/1.1" 200 113293
95.217.195.123 - - [27/Dec/2024:04:57:24 +0100] "GET /ticket2/opencms/se/sv/buy/?page=1&edid=504DCAFD-590A-5865-0E7B-51575F78C6D6 HTTP/1.1" 404 -
147.93.145.57 - - [27/Dec/2024:04:57:27 +0100] "GET /ticket2/opencms/en/buy/?page=1&edid=1944070F-2A5D-1909-DE14-B309AE8F4483&sortorder=desc&column=price HTTP/1.1" 200 113749
147.93.145.57 - - [27/Dec/2024:04:57:32 +0100] "GET /ticket2/opencms/en/buy/?page=1&edid=1944070F-2A5D-1909-DE14-B309AE8F4483&sortorder=desc&column=row HTTP/1.1" 200 113544
5.102.173.71 - - [27/Dec/2024:04:57:34 +0100] "GET /ticket2/opencms/robots.txt HTTP/1.1" 200 773
5.102.173.71 - - [27/Dec/2024:04:57:35 +0100] "GET /ticket2/opencms/dk/sport/fodboldbilletter/bundesliga/darmstadt/ HTTP/1.1" 200 93054
147.93.145.57 - - [27/Dec/2024:04:57:37 +0100] "GET /ticket2/opencms/en/buy/?page=1&edid=1944070F-2A5D-1909-DE14-B309AE8F4483&sortorder=desc&column=section HTTP/1.1" 200 113873
147.93.145.57 - - [27/Dec/2024:04:57:43 +0100] "GET /ticket2/opencms/en/buy/?page=1&edid=20B8D1AD-64EC-73DF-B539-29EE3CA0D338&sortorder=desc&column=price HTTP/1.1" 200 112983
95.217.195.123 - - [27/Dec/2024:04:57:47 +0100] "GET /ticket2/opencms/se/sv/buy/?page=1&edid=510CF2A5-FC4A-CAD6-FFD1-54CEDB855D27 HTTP/1.1" 404 -
147.93.145.57 - - [27/Dec/2024:04:57:48 +0100] "GET /ticket2/opencms/en/buy/?page=1&edid=20B8D1AD-64EC-73DF-B539-29EE3CA0D338&sortorder=desc&column=section HTTP/1.1" 200 113103
85.208.96.209 - - [27/Dec/2024:04:57:50 +0100] "GET /ticket2/opencms/es/ HTTP/1.1" 200 101832
147.93.145.57 - - [27/Dec/2024:04:57:54 +0100] "GET /ticket2/opencms/en/buy/?page=1&edid=23462A4C-8725-82B5-7A63-462FC0C8A36E&sortorder=desc&column=price HTTP/1.1" 200 113730
147.93.145.57 - - [27/Dec/2024:04:58:01 +0100] "GET /ticket2/opencms/en/buy/?page=1&edid=23462A4C-8725-82B5-7A63-462FC0C8A36E&sortorder=desc&column=section HTTP/1.1" 200 113840
40.77.167.55 - - [27/Dec/2024:04:58:01 +0100] "GET /ticket2/opencms/en/magazine/article?title=kylian-mbappe HTTP/1.1" 200 91757
95.217.195.123 - - [27/Dec/2024:04:58:01 +0100] "GET /ticket2/opencms/se/sv/buy/?page=1&edid=510CF2A5-FC4A-CAD6-FFD1-54CEDB855D27&sortorder=desc&column=section HTTP/1.1" 404 -
40.77.167.78 - - [27/Dec/2024:04:58:01 +0100] "GET /ticket2/opencms/pl/buy?page=1&edid=4D294C0A-8C1C-4A83-BF3D-F12FF4C4C095 HTTP/1.1" 200 109712
40.77.167.151 - - [27/Dec/2024:04:58:05 +0100] "GET /ticket2/opencms/lt/buy?comcatid=A17713B6-D984-201A-4143-ED4DB5ED5C2E&catid=64756941-02D2-3538-2077-8C2508F4A3A8 HTTP/1.1" 200 6410
147.93.145.57 - - [27/Dec/2024:04:58:06 +0100] "GET /ticket2/opencms/en/buy/?page=1&edid=371F6801-0748-6950-3EE6-EBCD0BD873DE&sortorder=desc&column=price HTTP/1.1" 200 112536
85.208.96.203 - - [27/Dec/2024:04:58:08 +0100] "GET /ticket2/opencms/sv/sport/fotbollsbiljetter/bundesliga/wolfsburg/ HTTP/1.1" 200 93201
147.93.145.57 - - [27/Dec/2024:04:58:12 +0100] "GET /ticket2/opencms/en/buy/?page=1&edid=371F6801-0748-6950-3EE6-EBCD0BD873DE&sortorder=desc&column=row HTTP/1.1" 200 112386
185.191.171.17 - - [27/Dec/2024:04:58:13 +0100] "GET /ticket2/opencms/de/sport/fussball-tickets/serie_a/fiorentina/ HTTP/1.1" 200 102228
185.191.171.6 - - [27/Dec/2024:04:58:14 +0100] "GET /ticket2/opencms/sr/magazine/article?title=otkrijte-la-ligu-uzivo-kupite-karte-na-ticket2 HTTP/1.1" 200 94058
95.217.195.123 - - [27/Dec/2024:04:58:15 +0100] "GET /ticket2/opencms/se/sv/buy/?page=1&edid=511DBE77-4302-11AC-20DF-EC763D451874 HTTP/1.1" 404 -
185.191.171.13 - - [27/Dec/2024:04:58:17 +0100] "GET /ticket2/opencms/nl/magazine/article?title=tottenham-burnley-2024-05-11 HTTP/1.1" 200 89305
147.93.145.57 - - [27/Dec/2024:04:58:18 +0100] "GET /ticket2/opencms/en/buy/?page=1&edid=371F6801-0748-6950-3EE6-EBCD0BD873DE&sortorder=desc&column=section HTTP/1.1" 200 112678
147.93.145.57 - - [27/Dec/2024:04:58:24 +0100] "GET /ticket2/opencms/en/buy/?page=1&edid=418F640D-FED9-8D6C-3AD1-01149267CC74&sortorder=desc&column=price HTTP/1.1" 200 113263
114.119.159.129 - - [27/Dec/2024:04:58:26 +0100] "GET /ticket2/opencms/en/sell/?edid=BA0C4AB6-9AED-31E3-0634-B7D13957256A HTTP/1.1" 302 -
95.217.195.123 - - [27/Dec/2024:04:58:28 +0100] "GET /ticket2/opencms/se/sv/buy/?page=1&edid=511DBE77-4302-11AC-20DF-EC763D451874&sortorder=asc&column=section HTTP/1.1" 404 -
85.208.96.207 - - [27/Dec/2024:04:58:28 +0100] "GET /ticket2/opencms/fr/buy_safety HTTP/1.1" 200 90553
147.93.145.57 - - [27/Dec/2024:04:58:31 +0100] "GET /ticket2/opencms/en/buy/?page=1&edid=418F640D-FED9-8D6C-3AD1-01149267CC74&sortorder=desc&column=row HTTP/1.1" 200 113079
114.119.159.129 - - [27/Dec/2024:04:58:31 +0100] "GET /ticket2/opencms/en/login/?url=/en/sell/ HTTP/1.1" 200 89786
85.208.96.195 - - [27/Dec/2024:04:58:33 +0100] "GET /ticket2/opencms/no/magazine/article?title=maximilian-ibrahimovic-signerer-for-ac-milans-andrelag HTTP/1.1" 200 94739
114.119.141.34 - - [27/Dec/2024:04:58:35 +0100] "GET /ticket2/opencms/en/venue/?venueid=AF7F2E28-677E-9782-2141-5DA64832B7AA HTTP/1.1" 200 85125
40.77.167.55 - - [27/Dec/2024:04:58:36 +0100] "GET /ticket2/opencms/mo/magazine/article?title=dejan-kulusevski HTTP/1.1" 200 91724
147.93.145.57 - - [27/Dec/2024:04:58:38 +0100] "GET /ticket2/opencms/en/buy/?page=1&edid=443A5BE5-6E1B-92D8-CAE5-906AF16A59E7&sortorder=desc&column=price HTTP/1.1" 200 112967
95.217.195.123 - - [27/Dec/2024:04:58:40 +0100] "GET /ticket2/opencms/se/sv/buy/?page=1&edid=5178626A-34D0-B2BB-F4B7-DD1DCA937081 HTTP/1.1" 404 -
147.93.145.57 - - [27/Dec/2024:04:58:44 +0100] "GET /ticket2/opencms/en/buy/?page=1&edid=443A5BE5-6E1B-92D8-CAE5-906AF16A59E7&sortorder=desc&column=row HTTP/1.1" 200 112833
147.93.145.57 - - [27/Dec/2024:04:58:50 +0100] "GET /ticket2/opencms/en/buy/?page=1&edid=443A5BE5-6E1B-92D8-CAE5-906AF16A59E7&sortorder=desc&column=section HTTP/1.1" 200 113051
95.217.195.123 - - [27/Dec/2024:04:58:51 +0100] "GET /ticket2/opencms/se/sv/buy/?page=1&edid=51AC3AFE-2DA9-0686-092F-F6A5A22A3529 HTTP/1.1" 404 -
40.77.167.151 - - [27/Dec/2024:04:58:53 +0100] "GET /ticket2/opencms/de/buy?page=1&edid=2F959FEF-0277-463A-7AA1-8B479CA506D8 HTTP/1.1" 200 109176
85.208.96.199 - - [27/Dec/2024:04:58:54 +0100] "GET /ticket2/opencms/bs/magazine/article?title=luka-modric-ostaje-u-real-madridu HTTP/1.1" 200 94399
147.93.145.57 - - [27/Dec/2024:04:58:56 +0100] "GET /ticket2/opencms/en/buy/?page=1&edid=4457AAA5-B79C-4CFF-795B-48A1890E4376&sortorder=desc&column=price HTTP/1.1" 200 113676
47.128.51.250 - - [27/Dec/2024:04:59:00 +0100] "GET /ticket2/opencms/az/buy/?edid=BD28444D-8483-F179-3965-1E8A674294B4 HTTP/1.1" 200 92705
147.93.145.57 - - [27/Dec/2024:04:59:02 +0100] "GET /ticket2/opencms/en/buy/?page=1&edid=4457AAA5-B79C-4CFF-795B-48A1890E4376&sortorder=desc&column=row HTTP/1.1" 200 113595
89.246.241.14 - - [27/Dec/2024:04:59:03 +0100] "GET /ticket2/opencms/en HTTP/1.1" 200 100177
85.208.96.212 - - [27/Dec/2024:04:59:06 +0100] "GET /ticket2/opencms/en/ask-form.html HTTP/1.1" 200 3146
147.93.145.57 - - [27/Dec/2024:04:59:08 +0100] "GET /ticket2/opencms/en/buy/?page=1&edid=4457AAA5-B79C-4CFF-795B-48A1890E4376&sortorder=desc&column=section HTTP/1.1" 200 113867
52.167.144.137 - - [27/Dec/2024:04:59:13 +0100] "GET /ticket2/opencms/en/sport/football-tickets/premier_league/everton/ HTTP/1.1" 200 100480
147.93.145.57 - - [27/Dec/2024:04:59:13 +0100] "GET /ticket2/opencms/en/buy/?page=1&edid=482A3E6B-F6F4-FCF6-CF6F-F9FEE87AC240&sortorder=desc&column=price HTTP/1.1" 200 113771
147.93.145.57 - - [27/Dec/2024:04:59:18 +0100] "GET /ticket2/opencms/en/buy/?page=1&edid=482A3E6B-F6F4-FCF6-CF6F-F9FEE87AC240&sortorder=desc&column=section HTTP/1.1" 200 113782
95.217.195.123 - - [27/Dec/2024:04:59:22 +0100] "GET /ticket2/opencms/se/sv/buy/?page=1&edid=51B34877-7C9F-78FD-7C5F-EE108BC846BA HTTP/1.1" 404 -
147.93.145.57 - - [27/Dec/2024:04:59:22 +0100] "GET /ticket2/opencms/en/buy/?page=1&edid=497CFADB-43B9-65B9-4674-F7F3D004A91F&sortorder=desc&column=price HTTP/1.1" 200 113741
147.93.145.57 - - [27/Dec/2024:04:59:28 +0100] "GET /ticket2/opencms/en/buy/?page=1&edid=497CFADB-43B9-65B9-4674-F7F3D004A91F&sortorder=desc&column=section HTTP/1.1" 200 113887
40.77.167.18 - - [27/Dec/2024:04:59:30 +0100] "GET /ticket2/opencms/fi/magazine/article?title=cristiano-ronaldo HTTP/1.1" 200 93962
185.191.171.1 - - [27/Dec/2024:04:59:33 +0100] "GET /ticket2/opencms/be/magazine/article?title=joel-matip-leaves-liverpool-fc HTTP/1.1" 200 95477
147.93.145.57 - - [27/Dec/2024:04:59:34 +0100] "GET /ticket2/opencms/en/buy/?page=1&edid=4D019A97-BFEB-445D-8A39-F3C482678D04&sortorder=desc&column=price HTTP/1.1" 200 113588
147.93.145.57 - - [27/Dec/2024:04:59:40 +0100] "GET /ticket2/opencms/en/buy/?page=1&edid=4D019A97-BFEB-445D-8A39-F3C482678D04&sortorder=desc&column=row HTTP/1.1" 200 113541
147.93.145.57 - - [27/Dec/2024:04:59:45 +0100] "GET /ticket2/opencms/en/buy/?page=1&edid=4D019A97-BFEB-445D-8A39-F3C482678D04&sortorder=desc&column=section HTTP/1.1" 200 113760
95.217.195.123 - - [27/Dec/2024:04:59:46 +0100] "GET /ticket2/opencms/se/sv/buy/?page=1&edid=51C8DADA-3389-0DD8-E4E9-A827BBFED126 HTTP/1.1" 404 -
89.246.241.14 - - [27/Dec/2024:04:59:48 +0100] "GET /ticket2/opencms/en/sport/football-tickets/la-liga HTTP/1.1" 200 95960
147.93.145.57 - - [27/Dec/2024:04:59:51 +0100] "GET /ticket2/opencms/en/buy/?page=1&edid=4E227D03-1EED-6C6C-1F6B-38D6AE5ACB28&sortorder=desc&column=row HTTP/1.1" 200 112456
185.191.171.11 - - [27/Dec/2024:04:59:52 +0100] "GET /ticket2/opencms/no/magazine/article?title=chelsea HTTP/1.1" 200 93540
84.247.128.30 - - [27/Dec/2024:04:59:54 +0100] "GET /ticket2/opencms/se/robots.txt HTTP/1.1" 404 -
147.93.145.57 - - [27/Dec/2024:04:59:56 +0100] "GET /ticket2/opencms/en/buy/?page=1&edid=4E227D03-1EED-6C6C-1F6B-38D6AE5ACB28&sortorder=desc&column=section HTTP/1.1" 200 112643
185.191.171.11 - - [27/Dec/2024:04:59:59 +0100] "GET /ticket2/opencms/de/sport/fussball-tickets/ HTTP/1.1" 200 93837
47.128.54.225 - - [27/Dec/2024:05:00:00 +0100] "GET /ticket2/opencms/en/magazine/article?title=ballon-dor-winner-2024 HTTP/1.1" 200 91575
147.93.145.57 - - [27/Dec/2024:05:00:02 +0100] "GET /ticket2/opencms/en/buy/?page=1&edid=4E72738A-17F9-87BC-643A-B5444ABD781B&sortorder=desc&column=price HTTP/1.1" 200 113251
95.217.195.123 - - [27/Dec/2024:05:00:04 +0100] "GET /ticket2/opencms/se/sv/buy/?page=1&edid=523501E5-3030-71B1-ED39-97EA81BD353D&sortorder=asc&column=price HTTP/1.1" 404 -
84.247.128.30 - - [27/Dec/2024:05:00:08 +0100] "GET /ticket2/opencms/se/nl/buy/?page=1&edid=A61CFB60-1B55-3B37-BC03-FAF11046FF07&sortorder=desc&column=section HTTP/1.1" 404 -
114.119.152.77 - - [27/Dec/2024:05:00:09 +0100] "GET /ticket2/opencms/en/buy?page=1&edid=299450E2-FDAD-4E2B-0058-6290A7A2B57D HTTP/1.1" 200 147869
147.93.145.57 - - [27/Dec/2024:05:00:09 +0100] "GET /ticket2/opencms/en/buy/?page=1&edid=4E72738A-17F9-87BC-643A-B5444ABD781B&sortorder=desc&column=row HTTP/1.1" 200 113128
89.246.241.14 - - [27/Dec/2024:05:00:09 +0100] "GET /ticket2/opencms/hu/ HTTP/1.1" 200 101857
185.191.171.15 - - [27/Dec/2024:05:00:10 +0100] "GET /ticket2/opencms/sl/sport/nogometne-vstopnice/english-championship/rotherham HTTP/1.1" 200 96775
40.77.167.77 - - [27/Dec/2024:05:00:11 +0100] "GET /ticket2/opencms/dk/buy?page=1&edid=11EE072D-8BDA-AD9E-6DE3-4565DECD9282 HTTP/1.1" 200 120965
185.191.171.5 - - [27/Dec/2024:05:00:13 +0100] "GET /ticket2/opencms/fr/magazine/article?title=om-tottenham-hotspur-stadium HTTP/1.1" 200 99842
114.119.130.210 - - [27/Dec/2024:05:00:14 +0100] "GET /ticket2/opencms/en/sell/?edid=327AE0DA-94B2-C94C-18B8-D6746C6CB956 HTTP/1.1" 302 -
84.247.128.30 - - [27/Dec/2024:05:00:17 +0100] "GET /ticket2/opencms/se/nl/buy/?page=1&edid=AA77BD4E-C2F1-33E9-4851-2BA88F77A335&sortorder=asc&column=row HTTP/1.1" 404 -
147.93.145.57 - - [27/Dec/2024:05:00:17 +0100] "GET /ticket2/opencms/en/buy/?page=1&edid=4E72738A-17F9-87BC-643A-B5444ABD781B&sortorder=desc&column=section HTTP/1.1" 200 113386
95.217.195.123 - - [27/Dec/2024:05:00:17 +0100] "GET /ticket2/opencms/se/sv/buy/?page=1&edid=523501E5-3030-71B1-ED39-97EA81BD353D&sortorder=asc&column=row HTTP/1.1" 404 -
114.119.130.210 - - [27/Dec/2024:05:00:22 +0100] "GET /ticket2/opencms/en/login/?url=/en/sell/ HTTP/1.1" 200 89846
147.93.145.57 - - [27/Dec/2024:05:00:24 +0100] "GET /ticket2/opencms/en/buy/?page=1&edid=4F10F0FD-0073-B564-973B-CB2F36E999C3&sortorder=desc&column=price HTTP/1.1" 200 113756
84.247.128.30 - - [27/Dec/2024:05:00:26 +0100] "GET /ticket2/opencms/se/nl/buy/?page=1&edid=AB50204C-215A-4600-59BC-2DA2AB6F3782&sortorder=asc&column=section HTTP/1.1" 404 -
40.77.167.16 - - [27/Dec/2024:05:00:27 +0100] "GET /ticket2/opencms/de/?page=6&comcatid=A17713B6-D984-201A-4143-ED4DB5ED5C2E&catid=42C82D82-D02A-8562-E55C-48ADB3771882 HTTP/1.1" 200 101271
95.217.195.123 - - [27/Dec/2024:05:00:29 +0100] "GET /ticket2/opencms/se/sv/buy/?page=1&edid=527C93B0-9340-497B-8776-6EDF58916407 HTTP/1.1" 404 -
147.93.145.57 - - [27/Dec/2024:05:00:31 +0100] "GET /ticket2/opencms/en/buy/?page=1&edid=4F10F0FD-0073-B564-973B-CB2F36E999C3&sortorder=desc&column=row HTTP/1.1" 200 113608
84.247.128.30 - - [27/Dec/2024:05:00:36 +0100] "GET /ticket2/opencms/se/nl/buy/?page=1&edid=AB82714E-6963-E775-D4D6-9BFD51ADB158&sortorder=asc&column=price HTTP/1.1" 404 -
147.93.145.57 - - [27/Dec/2024:05:00:37 +0100] "GET /ticket2/opencms/en/buy/?page=1&edid=4F10F0FD-0073-B564-973B-CB2F36E999C3&sortorder=desc&column=section HTTP/1.1" 200 113914
185.191.171.3 - - [27/Dec/2024:05:00:39 +0100] "GET /ticket2/opencms/mo/standard/ HTTP/1.1" 500 -
84.247.128.30 - - [27/Dec/2024:05:00:45 +0100] "GET /ticket2/opencms/se/nl/buy/?page=1&edid=AB82714E-6963-E775-D4D6-9BFD51ADB158&sortorder=asc&column=row HTTP/1.1" 404 -
147.93.145.57 - - [27/Dec/2024:05:00:46 +0100] "GET /ticket2/opencms/en/buy/?page=1&edid=53AAD1DD-DAB5-D05E-8DAD-A50F40AC9A87&sortorder=desc&column=row HTTP/1.1" 200 112849
47.128.110.138 - - [27/Dec/2024:05:00:46 +0100] "GET /ticket2/opencms/en/magazine/article?title=buy-tickets-for-the-bundesliga-at-ticket2com HTTP/1.1" 200 90927
95.217.195.123 - - [27/Dec/2024:05:00:47 +0100] "GET /ticket2/opencms/se/sv/buy/?page=1&edid=528D87B5-5CB7-420B-8599-7ECD4AE1B624&sortorder=asc&column=row HTTP/1.1" 404 -
52.167.144.175 - - [27/Dec/2024:05:00:48 +0100] "GET /ticket2/opencms/es/magazine/article?title=como-es-el-futuro-para-alexander-isak HTTP/1.1" 200 92534
147.93.145.57 - - [27/Dec/2024:05:00:52 +0100] "GET /ticket2/opencms/en/buy/?page=1&edid=53AAD1DD-DAB5-D05E-8DAD-A50F40AC9A87&sortorder=desc&column=section HTTP/1.1" 200 113059
40.77.167.78 - - [27/Dec/2024:05:00:54 +0100] "GET /ticket2/opencms/hr/magazine/article?title=bergvall-i-kulusevski-impresioniraju HTTP/1.1" 200 93721
84.247.128.30 - - [27/Dec/2024:05:00:55 +0100] "GET /ticket2/opencms/se/nl/buy/?page=1&edid=AB82714E-6963-E775-D4D6-9BFD51ADB158&sortorder=asc&column=section HTTP/1.1" 404 -
147.93.145.57 - - [27/Dec/2024:05:00:57 +0100] "GET /ticket2/opencms/en/buy/?page=1&edid=590EDDB9-B981-09D2-E0FC-F6E1B491368A&sortorder=desc&column=section HTTP/1.1" 200 113861
95.217.195.123 - - [27/Dec/2024:05:01:03 +0100] "GET /ticket2/opencms/se/sv/buy/?page=1&edid=52D78D1F-00E1-58D3-5B65-29C4005FB34E HTTP/1.1" 404 -
84.247.128.30 - - [27/Dec/2024:05:01:05 +0100] "GET /ticket2/opencms/se/nl/buy/?page=1&edid=AC293095-F943-6E2E-6AFF-DB98FBD22E45&sortorder=desc&column=price HTTP/1.1" 404 -
84.247.128.30 - - [27/Dec/2024:05:01:14 +0100] "GET /ticket2/opencms/se/nl/buy/?page=1&edid=AC3A5604-E2CE-9BA5-6BA1-8C1B13B14585&sortorder=asc&column=price HTTP/1.1" 404 -
40.77.167.48 - - [27/Dec/2024:05:01:17 +0100] "GET /ticket2/opencms/nl/magazine/article?title=newcastle HTTP/1.1" 200 88292
40.77.167.77 - - [27/Dec/2024:05:01:20 +0100] "GET /ticket2/opencms/sl/buy?page=1&edid=EFDB06D7-2C74-FECB-EDDF-C256DF642DF7 HTTP/1.1" 200 112833
95.217.195.123 - - [27/Dec/2024:05:01:20 +0100] "GET /ticket2/opencms/se/sv/buy/?page=1&edid=52EE3F5E-EA77-DDFB-0D6F-384FAF780AAF&sortorder=asc&column=price HTTP/1.1" 404 -
84.247.128.30 - - [27/Dec/2024:05:01:22 +0100] "GET /ticket2/opencms/se/nl/buy/?page=1&edid=AC3A5604-E2CE-9BA5-6BA1-8C1B13B14585&sortorder=asc&column=row HTTP/1.1" 404 -
185.191.171.19 - - [27/Dec/2024:05:01:22 +0100] "GET /ticket2/opencms/robots.txt HTTP/1.1" 200 773
85.208.96.199 - - [27/Dec/2024:05:01:23 +0100] "GET /ticket2/opencms/sv/sport/fotbollsbiljetter/uefa-champions-league/inter/ HTTP/1.1" 200 87696
185.191.171.9 - - [27/Dec/2024:05:01:30 +0100] "GET /ticket2/opencms/fi/magazine/article?title=premier-league-siirtoikkunan-mielenkiintoisimmat-siirrot HTTP/1.1" 200 94394
40.77.167.77 - - [27/Dec/2024:05:01:30 +0100] "GET /ticket2/opencms/az/buy?page=1&edid=C22D2716-46B9-B234-444B-F133D6F50067 HTTP/1.1" 200 113575
89.246.241.14 - - [27/Dec/2024:05:01:30 +0100] "GET /ticket2/opencms/en/sport/football-tickets/premier_league/arsenal HTTP/1.1" 200 93873
84.247.128.30 - - [27/Dec/2024:05:01:32 +0100] "GET /ticket2/opencms/se/nl/buy/?page=1&edid=AC3A5604-E2CE-9BA5-6BA1-8C1B13B14585&sortorder=asc&column=section HTTP/1.1" 404 -
40.77.167.16 - - [27/Dec/2024:05:01:34 +0100] "GET /ticket2/opencms/de/buy?page=1&edid=5CA6204E-B944-1C9C-2A91-E87C8D0203BC HTTP/1.1" 200 134645
101.44.25.125 - - [27/Dec/2024:05:01:36 +0100] "GET /ticket2/opencms/sk/buy?page=1&edid=3DBC817B-58FA-AA1C-2983-B86016C9BCF9 HTTP/1.1" 200 109876
95.217.195.123 - - [27/Dec/2024:05:01:37 +0100] "GET /ticket2/opencms/se/sv/buy/?page=1&edid=53202693-7DA4-5446-E3D3-0719CDDBB705 HTTP/1.1" 404 -
84.247.128.30 - - [27/Dec/2024:05:01:41 +0100] "GET /ticket2/opencms/se/nl/buy/?page=1&edid=AC6BB90E-0401-45CF-B4CA-4BA7745C02D4&sortorder=asc&column=price HTTP/1.1" 404 -
40.77.167.151 - - [27/Dec/2024:05:01:42 +0100] "GET /ticket2/opencms/uk/buy/?page=1&edid=F1EEEC67-D1C4-E916-20F3-F210A97B2C57 HTTP/1.1" 200 115052
95.217.195.123 - - [27/Dec/2024:05:01:50 +0100] "GET /ticket2/opencms/se/sv/buy/?page=1&edid=53961AD4-D55A-8918-B670-53DC1158D060 HTTP/1.1" 404 -
84.247.128.30 - - [27/Dec/2024:05:01:50 +0100] "GET /ticket2/opencms/se/nl/buy/?page=1&edid=AC6BB90E-0401-45CF-B4CA-4BA7745C02D4&sortorder=asc&column=section HTTP/1.1" 404 -
185.191.171.14 - - [27/Dec/2024:05:01:53 +0100] "GET /ticket2/opencms/nl/sport/voetbal-tickets/serie_a/cagliari/ HTTP/1.1" 200 92242
47.128.61.250 - - [27/Dec/2024:05:01:54 +0100] "GET /ticket2/opencms/el/buy/?edid=8D36CAAA-5B35-26C1-11D2-EB825155168E HTTP/1.1" 200 94359
40.77.167.33 - - [27/Dec/2024:05:01:57 +0100] "GET /ticket2/opencms/en/buy?page=1&edid=73A88563-7759-0E47-FDEF-C8A00CE04F94 HTTP/1.1" 200 120802
84.247.128.30 - - [27/Dec/2024:05:01:59 +0100] "GET /ticket2/opencms/se/nl/buy/?page=1&edid=AC6BB90E-0401-45CF-B4CA-4BA7745C02D4&sortorder=desc&column=price HTTP/1.1" 404 -
95.217.195.123 - - [27/Dec/2024:05:02:05 +0100] "GET /ticket2/opencms/se/sv/buy/?page=1&edid=53A4F60A-5020-5992-D57A-858942F437ED HTTP/1.1" 404 -
84.247.128.30 - - [27/Dec/2024:05:02:08 +0100] "GET /ticket2/opencms/se/nl/buy/?page=1&edid=AC6BB90E-0401-45CF-B4CA-4BA7745C02D4&sortorder=desc&column=section HTTP/1.1" 404 -
47.238.13.13 - - [27/Dec/2024:05:02:09 +0100] "GET /ticket2/opencms/fi/buy/?page=1&edid=44971AE9-5124-1C58-6B99-DC530ED3B88F HTTP/1.1" 200 112278
47.238.13.12 - - [27/Dec/2024:05:02:12 +0100] "GET /ticket2/opencms/no/buy/?page=1&edid=2B44308E-1778-CFAE-7385-18758823F6EB HTTP/1.1" 200 145673
185.191.171.14 - - [27/Dec/2024:05:02:17 +0100] "GET /ticket2/opencms/lt/magazine/article?title=tottenham-burnley-2024-05-11 HTTP/1.1" 200 91263
84.247.128.30 - - [27/Dec/2024:05:02:17 +0100] "GET /ticket2/opencms/se/nl/buy/?page=1&edid=ADE3597D-A6E8-88A2-2D38-4DA59DAE8129&sortorder=asc&column=price HTTP/1.1" 404 -
95.217.195.123 - - [27/Dec/2024:05:02:19 +0100] "GET /ticket2/opencms/se/sv/buy/?page=1&edid=53C82161-C24F-BE86-4DEF-D47DE690CB39 HTTP/1.1" 404 -
85.208.96.196 - - [27/Dec/2024:05:02:22 +0100] "GET /ticket2/opencms/pl/search.html HTTP/1.1" 200 96584
114.119.135.251 - - [27/Dec/2024:05:02:22 +0100] "GET /ticket2/opencms/en/venue/?venueid=08E4EC60-00C9-C497-9F21-DF811FAE4DEC HTTP/1.1" 200 84952
40.77.167.77 - - [27/Dec/2024:05:02:26 +0100] "GET /ticket2/opencms/mo/buy?page=1&edid=1DC40ECC-FC78-CDB2-9510-7E73DAAD0489 HTTP/1.1" 200 119110
84.247.128.30 - - [27/Dec/2024:05:02:27 +0100] "GET /ticket2/opencms/se/nl/buy/?page=1&edid=ADE3597D-A6E8-88A2-2D38-4DA59DAE8129&sortorder=asc&column=row HTTP/1.1" 404 -
95.217.195.123 - - [27/Dec/2024:05:02:34 +0100] "GET /ticket2/opencms/se/sv/buy/?page=1&edid=5432ED02-FAD8-0258-AF31-52B1290A487D HTTP/1.1" 404 -
84.247.128.30 - - [27/Dec/2024:05:02:36 +0100] "GET /ticket2/opencms/se/nl/buy/?page=1&edid=ADE3597D-A6E8-88A2-2D38-4DA59DAE8129&sortorder=asc&column=section HTTP/1.1" 404 -
40.77.167.151 - - [27/Dec/2024:05:02:36 +0100] "GET /ticket2/opencms/el/buy?page=1&edid=8D58C9DD-E967-B351-A76A-68EF419B5A93 HTTP/1.1" 200 135014
185.191.171.9 - - [27/Dec/2024:05:02:42 +0100] "GET /ticket2/opencms/sites/ticketbrokerage/sv/tickets/stoke/newcastle-united.html HTTP/1.1" 404 -
84.247.128.30 - - [27/Dec/2024:05:02:45 +0100] "GET /ticket2/opencms/se/nl/buy/?page=1&edid=AE07727B-E4B5-4837-EECB-5BB0C9EE24CD&sortorder=asc&column=price HTTP/1.1" 404 -
85.208.96.199 - - [27/Dec/2024:05:02:47 +0100] "GET /ticket2/opencms/dk/magazine/article?title=luka-modric-bliver-i-real-madrid HTTP/1.1" 200 93470
52.167.144.173 - - [27/Dec/2024:05:02:50 +0100] "GET /ticket2/opencms/en/buy?page=1&edid=6A7E5CA0-26D8-D651-BDF3-D4C6E67202D6 HTTP/1.1" 200 108006
84.247.128.30 - - [27/Dec/2024:05:02:55 +0100] "GET /ticket2/opencms/se/nl/buy/?page=1&edid=AE07727B-E4B5-4837-EECB-5BB0C9EE24CD&sortorder=asc&column=row HTTP/1.1" 404 -
114.119.135.171 - - [27/Dec/2024:05:02:55 +0100] "GET /ticket2/opencms/en/buy/?page=1&edid=DEB17795-4FDC-842A-0A1E-90CABF711519 HTTP/1.1" 200 111280
95.217.195.123 - - [27/Dec/2024:05:02:59 +0100] "GET /ticket2/opencms/se/sv/buy/?page=1&edid=54950AD7-3394-AE0E-65C3-BC92DCE8C2C6 HTTP/1.1" 404 -
84.247.128.30 - - [27/Dec/2024:05:03:04 +0100] "GET /ticket2/opencms/se/nl/buy/?page=1&edid=AE07727B-E4B5-4837-EECB-5BB0C9EE24CD&sortorder=asc&column=section HTTP/1.1" 404 -
84.247.128.30 - - [27/Dec/2024:05:03:14 +0100] "GET /ticket2/opencms/se/nl/buy/?page=1&edid=AE700341-92EF-84D8-A172-59721F36A768&sortorder=asc&column=price HTTP/1.1" 404 -
95.217.195.123 - - [27/Dec/2024:05:03:20 +0100] "GET /ticket2/opencms/se/sv/buy/?page=1&edid=552978CA-0B74-6ABC-8BC8-CC841112A7AE HTTP/1.1" 404 -
95.108.213.114 - - [27/Dec/2024:05:03:22 +0100] "GET /ticket2/opencms/robots.txt HTTP/1.1" 200 773
5.255.231.82 - - [27/Dec/2024:05:03:22 +0100] "GET /ticket2/opencms/fi/sell/ HTTP/1.1" 302 -
84.247.128.30 - - [27/Dec/2024:05:03:23 +0100] "GET /ticket2/opencms/se/nl/buy/?page=1&edid=AE700341-92EF-84D8-A172-59721F36A768&sortorder=asc&column=row HTTP/1.1" 404 -
213.180.203.157 - - [27/Dec/2024:05:03:24 +0100] "GET /ticket2/opencms/fi/login/?url=/fi/sell/ HTTP/1.1" 200 91481
85.208.96.204 - - [27/Dec/2024:05:03:25 +0100] "GET /ticket2/opencms/sl/magazine/article/ HTTP/1.1" 200 88654
114.119.150.49 - - [27/Dec/2024:05:03:26 +0100] "GET /ticket2/opencms/en/venue/?venueid=E0AACC64-AFF5-5004-2F13-64A84D0E8D40 HTTP/1.1" 200 85099
84.247.128.30 - - [27/Dec/2024:05:03:32 +0100] "GET /ticket2/opencms/se/nl/buy/?page=1&edid=AE700341-92EF-84D8-A172-59721F36A768&sortorder=asc&column=section HTTP/1.1" 404 -
95.217.195.123 - - [27/Dec/2024:05:03:34 +0100] "GET /ticket2/opencms/se/sv/buy/?page=1&edid=5556BA40-54E1-CC2D-85F8-AEC34D9EFF95&sortorder=desc&column=section HTTP/1.1" 404 -
114.119.133.220 - - [27/Dec/2024:05:03:36 +0100] "GET /ticket2/opencms/en/venue/?venueid=AEBDE4BB-8DCC-3391-E627-DEA59986D788 HTTP/1.1" 200 85059
84.247.128.30 - - [27/Dec/2024:05:03:41 +0100] "GET /ticket2/opencms/se/nl/buy/?page=1&edid=AE700341-92EF-84D8-A172-59721F36A768&sortorder=desc&column=price HTTP/1.1" 404 -
185.191.171.13 - - [27/Dec/2024:05:03:42 +0100] "GET /ticket2/opencms/hu/about/ HTTP/1.1" 500 -
114.119.130.61 - - [27/Dec/2024:05:03:42 +0100] "GET /ticket2/opencms/en/buy/?page=1&edid=DE88C997-F247-5EDB-AB8C-0BF21F57525F HTTP/1.1" 200 134516
216.244.66.238 - - [27/Dec/2024:05:03:47 +0100] "GET /ticket2/opencms/no/buy?page=1&edid=8D2156FC-81B7-9329-86CD-AB66F29572D0 HTTP/1.1" 200 109185
84.247.128.30 - - [27/Dec/2024:05:03:48 +0100] "GET /ticket2/opencms/se/nl/buy/?page=1&edid=AF37BFAD-6D02-A253-4372-038F6B4EF62F&sortorder=asc&column=price HTTP/1.1" 404 -
95.217.195.123 - - [27/Dec/2024:05:03:52 +0100] "GET /ticket2/opencms/se/sv/buy/?page=1&edid=556D8185-2C7D-1D55-B8E3-986EC0CA0CD9 HTTP/1.1" 404 -
84.247.128.30 - - [27/Dec/2024:05:03:58 +0100] "GET /ticket2/opencms/se/nl/buy/?page=1&edid=AF37BFAD-6D02-A253-4372-038F6B4EF62F&sortorder=asc&column=row HTTP/1.1" 404 -
199.45.155.88 - - [27/Dec/2024:05:04:03 +0100] "GET /ticket2/opencms/ HTTP/1.1" 302 -
95.217.195.123 - - [27/Dec/2024:05:04:04 +0100] "GET /ticket2/opencms/se/sv/buy/?page=1&edid=5570BE8B-F706-8367-B456-1833A283D402 HTTP/1.1" 404 -
47.128.51.219 - - [27/Dec/2024:05:04:05 +0100] "GET /ticket2/opencms/ga/ HTTP/1.1" 200 101930
84.247.128.30 - - [27/Dec/2024:05:04:06 +0100] "GET /ticket2/opencms/se/nl/buy/?page=1&edid=AF60E88C-EE77-AC95-8E7E-8A264BC7C787&sortorder=desc&column=price HTTP/1.1" 404 -
40.77.167.25 - - [27/Dec/2024:05:04:06 +0100] "GET /ticket2/opencms/pl/login/?url=/pl/sell/ HTTP/1.1" 200 91181
185.191.171.6 - - [27/Dec/2024:05:04:07 +0100] "GET /ticket2/opencms/en/magazine/article/ HTTP/1.1" 200 87286
84.247.128.30 - - [27/Dec/2024:05:04:14 +0100] "GET /ticket2/opencms/se/nl/buy/?page=1&edid=AF60E88C-EE77-AC95-8E7E-8A264BC7C787&sortorder=desc&column=row HTTP/1.1" 404 -
95.217.195.123 - - [27/Dec/2024:05:04:18 +0100] "GET /ticket2/opencms/se/sv/buy/?page=1&edid=55805FFC-BD33-C1E8-50D8-0C504762EF26 HTTP/1.1" 404 -
199.45.155.88 - - [27/Dec/2024:05:04:22 +0100] "GET /ticket2/opencms/en/ HTTP/1.1" 200 100201
84.247.128.30 - - [27/Dec/2024:05:04:22 +0100] "GET /ticket2/opencms/se/nl/buy/?page=1&edid=AF60E88C-EE77-AC95-8E7E-8A264BC7C787&sortorder=desc&column=section HTTP/1.1" 404 -
185.191.171.9 - - [27/Dec/2024:05:04:23 +0100] "GET /ticket2/opencms/sk/magazine/article?title=petas-kylian-mbappe HTTP/1.1" 200 92725
199.45.155.88 - - [27/Dec/2024:05:04:24 +0100] "GET /ticket2/opencms/img/icons/ticket2.thumbnail.png HTTP/1.1" 200 21519
185.191.171.14 - - [27/Dec/2024:05:04:25 +0100] "GET /ticket2/opencms/en/sport/football-tickets/la-liga/osasuna/ HTTP/1.1" 200 98051
199.45.155.88 - - [27/Dec/2024:05:04:27 +0100] "GET /ticket2/opencms/favicon.ico HTTP/1.1" 200 15406
85.208.96.210 - - [27/Dec/2024:05:04:29 +0100] "GET /ticket2/opencms/sv/sport/fotbollsbiljetter/uefa-champions-league/celtic/ HTTP/1.1" 200 87469
84.247.128.30 - - [27/Dec/2024:05:04:31 +0100] "GET /ticket2/opencms/se/nl/buy/?page=1&edid=AF9F1AE2-F451-F5DD-313F-0729B6F1FCD2&sortorder=asc&column=price HTTP/1.1" 404 -
185.191.171.12 - - [27/Dec/2024:05:04:33 +0100] "GET /ticket2/opencms/de/sport/fussball-tickets/bundesliga/union_berlin/ HTTP/1.1" 200 99229
95.217.195.123 - - [27/Dec/2024:05:04:34 +0100] "GET /ticket2/opencms/se/sv/buy/?page=1&edid=55805FFC-BD33-C1E8-50D8-0C504762EF26&sortorder=asc&column=section HTTP/1.1" 404 -
84.247.128.30 - - [27/Dec/2024:05:04:39 +0100] "GET /ticket2/opencms/se/nl/buy/?page=1&edid=AF9F1AE2-F451-F5DD-313F-0729B6F1FCD2&sortorder=asc&column=row HTTP/1.1" 404 -
47.128.30.53 - - [27/Dec/2024:05:04:44 +0100] "GET /ticket2/opencms/is/magazine/article?title=jurgen-klopp-yfirgefur-liverpool-saga-um-arangur-a-anfield HTTP/1.1" 200 96378
185.191.171.2 - - [27/Dec/2024:05:04:44 +0100] "GET /ticket2/opencms/dk/magazine/article?title=en-saesonsreflektion-af-manchester-united-202324 HTTP/1.1" 200 92229
95.217.195.123 - - [27/Dec/2024:05:04:48 +0100] "GET /ticket2/opencms/se/sv/buy/?page=1&edid=55EB0E82-A00F-A3D2-EC92-281F6ED492E2 HTTP/1.1" 404 -
84.247.128.30 - - [27/Dec/2024:05:04:49 +0100] "GET /ticket2/opencms/se/nl/buy/?page=1&edid=B036B05F-F56C-8A57-ADED-A4E3C6B4E1C2&sortorder=asc&column=price HTTP/1.1" 404 -
47.128.19.173 - - [27/Dec/2024:05:04:55 +0100] "GET /ticket2/opencms/az/?comcatid=B41CCF2B-5558-7AEE-3602-09BBDE417D65 HTTP/1.1" 200 101958
84.247.128.30 - - [27/Dec/2024:05:04:57 +0100] "GET /ticket2/opencms/se/nl/buy/?page=1&edid=B061022F-B1C8-FCC7-F975-BBF7352866CD&sortorder=asc&column=price HTTP/1.1" 404 -
95.217.195.123 - - [27/Dec/2024:05:05:01 +0100] "GET /ticket2/opencms/se/sv/buy/?page=1&edid=55EEFA62-67EA-E95F-8964-BB35CEC0BB89 HTTP/1.1" 404 -
124.243.137.0 - - [27/Dec/2024:05:05:05 +0100] "GET /ticket2/opencms/no/buy/?page=1&edid=C64002B7-B7A3-A646-1770-7E79C914EDA5 HTTP/1.1" 200 135916
84.247.128.30 - - [27/Dec/2024:05:05:06 +0100] "GET /ticket2/opencms/se/nl/buy/?page=1&edid=B061022F-B1C8-FCC7-F975-BBF7352866CD&sortorder=asc&column=row HTTP/1.1" 404 -
47.238.13.9 - - [27/Dec/2024:05:05:07 +0100] "GET /ticket2/opencms/fr/buy?page=1&edid=74EFCA32-6815-FF4B-4089-5178E45F69AE HTTP/1.1" 200 112743
185.191.171.4 - - [27/Dec/2024:05:05:09 +0100] "GET /ticket2/opencms/nl/sport/voetbal-tickets/premier_league/sheffield/ HTTP/1.1" 200 86526
185.191.171.14 - - [27/Dec/2024:05:05:10 +0100] "GET /ticket2/opencms/en/magazine/article?title=villa-park-with-a-capacity-of-over-42000-spectators HTTP/1.1" 200 90145
185.191.171.16 - - [27/Dec/2024:05:05:12 +0100] "GET /ticket2/opencms/es/deporte/entradas-futbol/bundesliga/werder-bremen/ HTTP/1.1" 200 103050
95.217.195.123 - - [27/Dec/2024:05:05:13 +0100] "GET /ticket2/opencms/se/sv/buy/?page=1&edid=560355BE-553B-AB98-451F-EC9A2DCE49FC HTTP/1.1" 404 -
84.247.128.30 - - [27/Dec/2024:05:05:15 +0100] "GET /ticket2/opencms/se/nl/buy/?page=1&edid=B061022F-B1C8-FCC7-F975-BBF7352866CD&sortorder=desc&column=price HTTP/1.1" 404 -
85.208.96.197 - - [27/Dec/2024:05:05:17 +0100] "GET /ticket2/opencms/no/sport/fotballsbilletter/bundesliga/hoffenheim/ HTTP/1.1" 200 99471
84.247.128.30 - - [27/Dec/2024:05:05:23 +0100] "GET /ticket2/opencms/se/nl/buy/?page=1&edid=B061022F-B1C8-FCC7-F975-BBF7352866CD&sortorder=desc&column=section HTTP/1.1" 404 -
95.217.195.123 - - [27/Dec/2024:05:05:25 +0100] "GET /ticket2/opencms/se/sv/buy/?page=1&edid=5640FAB9-24F8-EBAE-85B5-70F8CD8DA0D7 HTTP/1.1" 404 -
84.247.128.30 - - [27/Dec/2024:05:05:31 +0100] "GET /ticket2/opencms/se/nl/buy/?page=1&edid=B18027D6-B45A-F7C3-86D8-199E36269DA4&sortorder=asc&column=price HTTP/1.1" 404 -
95.217.195.123 - - [27/Dec/2024:05:05:34 +0100] "GET /ticket2/opencms/se/sv/buy/?page=1&edid=5647760F-A0DA-AD1C-F78B-224CBE1725F9 HTTP/1.1" 404 -
84.247.128.30 - - [27/Dec/2024:05:05:40 +0100] "GET /ticket2/opencms/se/nl/buy/?page=1&edid=B18027D6-B45A-F7C3-86D8-199E36269DA4&sortorder=asc&column=row HTTP/1.1" 404 -
95.217.195.123 - - [27/Dec/2024:05:05:44 +0100] "GET /ticket2/opencms/se/sv/buy/?page=1&edid=5647760F-A0DA-AD1C-F78B-224CBE1725F9&sortorder=desc&column=row HTTP/1.1" 404 -
114.119.154.13 - - [27/Dec/2024:05:05:45 +0100] "GET /ticket2/opencms/en/buy/?page=1&edid=9F997AA4-4C9A-B0F5-45AE-3426BA42C8D8 HTTP/1.1" 200 111011
84.247.128.30 - - [27/Dec/2024:05:05:48 +0100] "GET /ticket2/opencms/se/nl/buy/?page=1&edid=B334488E-0BD0-F2EF-5B74-0601239F07DD&sortorder=asc&column=price HTTP/1.1" 404 -
