85.208.96.211 - - [27/Dec/2024:05:05:49 +0100] "GET /ticket2/opencms/no/sport/fotballsbilletter/serie_a/empoli/ HTTP/1.1" 200 93523
84.247.128.30 - - [27/Dec/2024:05:05:56 +0100] "GET /ticket2/opencms/se/nl/buy/?page=1&edid=B3E810E8-D051-B949-4289-ACAD08512B5A&sortorder=asc&column=row HTTP/1.1" 404 -
95.217.195.123 - - [27/Dec/2024:05:05:59 +0100] "GET /ticket2/opencms/se/sv/buy/?page=1&edid=564F2B0C-F95B-CA0E-9D46-14A08618FD78 HTTP/1.1" 404 -
40.77.167.156 - - [27/Dec/2024:05:06:01 +0100] "GET /ticket2/opencms/nl/magazine/article?title=analyse-zo-veel-zijn-de-ticketprijzen-van-de-premier-league-gestegen-liverpool-en-arsenal-zijn-het-duurst HTTP/1.1" 200 98212
216.244.66.238 - - [27/Dec/2024:05:06:02 +0100] "GET /ticket2/opencms/sk/buy?page=1&edid=24A0474C-0E94-45BE-FC4D-B791EA0F3040 HTTP/1.1" 200 112529
84.247.128.30 - - [27/Dec/2024:05:06:05 +0100] "GET /ticket2/opencms/se/nl/buy/?page=1&edid=B3E810E8-D051-B949-4289-ACAD08512B5A&sortorder=asc&column=section HTTP/1.1" 404 -
185.191.171.5 - - [27/Dec/2024:05:06:09 +0100] "GET /ticket2/opencms/nl/magazine/article?title=tweede-plaats-tweede-jaar-op-rij HTTP/1.1" 200 86550
95.217.195.123 - - [27/Dec/2024:05:06:12 +0100] "GET /ticket2/opencms/se/sv/buy/?page=1&edid=5694EC6E-8F45-E662-BB18-079F1DC3144E HTTP/1.1" 404 -
84.247.128.30 - - [27/Dec/2024:05:06:13 +0100] "GET /ticket2/opencms/se/nl/buy/?page=1&edid=B49CE6E5-EC60-73D6-9A52-E6FBCFDB807B&sortorder=desc&column=price HTTP/1.1" 404 -
216.244.66.238 - - [27/Dec/2024:05:06:14 +0100] "GET /ticket2/opencms/tr/buy?page=1&edid=CEF56D0C-4B94-D435-302E-2275000FA9AD HTTP/1.1" 200 113343
89.246.241.14 - - [27/Dec/2024:05:06:18 +0100] "GET /ticket2/opencms/en/buy?page=1&edid=D11D82D4-28DA-1768-D317-EF521A2F97E6 HTTP/1.1" 200 141546
84.247.128.30 - - [27/Dec/2024:05:06:21 +0100] "GET /ticket2/opencms/se/nl/buy/?page=1&edid=B49CE6E5-EC60-73D6-9A52-E6FBCFDB807B&sortorder=desc&column=row HTTP/1.1" 404 -
95.217.195.123 - - [27/Dec/2024:05:06:26 +0100] "GET /ticket2/opencms/se/sv/buy/?page=1&edid=56B6B6E6-C7E2-379B-D9F5-F289D890A616 HTTP/1.1" 404 -
84.247.128.30 - - [27/Dec/2024:05:06:29 +0100] "GET /ticket2/opencms/se/nl/buy/?page=1&edid=B49CE6E5-EC60-73D6-9A52-E6FBCFDB807B&sortorder=desc&column=section HTTP/1.1" 404 -
185.191.171.2 - - [27/Dec/2024:05:06:33 +0100] "GET /ticket2/opencms/it/magazine/article?title=lelenco-dei-nominati-al-pallone-doro HTTP/1.1" 200 94375
185.191.171.5 - - [27/Dec/2024:05:06:34 +0100] "GET /ticket2/opencms/no/sport/fotballsbilletter/champions_league/ HTTP/1.1" 200 92795
85.208.96.199 - - [27/Dec/2024:05:06:36 +0100] "GET /ticket2/opencms/mo/magazine/article?title=hugo-larsson-20 HTTP/1.1" 200 96748
84.247.128.30 - - [27/Dec/2024:05:06:36 +0100] "GET /ticket2/opencms/se/nl/buy/?page=1&edid=B5211789-0D4D-2458-1D03-C15B64A16571&sortorder=asc&column=price HTTP/1.1" 404 -
95.217.195.123 - - [27/Dec/2024:05:06:37 +0100] "GET /ticket2/opencms/se/sv/buy/?page=1&edid=56EB48DE-C920-96AE-7A9D-852BD8A1A365 HTTP/1.1" 404 -
84.247.128.30 - - [27/Dec/2024:05:06:44 +0100] "GET /ticket2/opencms/se/nl/buy/?page=1&edid=B5211789-0D4D-2458-1D03-C15B64A16571&sortorder=asc&column=row HTTP/1.1" 404 -
95.217.195.123 - - [27/Dec/2024:05:06:45 +0100] "GET /ticket2/opencms/se/sv/buy/?page=1&edid=57072AE9-079B-ACB3-B3CD-D3AC948AC064 HTTP/1.1" 404 -
84.247.128.30 - - [27/Dec/2024:05:06:52 +0100] "GET /ticket2/opencms/se/nl/buy/?page=1&edid=B5211789-0D4D-2458-1D03-C15B64A16571&sortorder=asc&column=section HTTP/1.1" 404 -
185.191.171.5 - - [27/Dec/2024:05:06:54 +0100] "GET /ticket2/opencms/dk/magazine/article?title=kampprogram-for-premier-league-premier-league-kampprogram-20242025 HTTP/1.1" 200 91477
95.217.195.123 - - [27/Dec/2024:05:06:56 +0100] "GET /ticket2/opencms/se/sv/buy/?page=1&edid=574A97A1-436C-7447-9CE6-CF4F5316C15F HTTP/1.1" 404 -
85.208.96.209 - - [27/Dec/2024:05:07:00 +0100] "GET /ticket2/opencms/dk/magazine/article?title=luton HTTP/1.1" 200 90978
84.247.128.30 - - [27/Dec/2024:05:07:01 +0100] "GET /ticket2/opencms/se/nl/buy/?page=1&edid=B5867527-E4E8-2B72-A634-6B0BB4ADFC64&sortorder=asc&column=price HTTP/1.1" 404 -
114.119.130.210 - - [27/Dec/2024:05:07:02 +0100] "GET /ticket2/opencms/en/buy/?page=1&edid=BD5ED709-E550-ECCC-FE1D-2E85747011DF HTTP/1.1" 200 118014
84.247.128.30 - - [27/Dec/2024:05:07:09 +0100] "GET /ticket2/opencms/se/nl/buy/?page=1&edid=B5867527-E4E8-2B72-A634-6B0BB4ADFC64&sortorder=asc&column=row HTTP/1.1" 404 -
95.217.195.123 - - [27/Dec/2024:05:07:11 +0100] "GET /ticket2/opencms/se/sv/buy/?page=1&edid=584367C6-C982-1D87-F86D-1201BC650E10 HTTP/1.1" 404 -
85.208.96.205 - - [27/Dec/2024:05:07:13 +0100] "GET /ticket2/opencms/pl/standard/ HTTP/1.1" 500 -
84.247.128.30 - - [27/Dec/2024:05:07:16 +0100] "GET /ticket2/opencms/se/nl/buy/?page=1&edid=B5867527-E4E8-2B72-A634-6B0BB4ADFC64&sortorder=asc&column=section HTTP/1.1" 404 -
114.119.130.178 - - [27/Dec/2024:05:07:17 +0100] "GET /ticket2/opencms/en/venue/?countryid=DBAF1CDD-BB02-B386-3F1A-E606C2F733BC HTTP/1.1" 200 116128
84.247.128.30 - - [27/Dec/2024:05:07:24 +0100] "GET /ticket2/opencms/se/nl/buy/?page=1&edid=B5E1DBCF-60C9-6B74-2BC5-D9DD921875AF&sortorder=asc&column=price HTTP/1.1" 404 -
85.208.96.199 - - [27/Dec/2024:05:07:28 +0100] "GET /ticket2/opencms/fi/magazine/article?title=bournemouth HTTP/1.1" 200 93166
84.247.128.30 - - [27/Dec/2024:05:07:32 +0100] "GET /ticket2/opencms/se/nl/buy/?page=1&edid=B5E1DBCF-60C9-6B74-2BC5-D9DD921875AF&sortorder=asc&column=row HTTP/1.1" 404 -
95.217.195.123 - - [27/Dec/2024:05:07:35 +0100] "GET /ticket2/opencms/se/sv/buy/?page=1&edid=584367C6-C982-1D87-F86D-1201BC650E10&sortorder=desc&column=section HTTP/1.1" 404 -
84.247.128.30 - - [27/Dec/2024:05:07:39 +0100] "GET /ticket2/opencms/se/nl/buy/?page=1&edid=B5E1DBCF-60C9-6B74-2BC5-D9DD921875AF&sortorder=asc&column=section HTTP/1.1" 404 -
185.191.171.14 - - [27/Dec/2024:05:07:41 +0100] "GET /ticket2/opencms/robots.txt HTTP/1.1" 200 773
85.208.96.202 - - [27/Dec/2024:05:07:42 +0100] "GET /ticket2/opencms/sv/sport/fotbollsbiljetter/la_liga/celta_vigo/ HTTP/1.1" 200 98974
47.128.45.66 - - [27/Dec/2024:05:07:42 +0100] "GET /ticket2/opencms/mo/buy/?edid=D774E566-37EE-86F6-1D9C-096C682D965E HTTP/1.1" 200 92417
85.208.96.200 - - [27/Dec/2024:05:07:43 +0100] "GET /ticket2/opencms/fr/magazine/article?title=chelsea-contre-tottenham-2-0 HTTP/1.1" 200 94671
84.247.128.30 - - [27/Dec/2024:05:07:47 +0100] "GET /ticket2/opencms/se/nl/buy/?page=1&edid=B6050510-A7B0-D4AA-D6C4-46512FF856F1&sortorder=asc&column=price HTTP/1.1" 404 -
95.217.195.123 - - [27/Dec/2024:05:07:49 +0100] "GET /ticket2/opencms/se/sv/buy/?page=1&edid=58535046-72BE-3CE1-BB9E-910DEDB611D2 HTTP/1.1" 404 -
40.77.167.16 - - [27/Dec/2024:05:07:50 +0100] "GET /ticket2/opencms/uk/buy/?page=1&edid=8E8E9404-172C-6C57-7F68-EAFC3F95D1AC HTTP/1.1" 200 139728
84.247.128.30 - - [27/Dec/2024:05:07:54 +0100] "GET /ticket2/opencms/se/nl/buy/?page=1&edid=B6050510-A7B0-D4AA-D6C4-46512FF856F1&sortorder=asc&column=section HTTP/1.1" 404 -
85.208.96.193 - - [27/Dec/2024:05:07:57 +0100] "GET /ticket2/opencms/sv/sport/hockeybiljetter/nhl/ottawa-senators/ HTTP/1.1" 200 88085
47.128.56.213 - - [27/Dec/2024:05:08:00 +0100] "GET /ticket2/opencms/ro/buy/?catid=C48671DB-5AEB-8CE2-928E-38417FFBE085&comcatid=A17713B6-D984-201A-4143-ED4DB5ED5C2E HTTP/1.1" 200 6410
52.167.144.157 - - [27/Dec/2024:05:08:01 +0100] "GET /ticket2/opencms/ga/buy?page=1&edid=80FE665C-27C4-7FE0-7238-5FC906A2C819 HTTP/1.1" 200 114216
185.191.171.16 - - [27/Dec/2024:05:08:02 +0100] "GET /ticket2/opencms/fr/sport/billets-football/serie_a/empoli/ HTTP/1.1" 200 96352
84.247.128.30 - - [27/Dec/2024:05:08:02 +0100] "GET /ticket2/opencms/se/nl/buy/?page=1&edid=B6212AD0-3917-4B87-D77E-0A47DAD0A500&sortorder=asc&column=price HTTP/1.1" 404 -
95.217.195.123 - - [27/Dec/2024:05:08:03 +0100] "GET /ticket2/opencms/se/sv/buy/?page=1&edid=589642D0-11F2-5FB7-4A4A-B45CE0E4D872 HTTP/1.1" 404 -
84.247.128.30 - - [27/Dec/2024:05:08:10 +0100] "GET /ticket2/opencms/se/nl/buy/?page=1&edid=B6212AD0-3917-4B87-D77E-0A47DAD0A500&sortorder=asc&column=row HTTP/1.1" 404 -
95.217.195.123 - - [27/Dec/2024:05:08:13 +0100] "GET /ticket2/opencms/se/sv/buy/?page=1&edid=58B05E92-0C34-F60E-3064-4FAE534AF308 HTTP/1.1" 404 -
40.77.167.16 - - [27/Dec/2024:05:08:15 +0100] "GET /ticket2/opencms/dk/?page=6&comcatid=A17713B6-D984-201A-4143-ED4DB5ED5C2E&catid=D8B345C9-F7A5-E620-4B43-C34EB0D6885B HTTP/1.1" 200 100643
84.247.128.30 - - [27/Dec/2024:05:08:17 +0100] "GET /ticket2/opencms/se/nl/buy/?page=1&edid=B6212AD0-3917-4B87-D77E-0A47DAD0A500&sortorder=asc&column=section HTTP/1.1" 404 -
114.119.159.129 - - [27/Dec/2024:05:08:20 +0100] "GET /ticket2/opencms/en/venue/?venueid=C81AD7E5-8D0C-B7E1-63A6-C15C2A1202E2 HTTP/1.1" 200 85074
95.217.195.123 - - [27/Dec/2024:05:08:23 +0100] "GET /ticket2/opencms/se/sv/buy/?page=1&edid=595A5267-76E6-43B6-97D1-91251A31FEA6 HTTP/1.1" 404 -
85.208.96.211 - - [27/Dec/2024:05:08:23 +0100] "GET /ticket2/opencms/de/magazine/ HTTP/1.1" 200 157402
84.247.128.30 - - [27/Dec/2024:05:08:25 +0100] "GET /ticket2/opencms/se/nl/buy/?page=1&edid=B6233164-B09D-2F93-ABBA-AC58AB9CD4E2&sortorder=asc&column=row HTTP/1.1" 404 -
95.217.195.123 - - [27/Dec/2024:05:08:32 +0100] "GET /ticket2/opencms/se/sv/buy/?page=1&edid=595A5267-76E6-43B6-97D1-91251A31FEA6&sortorder=desc&column=price HTTP/1.1" 404 -
84.247.128.30 - - [27/Dec/2024:05:08:33 +0100] "GET /ticket2/opencms/se/nl/buy/?page=1&edid=B6C307FF-9F98-CF26-05DA-F53F99E1E2A8&sortorder=asc&column=price HTTP/1.1" 404 -
114.119.131.180 - - [27/Dec/2024:05:08:35 +0100] "GET /ticket2/opencms/en/buy/?comcatid=A17713B6-D984-201A-4143-ED4DB5ED5C2E&catid=82F804FA-9F69-CB6B-D41D-7BF7C716058B HTTP/1.1" 200 6410
69.171.249.5 - - [27/Dec/2024:05:08:36 +0100] "GET /ticket2/opencms/sl/magazine/article?title=razpored-tekem-za-premier-league-premier-league-fixtures-20242025 HTTP/1.1" 200 92247
114.119.141.34 - - [27/Dec/2024:05:08:38 +0100] "GET /ticket2/opencms/en/venue/?venueid=E9F5770B-3667-B4E4-5868-1FB30676C8DC HTTP/1.1" 200 84955
84.247.128.30 - - [27/Dec/2024:05:08:40 +0100] "GET /ticket2/opencms/se/nl/buy/?page=1&edid=B6C307FF-9F98-CF26-05DA-F53F99E1E2A8&sortorder=asc&column=section HTTP/1.1" 404 -
95.217.195.123 - - [27/Dec/2024:05:08:41 +0100] "GET /ticket2/opencms/se/sv/buy/?page=1&edid=59DA87F2-EE95-E19A-38B5-F05EF4C6E9CD HTTP/1.1" 404 -
185.191.171.3 - - [27/Dec/2024:05:08:43 +0100] "GET /ticket2/opencms/hu/sport/focijegyek/champions-league/shakhtar-donetsk/ HTTP/1.1" 200 97622
47.128.116.185 - - [27/Dec/2024:05:08:44 +0100] "GET /ticket2/opencms/fi/venue/?venueid=01A0ADB8-E909-7B52-7382-807C1E2FCC75 HTTP/1.1" 200 86487
185.147.125.24 - - [27/Dec/2024:05:08:46 +0100] "GET /ticket2/opencms/de/ HTTP/1.0" 200 101230
185.147.125.24 - - [27/Dec/2024:05:08:47 +0100] "GET /ticket2/opencms/de/about/contact HTTP/1.0" 200 88627
84.247.128.30 - - [27/Dec/2024:05:08:48 +0100] "GET /ticket2/opencms/se/nl/buy/?page=1&edid=B6C307FF-9F98-CF26-05DA-F53F99E1E2A8&sortorder=desc&column=price HTTP/1.1" 404 -
185.147.125.24 - - [27/Dec/2024:05:08:48 +0100] "GET /ticket2/opencms/de/about/contact/ HTTP/1.0" 200 88573
95.217.195.123 - - [27/Dec/2024:05:08:51 +0100] "GET /ticket2/opencms/se/sv/buy/?page=1&edid=59F0DE00-1B53-7658-FC68-FAEBC9123383 HTTP/1.1" 404 -
84.247.128.30 - - [27/Dec/2024:05:08:55 +0100] "GET /ticket2/opencms/se/nl/buy/?page=1&edid=B6C307FF-9F98-CF26-05DA-F53F99E1E2A8&sortorder=desc&column=section HTTP/1.1" 404 -
188.149.109.184 - - [27/Dec/2024:05:08:55 +0100] "GET /ticket2/opencms/sv/sport/fotbollsbiljetter/premier_league/?gad_source=1&gbraid=0AAAAADlS-t_P2uoe8QtLBmHex0SRCgn11&gclid=CjwKCAiAmrS7BhBJEiwAei59i5wuJHjT9RXrtx9T7ZO5S4fY49iX9ub9CFKvEb_FVSpL5c45Kcb-ZBoCWCkQAvD_BwE HTTP/1.1" 200 97800
188.149.109.184 - - [27/Dec/2024:05:08:56 +0100] "GET /ticket2/opencms/img/insta.png HTTP/1.1" 200 3967
188.149.109.184 - - [27/Dec/2024:05:08:56 +0100] "GET /ticket2/opencms/system/modules/com.gridnine.opencms.ticketbrokerage.site/resources/pics/logo-new.png HTTP/1.1" 200 13541
188.149.109.184 - - [27/Dec/2024:05:08:56 +0100] "GET /ticket2/opencms/system/modules/com.gridnine.opencms.ticketbrokerage.site/resources/js/calendar-setup.js HTTP/1.1" 200 4923
188.149.109.184 - - [27/Dec/2024:05:08:56 +0100] "GET /ticket2/opencms/system/modules/com.gridnine.opencms.ticketbrokerage.site/resources/js/functions.js HTTP/1.1" 200 1583
188.149.109.184 - - [27/Dec/2024:05:08:56 +0100] "GET /ticket2/opencms/system/modules/com.gridnine.opencms.ticketbrokerage.site/resources/css/calendar.css HTTP/1.1" 200 6871
188.149.109.184 - - [27/Dec/2024:05:08:56 +0100] "GET /ticket2/opencms/system/modules/com.gridnine.opencms.ticketbrokerage.site/resources/js/standard.js HTTP/1.1" 200 3978
188.149.109.184 - - [27/Dec/2024:05:08:56 +0100] "GET /ticket2/opencms/system/modules/com.gridnine.opencms.ticketbrokerage.site/resources/js/calendar.js HTTP/1.1" 200 49229
188.149.109.184 - - [27/Dec/2024:05:08:56 +0100] "GET /ticket2/opencms/system/modules/com.gridnine.opencms.ticketbrokerage.site/resources/css/ticketbrokerage.css HTTP/1.1" 200 39339
188.149.109.184 - - [27/Dec/2024:05:08:56 +0100] "GET /ticket2/opencms/system/modules/com.gridnine.opencms.ticketbrokerage.site/resources/css/standard.css HTTP/1.1" 200 73081
188.149.109.184 - - [27/Dec/2024:05:08:56 +0100] "GET /ticket2/opencms/img/icons/se.png HTTP/1.1" 200 1258
188.149.109.184 - - [27/Dec/2024:05:08:56 +0100] "GET /ticket2/opencms/system/modules/com.gridnine.opencms.ticketbrokerage.site/resources/js/calendar-en.js HTTP/1.1" 200 3338
188.149.109.184 - - [27/Dec/2024:05:08:56 +0100] "GET /ticket2/opencms/img/fb.png HTTP/1.1" 200 1269
188.149.109.184 - - [27/Dec/2024:05:08:56 +0100] "GET /ticket2/opencms/img/icons/no.png HTTP/1.1" 200 1958
188.149.109.184 - - [27/Dec/2024:05:08:56 +0100] "GET /ticket2/opencms/system/modules/com.gridnine.opencms.ticketbrokerage.site/resources/pics/footer-img.jpg HTTP/1.1" 200 67642
188.149.109.184 - - [27/Dec/2024:05:08:56 +0100] "GET /ticket2/opencms/system/modules/com.gridnine.opencms.ticketbrokerage.site/resources/pics/banners/sv/premier_league_sv.png HTTP/1.1" 200 13518
188.149.109.184 - - [27/Dec/2024:05:08:56 +0100] "GET /ticket2/opencms/img/icons/globe-white.png HTTP/1.1" 200 947
188.149.109.184 - - [27/Dec/2024:05:08:56 +0100] "GET /ticket2/opencms/img/icons/en.png HTTP/1.1" 200 2415
188.149.109.184 - - [27/Dec/2024:05:08:56 +0100] "GET /ticket2/opencms/img/check.png HTTP/1.1" 200 548
188.149.109.184 - - [27/Dec/2024:05:08:56 +0100] "GET /ticket2/opencms/img/icons/fi.png HTTP/1.1" 200 1785
188.149.109.184 - - [27/Dec/2024:05:08:56 +0100] "GET /ticket2/opencms/img/mail.png HTTP/1.1" 200 403
188.149.109.184 - - [27/Dec/2024:05:08:56 +0100] "GET /ticket2/opencms/img/icons/dk.png HTTP/1.1" 200 1706
188.149.109.184 - - [27/Dec/2024:05:08:56 +0100] "GET /ticket2/opencms/img/chat.png HTTP/1.1" 200 416
188.149.109.184 - - [27/Dec/2024:05:08:56 +0100] "GET /ticket2/opencms/img/arrow.png HTTP/1.1" 200 753
188.149.109.184 - - [27/Dec/2024:05:08:56 +0100] "GET /ticket2/opencms/img/icons/nl.png HTTP/1.1" 200 1255
188.149.109.184 - - [27/Dec/2024:05:08:56 +0100] "GET /ticket2/opencms/img/icons/de.png HTTP/1.1" 200 1124
188.149.109.184 - - [27/Dec/2024:05:08:56 +0100] "GET /ticket2/opencms/img/icons/es.png HTTP/1.1" 200 1005
188.149.109.184 - - [27/Dec/2024:05:08:56 +0100] "GET /ticket2/opencms/img/icons/fr.png HTTP/1.1" 200 1764
188.149.109.184 - - [27/Dec/2024:05:08:56 +0100] "GET /ticket2/opencms/img/icons/it.png HTTP/1.1" 200 2040
188.149.109.184 - - [27/Dec/2024:05:08:56 +0100] "GET /ticket2/opencms/img/icons/pl.png HTTP/1.1" 200 1578
188.149.109.184 - - [27/Dec/2024:05:08:56 +0100] "GET /ticket2/opencms/img/icons/sq.png HTTP/1.1" 200 1619
188.149.109.184 - - [27/Dec/2024:05:08:56 +0100] "GET /ticket2/opencms/img/icons/az.png HTTP/1.1" 200 1445
188.149.109.184 - - [27/Dec/2024:05:08:56 +0100] "GET /ticket2/opencms/img/icons/be.png HTTP/1.1" 200 1663
188.149.109.184 - - [27/Dec/2024:05:08:56 +0100] "GET /ticket2/opencms/img/icons/bs.png HTTP/1.1" 200 1014
188.149.109.184 - - [27/Dec/2024:05:08:56 +0100] "GET /ticket2/opencms/img/icons/bg.png HTTP/1.1" 200 788
188.149.109.184 - - [27/Dec/2024:05:08:56 +0100] "GET /ticket2/opencms/img/icons/hr.png HTTP/1.1" 200 2024
188.149.109.184 - - [27/Dec/2024:05:08:56 +0100] "GET /ticket2/opencms/img/icons/et.png HTTP/1.1" 200 754
188.149.109.184 - - [27/Dec/2024:05:08:56 +0100] "GET /ticket2/opencms/img/icons/cs.png HTTP/1.1" 200 1883
188.149.109.184 - - [27/Dec/2024:05:08:56 +0100] "GET /ticket2/opencms/img/icons/el.png HTTP/1.1" 200 1637
188.149.109.184 - - [27/Dec/2024:05:08:56 +0100] "GET /ticket2/opencms/img/icons/ka.png HTTP/1.1" 200 860
188.149.109.184 - - [27/Dec/2024:05:08:56 +0100] "GET /ticket2/opencms/img/icons/hu.png HTTP/1.1" 200 733
188.149.109.184 - - [27/Dec/2024:05:08:56 +0100] "GET /ticket2/opencms/img/icons/is.png HTTP/1.1" 200 1884
188.149.109.184 - - [27/Dec/2024:05:08:56 +0100] "GET /ticket2/opencms/img/icons/ga.png HTTP/1.1" 200 1759
188.149.109.184 - - [27/Dec/2024:05:08:56 +0100] "GET /ticket2/opencms/img/icons/lv.png HTTP/1.1" 200 716
188.149.109.184 - - [27/Dec/2024:05:08:56 +0100] "GET /ticket2/opencms/img/icons/lt.png HTTP/1.1" 200 733
188.149.109.184 - - [27/Dec/2024:05:08:56 +0100] "GET /ticket2/opencms/img/icons/mt.png HTTP/1.1" 200 920
188.149.109.184 - - [27/Dec/2024:05:08:56 +0100] "GET /ticket2/opencms/img/icons/sl.png HTTP/1.1" 200 966
188.149.109.184 - - [27/Dec/2024:05:08:56 +0100] "GET /ticket2/opencms/img/icons/uk.png HTTP/1.1" 200 1272
188.149.109.184 - - [27/Dec/2024:05:08:56 +0100] "GET /ticket2/opencms/img/icons/tr.png HTTP/1.1" 200 1636
188.149.109.184 - - [27/Dec/2024:05:08:56 +0100] "GET /ticket2/opencms/img/icons/mo.png HTTP/1.1" 200 1468
188.149.109.184 - - [27/Dec/2024:05:08:56 +0100] "GET /ticket2/opencms/img/icons/sk.png HTTP/1.1" 200 1283
188.149.109.184 - - [27/Dec/2024:05:08:56 +0100] "GET /ticket2/opencms/img/icons/ro.png HTTP/1.1" 200 1393
188.149.109.184 - - [27/Dec/2024:05:08:56 +0100] "GET /ticket2/opencms/img/icons/sr.png HTTP/1.1" 200 1602
188.149.109.184 - - [27/Dec/2024:05:08:56 +0100] "GET /ticket2/opencms/system/modules/com.gridnine.opencms.ticketbrokerage.site/resources/js/standard.js HTTP/1.1" 200 3978
188.149.109.184 - - [27/Dec/2024:05:08:56 +0100] "GET /ticket2/opencms/img/icons/ticket2.thumbnail.png HTTP/1.1" 200 21519
170.81.228.155 - - [27/Dec/2024:05:08:59 +0100] "GET /ticket2/opencms/img/shutterstock_1559114345.jpg HTTP/1.1" 200 1583836
95.217.195.123 - - [27/Dec/2024:05:09:02 +0100] "GET /ticket2/opencms/se/sv/buy/?page=1&edid=5A2DFBF4-8470-A6C2-2249-BF19FA14C619 HTTP/1.1" 404 -
185.191.171.10 - - [27/Dec/2024:05:09:02 +0100] "GET /ticket2/opencms/no/magazine/article?title=aston-villa-en-av-de-eldste-klubbene-i-premier-league HTTP/1.1" 200 93613
84.247.128.30 - - [27/Dec/2024:05:09:02 +0100] "GET /ticket2/opencms/se/nl/buy/?page=1&edid=B6E3C425-FB2A-FD4B-B6C3-0A511B8AB798&sortorder=asc&column=price HTTP/1.1" 404 -
85.208.96.206 - - [27/Dec/2024:05:09:06 +0100] "GET /ticket2/opencms/sr/magazine/article?title=finale-ep-2024 HTTP/1.1" 200 94123
188.149.109.184 - - [27/Dec/2024:05:09:08 +0100] "GET /ticket2/opencms/sv/sport/fotbollsbiljetter/premier_league/ HTTP/1.1" 200 97736
188.149.109.184 - - [27/Dec/2024:05:09:08 +0100] "GET /ticket2/opencms/system/modules/com.gridnine.opencms.ticketbrokerage.site/resources/css/ticketbrokerage.css HTTP/1.1" 200 39339
188.149.109.184 - - [27/Dec/2024:05:09:08 +0100] "GET /ticket2/opencms/system/modules/com.gridnine.opencms.ticketbrokerage.site/resources/css/calendar.css HTTP/1.1" 200 6871
188.149.109.184 - - [27/Dec/2024:05:09:08 +0100] "GET /ticket2/opencms/system/modules/com.gridnine.opencms.ticketbrokerage.site/resources/js/calendar-en.js HTTP/1.1" 200 3338
188.149.109.184 - - [27/Dec/2024:05:09:08 +0100] "GET /ticket2/opencms/system/modules/com.gridnine.opencms.ticketbrokerage.site/resources/js/standard.js HTTP/1.1" 200 3978
188.149.109.184 - - [27/Dec/2024:05:09:08 +0100] "GET /ticket2/opencms/system/modules/com.gridnine.opencms.ticketbrokerage.site/resources/js/calendar.js HTTP/1.1" 200 49229
188.149.109.184 - - [27/Dec/2024:05:09:08 +0100] "GET /ticket2/opencms/system/modules/com.gridnine.opencms.ticketbrokerage.site/resources/js/functions.js HTTP/1.1" 200 1583
188.149.109.184 - - [27/Dec/2024:05:09:08 +0100] "GET /ticket2/opencms/system/modules/com.gridnine.opencms.ticketbrokerage.site/resources/css/standard.css HTTP/1.1" 200 73081
188.149.109.184 - - [27/Dec/2024:05:09:08 +0100] "GET /ticket2/opencms/system/modules/com.gridnine.opencms.ticketbrokerage.site/resources/js/calendar-setup.js HTTP/1.1" 200 4923
95.217.195.123 - - [27/Dec/2024:05:09:10 +0100] "GET /ticket2/opencms/se/sv/buy/?page=1&edid=5A2DFBF4-8470-A6C2-2249-BF19FA14C619&sortorder=desc&column=price HTTP/1.1" 404 -
84.247.128.30 - - [27/Dec/2024:05:09:10 +0100] "GET /ticket2/opencms/se/nl/buy/?page=1&edid=B6E3C425-FB2A-FD4B-B6C3-0A511B8AB798&sortorder=asc&column=section HTTP/1.1" 404 -
185.191.171.5 - - [27/Dec/2024:05:09:15 +0100] "GET /ticket2/opencms/mo/magazine/article?title=manchester-city-jeet-gaya-premier-league HTTP/1.1" 200 93080
84.247.128.30 - - [27/Dec/2024:05:09:17 +0100] "GET /ticket2/opencms/se/nl/buy/?page=1&edid=B7321235-1E88-19E9-4268-A17C8DB5F8E4&sortorder=asc&column=row HTTP/1.1" 404 -
95.217.195.123 - - [27/Dec/2024:05:09:18 +0100] "GET /ticket2/opencms/se/sv/buy/?page=1&edid=5AA43D80-E4C0-E42A-0E38-8EBDF8A3247E HTTP/1.1" 404 -
85.208.96.202 - - [27/Dec/2024:05:09:21 +0100] "GET /ticket2/opencms/fi/magazine/article?title=michail-antonio-loukkaantui-autokolarissa HTTP/1.1" 200 93422
95.217.195.123 - - [27/Dec/2024:05:09:25 +0100] "GET /ticket2/opencms/se/sv/buy/?page=1&edid=5BA08D04-98D8-B1F5-EAF0-E6471432D6C0 HTTP/1.1" 404 -
84.247.128.30 - - [27/Dec/2024:05:09:26 +0100] "GET /ticket2/opencms/se/nl/buy/?page=1&edid=B7321235-1E88-19E9-4268-A17C8DB5F8E4&sortorder=asc&column=section HTTP/1.1" 404 -
85.208.96.200 - - [27/Dec/2024:05:09:30 +0100] "GET /ticket2/opencms/sv/sport/fotbollsbiljetter/bundesliga/borussia-monchengladbach/ HTTP/1.1" 200 99577
188.149.109.184 - - [27/Dec/2024:05:09:32 +0100] "GET /ticket2/opencms/sv/sport/fotbollsbiljetter/premier_league/chelsea/ HTTP/1.1" 200 101589
188.149.109.184 - - [27/Dec/2024:05:09:32 +0100] "GET /ticket2/opencms/system/modules/com.gridnine.opencms.ticketbrokerage.site/resources/css/calendar.css HTTP/1.1" 200 6871
188.149.109.184 - - [27/Dec/2024:05:09:32 +0100] "GET /ticket2/opencms/system/modules/com.gridnine.opencms.ticketbrokerage.site/resources/css/ticketbrokerage.css HTTP/1.1" 200 39339
188.149.109.184 - - [27/Dec/2024:05:09:32 +0100] "GET /ticket2/opencms/system/modules/com.gridnine.opencms.ticketbrokerage.site/resources/js/calendar-setup.js HTTP/1.1" 200 4923
188.149.109.184 - - [27/Dec/2024:05:09:32 +0100] "GET /ticket2/opencms/system/modules/com.gridnine.opencms.ticketbrokerage.site/resources/js/standard.js HTTP/1.1" 200 3978
188.149.109.184 - - [27/Dec/2024:05:09:32 +0100] "GET /ticket2/opencms/system/modules/com.gridnine.opencms.ticketbrokerage.site/resources/css/standard.css HTTP/1.1" 200 73081
95.217.195.123 - - [27/Dec/2024:05:09:32 +0100] "GET /ticket2/opencms/se/sv/buy/?page=1&edid=5BA4A0D4-C692-360A-A630-D79C576937E5 HTTP/1.1" 404 -
188.149.109.184 - - [27/Dec/2024:05:09:32 +0100] "GET /ticket2/opencms/system/modules/com.gridnine.opencms.ticketbrokerage.site/resources/js/calendar-en.js HTTP/1.1" 200 3338
188.149.109.184 - - [27/Dec/2024:05:09:32 +0100] "GET /ticket2/opencms/system/modules/com.gridnine.opencms.ticketbrokerage.site/resources/js/functions.js HTTP/1.1" 200 1583
188.149.109.184 - - [27/Dec/2024:05:09:32 +0100] "GET /ticket2/opencms/system/modules/com.gridnine.opencms.ticketbrokerage.site/resources/js/calendar.js HTTP/1.1" 200 49229
188.149.109.184 - - [27/Dec/2024:05:09:32 +0100] "GET /ticket2/opencms/system/modules/com.gridnine.opencms.ticketbrokerage.site/resources/pics/banners/Chelsea.jpg HTTP/1.1" 200 13056
85.208.96.200 - - [27/Dec/2024:05:09:32 +0100] "GET /ticket2/opencms/en/sport/football-tickets/bundesliga/borussia_monchengladbach/ HTTP/1.1" 200 99324
84.247.128.30 - - [27/Dec/2024:05:09:33 +0100] "GET /ticket2/opencms/se/nl/buy/?page=1&edid=B7653BD0-33A8-8039-42B6-78FA5A3DEC82&sortorder=asc&column=section HTTP/1.1" 404 -
89.246.241.14 - - [27/Dec/2024:05:09:36 +0100] "GET /ticket2/opencms/en/buy?page=1&edid=3583D5C7-607A-E528-A709-844E6A72DC1B HTTP/1.1" 200 140299
84.247.128.30 - - [27/Dec/2024:05:09:41 +0100] "GET /ticket2/opencms/se/nl/buy/?page=1&edid=B76689E3-2006-DC7E-9251-A101A359ED2F&sortorder=asc&column=price HTTP/1.1" 404 -
95.217.195.123 - - [27/Dec/2024:05:09:41 +0100] "GET /ticket2/opencms/se/sv/buy/?page=1&edid=5BB2CDD4-9898-4E12-65F3-4ADBD5A99EE7&sortorder=asc&column=price HTTP/1.1" 404 -
66.249.76.36 - - [27/Dec/2024:05:09:46 +0100] "GET /ticket2/opencms/system/modules/com.gridnine.opencms.ticketbrokerage.site/resources/pics/anniversary_logo.png HTTP/1.1" 200 14743
84.247.128.30 - - [27/Dec/2024:05:09:48 +0100] "GET /ticket2/opencms/se/nl/buy/?page=1&edid=B76689E3-2006-DC7E-9251-A101A359ED2F&sortorder=asc&column=row HTTP/1.1" 404 -
95.217.195.123 - - [27/Dec/2024:05:09:49 +0100] "GET /ticket2/opencms/se/sv/buy/?page=1&edid=5BB2CDD4-9898-4E12-65F3-4ADBD5A99EE7&sortorder=asc&column=row HTTP/1.1" 404 -
166.108.234.97 - - [27/Dec/2024:05:09:49 +0100] "GET /ticket2/opencms/sk/buy?page=1&edid=DEFA2AD2-016C-1372-5474-1CAB7DBED5A5 HTTP/1.1" 200 109893
66.249.76.204 - - [27/Dec/2024:05:09:52 +0100] "GET /ticket2/opencms/mt/magazine/article?title=riflessjoni-stagjonali-ta-manchester-united-202324 HTTP/1.1" 200 93611
66.249.76.231 - - [27/Dec/2024:05:09:55 +0100] "GET /ticket2/opencms/ka/buy/?page=1&edid=DDC40197-C63B-2875-1DBD-858E36E0D61F&hlv=61154d02-8c78-46f1-976e-161a0a01000f HTTP/1.1" 200 121932
84.247.128.30 - - [27/Dec/2024:05:09:55 +0100] "GET /ticket2/opencms/se/nl/buy/?page=1&edid=B76689E3-2006-DC7E-9251-A101A359ED2F&sortorder=asc&column=section HTTP/1.1" 404 -
66.249.76.137 - - [27/Dec/2024:05:09:58 +0100] "GET /ticket2/opencms/fr/buy/?comcatid=A17713B6-D984-201A-4143-ED4DB5ED5C2E&catid=24AC1CA6-1C09-0BE5-C04A-9DCCDB15D5E9 HTTP/1.1" 200 6410
95.217.195.123 - - [27/Dec/2024:05:09:59 +0100] "GET /ticket2/opencms/se/sv/buy/?page=1&edid=5BED4F96-461F-3406-5552-6C548F77CB08 HTTP/1.1" 404 -
84.247.128.30 - - [27/Dec/2024:05:10:03 +0100] "GET /ticket2/opencms/se/nl/buy/?page=1&edid=B776DA7C-BB43-92BB-597E-685DFC5D934F&sortorder=asc&column=price HTTP/1.1" 404 -
95.217.195.123 - - [27/Dec/2024:05:10:07 +0100] "GET /ticket2/opencms/se/sv/buy/?page=1&edid=5D07027F-73A4-ED56-6B46-3A7D6715D9ED&sortorder=desc&column=price HTTP/1.1" 404 -
84.247.128.30 - - [27/Dec/2024:05:10:10 +0100] "GET /ticket2/opencms/se/nl/buy/?page=1&edid=B776DA7C-BB43-92BB-597E-685DFC5D934F&sortorder=asc&column=row HTTP/1.1" 404 -
95.217.195.123 - - [27/Dec/2024:05:10:16 +0100] "GET /ticket2/opencms/se/sv/buy/?page=1&edid=5D07027F-73A4-ED56-6B46-3A7D6715D9ED&sortorder=desc&column=section HTTP/1.1" 404 -
182.160.1.138 - - [27/Dec/2024:05:10:18 +0100] "GET /ticket2/opencms/en/magazine/article?title=jude-bellingham HTTP/1.1" 200 90262
84.247.128.30 - - [27/Dec/2024:05:10:22 +0100] "GET /ticket2/opencms/se/nl/buy/?page=1&edid=B7D538E3-9839-5659-1CBA-1D0177C9B88E&sortorder=asc&column=price HTTP/1.1" 404 -
216.244.66.238 - - [27/Dec/2024:05:10:27 +0100] "GET /ticket2/opencms/az/buy?page=1&edid=7E5949EF-95A5-3BC5-902F-4262D7088F1B HTTP/1.1" 200 110272
95.217.195.123 - - [27/Dec/2024:05:10:27 +0100] "GET /ticket2/opencms/se/sv/buy/?page=1&edid=5D493DC0-3521-1F48-FB59-88048F0708BF HTTP/1.1" 404 -
84.247.128.30 - - [27/Dec/2024:05:10:28 +0100] "GET /ticket2/opencms/se/nl/buy/?page=1&edid=B7D538E3-9839-5659-1CBA-1D0177C9B88E&sortorder=asc&column=row HTTP/1.1" 404 -
84.247.128.30 - - [27/Dec/2024:05:10:35 +0100] "GET /ticket2/opencms/se/nl/buy/?page=1&edid=B7D538E3-9839-5659-1CBA-1D0177C9B88E&sortorder=asc&column=section HTTP/1.1" 404 -
47.128.36.200 - - [27/Dec/2024:05:10:37 +0100] "GET /ticket2/opencms/be/buy/?edid=6FB1B961-213D-A498-EACB-FFF2ED7E731F HTTP/1.1" 200 93091
95.217.195.123 - - [27/Dec/2024:05:10:39 +0100] "GET /ticket2/opencms/se/sv/buy/?page=1&edid=5D6BAFEE-C7E8-3FFE-C335-869AB5ECAAC9&sortorder=desc&column=price HTTP/1.1" 404 -
216.244.66.238 - - [27/Dec/2024:05:10:41 +0100] "GET /ticket2/opencms/be/sport/futbol-kvitki/serie-a/milan/ HTTP/1.1" 200 101022
84.247.128.30 - - [27/Dec/2024:05:10:42 +0100] "GET /ticket2/opencms/se/nl/buy/?page=1&edid=B82C7457-23A7-971E-3494-C851AC146F1A&sortorder=asc&column=price HTTP/1.1" 404 -
114.119.135.171 - - [27/Dec/2024:05:10:44 +0100] "GET /ticket2/opencms/en/buy/?page=1&edid=582C4192-AED1-C43A-6B53-0F2BB3B8E830 HTTP/1.1" 200 108042
52.167.144.157 - - [27/Dec/2024:05:10:45 +0100] "GET /ticket2/opencms/de/buy?page=1&edid=620EBF00-ABE0-9BB5-0F04-F120B08CF11C HTTP/1.1" 200 113186
84.247.128.30 - - [27/Dec/2024:05:10:48 +0100] "GET /ticket2/opencms/se/nl/buy/?page=1&edid=B82C7457-23A7-971E-3494-C851AC146F1A&sortorder=asc&column=row HTTP/1.1" 404 -
95.217.195.123 - - [27/Dec/2024:05:10:49 +0100] "GET /ticket2/opencms/se/sv/buy/?page=1&edid=5D6BAFEE-C7E8-3FFE-C335-869AB5ECAAC9&sortorder=desc&column=row HTTP/1.1" 404 -
85.208.96.199 - - [27/Dec/2024:05:10:53 +0100] "GET /ticket2/opencms/fi/magazine/article?title=bournemouth HTTP/1.1" 200 93139
40.77.167.48 - - [27/Dec/2024:05:10:54 +0100] "GET /ticket2/opencms/bs/buy?page=1&edid=BBAFC2BC-085F-5A58-F761-2463D78A6F36 HTTP/1.1" 200 113434
84.247.128.30 - - [27/Dec/2024:05:10:54 +0100] "GET /ticket2/opencms/se/nl/buy/?page=1&edid=B82C7457-23A7-971E-3494-C851AC146F1A&sortorder=asc&column=section HTTP/1.1" 404 -
66.249.76.232 - - [27/Dec/2024:05:10:55 +0100] "GET /ticket2/opencms/fi/buy/?page=1&edid=28EE235F-C841-C2B4-6721-3F0BBE0DFB17 HTTP/1.1" 200 133054
95.217.195.123 - - [27/Dec/2024:05:11:00 +0100] "GET /ticket2/opencms/se/sv/buy/?page=1&edid=5F550102-BD0D-9AD9-48FB-D8C4093D6711&sortorder=desc&column=price HTTP/1.1" 404 -
216.244.66.238 - - [27/Dec/2024:05:11:00 +0100] "GET /ticket2/opencms/bg/buy?page=1&edid=061E5EA1-AE6B-EC9F-2F97-FA0E9464F54B HTTP/1.1" 200 115685
188.149.109.184 - - [27/Dec/2024:05:11:01 +0100] "GET /ticket2/opencms/sv/buy/?page=1&edid=063774E2-DE1A-6A46-E97B-D379290B879E HTTP/1.1" 200 136279
84.247.128.30 - - [27/Dec/2024:05:11:01 +0100] "GET /ticket2/opencms/se/nl/buy/?page=1&edid=B8736786-BDEB-839B-CA60-E0B1B63D3892&sortorder=asc&column=price HTTP/1.1" 404 -
85.208.96.208 - - [27/Dec/2024:05:11:07 +0100] "GET /ticket2/opencms/nl/magazine/article?title=william-alain-andre-gabriel-saliba HTTP/1.1" 200 91957
84.247.128.30 - - [27/Dec/2024:05:11:08 +0100] "GET /ticket2/opencms/se/nl/buy/?page=1&edid=B8736786-BDEB-839B-CA60-E0B1B63D3892&sortorder=asc&column=row HTTP/1.1" 404 -
40.77.167.48 - - [27/Dec/2024:05:11:09 +0100] "GET /ticket2/opencms/nl/magazine/article?title=winnaar-van-de-gouden-bal-2024 HTTP/1.1" 200 91184
95.217.195.123 - - [27/Dec/2024:05:11:10 +0100] "GET /ticket2/opencms/se/sv/buy/?page=1&edid=5F550102-BD0D-9AD9-48FB-D8C4093D6711&sortorder=desc&column=row HTTP/1.1" 404 -
47.238.13.3 - - [27/Dec/2024:05:11:11 +0100] "GET /ticket2/opencms/bs/buy?page=1&edid=70AA95CC-0F01-4970-97B9-5BD4C290D6AC HTTP/1.1" 200 112672
114.119.130.210 - - [27/Dec/2024:05:11:13 +0100] "GET /ticket2/opencms/en/venue/?venueid=77422572-4F48-F10C-1394-DA0E03E07BDC HTTP/1.1" 200 85030
84.247.128.30 - - [27/Dec/2024:05:11:15 +0100] "GET /ticket2/opencms/se/nl/buy/?page=1&edid=B8736786-BDEB-839B-CA60-E0B1B63D3892&sortorder=asc&column=section HTTP/1.1" 404 -
95.217.195.123 - - [27/Dec/2024:05:11:19 +0100] "GET /ticket2/opencms/se/sv/buy/?page=1&edid=5F550102-BD0D-9AD9-48FB-D8C4093D6711&sortorder=desc&column=section HTTP/1.1" 404 -
216.244.66.238 - - [27/Dec/2024:05:11:20 +0100] "GET /ticket2/opencms/es/deporte/entradas-futbol/serie-a/inter/ HTTP/1.1" 200 100120
84.247.128.30 - - [27/Dec/2024:05:11:21 +0100] "GET /ticket2/opencms/se/nl/buy/?page=1&edid=B8936E2A-2B55-9BF8-E0E7-457CCCF1DAC4&sortorder=asc&column=price HTTP/1.1" 404 -
8.210.8.206 - - [27/Dec/2024:05:11:23 +0100] "GET /ticket2/opencms/ro/buy?page=1&edid=81817D53-8529-171B-1834-A4DFAF1D5D05&sortorder=asc&column=row HTTP/1.1" 200 115018
185.191.171.14 - - [27/Dec/2024:05:11:24 +0100] "GET /ticket2/opencms/it/magazine/article?title=thomas-tuchel-diventa-il-nuovo-commissario-tecnico-dellinghilterra HTTP/1.1" 200 92970
85.208.96.193 - - [27/Dec/2024:05:11:24 +0100] "GET /ticket2/opencms/robots.txt HTTP/1.1" 200 773
85.208.96.203 - - [27/Dec/2024:05:11:25 +0100] "GET /ticket2/opencms/nl/magazine/article?title=kevin-de-bruyne HTTP/1.1" 200 90799
84.247.128.30 - - [27/Dec/2024:05:11:28 +0100] "GET /ticket2/opencms/se/nl/buy/?page=1&edid=B8B51822-7D09-B087-F0C2-4D6AAEF2268D&sortorder=asc&column=price HTTP/1.1" 404 -
95.217.195.123 - - [27/Dec/2024:05:11:29 +0100] "GET /ticket2/opencms/se/sv/buy/?page=1&edid=5F5BB855-5D9E-1E2C-72A6-69354D1848B9 HTTP/1.1" 404 -
84.247.128.30 - - [27/Dec/2024:05:11:35 +0100] "GET /ticket2/opencms/se/nl/buy/?page=1&edid=B8B51822-7D09-B087-F0C2-4D6AAEF2268D&sortorder=asc&column=row HTTP/1.1" 404 -
216.244.66.238 - - [27/Dec/2024:05:11:38 +0100] "GET /ticket2/opencms/ga/buy?page=1&edid=A633BFD8-F661-75C3-088F-885852C6CFA5 HTTP/1.1" 200 113551
95.217.195.123 - - [27/Dec/2024:05:11:38 +0100] "GET /ticket2/opencms/se/sv/buy/?page=1&edid=5F93E8E8-0A3C-E7C6-799E-7FAC313A5B3D HTTP/1.1" 404 -
84.247.128.30 - - [27/Dec/2024:05:11:42 +0100] "GET /ticket2/opencms/se/nl/buy/?page=1&edid=B8B51822-7D09-B087-F0C2-4D6AAEF2268D&sortorder=asc&column=section HTTP/1.1" 404 -
95.217.195.123 - - [27/Dec/2024:05:11:47 +0100] "GET /ticket2/opencms/se/sv/buy/?page=1&edid=5FE0BB7A-24EB-156D-2665-FBDB998F0062&sortorder=desc&column=price HTTP/1.1" 404 -
84.247.128.30 - - [27/Dec/2024:05:11:48 +0100] "GET /ticket2/opencms/se/nl/buy/?page=1&edid=B8B51822-7D09-B087-F0C2-4D6AAEF2268D&sortorder=desc&column=section HTTP/1.1" 404 -
216.244.66.238 - - [27/Dec/2024:05:11:54 +0100] "GET /ticket2/opencms/ka/buy?page=1&edid=3D3DA07F-41D6-4102-026A-DF2EE5E45526 HTTP/1.1" 200 119259
84.247.128.30 - - [27/Dec/2024:05:11:54 +0100] "GET /ticket2/opencms/se/nl/buy/?page=1&edid=B9264CBD-8760-A64F-A24E-82813E3E1D3E&sortorder=asc&column=price HTTP/1.1" 404 -
95.217.195.123 - - [27/Dec/2024:05:11:58 +0100] "GET /ticket2/opencms/se/sv/buy/?page=1&edid=607687AD-E596-8AB3-58F5-4D7558057EF1 HTTP/1.1" 404 -
47.238.13.13 - - [27/Dec/2024:05:11:58 +0100] "GET /ticket2/opencms/fi/buy/?page=1&edid=7E364FB9-5265-5297-954B-387D331A0D6F HTTP/1.1" 200 114316
47.128.121.173 - - [27/Dec/2024:05:12:00 +0100] "GET /ticket2/opencms/fi/urheilu/jalkapallo/uefa-europa-league/ HTTP/1.1" 200 86042
47.128.121.173 - - [27/Dec/2024:05:12:02 +0100] "GET /ticket2/opencms/system/modules/com.gridnine.opencms.ticketbrokerage.site/resources/css/images/event-banner.png HTTP/1.1" 404 -
92.255.57.58 - - [27/Dec/2024:05:12:03 +0100] "GET /?XDEBUG_SESSION_START=phpstorm HTTP/1.1" 404 -
47.128.121.173 - - [27/Dec/2024:05:12:03 +0100] "GET /ticket2/opencms/system/modules/com.gridnine.opencms.ticketbrokerage.site/resources/pics/banners/fi/europa_fi.png HTTP/1.1" 200 72493
95.217.195.123 - - [27/Dec/2024:05:12:05 +0100] "GET /ticket2/opencms/se/sv/buy/?page=1&edid=607687AD-E596-8AB3-58F5-4D7558057EF1&sortorder=desc&column=price HTTP/1.1" 404 -
185.191.171.13 - - [27/Dec/2024:05:12:06 +0100] "GET /ticket2/opencms/nl/magazine/article?title=manchester-city-7-wedstrijden-zonder-overwinning HTTP/1.1" 200 92439
84.247.128.30 - - [27/Dec/2024:05:12:08 +0100] "GET /ticket2/opencms/se/nl/buy/?page=1&edid=B9264CBD-8760-A64F-A24E-82813E3E1D3E&sortorder=desc&column=price HTTP/1.1" 404 -
216.244.66.238 - - [27/Dec/2024:05:12:09 +0100] "GET /ticket2/opencms/no/buy?page=1&edid=3D3DA07F-41D6-4102-026A-DF2EE5E45526 HTTP/1.1" 200 112667
95.217.195.123 - - [27/Dec/2024:05:12:14 +0100] "GET /ticket2/opencms/se/sv/buy/?page=1&edid=615C56F3-C0DF-3EAA-3F5D-6B586A7FBFB9 HTTP/1.1" 404 -
89.246.241.14 - - [27/Dec/2024:05:12:14 +0100] "GET /ticket2/opencms/en/sport/football-tickets/premier_league/ HTTP/1.1" 200 95983
84.247.128.30 - - [27/Dec/2024:05:12:15 +0100] "GET /ticket2/opencms/se/nl/buy/?page=1&edid=B9264CBD-8760-A64F-A24E-82813E3E1D3E&sortorder=desc&column=row HTTP/1.1" 404 -
185.191.171.3 - - [27/Dec/2024:05:12:16 +0100] "GET /ticket2/opencms/sites/ticketbrokerage/sv/tickets/wolverhampton/swansea.html HTTP/1.1" 404 -
40.77.167.45 - - [27/Dec/2024:05:12:17 +0100] "GET /ticket2/opencms/en/magazine/article?title=the-list-of-nominees-for-the-ballon-dor HTTP/1.1" 200 93013
40.77.167.60 - - [27/Dec/2024:05:12:21 +0100] "GET /ticket2/opencms/uk/buy?page=1&edid=94790677-3E35-552C-B834-014C4FA18E0B HTTP/1.1" 200 115365
84.247.128.30 - - [27/Dec/2024:05:12:21 +0100] "GET /ticket2/opencms/se/nl/buy/?page=1&edid=B9264CBD-8760-A64F-A24E-82813E3E1D3E&sortorder=desc&column=section HTTP/1.1" 404 -
95.217.195.123 - - [27/Dec/2024:05:12:24 +0100] "GET /ticket2/opencms/se/sv/buy/?page=1&edid=63198291-7B51-5C06-A4B8-F136F690F083 HTTP/1.1" 404 -
216.244.66.238 - - [27/Dec/2024:05:12:24 +0100] "GET /ticket2/opencms/ro/buy?page=1&edid=7E5949EF-95A5-3BC5-902F-4262D7088F1B HTTP/1.1" 200 109931
114.119.129.189 - - [27/Dec/2024:05:12:26 +0100] "GET /ticket2/opencms/en/venue/?countryid=B20C8D7E-8670-29D2-39FF-631E784DF97A HTTP/1.1" 200 114424
84.247.128.30 - - [27/Dec/2024:05:12:27 +0100] "GET /ticket2/opencms/se/nl/buy/?page=1&edid=B9E9CF01-02D5-6E30-5E13-8442FF25AAF9&sortorder=asc&column=price HTTP/1.1" 404 -
85.208.96.195 - - [27/Dec/2024:05:12:31 +0100] "GET /ticket2/opencms/bs/magazine/article?title=pep-guardiolina-fudbalska-revolucija-uticaj-taktickog-majstora HTTP/1.1" 200 93972
95.217.195.123 - - [27/Dec/2024:05:12:32 +0100] "GET /ticket2/opencms/se/sv/buy/?page=1&edid=6326CAFF-362E-A99E-6697-584B7A2696A0 HTTP/1.1" 404 -
84.247.128.30 - - [27/Dec/2024:05:12:34 +0100] "GET /ticket2/opencms/se/nl/buy/?page=1&edid=B9E9CF01-02D5-6E30-5E13-8442FF25AAF9&sortorder=asc&column=row HTTP/1.1" 404 -
216.244.66.238 - - [27/Dec/2024:05:12:37 +0100] "GET /ticket2/opencms/sl/buy?page=1&edid=8A23E726-1974-5413-8366-4570BB38FB56 HTTP/1.1" 200 112738
185.191.171.5 - - [27/Dec/2024:05:12:38 +0100] "GET /ticket2/opencms/uk/magazine/article?title=jude-bellingham HTTP/1.1" 200 92759
95.217.195.123 - - [27/Dec/2024:05:12:40 +0100] "GET /ticket2/opencms/se/sv/buy/?page=1&edid=6326CAFF-362E-A99E-6697-584B7A2696A0&sortorder=desc&column=price HTTP/1.1" 404 -
84.247.128.30 - - [27/Dec/2024:05:12:41 +0100] "GET /ticket2/opencms/se/nl/buy/?page=1&edid=B9E9CF01-02D5-6E30-5E13-8442FF25AAF9&sortorder=asc&column=section HTTP/1.1" 404 -
47.128.96.255 - - [27/Dec/2024:05:12:44 +0100] "GET /ticket2/opencms/fi/venue/?venueid=0CF5EE35-DFE3-ADC5-E0D6-1D381791145B HTTP/1.1" 200 86650
84.247.128.30 - - [27/Dec/2024:05:12:47 +0100] "GET /ticket2/opencms/se/nl/buy/?page=1&edid=BA2FF1F7-E728-8738-5927-CFCA86554278&sortorder=asc&column=section HTTP/1.1" 404 -
95.217.195.123 - - [27/Dec/2024:05:12:48 +0100] "GET /ticket2/opencms/se/sv/buy/?page=1&edid=638C0D1F-9A82-4A03-7D79-0E602D9C8DAA&sortorder=asc&column=price HTTP/1.1" 404 -
216.244.66.238 - - [27/Dec/2024:05:12:49 +0100] "GET /ticket2/opencms/sq/buy?page=1&edid=947DE048-F370-D837-FAFA-E1B6837E0ACE HTTP/1.1" 200 113335
84.247.128.30 - - [27/Dec/2024:05:12:54 +0100] "GET /ticket2/opencms/se/nl/buy/?page=1&edid=BD00BEBE-764F-EE0C-759A-E664776EFB3A&sortorder=asc&column=price HTTP/1.1" 404 -
47.128.60.154 - - [27/Dec/2024:05:12:57 +0100] "GET /ticket2/opencms/robots.txt HTTP/1.1" 200 773
95.217.195.123 - - [27/Dec/2024:05:12:58 +0100] "GET /ticket2/opencms/se/sv/buy/?page=1&edid=638C0D1F-9A82-4A03-7D79-0E602D9C8DAA&sortorder=asc&column=section HTTP/1.1" 404 -
216.244.66.238 - - [27/Dec/2024:05:13:00 +0100] "GET /ticket2/opencms/sv/buy/?page=1&edid=B7675F2E-12BD-02A6-E9A9-75752EB2042D HTTP/1.1" 200 111946
95.217.195.123 - - [27/Dec/2024:05:13:05 +0100] "GET /ticket2/opencms/se/sv/buy/?page=1&edid=63B3D2EE-B950-115E-194C-CCC7BBD6F3BB HTTP/1.1" 404 -
84.247.128.30 - - [27/Dec/2024:05:13:06 +0100] "GET /ticket2/opencms/se/nl/buy/?page=1&edid=BD00BEBE-764F-EE0C-759A-E664776EFB3A&sortorder=asc&column=section HTTP/1.1" 404 -
85.208.96.195 - - [27/Dec/2024:05:13:06 +0100] "GET /ticket2/opencms/be/magazine/article?title=brighton-and-hove-albion HTTP/1.1" 200 93006
185.191.171.5 - - [27/Dec/2024:05:13:08 +0100] "GET /ticket2/opencms/it/sport/biglietti-calcio/serie-a/ HTTP/1.1" 200 101782
84.247.128.30 - - [27/Dec/2024:05:13:13 +0100] "GET /ticket2/opencms/se/nl/buy/?page=1&edid=BDF1DAFB-76AF-8DA9-E3E2-6F2E34C6878A&sortorder=asc&column=row HTTP/1.1" 404 -
95.217.195.123 - - [27/Dec/2024:05:13:15 +0100] "GET /ticket2/opencms/se/sv/buy/?page=1&edid=63E79B14-F1BE-6754-0C6E-3C2A84BDC10A HTTP/1.1" 404 -
84.247.128.30 - - [27/Dec/2024:05:13:20 +0100] "GET /ticket2/opencms/se/nl/buy/?page=1&edid=BE597364-D705-EB99-5903-51449427EA7F&sortorder=desc&column=price HTTP/1.1" 404 -
95.217.195.123 - - [27/Dec/2024:05:13:23 +0100] "GET /ticket2/opencms/se/sv/buy/?page=1&edid=641BEECB-F7D4-30E5-61C7-A9976E3D0361 HTTP/1.1" 404 -
84.247.128.30 - - [27/Dec/2024:05:13:28 +0100] "GET /ticket2/opencms/se/nl/buy/?page=1&edid=BE597364-D705-EB99-5903-51449427EA7F&sortorder=desc&column=row HTTP/1.1" 404 -
114.119.150.49 - - [27/Dec/2024:05:13:28 +0100] "GET /ticket2/opencms/en/venue/?venueid=BC924132-7F96-0646-A878-2E37F8A82CF2 HTTP/1.1" 200 84985
95.217.195.123 - - [27/Dec/2024:05:13:30 +0100] "GET /ticket2/opencms/se/sv/buy/?page=1&edid=6E70CDDB-C7B3-B878-DD5B-C96D776C327D&sortorder=desc&column=price HTTP/1.1" 404 -
47.128.112.202 - - [27/Dec/2024:05:13:31 +0100] "GET /ticket2/opencms/hu/buy/?edid=0485AAE1-8FAD-C552-CCB4-7F08984D949F HTTP/1.1" 200 92715
185.191.171.17 - - [27/Dec/2024:05:13:32 +0100] "GET /ticket2/opencms/robots.txt HTTP/1.1" 200 773
85.208.96.210 - - [27/Dec/2024:05:13:34 +0100] "GET /ticket2/opencms/de/magazine/article?title=nottingham-forest HTTP/1.1" 200 88449
114.119.130.91 - - [27/Dec/2024:05:13:37 +0100] "GET /ticket2/opencms/en/venue/?venueid=E3DC73F5-1126-38FA-E59B-75AB73443F20 HTTP/1.1" 200 85027
185.191.171.3 - - [27/Dec/2024:05:13:37 +0100] "GET /ticket2/opencms/mo/magazine/article?title=jurgen-kloppliverpool-anfield HTTP/1.1" 200 96093
84.247.128.30 - - [27/Dec/2024:05:13:39 +0100] "GET /ticket2/opencms/se/nl/buy/?page=1&edid=C0D82C9A-4CD9-2338-40C4-AB887D06BE6F&sortorder=desc&column=row HTTP/1.1" 404 -
95.217.195.123 - - [27/Dec/2024:05:13:40 +0100] "GET /ticket2/opencms/se/sv/buy/?page=1&edid=6E70CDDB-C7B3-B878-DD5B-C96D776C327D&sortorder=desc&column=row HTTP/1.1" 404 -
40.77.167.48 - - [27/Dec/2024:05:13:44 +0100] "GET /ticket2/opencms/az/buy?page=1&edid=FEE3D7E7-2BD7-4C4E-F8AA-4CF084DCC12E HTTP/1.1" 200 110295
84.247.128.30 - - [27/Dec/2024:05:13:46 +0100] "GET /ticket2/opencms/se/nl/buy/?page=1&edid=C2B88E14-0168-2B6D-C607-2DF08C9E7129&sortorder=desc&column=price HTTP/1.1" 404 -
185.191.171.12 - - [27/Dec/2024:05:13:46 +0100] "GET /ticket2/opencms/uk/magazine/article?title=eredivisie HTTP/1.1" 200 95167
85.208.96.195 - - [27/Dec/2024:05:13:46 +0100] "GET /ticket2/opencms/de/sport/fussball-tickets/la_liga/mallorca/ HTTP/1.1" 200 101809
85.208.96.206 - - [27/Dec/2024:05:13:47 +0100] "GET /ticket2/opencms/dk/sport/fodboldbilletter/la-liga/mallorca/ HTTP/1.1" 200 92684
95.217.195.123 - - [27/Dec/2024:05:13:50 +0100] "GET /ticket2/opencms/se/sv/buy/?page=1&edid=6E70CDDB-C7B3-B878-DD5B-C96D776C327D&sortorder=desc&column=section HTTP/1.1" 404 -
85.208.96.194 - - [27/Dec/2024:05:13:52 +0100] "GET /ticket2/opencms/dk/sport/fodboldbilletter/la-liga/sevilla/ HTTP/1.1" 200 92691
84.247.128.30 - - [27/Dec/2024:05:13:53 +0100] "GET /ticket2/opencms/se/nl/buy/?page=1&edid=C2B88E14-0168-2B6D-C607-2DF08C9E7129&sortorder=desc&column=row HTTP/1.1" 404 -
84.247.128.30 - - [27/Dec/2024:05:13:59 +0100] "GET /ticket2/opencms/se/nl/buy/?page=1&edid=C2B88E14-0168-2B6D-C607-2DF08C9E7129&sortorder=desc&column=section HTTP/1.1" 404 -
95.217.195.123 - - [27/Dec/2024:05:14:00 +0100] "GET /ticket2/opencms/se/sv/buy/?page=1&edid=6F1254ED-AA70-3C5E-BDAB-F2033DFDDDB9 HTTP/1.1" 404 -
84.247.128.30 - - [27/Dec/2024:05:14:06 +0100] "GET /ticket2/opencms/se/nl/buy/?page=1&edid=C37415B8-5B3B-C138-0EE3-D2C082D87A70&sortorder=desc&column=price HTTP/1.1" 404 -
188.149.109.184 - - [27/Dec/2024:05:14:07 +0100] "GET /ticket2/opencms/sv/buy/?page=1&edid=063774E2-DE1A-6A46-E97B-D379290B879E HTTP/1.1" 200 136206
95.217.195.123 - - [27/Dec/2024:05:14:09 +0100] "GET /ticket2/opencms/se/sv/buy/?page=1&edid=6F1254ED-AA70-3C5E-BDAB-F2033DFDDDB9&sortorder=desc&column=price HTTP/1.1" 404 -
84.247.128.30 - - [27/Dec/2024:05:14:12 +0100] "GET /ticket2/opencms/se/nl/buy/?page=1&edid=C37415B8-5B3B-C138-0EE3-D2C082D87A70&sortorder=desc&column=row HTTP/1.1" 404 -
114.119.130.210 - - [27/Dec/2024:05:14:14 +0100] "GET /ticket2/opencms/en/sell/?edid=9F75CAFF-859B-AF24-5E2C-871DFD0095F5 HTTP/1.1" 302 -
47.238.13.18 - - [27/Dec/2024:05:14:17 +0100] "GET /ticket2/opencms/fi/buy/?page=1&edid=E191F800-BEBE-94E3-2A9A-C8072A850396 HTTP/1.1" 200 112926
52.167.144.157 - - [27/Dec/2024:05:14:17 +0100] "GET /ticket2/opencms/sr/buy?page=1&edid=45DFD1AC-671A-B64A-512E-A848A857E213 HTTP/1.1" 200 110282
84.247.128.30 - - [27/Dec/2024:05:14:19 +0100] "GET /ticket2/opencms/se/nl/buy/?page=1&edid=C45B01C9-3500-D2C4-C7FF-A9B791565E94&sortorder=asc&column=row HTTP/1.1" 404 -
95.217.195.123 - - [27/Dec/2024:05:14:19 +0100] "GET /ticket2/opencms/se/sv/buy/?page=1&edid=6F1254ED-AA70-3C5E-BDAB-F2033DFDDDB9&sortorder=desc&column=row HTTP/1.1" 404 -
114.119.130.210 - - [27/Dec/2024:05:14:20 +0100] "GET /ticket2/opencms/en/login/?url=/en/sell/ HTTP/1.1" 200 89841
185.191.171.7 - - [27/Dec/2024:05:14:23 +0100] "GET /ticket2/opencms/robots.txt HTTP/1.1" 200 773
85.208.96.206 - - [27/Dec/2024:05:14:24 +0100] "GET /ticket2/opencms/en/magazine/article?title=feathers-kylian-mbappe HTTP/1.1" 200 90972
84.247.128.30 - - [27/Dec/2024:05:14:25 +0100] "GET /ticket2/opencms/se/nl/buy/?page=1&edid=C45B01C9-3500-D2C4-C7FF-A9B791565E94&sortorder=asc&column=section HTTP/1.1" 404 -
95.217.195.123 - - [27/Dec/2024:05:14:29 +0100] "GET /ticket2/opencms/se/sv/buy/?page=1&edid=6FADD656-FBFB-1F21-DD15-6EE5C996F1F8 HTTP/1.1" 404 -
84.247.128.30 - - [27/Dec/2024:05:14:32 +0100] "GET /ticket2/opencms/se/nl/buy/?page=1&edid=C68FDF4E-7FFF-2B4A-1E82-F9AC54900CCD&sortorder=asc&column=price HTTP/1.1" 404 -
95.217.195.123 - - [27/Dec/2024:05:14:35 +0100] "GET /ticket2/opencms/se/sv/buy/?page=1&edid=7044174B-9D59-EC54-D559-9C7BAD39A582 HTTP/1.1" 404 -
40.77.167.60 - - [27/Dec/2024:05:14:36 +0100] "GET /ticket2/opencms/es/buy?page=1&edid=BC022DAB-4498-A423-1B89-9E0C767B974D HTTP/1.1" 200 133002
157.55.39.51 - - [27/Dec/2024:05:14:38 +0100] "GET /ticket2/opencms/mo/login/ HTTP/1.1" 200 91253
84.247.128.30 - - [27/Dec/2024:05:14:38 +0100] "GET /ticket2/opencms/se/nl/buy/?page=1&edid=C9688796-3F0D-8F72-BAA2-30768E19C292&sortorder=asc&column=row HTTP/1.1" 404 -
95.217.195.123 - - [27/Dec/2024:05:14:42 +0100] "GET /ticket2/opencms/se/sv/buy/?page=1&edid=7044174B-9D59-EC54-D559-9C7BAD39A582&sortorder=desc&column=row HTTP/1.1" 404 -
84.247.128.30 - - [27/Dec/2024:05:14:45 +0100] "GET /ticket2/opencms/se/nl/buy/?page=1&edid=C983C410-A893-1A41-94F2-2B0B8C7A2BBB&sortorder=asc&column=row HTTP/1.1" 404 -
95.217.195.123 - - [27/Dec/2024:05:14:49 +0100] "GET /ticket2/opencms/se/sv/buy/?page=1&edid=7044174B-9D59-EC54-D559-9C7BAD39A582&sortorder=desc&column=section HTTP/1.1" 404 -
47.238.13.9 - - [27/Dec/2024:05:14:51 +0100] "GET /ticket2/opencms/tr/buy?page=1&edid=33CC4948-6558-3EC2-FACA-6AF19D354AA8&sortorder=asc&column=price HTTP/1.1" 200 114717
84.247.128.30 - - [27/Dec/2024:05:14:52 +0100] "GET /ticket2/opencms/se/nl/buy/?page=1&edid=CA409743-DF2F-20FC-E9D1-CB516B6C7577&sortorder=asc&column=row HTTP/1.1" 404 -
95.217.195.123 - - [27/Dec/2024:05:14:58 +0100] "GET /ticket2/opencms/se/sv/buy/?page=1&edid=70AA95CC-0F01-4970-97B9-5BD4C290D6AC HTTP/1.1" 404 -
84.247.128.30 - - [27/Dec/2024:05:14:58 +0100] "GET /ticket2/opencms/se/nl/buy/?page=1&edid=CA9AAE6B-14C9-271A-740D-70C28D59704E&sortorder=asc&column=row HTTP/1.1" 404 -
95.217.195.123 - - [27/Dec/2024:05:15:04 +0100] "GET /ticket2/opencms/se/sv/buy/?page=1&edid=71063979-8EC0-A41A-F00E-124A141F7124 HTTP/1.1" 404 -
84.247.128.30 - - [27/Dec/2024:05:15:06 +0100] "GET /ticket2/opencms/se/nl/buy/?page=1&edid=CC33A6F6-C64B-FC65-C420-F12FE93D0E9E&sortorder=asc&column=price HTTP/1.1" 404 -
185.191.171.19 - - [27/Dec/2024:05:15:09 +0100] "GET /ticket2/opencms/dk/magazine/article/ HTTP/1.1" 200 87707
95.217.195.123 - - [27/Dec/2024:05:15:10 +0100] "GET /ticket2/opencms/se/sv/buy/?page=1&edid=7120C207-B2B4-FC1F-26E8-1A7CADFA22DF&sortorder=asc&column=section HTTP/1.1" 404 -
8.210.8.206 - - [27/Dec/2024:05:15:12 +0100] "GET /ticket2/opencms/fi/buy/?page=10&eventid=AE8A6CAA-9529-DB54-69E5-B3169B36CD6E HTTP/1.1" 200 6410
95.217.195.123 - - [27/Dec/2024:05:15:17 +0100] "GET /ticket2/opencms/se/sv/buy/?page=1&edid=7129CBF6-201C-EACF-0C4B-85B145E5B96A HTTP/1.1" 404 -
85.208.96.201 - - [27/Dec/2024:05:15:18 +0100] "GET /ticket2/opencms/no/sport/fotballsbilletter/premier_league/southampton/ HTTP/1.1" 200 94283
84.247.128.30 - - [27/Dec/2024:05:15:18 +0100] "GET /ticket2/opencms/se/nl/buy/?page=1&edid=D14E786C-C869-8112-70DA-17875583047D&sortorder=asc&column=row HTTP/1.1" 404 -
95.217.195.123 - - [27/Dec/2024:05:15:24 +0100] "GET /ticket2/opencms/se/sv/buy/?page=1&edid=71496077-5B1C-FE48-E8D7-00D3EF8F08C6 HTTP/1.1" 404 -
84.247.128.30 - - [27/Dec/2024:05:15:25 +0100] "GET /ticket2/opencms/se/nl/buy/?page=1&edid=D3E1B28E-6A3D-3557-357A-CA0BCEE22D43&sortorder=asc&column=row HTTP/1.1" 404 -
84.247.128.30 - - [27/Dec/2024:05:15:31 +0100] "GET /ticket2/opencms/se/nl/buy/?page=1&edid=D4414BC8-6FEE-0C61-0FFA-826D898413CC&sortorder=asc&column=price HTTP/1.1" 404 -
95.217.195.123 - - [27/Dec/2024:05:15:32 +0100] "GET /ticket2/opencms/se/sv/buy/?page=1&edid=71504667-89C2-4748-EA82-3B9A062F14F0 HTTP/1.1" 404 -
85.208.96.205 - - [27/Dec/2024:05:15:34 +0100] "GET /ticket2/opencms/fi/search.html?searchQuery=Washington HTTP/1.1" 200 97666
