188.165.232.135 - - [27/Dec/2024:04:30:42 +0100] "GET /ticket2/opencms/sv/buy/?page=1&edid=C150F8B4-EF11-302C-3E37-D5F5D113309B&sortorder=desc&column=section HTTP/1.1" 200 114686
194.247.173.99 - - [27/Dec/2024:04:30:46 +0100] "GET /ticket2/opencms/se/ru/buy/?page=1&edid=4287F78B-9CDD-D450-2BF0-AB9A6FD9A9EB&sortorder=asc&column=row HTTP/1.1" 404 -
147.93.145.57 - - [27/Dec/2024:04:30:46 +0100] "GET /ticket2/opencms/en/buy/?page=1&edid=07D24578-F577-FB97-B11A-7D3A32948F2C&sortorder=desc&column=section HTTP/1.1" 200 112717
188.165.232.135 - - [27/Dec/2024:04:30:46 +0100] "GET /ticket2/opencms/sv/buy/?page=1&edid=C168AC79-9AE4-687F-692F-70BDD7169AA1&sortorder=asc&column=row HTTP/1.1" 200 113514
185.191.171.11 - - [27/Dec/2024:04:30:50 +0100] "GET /ticket2/opencms/bg/standard/ HTTP/1.1" 500 -
188.165.232.135 - - [27/Dec/2024:04:30:50 +0100] "GET /ticket2/opencms/sv/buy/?page=1&edid=C168AC79-9AE4-687F-692F-70BDD7169AA1&sortorder=asc&column=section HTTP/1.1" 200 113786
85.208.96.195 - - [27/Dec/2024:04:30:53 +0100] "GET /ticket2/opencms/en/magazine/article?title=erling-braut-haaland HTTP/1.1" 200 91424
194.247.173.99 - - [27/Dec/2024:04:30:53 +0100] "GET /ticket2/opencms/se/ru/buy/?page=1&edid=42B514A5-9E3E-AD5A-9276-52416E070CE3&sortorder=asc&column=row HTTP/1.1" 404 -
188.165.232.135 - - [27/Dec/2024:04:30:55 +0100] "GET /ticket2/opencms/sv/buy/?page=1&edid=C23BF5A6-8BB4-09E8-9016-747DF13A07E6&sortorder=asc&column=row HTTP/1.1" 200 110352
47.238.13.10 - - [27/Dec/2024:04:30:59 +0100] "GET /ticket2/opencms/fi/buy/?page=1&edid=03ACD253-26FD-D5DA-1042-959F5F219816 HTTP/1.1" 200 118907
188.165.232.135 - - [27/Dec/2024:04:31:00 +0100] "GET /ticket2/opencms/sv/buy/?page=1&edid=EE24B254-1FB8-6601-5783-BFE404E37C0C&sortorder=desc&column=row HTTP/1.1" 200 113764
194.247.173.99 - - [27/Dec/2024:04:31:01 +0100] "GET /ticket2/opencms/se/ru/buy/?page=1&edid=42D97426-3920-B9DC-22B4-7C28830E70FE&sortorder=asc&column=price HTTP/1.1" 404 -
188.165.232.135 - - [27/Dec/2024:04:31:05 +0100] "GET /ticket2/opencms/sv/buy/?page=1&edid=EE754F77-A2A4-E1E4-8A97-96B4BE735D0A HTTP/1.1" 200 112031
194.247.173.99 - - [27/Dec/2024:04:31:09 +0100] "GET /ticket2/opencms/se/ru/buy/?page=1&edid=42D97426-3920-B9DC-22B4-7C28830E70FE&sortorder=asc&column=row HTTP/1.1" 404 -
188.165.232.135 - - [27/Dec/2024:04:31:10 +0100] "GET /ticket2/opencms/sv/buy/?page=1&edid=EE754F77-A2A4-E1E4-8A97-96B4BE735D0A&sortorder=desc&column=price HTTP/1.1" 200 113964
147.93.145.57 - - [27/Dec/2024:04:31:11 +0100] "GET /ticket2/opencms/en/buy/?page=1&edid=0918B947-793A-2AE6-89D7-3BA5603B1356&sortorder=desc&column=row HTTP/1.1" 200 113071
40.77.167.154 - - [27/Dec/2024:04:31:11 +0100] "GET /ticket2/opencms/es/buy?page=1&edid=E4C316B8-6F0D-F944-ADD3-BC2C41E5D9E6 HTTP/1.1" 200 112968
85.208.96.207 - - [27/Dec/2024:04:31:12 +0100] "GET /ticket2/opencms/pl/faq HTTP/1.1" 200 89685
95.217.195.123 - - [27/Dec/2024:04:31:13 +0100] "GET /ticket2/opencms/se/sv/buy/?page=1&edid=4469D966-9350-556B-3B80-1671EF636FDA&sortorder=asc&column=price HTTP/1.1" 404 -
188.165.232.135 - - [27/Dec/2024:04:31:15 +0100] "GET /ticket2/opencms/sv/buy/?page=1&edid=EE754F77-A2A4-E1E4-8A97-96B4BE735D0A&sortorder=desc&column=row HTTP/1.1" 200 113719
194.247.173.99 - - [27/Dec/2024:04:31:16 +0100] "GET /ticket2/opencms/se/ru/buy/?page=1&edid=42D97426-3920-B9DC-22B4-7C28830E70FE&sortorder=asc&column=section HTTP/1.1" 404 -
85.208.96.195 - - [27/Dec/2024:04:31:16 +0100] "GET /ticket2/opencms/nl/magazine/article?title=legende-in-hevige-woordenwisseling-met-supporter HTTP/1.1" 200 91693
185.191.171.17 - - [27/Dec/2024:04:31:18 +0100] "GET /ticket2/opencms/fi/about/ HTTP/1.1" 200 -
188.165.232.135 - - [27/Dec/2024:04:31:19 +0100] "GET /ticket2/opencms/sv/buy/?page=1&edid=EE754F77-A2A4-E1E4-8A97-96B4BE735D0A&sortorder=desc&column=section HTTP/1.1" 200 113966
52.167.144.222 - - [27/Dec/2024:04:31:20 +0100] "GET /ticket2/opencms/hu/buy?page=1&edid=E4CE59AD-0A49-0DBB-D7BA-829D59D33CD7 HTTP/1.1" 200 113363
85.208.96.201 - - [27/Dec/2024:04:31:20 +0100] "GET /ticket2/opencms/sv/sport/fotbollsbiljetter/premier_league/crystal_palace/ HTTP/1.1" 200 101592
52.167.144.222 - - [27/Dec/2024:04:31:21 +0100] "GET /ticket2/opencms/ro/buy?page=1&edid=0F60B66B-BC13-3DDD-6F41-72152A17A68C HTTP/1.1" 200 110012
194.247.173.99 - - [27/Dec/2024:04:31:24 +0100] "GET /ticket2/opencms/se/ru/buy/?page=1&edid=46369855-29B7-27EF-3C22-12B854D98B93&sortorder=asc&column=price HTTP/1.1" 404 -
188.165.232.135 - - [27/Dec/2024:04:31:24 +0100] "GET /ticket2/opencms/sv/buy/?page=1&edid=EEAD356B-3645-CE9D-FC5B-B616EA0D555C HTTP/1.1" 200 112112
40.77.167.78 - - [27/Dec/2024:04:31:26 +0100] "GET /ticket2/opencms/be/ HTTP/1.1" 200 103190
52.167.144.222 - - [27/Dec/2024:04:31:30 +0100] "GET /ticket2/opencms/be/buy?page=1&edid=A40E09A6-82F6-B4B3-DEE0-A76ACCFE6164 HTTP/1.1" 200 115266
188.165.232.135 - - [27/Dec/2024:04:31:30 +0100] "GET /ticket2/opencms/sv/buy/?page=1&edid=EEAD356B-3645-CE9D-FC5B-B616EA0D555C&sortorder=desc&column=price HTTP/1.1" 200 114063
85.208.96.208 - - [27/Dec/2024:04:31:31 +0100] "GET /ticket2/opencms/ro/magazine/article?title=arsenal-se-apropie-de-liverpool HTTP/1.1" 200 92546
194.247.173.99 - - [27/Dec/2024:04:31:31 +0100] "GET /ticket2/opencms/se/ru/buy/?page=1&edid=47EAF487-CAC8-F299-35A2-B620095260CC&sortorder=asc&column=row HTTP/1.1" 404 -
147.93.145.57 - - [27/Dec/2024:04:31:33 +0100] "GET /ticket2/opencms/en/buy/?page=1&edid=0918B947-793A-2AE6-89D7-3BA5603B1356&sortorder=desc&column=section HTTP/1.1" 200 113339
188.165.232.135 - - [27/Dec/2024:04:31:35 +0100] "GET /ticket2/opencms/sv/buy/?page=1&edid=EEAD356B-3645-CE9D-FC5B-B616EA0D555C&sortorder=desc&column=row HTTP/1.1" 200 113959
194.247.173.99 - - [27/Dec/2024:04:31:38 +0100] "GET /ticket2/opencms/se/ru/buy/?page=1&edid=4BA7B2F8-A96A-CBF2-384D-5B93955887C5&sortorder=asc&column=row HTTP/1.1" 404 -
188.165.232.135 - - [27/Dec/2024:04:31:40 +0100] "GET /ticket2/opencms/sv/buy/?page=1&edid=EF42A87E-E5D5-7576-1FD1-59769AFE41A0 HTTP/1.1" 200 112703
85.208.96.208 - - [27/Dec/2024:04:31:44 +0100] "GET /ticket2/opencms/no/sport/fotballsbilletter/fa_cup/ HTTP/1.1" 200 88602
95.217.195.123 - - [27/Dec/2024:04:31:45 +0100] "GET /ticket2/opencms/se/sv/buy/?page=1&edid=4469D966-9350-556B-3B80-1671EF636FDA&sortorder=desc&column=price HTTP/1.1" 404 -
188.165.232.135 - - [27/Dec/2024:04:31:47 +0100] "GET /ticket2/opencms/sv/buy/?page=1&edid=F183060F-6A15-5007-8907-73C9E4E5CC0A&sortorder=asc&column=row HTTP/1.1" 200 113764
194.247.173.99 - - [27/Dec/2024:04:31:50 +0100] "GET /ticket2/opencms/se/ru/buy/?page=1&edid=4C79C702-F201-24E3-E256-9C6145D94338&sortorder=asc&column=row HTTP/1.1" 404 -
40.77.167.241 - - [27/Dec/2024:04:31:51 +0100] "GET /ticket2/opencms/nl/magazine/article?title=winnaar-van-de-gouden-bal-2024 HTTP/1.1" 200 91224
188.165.232.135 - - [27/Dec/2024:04:31:53 +0100] "GET /ticket2/opencms/sv/buy/?page=1&edid=F183060F-6A15-5007-8907-73C9E4E5CC0A&sortorder=asc&column=section HTTP/1.1" 200 114033
216.244.66.238 - - [27/Dec/2024:04:31:56 +0100] "GET /ticket2/opencms/fi/buy?page=1&edid=CEF56D0C-4B94-D435-302E-2275000FA9AD HTTP/1.1" 200 112892
147.93.145.57 - - [27/Dec/2024:04:31:56 +0100] "GET /ticket2/opencms/en/buy/?page=1&edid=151CC0D8-0351-C859-2F0C-08FDFAB76DE7&sortorder=desc&column=price HTTP/1.1" 200 112948
194.247.173.99 - - [27/Dec/2024:04:31:58 +0100] "GET /ticket2/opencms/se/ru/buy/?page=1&edid=4C79C702-F201-24E3-E256-9C6145D94338&sortorder=desc&column=section HTTP/1.1" 404 -
188.165.232.135 - - [27/Dec/2024:04:31:59 +0100] "GET /ticket2/opencms/sv/buy/?page=1&edid=F1DD8898-1801-2CC1-0B71-AE1004098ADC HTTP/1.1" 200 111992
47.128.52.145 - - [27/Dec/2024:04:32:01 +0100] "GET /ticket2/opencms/fi/venue/?venueid=6F62E299-6764-CD18-03A7-BC347C9C568D HTTP/1.1" 200 86652
188.165.232.135 - - [27/Dec/2024:04:32:03 +0100] "GET /ticket2/opencms/sv/buy/?page=1&edid=F2885AAC-9413-8186-D562-46F27207E0F3&sortorder=asc&column=row HTTP/1.1" 200 114354
216.244.66.238 - - [27/Dec/2024:04:32:05 +0100] "GET /ticket2/opencms/hr/buy?page=1&edid=CEF56D0C-4B94-D435-302E-2275000FA9AD HTTP/1.1" 200 112997
194.247.173.99 - - [27/Dec/2024:04:32:06 +0100] "GET /ticket2/opencms/se/ru/buy/?page=1&edid=4C7CD3B1-B7E1-89E2-C4E7-C4DED146D459&sortorder=asc&column=row HTTP/1.1" 404 -
47.128.22.224 - - [27/Dec/2024:04:32:08 +0100] "GET /ticket2/opencms/pl/magazine/article HTTP/1.1" 200 88550
188.165.232.135 - - [27/Dec/2024:04:32:10 +0100] "GET /ticket2/opencms/sv/buy/?page=1&edid=F2885AAC-9413-8186-D562-46F27207E0F3&sortorder=asc&column=section HTTP/1.1" 200 114649
216.244.66.238 - - [27/Dec/2024:04:32:13 +0100] "GET /ticket2/opencms/lv/buy?page=1&edid=D6823606-A49B-C230-5580-A38CB9439AA9 HTTP/1.1" 200 112903
194.247.173.99 - - [27/Dec/2024:04:32:14 +0100] "GET /ticket2/opencms/se/ru/buy/?page=1&edid=4EE5407B-B5D1-0B72-3560-DA0EF5C77DF0&sortorder=asc&column=section HTTP/1.1" 404 -
18.117.254.177 - - [27/Dec/2024:04:32:15 +0100] "GET /ticket2/opencms/hr/buy/?edid=A32C2CDE-A2F2-054C-C7FE-30BF45814EDA&page=1 HTTP/1.1" 200 113478
114.119.130.178 - - [27/Dec/2024:04:32:18 +0100] "GET /ticket2/opencms/en/venue/?venueid=A2C3B653-26FA-47C6-9144-32901C878EBE HTTP/1.1" 200 85003
95.217.195.123 - - [27/Dec/2024:04:32:18 +0100] "GET /ticket2/opencms/se/sv/buy/?page=1&edid=4555C45A-37BC-CE39-3A08-43777489AF42 HTTP/1.1" 404 -
188.165.232.135 - - [27/Dec/2024:04:32:20 +0100] "GET /ticket2/opencms/sv/buy/?page=1&edid=F2C7182B-D237-C2BF-D71F-CBB98BBDC9C7&sortorder=desc&column=row HTTP/1.1" 200 113703
147.93.145.57 - - [27/Dec/2024:04:32:20 +0100] "GET /ticket2/opencms/en/buy/?page=1&edid=151CC0D8-0351-C859-2F0C-08FDFAB76DE7&sortorder=desc&column=row HTTP/1.1" 200 112818
194.247.173.99 - - [27/Dec/2024:04:32:21 +0100] "GET /ticket2/opencms/se/ru/buy/?page=1&edid=4EF098E4-DC23-530E-CD92-2B199FAFEF63&sortorder=asc&column=price HTTP/1.1" 404 -
216.244.66.238 - - [27/Dec/2024:04:32:22 +0100] "GET /ticket2/opencms/sq/buy?page=1&edid=24A0474C-0E94-45BE-FC4D-B791EA0F3040 HTTP/1.1" 200 112724
188.165.232.135 - - [27/Dec/2024:04:32:28 +0100] "GET /ticket2/opencms/sv/buy/?page=1&edid=F4C61204-D1C7-427C-4F65-1F077CA01CD3&sortorder=desc&column=row HTTP/1.1" 200 114480
188.165.232.135 - - [27/Dec/2024:04:32:33 +0100] "GET /ticket2/opencms/sv/buy/?page=1&edid=F5AC140D-B47F-4518-E62E-B75659FE7758&sortorder=desc&column=price HTTP/1.1" 200 113888
194.247.173.99 - - [27/Dec/2024:04:32:36 +0100] "GET /ticket2/opencms/se/ru/buy/?page=1&edid=5D316A17-67AE-AB26-3845-7466FBF7E082&sortorder=asc&column=row HTTP/1.1" 404 -
188.165.232.135 - - [27/Dec/2024:04:32:39 +0100] "GET /ticket2/opencms/sv/buy/?page=1&edid=F5AC140D-B47F-4518-E62E-B75659FE7758&sortorder=desc&column=row HTTP/1.1" 200 113748
147.93.145.57 - - [27/Dec/2024:04:32:40 +0100] "GET /ticket2/opencms/en/buy/?page=1&edid=151CC0D8-0351-C859-2F0C-08FDFAB76DE7&sortorder=desc&column=section HTTP/1.1" 200 113093
185.191.171.5 - - [27/Dec/2024:04:32:40 +0100] "GET /ticket2/opencms/en/magazine/article?title=chelsea-fcs-and-their-fight-for-stability HTTP/1.1" 200 91660
185.191.171.10 - - [27/Dec/2024:04:32:42 +0100] "GET /ticket2/opencms/fi/magazine/article?title=vinicius-jr HTTP/1.1" 200 91850
47.128.119.85 - - [27/Dec/2024:04:32:43 +0100] "GET /ticket2/opencms/fi/venue/?venueid=3D8F7866-F9CF-5659-0A24-4F37104A9E38 HTTP/1.1" 200 86597
194.247.173.99 - - [27/Dec/2024:04:32:43 +0100] "GET /ticket2/opencms/se/ru/buy/?page=1&edid=5D316A17-67AE-AB26-3845-7466FBF7E082&sortorder=asc&column=section HTTP/1.1" 404 -
188.165.232.135 - - [27/Dec/2024:04:32:44 +0100] "GET /ticket2/opencms/sv/buy/?page=1&edid=F5AC140D-B47F-4518-E62E-B75659FE7758&sortorder=desc&column=section HTTP/1.1" 200 113969
40.77.167.55 - - [27/Dec/2024:04:32:46 +0100] "GET /ticket2/opencms/ro/buy?page=1&edid=BE987DAA-D470-52CE-C991-AEB9974BD5BE HTTP/1.1" 200 113467
188.165.232.135 - - [27/Dec/2024:04:32:50 +0100] "GET /ticket2/opencms/sv/buy/?page=1&edid=F6846B21-DFB1-3342-F8E4-3CC69EE92178&sortorder=desc&column=row HTTP/1.1" 200 114341
194.247.173.99 - - [27/Dec/2024:04:32:50 +0100] "GET /ticket2/opencms/se/ru/buy/?page=1&edid=5D6BAFEE-C7E8-3FFE-C335-869AB5ECAAC9&sortorder=asc&column=price HTTP/1.1" 404 -
47.128.20.80 - - [27/Dec/2024:04:32:52 +0100] "GET /ticket2/opencms/bg/buy_safety HTTP/1.1" 200 89902
47.128.20.80 - - [27/Dec/2024:04:32:53 +0100] "GET /ticket2/opencms/system/modules/com.gridnine.opencms.ticketbrokerage.site/resources/css/images/event-banner.png HTTP/1.1" 404 -
95.217.195.123 - - [27/Dec/2024:04:32:54 +0100] "GET /ticket2/opencms/se/sv/buy/?page=1&edid=45834EE8-C219-D703-E9BA-9F2A8B0B5D86 HTTP/1.1" 404 -
8.210.8.206 - - [27/Dec/2024:04:32:55 +0100] "GET /ticket2/opencms/fi/buy/?page=1&edid=E2BA261D-8AA4-C0D3-44EE-1FFEB3ECFAE6 HTTP/1.1" 200 136358
188.165.232.135 - - [27/Dec/2024:04:32:56 +0100] "GET /ticket2/opencms/sv/buy/?page=1&edid=F6846B21-DFB1-3342-F8E4-3CC69EE92178&sortorder=desc&column=section HTTP/1.1" 200 114527
194.247.173.99 - - [27/Dec/2024:04:32:58 +0100] "GET /ticket2/opencms/se/ru/buy/?page=1&edid=5D6BAFEE-C7E8-3FFE-C335-869AB5ECAAC9&sortorder=asc&column=row HTTP/1.1" 404 -
85.208.96.203 - - [27/Dec/2024:04:32:59 +0100] "GET /ticket2/opencms/it/magazine/article?title=londra-una-citta-di-calcio-di-classe-mondiale HTTP/1.1" 200 92172
188.165.232.135 - - [27/Dec/2024:04:33:01 +0100] "GET /ticket2/opencms/sv/buy/?page=1&edid=F77680AD-0075-8012-5E4A-7E44C5EB683C&sortorder=desc&column=row HTTP/1.1" 200 112975
194.247.173.99 - - [27/Dec/2024:04:33:05 +0100] "GET /ticket2/opencms/se/ru/buy/?page=1&edid=5D6BAFEE-C7E8-3FFE-C335-869AB5ECAAC9&sortorder=asc&column=section HTTP/1.1" 404 -
147.93.145.57 - - [27/Dec/2024:04:33:05 +0100] "GET /ticket2/opencms/en/buy/?page=1&edid=1944070F-2A5D-1909-DE14-B309AE8F4483&sortorder=desc&column=price HTTP/1.1" 200 113724
188.165.232.135 - - [27/Dec/2024:04:33:06 +0100] "GET /ticket2/opencms/sv/buy/?page=1&edid=FABCE528-F916-4368-C148-CD3FBF7DABD2&sortorder=asc&column=row HTTP/1.1" 200 113618
85.208.96.208 - - [27/Dec/2024:04:33:06 +0100] "GET /ticket2/opencms/de/sport/fussball-tickets/fa_cup/ HTTP/1.1" 500 -
47.238.13.9 - - [27/Dec/2024:04:33:12 +0100] "GET /ticket2/opencms/fi/buy/?page=1&edid=25666712-CB7E-CDDD-4626-F1CD96C38316 HTTP/1.1" 200 146130
188.165.232.135 - - [27/Dec/2024:04:33:13 +0100] "GET /ticket2/opencms/sv/buy/?page=1&edid=FABCE528-F916-4368-C148-CD3FBF7DABD2&sortorder=desc&column=price HTTP/1.1" 200 113785
194.247.173.99 - - [27/Dec/2024:04:33:13 +0100] "GET /ticket2/opencms/se/ru/buy/?page=1&edid=5E81605B-F9CB-7DC0-8289-8F2317082EE7&sortorder=asc&column=price HTTP/1.1" 404 -
185.191.171.7 - - [27/Dec/2024:04:33:13 +0100] "GET /ticket2/opencms/pl/magazine/article?title=viktor-gyokeres-do-manchester-united HTTP/1.1" 200 92408
47.238.13.11 - - [27/Dec/2024:04:33:17 +0100] "GET /ticket2/opencms/fi/buy/?page=1&edid=59C05F18-21F2-267C-D1EB-43CE0819C99D HTTP/1.1" 200 112475
188.165.232.135 - - [27/Dec/2024:04:33:18 +0100] "GET /ticket2/opencms/sv/buy/?page=1&edid=FABCE528-F916-4368-C148-CD3FBF7DABD2&sortorder=desc&column=row HTTP/1.1" 200 113641
114.119.140.111 - - [27/Dec/2024:04:33:20 +0100] "GET /ticket2/opencms/en/sell/?edid=C6066F25-BD4D-21BB-6647-DA388B114B52 HTTP/1.1" 302 -
194.247.173.99 - - [27/Dec/2024:04:33:20 +0100] "GET /ticket2/opencms/se/ru/buy/?page=1&edid=5E81605B-F9CB-7DC0-8289-8F2317082EE7&sortorder=asc&column=section HTTP/1.1" 404 -
95.217.195.123 - - [27/Dec/2024:04:33:21 +0100] "GET /ticket2/opencms/se/sv/buy/?page=1&edid=45C163E6-DE3F-1027-9D58-1BEEA8CF129B HTTP/1.1" 404 -
147.93.145.57 - - [27/Dec/2024:04:33:25 +0100] "GET /ticket2/opencms/en/buy/?page=1&edid=1944070F-2A5D-1909-DE14-B309AE8F4483&sortorder=desc&column=row HTTP/1.1" 200 113609
114.119.140.111 - - [27/Dec/2024:04:33:26 +0100] "GET /ticket2/opencms/en/login/?url=/en/sell/ HTTP/1.1" 200 89865
188.165.232.135 - - [27/Dec/2024:04:33:26 +0100] "GET /ticket2/opencms/sv/buy/?page=1&edid=FABCE528-F916-4368-C148-CD3FBF7DABD2&sortorder=desc&column=section HTTP/1.1" 200 113973
194.247.173.99 - - [27/Dec/2024:04:33:28 +0100] "GET /ticket2/opencms/se/ru/buy/?page=1&edid=606531C5-CF71-89DE-0E4C-EEBAF097DA09&sortorder=asc&column=price HTTP/1.1" 404 -
3.147.56.125 - - [27/Dec/2024:04:33:33 +0100] "GET /ticket2/opencms/de/buy?edid=A32C2CDE-A2F2-054C-C7FE-30BF45814EDA&page=1 HTTP/1.1" 200 112993
188.165.232.135 - - [27/Dec/2024:04:33:34 +0100] "GET /ticket2/opencms/sv/login/?edid=2A0CF380-8C0A-32BD-5783-B7591B6DB2F6 HTTP/1.1" 200 90682
18.191.218.234 - - [27/Dec/2024:04:33:35 +0100] "GET /ticket2/opencms/ga/buy?edid=A32C2CDE-A2F2-054C-C7FE-30BF45814EDA&page=1 HTTP/1.1" 200 114109
114.119.130.91 - - [27/Dec/2024:04:33:36 +0100] "GET /ticket2/opencms/en/venue/?countryid=0A131296-8532-77F1-DA6B-5BEC9CE9B834 HTTP/1.1" 200 114360
194.247.173.99 - - [27/Dec/2024:04:33:36 +0100] "GET /ticket2/opencms/se/ru/buy/?page=1&edid=606531C5-CF71-89DE-0E4C-EEBAF097DA09&sortorder=asc&column=row HTTP/1.1" 404 -
188.165.232.135 - - [27/Dec/2024:04:33:38 +0100] "GET /ticket2/opencms/sv/login/?edid=755AF99A-4624-4B84-D4AE-CB8447127D3C HTTP/1.1" 200 90664
85.208.96.212 - - [27/Dec/2024:04:33:40 +0100] "GET /ticket2/opencms/tr/magazine/article?title=manchester-city-premier-leaguei-kazaniyor HTTP/1.1" 200 92351
216.244.66.238 - - [27/Dec/2024:04:33:41 +0100] "GET /ticket2/opencms/el/buy?page=1&edid=2D861AFB-2897-BDD5-97EA-ED2C76FD86E6 HTTP/1.1" 200 115940
188.165.232.135 - - [27/Dec/2024:04:33:42 +0100] "GET /ticket2/opencms/sv/login/?edid=76A2D7A0-1FDD-8B7B-A433-0584332CEDC8 HTTP/1.1" 200 90657
194.247.173.99 - - [27/Dec/2024:04:33:44 +0100] "GET /ticket2/opencms/se/ru/buy/?page=1&edid=606531C5-CF71-89DE-0E4C-EEBAF097DA09&sortorder=asc&column=section HTTP/1.1" 404 -
47.128.36.11 - - [27/Dec/2024:04:33:45 +0100] "GET /ticket2/opencms/pl/buy/?edid=D63941C3-9D9D-1874-34EF-F67984762D0B HTTP/1.1" 200 92581
85.208.96.211 - - [27/Dec/2024:04:33:47 +0100] "GET /ticket2/opencms/sv/sport/fotbollsbiljetter/premier_league/arsenal/restips_emirates_stadium/ HTTP/1.1" 200 91140
89.246.241.14 - - [27/Dec/2024:04:33:47 +0100] "GET /ticket2/opencms/de/about/press HTTP/1.1" 200 90179
188.165.232.135 - - [27/Dec/2024:04:33:48 +0100] "GET /ticket2/opencms/sv/login/?edid=868DA8D2-DC0D-920B-26FB-F1AD7C7CDB8A HTTP/1.1" 200 90625
95.217.195.123 - - [27/Dec/2024:04:33:49 +0100] "GET /ticket2/opencms/se/sv/buy/?page=1&edid=45C163E6-DE3F-1027-9D58-1BEEA8CF129B&sortorder=desc&column=row HTTP/1.1" 404 -
147.93.145.57 - - [27/Dec/2024:04:33:50 +0100] "GET /ticket2/opencms/en/buy/?page=1&edid=1944070F-2A5D-1909-DE14-B309AE8F4483&sortorder=desc&column=section HTTP/1.1" 200 113893
216.244.66.238 - - [27/Dec/2024:04:33:50 +0100] "GET /ticket2/opencms/es/buy?page=1&edid=26128587-E741-EC80-2371-BDADD3568348 HTTP/1.1" 200 109732
194.247.173.99 - - [27/Dec/2024:04:33:51 +0100] "GET /ticket2/opencms/se/ru/buy/?page=1&edid=627BF5EC-6240-2A46-0193-C651C9FF6656&sortorder=asc&column=price HTTP/1.1" 404 -
188.165.232.135 - - [27/Dec/2024:04:33:54 +0100] "GET /ticket2/opencms/sv/login/?edid=C9FDED0D-E741-348A-FCC7-35BE584F6EA5 HTTP/1.1" 200 90762
216.244.66.238 - - [27/Dec/2024:04:33:57 +0100] "GET /ticket2/opencms/ga/buy?page=1&edid=3D3DA07F-41D6-4102-026A-DF2EE5E45526 HTTP/1.1" 200 113761
194.247.173.99 - - [27/Dec/2024:04:33:59 +0100] "GET /ticket2/opencms/se/ru/buy/?page=1&edid=627BF5EC-6240-2A46-0193-C651C9FF6656&sortorder=asc&column=section HTTP/1.1" 404 -
188.165.232.135 - - [27/Dec/2024:04:34:02 +0100] "GET /ticket2/opencms/sv/login/?edid=CA3D8417-F74F-462D-182B-6C61936A40CF HTTP/1.1" 200 90697
85.208.96.197 - - [27/Dec/2024:04:34:06 +0100] "GET /ticket2/opencms/el/athlitismos/eisitiria-podosfairou/premier-league/liverpool/ HTTP/1.1" 200 97151
194.247.173.99 - - [27/Dec/2024:04:34:07 +0100] "GET /ticket2/opencms/se/ru/buy/?page=1&edid=633F01D0-5A5C-9D0B-88C4-F93446CDE176&sortorder=asc&column=price HTTP/1.1" 404 -
188.165.232.135 - - [27/Dec/2024:04:34:07 +0100] "GET /ticket2/opencms/sv/login/?edid=CADE7D67-5381-2FA1-8307-17A68D9AA917 HTTP/1.1" 200 90702
95.217.195.123 - - [27/Dec/2024:04:34:10 +0100] "GET /ticket2/opencms/se/sv/buy/?page=1&edid=45D0E964-F15A-16ED-D99F-8CFB40DF8662&sortorder=desc&column=price HTTP/1.1" 404 -
147.93.145.57 - - [27/Dec/2024:04:34:11 +0100] "GET /ticket2/opencms/en/buy/?page=1&edid=20B8D1AD-64EC-73DF-B539-29EE3CA0D338&sortorder=desc&column=price HTTP/1.1" 200 112925
85.208.96.205 - - [27/Dec/2024:04:34:12 +0100] "GET /ticket2/opencms/lt/magazine/article?title=emiratu-stadionas HTTP/1.1" 200 94437
188.165.232.135 - - [27/Dec/2024:04:34:14 +0100] "GET /ticket2/opencms/sv/login/?edid=CAF487BE-6126-E9FD-123C-2A6FB466331D HTTP/1.1" 200 90665
194.247.173.99 - - [27/Dec/2024:04:34:15 +0100] "GET /ticket2/opencms/se/ru/buy/?page=1&edid=633F01D0-5A5C-9D0B-88C4-F93446CDE176&sortorder=asc&column=row HTTP/1.1" 404 -
185.191.171.19 - - [27/Dec/2024:04:34:18 +0100] "GET /ticket2/opencms/en/buying_tickets HTTP/1.1" 200 89609
188.165.232.135 - - [27/Dec/2024:04:34:19 +0100] "GET /ticket2/opencms/sv/login/?edid=CD65C209-BAA2-D38F-CBE6-B4275F8A3C80 HTTP/1.1" 200 90731
194.247.173.99 - - [27/Dec/2024:04:34:23 +0100] "GET /ticket2/opencms/se/ru/buy/?page=1&edid=633F01D0-5A5C-9D0B-88C4-F93446CDE176&sortorder=asc&column=section HTTP/1.1" 404 -
188.165.232.135 - - [27/Dec/2024:04:34:24 +0100] "GET /ticket2/opencms/sv/login/?edid=E3540B9C-08EB-EAEF-8CDC-37EBFC3CF0A5 HTTP/1.1" 200 90707
3.144.41.252 - - [27/Dec/2024:04:34:24 +0100] "GET /ticket2/opencms/uk/buy/?edid=A32C2CDE-A2F2-054C-C7FE-30BF45814EDA&page=1 HTTP/1.1" 200 115986
3.147.67.237 - - [27/Dec/2024:04:34:30 +0100] "GET /ticket2/opencms/no/buy?edid=A32C2CDE-A2F2-054C-C7FE-30BF45814EDA&page=1 HTTP/1.1" 200 112883
194.247.173.99 - - [27/Dec/2024:04:34:31 +0100] "GET /ticket2/opencms/se/ru/buy/?page=1&edid=67B3819E-C203-F7C9-1C5C-2A1AF592C733&sortorder=asc&column=price HTTP/1.1" 404 -
3.147.48.226 - - [27/Dec/2024:04:34:36 +0100] "GET /ticket2/opencms/et/buy/?edid=5D90F1BB-FDA0-E705-6448-4D677B2D6B3E&page=1 HTTP/1.1" 200 113613
147.93.145.57 - - [27/Dec/2024:04:34:36 +0100] "GET /ticket2/opencms/en/buy/?page=1&edid=20B8D1AD-64EC-73DF-B539-29EE3CA0D338&sortorder=desc&column=section HTTP/1.1" 200 113050
194.247.173.99 - - [27/Dec/2024:04:34:38 +0100] "GET /ticket2/opencms/se/ru/buy/?page=1&edid=67B3819E-C203-F7C9-1C5C-2A1AF592C733&sortorder=asc&column=row HTTP/1.1" 404 -
85.208.96.198 - - [27/Dec/2024:04:34:41 +0100] "GET /ticket2/opencms/fr/magazine/article?title=em-joueurs-qui-se-distinguent HTTP/1.1" 200 92709
95.217.195.123 - - [27/Dec/2024:04:34:41 +0100] "GET /ticket2/opencms/se/sv/buy/?page=1&edid=45D0E964-F15A-16ED-D99F-8CFB40DF8662&sortorder=desc&column=row HTTP/1.1" 404 -
194.247.173.99 - - [27/Dec/2024:04:34:46 +0100] "GET /ticket2/opencms/se/ru/buy/?page=1&edid=67B3819E-C203-F7C9-1C5C-2A1AF592C733&sortorder=asc&column=section HTTP/1.1" 404 -
85.208.96.200 - - [27/Dec/2024:04:34:47 +0100] "GET /ticket2/opencms/no/sport/fotballsbilletter/serie_a/milan/ HTTP/1.1" 200 99143
18.216.253.84 - - [27/Dec/2024:04:34:48 +0100] "GET /ticket2/opencms/dk/buy/?edid=A32C2CDE-A2F2-054C-C7FE-30BF45814EDA&page=1 HTTP/1.1" 200 112213
194.247.173.99 - - [27/Dec/2024:04:34:54 +0100] "GET /ticket2/opencms/se/ru/buy/?page=1&edid=67B3819E-C203-F7C9-1C5C-2A1AF592C733&sortorder=desc&column=price HTTP/1.1" 404 -
194.247.173.99 - - [27/Dec/2024:04:35:01 +0100] "GET /ticket2/opencms/se/ru/buy/?page=1&edid=67B3819E-C203-F7C9-1C5C-2A1AF592C733&sortorder=desc&column=row HTTP/1.1" 404 -
147.93.145.57 - - [27/Dec/2024:04:35:02 +0100] "GET /ticket2/opencms/en/buy/?page=1&edid=23462A4C-8725-82B5-7A63-462FC0C8A36E&sortorder=desc&column=price HTTP/1.1" 200 113723
166.108.198.44 - - [27/Dec/2024:04:35:07 +0100] "GET /ticket2/opencms/fr/sport/billets-football/serie_a/hellas_verona/ HTTP/1.1" 200 97356
95.217.195.123 - - [27/Dec/2024:04:35:08 +0100] "GET /ticket2/opencms/se/sv/buy/?page=1&edid=45D0E964-F15A-16ED-D99F-8CFB40DF8662&sortorder=desc&column=section HTTP/1.1" 404 -
194.247.173.99 - - [27/Dec/2024:04:35:08 +0100] "GET /ticket2/opencms/se/ru/buy/?page=1&edid=68F6DF5F-225F-6870-1D3C-2C713E27C2C8&sortorder=asc&column=price HTTP/1.1" 404 -
194.247.173.99 - - [27/Dec/2024:04:35:15 +0100] "GET /ticket2/opencms/se/ru/buy/?page=1&edid=68F6DF5F-225F-6870-1D3C-2C713E27C2C8&sortorder=asc&column=row HTTP/1.1" 404 -
194.247.173.99 - - [27/Dec/2024:04:35:22 +0100] "GET /ticket2/opencms/se/ru/buy/?page=1&edid=695D986D-E4F3-2AC4-2770-3CEB3137AC00&sortorder=asc&column=row HTTP/1.1" 404 -
47.128.114.101 - - [27/Dec/2024:04:35:23 +0100] "GET /ticket2/opencms/bs/sport/fudbalske-karte/bundesliga/borussia-dortmund/ HTTP/1.1" 200 101602
85.208.96.203 - - [27/Dec/2024:04:35:26 +0100] "GET /ticket2/opencms/fr/magazine/article?title=om-arsenal-fc HTTP/1.1" 200 93584
147.93.145.57 - - [27/Dec/2024:04:35:29 +0100] "GET /ticket2/opencms/en/buy/?page=1&edid=23462A4C-8725-82B5-7A63-462FC0C8A36E&sortorder=desc&column=section HTTP/1.1" 200 113848
194.247.173.99 - - [27/Dec/2024:04:35:30 +0100] "GET /ticket2/opencms/se/ru/buy/?page=1&edid=69877597-E510-0567-3349-DBF7A6E00B8C&sortorder=asc&column=price HTTP/1.1" 404 -
95.217.195.123 - - [27/Dec/2024:04:35:37 +0100] "GET /ticket2/opencms/se/sv/buy/?page=1&edid=46108B14-35CC-5C82-3570-2C0C468740A5&sortorder=desc&column=section HTTP/1.1" 404 -
18.227.134.165 - - [27/Dec/2024:04:35:38 +0100] "GET /ticket2/opencms/pl/buy?edid=A32C2CDE-A2F2-054C-C7FE-30BF45814EDA&page=1 HTTP/1.1" 200 113518
185.191.171.13 - - [27/Dec/2024:04:35:41 +0100] "GET /ticket2/opencms/no/magazine/article?title=kjop-billetter-til-bundesliga-pa-ticket2com HTTP/1.1" 200 92347
194.247.173.99 - - [27/Dec/2024:04:35:44 +0100] "GET /ticket2/opencms/se/ru/buy/?page=1&edid=69877597-E510-0567-3349-DBF7A6E00B8C&sortorder=asc&column=section HTTP/1.1" 404 -
47.128.54.198 - - [27/Dec/2024:04:35:46 +0100] "GET /ticket2/opencms/hu/buy/?edid=5DF5959E-347E-CFDD-9795-612A7A3688BB HTTP/1.1" 200 92749
147.93.145.57 - - [27/Dec/2024:04:35:51 +0100] "GET /ticket2/opencms/en/buy/?page=1&edid=371F6801-0748-6950-3EE6-EBCD0BD873DE&sortorder=desc&column=price HTTP/1.1" 200 112540
194.247.173.99 - - [27/Dec/2024:04:35:51 +0100] "GET /ticket2/opencms/se/ru/buy/?page=1&edid=6BC21E34-D184-B05D-C9D3-CDE23D87DE22&sortorder=asc&column=price HTTP/1.1" 404 -
216.244.66.196 - - [27/Dec/2024:04:35:55 +0100] "GET /ticket2/opencms/en/buy?page=1&edid=F9496538-3E90-9D50-62AC-C255AB0550A9 HTTP/1.1" 200 111250
194.247.173.99 - - [27/Dec/2024:04:35:59 +0100] "GET /ticket2/opencms/se/ru/buy/?page=1&edid=6BE045CD-3CE5-3434-D3CC-685B1EAE01FF&sortorder=asc&column=price HTTP/1.1" 404 -
95.217.195.123 - - [27/Dec/2024:04:35:59 +0100] "GET /ticket2/opencms/se/sv/buy/?page=1&edid=468658F9-0A5C-6FA3-C07A-5A8AED15559D&sortorder=desc&column=price HTTP/1.1" 404 -
47.128.16.119 - - [27/Dec/2024:04:36:00 +0100] "GET /ticket2/opencms/en/magazine/article?title=netherlands-vs-england-in-the-semi-final HTTP/1.1" 200 93728
3.15.211.55 - - [27/Dec/2024:04:36:06 +0100] "GET /ticket2/opencms/el/buy?edid=5D90F1BB-FDA0-E705-6448-4D677B2D6B3E&page=1 HTTP/1.1" 200 117686
194.247.173.99 - - [27/Dec/2024:04:36:07 +0100] "GET /ticket2/opencms/se/ru/buy/?page=1&edid=6BE045CD-3CE5-3434-D3CC-685B1EAE01FF&sortorder=asc&column=row HTTP/1.1" 404 -
85.208.96.212 - - [27/Dec/2024:04:36:13 +0100] "GET /ticket2/opencms/en/newsletter/ HTTP/1.1" 200 88732
147.93.145.57 - - [27/Dec/2024:04:36:15 +0100] "GET /ticket2/opencms/en/buy/?page=1&edid=371F6801-0748-6950-3EE6-EBCD0BD873DE&sortorder=desc&column=row HTTP/1.1" 200 112488
194.247.173.99 - - [27/Dec/2024:04:36:16 +0100] "GET /ticket2/opencms/se/ru/buy/?page=1&edid=6BE045CD-3CE5-3434-D3CC-685B1EAE01FF&sortorder=asc&column=section HTTP/1.1" 404 -
172.178.141.136 - - [27/Dec/2024:04:36:20 +0100] "GET /ticket2/opencms/pl/sport/bilety-futbol HTTP/1.1" 200 93897
95.217.195.123 - - [27/Dec/2024:04:36:21 +0100] "GET /ticket2/opencms/se/sv/buy/?page=1&edid=468658F9-0A5C-6FA3-C07A-5A8AED15559D&sortorder=desc&column=row HTTP/1.1" 404 -
194.247.173.99 - - [27/Dec/2024:04:36:24 +0100] "GET /ticket2/opencms/se/ru/buy/?page=1&edid=6CCB3B2B-C597-0081-CCDE-BB0833D99828&sortorder=asc&column=price HTTP/1.1" 404 -
85.208.96.210 - - [27/Dec/2024:04:36:29 +0100] "GET /ticket2/opencms/de/sport/fussball-tickets/bundesliga/werder-bremen/ HTTP/1.1" 200 102292
194.247.173.99 - - [27/Dec/2024:04:36:31 +0100] "GET /ticket2/opencms/se/ru/buy/?page=1&edid=6CCB3B2B-C597-0081-CCDE-BB0833D99828&sortorder=asc&column=row HTTP/1.1" 404 -
147.93.145.57 - - [27/Dec/2024:04:36:33 +0100] "GET /ticket2/opencms/en/buy/?page=1&edid=371F6801-0748-6950-3EE6-EBCD0BD873DE&sortorder=desc&column=section HTTP/1.1" 200 112661
85.208.96.200 - - [27/Dec/2024:04:36:34 +0100] "GET /ticket2/opencms/sv/magazine/article?title=manchester-city-vinner-premier-league HTTP/1.1" 200 91784
194.247.173.99 - - [27/Dec/2024:04:36:39 +0100] "GET /ticket2/opencms/se/ru/buy/?page=1&edid=6CCB3B2B-C597-0081-CCDE-BB0833D99828&sortorder=desc&column=section HTTP/1.1" 404 -
51.222.253.17 - - [27/Dec/2024:04:36:42 +0100] "GET /ticket2/opencms/robots.txt HTTP/1.1" 200 773
47.128.55.215 - - [27/Dec/2024:04:36:43 +0100] "GET /ticket2/opencms/fi/venue/?venueid=950A21FA-F5C6-F25A-D96D-C94FD8CA3066 HTTP/1.1" 200 86552
85.208.96.207 - - [27/Dec/2024:04:36:43 +0100] "GET /ticket2/opencms/pl/magazine/article?title=kibice-chelsea-reaguja-z-frustracja HTTP/1.1" 200 92274
178.215.238.136 - - [27/Dec/2024:04:36:44 +0100] "GET / HTTP/1.1" 404 -
178.215.238.136 - - [27/Dec/2024:04:36:44 +0100] "CONNECT example.com:443 HTTP/1.1" 400 -
178.215.238.136 - - [27/Dec/2024:04:36:45 +0100] "GET / HTTP/1.1" 404 -
178.215.238.136 - - [27/Dec/2024:04:36:45 +0100] "CONNECT example.com:443 HTTP/1.1" 400 -
194.247.173.99 - - [27/Dec/2024:04:36:47 +0100] "GET /ticket2/opencms/se/ru/buy/?page=1&edid=6CE73640-861F-E63B-F569-7CD77E2D3806&sortorder=asc&column=row HTTP/1.1" 404 -
95.217.195.123 - - [27/Dec/2024:04:36:49 +0100] "GET /ticket2/opencms/se/sv/buy/?page=1&edid=468658F9-0A5C-6FA3-C07A-5A8AED15559D&sortorder=desc&column=section HTTP/1.1" 404 -
185.191.171.7 - - [27/Dec/2024:04:36:50 +0100] "GET /ticket2/opencms/fr/magazine/article?title=petas-kylian-mbappe HTTP/1.1" 200 92940
194.247.173.99 - - [27/Dec/2024:04:36:54 +0100] "GET /ticket2/opencms/se/ru/buy/?page=1&edid=6CE73640-861F-E63B-F569-7CD77E2D3806&sortorder=asc&column=section HTTP/1.1" 404 -
147.93.145.57 - - [27/Dec/2024:04:36:56 +0100] "GET /ticket2/opencms/en/buy/?page=1&edid=418F640D-FED9-8D6C-3AD1-01149267CC74&sortorder=desc&column=price HTTP/1.1" 200 113232
47.128.44.22 - - [27/Dec/2024:04:36:59 +0100] "GET /ticket2/opencms/fi/buy/?edid=7D62C8D6-8DC2-0BAA-B7B9-AB09CD79241A HTTP/1.1" 200 92272
185.191.171.7 - - [27/Dec/2024:04:37:01 +0100] "GET /ticket2/opencms/it/magazine/article?title=kylian-mbappe HTTP/1.1" 200 93430
185.191.171.13 - - [27/Dec/2024:04:37:01 +0100] "GET /ticket2/opencms/no/sport/fotballsbilletter/ligue_1/paris_saint_germain/ HTTP/1.1" 200 93498
194.247.173.99 - - [27/Dec/2024:04:37:01 +0100] "GET /ticket2/opencms/se/ru/buy/?page=1&edid=6E70CDDB-C7B3-B878-DD5B-C96D776C327D&sortorder=desc&column=price HTTP/1.1" 404 -
194.247.173.99 - - [27/Dec/2024:04:37:09 +0100] "GET /ticket2/opencms/se/ru/buy/?page=1&edid=6E70CDDB-C7B3-B878-DD5B-C96D776C327D&sortorder=desc&column=row HTTP/1.1" 404 -
95.217.195.123 - - [27/Dec/2024:04:37:13 +0100] "GET /ticket2/opencms/se/sv/buy/?page=1&edid=46B98409-BE11-50C1-A27B-F9F14E8510F5&sortorder=desc&column=price HTTP/1.1" 404 -
194.247.173.99 - - [27/Dec/2024:04:37:17 +0100] "GET /ticket2/opencms/se/ru/buy/?page=1&edid=6E70CDDB-C7B3-B878-DD5B-C96D776C327D&sortorder=desc&column=section HTTP/1.1" 404 -
147.93.145.57 - - [27/Dec/2024:04:37:19 +0100] "GET /ticket2/opencms/en/buy/?page=1&edid=418F640D-FED9-8D6C-3AD1-01149267CC74&sortorder=desc&column=row HTTP/1.1" 200 113141
85.208.96.210 - - [27/Dec/2024:04:37:20 +0100] "GET /ticket2/opencms/dk/sport/fodboldbilletter/premier-league/manchester-city/ HTTP/1.1" 200 99797
52.167.144.232 - - [27/Dec/2024:04:37:22 +0100] "GET /ticket2/opencms/uk/login/?url=/uk/sell/ HTTP/1.1" 200 91761
85.208.96.194 - - [27/Dec/2024:04:37:22 +0100] "GET /ticket2/opencms/sv/sport/fotbollsbiljetter/ligue_1/monaco/ HTTP/1.1" 200 86698
114.119.139.202 - - [27/Dec/2024:04:37:23 +0100] "GET /ticket2/opencms/en/venue/?venueid=86B389D1-7013-BAF6-CA43-7EB6782B91E5 HTTP/1.1" 200 85090
194.247.173.99 - - [27/Dec/2024:04:37:24 +0100] "GET /ticket2/opencms/se/ru/buy/?page=1&edid=6E797B1E-0B30-C6DA-FEDB-9F50303A8E3E&sortorder=asc&column=price HTTP/1.1" 404 -
185.191.171.5 - - [27/Dec/2024:04:37:26 +0100] "GET /ticket2/opencms/sv HTTP/1.1" 200 101077
95.217.195.123 - - [27/Dec/2024:04:37:36 +0100] "GET /ticket2/opencms/se/sv/buy/?page=1&edid=46B98409-BE11-50C1-A27B-F9F14E8510F5&sortorder=desc&column=row HTTP/1.1" 404 -
194.247.173.99 - - [27/Dec/2024:04:37:36 +0100] "GET /ticket2/opencms/se/ru/buy/?page=1&edid=6FB99050-2EB2-BC0F-C20F-EFDA643A2994 HTTP/1.1" 404 -
147.93.145.57 - - [27/Dec/2024:04:37:41 +0100] "GET /ticket2/opencms/en/buy/?page=1&edid=443A5BE5-6E1B-92D8-CAE5-906AF16A59E7&sortorder=desc&column=price HTTP/1.1" 200 112957
194.247.173.99 - - [27/Dec/2024:04:37:43 +0100] "GET /ticket2/opencms/se/ru/buy/?page=1&edid=70FDC3DC-F515-C07F-B4AD-EDA83BDCA260&sortorder=asc&column=price HTTP/1.1" 404 -
194.247.173.99 - - [27/Dec/2024:04:37:51 +0100] "GET /ticket2/opencms/se/ru/buy/?page=1&edid=70FDC3DC-F515-C07F-B4AD-EDA83BDCA260&sortorder=asc&column=row HTTP/1.1" 404 -
95.217.195.123 - - [27/Dec/2024:04:37:58 +0100] "GET /ticket2/opencms/se/sv/buy/?page=1&edid=46B98409-BE11-50C1-A27B-F9F14E8510F5&sortorder=desc&column=section HTTP/1.1" 404 -
194.247.173.99 - - [27/Dec/2024:04:37:58 +0100] "GET /ticket2/opencms/se/ru/buy/?page=1&edid=70FDC3DC-F515-C07F-B4AD-EDA83BDCA260&sortorder=asc&column=section HTTP/1.1" 404 -
147.93.145.57 - - [27/Dec/2024:04:38:03 +0100] "GET /ticket2/opencms/en/buy/?page=1&edid=443A5BE5-6E1B-92D8-CAE5-906AF16A59E7&sortorder=desc&column=row HTTP/1.1" 200 112830
194.247.173.99 - - [27/Dec/2024:04:38:05 +0100] "GET /ticket2/opencms/se/ru/buy/?page=1&edid=71063979-8EC0-A41A-F00E-124A141F7124&sortorder=asc&column=section HTTP/1.1" 404 -
85.208.96.212 - - [27/Dec/2024:04:38:08 +0100] "GET /ticket2/opencms/dk/magazine/article?title=brighton-and-hove-albion HTTP/1.1" 200 90917
194.247.173.99 - - [27/Dec/2024:04:38:12 +0100] "GET /ticket2/opencms/se/ru/buy/?page=1&edid=7120C207-B2B4-FC1F-26E8-1A7CADFA22DF&sortorder=asc&column=section HTTP/1.1" 404 -
185.191.171.3 - - [27/Dec/2024:04:38:17 +0100] "GET /ticket2/opencms/fr/magazine/article?title=pays-bas-vs-angleterre-en-demi-finale HTTP/1.1" 200 96563
194.247.173.99 - - [27/Dec/2024:04:38:19 +0100] "GET /ticket2/opencms/se/ru/buy/?page=1&edid=71504667-89C2-4748-EA82-3B9A062F14F0&sortorder=asc&column=price HTTP/1.1" 404 -
114.119.140.111 - - [27/Dec/2024:04:38:22 +0100] "GET /ticket2/opencms/en/sell/?edid=C490C3F8-A066-4B69-2FBB-6512C409277B HTTP/1.1" 302 -
66.249.79.103 - - [27/Dec/2024:04:38:23 +0100] "GET /ticket2/opencms/sr/buy?page=1&edid=08F53479-83BC-B4BF-6158-EBA627F0E9FB HTTP/1.1" 200 110229
95.217.195.123 - - [27/Dec/2024:04:38:26 +0100] "GET /ticket2/opencms/se/sv/buy/?page=1&edid=4740B27D-75C3-7A20-24AD-2F4570E850C2 HTTP/1.1" 404 -
147.93.145.57 - - [27/Dec/2024:04:38:27 +0100] "GET /ticket2/opencms/en/buy/?page=1&edid=443A5BE5-6E1B-92D8-CAE5-906AF16A59E7&sortorder=desc&column=section HTTP/1.1" 200 113104
194.247.173.99 - - [27/Dec/2024:04:38:27 +0100] "GET /ticket2/opencms/se/ru/buy/?page=1&edid=71504667-89C2-4748-EA82-3B9A062F14F0&sortorder=asc&column=row HTTP/1.1" 404 -
114.119.140.111 - - [27/Dec/2024:04:38:27 +0100] "GET /ticket2/opencms/en/login/?url=/en/sell/ HTTP/1.1" 200 89817
66.249.76.231 - - [27/Dec/2024:04:38:31 +0100] "GET /ticket2/opencms/bs/buy/?page=1&edid=4CDBC715-BC6C-15EB-10EF-16147FA80F71 HTTP/1.1" 200 119627
64.233.173.69 - - [27/Dec/2024:04:38:34 +0100] "GET /ticket2/opencms/.well-known/traffic-advice HTTP/1.1" 404 -
194.247.173.99 - - [27/Dec/2024:04:38:34 +0100] "GET /ticket2/opencms/se/ru/buy/?page=1&edid=71504667-89C2-4748-EA82-3B9A062F14F0&sortorder=asc&column=section HTTP/1.1" 404 -
72.14.201.155 - - [27/Dec/2024:04:38:34 +0100] "GET /ticket2/opencms/ HTTP/1.1" 302 -
66.249.76.231 - - [27/Dec/2024:04:38:37 +0100] "GET /ticket2/opencms/de/buy/?page=1&edid=8637C090-8488-5902-952D-020E3ADF8CC0 HTTP/1.1" 200 109219
3.149.254.229 - - [27/Dec/2024:04:38:38 +0100] "GET /ticket2/opencms/bs/buy/?edid=A32C2CDE-A2F2-054C-C7FE-30BF45814EDA&page=1 HTTP/1.1" 200 113313
72.14.201.155 - - [27/Dec/2024:04:38:39 +0100] "GET /ticket2/opencms/en/ HTTP/1.1" 200 100224
114.119.133.220 - - [27/Dec/2024:04:38:39 +0100] "GET /ticket2/opencms/en/venue/?countryid=00A745F5-9727-5A5E-55DB-C7A480FFD3CE HTTP/1.1" 200 114450
72.14.201.155 - - [27/Dec/2024:04:38:39 +0100] "GET /ticket2/opencms/en/ HTTP/1.1" 200 100198
66.249.76.204 - - [27/Dec/2024:04:38:40 +0100] "GET /ticket2/opencms/es/buy/?page=1&edid=4DFADB48-D949-97F7-B374-193C167D2333 HTTP/1.1" 200 112050
47.128.21.108 - - [27/Dec/2024:04:38:40 +0100] "GET /ticket2/opencms/hu/buy/?edid=84ABEF98-5B99-FE9A-F3A3-E305A7E3217D HTTP/1.1" 200 92812
147.93.145.57 - - [27/Dec/2024:04:38:45 +0100] "GET /ticket2/opencms/en/buy/?page=1&edid=4457AAA5-B79C-4CFF-795B-48A1890E4376&sortorder=desc&column=price HTTP/1.1" 200 113813
194.247.173.99 - - [27/Dec/2024:04:38:46 +0100] "GET /ticket2/opencms/se/ru/buy/?page=1&edid=716F15C9-42CE-5192-C005-50D592325C6C&sortorder=asc&column=price HTTP/1.1" 404 -
95.217.195.123 - - [27/Dec/2024:04:38:49 +0100] "GET /ticket2/opencms/se/sv/buy/?page=1&edid=474F8C01-7120-DA67-D128-761352136E20 HTTP/1.1" 404 -
194.247.173.99 - - [27/Dec/2024:04:38:54 +0100] "GET /ticket2/opencms/se/ru/buy/?page=1&edid=716F15C9-42CE-5192-C005-50D592325C6C&sortorder=asc&column=row HTTP/1.1" 404 -
89.200.205.39 - - [27/Dec/2024:04:39:01 +0100] "GET /ticket2/opencms/robots.txt HTTP/1.1" 200 773
194.247.173.99 - - [27/Dec/2024:04:39:01 +0100] "GET /ticket2/opencms/se/ru/buy/?page=1&edid=7336D913-08E6-2684-3416-39DC03B1DB86&sortorder=asc&column=price HTTP/1.1" 404 -
147.93.145.57 - - [27/Dec/2024:04:39:05 +0100] "GET /ticket2/opencms/en/buy/?page=1&edid=4457AAA5-B79C-4CFF-795B-48A1890E4376&sortorder=desc&column=row HTTP/1.1" 200 113571
89.200.205.39 - - [27/Dec/2024:04:39:05 +0100] "GET /ticket2/opencms/cs/ HTTP/1.1" 200 101713
194.247.173.99 - - [27/Dec/2024:04:39:09 +0100] "GET /ticket2/opencms/se/ru/buy/?page=1&edid=7336D913-08E6-2684-3416-39DC03B1DB86&sortorder=asc&column=row HTTP/1.1" 404 -
95.217.195.123 - - [27/Dec/2024:04:39:10 +0100] "GET /ticket2/opencms/se/sv/buy/?page=1&edid=474F8C01-7120-DA67-D128-761352136E20&sortorder=desc&column=price HTTP/1.1" 404 -
85.208.96.210 - - [27/Dec/2024:04:39:15 +0100] "GET /ticket2/opencms/sites/ticketbrokerage/sv/tickets/real_madrid/barcelona.html HTTP/1.1" 404 -
194.247.173.99 - - [27/Dec/2024:04:39:17 +0100] "GET /ticket2/opencms/se/ru/buy/?page=1&edid=7336D913-08E6-2684-3416-39DC03B1DB86&sortorder=asc&column=section HTTP/1.1" 404 -
85.208.96.194 - - [27/Dec/2024:04:39:17 +0100] "GET /ticket2/opencms/sk/magazine/article?title=futbal HTTP/1.1" 200 94854
85.208.96.210 - - [27/Dec/2024:04:39:21 +0100] "GET /ticket2/opencms/lv/sport/futbola-biletes/champions-league/fc-barcelona HTTP/1.1" 200 95012
147.93.145.57 - - [27/Dec/2024:04:39:23 +0100] "GET /ticket2/opencms/en/buy/?page=1&edid=4457AAA5-B79C-4CFF-795B-48A1890E4376&sortorder=desc&column=section HTTP/1.1" 200 113846
194.247.173.99 - - [27/Dec/2024:04:39:25 +0100] "GET /ticket2/opencms/se/ru/buy/?page=1&edid=739E0803-1C1B-F2C0-1BBA-C74FC56F4279&sortorder=asc&column=price HTTP/1.1" 404 -
46.250.163.219 - - [27/Dec/2024:04:39:26 +0100] "GET /ticket2/opencms/no/about/ HTTP/1.1" 200 87457
95.217.195.123 - - [27/Dec/2024:04:39:28 +0100] "GET /ticket2/opencms/se/sv/buy/?page=1&edid=474F8C01-7120-DA67-D128-761352136E20&sortorder=desc&column=row HTTP/1.1" 404 -
85.208.96.193 - - [27/Dec/2024:04:39:30 +0100] "GET /ticket2/opencms/bs/magazine/article?title=luton HTTP/1.1" 200 91618
194.247.173.99 - - [27/Dec/2024:04:39:33 +0100] "GET /ticket2/opencms/se/ru/buy/?page=1&edid=739E0803-1C1B-F2C0-1BBA-C74FC56F4279&sortorder=asc&column=row HTTP/1.1" 404 -
185.191.171.11 - - [27/Dec/2024:04:39:36 +0100] "GET /ticket2/opencms/sv/login/?url=%25252Fit%25252Fsell%25252F HTTP/1.1" 200 90682
89.246.241.14 - - [27/Dec/2024:04:39:38 +0100] "GET /ticket2/opencms/fr/ HTTP/1.1" 200 101791
194.247.173.99 - - [27/Dec/2024:04:39:41 +0100] "GET /ticket2/opencms/se/ru/buy/?page=1&edid=739E0803-1C1B-F2C0-1BBA-C74FC56F4279&sortorder=asc&column=section HTTP/1.1" 404 -
54.183.100.58 - - [27/Dec/2024:04:39:41 +0100] "GET /ticket2/opencms/ HTTP/1.1" 500 -
54.183.100.58 - - [27/Dec/2024:04:39:41 +0100] "GET /ticket2/opencms/ HTTP/1.1" 302 -
54.183.100.58 - - [27/Dec/2024:04:39:42 +0100] "GET /ticket2/opencms/en/ HTTP/1.1" 200 100160
194.247.173.99 - - [27/Dec/2024:04:39:48 +0100] "GET /ticket2/opencms/se/ru/buy/?page=1&edid=73A0CE9A-5EBB-FE53-CE06-D8F253C63B51&sortorder=asc&column=price HTTP/1.1" 404 -
95.217.195.123 - - [27/Dec/2024:04:39:49 +0100] "GET /ticket2/opencms/se/sv/buy/?page=1&edid=48A3A523-93C2-03B5-226A-1AFF2F8C5684&sortorder=desc&column=section HTTP/1.1" 404 -
47.238.13.16 - - [27/Dec/2024:04:39:50 +0100] "GET /ticket2/opencms/sk/buy?page=1&edid=AB4ED0AB-78AE-687D-2259-4B7771A21F0C&sortorder=asc&column=section HTTP/1.1" 200 114921
185.191.171.11 - - [27/Dec/2024:04:39:52 +0100] "GET /ticket2/opencms/ga/about/press/ HTTP/1.1" 200 88520
85.208.96.210 - - [27/Dec/2024:04:39:55 +0100] "GET /ticket2/opencms/fr/magazine/article?title=newcastle HTTP/1.1" 200 90820
194.247.173.99 - - [27/Dec/2024:04:39:55 +0100] "GET /ticket2/opencms/se/ru/buy/?page=1&edid=73A0CE9A-5EBB-FE53-CE06-D8F253C63B51&sortorder=asc&column=row HTTP/1.1" 404 -
185.191.171.8 - - [27/Dec/2024:04:39:58 +0100] "GET /ticket2/opencms/es/magazine/article?title=everton HTTP/1.1" 200 92003
13.58.211.135 - - [27/Dec/2024:04:39:59 +0100] "GET /ticket2/opencms/pl/buy?edid=5D90F1BB-FDA0-E705-6448-4D677B2D6B3E&page=1 HTTP/1.1" 200 113491
47.128.98.163 - - [27/Dec/2024:04:40:00 +0100] "GET /ticket2/opencms/en/magazine/article?title=a-dramatic-match-between-tottenham-and-chelsea HTTP/1.1" 200 92296
194.247.173.99 - - [27/Dec/2024:04:40:03 +0100] "GET /ticket2/opencms/se/ru/buy/?page=1&edid=73A0CE9A-5EBB-FE53-CE06-D8F253C63B51&sortorder=asc&column=section HTTP/1.1" 404 -
95.217.195.123 - - [27/Dec/2024:04:40:11 +0100] "GET /ticket2/opencms/se/sv/buy/?page=1&edid=48DCCA9C-1FC0-CC61-C0DF-6A37F18AA258&sortorder=desc&column=section HTTP/1.1" 404 -
194.247.173.99 - - [27/Dec/2024:04:40:12 +0100] "GET /ticket2/opencms/se/ru/buy/?page=1&edid=7401E449-5F42-A0A3-909B-A3DA89BF541A&sortorder=asc&column=price HTTP/1.1" 404 -
85.208.96.204 - - [27/Dec/2024:04:40:12 +0100] "GET /ticket2/opencms/robots.txt HTTP/1.1" 200 773
85.208.96.197 - - [27/Dec/2024:04:40:13 +0100] "GET /ticket2/opencms/no/sport/fotballsbilletter/premier_league/sheffield/ HTTP/1.1" 200 87883
3.17.175.167 - - [27/Dec/2024:04:40:18 +0100] "GET /ticket2/opencms/bg/buy/?edid=5D90F1BB-FDA0-E705-6448-4D677B2D6B3E&page=1 HTTP/1.1" 200 116106
194.247.173.99 - - [27/Dec/2024:04:40:19 +0100] "GET /ticket2/opencms/se/ru/buy/?page=1&edid=7401E449-5F42-A0A3-909B-A3DA89BF541A&sortorder=asc&column=row HTTP/1.1" 404 -
185.191.171.12 - - [27/Dec/2024:04:40:24 +0100] "GET /ticket2/opencms/be/login/?url=%25252Fbe%25252Fsell%25252F HTTP/1.1" 200 91875
89.246.241.14 - - [27/Dec/2024:04:40:26 +0100] "GET /ticket2/opencms/en/sport/football-tickets/premier_league/liverpool/ HTTP/1.1" 200 93115
194.247.173.99 - - [27/Dec/2024:04:40:28 +0100] "GET /ticket2/opencms/se/ru/buy/?page=1&edid=74C0EB6F-C623-E56C-BF84-0930C3C6CCAE&sortorder=asc&column=price HTTP/1.1" 404 -
95.217.195.123 - - [27/Dec/2024:04:40:30 +0100] "GET /ticket2/opencms/se/sv/buy/?page=1&edid=493BFF9D-41BF-4273-9D96-F5B05DF9477B HTTP/1.1" 404 -
194.247.173.99 - - [27/Dec/2024:04:40:35 +0100] "GET /ticket2/opencms/se/ru/buy/?page=1&edid=74C0EB6F-C623-E56C-BF84-0930C3C6CCAE&sortorder=asc&column=row HTTP/1.1" 404 -
185.191.171.15 - - [27/Dec/2024:04:40:40 +0100] "GET /ticket2/opencms/fi/about/contact/ HTTP/1.1" 200 89175
40.77.167.151 - - [27/Dec/2024:04:40:41 +0100] "GET /ticket2/opencms/tr/buy?page=1&edid=9A922FCB-8506-35ED-C678-7D43144BEDC3 HTTP/1.1" 200 110176
47.128.22.123 - - [27/Dec/2024:04:40:43 +0100] "GET /ticket2/opencms/sv/buy?edid=601ACF38-5C31-FBA9-552E-BFECCB7BA32F HTTP/1.1" 200 91618
194.247.173.99 - - [27/Dec/2024:04:40:43 +0100] "GET /ticket2/opencms/se/ru/buy/?page=1&edid=74C0EB6F-C623-E56C-BF84-0930C3C6CCAE&sortorder=asc&column=section HTTP/1.1" 404 -
18.117.94.221 - - [27/Dec/2024:04:40:44 +0100] "GET /ticket2/opencms/lt/buy/?edid=5D90F1BB-FDA0-E705-6448-4D677B2D6B3E&page=1 HTTP/1.1" 200 113832
194.247.173.99 - - [27/Dec/2024:04:40:50 +0100] "GET /ticket2/opencms/se/ru/buy/?page=1&edid=74C0EB6F-C623-E56C-BF84-0930C3C6CCAE&sortorder=desc&column=price HTTP/1.1" 404 -
185.191.171.6 - - [27/Dec/2024:04:40:53 +0100] "GET /ticket2/opencms/it/magazine/article?title=futuri-stelle HTTP/1.1" 200 92164
95.217.195.123 - - [27/Dec/2024:04:40:56 +0100] "GET /ticket2/opencms/se/sv/buy/?page=1&edid=4965447F-9F6F-8CE6-6AA9-F5F15C25F8B7 HTTP/1.1" 404 -
194.247.173.99 - - [27/Dec/2024:04:40:58 +0100] "GET /ticket2/opencms/se/ru/buy/?page=1&edid=74C0EB6F-C623-E56C-BF84-0930C3C6CCAE&sortorder=desc&column=row HTTP/1.1" 404 -
194.247.173.99 - - [27/Dec/2024:04:41:06 +0100] "GET /ticket2/opencms/se/ru/buy/?page=1&edid=74C0EB6F-C623-E56C-BF84-0930C3C6CCAE&sortorder=desc&column=section HTTP/1.1" 404 -
185.191.171.9 - - [27/Dec/2024:04:41:09 +0100] "GET /ticket2/opencms/fi/urheilu/jalkapallo/serie_a/lazio/ HTTP/1.1" 200 98124
194.247.173.99 - - [27/Dec/2024:04:41:14 +0100] "GET /ticket2/opencms/se/ru/buy/?page=1&edid=74EFCA32-6815-FF4B-4089-5178E45F69AE&sortorder=asc&column=row HTTP/1.1" 404 -
85.208.96.203 - - [27/Dec/2024:04:41:19 +0100] "GET /ticket2/opencms/et/magazine/article?title=jurgen-klopp-lahkub-liverpoolist-edulugu-anfieldil HTTP/1.1" 200 95648
95.217.195.123 - - [27/Dec/2024:04:41:22 +0100] "GET /ticket2/opencms/se/sv/buy/?page=1&edid=49685073-9544-CDEA-5E21-EAD71D4DB9C3 HTTP/1.1" 404 -
194.247.173.99 - - [27/Dec/2024:04:41:22 +0100] "GET /ticket2/opencms/se/ru/buy/?page=1&edid=74EFCA32-6815-FF4B-4089-5178E45F69AE&sortorder=asc&column=section HTTP/1.1" 404 -
52.167.144.24 - - [27/Dec/2024:04:41:23 +0100] "GET /ticket2/opencms/nl/magazine/article?title=newcastle HTTP/1.1" 200 88341
85.208.96.208 - - [27/Dec/2024:04:41:23 +0100] "GET /ticket2/opencms/de/sport/fussball-tickets/premier_league/brighton/ HTTP/1.1" 200 101941
185.191.171.4 - - [27/Dec/2024:04:41:26 +0100] "GET /ticket2/opencms/fi/magazine/article?title=ruotsalaiset-jalkapalloilijat-valioliigassa HTTP/1.1" 200 94537
194.247.173.99 - - [27/Dec/2024:04:41:30 +0100] "GET /ticket2/opencms/se/ru/buy/?page=1&edid=7688C6EE-586D-CDED-4F8D-81480DD2EC0C&sortorder=asc&column=price HTTP/1.1" 404 -
194.247.173.99 - - [27/Dec/2024:04:41:37 +0100] "GET /ticket2/opencms/se/ru/buy/?page=1&edid=7688C6EE-586D-CDED-4F8D-81480DD2EC0C&sortorder=asc&column=row HTTP/1.1" 404 -
47.128.22.198 - - [27/Dec/2024:04:41:39 +0100] "GET /ticket2/opencms/de/?comcatid=97ECA65A-72DA-F9AF-9DBB-245D3CFED1BE HTTP/1.1" 200 101243
18.226.28.97 - - [27/Dec/2024:04:41:41 +0100] "GET /ticket2/opencms/sv/buy/?edid=A32C2CDE-A2F2-054C-C7FE-30BF45814EDA&page=1 HTTP/1.1" 200 112514
95.217.195.123 - - [27/Dec/2024:04:41:45 +0100] "GET /ticket2/opencms/se/sv/buy/?page=1&edid=49C08FA0-ED06-3265-70AE-3BEE76F3DD9E HTTP/1.1" 404 -
194.247.173.99 - - [27/Dec/2024:04:41:45 +0100] "GET /ticket2/opencms/se/ru/buy/?page=1&edid=7688C6EE-586D-CDED-4F8D-81480DD2EC0C&sortorder=asc&column=section HTTP/1.1" 404 -
3.144.98.43 - - [27/Dec/2024:04:41:49 +0100] "GET /ticket2/opencms/lv/buy/?edid=5D90F1BB-FDA0-E705-6448-4D677B2D6B3E&page=1 HTTP/1.1" 200 113638
194.247.173.99 - - [27/Dec/2024:04:41:52 +0100] "GET /ticket2/opencms/se/ru/buy/?page=1&edid=779BC1FE-1DC8-FC01-87AD-5F72C1B982FD&sortorder=asc&column=price HTTP/1.1" 404 -
194.247.173.99 - - [27/Dec/2024:04:42:00 +0100] "GET /ticket2/opencms/se/ru/buy/?page=1&edid=779BC1FE-1DC8-FC01-87AD-5F72C1B982FD&sortorder=asc&column=section HTTP/1.1" 404 -
147.93.145.57 - - [27/Dec/2024:04:42:04 +0100] "GET /ticket2/opencms/en/buy/?page=1&edid=482A3E6B-F6F4-FCF6-CF6F-F9FEE87AC240&sortorder=desc&column=price HTTP/1.1" 200 113699
95.217.195.123 - - [27/Dec/2024:04:42:06 +0100] "GET /ticket2/opencms/se/sv/buy/?page=1&edid=4A1D70D3-E87D-9CAD-A3CA-0F1A9CD4D29D&sortorder=asc&column=price HTTP/1.1" 404 -
47.238.13.14 - - [27/Dec/2024:04:42:07 +0100] "GET /ticket2/opencms/fi/buy/?page=1&edid=55D1893A-18D7-BF3D-C95C-B7BB78833B39 HTTP/1.1" 200 136121
85.208.96.200 - - [27/Dec/2024:04:42:07 +0100] "GET /ticket2/opencms/dk/about/ HTTP/1.1" 200 86589
85.208.96.200 - - [27/Dec/2024:04:42:08 +0100] "GET /ticket2/opencms/fi/magazine/article?title=valiera-ranska-vs-espanja HTTP/1.1" 200 95326
194.247.173.99 - - [27/Dec/2024:04:42:08 +0100] "GET /ticket2/opencms/se/ru/buy/?page=1&edid=7821A60F-0A4F-8978-889F-2A006C733B51&sortorder=desc&column=price HTTP/1.1" 404 -
52.167.144.187 - - [27/Dec/2024:04:42:09 +0100] "GET /ticket2/opencms/uk/buy?page=1&edid=4D13FF07-47B6-6A86-6D19-5D5BF5186CF6 HTTP/1.1" 200 112122
185.191.171.17 - - [27/Dec/2024:04:42:10 +0100] "GET /ticket2/opencms/lv/magazine/article?title=zviedru-talants-lukass-bergvalls-kluvis-par-tottenham-hotspur-speletaju HTTP/1.1" 200 95174
147.93.145.57 - - [27/Dec/2024:04:42:13 +0100] "GET /ticket2/opencms/en/buy/?page=1&edid=482A3E6B-F6F4-FCF6-CF6F-F9FEE87AC240&sortorder=desc&column=section HTTP/1.1" 200 113906
194.247.173.99 - - [27/Dec/2024:04:42:15 +0100] "GET /ticket2/opencms/se/ru/buy/?page=1&edid=7A4389EE-C778-392A-E824-9C47BA84A8EC&sortorder=asc&column=section HTTP/1.1" 404 -
54.183.100.58 - - [27/Dec/2024:04:42:21 +0100] "GET /ticket2/opencms/ HTTP/1.1" 302 -
114.119.152.134 - - [27/Dec/2024:04:42:22 +0100] "GET /ticket2/opencms/en/venue/?venueid=6EE9D0D2-BB74-C6F6-8AEF-6C13077000FE HTTP/1.1" 200 85024
