202.8.43.114 - - [11/Feb/2025:00:37:25 +0100] "GET /ticket2/opencms/system/modules/com.gridnine.opencms.ticketbrokerage.site/resources/css/standard.css HTTP/1.1" 200 73904
202.8.43.114 - - [11/Feb/2025:00:37:25 +0100] "GET /ticket2/opencms/system/modules/com.gridnine.opencms.ticketbrokerage.site/resources/js/jquery/jquery.js HTTP/1.1" 200 93868
202.8.43.114 - - [11/Feb/2025:00:37:25 +0100] "GET /ticket2/opencms/system/modules/com.gridnine.opencms.ticketbrokerage.site/resources/js/functions.js HTTP/1.1" 200 1583
202.8.43.114 - - [11/Feb/2025:00:37:25 +0100] "GET /ticket2/opencms/system/modules/com.gridnine.opencms.ticketbrokerage.site/resources/js/jquery/jquery-ui.js HTTP/1.1" 200 228088
202.8.43.114 - - [11/Feb/2025:00:37:25 +0100] "GET /ticket2/opencms/system/modules/com.gridnine.opencms.ticketbrokerage.site/resources/js/calendar.js HTTP/1.1" 200 49229
202.8.43.114 - - [11/Feb/2025:00:37:25 +0100] "GET /ticket2/opencms/system/modules/com.gridnine.opencms.ticketbrokerage.site/resources/js/calendar-en.js HTTP/1.1" 200 3338
202.8.43.114 - - [11/Feb/2025:00:37:25 +0100] "GET /ticket2/opencms/system/modules/com.gridnine.opencms.ticketbrokerage.site/resources/js/calendar-setup.js HTTP/1.1" 200 4923
202.8.43.114 - - [11/Feb/2025:00:37:25 +0100] "GET /ticket2/opencms/system/modules/com.gridnine.opencms.ticketbrokerage.site/resources/js/jquery.fancybox.pack.js HTTP/1.1" 200 23187
202.8.43.114 - - [11/Feb/2025:00:37:25 +0100] "GET /ticket2/opencms/system/modules/com.gridnine.opencms.ticketbrokerage.site/resources/js/stickyfill.min.js HTTP/1.1" 200 5672
202.8.43.114 - - [11/Feb/2025:00:37:25 +0100] "GET /ticket2/opencms/system/modules/com.gridnine.opencms.ticketbrokerage.site/resources/js/standard.js HTTP/1.1" 200 3983
202.8.43.114 - - [11/Feb/2025:00:37:25 +0100] "GET /ticket2/opencms/system/modules/com.gridnine.opencms.ticketbrokerage.site/resources/js/jquery.placeholder.min.js HTTP/1.1" 200 1737
202.8.43.114 - - [11/Feb/2025:00:37:25 +0100] "GET /ticket2/opencms/system/modules/com.gridnine.opencms.ticketbrokerage.site/resources/js/common-ajax.js HTTP/1.1" 200 20175
202.8.43.114 - - [11/Feb/2025:00:37:25 +0100] "GET /ticket2/opencms/no/ask-form.html HTTP/1.1" 200 2919
202.8.43.114 - - [11/Feb/2025:00:37:25 +0100] "GET /ticket2/opencms/system/modules/com.gridnine.opencms.ticketbrokerage.site/resources/css/ticketbrokerage.css HTTP/1.1" 200 39339
18.97.14.82 - - [11/Feb/2025:00:37:26 +0100] "GET /ticket2/opencms/sr/ HTTP/1.1" 200 107427
192.99.15.34 - - [11/Feb/2025:00:37:29 +0100] "GET /ticket2/opencms/no/buy/?page=1&edid=66E46139-8D49-9A29-A971-ADEC6B4EB9D6&sortorder=desc&column=price HTTP/1.1" 200 106919
54.36.149.81 - - [11/Feb/2025:00:37:30 +0100] "GET /ticket2/opencms/sr/buy?page=1&edid=5CC4C245-B3B0-1B51-B1DB-D9E8D9C1C476 HTTP/1.1" 200 123620
202.8.41.143 - - [11/Feb/2025:00:37:31 +0100] "GET /ticket2/opencms/system/modules/com.gridnine.opencms.ticketbrokerage.site/resources/css/jquery-ui.css HTTP/1.1" 200 33221
202.8.41.143 - - [11/Feb/2025:00:37:31 +0100] "GET /ticket2/opencms/system/modules/com.gridnine.opencms.ticketbrokerage.site/resources/css/jquery.fancybox.css HTTP/1.1" 200 4939
202.8.41.143 - - [11/Feb/2025:00:37:31 +0100] "GET /ticket2/opencms/system/modules/com.gridnine.opencms.ticketbrokerage.site/resources/css/calendar.css HTTP/1.1" 200 6871
202.8.41.143 - - [11/Feb/2025:00:37:31 +0100] "GET /ticket2/opencms/system/modules/com.gridnine.opencms.ticketbrokerage.site/resources/css/standard.css HTTP/1.1" 200 73904
202.8.41.143 - - [11/Feb/2025:00:37:31 +0100] "GET /ticket2/opencms/system/modules/com.gridnine.opencms.ticketbrokerage.site/resources/js/calendar-en.js HTTP/1.1" 200 3338
202.8.41.143 - - [11/Feb/2025:00:37:31 +0100] "GET /ticket2/opencms/system/modules/com.gridnine.opencms.ticketbrokerage.site/resources/css/ticketbrokerage.css HTTP/1.1" 200 39339
202.8.41.143 - - [11/Feb/2025:00:37:31 +0100] "GET /ticket2/opencms/system/modules/com.gridnine.opencms.ticketbrokerage.site/resources/js/functions.js HTTP/1.1" 200 1583
202.8.41.143 - - [11/Feb/2025:00:37:31 +0100] "GET /ticket2/opencms/system/modules/com.gridnine.opencms.ticketbrokerage.site/resources/js/jquery/jquery-ui.js HTTP/1.1" 200 228088
202.8.41.143 - - [11/Feb/2025:00:37:31 +0100] "GET /ticket2/opencms/system/modules/com.gridnine.opencms.ticketbrokerage.site/resources/js/calendar.js HTTP/1.1" 200 49229
202.8.41.143 - - [11/Feb/2025:00:37:31 +0100] "GET /ticket2/opencms/system/modules/com.gridnine.opencms.ticketbrokerage.site/resources/js/jquery/jquery.js HTTP/1.1" 200 93868
202.8.41.143 - - [11/Feb/2025:00:37:31 +0100] "GET /ticket2/opencms/system/modules/com.gridnine.opencms.ticketbrokerage.site/resources/js/calendar-setup.js HTTP/1.1" 200 4923
202.8.41.143 - - [11/Feb/2025:00:37:31 +0100] "GET /ticket2/opencms/system/modules/com.gridnine.opencms.ticketbrokerage.site/resources/js/jquery.fancybox.pack.js HTTP/1.1" 200 23187
202.8.41.143 - - [11/Feb/2025:00:37:31 +0100] "GET /ticket2/opencms/system/modules/com.gridnine.opencms.ticketbrokerage.site/resources/js/stickyfill.min.js HTTP/1.1" 200 5672
202.8.41.143 - - [11/Feb/2025:00:37:31 +0100] "GET /ticket2/opencms/system/modules/com.gridnine.opencms.ticketbrokerage.site/resources/js/standard.js HTTP/1.1" 200 3983
202.8.41.143 - - [11/Feb/2025:00:37:32 +0100] "GET /ticket2/opencms/system/modules/com.gridnine.opencms.ticketbrokerage.site/resources/js/jquery.placeholder.min.js HTTP/1.1" 200 1737
202.8.41.143 - - [11/Feb/2025:00:37:32 +0100] "GET /ticket2/opencms/system/modules/com.gridnine.opencms.ticketbrokerage.site/resources/js/common-ajax.js HTTP/1.1" 200 20175
202.8.41.143 - - [11/Feb/2025:00:37:32 +0100] "GET /ticket2/opencms/sr/ask-form.html HTTP/1.1" 200 3156
202.8.41.143 - - [11/Feb/2025:00:37:32 +0100] "GET /ticket2/opencms/system/modules/com.gridnine.opencms.ticketbrokerage.site/resources/css/ticketbrokerage.css HTTP/1.1" 200 39339
114.119.136.30 - - [11/Feb/2025:00:37:33 +0100] "GET /ticket2/opencms/hu/buy?page=1&=482A3E6B-F6F4-FCF6-CF6F-F9FEE87AC240 HTTP/1.1" 200 -
192.99.15.34 - - [11/Feb/2025:00:37:34 +0100] "GET /ticket2/opencms/no/buy/?page=1&edid=67B3819E-C203-F7C9-1C5C-2A1AF592C733&sortorder=asc&column=row HTTP/1.1" 200 108953
67.144.2.241 - - [11/Feb/2025:00:37:35 +0100] "GET /ticket2/opencms/sv/buy/?page=1&edid=A018D37D-1B56-53F5-2D1D-89426509C62B HTTP/1.1" 200 109950
54.36.148.251 - - [11/Feb/2025:00:37:39 +0100] "GET /ticket2/opencms/bs/buy?page=1&edid=C5E6BD6B-6997-F99C-5497-F6687FA84598 HTTP/1.1" 200 106271
37.123.143.11 - - [11/Feb/2025:00:37:39 +0100] "GET /ticket2/opencms/system/workplace/views/top_foot.jsp?wpFrame=foot HTTP/1.1" 200 1210
37.123.143.11 - - [11/Feb/2025:00:37:39 +0100] "GET /ticket2/opencms/system/workplace/commons/style/workplace.css HTTP/1.1" 200 14209
192.99.15.34 - - [11/Feb/2025:00:37:40 +0100] "GET /ticket2/opencms/no/buy/?page=1&edid=6EB73123-E284-7FA6-0201-740BB788C8E1&sortorder=asc&column=price HTTP/1.1" 200 109637
213.180.203.110 - - [11/Feb/2025:00:37:43 +0100] "GET /ticket2/opencms/system/modules/com.gridnine.opencms.ticketbrokerage.site/resources/js/jquery/jquery-ui.js HTTP/1.1" 200 228088
192.99.15.34 - - [11/Feb/2025:00:37:46 +0100] "GET /ticket2/opencms/no/buy/?page=1&edid=6EB73123-E284-7FA6-0201-740BB788C8E1&sortorder=asc&column=row HTTP/1.1" 200 109571
66.249.79.102 - - [11/Feb/2025:00:37:47 +0100] "GET /ticket2/opencms/fr/buy/?page=1&edid=F8093B0F-0671-8BAD-4914-C12550D964A6 HTTP/1.1" 200 114569
67.144.2.241 - - [11/Feb/2025:00:37:48 +0100] "GET /ticket2/opencms/sv/buy/?page=1&edid=A097D631-1638-67A3-75EF-ECE1312263EC HTTP/1.1" 200 106061
66.249.68.5 - - [11/Feb/2025:00:37:48 +0100] "GET /ticket2/opencms/mo/sell/?edid=51B4378F-6A88-5221-C69B-C34E0BB6A16E HTTP/1.1" 302 -
54.36.148.50 - - [11/Feb/2025:00:37:52 +0100] "GET /ticket2/opencms/it/magazine HTTP/1.1" 200 87511
66.249.79.33 - - [11/Feb/2025:00:37:52 +0100] "GET /ticket2/opencms/mo/login/?url=/mo/sell/ HTTP/1.1" 200 89760
202.8.43.204 - - [11/Feb/2025:00:37:53 +0100] "GET /ticket2/opencms/system/modules/com.gridnine.opencms.ticketbrokerage.site/resources/css/calendar.css HTTP/1.1" 200 6871
202.8.43.204 - - [11/Feb/2025:00:37:53 +0100] "GET /ticket2/opencms/system/modules/com.gridnine.opencms.ticketbrokerage.site/resources/css/ticketbrokerage.css HTTP/1.1" 200 39339
202.8.43.204 - - [11/Feb/2025:00:37:53 +0100] "GET /ticket2/opencms/system/modules/com.gridnine.opencms.ticketbrokerage.site/resources/css/jquery-ui.css HTTP/1.1" 200 33221
202.8.43.204 - - [11/Feb/2025:00:37:53 +0100] "GET /ticket2/opencms/system/modules/com.gridnine.opencms.ticketbrokerage.site/resources/css/jquery.fancybox.css HTTP/1.1" 200 4939
202.8.43.204 - - [11/Feb/2025:00:37:53 +0100] "GET /ticket2/opencms/system/modules/com.gridnine.opencms.ticketbrokerage.site/resources/css/standard.css HTTP/1.1" 200 73904
202.8.43.204 - - [11/Feb/2025:00:37:53 +0100] "GET /ticket2/opencms/system/modules/com.gridnine.opencms.ticketbrokerage.site/resources/js/jquery/jquery.js HTTP/1.1" 200 93868
202.8.43.204 - - [11/Feb/2025:00:37:53 +0100] "GET /ticket2/opencms/system/modules/com.gridnine.opencms.ticketbrokerage.site/resources/js/functions.js HTTP/1.1" 200 1583
202.8.43.204 - - [11/Feb/2025:00:37:53 +0100] "GET /ticket2/opencms/system/modules/com.gridnine.opencms.ticketbrokerage.site/resources/js/calendar-en.js HTTP/1.1" 200 3338
202.8.43.204 - - [11/Feb/2025:00:37:53 +0100] "GET /ticket2/opencms/system/modules/com.gridnine.opencms.ticketbrokerage.site/resources/js/calendar-setup.js HTTP/1.1" 200 4923
202.8.43.204 - - [11/Feb/2025:00:37:53 +0100] "GET /ticket2/opencms/system/modules/com.gridnine.opencms.ticketbrokerage.site/resources/js/calendar.js HTTP/1.1" 200 49229
202.8.43.204 - - [11/Feb/2025:00:37:53 +0100] "GET /ticket2/opencms/system/modules/com.gridnine.opencms.ticketbrokerage.site/resources/js/jquery/jquery-ui.js HTTP/1.1" 200 228088
54.36.148.245 - - [11/Feb/2025:00:37:53 +0100] "GET /ticket2/opencms/cs/buy?page=1&edid=EE1094B0-5F8D-7F5A-3592-6F4F9BDBF532 HTTP/1.1" 200 133380
202.8.43.204 - - [11/Feb/2025:00:37:53 +0100] "GET /ticket2/opencms/system/modules/com.gridnine.opencms.ticketbrokerage.site/resources/js/jquery.fancybox.pack.js HTTP/1.1" 200 23187
202.8.43.204 - - [11/Feb/2025:00:37:53 +0100] "GET /ticket2/opencms/system/modules/com.gridnine.opencms.ticketbrokerage.site/resources/js/stickyfill.min.js HTTP/1.1" 200 5672
202.8.43.204 - - [11/Feb/2025:00:37:53 +0100] "GET /ticket2/opencms/system/modules/com.gridnine.opencms.ticketbrokerage.site/resources/js/standard.js HTTP/1.1" 200 3983
202.8.43.204 - - [11/Feb/2025:00:37:53 +0100] "GET /ticket2/opencms/system/modules/com.gridnine.opencms.ticketbrokerage.site/resources/js/jquery.placeholder.min.js HTTP/1.1" 200 1737
202.8.43.204 - - [11/Feb/2025:00:37:53 +0100] "GET /ticket2/opencms/system/modules/com.gridnine.opencms.ticketbrokerage.site/resources/js/common-ajax.js HTTP/1.1" 200 20175
192.99.15.34 - - [11/Feb/2025:00:37:57 +0100] "GET /ticket2/opencms/no/buy/?page=1&edid=6EB89E9D-BF45-2307-D154-47CDC64ABF4D&sortorder=desc&column=section HTTP/1.1" 200 110344
54.36.149.18 - - [11/Feb/2025:00:37:59 +0100] "GET /ticket2/opencms/lt/buy?page=1&edid=A4CA2F1E-95F7-CE47-5A50-DF7E2BC18D85 HTTP/1.1" 200 118573
202.8.43.210 - - [11/Feb/2025:00:38:00 +0100] "GET /ticket2/opencms/system/modules/com.gridnine.opencms.ticketbrokerage.site/resources/css/standard.css HTTP/1.1" 200 73904
202.8.43.210 - - [11/Feb/2025:00:38:00 +0100] "GET /ticket2/opencms/system/modules/com.gridnine.opencms.ticketbrokerage.site/resources/css/jquery-ui.css HTTP/1.1" 200 33221
202.8.43.210 - - [11/Feb/2025:00:38:00 +0100] "GET /ticket2/opencms/system/modules/com.gridnine.opencms.ticketbrokerage.site/resources/css/jquery.fancybox.css HTTP/1.1" 200 4939
202.8.43.210 - - [11/Feb/2025:00:38:00 +0100] "GET /ticket2/opencms/system/modules/com.gridnine.opencms.ticketbrokerage.site/resources/css/calendar.css HTTP/1.1" 200 6871
202.8.43.210 - - [11/Feb/2025:00:38:00 +0100] "GET /ticket2/opencms/system/modules/com.gridnine.opencms.ticketbrokerage.site/resources/css/ticketbrokerage.css HTTP/1.1" 200 39339
202.8.43.210 - - [11/Feb/2025:00:38:00 +0100] "GET /ticket2/opencms/system/modules/com.gridnine.opencms.ticketbrokerage.site/resources/js/jquery/jquery.js HTTP/1.1" 200 93868
202.8.43.210 - - [11/Feb/2025:00:38:00 +0100] "GET /ticket2/opencms/system/modules/com.gridnine.opencms.ticketbrokerage.site/resources/js/functions.js HTTP/1.1" 200 1583
202.8.43.210 - - [11/Feb/2025:00:38:00 +0100] "GET /ticket2/opencms/system/modules/com.gridnine.opencms.ticketbrokerage.site/resources/js/calendar-en.js HTTP/1.1" 200 3338
202.8.43.210 - - [11/Feb/2025:00:38:00 +0100] "GET /ticket2/opencms/system/modules/com.gridnine.opencms.ticketbrokerage.site/resources/js/jquery/jquery-ui.js HTTP/1.1" 200 228088
202.8.43.210 - - [11/Feb/2025:00:38:00 +0100] "GET /ticket2/opencms/system/modules/com.gridnine.opencms.ticketbrokerage.site/resources/js/calendar.js HTTP/1.1" 200 49229
202.8.43.210 - - [11/Feb/2025:00:38:00 +0100] "GET /ticket2/opencms/system/modules/com.gridnine.opencms.ticketbrokerage.site/resources/js/calendar-setup.js HTTP/1.1" 200 4923
202.8.43.210 - - [11/Feb/2025:00:38:00 +0100] "GET /ticket2/opencms/system/modules/com.gridnine.opencms.ticketbrokerage.site/resources/js/stickyfill.min.js HTTP/1.1" 200 5672
202.8.43.210 - - [11/Feb/2025:00:38:00 +0100] "GET /ticket2/opencms/system/modules/com.gridnine.opencms.ticketbrokerage.site/resources/js/jquery.fancybox.pack.js HTTP/1.1" 200 23187
202.8.43.210 - - [11/Feb/2025:00:38:00 +0100] "GET /ticket2/opencms/system/modules/com.gridnine.opencms.ticketbrokerage.site/resources/js/standard.js HTTP/1.1" 200 3983
202.8.43.210 - - [11/Feb/2025:00:38:01 +0100] "GET /ticket2/opencms/system/modules/com.gridnine.opencms.ticketbrokerage.site/resources/js/jquery.placeholder.min.js HTTP/1.1" 200 1737
202.8.43.210 - - [11/Feb/2025:00:38:01 +0100] "GET /ticket2/opencms/system/modules/com.gridnine.opencms.ticketbrokerage.site/resources/js/common-ajax.js HTTP/1.1" 200 20175
202.8.43.210 - - [11/Feb/2025:00:38:01 +0100] "GET /ticket2/opencms/lt/ask-form.html HTTP/1.1" 200 3156
202.8.43.210 - - [11/Feb/2025:00:38:01 +0100] "GET /ticket2/opencms/system/modules/com.gridnine.opencms.ticketbrokerage.site/resources/css/ticketbrokerage.css HTTP/1.1" 200 39339
185.191.171.12 - - [11/Feb/2025:00:38:04 +0100] "GET /ticket2/opencms/fi/magazine/article?title=joel-matip-jattaa-liverpool-fcn HTTP/1.1" 200 87011
192.99.15.34 - - [11/Feb/2025:00:38:04 +0100] "GET /ticket2/opencms/no/buy/?page=1&edid=6EF54CBA-5DCA-5833-4E9A-B83BE735B97A&sortorder=asc&column=price HTTP/1.1" 200 109433
54.36.149.34 - - [11/Feb/2025:00:38:06 +0100] "GET /ticket2/opencms/sr/buy/?page=1&edid=CF32B661-EE4F-F747-28AF-37DD4D7B9912 HTTP/1.1" 200 106989
192.99.15.34 - - [11/Feb/2025:00:38:10 +0100] "GET /ticket2/opencms/no/buy/?page=1&edid=6EF54CBA-5DCA-5833-4E9A-B83BE735B97A&sortorder=asc&column=row HTTP/1.1" 200 109367
66.249.76.170 - - [11/Feb/2025:00:38:13 +0100] "GET /ticket2/opencms/ga/buy/?page=1&edid=A63CB229-A1A5-6049-4462-09D8A2D4CF7F HTTP/1.1" 200 110487
67.144.2.241 - - [11/Feb/2025:00:38:13 +0100] "GET /ticket2/opencms/sv/buy/?page=1&edid=A0A7CA58-454E-5143-39D9-E12AD1AFDC1A HTTP/1.1" 200 109495
192.99.15.34 - - [11/Feb/2025:00:38:14 +0100] "GET /ticket2/opencms/no/buy/?page=1&edid=6EF54CBA-5DCA-5833-4E9A-B83BE735B97A&sortorder=desc&column=price HTTP/1.1" 200 109465
66.249.68.37 - - [11/Feb/2025:00:38:18 +0100] "GET /ticket2/opencms/fr/buy?page=1&edid=36B8587B-9BD4-1599-9368-E59F9780F9A9 HTTP/1.1" 200 143071
192.99.15.34 - - [11/Feb/2025:00:38:21 +0100] "GET /ticket2/opencms/no/buy/?page=1&edid=6FC750EC-74FC-8FD0-F9AA-382A290160FE HTTP/1.1" 200 108707
54.36.149.49 - - [11/Feb/2025:00:38:23 +0100] "GET /ticket2/opencms/no/buy?page=1&edid=0BE732AB-67CD-FDAE-FCB3-FFE731054A7F HTTP/1.1" 200 105932
67.144.2.241 - - [11/Feb/2025:00:38:24 +0100] "GET /ticket2/opencms/sv/buy/?page=1&edid=A0E68CCA-D812-4478-E278-D92BB49EB81B HTTP/1.1" 200 108194
40.77.167.144 - - [11/Feb/2025:00:38:24 +0100] "GET /ticket2/opencms/sv/sport/fotbollsbiljetter/la_liga/granada/ HTTP/1.1" 200 86776
192.99.15.34 - - [11/Feb/2025:00:38:26 +0100] "GET /ticket2/opencms/no/buy/?page=1&edid=70FDC3DC-F515-C07F-B4AD-EDA83BDCA260&sortorder=asc&column=price HTTP/1.1" 200 109215
47.128.45.75 - - [11/Feb/2025:00:38:28 +0100] "GET /ticket2/opencms/en/venue/?countryid=8858D171-8914-8DFD-A2E4-50FE56A44627 HTTP/1.1" 200 112619
192.99.15.34 - - [11/Feb/2025:00:38:31 +0100] "GET /ticket2/opencms/no/buy/?page=1&edid=70FDC3DC-F515-C07F-B4AD-EDA83BDCA260&sortorder=asc&column=section HTTP/1.1" 200 109281
54.36.148.26 - - [11/Feb/2025:00:38:33 +0100] "GET /ticket2/opencms/hu/buy/?page=1&edid=118A3802-D725-F51C-C728-F00DE572E0E3 HTTP/1.1" 200 110130
40.77.167.33 - - [11/Feb/2025:00:38:36 +0100] "GET /ticket2/opencms/en/buy/?page=1&edid=E6BF5AD1-BE0F-B988-8995-E2E5D8BDCA2A HTTP/1.1" 200 114171
192.99.15.34 - - [11/Feb/2025:00:38:36 +0100] "GET /ticket2/opencms/no/buy/?page=1&edid=70FDC3DC-F515-C07F-B4AD-EDA83BDCA260&sortorder=desc&column=row HTTP/1.1" 200 109181
40.77.167.33 - - [11/Feb/2025:00:38:36 +0100] "GET /ticket2/opencms/dk/magazine/article?title=em-stjernerne-der-googles-mest-og-er-storst-pa-instagram HTTP/1.1" 200 85969
54.36.148.119 - - [11/Feb/2025:00:38:39 +0100] "GET /ticket2/opencms/en/buy?page=1&edid=17260F4F-A849-5FCD-F08C-3E4A05EF4080 HTTP/1.1" 200 104740
192.99.15.34 - - [11/Feb/2025:00:38:42 +0100] "GET /ticket2/opencms/no/buy/?page=1&edid=711223BE-D05E-566D-FDDF-32EDF3B51832&sortorder=asc&column=row HTTP/1.1" 200 110007
67.144.2.241 - - [11/Feb/2025:00:38:45 +0100] "GET /ticket2/opencms/sv/buy/?page=1&edid=A2A786F9-D5CA-6540-7624-97AD3CDCA325 HTTP/1.1" 200 109312
54.36.148.113 - - [11/Feb/2025:00:38:45 +0100] "GET /ticket2/opencms/it/buy?page=1&edid=5CC4C245-B3B0-1B51-B1DB-D9E8D9C1C476 HTTP/1.1" 200 122628
66.249.79.36 - - [11/Feb/2025:00:38:45 +0100] "GET /ticket2/opencms/pl/buy/?page=1&edid=083AE95D-096C-41BA-96E0-6A784C0A08FB HTTP/1.1" 200 109410
202.8.42.61 - - [11/Feb/2025:00:38:46 +0100] "GET /ticket2/opencms/system/modules/com.gridnine.opencms.ticketbrokerage.site/resources/css/calendar.css HTTP/1.1" 200 6871
202.8.42.61 - - [11/Feb/2025:00:38:46 +0100] "GET /ticket2/opencms/system/modules/com.gridnine.opencms.ticketbrokerage.site/resources/css/jquery.fancybox.css HTTP/1.1" 200 4939
202.8.42.61 - - [11/Feb/2025:00:38:46 +0100] "GET /ticket2/opencms/system/modules/com.gridnine.opencms.ticketbrokerage.site/resources/css/jquery-ui.css HTTP/1.1" 200 33221
202.8.42.61 - - [11/Feb/2025:00:38:46 +0100] "GET /ticket2/opencms/system/modules/com.gridnine.opencms.ticketbrokerage.site/resources/css/standard.css HTTP/1.1" 200 73904
202.8.42.61 - - [11/Feb/2025:00:38:46 +0100] "GET /ticket2/opencms/system/modules/com.gridnine.opencms.ticketbrokerage.site/resources/js/jquery/jquery.js HTTP/1.1" 200 93868
202.8.42.61 - - [11/Feb/2025:00:38:46 +0100] "GET /ticket2/opencms/system/modules/com.gridnine.opencms.ticketbrokerage.site/resources/css/ticketbrokerage.css HTTP/1.1" 200 39339
202.8.42.61 - - [11/Feb/2025:00:38:46 +0100] "GET /ticket2/opencms/system/modules/com.gridnine.opencms.ticketbrokerage.site/resources/js/calendar.js HTTP/1.1" 200 49229
202.8.42.61 - - [11/Feb/2025:00:38:46 +0100] "GET /ticket2/opencms/system/modules/com.gridnine.opencms.ticketbrokerage.site/resources/js/calendar-en.js HTTP/1.1" 200 3338
202.8.42.61 - - [11/Feb/2025:00:38:46 +0100] "GET /ticket2/opencms/system/modules/com.gridnine.opencms.ticketbrokerage.site/resources/js/jquery/jquery-ui.js HTTP/1.1" 200 228088
202.8.42.61 - - [11/Feb/2025:00:38:46 +0100] "GET /ticket2/opencms/system/modules/com.gridnine.opencms.ticketbrokerage.site/resources/js/functions.js HTTP/1.1" 200 1583
202.8.42.61 - - [11/Feb/2025:00:38:46 +0100] "GET /ticket2/opencms/system/modules/com.gridnine.opencms.ticketbrokerage.site/resources/js/calendar-setup.js HTTP/1.1" 200 4923
202.8.42.61 - - [11/Feb/2025:00:38:46 +0100] "GET /ticket2/opencms/system/modules/com.gridnine.opencms.ticketbrokerage.site/resources/js/jquery.fancybox.pack.js HTTP/1.1" 200 23187
202.8.42.61 - - [11/Feb/2025:00:38:46 +0100] "GET /ticket2/opencms/system/modules/com.gridnine.opencms.ticketbrokerage.site/resources/js/stickyfill.min.js HTTP/1.1" 200 5672
202.8.42.61 - - [11/Feb/2025:00:38:46 +0100] "GET /ticket2/opencms/system/modules/com.gridnine.opencms.ticketbrokerage.site/resources/js/standard.js HTTP/1.1" 200 3983
202.8.42.61 - - [11/Feb/2025:00:38:46 +0100] "GET /ticket2/opencms/system/modules/com.gridnine.opencms.ticketbrokerage.site/resources/js/jquery.placeholder.min.js HTTP/1.1" 200 1737
202.8.42.61 - - [11/Feb/2025:00:38:47 +0100] "GET /ticket2/opencms/system/modules/com.gridnine.opencms.ticketbrokerage.site/resources/js/common-ajax.js HTTP/1.1" 200 20175
202.8.42.61 - - [11/Feb/2025:00:38:47 +0100] "GET /ticket2/opencms/it/ask-form.html HTTP/1.1" 200 3156
202.8.42.61 - - [11/Feb/2025:00:38:47 +0100] "GET /ticket2/opencms/system/modules/com.gridnine.opencms.ticketbrokerage.site/resources/css/ticketbrokerage.css HTTP/1.1" 200 39339
54.36.149.60 - - [11/Feb/2025:00:38:47 +0100] "GET /ticket2/opencms/mt/buy?page=1&edid=0C94170C-17F1-0823-E8AC-91EC149F33EC HTTP/1.1" 200 133725
192.99.15.34 - - [11/Feb/2025:00:38:47 +0100] "GET /ticket2/opencms/no/buy/?page=1&edid=711223BE-D05E-566D-FDDF-32EDF3B51832&sortorder=desc&column=row HTTP/1.1" 200 110039
54.36.148.184 - - [11/Feb/2025:00:38:48 +0100] "GET /ticket2/opencms/sv/buy/?page=1&edid=E1CACBEB-5FB5-F359-D95F-1110648BB53A HTTP/1.1" 200 133595
192.99.15.34 - - [11/Feb/2025:00:38:53 +0100] "GET /ticket2/opencms/no/buy/?page=1&edid=711223BE-D05E-566D-FDDF-32EDF3B51832&sortorder=desc&column=section HTTP/1.1" 200 110171
54.36.149.36 - - [11/Feb/2025:00:38:57 +0100] "GET /ticket2/opencms/hr/buy?page=1&edid=AAD8B8EA-9AED-21A9-2967-40D5EB8A5581 HTTP/1.1" 200 106397
192.99.15.34 - - [11/Feb/2025:00:38:58 +0100] "GET /ticket2/opencms/no/buy/?page=1&edid=7120C207-B2B4-FC1F-26E8-1A7CADFA22DF&sortorder=asc&column=price HTTP/1.1" 200 109211
202.8.42.187 - - [11/Feb/2025:00:38:58 +0100] "GET /ticket2/opencms/system/modules/com.gridnine.opencms.ticketbrokerage.site/resources/css/jquery-ui.css HTTP/1.1" 200 33221
202.8.42.187 - - [11/Feb/2025:00:38:58 +0100] "GET /ticket2/opencms/system/modules/com.gridnine.opencms.ticketbrokerage.site/resources/css/ticketbrokerage.css HTTP/1.1" 200 39339
202.8.42.187 - - [11/Feb/2025:00:38:58 +0100] "GET /ticket2/opencms/system/modules/com.gridnine.opencms.ticketbrokerage.site/resources/css/jquery.fancybox.css HTTP/1.1" 200 4939
202.8.42.187 - - [11/Feb/2025:00:38:58 +0100] "GET /ticket2/opencms/system/modules/com.gridnine.opencms.ticketbrokerage.site/resources/css/calendar.css HTTP/1.1" 200 6871
202.8.42.187 - - [11/Feb/2025:00:38:58 +0100] "GET /ticket2/opencms/system/modules/com.gridnine.opencms.ticketbrokerage.site/resources/css/standard.css HTTP/1.1" 200 73904
202.8.42.187 - - [11/Feb/2025:00:38:58 +0100] "GET /ticket2/opencms/system/modules/com.gridnine.opencms.ticketbrokerage.site/resources/js/jquery/jquery.js HTTP/1.1" 200 93868
202.8.42.187 - - [11/Feb/2025:00:38:58 +0100] "GET /ticket2/opencms/system/modules/com.gridnine.opencms.ticketbrokerage.site/resources/js/jquery/jquery-ui.js HTTP/1.1" 200 228088
202.8.42.187 - - [11/Feb/2025:00:38:58 +0100] "GET /ticket2/opencms/system/modules/com.gridnine.opencms.ticketbrokerage.site/resources/js/functions.js HTTP/1.1" 200 1583
202.8.42.187 - - [11/Feb/2025:00:38:58 +0100] "GET /ticket2/opencms/system/modules/com.gridnine.opencms.ticketbrokerage.site/resources/js/calendar.js HTTP/1.1" 200 49229
202.8.42.187 - - [11/Feb/2025:00:38:58 +0100] "GET /ticket2/opencms/system/modules/com.gridnine.opencms.ticketbrokerage.site/resources/js/calendar-setup.js HTTP/1.1" 200 4923
202.8.42.187 - - [11/Feb/2025:00:38:58 +0100] "GET /ticket2/opencms/system/modules/com.gridnine.opencms.ticketbrokerage.site/resources/js/calendar-en.js HTTP/1.1" 200 3338
202.8.42.187 - - [11/Feb/2025:00:38:59 +0100] "GET /ticket2/opencms/system/modules/com.gridnine.opencms.ticketbrokerage.site/resources/js/jquery.fancybox.pack.js HTTP/1.1" 200 23187
202.8.42.187 - - [11/Feb/2025:00:38:59 +0100] "GET /ticket2/opencms/system/modules/com.gridnine.opencms.ticketbrokerage.site/resources/js/stickyfill.min.js HTTP/1.1" 200 5672
202.8.42.187 - - [11/Feb/2025:00:38:59 +0100] "GET /ticket2/opencms/system/modules/com.gridnine.opencms.ticketbrokerage.site/resources/js/standard.js HTTP/1.1" 200 3983
202.8.42.187 - - [11/Feb/2025:00:38:59 +0100] "GET /ticket2/opencms/system/modules/com.gridnine.opencms.ticketbrokerage.site/resources/js/jquery.placeholder.min.js HTTP/1.1" 200 1737
85.208.96.200 - - [11/Feb/2025:00:38:59 +0100] "GET /ticket2/opencms/dk/magazine/article?title=manchester-city-risikerer-nedrykning HTTP/1.1" 200 85969
202.8.42.187 - - [11/Feb/2025:00:38:59 +0100] "GET /ticket2/opencms/system/modules/com.gridnine.opencms.ticketbrokerage.site/resources/js/common-ajax.js HTTP/1.1" 200 20175
202.8.42.187 - - [11/Feb/2025:00:38:59 +0100] "GET /ticket2/opencms/hr/ask-form.html HTTP/1.1" 200 3156
202.8.42.187 - - [11/Feb/2025:00:38:59 +0100] "GET /ticket2/opencms/system/modules/com.gridnine.opencms.ticketbrokerage.site/resources/css/ticketbrokerage.css HTTP/1.1" 200 39339
54.36.148.118 - - [11/Feb/2025:00:39:02 +0100] "GET /ticket2/opencms/bs/buy?page=1&edid=0BE732AB-67CD-FDAE-FCB3-FFE731054A7F HTTP/1.1" 200 106282
207.46.13.14 - - [11/Feb/2025:00:39:03 +0100] "GET /ticket2/opencms/nl/magazine/article?title=pep-guardiolas-voetbalrevolutie-de-invloed-van-een-tactische-meester HTTP/1.1" 200 84932
192.99.15.34 - - [11/Feb/2025:00:39:03 +0100] "GET /ticket2/opencms/no/buy/?page=1&edid=7120C207-B2B4-FC1F-26E8-1A7CADFA22DF&sortorder=asc&column=row HTTP/1.1" 200 109145
67.144.2.241 - - [11/Feb/2025:00:39:05 +0100] "GET /ticket2/opencms/sv/buy/?page=1&edid=A2CC090B-5B4E-7532-CAD5-925B7202C8D7 HTTP/1.1" 200 109248
54.36.148.13 - - [11/Feb/2025:00:39:06 +0100] "GET /ticket2/opencms/pl/buy?page=1&edid=C5E6BD6B-6997-F99C-5497-F6687FA84598 HTTP/1.1" 200 106326
193.70.81.116 - - [11/Feb/2025:00:39:08 +0100] "GET /ticket2/opencms/en/buy/?page=1&edid=DCF22239-47F2-2282-C13B-85FCE1D7C913 HTTP/1.1" 200 132264
192.99.15.34 - - [11/Feb/2025:00:39:08 +0100] "GET /ticket2/opencms/no/buy/?page=1&edid=7120C207-B2B4-FC1F-26E8-1A7CADFA22DF&sortorder=asc&column=section HTTP/1.1" 200 109277
114.119.152.77 - - [11/Feb/2025:00:39:08 +0100] "GET /ticket2/opencms/en/venue/?venueid=51FC812B-C1B1-D7F6-AA86-5EF0B49A7C89 HTTP/1.1" 200 83257
85.208.96.207 - - [11/Feb/2025:00:39:09 +0100] "GET /ticket2/opencms/sk/magazine/article?title=semifinale-francuzsko-vs-spanielsko HTTP/1.1" 200 87054
54.36.149.54 - - [11/Feb/2025:00:39:09 +0100] "GET /ticket2/opencms/be/buy?page=1&edid=FB619D25-A569-B2D3-A138-064ED3A662B4 HTTP/1.1" 200 112721
192.99.15.34 - - [11/Feb/2025:00:39:12 +0100] "GET /ticket2/opencms/no/buy/?page=1&edid=71F61C60-1B72-E1B9-AF4A-A83A1072B2A6&sortorder=asc&column=row HTTP/1.1" 200 108866
66.249.76.44 - - [11/Feb/2025:00:39:12 +0100] "GET /ticket2/opencms/fr/buy/?page=1&edid=0DC29C5C-A273-34CB-58F3-441C87554AF1 HTTP/1.1" 200 122587
66.249.68.65 - - [11/Feb/2025:00:39:14 +0100] "GET /ticket2/opencms/ga/magazine/article?title=manchester-city-ceannairi-don-cheathru-bliain-as-a-cheile HTTP/1.1" 200 86973
192.99.15.34 - - [11/Feb/2025:00:39:16 +0100] "GET /ticket2/opencms/no/buy/?page=1&edid=71F61C60-1B72-E1B9-AF4A-A83A1072B2A6&sortorder=asc&column=section HTTP/1.1" 200 108998
67.144.2.241 - - [11/Feb/2025:00:39:16 +0100] "GET /ticket2/opencms/sv/buy/?page=1&edid=A3BB5EE7-242B-8471-BA5F-84C702B85063 HTTP/1.1" 200 108399
54.36.148.114 - - [11/Feb/2025:00:39:18 +0100] "GET /ticket2/opencms/mo/buy/?page=1&edid=0E2185D1-6D42-D80F-0E47-29A01B6B0415 HTTP/1.1" 200 106643
192.99.15.34 - - [11/Feb/2025:00:39:20 +0100] "GET /ticket2/opencms/no/buy/?page=1&edid=71F61C60-1B72-E1B9-AF4A-A83A1072B2A6&sortorder=desc&column=price HTTP/1.1" 200 108964
54.36.148.226 - - [11/Feb/2025:00:39:22 +0100] "GET /ticket2/opencms/lv/buy?page=1&edid=1BEE5A38-DD94-3509-3225-C4A2986A386D HTTP/1.1" 200 109111
202.8.40.51 - - [11/Feb/2025:00:39:23 +0100] "GET /ticket2/opencms/system/modules/com.gridnine.opencms.ticketbrokerage.site/resources/css/jquery.fancybox.css HTTP/1.1" 200 4939
202.8.40.51 - - [11/Feb/2025:00:39:23 +0100] "GET /ticket2/opencms/system/modules/com.gridnine.opencms.ticketbrokerage.site/resources/css/jquery-ui.css HTTP/1.1" 200 33221
202.8.40.51 - - [11/Feb/2025:00:39:23 +0100] "GET /ticket2/opencms/system/modules/com.gridnine.opencms.ticketbrokerage.site/resources/css/ticketbrokerage.css HTTP/1.1" 200 39339
202.8.40.51 - - [11/Feb/2025:00:39:23 +0100] "GET /ticket2/opencms/system/modules/com.gridnine.opencms.ticketbrokerage.site/resources/css/calendar.css HTTP/1.1" 200 6871
202.8.40.51 - - [11/Feb/2025:00:39:23 +0100] "GET /ticket2/opencms/system/modules/com.gridnine.opencms.ticketbrokerage.site/resources/css/standard.css HTTP/1.1" 200 73904
202.8.40.51 - - [11/Feb/2025:00:39:23 +0100] "GET /ticket2/opencms/system/modules/com.gridnine.opencms.ticketbrokerage.site/resources/js/stickyfill.min.js HTTP/1.1" 200 5672
202.8.40.51 - - [11/Feb/2025:00:39:23 +0100] "GET /ticket2/opencms/system/modules/com.gridnine.opencms.ticketbrokerage.site/resources/js/jquery/jquery.js HTTP/1.1" 200 93868
202.8.40.51 - - [11/Feb/2025:00:39:23 +0100] "GET /ticket2/opencms/system/modules/com.gridnine.opencms.ticketbrokerage.site/resources/js/jquery/jquery-ui.js HTTP/1.1" 200 228088
202.8.40.51 - - [11/Feb/2025:00:39:23 +0100] "GET /ticket2/opencms/system/modules/com.gridnine.opencms.ticketbrokerage.site/resources/js/functions.js HTTP/1.1" 200 1583
202.8.40.51 - - [11/Feb/2025:00:39:23 +0100] "GET /ticket2/opencms/system/modules/com.gridnine.opencms.ticketbrokerage.site/resources/js/calendar.js HTTP/1.1" 200 49229
202.8.40.51 - - [11/Feb/2025:00:39:23 +0100] "GET /ticket2/opencms/system/modules/com.gridnine.opencms.ticketbrokerage.site/resources/js/calendar-en.js HTTP/1.1" 200 3338
202.8.40.51 - - [11/Feb/2025:00:39:23 +0100] "GET /ticket2/opencms/system/modules/com.gridnine.opencms.ticketbrokerage.site/resources/js/calendar-setup.js HTTP/1.1" 200 4923
202.8.40.51 - - [11/Feb/2025:00:39:23 +0100] "GET /ticket2/opencms/system/modules/com.gridnine.opencms.ticketbrokerage.site/resources/js/jquery.fancybox.pack.js HTTP/1.1" 200 23187
202.8.40.51 - - [11/Feb/2025:00:39:23 +0100] "GET /ticket2/opencms/system/modules/com.gridnine.opencms.ticketbrokerage.site/resources/js/standard.js HTTP/1.1" 200 3983
202.8.40.51 - - [11/Feb/2025:00:39:23 +0100] "GET /ticket2/opencms/system/modules/com.gridnine.opencms.ticketbrokerage.site/resources/js/jquery.placeholder.min.js HTTP/1.1" 200 1737
202.8.40.51 - - [11/Feb/2025:00:39:23 +0100] "GET /ticket2/opencms/system/modules/com.gridnine.opencms.ticketbrokerage.site/resources/js/common-ajax.js HTTP/1.1" 200 20175
202.8.40.51 - - [11/Feb/2025:00:39:23 +0100] "GET /ticket2/opencms/lv/ask-form.html HTTP/1.1" 200 3156
202.8.40.51 - - [11/Feb/2025:00:39:23 +0100] "GET /ticket2/opencms/system/modules/com.gridnine.opencms.ticketbrokerage.site/resources/css/ticketbrokerage.css HTTP/1.1" 200 39339
192.99.15.34 - - [11/Feb/2025:00:39:24 +0100] "GET /ticket2/opencms/no/buy/?page=1&edid=722DA956-8F42-A240-7CA3-BEA14EEA1B61&sortorder=desc&column=row HTTP/1.1" 200 109980
54.36.149.16 - - [11/Feb/2025:00:39:24 +0100] "GET /ticket2/opencms/mo/buy/?page=1&edid=5F5129B2-1702-C675-5051-34240EBE11DF HTTP/1.1" 200 106627
54.36.148.161 - - [11/Feb/2025:00:39:26 +0100] "GET /ticket2/opencms/lt/buy?page=1&edid=1AD4E11C-C792-1721-4D1A-2229101A30FD HTTP/1.1" 200 143231
192.99.15.34 - - [11/Feb/2025:00:39:28 +0100] "GET /ticket2/opencms/no/buy/?page=1&edid=722DA956-8F42-A240-7CA3-BEA14EEA1B61&sortorder=desc&column=section HTTP/1.1" 200 110112
54.36.149.20 - - [11/Feb/2025:00:39:29 +0100] "GET /ticket2/opencms/ga/buy?page=1&edid=0BE732AB-67CD-FDAE-FCB3-FFE731054A7F HTTP/1.1" 200 106800
185.191.171.3 - - [11/Feb/2025:00:39:30 +0100] "GET /ticket2/opencms/uk/magazine/article?title=lionel-messi-one-of-the-most-sought-after-talents-of-all-time HTTP/1.1" 200 87798
54.36.148.94 - - [11/Feb/2025:00:39:31 +0100] "GET /ticket2/opencms/it/buy?page=1&edid=F7378244-15B7-A239-317C-1FF50D66CBB3 HTTP/1.1" 200 106163
192.99.15.34 - - [11/Feb/2025:00:39:31 +0100] "GET /ticket2/opencms/no/buy/?page=1&edid=724A83C9-CDED-0E27-D4D6-2D13687BF857&sortorder=desc&column=section HTTP/1.1" 200 106982
202.8.40.235 - - [11/Feb/2025:00:39:32 +0100] "GET /ticket2/opencms/system/modules/com.gridnine.opencms.ticketbrokerage.site/resources/css/jquery-ui.css HTTP/1.1" 200 33221
202.8.40.235 - - [11/Feb/2025:00:39:32 +0100] "GET /ticket2/opencms/system/modules/com.gridnine.opencms.ticketbrokerage.site/resources/css/ticketbrokerage.css HTTP/1.1" 200 39339
202.8.40.235 - - [11/Feb/2025:00:39:32 +0100] "GET /ticket2/opencms/system/modules/com.gridnine.opencms.ticketbrokerage.site/resources/css/standard.css HTTP/1.1" 200 73904
202.8.40.235 - - [11/Feb/2025:00:39:32 +0100] "GET /ticket2/opencms/system/modules/com.gridnine.opencms.ticketbrokerage.site/resources/css/jquery.fancybox.css HTTP/1.1" 200 4939
202.8.40.235 - - [11/Feb/2025:00:39:32 +0100] "GET /ticket2/opencms/system/modules/com.gridnine.opencms.ticketbrokerage.site/resources/css/calendar.css HTTP/1.1" 200 6871
202.8.40.235 - - [11/Feb/2025:00:39:32 +0100] "GET /ticket2/opencms/system/modules/com.gridnine.opencms.ticketbrokerage.site/resources/js/jquery/jquery.js HTTP/1.1" 200 93868
202.8.40.235 - - [11/Feb/2025:00:39:32 +0100] "GET /ticket2/opencms/system/modules/com.gridnine.opencms.ticketbrokerage.site/resources/js/functions.js HTTP/1.1" 200 1583
202.8.40.235 - - [11/Feb/2025:00:39:32 +0100] "GET /ticket2/opencms/system/modules/com.gridnine.opencms.ticketbrokerage.site/resources/js/calendar.js HTTP/1.1" 200 49229
202.8.40.235 - - [11/Feb/2025:00:39:32 +0100] "GET /ticket2/opencms/system/modules/com.gridnine.opencms.ticketbrokerage.site/resources/js/jquery/jquery-ui.js HTTP/1.1" 200 228088
202.8.40.235 - - [11/Feb/2025:00:39:32 +0100] "GET /ticket2/opencms/system/modules/com.gridnine.opencms.ticketbrokerage.site/resources/js/calendar-en.js HTTP/1.1" 200 3338
202.8.40.235 - - [11/Feb/2025:00:39:32 +0100] "GET /ticket2/opencms/system/modules/com.gridnine.opencms.ticketbrokerage.site/resources/js/calendar-setup.js HTTP/1.1" 200 4923
202.8.40.235 - - [11/Feb/2025:00:39:32 +0100] "GET /ticket2/opencms/system/modules/com.gridnine.opencms.ticketbrokerage.site/resources/js/jquery.fancybox.pack.js HTTP/1.1" 200 23187
202.8.40.235 - - [11/Feb/2025:00:39:32 +0100] "GET /ticket2/opencms/system/modules/com.gridnine.opencms.ticketbrokerage.site/resources/js/stickyfill.min.js HTTP/1.1" 200 5672
202.8.40.235 - - [11/Feb/2025:00:39:32 +0100] "GET /ticket2/opencms/system/modules/com.gridnine.opencms.ticketbrokerage.site/resources/js/standard.js HTTP/1.1" 200 3983
202.8.40.235 - - [11/Feb/2025:00:39:32 +0100] "GET /ticket2/opencms/system/modules/com.gridnine.opencms.ticketbrokerage.site/resources/js/jquery.placeholder.min.js HTTP/1.1" 200 1737
202.8.40.235 - - [11/Feb/2025:00:39:33 +0100] "GET /ticket2/opencms/system/modules/com.gridnine.opencms.ticketbrokerage.site/resources/js/common-ajax.js HTTP/1.1" 200 20175
202.8.40.235 - - [11/Feb/2025:00:39:33 +0100] "GET /ticket2/opencms/it/ask-form.html HTTP/1.1" 200 3156
202.8.40.235 - - [11/Feb/2025:00:39:33 +0100] "GET /ticket2/opencms/system/modules/com.gridnine.opencms.ticketbrokerage.site/resources/css/ticketbrokerage.css HTTP/1.1" 200 39339
114.119.139.202 - - [11/Feb/2025:00:39:33 +0100] "GET /ticket2/opencms/es/buy/?page=1&edid=E283AC65-3197-392C-E040-FCBDD904729E HTTP/1.1" 200 119767
54.36.148.254 - - [11/Feb/2025:00:39:34 +0100] "GET /ticket2/opencms/mo/buy?page=1&edid=50375D23-8B44-5172-3FB1-755B660EE76F HTTP/1.1" 200 112715
85.208.96.208 - - [11/Feb/2025:00:39:34 +0100] "GET /ticket2/opencms/dk/sport/fodboldbilletter/premier-league/liverpool/ HTTP/1.1" 200 91895
202.8.43.114 - - [11/Feb/2025:00:39:35 +0100] "GET /ticket2/opencms/system/modules/com.gridnine.opencms.ticketbrokerage.site/resources/css/ticketbrokerage.css HTTP/1.1" 200 39339
202.8.43.114 - - [11/Feb/2025:00:39:35 +0100] "GET /ticket2/opencms/system/modules/com.gridnine.opencms.ticketbrokerage.site/resources/css/calendar.css HTTP/1.1" 200 6871
202.8.43.114 - - [11/Feb/2025:00:39:35 +0100] "GET /ticket2/opencms/system/modules/com.gridnine.opencms.ticketbrokerage.site/resources/css/standard.css HTTP/1.1" 200 73904
202.8.43.114 - - [11/Feb/2025:00:39:35 +0100] "GET /ticket2/opencms/system/modules/com.gridnine.opencms.ticketbrokerage.site/resources/js/jquery/jquery.js HTTP/1.1" 200 93868
202.8.43.114 - - [11/Feb/2025:00:39:35 +0100] "GET /ticket2/opencms/system/modules/com.gridnine.opencms.ticketbrokerage.site/resources/js/jquery/jquery-ui.js HTTP/1.1" 200 228088
202.8.43.114 - - [11/Feb/2025:00:39:35 +0100] "GET /ticket2/opencms/system/modules/com.gridnine.opencms.ticketbrokerage.site/resources/js/functions.js HTTP/1.1" 200 1583
192.99.15.34 - - [11/Feb/2025:00:39:35 +0100] "GET /ticket2/opencms/no/buy/?page=1&edid=740DC06F-4C9B-DF17-4BB3-1F2F59295516&sortorder=desc&column=price HTTP/1.1" 200 106902
202.8.43.114 - - [11/Feb/2025:00:39:35 +0100] "GET /ticket2/opencms/system/modules/com.gridnine.opencms.ticketbrokerage.site/resources/js/calendar-en.js HTTP/1.1" 200 3338
202.8.43.114 - - [11/Feb/2025:00:39:35 +0100] "GET /ticket2/opencms/system/modules/com.gridnine.opencms.ticketbrokerage.site/resources/js/calendar.js HTTP/1.1" 200 49229
202.8.43.114 - - [11/Feb/2025:00:39:35 +0100] "GET /ticket2/opencms/system/modules/com.gridnine.opencms.ticketbrokerage.site/resources/js/calendar-setup.js HTTP/1.1" 200 4923
202.8.43.114 - - [11/Feb/2025:00:39:35 +0100] "GET /ticket2/opencms/system/modules/com.gridnine.opencms.ticketbrokerage.site/resources/js/standard.js HTTP/1.1" 200 3983
202.8.43.114 - - [11/Feb/2025:00:39:35 +0100] "GET /ticket2/opencms/mo/ask-form.html HTTP/1.1" 200 3156
202.8.43.114 - - [11/Feb/2025:00:39:36 +0100] "GET /ticket2/opencms/system/modules/com.gridnine.opencms.ticketbrokerage.site/resources/css/ticketbrokerage.css HTTP/1.1" 200 39339
54.36.148.177 - - [11/Feb/2025:00:39:38 +0100] "GET /ticket2/opencms/mt/buy?page=1&edid=160DAC9A-2A77-6FDC-52B8-296352B1ABF1 HTTP/1.1" 200 136096
192.99.15.34 - - [11/Feb/2025:00:39:39 +0100] "GET /ticket2/opencms/no/buy/?page=1&edid=740DC06F-4C9B-DF17-4BB3-1F2F59295516&sortorder=desc&column=section HTTP/1.1" 200 106968
47.128.127.35 - - [11/Feb/2025:00:39:40 +0100] "GET /ticket2/opencms/is/buy/?edid=C3116C51-41DE-7C13-575E-661138774698 HTTP/1.1" 200 89314
67.144.2.241 - - [11/Feb/2025:00:39:41 +0100] "GET /ticket2/opencms/sv/buy/?page=1&edid=A443FF53-1C00-C4E0-1D4A-9FD8734D5FCD&sortorder=asc&column=row HTTP/1.1" 200 109047
54.36.148.58 - - [11/Feb/2025:00:39:41 +0100] "GET /ticket2/opencms/hu/sport/focijegyek/bundesliga/union_berlin HTTP/1.1" 200 95747
202.8.40.96 - - [11/Feb/2025:00:39:42 +0100] "GET /ticket2/opencms/system/modules/com.gridnine.opencms.ticketbrokerage.site/resources/css/jquery-ui.css HTTP/1.1" 200 33221
202.8.40.96 - - [11/Feb/2025:00:39:42 +0100] "GET /ticket2/opencms/system/modules/com.gridnine.opencms.ticketbrokerage.site/resources/css/standard.css HTTP/1.1" 200 73904
202.8.40.96 - - [11/Feb/2025:00:39:42 +0100] "GET /ticket2/opencms/system/modules/com.gridnine.opencms.ticketbrokerage.site/resources/css/ticketbrokerage.css HTTP/1.1" 200 39339
202.8.40.96 - - [11/Feb/2025:00:39:42 +0100] "GET /ticket2/opencms/system/modules/com.gridnine.opencms.ticketbrokerage.site/resources/css/jquery.fancybox.css HTTP/1.1" 200 4939
202.8.40.96 - - [11/Feb/2025:00:39:43 +0100] "GET /ticket2/opencms/system/modules/com.gridnine.opencms.ticketbrokerage.site/resources/css/calendar.css HTTP/1.1" 200 6871
202.8.40.96 - - [11/Feb/2025:00:39:43 +0100] "GET /ticket2/opencms/system/modules/com.gridnine.opencms.ticketbrokerage.site/resources/js/jquery/jquery.js HTTP/1.1" 200 93868
202.8.40.96 - - [11/Feb/2025:00:39:43 +0100] "GET /ticket2/opencms/system/modules/com.gridnine.opencms.ticketbrokerage.site/resources/js/jquery/jquery-ui.js HTTP/1.1" 200 228088
202.8.40.96 - - [11/Feb/2025:00:39:43 +0100] "GET /ticket2/opencms/system/modules/com.gridnine.opencms.ticketbrokerage.site/resources/js/functions.js HTTP/1.1" 200 1583
202.8.40.96 - - [11/Feb/2025:00:39:43 +0100] "GET /ticket2/opencms/system/modules/com.gridnine.opencms.ticketbrokerage.site/resources/js/calendar-en.js HTTP/1.1" 200 3338
202.8.40.96 - - [11/Feb/2025:00:39:43 +0100] "GET /ticket2/opencms/system/modules/com.gridnine.opencms.ticketbrokerage.site/resources/js/calendar.js HTTP/1.1" 200 49229
202.8.40.96 - - [11/Feb/2025:00:39:43 +0100] "GET /ticket2/opencms/system/modules/com.gridnine.opencms.ticketbrokerage.site/resources/js/calendar-setup.js HTTP/1.1" 200 4923
202.8.40.96 - - [11/Feb/2025:00:39:43 +0100] "GET /ticket2/opencms/system/modules/com.gridnine.opencms.ticketbrokerage.site/resources/js/jquery.fancybox.pack.js HTTP/1.1" 200 23187
202.8.40.96 - - [11/Feb/2025:00:39:43 +0100] "GET /ticket2/opencms/system/modules/com.gridnine.opencms.ticketbrokerage.site/resources/js/stickyfill.min.js HTTP/1.1" 200 5672
202.8.40.96 - - [11/Feb/2025:00:39:43 +0100] "GET /ticket2/opencms/system/modules/com.gridnine.opencms.ticketbrokerage.site/resources/js/standard.js HTTP/1.1" 200 3983
192.99.15.34 - - [11/Feb/2025:00:39:43 +0100] "GET /ticket2/opencms/no/buy/?page=1&edid=741BB88E-73FD-9CE1-B9A3-27B0B855281D&sortorder=desc&column=price HTTP/1.1" 200 106880
202.8.40.96 - - [11/Feb/2025:00:39:43 +0100] "GET /ticket2/opencms/system/modules/com.gridnine.opencms.ticketbrokerage.site/resources/js/jquery.placeholder.min.js HTTP/1.1" 200 1737
202.8.40.96 - - [11/Feb/2025:00:39:43 +0100] "GET /ticket2/opencms/system/modules/com.gridnine.opencms.ticketbrokerage.site/resources/js/common-ajax.js HTTP/1.1" 200 20175
47.128.47.26 - - [11/Feb/2025:00:39:44 +0100] "GET /ticket2/opencms/fi/venue/?venueid=59CE914F-11B4-25CE-BEB9-4C636D2ADFF0 HTTP/1.1" 200 84682
192.99.15.34 - - [11/Feb/2025:00:39:47 +0100] "GET /ticket2/opencms/no/buy/?page=1&edid=7426EE0D-C306-84EC-DE1E-E2C38CFC5448&sortorder=desc&column=price HTTP/1.1" 200 109012
54.36.149.57 - - [11/Feb/2025:00:39:49 +0100] "GET /ticket2/opencms/it/buy/?page=1&edid=C3C88BDA-1CC3-8611-4BC9-911B22C7161C HTTP/1.1" 200 108702
114.119.139.78 - - [11/Feb/2025:00:39:49 +0100] "GET /ticket2/opencms/en/buy?page=1&edid=118E47BF-C955-525A-E288-4BE392C3F248 HTTP/1.1" 200 104733
47.128.114.227 - - [11/Feb/2025:00:39:49 +0100] "GET /ticket2/opencms/sk/buy/?edid=D8011C50-93A6-4225-F35F-417FEFE3121C HTTP/1.1" 200 89537
173.252.107.114 - - [11/Feb/2025:00:39:50 +0100] "GET /ticket2/opencms/en/magazine/article?title=ballon-dor-winner-2024 HTTP/1.1" 200 85527
192.99.15.34 - - [11/Feb/2025:00:39:51 +0100] "GET /ticket2/opencms/no/buy/?page=1&edid=7426EE0D-C306-84EC-DE1E-E2C38CFC5448&sortorder=desc&column=section HTTP/1.1" 200 109078
54.36.149.70 - - [11/Feb/2025:00:39:51 +0100] "GET /ticket2/opencms/cs/buy?page=1&edid=0BE732AB-67CD-FDAE-FCB3-FFE731054A7F HTTP/1.1" 200 106415
114.119.150.49 - - [11/Feb/2025:00:39:53 +0100] "GET /ticket2/opencms/es/buy/?page=1&edid=FF312D4E-5B6B-8FA5-BA69-635DC61A8F79 HTTP/1.1" 200 132631
54.36.148.24 - - [11/Feb/2025:00:39:54 +0100] "GET /ticket2/opencms/es/buy/?page=1&edid=E86F0F7D-1756-1185-7E08-E94436C5DD8E HTTP/1.1" 200 125299
192.99.15.34 - - [11/Feb/2025:00:39:55 +0100] "GET /ticket2/opencms/no/buy/?page=1&edid=743EAABD-DD59-6451-B522-5F1C40FEEFFB&sortorder=asc&column=price HTTP/1.1" 200 108928
54.36.148.35 - - [11/Feb/2025:00:39:57 +0100] "GET /ticket2/opencms/be/buy?page=1&edid=50375D23-8B44-5172-3FB1-755B660EE76F HTTP/1.1" 200 114749
67.144.2.241 - - [11/Feb/2025:00:39:57 +0100] "GET /ticket2/opencms/sv/buy/?page=1&edid=A443FF53-1C00-C4E0-1D4A-9FD8734D5FCD&sortorder=desc&column=price HTTP/1.1" 200 109145
202.8.41.165 - - [11/Feb/2025:00:39:58 +0100] "GET /ticket2/opencms/system/modules/com.gridnine.opencms.ticketbrokerage.site/resources/css/jquery-ui.css HTTP/1.1" 200 33221
202.8.41.165 - - [11/Feb/2025:00:39:58 +0100] "GET /ticket2/opencms/system/modules/com.gridnine.opencms.ticketbrokerage.site/resources/css/ticketbrokerage.css HTTP/1.1" 200 39339
202.8.41.165 - - [11/Feb/2025:00:39:58 +0100] "GET /ticket2/opencms/system/modules/com.gridnine.opencms.ticketbrokerage.site/resources/css/jquery.fancybox.css HTTP/1.1" 200 4939
202.8.41.165 - - [11/Feb/2025:00:39:58 +0100] "GET /ticket2/opencms/system/modules/com.gridnine.opencms.ticketbrokerage.site/resources/js/stickyfill.min.js HTTP/1.1" 200 5672
202.8.41.165 - - [11/Feb/2025:00:39:58 +0100] "GET /ticket2/opencms/system/modules/com.gridnine.opencms.ticketbrokerage.site/resources/css/standard.css HTTP/1.1" 200 73904
202.8.41.165 - - [11/Feb/2025:00:39:58 +0100] "GET /ticket2/opencms/system/modules/com.gridnine.opencms.ticketbrokerage.site/resources/css/calendar.css HTTP/1.1" 200 6871
202.8.41.165 - - [11/Feb/2025:00:39:58 +0100] "GET /ticket2/opencms/system/modules/com.gridnine.opencms.ticketbrokerage.site/resources/js/functions.js HTTP/1.1" 200 1583
202.8.41.165 - - [11/Feb/2025:00:39:58 +0100] "GET /ticket2/opencms/system/modules/com.gridnine.opencms.ticketbrokerage.site/resources/js/jquery/jquery.js HTTP/1.1" 200 93868
202.8.41.165 - - [11/Feb/2025:00:39:58 +0100] "GET /ticket2/opencms/system/modules/com.gridnine.opencms.ticketbrokerage.site/resources/js/jquery/jquery-ui.js HTTP/1.1" 200 228088
202.8.41.165 - - [11/Feb/2025:00:39:58 +0100] "GET /ticket2/opencms/system/modules/com.gridnine.opencms.ticketbrokerage.site/resources/js/calendar-en.js HTTP/1.1" 200 3338
202.8.41.165 - - [11/Feb/2025:00:39:58 +0100] "GET /ticket2/opencms/system/modules/com.gridnine.opencms.ticketbrokerage.site/resources/js/calendar.js HTTP/1.1" 200 49229
202.8.41.165 - - [11/Feb/2025:00:39:58 +0100] "GET /ticket2/opencms/system/modules/com.gridnine.opencms.ticketbrokerage.site/resources/js/calendar-setup.js HTTP/1.1" 200 4923
202.8.41.165 - - [11/Feb/2025:00:39:58 +0100] "GET /ticket2/opencms/system/modules/com.gridnine.opencms.ticketbrokerage.site/resources/js/jquery.fancybox.pack.js HTTP/1.1" 200 23187
202.8.41.165 - - [11/Feb/2025:00:39:58 +0100] "GET /ticket2/opencms/system/modules/com.gridnine.opencms.ticketbrokerage.site/resources/js/standard.js HTTP/1.1" 200 3983
202.8.41.165 - - [11/Feb/2025:00:39:59 +0100] "GET /ticket2/opencms/system/modules/com.gridnine.opencms.ticketbrokerage.site/resources/js/jquery.placeholder.min.js HTTP/1.1" 200 1737
202.8.41.165 - - [11/Feb/2025:00:39:59 +0100] "GET /ticket2/opencms/system/modules/com.gridnine.opencms.ticketbrokerage.site/resources/js/common-ajax.js HTTP/1.1" 200 20175
202.8.41.165 - - [11/Feb/2025:00:39:59 +0100] "GET /ticket2/opencms/be/ask-form.html HTTP/1.1" 200 3156
192.99.15.34 - - [11/Feb/2025:00:39:59 +0100] "GET /ticket2/opencms/no/buy/?page=1&edid=743EAABD-DD59-6451-B522-5F1C40FEEFFB&sortorder=asc&column=section HTTP/1.1" 200 108994
173.252.107.4 - - [11/Feb/2025:00:39:59 +0100] "GET /ticket2/opencms/de/sport/fussball-tickets/premier_league/crystal_palace/ HTTP/1.1" 200 96162
40.77.167.36 - - [11/Feb/2025:00:39:59 +0100] "GET /ticket2/opencms/en/magazine/article?title=jude-bellingham HTTP/1.1" 200 85527
202.8.41.165 - - [11/Feb/2025:00:39:59 +0100] "GET /ticket2/opencms/system/modules/com.gridnine.opencms.ticketbrokerage.site/resources/css/ticketbrokerage.css HTTP/1.1" 200 39339
54.36.149.30 - - [11/Feb/2025:00:40:02 +0100] "GET /ticket2/opencms/hr/buy?page=1&edid=1BEE5A38-DD94-3509-3225-C4A2986A386D HTTP/1.1" 200 108945
192.99.15.34 - - [11/Feb/2025:00:40:03 +0100] "GET /ticket2/opencms/no/buy/?page=1&edid=74879902-3305-5658-7FBC-5B1AD375E2DC&sortorder=desc&column=price HTTP/1.1" 200 109452
202.8.43.84 - - [11/Feb/2025:00:40:03 +0100] "GET /ticket2/opencms/system/modules/com.gridnine.opencms.ticketbrokerage.site/resources/css/calendar.css HTTP/1.1" 200 6871
202.8.43.84 - - [11/Feb/2025:00:40:03 +0100] "GET /ticket2/opencms/system/modules/com.gridnine.opencms.ticketbrokerage.site/resources/css/jquery-ui.css HTTP/1.1" 200 33221
202.8.43.84 - - [11/Feb/2025:00:40:03 +0100] "GET /ticket2/opencms/system/modules/com.gridnine.opencms.ticketbrokerage.site/resources/css/jquery.fancybox.css HTTP/1.1" 200 4939
202.8.43.84 - - [11/Feb/2025:00:40:03 +0100] "GET /ticket2/opencms/system/modules/com.gridnine.opencms.ticketbrokerage.site/resources/css/ticketbrokerage.css HTTP/1.1" 200 39339
202.8.43.84 - - [11/Feb/2025:00:40:03 +0100] "GET /ticket2/opencms/system/modules/com.gridnine.opencms.ticketbrokerage.site/resources/css/standard.css HTTP/1.1" 200 73904
202.8.43.84 - - [11/Feb/2025:00:40:03 +0100] "GET /ticket2/opencms/system/modules/com.gridnine.opencms.ticketbrokerage.site/resources/js/jquery/jquery.js HTTP/1.1" 200 93868
202.8.43.84 - - [11/Feb/2025:00:40:03 +0100] "GET /ticket2/opencms/system/modules/com.gridnine.opencms.ticketbrokerage.site/resources/js/functions.js HTTP/1.1" 200 1583
202.8.43.84 - - [11/Feb/2025:00:40:03 +0100] "GET /ticket2/opencms/system/modules/com.gridnine.opencms.ticketbrokerage.site/resources/js/jquery/jquery-ui.js HTTP/1.1" 200 228088
202.8.43.84 - - [11/Feb/2025:00:40:03 +0100] "GET /ticket2/opencms/system/modules/com.gridnine.opencms.ticketbrokerage.site/resources/js/calendar-en.js HTTP/1.1" 200 3338
202.8.43.84 - - [11/Feb/2025:00:40:03 +0100] "GET /ticket2/opencms/system/modules/com.gridnine.opencms.ticketbrokerage.site/resources/js/calendar.js HTTP/1.1" 200 49229
202.8.43.84 - - [11/Feb/2025:00:40:03 +0100] "GET /ticket2/opencms/system/modules/com.gridnine.opencms.ticketbrokerage.site/resources/js/calendar-setup.js HTTP/1.1" 200 4923
202.8.43.84 - - [11/Feb/2025:00:40:04 +0100] "GET /ticket2/opencms/system/modules/com.gridnine.opencms.ticketbrokerage.site/resources/js/jquery.fancybox.pack.js HTTP/1.1" 200 23187
202.8.43.84 - - [11/Feb/2025:00:40:04 +0100] "GET /ticket2/opencms/system/modules/com.gridnine.opencms.ticketbrokerage.site/resources/js/stickyfill.min.js HTTP/1.1" 200 5672
