202.8.43.178 - - [11/Feb/2025:00:30:57 +0100] "GET /ticket2/opencms/system/modules/com.gridnine.opencms.ticketbrokerage.site/resources/js/jquery.fancybox.pack.js HTTP/1.1" 200 23187
202.8.43.178 - - [11/Feb/2025:00:30:57 +0100] "GET /ticket2/opencms/system/modules/com.gridnine.opencms.ticketbrokerage.site/resources/js/stickyfill.min.js HTTP/1.1" 200 5672
202.8.43.178 - - [11/Feb/2025:00:30:57 +0100] "GET /ticket2/opencms/system/modules/com.gridnine.opencms.ticketbrokerage.site/resources/js/standard.js HTTP/1.1" 200 3983
202.8.43.178 - - [11/Feb/2025:00:30:58 +0100] "GET /ticket2/opencms/system/modules/com.gridnine.opencms.ticketbrokerage.site/resources/js/jquery.placeholder.min.js HTTP/1.1" 200 1737
202.8.43.178 - - [11/Feb/2025:00:30:58 +0100] "GET /ticket2/opencms/system/modules/com.gridnine.opencms.ticketbrokerage.site/resources/js/common-ajax.js HTTP/1.1" 200 20175
202.8.43.178 - - [11/Feb/2025:00:30:58 +0100] "GET /ticket2/opencms/ka/ask-form.html HTTP/1.1" 200 3156
202.8.43.178 - - [11/Feb/2025:00:30:58 +0100] "GET /ticket2/opencms/system/modules/com.gridnine.opencms.ticketbrokerage.site/resources/css/ticketbrokerage.css HTTP/1.1" 200 39339
192.99.15.34 - - [11/Feb/2025:00:30:58 +0100] "GET /ticket2/opencms/no/buy/?page=1&edid=CE8C6969-D048-BE1F-DA99-2FC57AB8EF85&sortorder=desc&column=section HTTP/1.1" 200 110670
67.144.2.241 - - [11/Feb/2025:00:30:59 +0100] "GET /ticket2/opencms/sv/buy/?page=1&edid=8AA04557-B7E5-757A-90A8-C3B47E091B0A HTTP/1.1" 200 109450
192.99.15.34 - - [11/Feb/2025:00:31:00 +0100] "GET /ticket2/opencms/no/buy/?page=1&edid=CEA5A2C6-1232-CC98-D878-1CA7BFA99E8A&sortorder=desc&column=price HTTP/1.1" 200 107919
193.70.81.116 - - [11/Feb/2025:00:31:00 +0100] "GET /ticket2/opencms/en/buy/?page=1&edid=71BCEC0A-D8F2-3C62-D68C-0DCA751BB9B9 HTTP/1.1" 200 104686
54.36.148.38 - - [11/Feb/2025:00:31:01 +0100] "GET /ticket2/opencms/hr/buy/?page=1&edid=0BE732AB-67CD-FDAE-FCB3-FFE731054A7F HTTP/1.1" 200 106386
192.99.15.34 - - [11/Feb/2025:00:31:03 +0100] "GET /ticket2/opencms/no/buy/?page=1&edid=CEA5A2C6-1232-CC98-D878-1CA7BFA99E8A&sortorder=desc&column=row HTTP/1.1" 200 107853
54.36.148.42 - - [11/Feb/2025:00:31:04 +0100] "GET /ticket2/opencms/hr/buy?page=1&edid=50375D23-8B44-5172-3FB1-755B660EE76F HTTP/1.1" 200 112463
193.70.81.116 - - [11/Feb/2025:00:31:04 +0100] "GET /ticket2/opencms/en/buy/?page=1&edid=71F3FE54-10D0-F1E8-DD77-D63D4BE2C9CF HTTP/1.1" 200 133014
202.8.41.26 - - [11/Feb/2025:00:31:05 +0100] "GET /ticket2/opencms/system/modules/com.gridnine.opencms.ticketbrokerage.site/resources/css/standard.css HTTP/1.1" 200 73904
202.8.41.26 - - [11/Feb/2025:00:31:05 +0100] "GET /ticket2/opencms/system/modules/com.gridnine.opencms.ticketbrokerage.site/resources/css/jquery.fancybox.css HTTP/1.1" 200 4939
202.8.41.26 - - [11/Feb/2025:00:31:05 +0100] "GET /ticket2/opencms/system/modules/com.gridnine.opencms.ticketbrokerage.site/resources/css/jquery-ui.css HTTP/1.1" 200 33221
202.8.41.26 - - [11/Feb/2025:00:31:05 +0100] "GET /ticket2/opencms/system/modules/com.gridnine.opencms.ticketbrokerage.site/resources/css/calendar.css HTTP/1.1" 200 6871
202.8.41.26 - - [11/Feb/2025:00:31:05 +0100] "GET /ticket2/opencms/system/modules/com.gridnine.opencms.ticketbrokerage.site/resources/js/jquery/jquery.js HTTP/1.1" 200 93868
202.8.41.26 - - [11/Feb/2025:00:31:05 +0100] "GET /ticket2/opencms/system/modules/com.gridnine.opencms.ticketbrokerage.site/resources/css/ticketbrokerage.css HTTP/1.1" 200 39339
192.99.15.34 - - [11/Feb/2025:00:31:05 +0100] "GET /ticket2/opencms/no/buy/?page=1&edid=CEA5A2C6-1232-CC98-D878-1CA7BFA99E8A&sortorder=desc&column=section HTTP/1.1" 200 107985
202.8.41.26 - - [11/Feb/2025:00:31:05 +0100] "GET /ticket2/opencms/system/modules/com.gridnine.opencms.ticketbrokerage.site/resources/js/jquery/jquery-ui.js HTTP/1.1" 200 228088
202.8.41.26 - - [11/Feb/2025:00:31:05 +0100] "GET /ticket2/opencms/system/modules/com.gridnine.opencms.ticketbrokerage.site/resources/js/functions.js HTTP/1.1" 200 1583
202.8.41.26 - - [11/Feb/2025:00:31:05 +0100] "GET /ticket2/opencms/system/modules/com.gridnine.opencms.ticketbrokerage.site/resources/js/calendar-en.js HTTP/1.1" 200 3338
202.8.41.26 - - [11/Feb/2025:00:31:05 +0100] "GET /ticket2/opencms/system/modules/com.gridnine.opencms.ticketbrokerage.site/resources/js/calendar.js HTTP/1.1" 200 49229
202.8.41.26 - - [11/Feb/2025:00:31:05 +0100] "GET /ticket2/opencms/system/modules/com.gridnine.opencms.ticketbrokerage.site/resources/js/calendar-setup.js HTTP/1.1" 200 4923
202.8.41.26 - - [11/Feb/2025:00:31:05 +0100] "GET /ticket2/opencms/system/modules/com.gridnine.opencms.ticketbrokerage.site/resources/js/jquery.fancybox.pack.js HTTP/1.1" 200 23187
202.8.41.26 - - [11/Feb/2025:00:31:05 +0100] "GET /ticket2/opencms/system/modules/com.gridnine.opencms.ticketbrokerage.site/resources/js/stickyfill.min.js HTTP/1.1" 200 5672
202.8.41.26 - - [11/Feb/2025:00:31:05 +0100] "GET /ticket2/opencms/system/modules/com.gridnine.opencms.ticketbrokerage.site/resources/js/standard.js HTTP/1.1" 200 3983
202.8.41.26 - - [11/Feb/2025:00:31:05 +0100] "GET /ticket2/opencms/system/modules/com.gridnine.opencms.ticketbrokerage.site/resources/js/jquery.placeholder.min.js HTTP/1.1" 200 1737
202.8.41.26 - - [11/Feb/2025:00:31:06 +0100] "GET /ticket2/opencms/system/modules/com.gridnine.opencms.ticketbrokerage.site/resources/js/common-ajax.js HTTP/1.1" 200 20175
202.8.41.26 - - [11/Feb/2025:00:31:06 +0100] "GET /ticket2/opencms/hr/ask-form.html HTTP/1.1" 200 3156
202.8.41.26 - - [11/Feb/2025:00:31:06 +0100] "GET /ticket2/opencms/system/modules/com.gridnine.opencms.ticketbrokerage.site/resources/css/ticketbrokerage.css HTTP/1.1" 200 39339
192.99.15.34 - - [11/Feb/2025:00:31:07 +0100] "GET /ticket2/opencms/no/buy/?page=1&edid=CF9AADF6-6503-0852-B1B5-AC280A05E729 HTTP/1.1" 200 108706
54.36.148.217 - - [11/Feb/2025:00:31:08 +0100] "GET /ticket2/opencms/sv/buy/?page=1&edid=22C03BDA-F1C1-1744-0214-BE18D353E647 HTTP/1.1" 200 106058
193.70.81.116 - - [11/Feb/2025:00:31:08 +0100] "GET /ticket2/opencms/en/buy/?page=1&edid=72DAABB5-5728-E783-69FF-77938E46CA8B HTTP/1.1" 200 114173
192.99.15.34 - - [11/Feb/2025:00:31:09 +0100] "GET /ticket2/opencms/no/buy/?page=1&edid=D017627D-6895-48D5-7AF6-3326E738EE9B&sortorder=desc&column=price HTTP/1.1" 200 109017
51.8.155.60 - - [11/Feb/2025:00:31:11 +0100] "GET /ticket2/opencms/sv/magazine/article?title=svenska-fotbollsspelare-i-premier-league HTTP/1.1" 200 86891
192.99.15.34 - - [11/Feb/2025:00:31:12 +0100] "GET /ticket2/opencms/no/buy/?page=1&edid=E4692F60-8A5E-C284-239D-0C5296ECA6AF&sortorder=asc&column=price HTTP/1.1" 200 108933
193.70.81.116 - - [11/Feb/2025:00:31:12 +0100] "GET /ticket2/opencms/en/buy/?page=1&edid=73ADC408-1051-3D3B-0D53-5DA8E608120E HTTP/1.1" 200 130966
52.167.144.196 - - [11/Feb/2025:00:31:13 +0100] "GET /ticket2/opencms/nl/buy/?page=1&edid=26F19681-47E8-5424-82BC-9A850DB13AE3 HTTP/1.1" 200 107434
66.249.79.6 - - [11/Feb/2025:00:31:14 +0100] "GET /ticket2/opencms/fr/buy/?page=1&edid=2DF71579-8539-9953-A2E8-0E8B3100119A HTTP/1.1" 200 106184
54.36.148.45 - - [11/Feb/2025:00:31:14 +0100] "GET /ticket2/opencms/es/buy?page=1&edid=B8A6965B-216E-27C8-9A3D-21241346030F HTTP/1.1" 200 88165
67.144.2.241 - - [11/Feb/2025:00:31:15 +0100] "GET /ticket2/opencms/sv/buy/?page=1&edid=8AE4565C-F63C-2BE4-E17A-9A67140A9C9B HTTP/1.1" 200 106046
202.8.42.244 - - [11/Feb/2025:00:31:15 +0100] "GET /ticket2/opencms/system/modules/com.gridnine.opencms.ticketbrokerage.site/resources/css/ticketbrokerage.css HTTP/1.1" 200 39339
202.8.42.244 - - [11/Feb/2025:00:31:15 +0100] "GET /ticket2/opencms/system/modules/com.gridnine.opencms.ticketbrokerage.site/resources/css/jquery-ui.css HTTP/1.1" 200 33221
202.8.42.244 - - [11/Feb/2025:00:31:15 +0100] "GET /ticket2/opencms/system/modules/com.gridnine.opencms.ticketbrokerage.site/resources/css/jquery.fancybox.css HTTP/1.1" 200 4939
202.8.42.244 - - [11/Feb/2025:00:31:15 +0100] "GET /ticket2/opencms/system/modules/com.gridnine.opencms.ticketbrokerage.site/resources/css/calendar.css HTTP/1.1" 200 6871
202.8.42.244 - - [11/Feb/2025:00:31:15 +0100] "GET /ticket2/opencms/system/modules/com.gridnine.opencms.ticketbrokerage.site/resources/css/standard.css HTTP/1.1" 200 73904
202.8.42.244 - - [11/Feb/2025:00:31:15 +0100] "GET /ticket2/opencms/system/modules/com.gridnine.opencms.ticketbrokerage.site/resources/js/functions.js HTTP/1.1" 200 1583
202.8.42.244 - - [11/Feb/2025:00:31:15 +0100] "GET /ticket2/opencms/system/modules/com.gridnine.opencms.ticketbrokerage.site/resources/js/jquery/jquery.js HTTP/1.1" 200 93868
202.8.42.244 - - [11/Feb/2025:00:31:15 +0100] "GET /ticket2/opencms/system/modules/com.gridnine.opencms.ticketbrokerage.site/resources/js/jquery/jquery-ui.js HTTP/1.1" 200 228088
202.8.42.244 - - [11/Feb/2025:00:31:15 +0100] "GET /ticket2/opencms/system/modules/com.gridnine.opencms.ticketbrokerage.site/resources/js/calendar.js HTTP/1.1" 200 49229
202.8.42.244 - - [11/Feb/2025:00:31:15 +0100] "GET /ticket2/opencms/system/modules/com.gridnine.opencms.ticketbrokerage.site/resources/js/calendar-en.js HTTP/1.1" 200 3338
202.8.42.244 - - [11/Feb/2025:00:31:15 +0100] "GET /ticket2/opencms/system/modules/com.gridnine.opencms.ticketbrokerage.site/resources/js/calendar-setup.js HTTP/1.1" 200 4923
202.8.42.244 - - [11/Feb/2025:00:31:15 +0100] "GET /ticket2/opencms/system/modules/com.gridnine.opencms.ticketbrokerage.site/resources/js/jquery.fancybox.pack.js HTTP/1.1" 200 23187
202.8.42.244 - - [11/Feb/2025:00:31:16 +0100] "GET /ticket2/opencms/system/modules/com.gridnine.opencms.ticketbrokerage.site/resources/js/stickyfill.min.js HTTP/1.1" 200 5672
202.8.42.244 - - [11/Feb/2025:00:31:16 +0100] "GET /ticket2/opencms/system/modules/com.gridnine.opencms.ticketbrokerage.site/resources/js/standard.js HTTP/1.1" 200 3983
202.8.42.244 - - [11/Feb/2025:00:31:16 +0100] "GET /ticket2/opencms/system/modules/com.gridnine.opencms.ticketbrokerage.site/resources/js/common-ajax.js HTTP/1.1" 200 20175
202.8.42.244 - - [11/Feb/2025:00:31:16 +0100] "GET /ticket2/opencms/system/modules/com.gridnine.opencms.ticketbrokerage.site/resources/js/jquery.placeholder.min.js HTTP/1.1" 200 1737
192.99.15.34 - - [11/Feb/2025:00:31:16 +0100] "GET /ticket2/opencms/no/buy/?page=1&edid=E4692F60-8A5E-C284-239D-0C5296ECA6AF&sortorder=asc&column=row HTTP/1.1" 200 108867
193.70.81.116 - - [11/Feb/2025:00:31:17 +0100] "GET /ticket2/opencms/en/buy/?page=1&edid=750C6040-29F7-425D-A24F-51B977F415A3 HTTP/1.1" 200 132267
66.249.79.199 - - [11/Feb/2025:00:31:18 +0100] "GET /ticket2/opencms/hu/magazine/article?title=elhagyhatja-viktor-gyokeres-a-sportingot-a-tervezettnel-korabban HTTP/1.1" 200 86819
54.36.149.8 - - [11/Feb/2025:00:31:19 +0100] "GET /ticket2/opencms/en/buy?page=1&edid=EE1094B0-5F8D-7F5A-3592-6F4F9BDBF532 HTTP/1.1" 200 131211
54.36.148.210 - - [11/Feb/2025:00:31:19 +0100] "GET /ticket2/opencms/cs/buy/?page=1&edid=68509658-F432-C2D3-40D1-EAC6A14AC448 HTTP/1.1" 200 106419
192.99.15.34 - - [11/Feb/2025:00:31:19 +0100] "GET /ticket2/opencms/no/buy/?page=1&edid=E4692F60-8A5E-C284-239D-0C5296ECA6AF&sortorder=asc&column=section HTTP/1.1" 200 108999
193.70.81.116 - - [11/Feb/2025:00:31:21 +0100] "GET /ticket2/opencms/en/buy/?page=1&edid=7568E602-7C67-35D2-952F-D243F8930169 HTTP/1.1" 200 130972
192.99.15.34 - - [11/Feb/2025:00:31:22 +0100] "GET /ticket2/opencms/no/buy/?page=1&edid=E4692F60-8A5E-C284-239D-0C5296ECA6AF&sortorder=desc&column=row HTTP/1.1" 200 108899
54.36.148.79 - - [11/Feb/2025:00:31:23 +0100] "GET /ticket2/opencms/uk/buy?page=1&edid=76EAECA7-64F4-2580-38CA-B14BCC95A1C5 HTTP/1.1" 200 118708
114.119.159.237 - - [11/Feb/2025:00:31:24 +0100] "GET /ticket2/opencms/en/venue/?venueid=298D27CF-C72A-A8BB-2811-F2F021053028 HTTP/1.1" 200 83213
192.99.15.34 - - [11/Feb/2025:00:31:24 +0100] "GET /ticket2/opencms/no/buy/?page=1&edid=E4692F60-8A5E-C284-239D-0C5296ECA6AF&sortorder=desc&column=section HTTP/1.1" 200 109031
202.8.42.61 - - [11/Feb/2025:00:31:25 +0100] "GET /ticket2/opencms/system/modules/com.gridnine.opencms.ticketbrokerage.site/resources/css/standard.css HTTP/1.1" 200 73904
202.8.42.61 - - [11/Feb/2025:00:31:25 +0100] "GET /ticket2/opencms/system/modules/com.gridnine.opencms.ticketbrokerage.site/resources/css/ticketbrokerage.css HTTP/1.1" 200 39339
202.8.42.61 - - [11/Feb/2025:00:31:25 +0100] "GET /ticket2/opencms/system/modules/com.gridnine.opencms.ticketbrokerage.site/resources/css/jquery.fancybox.css HTTP/1.1" 200 4939
202.8.42.61 - - [11/Feb/2025:00:31:25 +0100] "GET /ticket2/opencms/system/modules/com.gridnine.opencms.ticketbrokerage.site/resources/css/jquery-ui.css HTTP/1.1" 200 33221
202.8.42.61 - - [11/Feb/2025:00:31:25 +0100] "GET /ticket2/opencms/system/modules/com.gridnine.opencms.ticketbrokerage.site/resources/css/calendar.css HTTP/1.1" 200 6871
202.8.42.61 - - [11/Feb/2025:00:31:25 +0100] "GET /ticket2/opencms/system/modules/com.gridnine.opencms.ticketbrokerage.site/resources/js/jquery/jquery.js HTTP/1.1" 200 93868
202.8.42.61 - - [11/Feb/2025:00:31:25 +0100] "GET /ticket2/opencms/system/modules/com.gridnine.opencms.ticketbrokerage.site/resources/js/jquery/jquery-ui.js HTTP/1.1" 200 228088
202.8.42.61 - - [11/Feb/2025:00:31:25 +0100] "GET /ticket2/opencms/system/modules/com.gridnine.opencms.ticketbrokerage.site/resources/js/calendar.js HTTP/1.1" 200 49229
202.8.42.61 - - [11/Feb/2025:00:31:25 +0100] "GET /ticket2/opencms/system/modules/com.gridnine.opencms.ticketbrokerage.site/resources/js/calendar-en.js HTTP/1.1" 200 3338
202.8.42.61 - - [11/Feb/2025:00:31:25 +0100] "GET /ticket2/opencms/system/modules/com.gridnine.opencms.ticketbrokerage.site/resources/js/functions.js HTTP/1.1" 200 1583
202.8.42.61 - - [11/Feb/2025:00:31:25 +0100] "GET /ticket2/opencms/system/modules/com.gridnine.opencms.ticketbrokerage.site/resources/js/calendar-setup.js HTTP/1.1" 200 4923
202.8.42.61 - - [11/Feb/2025:00:31:25 +0100] "GET /ticket2/opencms/system/modules/com.gridnine.opencms.ticketbrokerage.site/resources/js/jquery.fancybox.pack.js HTTP/1.1" 200 23187
202.8.42.61 - - [11/Feb/2025:00:31:25 +0100] "GET /ticket2/opencms/system/modules/com.gridnine.opencms.ticketbrokerage.site/resources/js/stickyfill.min.js HTTP/1.1" 200 5672
202.8.42.61 - - [11/Feb/2025:00:31:25 +0100] "GET /ticket2/opencms/system/modules/com.gridnine.opencms.ticketbrokerage.site/resources/js/standard.js HTTP/1.1" 200 3983
193.70.81.116 - - [11/Feb/2025:00:31:25 +0100] "GET /ticket2/opencms/en/buy/?page=1&edid=7608A35C-00D9-64A3-BF47-D099F0A5B944 HTTP/1.1" 200 104739
202.8.42.61 - - [11/Feb/2025:00:31:25 +0100] "GET /ticket2/opencms/system/modules/com.gridnine.opencms.ticketbrokerage.site/resources/js/jquery.placeholder.min.js HTTP/1.1" 200 1737
202.8.42.61 - - [11/Feb/2025:00:31:25 +0100] "GET /ticket2/opencms/system/modules/com.gridnine.opencms.ticketbrokerage.site/resources/js/common-ajax.js HTTP/1.1" 200 20175
202.8.42.61 - - [11/Feb/2025:00:31:25 +0100] "GET /ticket2/opencms/uk/ask-form.html HTTP/1.1" 200 3156
202.8.42.61 - - [11/Feb/2025:00:31:25 +0100] "GET /ticket2/opencms/system/modules/com.gridnine.opencms.ticketbrokerage.site/resources/css/ticketbrokerage.css HTTP/1.1" 200 39339
67.144.2.241 - - [11/Feb/2025:00:31:26 +0100] "GET /ticket2/opencms/sv/buy/?page=1&edid=8B860AD6-1E22-A122-0C78-E81E0D7990C3 HTTP/1.1" 200 106062
54.36.148.196 - - [11/Feb/2025:00:31:26 +0100] "GET /ticket2/opencms/hr/buy?page=1&edid=17260F4F-A849-5FCD-F08C-3E4A05EF4080 HTTP/1.1" 200 106412
192.99.15.34 - - [11/Feb/2025:00:31:27 +0100] "GET /ticket2/opencms/no/buy/?page=1&edid=E95F2E66-8E3F-13ED-DDC3-10DFCE42B919&sortorder=asc&column=section HTTP/1.1" 200 109050
192.99.15.34 - - [11/Feb/2025:00:31:29 +0100] "GET /ticket2/opencms/no/buy/?page=1&edid=ED355133-64B5-D287-7B51-479FB14F8AF3&sortorder=asc&column=section HTTP/1.1" 200 110337
193.70.81.116 - - [11/Feb/2025:00:31:29 +0100] "GET /ticket2/opencms/en/buy/?page=1&edid=76AC12AC-4686-41BA-93AB-CDA5668851B1 HTTP/1.1" 200 114147
85.191.65.112 - - [11/Feb/2025:00:31:30 +0100] "GET /ticket2/opencms/dk/buy/?page=1&edid=0E015037-AEA8-A77C-F644-58B0F482ADCC&hlv=6705070e-8fe4-4311-aef9-67f90a01000f HTTP/1.1" 200 134063
185.191.171.16 - - [11/Feb/2025:00:31:30 +0100] "GET /ticket2/opencms/mt/magazine/article?title=dwar-arsenal-fc HTTP/1.1" 200 87148
85.191.65.112 - - [11/Feb/2025:00:31:30 +0100] "GET /ticket2/opencms/system/modules/com.gridnine.opencms.ticketbrokerage.site/resources/css/ticketbrokerage.css HTTP/1.1" 200 39339
85.191.65.112 - - [11/Feb/2025:00:31:30 +0100] "GET /ticket2/opencms/system/modules/com.gridnine.opencms.ticketbrokerage.site/resources/js/calendar-en.js HTTP/1.1" 200 3338
85.191.65.112 - - [11/Feb/2025:00:31:30 +0100] "GET /ticket2/opencms/system/modules/com.gridnine.opencms.ticketbrokerage.site/resources/js/common-ajax.js HTTP/1.1" 200 20175
85.191.65.112 - - [11/Feb/2025:00:31:30 +0100] "GET /ticket2/opencms/system/modules/com.gridnine.opencms.ticketbrokerage.site/resources/js/jquery/jquery.js HTTP/1.1" 200 93868
85.191.65.112 - - [11/Feb/2025:00:31:30 +0100] "GET /ticket2/opencms/system/modules/com.gridnine.opencms.ticketbrokerage.site/resources/css/calendar.css HTTP/1.1" 200 6871
85.191.65.112 - - [11/Feb/2025:00:31:30 +0100] "GET /ticket2/opencms/system/modules/com.gridnine.opencms.ticketbrokerage.site/resources/js/functions.js HTTP/1.1" 200 1583
85.191.65.112 - - [11/Feb/2025:00:31:30 +0100] "GET /ticket2/opencms/system/modules/com.gridnine.opencms.ticketbrokerage.site/resources/js/jquery.fancybox.pack.js HTTP/1.1" 200 23187
85.191.65.112 - - [11/Feb/2025:00:31:30 +0100] "GET /ticket2/opencms/system/modules/com.gridnine.opencms.ticketbrokerage.site/resources/js/calendar.js HTTP/1.1" 200 49229
85.191.65.112 - - [11/Feb/2025:00:31:30 +0100] "GET /ticket2/opencms/system/modules/com.gridnine.opencms.ticketbrokerage.site/resources/css/jquery.fancybox.css HTTP/1.1" 200 4939
85.191.65.112 - - [11/Feb/2025:00:31:30 +0100] "GET /ticket2/opencms/img/icons/se.png HTTP/1.1" 200 1258
85.191.65.112 - - [11/Feb/2025:00:31:30 +0100] "GET /ticket2/opencms/img/insta.png HTTP/1.1" 200 3967
85.191.65.112 - - [11/Feb/2025:00:31:30 +0100] "GET /ticket2/opencms/img/fb.png HTTP/1.1" 200 1269
85.191.65.112 - - [11/Feb/2025:00:31:30 +0100] "GET /ticket2/opencms/system/modules/com.gridnine.opencms.ticketbrokerage.site/resources/pics/0.gif HTTP/1.1" 200 43
85.191.65.112 - - [11/Feb/2025:00:31:30 +0100] "GET /ticket2/opencms/system/modules/com.gridnine.opencms.ticketbrokerage.site/resources/pics/two_man.png HTTP/1.1" 200 3407
85.191.65.112 - - [11/Feb/2025:00:31:30 +0100] "GET /ticket2/opencms/img/icons/no.png HTTP/1.1" 200 1958
85.191.65.112 - - [11/Feb/2025:00:31:30 +0100] "GET /ticket2/opencms/img/icons/fi.png HTTP/1.1" 200 1785
85.191.65.112 - - [11/Feb/2025:00:31:30 +0100] "GET /ticket2/opencms/system/modules/com.gridnine.opencms.ticketbrokerage.site/resources/pics/footer-img.jpg HTTP/1.1" 200 67642
85.191.65.112 - - [11/Feb/2025:00:31:30 +0100] "GET /ticket2/opencms/img/icons/fr.png HTTP/1.1" 200 1764
85.191.65.112 - - [11/Feb/2025:00:31:30 +0100] "GET /ticket2/opencms/img/icons/el.png HTTP/1.1" 200 1637
85.191.65.112 - - [11/Feb/2025:00:31:30 +0100] "GET /ticket2/opencms/img/icons/es.png HTTP/1.1" 200 1005
85.191.65.112 - - [11/Feb/2025:00:31:30 +0100] "GET /ticket2/opencms/img/icons/nl.png HTTP/1.1" 200 1255
85.191.65.112 - - [11/Feb/2025:00:31:30 +0100] "GET /ticket2/opencms/img/icons/bs.png HTTP/1.1" 200 1014
85.191.65.112 - - [11/Feb/2025:00:31:31 +0100] "GET /ticket2/opencms/img/icons/hr.png HTTP/1.1" 200 2024
85.191.65.112 - - [11/Feb/2025:00:31:31 +0100] "GET /ticket2/opencms/img/icons/bg.png HTTP/1.1" 200 788
85.191.65.112 - - [11/Feb/2025:00:31:31 +0100] "GET /ticket2/opencms/img/icons/ga.png HTTP/1.1" 200 1759
85.191.65.112 - - [11/Feb/2025:00:31:31 +0100] "GET /ticket2/opencms/img/icons/sq.png HTTP/1.1" 200 1619
85.191.65.112 - - [11/Feb/2025:00:31:31 +0100] "GET /ticket2/opencms/img/icons/it.png HTTP/1.1" 200 2040
85.191.65.112 - - [11/Feb/2025:00:31:31 +0100] "GET /ticket2/opencms/img/icons/sl.png HTTP/1.1" 200 966
85.191.65.112 - - [11/Feb/2025:00:31:31 +0100] "GET /ticket2/opencms/img/check.png HTTP/1.1" 200 548
85.191.65.112 - - [11/Feb/2025:00:31:31 +0100] "GET /ticket2/opencms/img/mail.png HTTP/1.1" 200 403
85.191.65.112 - - [11/Feb/2025:00:31:31 +0100] "GET /ticket2/opencms/img/chat.png HTTP/1.1" 200 416
85.191.65.112 - - [11/Feb/2025:00:31:31 +0100] "GET /ticket2/opencms/img/icons/az.png HTTP/1.1" 200 1445
85.191.65.112 - - [11/Feb/2025:00:31:31 +0100] "GET /ticket2/opencms/img/icons/be.png HTTP/1.1" 200 1663
85.191.65.112 - - [11/Feb/2025:00:31:31 +0100] "GET /ticket2/opencms/img/arrow.png HTTP/1.1" 200 753
85.191.65.112 - - [11/Feb/2025:00:31:31 +0100] "GET /ticket2/opencms/img/icons/cs.png HTTP/1.1" 200 1883
85.191.65.112 - - [11/Feb/2025:00:31:31 +0100] "GET /ticket2/opencms/img/icons/et.png HTTP/1.1" 200 754
85.191.65.112 - - [11/Feb/2025:00:31:31 +0100] "GET /ticket2/opencms/dk/ask-form.html HTTP/1.1" 200 2971
85.191.65.112 - - [11/Feb/2025:00:31:31 +0100] "GET /ticket2/opencms/img/icons/ka.png HTTP/1.1" 200 860
85.191.65.112 - - [11/Feb/2025:00:31:31 +0100] "GET /ticket2/opencms/system/modules/com.gridnine.opencms.ticketbrokerage.site/resources/pics/form_marker.gif HTTP/1.1" 200 43
85.191.65.112 - - [11/Feb/2025:00:31:31 +0100] "GET /ticket2/opencms/system/modules/com.gridnine.opencms.ticketbrokerage.site/resources/pics/arrow.gif HTTP/1.1" 200 344
85.191.65.112 - - [11/Feb/2025:00:31:31 +0100] "GET /ticket2/opencms/img/icons/is.png HTTP/1.1" 200 1884
85.191.65.112 - - [11/Feb/2025:00:31:31 +0100] "GET /ticket2/opencms/system/modules/com.gridnine.opencms.ticketbrokerage.site/resources/pics/button1_right.gif HTTP/1.1" 200 232
85.191.65.112 - - [11/Feb/2025:00:31:31 +0100] "GET /ticket2/opencms/img/icons/lv.png HTTP/1.1" 200 716
85.191.65.112 - - [11/Feb/2025:00:31:31 +0100] "GET /ticket2/opencms/img/icons/mt.png HTTP/1.1" 200 920
85.191.65.112 - - [11/Feb/2025:00:31:31 +0100] "GET /ticket2/opencms/img/icons/ro.png HTTP/1.1" 200 1393
85.191.65.112 - - [11/Feb/2025:00:31:31 +0100] "GET /ticket2/opencms/img/icons/mo.png HTTP/1.1" 200 1468
54.36.149.24 - - [11/Feb/2025:00:31:32 +0100] "GET /ticket2/opencms/sl/buy?page=1&edid=AAD8B8EA-9AED-21A9-2967-40D5EB8A5581 HTTP/1.1" 200 106434
85.191.65.112 - - [11/Feb/2025:00:31:32 +0100] "GET /ticket2/opencms/img/icons/sk.png HTTP/1.1" 200 1283
85.191.65.112 - - [11/Feb/2025:00:31:32 +0100] "GET /ticket2/opencms/img/icons/sr.png HTTP/1.1" 200 1602
85.191.65.112 - - [11/Feb/2025:00:31:32 +0100] "GET /ticket2/opencms/img/icons/uk.png HTTP/1.1" 200 1272
85.191.65.112 - - [11/Feb/2025:00:31:32 +0100] "GET /ticket2/opencms/img/arrow-down.png HTTP/1.1" 200 192
192.99.15.34 - - [11/Feb/2025:00:31:32 +0100] "GET /ticket2/opencms/no/buy/?page=1&edid=EEC5300E-BB94-42CA-1E8E-EBCDC578E81E&sortorder=asc&column=price HTTP/1.1" 200 110719
202.8.41.18 - - [11/Feb/2025:00:31:33 +0100] "GET /ticket2/opencms/system/modules/com.gridnine.opencms.ticketbrokerage.site/resources/css/jquery.fancybox.css HTTP/1.1" 200 4939
202.8.41.18 - - [11/Feb/2025:00:31:33 +0100] "GET /ticket2/opencms/system/modules/com.gridnine.opencms.ticketbrokerage.site/resources/css/calendar.css HTTP/1.1" 200 6871
202.8.41.18 - - [11/Feb/2025:00:31:33 +0100] "GET /ticket2/opencms/system/modules/com.gridnine.opencms.ticketbrokerage.site/resources/css/ticketbrokerage.css HTTP/1.1" 200 39339
202.8.41.18 - - [11/Feb/2025:00:31:33 +0100] "GET /ticket2/opencms/system/modules/com.gridnine.opencms.ticketbrokerage.site/resources/css/jquery-ui.css HTTP/1.1" 200 33221
202.8.41.18 - - [11/Feb/2025:00:31:33 +0100] "GET /ticket2/opencms/system/modules/com.gridnine.opencms.ticketbrokerage.site/resources/css/standard.css HTTP/1.1" 200 73904
193.70.81.116 - - [11/Feb/2025:00:31:33 +0100] "GET /ticket2/opencms/en/buy/?page=1&edid=76B00707-D3EA-3D94-DEEA-CEE4CD43DF30 HTTP/1.1" 200 104739
202.8.41.18 - - [11/Feb/2025:00:31:33 +0100] "GET /ticket2/opencms/system/modules/com.gridnine.opencms.ticketbrokerage.site/resources/js/calendar.js HTTP/1.1" 200 49229
202.8.41.18 - - [11/Feb/2025:00:31:33 +0100] "GET /ticket2/opencms/system/modules/com.gridnine.opencms.ticketbrokerage.site/resources/js/jquery/jquery-ui.js HTTP/1.1" 200 228088
202.8.41.18 - - [11/Feb/2025:00:31:33 +0100] "GET /ticket2/opencms/system/modules/com.gridnine.opencms.ticketbrokerage.site/resources/js/jquery/jquery.js HTTP/1.1" 200 93868
202.8.41.18 - - [11/Feb/2025:00:31:33 +0100] "GET /ticket2/opencms/system/modules/com.gridnine.opencms.ticketbrokerage.site/resources/js/functions.js HTTP/1.1" 200 1583
202.8.41.18 - - [11/Feb/2025:00:31:33 +0100] "GET /ticket2/opencms/system/modules/com.gridnine.opencms.ticketbrokerage.site/resources/js/calendar-en.js HTTP/1.1" 200 3338
202.8.41.18 - - [11/Feb/2025:00:31:33 +0100] "GET /ticket2/opencms/system/modules/com.gridnine.opencms.ticketbrokerage.site/resources/js/calendar-setup.js HTTP/1.1" 200 4923
202.8.41.18 - - [11/Feb/2025:00:31:33 +0100] "GET /ticket2/opencms/system/modules/com.gridnine.opencms.ticketbrokerage.site/resources/js/jquery.fancybox.pack.js HTTP/1.1" 200 23187
202.8.41.18 - - [11/Feb/2025:00:31:33 +0100] "GET /ticket2/opencms/system/modules/com.gridnine.opencms.ticketbrokerage.site/resources/js/stickyfill.min.js HTTP/1.1" 200 5672
202.8.41.18 - - [11/Feb/2025:00:31:33 +0100] "GET /ticket2/opencms/system/modules/com.gridnine.opencms.ticketbrokerage.site/resources/js/standard.js HTTP/1.1" 200 3983
202.8.41.18 - - [11/Feb/2025:00:31:33 +0100] "GET /ticket2/opencms/system/modules/com.gridnine.opencms.ticketbrokerage.site/resources/js/jquery.placeholder.min.js HTTP/1.1" 200 1737
202.8.41.18 - - [11/Feb/2025:00:31:33 +0100] "GET /ticket2/opencms/system/modules/com.gridnine.opencms.ticketbrokerage.site/resources/js/common-ajax.js HTTP/1.1" 200 20175
202.8.41.18 - - [11/Feb/2025:00:31:33 +0100] "GET /ticket2/opencms/sl/ask-form.html HTTP/1.1" 200 3156
202.8.41.18 - - [11/Feb/2025:00:31:33 +0100] "GET /ticket2/opencms/system/modules/com.gridnine.opencms.ticketbrokerage.site/resources/css/ticketbrokerage.css HTTP/1.1" 200 39339
192.99.15.34 - - [11/Feb/2025:00:31:34 +0100] "GET /ticket2/opencms/no/buy/?page=1&edid=EEC5300E-BB94-42CA-1E8E-EBCDC578E81E&sortorder=asc&column=section HTTP/1.1" 200 110785
192.99.15.34 - - [11/Feb/2025:00:31:37 +0100] "GET /ticket2/opencms/no/buy/?page=1&edid=EEFC5493-2F13-5613-C951-17A4DBBECDD4&sortorder=asc&column=price HTTP/1.1" 200 108990
193.70.81.116 - - [11/Feb/2025:00:31:37 +0100] "GET /ticket2/opencms/en/buy/?page=1&edid=76EAECA7-64F4-2580-38CA-B14BCC95A1C5 HTTP/1.1" 200 113947
54.36.148.65 - - [11/Feb/2025:00:31:37 +0100] "GET /ticket2/opencms/es/buy?page=1&edid=2002154A-0979-63C2-6DA2-C28E7B6E108E HTTP/1.1" 200 110163
67.144.2.241 - - [11/Feb/2025:00:31:38 +0100] "GET /ticket2/opencms/sv/buy/?page=1&edid=8CCEB39B-68A3-5B42-B56B-645699489976 HTTP/1.1" 200 109301
192.99.15.34 - - [11/Feb/2025:00:31:39 +0100] "GET /ticket2/opencms/no/buy/?page=1&edid=EEFC5493-2F13-5613-C951-17A4DBBECDD4&sortorder=asc&column=row HTTP/1.1" 200 108924
54.36.149.33 - - [11/Feb/2025:00:31:39 +0100] "GET /ticket2/opencms/cs/buy?page=1&edid=FB619D25-A569-B2D3-A138-064ED3A662B4 HTTP/1.1" 200 110359
193.70.81.116 - - [11/Feb/2025:00:31:40 +0100] "GET /ticket2/opencms/en/buy/?page=1&edid=78314AF0-4634-069B-617B-0BA727735BF7 HTTP/1.1" 200 104710
52.167.144.187 - - [11/Feb/2025:00:31:41 +0100] "GET /ticket2/opencms/it/standard/ HTTP/1.1" 500 -
192.99.15.34 - - [11/Feb/2025:00:31:41 +0100] "GET /ticket2/opencms/no/buy/?page=1&edid=EEFC5493-2F13-5613-C951-17A4DBBECDD4&sortorder=asc&column=section HTTP/1.1" 200 109056
47.128.20.129 - - [11/Feb/2025:00:31:43 +0100] "GET /ticket2/opencms/sk/buy?edid=5AEFBC90-53FE-BA37-4B09-5D4D8626210C HTTP/1.1" 200 89539
54.36.149.64 - - [11/Feb/2025:00:31:44 +0100] "GET /ticket2/opencms/is/buy?page=1&edid=AAD8B8EA-9AED-21A9-2967-40D5EB8A5581 HTTP/1.1" 200 106431
192.99.15.34 - - [11/Feb/2025:00:31:44 +0100] "GET /ticket2/opencms/no/buy/?page=1&edid=EF26FDDE-8C99-4747-2A55-F2DBC8C242A7&sortorder=asc&column=price HTTP/1.1" 200 107886
47.128.54.105 - - [11/Feb/2025:00:31:44 +0100] "GET /ticket2/opencms/fi/venue/?venueid=86AE90BC-D8AF-A4B6-5DCE-73A3626C185F HTTP/1.1" 200 84727
66.249.79.199 - - [11/Feb/2025:00:31:44 +0100] "GET /ticket2/opencms/az/buy/?page=1&edid=4D95C4E4-B7FF-C71E-110D-D09544A9044A HTTP/1.1" 200 133027
193.70.81.116 - - [11/Feb/2025:00:31:45 +0100] "GET /ticket2/opencms/en/buy/?page=1&edid=79716713-A068-E79D-953B-9FF4A2B80AAB HTTP/1.1" 200 130066
202.8.40.178 - - [11/Feb/2025:00:31:45 +0100] "GET /ticket2/opencms/system/modules/com.gridnine.opencms.ticketbrokerage.site/resources/css/jquery.fancybox.css HTTP/1.1" 200 4939
202.8.40.178 - - [11/Feb/2025:00:31:45 +0100] "GET /ticket2/opencms/system/modules/com.gridnine.opencms.ticketbrokerage.site/resources/css/ticketbrokerage.css HTTP/1.1" 200 39339
202.8.40.178 - - [11/Feb/2025:00:31:45 +0100] "GET /ticket2/opencms/system/modules/com.gridnine.opencms.ticketbrokerage.site/resources/css/standard.css HTTP/1.1" 200 73904
202.8.40.178 - - [11/Feb/2025:00:31:45 +0100] "GET /ticket2/opencms/system/modules/com.gridnine.opencms.ticketbrokerage.site/resources/css/jquery-ui.css HTTP/1.1" 200 33221
202.8.40.178 - - [11/Feb/2025:00:31:45 +0100] "GET /ticket2/opencms/system/modules/com.gridnine.opencms.ticketbrokerage.site/resources/js/jquery/jquery.js HTTP/1.1" 200 93868
202.8.40.178 - - [11/Feb/2025:00:31:45 +0100] "GET /ticket2/opencms/system/modules/com.gridnine.opencms.ticketbrokerage.site/resources/css/calendar.css HTTP/1.1" 200 6871
202.8.40.178 - - [11/Feb/2025:00:31:45 +0100] "GET /ticket2/opencms/system/modules/com.gridnine.opencms.ticketbrokerage.site/resources/js/jquery/jquery-ui.js HTTP/1.1" 200 228088
202.8.40.178 - - [11/Feb/2025:00:31:45 +0100] "GET /ticket2/opencms/system/modules/com.gridnine.opencms.ticketbrokerage.site/resources/js/functions.js HTTP/1.1" 200 1583
202.8.40.178 - - [11/Feb/2025:00:31:45 +0100] "GET /ticket2/opencms/system/modules/com.gridnine.opencms.ticketbrokerage.site/resources/js/calendar.js HTTP/1.1" 200 49229
202.8.40.178 - - [11/Feb/2025:00:31:45 +0100] "GET /ticket2/opencms/system/modules/com.gridnine.opencms.ticketbrokerage.site/resources/js/calendar-en.js HTTP/1.1" 200 3338
202.8.40.178 - - [11/Feb/2025:00:31:45 +0100] "GET /ticket2/opencms/system/modules/com.gridnine.opencms.ticketbrokerage.site/resources/js/calendar-setup.js HTTP/1.1" 200 4923
202.8.40.178 - - [11/Feb/2025:00:31:45 +0100] "GET /ticket2/opencms/system/modules/com.gridnine.opencms.ticketbrokerage.site/resources/js/stickyfill.min.js HTTP/1.1" 200 5672
202.8.40.178 - - [11/Feb/2025:00:31:45 +0100] "GET /ticket2/opencms/system/modules/com.gridnine.opencms.ticketbrokerage.site/resources/js/jquery.fancybox.pack.js HTTP/1.1" 200 23187
202.8.40.178 - - [11/Feb/2025:00:31:45 +0100] "GET /ticket2/opencms/system/modules/com.gridnine.opencms.ticketbrokerage.site/resources/js/standard.js HTTP/1.1" 200 3983
202.8.40.178 - - [11/Feb/2025:00:31:45 +0100] "GET /ticket2/opencms/system/modules/com.gridnine.opencms.ticketbrokerage.site/resources/js/jquery.placeholder.min.js HTTP/1.1" 200 1737
202.8.40.178 - - [11/Feb/2025:00:31:45 +0100] "GET /ticket2/opencms/system/modules/com.gridnine.opencms.ticketbrokerage.site/resources/js/common-ajax.js HTTP/1.1" 200 20175
202.8.40.178 - - [11/Feb/2025:00:31:45 +0100] "GET /ticket2/opencms/is/ask-form.html HTTP/1.1" 200 3156
47.128.54.105 - - [11/Feb/2025:00:31:45 +0100] "GET /ticket2/opencms/venue/spacircuit.gif HTTP/1.1" 200 22287
202.8.40.178 - - [11/Feb/2025:00:31:45 +0100] "GET /ticket2/opencms/system/modules/com.gridnine.opencms.ticketbrokerage.site/resources/css/ticketbrokerage.css HTTP/1.1" 200 39339
192.99.15.34 - - [11/Feb/2025:00:31:46 +0100] "GET /ticket2/opencms/no/buy/?page=1&edid=EF26FDDE-8C99-4747-2A55-F2DBC8C242A7&sortorder=asc&column=row HTTP/1.1" 200 107820
54.36.148.180 - - [11/Feb/2025:00:31:47 +0100] "GET /ticket2/opencms/sl/buy?page=1&edid=FB619D25-A569-B2D3-A138-064ED3A662B4 HTTP/1.1" 200 110361
193.70.81.116 - - [11/Feb/2025:00:31:49 +0100] "GET /ticket2/opencms/en/buy/?page=1&edid=7A0F0D40-9DB7-378F-AD47-13D628B3BD24 HTTP/1.1" 200 104688
52.167.144.203 - - [11/Feb/2025:00:31:49 +0100] "GET /ticket2/opencms/dk/buy?page=1&edid=DA59FF15-47CF-1CE7-F540-A4CA25201095 HTTP/1.1" 200 107224
192.99.15.34 - - [11/Feb/2025:00:31:49 +0100] "GET /ticket2/opencms/no/buy/?page=1&edid=EF26FDDE-8C99-4747-2A55-F2DBC8C242A7&sortorder=asc&column=section HTTP/1.1" 200 107952
192.99.15.34 - - [11/Feb/2025:00:31:52 +0100] "GET /ticket2/opencms/no/buy/?page=1&edid=F02C7F98-D962-4F16-67CC-B88BF13049A1&sortorder=asc&column=row HTTP/1.1" 200 106214
54.36.148.75 - - [11/Feb/2025:00:31:52 +0100] "GET /ticket2/opencms/tr/buy?page=1&edid=0BE732AB-67CD-FDAE-FCB3-FFE731054A7F HTTP/1.1" 200 88325
193.70.81.116 - - [11/Feb/2025:00:31:53 +0100] "GET /ticket2/opencms/en/buy/?page=1&edid=7BBDFB0E-EE23-5294-44DC-2CB1E8C1A24F HTTP/1.1" 200 116359
67.144.2.241 - - [11/Feb/2025:00:31:54 +0100] "GET /ticket2/opencms/sv/buy/?page=1&edid=8D1D6CEE-AFE2-1FB4-E378-1C71A0852032 HTTP/1.1" 200 106067
192.99.15.34 - - [11/Feb/2025:00:31:54 +0100] "GET /ticket2/opencms/no/buy/?page=1&edid=F02C7F98-D962-4F16-67CC-B88BF13049A1&sortorder=asc&column=section HTTP/1.1" 200 106346
54.36.148.31 - - [11/Feb/2025:00:31:54 +0100] "GET /ticket2/opencms/pl/buy?page=1&edid=0BE732AB-67CD-FDAE-FCB3-FFE731054A7F HTTP/1.1" 200 106337
192.99.15.34 - - [11/Feb/2025:00:31:56 +0100] "GET /ticket2/opencms/no/buy/?page=1&edid=F5D9FA6B-D079-1465-CABB-C57670C881C2&sortorder=asc&column=section HTTP/1.1" 200 108997
193.70.81.116 - - [11/Feb/2025:00:31:57 +0100] "GET /ticket2/opencms/en/buy/?page=1&edid=7C302FE7-A282-8674-91A5-C39354E6B4F5 HTTP/1.1" 200 110710
54.36.148.58 - - [11/Feb/2025:00:31:57 +0100] "GET /ticket2/opencms/es/buy/?page=1&edid=7D0034DE-60A0-B971-BE37-13F34A8B84FE HTTP/1.1" 200 109294
192.99.15.34 - - [11/Feb/2025:00:31:59 +0100] "GET /ticket2/opencms/no/buy/?page=1&edid=F7942CCC-714E-B79E-F81C-F985D84AAD24&sortorder=desc&column=row HTTP/1.1" 200 108958
54.36.149.36 - - [11/Feb/2025:00:32:00 +0100] "GET /ticket2/opencms/lv/buy?page=1&edid=FB619D25-A569-B2D3-A138-064ED3A662B4 HTTP/1.1" 200 110478
193.70.81.116 - - [11/Feb/2025:00:32:00 +0100] "GET /ticket2/opencms/en/buy/?page=1&edid=7D35F583-5000-190C-B2DC-8632905AF321 HTTP/1.1" 200 123043
185.191.171.8 - - [11/Feb/2025:00:32:01 +0100] "GET /ticket2/opencms/de/sport/fussball-tickets/serie_a/udinese/ HTTP/1.1" 200 91044
192.99.15.34 - - [11/Feb/2025:00:32:01 +0100] "GET /ticket2/opencms/no/buy/?page=1&edid=F7942CCC-714E-B79E-F81C-F985D84AAD24&sortorder=desc&column=section HTTP/1.1" 200 109090
192.99.15.34 - - [11/Feb/2025:00:32:04 +0100] "GET /ticket2/opencms/no/buy/?page=1&edid=F8314B08-0D67-7776-A14E-202F2698D162&sortorder=desc&column=price HTTP/1.1" 200 109670
193.70.81.116 - - [11/Feb/2025:00:32:04 +0100] "GET /ticket2/opencms/en/buy/?page=1&edid=7F8DD7AE-C02D-DBD7-A437-1943525E7DF2 HTTP/1.1" 200 130969
192.99.15.34 - - [11/Feb/2025:00:32:06 +0100] "GET /ticket2/opencms/no/buy/?page=1&edid=F8314B08-0D67-7776-A14E-202F2698D162&sortorder=desc&column=row HTTP/1.1" 200 109604
85.208.96.212 - - [11/Feb/2025:00:32:07 +0100] "GET /ticket2/opencms/el/magazine/article?title=kristiano-ronalnto HTTP/1.1" 200 88452
193.70.81.116 - - [11/Feb/2025:00:32:08 +0100] "GET /ticket2/opencms/en/buy/?page=1&edid=80629047-5380-DFBF-02A3-7565A4409F20 HTTP/1.1" 200 104709
192.99.15.34 - - [11/Feb/2025:00:32:09 +0100] "GET /ticket2/opencms/no/buy/?page=1&edid=F8314B08-0D67-7776-A14E-202F2698D162&sortorder=desc&column=section HTTP/1.1" 200 109736
67.144.2.241 - - [11/Feb/2025:00:32:11 +0100] "GET /ticket2/opencms/sv/buy/?page=1&edid=8D4F742F-68C9-FBF0-B10A-D688BA2BC358 HTTP/1.1" 200 109248
192.99.15.34 - - [11/Feb/2025:00:32:11 +0100] "GET /ticket2/opencms/no/buy/?page=1&edid=F8C63DF8-590C-CC78-749C-C6B01C8C3C13&sortorder=asc&column=price HTTP/1.1" 200 108085
217.113.194.212 - - [11/Feb/2025:00:32:12 +0100] "GET /ticket2/opencms/de/buy/?page=1&edid=2D2A6F4D-211F-8E0A-3D6E-1E0E85606D0F HTTP/1.1" 200 87537
193.70.81.116 - - [11/Feb/2025:00:32:12 +0100] "GET /ticket2/opencms/en/buy/?page=1&edid=812FD49D-304A-7328-3A5E-992562A1F44A HTTP/1.1" 200 107972
66.249.79.6 - - [11/Feb/2025:00:32:13 +0100] "GET /ticket2/opencms/fr/buy?page=1&edid=8DE1C2CA-7119-0E71-F915-F372DB5EBBBA HTTP/1.1" 200 121506
192.99.15.34 - - [11/Feb/2025:00:32:13 +0100] "GET /ticket2/opencms/no/buy/?page=1&edid=F8C63DF8-590C-CC78-749C-C6B01C8C3C13&sortorder=asc&column=row HTTP/1.1" 200 108019
54.36.149.31 - - [11/Feb/2025:00:32:13 +0100] "GET /ticket2/opencms/cs/buy?page=1&edid=096598FE-DA35-4351-DFEE-DC9ACA0F0EF9 HTTP/1.1" 200 133413
192.99.15.34 - - [11/Feb/2025:00:32:15 +0100] "GET /ticket2/opencms/no/buy/?page=1&edid=F8C63DF8-590C-CC78-749C-C6B01C8C3C13&sortorder=asc&column=section HTTP/1.1" 200 108151
193.70.81.116 - - [11/Feb/2025:00:32:16 +0100] "GET /ticket2/opencms/en/buy/?page=1&edid=81800969-8323-7DD5-2FF1-1DA61540AE9E HTTP/1.1" 200 104715
114.119.148.14 - - [11/Feb/2025:00:32:16 +0100] "GET /ticket2/opencms/es/buy/?page=1&edid=3F2D99A8-7547-83C1-C9EB-9D79E7CF5003 HTTP/1.1" 200 133486
192.99.15.34 - - [11/Feb/2025:00:32:17 +0100] "GET /ticket2/opencms/no/buy/?page=1&edid=F90DC262-1A9F-4FB5-A462-84BFB9E077F0&sortorder=desc&column=row HTTP/1.1" 200 109959
192.99.15.34 - - [11/Feb/2025:00:32:20 +0100] "GET /ticket2/opencms/no/buy/?page=1&edid=F90DC262-1A9F-4FB5-A462-84BFB9E077F0&sortorder=desc&column=section HTTP/1.1" 200 110091
54.36.148.54 - - [11/Feb/2025:00:32:20 +0100] "GET /ticket2/opencms/pl/buy?page=1&edid=A4CA2F1E-95F7-CE47-5A50-DF7E2BC18D85 HTTP/1.1" 200 118323
193.70.81.116 - - [11/Feb/2025:00:32:20 +0100] "GET /ticket2/opencms/en/buy/?page=1&edid=81CABF18-BA6D-C79B-B74D-94D66EB07C86 HTTP/1.1" 200 130970
202.8.41.28 - - [11/Feb/2025:00:32:21 +0100] "GET /ticket2/opencms/system/modules/com.gridnine.opencms.ticketbrokerage.site/resources/css/jquery-ui.css HTTP/1.1" 200 33221
202.8.41.28 - - [11/Feb/2025:00:32:21 +0100] "GET /ticket2/opencms/system/modules/com.gridnine.opencms.ticketbrokerage.site/resources/css/standard.css HTTP/1.1" 200 73904
202.8.41.28 - - [11/Feb/2025:00:32:21 +0100] "GET /ticket2/opencms/system/modules/com.gridnine.opencms.ticketbrokerage.site/resources/css/ticketbrokerage.css HTTP/1.1" 200 39339
202.8.41.28 - - [11/Feb/2025:00:32:21 +0100] "GET /ticket2/opencms/system/modules/com.gridnine.opencms.ticketbrokerage.site/resources/css/jquery.fancybox.css HTTP/1.1" 200 4939
202.8.41.28 - - [11/Feb/2025:00:32:21 +0100] "GET /ticket2/opencms/system/modules/com.gridnine.opencms.ticketbrokerage.site/resources/css/calendar.css HTTP/1.1" 200 6871
202.8.41.28 - - [11/Feb/2025:00:32:21 +0100] "GET /ticket2/opencms/system/modules/com.gridnine.opencms.ticketbrokerage.site/resources/js/jquery/jquery.js HTTP/1.1" 200 93868
202.8.41.28 - - [11/Feb/2025:00:32:21 +0100] "GET /ticket2/opencms/system/modules/com.gridnine.opencms.ticketbrokerage.site/resources/js/functions.js HTTP/1.1" 200 1583
202.8.41.28 - - [11/Feb/2025:00:32:21 +0100] "GET /ticket2/opencms/system/modules/com.gridnine.opencms.ticketbrokerage.site/resources/js/calendar.js HTTP/1.1" 200 49229
202.8.41.28 - - [11/Feb/2025:00:32:21 +0100] "GET /ticket2/opencms/system/modules/com.gridnine.opencms.ticketbrokerage.site/resources/js/jquery/jquery-ui.js HTTP/1.1" 200 228088
202.8.41.28 - - [11/Feb/2025:00:32:21 +0100] "GET /ticket2/opencms/system/modules/com.gridnine.opencms.ticketbrokerage.site/resources/js/calendar-en.js HTTP/1.1" 200 3338
202.8.41.28 - - [11/Feb/2025:00:32:21 +0100] "GET /ticket2/opencms/system/modules/com.gridnine.opencms.ticketbrokerage.site/resources/js/calendar-setup.js HTTP/1.1" 200 4923
202.8.41.28 - - [11/Feb/2025:00:32:21 +0100] "GET /ticket2/opencms/system/modules/com.gridnine.opencms.ticketbrokerage.site/resources/js/jquery.fancybox.pack.js HTTP/1.1" 200 23187
202.8.41.28 - - [11/Feb/2025:00:32:21 +0100] "GET /ticket2/opencms/system/modules/com.gridnine.opencms.ticketbrokerage.site/resources/js/stickyfill.min.js HTTP/1.1" 200 5672
202.8.41.28 - - [11/Feb/2025:00:32:21 +0100] "GET /ticket2/opencms/system/modules/com.gridnine.opencms.ticketbrokerage.site/resources/js/standard.js HTTP/1.1" 200 3983
202.8.41.28 - - [11/Feb/2025:00:32:21 +0100] "GET /ticket2/opencms/system/modules/com.gridnine.opencms.ticketbrokerage.site/resources/js/jquery.placeholder.min.js HTTP/1.1" 200 1737
202.8.41.28 - - [11/Feb/2025:00:32:21 +0100] "GET /ticket2/opencms/system/modules/com.gridnine.opencms.ticketbrokerage.site/resources/js/common-ajax.js HTTP/1.1" 200 20175
202.8.41.28 - - [11/Feb/2025:00:32:22 +0100] "GET /ticket2/opencms/pl/ask-form.html HTTP/1.1" 200 3156
202.8.41.28 - - [11/Feb/2025:00:32:22 +0100] "GET /ticket2/opencms/system/modules/com.gridnine.opencms.ticketbrokerage.site/resources/css/ticketbrokerage.css HTTP/1.1" 200 39339
192.99.15.34 - - [11/Feb/2025:00:32:22 +0100] "GET /ticket2/opencms/no/buy/?page=1&edid=F9161CFB-C2C8-9138-261B-AE3FC003292C HTTP/1.1" 200 108701
54.36.149.43 - - [11/Feb/2025:00:32:23 +0100] "GET /ticket2/opencms/it/buy?page=1&edid=2002154A-0979-63C2-6DA2-C28E7B6E108E HTTP/1.1" 200 88014
67.144.2.241 - - [11/Feb/2025:00:32:24 +0100] "GET /ticket2/opencms/sv/buy/?page=1&edid=8F1F38C2-E2DB-B13E-FCEA-0A73F3399CCE HTTP/1.1" 200 106085
193.70.81.116 - - [11/Feb/2025:00:32:24 +0100] "GET /ticket2/opencms/en/buy/?page=1&edid=820E820B-37CC-F66B-02F7-31FA2470012D HTTP/1.1" 200 107919
217.113.194.219 - - [11/Feb/2025:00:32:24 +0100] "GET /ticket2/opencms/no/buy?page=1&edid=4D0E8B6F-4A4C-13EE-EC78-4C4A42CB13B0 HTTP/1.1" 200 108081
192.99.15.34 - - [11/Feb/2025:00:32:25 +0100] "GET /ticket2/opencms/no/buy/?page=1&edid=FA7819FA-6F6F-D483-14F6-E550D20BA56D&sortorder=desc&column=section HTTP/1.1" 200 109082
52.167.144.196 - - [11/Feb/2025:00:32:28 +0100] "GET /ticket2/opencms/hr/buy?page=1&edid=C387B29E-9437-3C16-A65A-97A5EDDE5C2F HTTP/1.1" 200 108898
193.70.81.116 - - [11/Feb/2025:00:32:28 +0100] "GET /ticket2/opencms/en/buy/?page=1&edid=8513AB1B-B933-9792-1D4C-C887E0E5F59A HTTP/1.1" 200 104715
54.36.148.33 - - [11/Feb/2025:00:32:29 +0100] "GET /ticket2/opencms/mt/buy?page=1&edid=AAD8B8EA-9AED-21A9-2967-40D5EB8A5581 HTTP/1.1" 200 106726
192.99.15.34 - - [11/Feb/2025:00:32:30 +0100] "GET /ticket2/opencms/no/buy/?page=1&edid=FD98A46A-1DE7-4966-8837-67D03D297A3F HTTP/1.1" 200 108702
202.8.40.49 - - [11/Feb/2025:00:32:30 +0100] "GET /ticket2/opencms/system/modules/com.gridnine.opencms.ticketbrokerage.site/resources/css/jquery-ui.css HTTP/1.1" 200 33221
202.8.40.49 - - [11/Feb/2025:00:32:30 +0100] "GET /ticket2/opencms/system/modules/com.gridnine.opencms.ticketbrokerage.site/resources/css/calendar.css HTTP/1.1" 200 6871
202.8.40.49 - - [11/Feb/2025:00:32:30 +0100] "GET /ticket2/opencms/system/modules/com.gridnine.opencms.ticketbrokerage.site/resources/css/ticketbrokerage.css HTTP/1.1" 200 39339
202.8.40.49 - - [11/Feb/2025:00:32:30 +0100] "GET /ticket2/opencms/system/modules/com.gridnine.opencms.ticketbrokerage.site/resources/css/jquery.fancybox.css HTTP/1.1" 200 4939
202.8.40.49 - - [11/Feb/2025:00:32:30 +0100] "GET /ticket2/opencms/system/modules/com.gridnine.opencms.ticketbrokerage.site/resources/js/jquery/jquery.js HTTP/1.1" 200 93868
202.8.40.49 - - [11/Feb/2025:00:32:30 +0100] "GET /ticket2/opencms/system/modules/com.gridnine.opencms.ticketbrokerage.site/resources/css/standard.css HTTP/1.1" 200 73904
202.8.40.49 - - [11/Feb/2025:00:32:31 +0100] "GET /ticket2/opencms/system/modules/com.gridnine.opencms.ticketbrokerage.site/resources/js/functions.js HTTP/1.1" 200 1583
202.8.40.49 - - [11/Feb/2025:00:32:31 +0100] "GET /ticket2/opencms/system/modules/com.gridnine.opencms.ticketbrokerage.site/resources/js/jquery/jquery-ui.js HTTP/1.1" 200 228088
202.8.40.49 - - [11/Feb/2025:00:32:31 +0100] "GET /ticket2/opencms/system/modules/com.gridnine.opencms.ticketbrokerage.site/resources/js/calendar.js HTTP/1.1" 200 49229
202.8.40.49 - - [11/Feb/2025:00:32:31 +0100] "GET /ticket2/opencms/system/modules/com.gridnine.opencms.ticketbrokerage.site/resources/js/calendar-en.js HTTP/1.1" 200 3338
202.8.40.49 - - [11/Feb/2025:00:32:31 +0100] "GET /ticket2/opencms/system/modules/com.gridnine.opencms.ticketbrokerage.site/resources/js/calendar-setup.js HTTP/1.1" 200 4923
202.8.40.49 - - [11/Feb/2025:00:32:31 +0100] "GET /ticket2/opencms/system/modules/com.gridnine.opencms.ticketbrokerage.site/resources/js/jquery.fancybox.pack.js HTTP/1.1" 200 23187
202.8.40.49 - - [11/Feb/2025:00:32:31 +0100] "GET /ticket2/opencms/system/modules/com.gridnine.opencms.ticketbrokerage.site/resources/js/standard.js HTTP/1.1" 200 3983
202.8.40.49 - - [11/Feb/2025:00:32:31 +0100] "GET /ticket2/opencms/system/modules/com.gridnine.opencms.ticketbrokerage.site/resources/js/stickyfill.min.js HTTP/1.1" 200 5672
202.8.40.49 - - [11/Feb/2025:00:32:31 +0100] "GET /ticket2/opencms/system/modules/com.gridnine.opencms.ticketbrokerage.site/resources/js/jquery.placeholder.min.js HTTP/1.1" 200 1737
202.8.40.49 - - [11/Feb/2025:00:32:31 +0100] "GET /ticket2/opencms/system/modules/com.gridnine.opencms.ticketbrokerage.site/resources/js/common-ajax.js HTTP/1.1" 200 20175
202.8.40.49 - - [11/Feb/2025:00:32:31 +0100] "GET /ticket2/opencms/mt/ask-form.html HTTP/1.1" 200 3156
202.8.40.49 - - [11/Feb/2025:00:32:31 +0100] "GET /ticket2/opencms/system/modules/com.gridnine.opencms.ticketbrokerage.site/resources/css/ticketbrokerage.css HTTP/1.1" 200 39339
193.70.81.116 - - [11/Feb/2025:00:32:32 +0100] "GET /ticket2/opencms/en/buy/?page=1&edid=855AA881-22DD-B532-D219-E200D0C8F678 HTTP/1.1" 200 104707
67.144.2.241 - - [11/Feb/2025:00:32:32 +0100] "GET /ticket2/opencms/sv/buy/?page=1&edid=8FE74719-8441-7252-1E30-446BD9F354E9 HTTP/1.1" 200 106045
52.167.144.203 - - [11/Feb/2025:00:32:33 +0100] "GET /ticket2/opencms/is/buy?page=1&edid=69877597-E510-0567-3349-DBF7A6E00B8C HTTP/1.1" 200 110378
192.99.15.34 - - [11/Feb/2025:00:32:33 +0100] "GET /ticket2/opencms/no/buy/?page=1&edid=FDF4D335-951F-B198-7BFE-F927A989E5D5&sortorder=asc&column=section HTTP/1.1" 200 110564
101.44.187.99 - - [11/Feb/2025:00:32:33 +0100] "GET /ticket2/opencms/fi/buy/?page=1&edid=B922C762-2087-3C97-2B1F-F0A83EAFF02E&sortorder=asc&column=row HTTP/1.1" 200 106417
52.167.144.203 - - [11/Feb/2025:00:32:34 +0100] "GET /ticket2/opencms/lv/buy/?page=1&edid=37A75E19-2D32-09E3-B22B-553C3AC90B6B HTTP/1.1" 200 110158
193.70.81.116 - - [11/Feb/2025:00:32:35 +0100] "GET /ticket2/opencms/en/buy/?page=1&edid=86016FCC-B629-DB25-1B97-EF7601F07523 HTTP/1.1" 200 104756
54.36.149.56 - - [11/Feb/2025:00:32:36 +0100] "GET /ticket2/opencms/sr/buy?page=1&edid=FB619D25-A569-B2D3-A138-064ED3A662B4 HTTP/1.1" 200 111045
217.113.194.215 - - [11/Feb/2025:00:32:37 +0100] "GET /ticket2/opencms/no/buy?page=1&edid=C8A7B8D3-F9BD-EC09-E9E0-179F67925EF2 HTTP/1.1" 200 109132
193.70.81.116 - - [11/Feb/2025:00:32:39 +0100] "GET /ticket2/opencms/en/buy/?page=1&edid=871D7AC8-C2FD-89A7-A9D7-71A8AD06F3BB HTTP/1.1" 200 104689
37.123.143.11 - - [11/Feb/2025:00:32:39 +0100] "GET /ticket2/opencms/system/workplace/views/top_foot.jsp?wpFrame=foot HTTP/1.1" 200 1210
37.123.143.11 - - [11/Feb/2025:00:32:39 +0100] "GET /ticket2/opencms/system/workplace/commons/style/workplace.css HTTP/1.1" 200 14209
66.249.76.134 - - [11/Feb/2025:00:32:42 +0100] "GET /ticket2/opencms/mt/buy/?page=1&edid=285C029F-0136-4458-3DAC-D4899E4F1B96 HTTP/1.1" 200 106729
193.70.81.116 - - [11/Feb/2025:00:32:43 +0100] "GET /ticket2/opencms/en/buy/?page=1&edid=872A1CAC-EC9F-5A17-CC81-87C861412BDF HTTP/1.1" 200 107908
192.99.15.34 - - [11/Feb/2025:00:32:43 +0100] "GET /ticket2/opencms/no/buy/?page=1&edid=17ABEF83-A306-7DC9-F266-4B55FF85626E&sortorder=desc&column=row HTTP/1.1" 200 109598
52.167.144.196 - - [11/Feb/2025:00:32:44 +0100] "GET /ticket2/opencms/dk/buy/?page=1&edid=9273DEB2-F457-0858-0BB3-B58A6446A79C HTTP/1.1" 200 108141
67.144.2.241 - - [11/Feb/2025:00:32:44 +0100] "GET /ticket2/opencms/sv/buy/?page=1&edid=903D568A-64A1-F288-560D-2EED7A16749E HTTP/1.1" 200 108839
185.191.171.3 - - [11/Feb/2025:00:32:45 +0100] "GET /ticket2/opencms/ka/sport/pekhburti-biletebi/champions-league/celtic HTTP/1.1" 200 93545
47.128.120.218 - - [11/Feb/2025:00:32:47 +0100] "GET /ticket2/opencms/az/buy/?edid=8E60715C-679D-D409-2BE9-46EB77599BF4 HTTP/1.1" 200 89596
54.36.149.57 - - [11/Feb/2025:00:32:47 +0100] "GET /ticket2/opencms/bg/buy?page=1&edid=66A41D1B-B106-948F-4ECF-7F8A993B5B86 HTTP/1.1" 200 108479
193.70.81.116 - - [11/Feb/2025:00:32:47 +0100] "GET /ticket2/opencms/en/buy/?page=1&edid=87DA8067-258E-93BF-F8B0-6A2011EF3D80 HTTP/1.1" 200 130213
66.249.68.69 - - [11/Feb/2025:00:32:47 +0100] "GET /ticket2/opencms/be/buy/?page=1&edid=A63CB229-A1A5-6049-4462-09D8A2D4CF7F HTTP/1.1" 200 112458
202.8.41.23 - - [11/Feb/2025:00:32:48 +0100] "GET /ticket2/opencms/system/modules/com.gridnine.opencms.ticketbrokerage.site/resources/css/jquery-ui.css HTTP/1.1" 200 33221
202.8.41.23 - - [11/Feb/2025:00:32:48 +0100] "GET /ticket2/opencms/system/modules/com.gridnine.opencms.ticketbrokerage.site/resources/css/ticketbrokerage.css HTTP/1.1" 200 39339
202.8.41.23 - - [11/Feb/2025:00:32:48 +0100] "GET /ticket2/opencms/system/modules/com.gridnine.opencms.ticketbrokerage.site/resources/css/standard.css HTTP/1.1" 200 73904
202.8.41.23 - - [11/Feb/2025:00:32:48 +0100] "GET /ticket2/opencms/system/modules/com.gridnine.opencms.ticketbrokerage.site/resources/css/calendar.css HTTP/1.1" 200 6871
202.8.41.23 - - [11/Feb/2025:00:32:48 +0100] "GET /ticket2/opencms/system/modules/com.gridnine.opencms.ticketbrokerage.site/resources/css/jquery.fancybox.css HTTP/1.1" 200 4939
202.8.41.23 - - [11/Feb/2025:00:32:48 +0100] "GET /ticket2/opencms/system/modules/com.gridnine.opencms.ticketbrokerage.site/resources/js/functions.js HTTP/1.1" 200 1583
202.8.41.23 - - [11/Feb/2025:00:32:48 +0100] "GET /ticket2/opencms/system/modules/com.gridnine.opencms.ticketbrokerage.site/resources/js/jquery/jquery.js HTTP/1.1" 200 93868
202.8.41.23 - - [11/Feb/2025:00:32:48 +0100] "GET /ticket2/opencms/system/modules/com.gridnine.opencms.ticketbrokerage.site/resources/js/jquery/jquery-ui.js HTTP/1.1" 200 228088
