202.8.43.84 - - [11/Feb/2025:00:40:04 +0100] "GET /ticket2/opencms/system/modules/com.gridnine.opencms.ticketbrokerage.site/resources/js/standard.js HTTP/1.1" 200 3983
202.8.43.84 - - [11/Feb/2025:00:40:04 +0100] "GET /ticket2/opencms/system/modules/com.gridnine.opencms.ticketbrokerage.site/resources/js/jquery.placeholder.min.js HTTP/1.1" 200 1737
202.8.43.84 - - [11/Feb/2025:00:40:04 +0100] "GET /ticket2/opencms/system/modules/com.gridnine.opencms.ticketbrokerage.site/resources/js/common-ajax.js HTTP/1.1" 200 20175
202.8.43.84 - - [11/Feb/2025:00:40:04 +0100] "GET /ticket2/opencms/hr/ask-form.html HTTP/1.1" 200 3156
202.8.43.84 - - [11/Feb/2025:00:40:04 +0100] "GET /ticket2/opencms/system/modules/com.gridnine.opencms.ticketbrokerage.site/resources/css/ticketbrokerage.css HTTP/1.1" 200 39339
66.249.79.192 - - [11/Feb/2025:00:40:04 +0100] "GET /ticket2/opencms/fr/buy?page=1&edid=EE1094B0-5F8D-7F5A-3592-6F4F9BDBF532 HTTP/1.1" 200 133131
192.99.15.34 - - [11/Feb/2025:00:40:07 +0100] "GET /ticket2/opencms/no/buy/?page=1&edid=74879902-3305-5658-7FBC-5B1AD375E2DC&sortorder=desc&column=row HTTP/1.1" 200 109386
54.36.149.57 - - [11/Feb/2025:00:40:07 +0100] "GET /ticket2/opencms/be/buy?page=1&edid=1BEE5A38-DD94-3509-3225-C4A2986A386D HTTP/1.1" 200 111354
202.8.40.39 - - [11/Feb/2025:00:40:08 +0100] "GET /ticket2/opencms/system/modules/com.gridnine.opencms.ticketbrokerage.site/resources/css/calendar.css HTTP/1.1" 200 6871
202.8.40.39 - - [11/Feb/2025:00:40:08 +0100] "GET /ticket2/opencms/system/modules/com.gridnine.opencms.ticketbrokerage.site/resources/css/jquery-ui.css HTTP/1.1" 200 33221
202.8.40.39 - - [11/Feb/2025:00:40:08 +0100] "GET /ticket2/opencms/system/modules/com.gridnine.opencms.ticketbrokerage.site/resources/css/ticketbrokerage.css HTTP/1.1" 200 39339
202.8.40.39 - - [11/Feb/2025:00:40:08 +0100] "GET /ticket2/opencms/system/modules/com.gridnine.opencms.ticketbrokerage.site/resources/css/standard.css HTTP/1.1" 200 73904
202.8.40.39 - - [11/Feb/2025:00:40:08 +0100] "GET /ticket2/opencms/system/modules/com.gridnine.opencms.ticketbrokerage.site/resources/css/jquery.fancybox.css HTTP/1.1" 200 4939
202.8.40.39 - - [11/Feb/2025:00:40:08 +0100] "GET /ticket2/opencms/system/modules/com.gridnine.opencms.ticketbrokerage.site/resources/js/jquery/jquery.js HTTP/1.1" 200 93868
202.8.40.39 - - [11/Feb/2025:00:40:08 +0100] "GET /ticket2/opencms/system/modules/com.gridnine.opencms.ticketbrokerage.site/resources/js/functions.js HTTP/1.1" 200 1583
202.8.40.39 - - [11/Feb/2025:00:40:08 +0100] "GET /ticket2/opencms/system/modules/com.gridnine.opencms.ticketbrokerage.site/resources/js/calendar-en.js HTTP/1.1" 200 3338
202.8.40.39 - - [11/Feb/2025:00:40:08 +0100] "GET /ticket2/opencms/system/modules/com.gridnine.opencms.ticketbrokerage.site/resources/js/calendar.js HTTP/1.1" 200 49229
202.8.40.39 - - [11/Feb/2025:00:40:08 +0100] "GET /ticket2/opencms/system/modules/com.gridnine.opencms.ticketbrokerage.site/resources/js/calendar-setup.js HTTP/1.1" 200 4923
202.8.40.39 - - [11/Feb/2025:00:40:08 +0100] "GET /ticket2/opencms/system/modules/com.gridnine.opencms.ticketbrokerage.site/resources/js/jquery/jquery-ui.js HTTP/1.1" 200 228088
202.8.40.39 - - [11/Feb/2025:00:40:08 +0100] "GET /ticket2/opencms/system/modules/com.gridnine.opencms.ticketbrokerage.site/resources/js/jquery.fancybox.pack.js HTTP/1.1" 200 23187
202.8.40.39 - - [11/Feb/2025:00:40:08 +0100] "GET /ticket2/opencms/system/modules/com.gridnine.opencms.ticketbrokerage.site/resources/js/stickyfill.min.js HTTP/1.1" 200 5672
202.8.40.39 - - [11/Feb/2025:00:40:08 +0100] "GET /ticket2/opencms/system/modules/com.gridnine.opencms.ticketbrokerage.site/resources/js/standard.js HTTP/1.1" 200 3983
202.8.40.39 - - [11/Feb/2025:00:40:08 +0100] "GET /ticket2/opencms/system/modules/com.gridnine.opencms.ticketbrokerage.site/resources/js/jquery.placeholder.min.js HTTP/1.1" 200 1737
202.8.40.39 - - [11/Feb/2025:00:40:09 +0100] "GET /ticket2/opencms/system/modules/com.gridnine.opencms.ticketbrokerage.site/resources/js/common-ajax.js HTTP/1.1" 200 20175
202.8.40.39 - - [11/Feb/2025:00:40:09 +0100] "GET /ticket2/opencms/be/ask-form.html HTTP/1.1" 200 3156
202.8.40.39 - - [11/Feb/2025:00:40:09 +0100] "GET /ticket2/opencms/system/modules/com.gridnine.opencms.ticketbrokerage.site/resources/css/ticketbrokerage.css HTTP/1.1" 200 39339
192.99.15.34 - - [11/Feb/2025:00:40:11 +0100] "GET /ticket2/opencms/no/buy/?page=1&edid=7BB8570A-17B7-95EF-E8A6-380751584F03&sortorder=asc&column=row HTTP/1.1" 200 106213
54.36.148.222 - - [11/Feb/2025:00:40:12 +0100] "GET /ticket2/opencms/dk/buy?page=1&edid=DB16C9C1-2F89-7DF4-5EE2-407CA7C9B4ED HTTP/1.1" 200 105148
67.144.2.241 - - [11/Feb/2025:00:40:13 +0100] "GET /ticket2/opencms/sv/buy/?page=1&edid=B142D26D-396B-37B0-A2A2-42CF4AC9BE0F HTTP/1.1" 200 109249
202.8.40.20 - - [11/Feb/2025:00:40:13 +0100] "GET /ticket2/opencms/system/modules/com.gridnine.opencms.ticketbrokerage.site/resources/css/ticketbrokerage.css HTTP/1.1" 200 39339
202.8.40.20 - - [11/Feb/2025:00:40:13 +0100] "GET /ticket2/opencms/system/modules/com.gridnine.opencms.ticketbrokerage.site/resources/css/jquery-ui.css HTTP/1.1" 200 33221
202.8.40.20 - - [11/Feb/2025:00:40:13 +0100] "GET /ticket2/opencms/system/modules/com.gridnine.opencms.ticketbrokerage.site/resources/css/calendar.css HTTP/1.1" 200 6871
202.8.40.20 - - [11/Feb/2025:00:40:13 +0100] "GET /ticket2/opencms/system/modules/com.gridnine.opencms.ticketbrokerage.site/resources/css/standard.css HTTP/1.1" 200 73904
202.8.40.20 - - [11/Feb/2025:00:40:13 +0100] "GET /ticket2/opencms/system/modules/com.gridnine.opencms.ticketbrokerage.site/resources/css/jquery.fancybox.css HTTP/1.1" 200 4939
202.8.40.20 - - [11/Feb/2025:00:40:13 +0100] "GET /ticket2/opencms/system/modules/com.gridnine.opencms.ticketbrokerage.site/resources/js/jquery/jquery.js HTTP/1.1" 200 93868
202.8.40.20 - - [11/Feb/2025:00:40:13 +0100] "GET /ticket2/opencms/system/modules/com.gridnine.opencms.ticketbrokerage.site/resources/js/functions.js HTTP/1.1" 200 1583
202.8.40.20 - - [11/Feb/2025:00:40:13 +0100] "GET /ticket2/opencms/system/modules/com.gridnine.opencms.ticketbrokerage.site/resources/js/calendar.js HTTP/1.1" 200 49229
202.8.40.20 - - [11/Feb/2025:00:40:13 +0100] "GET /ticket2/opencms/system/modules/com.gridnine.opencms.ticketbrokerage.site/resources/js/jquery/jquery-ui.js HTTP/1.1" 200 228088
202.8.40.20 - - [11/Feb/2025:00:40:13 +0100] "GET /ticket2/opencms/system/modules/com.gridnine.opencms.ticketbrokerage.site/resources/js/calendar-en.js HTTP/1.1" 200 3338
202.8.40.20 - - [11/Feb/2025:00:40:13 +0100] "GET /ticket2/opencms/system/modules/com.gridnine.opencms.ticketbrokerage.site/resources/js/calendar-setup.js HTTP/1.1" 200 4923
202.8.40.20 - - [11/Feb/2025:00:40:13 +0100] "GET /ticket2/opencms/system/modules/com.gridnine.opencms.ticketbrokerage.site/resources/js/jquery.fancybox.pack.js HTTP/1.1" 200 23187
202.8.40.20 - - [11/Feb/2025:00:40:13 +0100] "GET /ticket2/opencms/system/modules/com.gridnine.opencms.ticketbrokerage.site/resources/js/standard.js HTTP/1.1" 200 3983
202.8.40.20 - - [11/Feb/2025:00:40:13 +0100] "GET /ticket2/opencms/system/modules/com.gridnine.opencms.ticketbrokerage.site/resources/js/stickyfill.min.js HTTP/1.1" 200 5672
202.8.40.20 - - [11/Feb/2025:00:40:13 +0100] "GET /ticket2/opencms/system/modules/com.gridnine.opencms.ticketbrokerage.site/resources/js/jquery.placeholder.min.js HTTP/1.1" 200 1737
202.8.40.20 - - [11/Feb/2025:00:40:13 +0100] "GET /ticket2/opencms/system/modules/com.gridnine.opencms.ticketbrokerage.site/resources/js/common-ajax.js HTTP/1.1" 200 20175
202.8.40.20 - - [11/Feb/2025:00:40:13 +0100] "GET /ticket2/opencms/dk/ask-form.html HTTP/1.1" 200 2971
202.8.40.20 - - [11/Feb/2025:00:40:13 +0100] "GET /ticket2/opencms/system/modules/com.gridnine.opencms.ticketbrokerage.site/resources/css/ticketbrokerage.css HTTP/1.1" 200 39339
192.99.15.34 - - [11/Feb/2025:00:40:15 +0100] "GET /ticket2/opencms/no/buy/?page=1&edid=7BE80F00-2774-9750-D835-26047A5CC0BC&sortorder=desc&column=price HTTP/1.1" 200 110157
54.36.148.162 - - [11/Feb/2025:00:40:15 +0100] "GET /ticket2/opencms/mt/buy?page=1&edid=C5E6BD6B-6997-F99C-5497-F6687FA84598 HTTP/1.1" 200 106704
114.119.130.178 - - [11/Feb/2025:00:40:18 +0100] "GET /ticket2/opencms/en/venue/?venueid=CB444C4A-4CCE-4670-714E-21D950F578CB HTTP/1.1" 200 83252
192.99.15.34 - - [11/Feb/2025:00:40:19 +0100] "GET /ticket2/opencms/no/buy/?page=1&edid=7C9D1D8F-C2A8-5273-4C6A-8733A1E01057&sortorder=desc&column=row HTTP/1.1" 200 106869
54.36.149.47 - - [11/Feb/2025:00:40:19 +0100] "GET /ticket2/opencms/sl/buy?page=1&edid=1BEE5A38-DD94-3509-3225-C4A2986A386D HTTP/1.1" 200 108994
202.8.43.191 - - [11/Feb/2025:00:40:20 +0100] "GET /ticket2/opencms/system/modules/com.gridnine.opencms.ticketbrokerage.site/resources/css/jquery-ui.css HTTP/1.1" 200 33221
202.8.43.191 - - [11/Feb/2025:00:40:20 +0100] "GET /ticket2/opencms/system/modules/com.gridnine.opencms.ticketbrokerage.site/resources/css/calendar.css HTTP/1.1" 200 6871
202.8.43.191 - - [11/Feb/2025:00:40:20 +0100] "GET /ticket2/opencms/system/modules/com.gridnine.opencms.ticketbrokerage.site/resources/css/ticketbrokerage.css HTTP/1.1" 200 39339
202.8.43.191 - - [11/Feb/2025:00:40:20 +0100] "GET /ticket2/opencms/system/modules/com.gridnine.opencms.ticketbrokerage.site/resources/css/standard.css HTTP/1.1" 200 73904
202.8.43.191 - - [11/Feb/2025:00:40:20 +0100] "GET /ticket2/opencms/system/modules/com.gridnine.opencms.ticketbrokerage.site/resources/css/jquery.fancybox.css HTTP/1.1" 200 4939
202.8.43.191 - - [11/Feb/2025:00:40:20 +0100] "GET /ticket2/opencms/system/modules/com.gridnine.opencms.ticketbrokerage.site/resources/js/jquery/jquery.js HTTP/1.1" 200 93868
202.8.43.191 - - [11/Feb/2025:00:40:20 +0100] "GET /ticket2/opencms/system/modules/com.gridnine.opencms.ticketbrokerage.site/resources/js/calendar.js HTTP/1.1" 200 49229
202.8.43.191 - - [11/Feb/2025:00:40:20 +0100] "GET /ticket2/opencms/system/modules/com.gridnine.opencms.ticketbrokerage.site/resources/js/jquery/jquery-ui.js HTTP/1.1" 200 228088
202.8.43.191 - - [11/Feb/2025:00:40:20 +0100] "GET /ticket2/opencms/system/modules/com.gridnine.opencms.ticketbrokerage.site/resources/js/calendar-en.js HTTP/1.1" 200 3338
202.8.43.191 - - [11/Feb/2025:00:40:20 +0100] "GET /ticket2/opencms/system/modules/com.gridnine.opencms.ticketbrokerage.site/resources/js/functions.js HTTP/1.1" 200 1583
202.8.43.191 - - [11/Feb/2025:00:40:20 +0100] "GET /ticket2/opencms/system/modules/com.gridnine.opencms.ticketbrokerage.site/resources/js/calendar-setup.js HTTP/1.1" 200 4923
202.8.43.191 - - [11/Feb/2025:00:40:20 +0100] "GET /ticket2/opencms/system/modules/com.gridnine.opencms.ticketbrokerage.site/resources/js/stickyfill.min.js HTTP/1.1" 200 5672
202.8.43.191 - - [11/Feb/2025:00:40:20 +0100] "GET /ticket2/opencms/system/modules/com.gridnine.opencms.ticketbrokerage.site/resources/js/jquery.fancybox.pack.js HTTP/1.1" 200 23187
202.8.43.191 - - [11/Feb/2025:00:40:20 +0100] "GET /ticket2/opencms/system/modules/com.gridnine.opencms.ticketbrokerage.site/resources/js/standard.js HTTP/1.1" 200 3983
202.8.43.191 - - [11/Feb/2025:00:40:20 +0100] "GET /ticket2/opencms/system/modules/com.gridnine.opencms.ticketbrokerage.site/resources/js/jquery.placeholder.min.js HTTP/1.1" 200 1737
202.8.43.191 - - [11/Feb/2025:00:40:21 +0100] "GET /ticket2/opencms/system/modules/com.gridnine.opencms.ticketbrokerage.site/resources/js/common-ajax.js HTTP/1.1" 200 20175
202.8.43.191 - - [11/Feb/2025:00:40:21 +0100] "GET /ticket2/opencms/sl/ask-form.html HTTP/1.1" 200 3156
202.8.43.191 - - [11/Feb/2025:00:40:21 +0100] "GET /ticket2/opencms/system/modules/com.gridnine.opencms.ticketbrokerage.site/resources/css/ticketbrokerage.css HTTP/1.1" 200 39339
85.208.96.208 - - [11/Feb/2025:00:40:22 +0100] "GET /ticket2/opencms/hr/ HTTP/1.1" 200 106456
40.77.167.21 - - [11/Feb/2025:00:40:22 +0100] "GET /ticket2/opencms/mt/sell HTTP/1.1" 302 -
192.99.15.34 - - [11/Feb/2025:00:40:23 +0100] "GET /ticket2/opencms/no/buy/?page=1&edid=7C9D1D8F-C2A8-5273-4C6A-8733A1E01057&sortorder=desc&column=section HTTP/1.1" 200 107001
40.77.167.21 - - [11/Feb/2025:00:40:24 +0100] "GET /ticket2/opencms/mt/login/?url=/mt/sell/ HTTP/1.1" 200 89770
185.191.171.6 - - [11/Feb/2025:00:40:26 +0100] "GET /ticket2/opencms/az/sport/futbol-biletleri/champions-league/psg/ HTTP/1.1" 200 91343
192.99.15.34 - - [11/Feb/2025:00:40:26 +0100] "GET /ticket2/opencms/no/buy/?page=1&edid=7CE5DED6-BFF5-4BF4-3E6E-E97EEDD796E2&sortorder=desc&column=price HTTP/1.1" 200 107921
40.77.167.8 - - [11/Feb/2025:00:40:28 +0100] "GET /ticket2/opencms/en/sport/football-tickets/serie_a/fiorentina/ HTTP/1.1" 200 95340
40.77.167.8 - - [11/Feb/2025:00:40:30 +0100] "GET /ticket2/opencms/sr/buy/?page=1&edid=B21620F0-268B-7708-49EB-0AD4408810AF HTTP/1.1" 200 106951
192.99.15.34 - - [11/Feb/2025:00:40:31 +0100] "GET /ticket2/opencms/no/buy/?page=1&edid=7CE5DED6-BFF5-4BF4-3E6E-E97EEDD796E2&sortorder=desc&column=row HTTP/1.1" 200 107855
66.249.68.7 - - [11/Feb/2025:00:40:32 +0100] "GET /ticket2/opencms/pl/buy/?page=1&edid=3332FDE7-1F4A-7217-A205-4DAC5ABE8927 HTTP/1.1" 200 116077
192.99.15.34 - - [11/Feb/2025:00:40:34 +0100] "GET /ticket2/opencms/no/buy/?page=1&edid=7CE5DED6-BFF5-4BF4-3E6E-E97EEDD796E2&sortorder=desc&column=section HTTP/1.1" 200 107987
54.36.148.159 - - [11/Feb/2025:00:40:35 +0100] "GET /ticket2/opencms/mt/buy?page=1&edid=57C8D150-DCBD-4911-196A-160A37952FA8 HTTP/1.1" 200 133811
52.167.144.196 - - [11/Feb/2025:00:40:36 +0100] "GET /ticket2/opencms/ga/buy/?page=1&edid=024D7C2D-2C94-4F3D-036F-1C2D91C6E2B4 HTTP/1.1" 200 110740
67.144.2.241 - - [11/Feb/2025:00:40:37 +0100] "GET /ticket2/opencms/sv/buy/?page=1&edid=B32AB519-F231-4BF8-F809-18CF08E96409 HTTP/1.1" 200 109481
192.99.15.34 - - [11/Feb/2025:00:40:38 +0100] "GET /ticket2/opencms/no/buy/?page=1&edid=7D0CD565-A51C-3B57-C547-06C53308F8CE&sortorder=desc&column=price HTTP/1.1" 200 110113
172.226.26.16 - - [11/Feb/2025:00:40:39 +0100] "GET /ticket2/opencms/no/?gad_source=1&gbraid=0AAAAADlS-t-OzAbZt8RJin1JBfLHxStPz&gclid=CjwKCAiA5Ka9BhB5EiwA1ZVtvBMPuFG9WQboIYVDOhpZlO-sRfHmoilffylwrZh2SwNQAToCpB5lhBoCwboQAvD_BwE HTTP/1.1" 200 106003
172.226.26.16 - - [11/Feb/2025:00:40:39 +0100] "GET /ticket2/opencms/system/modules/com.gridnine.opencms.ticketbrokerage.site/resources/css/ticketbrokerage.css HTTP/1.1" 200 39339
172.226.26.16 - - [11/Feb/2025:00:40:39 +0100] "GET /ticket2/opencms/system/modules/com.gridnine.opencms.ticketbrokerage.site/resources/js/jquery/jquery-ui.js HTTP/1.1" 200 228088
172.226.26.16 - - [11/Feb/2025:00:40:39 +0100] "GET /ticket2/opencms/system/modules/com.gridnine.opencms.ticketbrokerage.site/resources/css/calendar.css HTTP/1.1" 200 6871
172.226.26.16 - - [11/Feb/2025:00:40:39 +0100] "GET /ticket2/opencms/system/modules/com.gridnine.opencms.ticketbrokerage.site/resources/js/functions.js HTTP/1.1" 200 1583
172.226.26.16 - - [11/Feb/2025:00:40:39 +0100] "GET /ticket2/opencms/system/modules/com.gridnine.opencms.ticketbrokerage.site/resources/js/jquery.placeholder.min.js HTTP/1.1" 200 1737
172.226.26.16 - - [11/Feb/2025:00:40:39 +0100] "GET /ticket2/opencms/system/modules/com.gridnine.opencms.ticketbrokerage.site/resources/css/jquery.fancybox.css HTTP/1.1" 200 4939
172.226.26.16 - - [11/Feb/2025:00:40:39 +0100] "GET /ticket2/opencms/system/modules/com.gridnine.opencms.ticketbrokerage.site/resources/css/jquery-ui.css HTTP/1.1" 200 33221
172.226.26.16 - - [11/Feb/2025:00:40:39 +0100] "GET /ticket2/opencms/system/modules/com.gridnine.opencms.ticketbrokerage.site/resources/css/standard.css HTTP/1.1" 200 73904
172.226.26.16 - - [11/Feb/2025:00:40:39 +0100] "GET /ticket2/opencms/system/modules/com.gridnine.opencms.ticketbrokerage.site/resources/js/jquery/jquery.js HTTP/1.1" 200 93868
172.226.26.16 - - [11/Feb/2025:00:40:39 +0100] "GET /ticket2/opencms/system/modules/com.gridnine.opencms.ticketbrokerage.site/resources/js/calendar.js HTTP/1.1" 200 49229
172.226.26.16 - - [11/Feb/2025:00:40:39 +0100] "GET /ticket2/opencms/system/modules/com.gridnine.opencms.ticketbrokerage.site/resources/js/calendar-en.js HTTP/1.1" 200 3338
172.226.26.16 - - [11/Feb/2025:00:40:39 +0100] "GET /ticket2/opencms/system/modules/com.gridnine.opencms.ticketbrokerage.site/resources/js/calendar-setup.js HTTP/1.1" 200 4923
172.226.26.16 - - [11/Feb/2025:00:40:39 +0100] "GET /ticket2/opencms/system/modules/com.gridnine.opencms.ticketbrokerage.site/resources/js/common-ajax.js HTTP/1.1" 200 20175
172.226.26.16 - - [11/Feb/2025:00:40:39 +0100] "GET /ticket2/opencms/system/modules/com.gridnine.opencms.ticketbrokerage.site/resources/js/jquery.fancybox.pack.js HTTP/1.1" 200 23187
172.226.26.16 - - [11/Feb/2025:00:40:39 +0100] "GET /ticket2/opencms/system/modules/com.gridnine.opencms.ticketbrokerage.site/resources/js/stickyfill.min.js HTTP/1.1" 200 5672
172.226.26.16 - - [11/Feb/2025:00:40:39 +0100] "GET /ticket2/opencms/img/icons/globe-white.png HTTP/1.1" 200 947
172.226.26.16 - - [11/Feb/2025:00:40:39 +0100] "GET /ticket2/opencms/system/modules/com.gridnine.opencms.ticketbrokerage.site/resources/js/standard.js HTTP/1.1" 200 3983
172.226.26.16 - - [11/Feb/2025:00:40:39 +0100] "GET /ticket2/opencms/system/modules/com.gridnine.opencms.ticketbrokerage.site/resources/pics/logo-new.png HTTP/1.1" 200 13541
172.226.26.16 - - [11/Feb/2025:00:40:39 +0100] "GET /ticket2/opencms/img/insta.png HTTP/1.1" 200 3967
172.226.26.16 - - [11/Feb/2025:00:40:39 +0100] "GET /ticket2/opencms/img/icons/en.png HTTP/1.1" 200 2415
172.226.26.16 - - [11/Feb/2025:00:40:39 +0100] "GET /ticket2/opencms/img/fb.png HTTP/1.1" 200 1269
172.226.26.16 - - [11/Feb/2025:00:40:39 +0100] "GET /ticket2/opencms/system/modules/com.gridnine.opencms.ticketbrokerage.site/resources/pics/footer-img.jpg HTTP/1.1" 200 67642
172.226.26.16 - - [11/Feb/2025:00:40:39 +0100] "GET /ticket2/opencms/img/icons/se.png HTTP/1.1" 200 1258
172.226.26.16 - - [11/Feb/2025:00:40:39 +0100] "GET /ticket2/opencms/img/banner-pl.jpeg HTTP/1.1" 200 41818
172.226.26.16 - - [11/Feb/2025:00:40:39 +0100] "GET /ticket2/opencms/img/check.png HTTP/1.1" 200 548
172.226.26.16 - - [11/Feb/2025:00:40:40 +0100] "GET /ticket2/opencms/img/mail.png HTTP/1.1" 200 403
172.226.26.16 - - [11/Feb/2025:00:40:40 +0100] "GET /ticket2/opencms/img/chat.png HTTP/1.1" 200 416
172.226.26.16 - - [11/Feb/2025:00:40:40 +0100] "GET /ticket2/opencms/img/arrow.png HTTP/1.1" 200 753
172.226.26.16 - - [11/Feb/2025:00:40:40 +0100] "GET /ticket2/opencms/img/banner-ll.jpeg HTTP/1.1" 200 41825
172.226.26.16 - - [11/Feb/2025:00:40:40 +0100] "GET /ticket2/opencms/img/icons/fi.png HTTP/1.1" 200 1785
172.226.26.16 - - [11/Feb/2025:00:40:40 +0100] "GET /ticket2/opencms/img/icons/no.png HTTP/1.1" 200 1958
172.226.26.16 - - [11/Feb/2025:00:40:40 +0100] "GET /ticket2/opencms/img/icons/dk.png HTTP/1.1" 200 1706
172.226.26.16 - - [11/Feb/2025:00:40:40 +0100] "GET /ticket2/opencms/img/icons/de.png HTTP/1.1" 200 1124
172.226.26.16 - - [11/Feb/2025:00:40:40 +0100] "GET /ticket2/opencms/img/icons/nl.png HTTP/1.1" 200 1255
172.226.26.16 - - [11/Feb/2025:00:40:40 +0100] "GET /ticket2/opencms/img/icons/sq.png HTTP/1.1" 200 1619
172.226.26.16 - - [11/Feb/2025:00:40:40 +0100] "GET /ticket2/opencms/img/icons/az.png HTTP/1.1" 200 1445
172.226.26.16 - - [11/Feb/2025:00:40:40 +0100] "GET /ticket2/opencms/img/icons/be.png HTTP/1.1" 200 1663
172.226.26.16 - - [11/Feb/2025:00:40:40 +0100] "GET /ticket2/opencms/img/icons/pl.png HTTP/1.1" 200 1578
172.226.26.16 - - [11/Feb/2025:00:40:40 +0100] "GET /ticket2/opencms/img/icons/bs.png HTTP/1.1" 200 1014
172.226.26.16 - - [11/Feb/2025:00:40:40 +0100] "GET /ticket2/opencms/img/icons/bg.png HTTP/1.1" 200 788
172.226.26.16 - - [11/Feb/2025:00:40:40 +0100] "GET /ticket2/opencms/img/icons/hr.png HTTP/1.1" 200 2024
172.226.26.16 - - [11/Feb/2025:00:40:40 +0100] "GET /ticket2/opencms/img/icons/cs.png HTTP/1.1" 200 1883
172.226.26.16 - - [11/Feb/2025:00:40:40 +0100] "GET /ticket2/opencms/img/icons/et.png HTTP/1.1" 200 754
172.226.26.16 - - [11/Feb/2025:00:40:40 +0100] "GET /ticket2/opencms/img/icons/it.png HTTP/1.1" 200 2040
172.226.26.16 - - [11/Feb/2025:00:40:40 +0100] "GET /ticket2/opencms/img/icons/es.png HTTP/1.1" 200 1005
172.226.26.16 - - [11/Feb/2025:00:40:40 +0100] "GET /ticket2/opencms/img/icons/el.png HTTP/1.1" 200 1637
172.226.26.16 - - [11/Feb/2025:00:40:40 +0100] "GET /ticket2/opencms/img/icons/fr.png HTTP/1.1" 200 1764
172.226.26.16 - - [11/Feb/2025:00:40:40 +0100] "GET /ticket2/opencms/img/icons/ka.png HTTP/1.1" 200 860
172.226.26.16 - - [11/Feb/2025:00:40:40 +0100] "GET /ticket2/opencms/img/icons/hu.png HTTP/1.1" 200 733
172.226.26.16 - - [11/Feb/2025:00:40:40 +0100] "GET /ticket2/opencms/img/icons/ga.png HTTP/1.1" 200 1759
172.226.26.16 - - [11/Feb/2025:00:40:40 +0100] "GET /ticket2/opencms/img/icons/lt.png HTTP/1.1" 200 733
172.226.26.16 - - [11/Feb/2025:00:40:40 +0100] "GET /ticket2/opencms/img/icons/mt.png HTTP/1.1" 200 920
172.226.26.16 - - [11/Feb/2025:00:40:40 +0100] "GET /ticket2/opencms/img/icons/sr.png HTTP/1.1" 200 1602
172.226.26.16 - - [11/Feb/2025:00:40:40 +0100] "GET /ticket2/opencms/img/icons/is.png HTTP/1.1" 200 1884
172.226.26.16 - - [11/Feb/2025:00:40:40 +0100] "GET /ticket2/opencms/img/icons/ro.png HTTP/1.1" 200 1393
172.226.26.16 - - [11/Feb/2025:00:40:40 +0100] "GET /ticket2/opencms/img/icons/lv.png HTTP/1.1" 200 716
172.226.26.16 - - [11/Feb/2025:00:40:40 +0100] "GET /ticket2/opencms/img/icons/sl.png HTTP/1.1" 200 966
172.226.26.16 - - [11/Feb/2025:00:40:40 +0100] "GET /ticket2/opencms/img/icons/uk.png HTTP/1.1" 200 1272
172.226.26.16 - - [11/Feb/2025:00:40:40 +0100] "GET /ticket2/opencms/img/banner-sa.jpeg HTTP/1.1" 200 41270
172.226.26.16 - - [11/Feb/2025:00:40:40 +0100] "GET /ticket2/opencms/img/icons/mo.png HTTP/1.1" 200 1468
172.226.26.16 - - [11/Feb/2025:00:40:40 +0100] "GET /ticket2/opencms/img/icons/sk.png HTTP/1.1" 200 1283
172.226.26.16 - - [11/Feb/2025:00:40:40 +0100] "GET /ticket2/opencms/img/icons/tr.png HTTP/1.1" 200 1636
172.226.26.16 - - [11/Feb/2025:00:40:40 +0100] "GET /ticket2/opencms/system/modules/com.gridnine.opencms.ticketbrokerage.site/resources/js/standard.js HTTP/1.1" 200 3983
172.226.26.16 - - [11/Feb/2025:00:40:40 +0100] "GET /ticket2/opencms/img/icons/ticket2.thumbnail.png HTTP/1.1" 200 21519
192.99.15.34 - - [11/Feb/2025:00:40:42 +0100] "GET /ticket2/opencms/no/buy/?page=1&edid=7D0FDED0-7BC4-4EA6-3DAA-20D3EE07613E&sortorder=asc&column=price HTTP/1.1" 200 109629
192.99.15.34 - - [11/Feb/2025:00:40:46 +0100] "GET /ticket2/opencms/no/buy/?page=1&edid=81F008B2-7199-1E7B-EA7F-CCB732D4E8C0 HTTP/1.1" 200 109142
172.226.26.16 - - [11/Feb/2025:00:40:46 +0100] "GET /ticket2/opencms/no/sport/fotballsbilletter/premier_league/liverpool/ HTTP/1.1" 200 92197
172.226.26.16 - - [11/Feb/2025:00:40:47 +0100] "GET /ticket2/opencms/system/modules/com.gridnine.opencms.ticketbrokerage.site/resources/css/ticketbrokerage.css HTTP/1.1" 200 39339
172.226.26.16 - - [11/Feb/2025:00:40:47 +0100] "GET /ticket2/opencms/system/modules/com.gridnine.opencms.ticketbrokerage.site/resources/js/functions.js HTTP/1.1" 200 1583
172.226.26.16 - - [11/Feb/2025:00:40:47 +0100] "GET /ticket2/opencms/system/modules/com.gridnine.opencms.ticketbrokerage.site/resources/css/standard.css HTTP/1.1" 200 73904
172.226.26.16 - - [11/Feb/2025:00:40:47 +0100] "GET /ticket2/opencms/system/modules/com.gridnine.opencms.ticketbrokerage.site/resources/pics/banners/Liverpool.jpg HTTP/1.1" 200 13360
172.226.26.16 - - [11/Feb/2025:00:40:47 +0100] "GET /ticket2/opencms/system/modules/com.gridnine.opencms.ticketbrokerage.site/resources/js/calendar-en.js HTTP/1.1" 200 3338
172.226.26.16 - - [11/Feb/2025:00:40:47 +0100] "GET /ticket2/opencms/system/modules/com.gridnine.opencms.ticketbrokerage.site/resources/js/calendar-setup.js HTTP/1.1" 200 4923
172.226.26.16 - - [11/Feb/2025:00:40:47 +0100] "GET /ticket2/opencms/system/modules/com.gridnine.opencms.ticketbrokerage.site/resources/js/calendar.js HTTP/1.1" 200 49229
172.226.26.16 - - [11/Feb/2025:00:40:47 +0100] "GET /ticket2/opencms/system/modules/com.gridnine.opencms.ticketbrokerage.site/resources/js/standard.js HTTP/1.1" 200 3983
172.226.26.16 - - [11/Feb/2025:00:40:47 +0100] "GET /ticket2/opencms/system/modules/com.gridnine.opencms.ticketbrokerage.site/resources/css/calendar.css HTTP/1.1" 200 6871
192.99.15.34 - - [11/Feb/2025:00:40:50 +0100] "GET /ticket2/opencms/no/buy/?page=1&edid=85266D8D-1EC2-A49C-0CF0-9DD81BE5F4FA&sortorder=desc&column=row HTTP/1.1" 200 109600
114.119.136.30 - - [11/Feb/2025:00:40:51 +0100] "GET /ticket2/opencms/en/buy/?page=1&edid=8D6BBF58-4A1D-C78C-86AB-E14E9CE11055 HTTP/1.1" 200 108610
114.119.130.91 - - [11/Feb/2025:00:40:51 +0100] "GET /ticket2/opencms/en/venue/?venueid=17D0DFA9-77AB-EBCA-484F-CEB853AA41A8 HTTP/1.1" 200 83272
54.36.148.51 - - [11/Feb/2025:00:40:51 +0100] "GET /ticket2/opencms/uk/buy?page=1&edid=1BEE5A38-DD94-3509-3225-C4A2986A386D HTTP/1.1" 200 111504
202.8.43.114 - - [11/Feb/2025:00:40:53 +0100] "GET /ticket2/opencms/system/modules/com.gridnine.opencms.ticketbrokerage.site/resources/css/ticketbrokerage.css HTTP/1.1" 200 39339
202.8.43.114 - - [11/Feb/2025:00:40:53 +0100] "GET /ticket2/opencms/system/modules/com.gridnine.opencms.ticketbrokerage.site/resources/css/standard.css HTTP/1.1" 200 73904
202.8.43.114 - - [11/Feb/2025:00:40:53 +0100] "GET /ticket2/opencms/system/modules/com.gridnine.opencms.ticketbrokerage.site/resources/css/calendar.css HTTP/1.1" 200 6871
202.8.43.114 - - [11/Feb/2025:00:40:53 +0100] "GET /ticket2/opencms/system/modules/com.gridnine.opencms.ticketbrokerage.site/resources/js/jquery/jquery-ui.js HTTP/1.1" 200 228088
202.8.43.114 - - [11/Feb/2025:00:40:53 +0100] "GET /ticket2/opencms/system/modules/com.gridnine.opencms.ticketbrokerage.site/resources/js/calendar.js HTTP/1.1" 200 49229
202.8.43.114 - - [11/Feb/2025:00:40:53 +0100] "GET /ticket2/opencms/system/modules/com.gridnine.opencms.ticketbrokerage.site/resources/js/functions.js HTTP/1.1" 200 1583
202.8.43.114 - - [11/Feb/2025:00:40:53 +0100] "GET /ticket2/opencms/system/modules/com.gridnine.opencms.ticketbrokerage.site/resources/js/calendar-en.js HTTP/1.1" 200 3338
202.8.43.114 - - [11/Feb/2025:00:40:53 +0100] "GET /ticket2/opencms/system/modules/com.gridnine.opencms.ticketbrokerage.site/resources/js/standard.js HTTP/1.1" 200 3983
202.8.43.114 - - [11/Feb/2025:00:40:53 +0100] "GET /ticket2/opencms/system/modules/com.gridnine.opencms.ticketbrokerage.site/resources/js/calendar-setup.js HTTP/1.1" 200 4923
202.8.43.114 - - [11/Feb/2025:00:40:53 +0100] "GET /ticket2/opencms/uk/ask-form.html HTTP/1.1" 200 3156
202.8.43.114 - - [11/Feb/2025:00:40:54 +0100] "GET /ticket2/opencms/system/modules/com.gridnine.opencms.ticketbrokerage.site/resources/css/ticketbrokerage.css HTTP/1.1" 200 39339
192.99.15.34 - - [11/Feb/2025:00:40:54 +0100] "GET /ticket2/opencms/no/buy/?page=1&edid=85266D8D-1EC2-A49C-0CF0-9DD81BE5F4FA&sortorder=desc&column=section HTTP/1.1" 200 109732
54.36.148.158 - - [11/Feb/2025:00:40:55 +0100] "GET /ticket2/opencms/fr/buy?page=1&edid=FB619D25-A569-B2D3-A138-064ED3A662B4 HTTP/1.1" 200 110092
172.226.26.16 - - [11/Feb/2025:00:40:58 +0100] "GET /ticket2/opencms/no/?gad_source=1&gbraid=0AAAAADlS-t-OzAbZt8RJin1JBfLHxStPz&gclid=CjwKCAiA5Ka9BhB5EiwA1ZVtvBMPuFG9WQboIYVDOhpZlO-sRfHmoilffylwrZh2SwNQAToCpB5lhBoCwboQAvD_BwE HTTP/1.1" 200 106003
54.36.148.111 - - [11/Feb/2025:00:40:58 +0100] "GET /ticket2/opencms/mt/buy/?page=1&edid=B0CCF8F9-8001-9A63-8533-008DCC3A6040 HTTP/1.1" 200 106709
47.238.13.15 - - [11/Feb/2025:00:40:58 +0100] "GET /ticket2/opencms/en/buy/?page=1&edid=827A5570-CFC8-F898-8F2F-EDB01BF89EB0&sortorder=asc&column=section HTTP/1.1" 200 108316
192.99.15.34 - - [11/Feb/2025:00:40:58 +0100] "GET /ticket2/opencms/no/buy/?page=1&edid=85A4DCD9-6E31-82C1-385B-900A2C9467CE&sortorder=desc&column=row HTTP/1.1" 200 110241
67.144.2.241 - - [11/Feb/2025:00:40:59 +0100] "GET /ticket2/opencms/sv/buy/?page=1&edid=B9938EB9-DE33-2D7A-0A77-54E54C8AD2F9 HTTP/1.1" 200 106037
66.249.79.100 - - [11/Feb/2025:00:41:01 +0100] "GET /ticket2/opencms/en/buy/?page=1&edid=CB9583C2-830F-C234-1777-18BB6FF1FE1C HTTP/1.1" 200 104755
54.36.148.244 - - [11/Feb/2025:00:41:01 +0100] "GET /ticket2/opencms/sl/buy?page=1&edid=C5E6BD6B-6997-F99C-5497-F6687FA84598 HTTP/1.1" 200 106412
192.99.15.34 - - [11/Feb/2025:00:41:02 +0100] "GET /ticket2/opencms/no/buy/?page=1&edid=85A4DCD9-6E31-82C1-385B-900A2C9467CE&sortorder=desc&column=section HTTP/1.1" 200 110373
66.249.76.3 - - [11/Feb/2025:00:41:04 +0100] "GET /ticket2/opencms/system/modules/com.gridnine.opencms.ticketbrokerage.site/resources/js/standard.js HTTP/1.1" 200 3983
54.36.148.91 - - [11/Feb/2025:00:41:04 +0100] "GET /ticket2/opencms/tr/buy?page=1&edid=C5E6BD6B-6997-F99C-5497-F6687FA84598 HTTP/1.1" 200 106624
66.249.68.8 - - [11/Feb/2025:00:41:05 +0100] "GET /ticket2/opencms/en/ask-form.html HTTP/1.1" 200 3146
192.99.15.34 - - [11/Feb/2025:00:41:06 +0100] "GET /ticket2/opencms/no/buy/?page=1&edid=8639D4E1-C0DC-DB58-D9B0-F439F1BE39EE&sortorder=desc&column=section HTTP/1.1" 200 110367
54.36.148.59 - - [11/Feb/2025:00:41:08 +0100] "GET /ticket2/opencms/fr/buy?page=1&edid=C5E6BD6B-6997-F99C-5497-F6687FA84598 HTTP/1.1" 200 106134
47.128.23.160 - - [11/Feb/2025:00:41:09 +0100] "GET /ticket2/opencms/fi/venue/?venueid=F670BB4E-C7FE-DBAC-B41D-241CF96C0068 HTTP/1.1" 200 84691
192.99.15.34 - - [11/Feb/2025:00:41:10 +0100] "GET /ticket2/opencms/no/buy/?page=1&edid=872EADC5-B9DD-21C0-9A0A-0D882685D686&sortorder=desc&column=section HTTP/1.1" 200 109292
47.128.42.142 - - [11/Feb/2025:00:41:11 +0100] "GET /ticket2/opencms/en/venue/?venueid=B7A2B5FC-FF9C-BE54-AC50-1B01EBD90999 HTTP/1.1" 200 83225
54.36.148.25 - - [11/Feb/2025:00:41:12 +0100] "GET /ticket2/opencms/ro/buy?page=1&edid=2B4D80E3-665D-28EB-9306-0D3E928A752F HTTP/1.1" 200 106587
85.208.96.199 - - [11/Feb/2025:00:41:13 +0100] "GET /ticket2/opencms/sv/magazine/article?title=ny-lagkapten-dejan-kulusevski HTTP/1.1" 200 86891
202.8.40.64 - - [11/Feb/2025:00:41:13 +0100] "GET /ticket2/opencms/system/modules/com.gridnine.opencms.ticketbrokerage.site/resources/css/ticketbrokerage.css HTTP/1.1" 200 39339
202.8.40.64 - - [11/Feb/2025:00:41:13 +0100] "GET /ticket2/opencms/system/modules/com.gridnine.opencms.ticketbrokerage.site/resources/css/jquery-ui.css HTTP/1.1" 200 33221
202.8.40.64 - - [11/Feb/2025:00:41:13 +0100] "GET /ticket2/opencms/system/modules/com.gridnine.opencms.ticketbrokerage.site/resources/css/calendar.css HTTP/1.1" 200 6871
202.8.40.64 - - [11/Feb/2025:00:41:13 +0100] "GET /ticket2/opencms/system/modules/com.gridnine.opencms.ticketbrokerage.site/resources/css/standard.css HTTP/1.1" 200 73904
202.8.40.64 - - [11/Feb/2025:00:41:13 +0100] "GET /ticket2/opencms/system/modules/com.gridnine.opencms.ticketbrokerage.site/resources/css/jquery.fancybox.css HTTP/1.1" 200 4939
202.8.40.64 - - [11/Feb/2025:00:41:13 +0100] "GET /ticket2/opencms/system/modules/com.gridnine.opencms.ticketbrokerage.site/resources/js/jquery/jquery.js HTTP/1.1" 200 93868
202.8.40.64 - - [11/Feb/2025:00:41:13 +0100] "GET /ticket2/opencms/system/modules/com.gridnine.opencms.ticketbrokerage.site/resources/js/jquery/jquery-ui.js HTTP/1.1" 200 228088
202.8.40.64 - - [11/Feb/2025:00:41:13 +0100] "GET /ticket2/opencms/system/modules/com.gridnine.opencms.ticketbrokerage.site/resources/js/functions.js HTTP/1.1" 200 1583
202.8.40.64 - - [11/Feb/2025:00:41:13 +0100] "GET /ticket2/opencms/system/modules/com.gridnine.opencms.ticketbrokerage.site/resources/js/calendar.js HTTP/1.1" 200 49229
202.8.40.64 - - [11/Feb/2025:00:41:13 +0100] "GET /ticket2/opencms/system/modules/com.gridnine.opencms.ticketbrokerage.site/resources/js/calendar-en.js HTTP/1.1" 200 3338
202.8.40.64 - - [11/Feb/2025:00:41:13 +0100] "GET /ticket2/opencms/system/modules/com.gridnine.opencms.ticketbrokerage.site/resources/js/calendar-setup.js HTTP/1.1" 200 4923
202.8.40.64 - - [11/Feb/2025:00:41:13 +0100] "GET /ticket2/opencms/system/modules/com.gridnine.opencms.ticketbrokerage.site/resources/js/jquery.fancybox.pack.js HTTP/1.1" 200 23187
202.8.40.64 - - [11/Feb/2025:00:41:13 +0100] "GET /ticket2/opencms/system/modules/com.gridnine.opencms.ticketbrokerage.site/resources/js/stickyfill.min.js HTTP/1.1" 200 5672
202.8.40.64 - - [11/Feb/2025:00:41:14 +0100] "GET /ticket2/opencms/system/modules/com.gridnine.opencms.ticketbrokerage.site/resources/js/standard.js HTTP/1.1" 200 3983
202.8.40.64 - - [11/Feb/2025:00:41:14 +0100] "GET /ticket2/opencms/system/modules/com.gridnine.opencms.ticketbrokerage.site/resources/js/jquery.placeholder.min.js HTTP/1.1" 200 1737
202.8.40.64 - - [11/Feb/2025:00:41:14 +0100] "GET /ticket2/opencms/system/modules/com.gridnine.opencms.ticketbrokerage.site/resources/js/common-ajax.js HTTP/1.1" 200 20175
202.8.40.64 - - [11/Feb/2025:00:41:14 +0100] "GET /ticket2/opencms/ro/ask-form.html HTTP/1.1" 200 3156
202.8.40.64 - - [11/Feb/2025:00:41:14 +0100] "GET /ticket2/opencms/system/modules/com.gridnine.opencms.ticketbrokerage.site/resources/css/ticketbrokerage.css HTTP/1.1" 200 39339
192.99.15.34 - - [11/Feb/2025:00:41:14 +0100] "GET /ticket2/opencms/no/buy/?page=1&edid=8732C1C6-4A53-46DF-DAC1-C15A12FE5914&sortorder=desc&column=price HTTP/1.1" 200 110307
67.144.2.241 - - [11/Feb/2025:00:41:15 +0100] "GET /ticket2/opencms/sv/buy/?page=1&edid=B9D8B5A5-8A76-9898-1DC8-D7DB83F818FE HTTP/1.1" 200 106034
54.36.148.99 - - [11/Feb/2025:00:41:17 +0100] "GET /ticket2/opencms/tr/buy?page=1&edid=1725DD81-AB30-210C-691A-5E56E0E70527 HTTP/1.1" 200 88368
202.8.41.244 - - [11/Feb/2025:00:41:18 +0100] "GET /ticket2/opencms/system/modules/com.gridnine.opencms.ticketbrokerage.site/resources/css/ticketbrokerage.css HTTP/1.1" 200 39339
202.8.41.244 - - [11/Feb/2025:00:41:18 +0100] "GET /ticket2/opencms/system/modules/com.gridnine.opencms.ticketbrokerage.site/resources/css/jquery-ui.css HTTP/1.1" 200 33221
202.8.41.244 - - [11/Feb/2025:00:41:18 +0100] "GET /ticket2/opencms/system/modules/com.gridnine.opencms.ticketbrokerage.site/resources/css/calendar.css HTTP/1.1" 200 6871
202.8.41.244 - - [11/Feb/2025:00:41:18 +0100] "GET /ticket2/opencms/system/modules/com.gridnine.opencms.ticketbrokerage.site/resources/css/standard.css HTTP/1.1" 200 73904
202.8.41.244 - - [11/Feb/2025:00:41:18 +0100] "GET /ticket2/opencms/system/modules/com.gridnine.opencms.ticketbrokerage.site/resources/css/jquery.fancybox.css HTTP/1.1" 200 4939
202.8.41.244 - - [11/Feb/2025:00:41:18 +0100] "GET /ticket2/opencms/system/modules/com.gridnine.opencms.ticketbrokerage.site/resources/js/jquery/jquery.js HTTP/1.1" 200 93868
192.99.15.34 - - [11/Feb/2025:00:41:18 +0100] "GET /ticket2/opencms/no/buy/?page=1&edid=8732C1C6-4A53-46DF-DAC1-C15A12FE5914&sortorder=desc&column=section HTTP/1.1" 200 110373
202.8.41.244 - - [11/Feb/2025:00:41:18 +0100] "GET /ticket2/opencms/system/modules/com.gridnine.opencms.ticketbrokerage.site/resources/js/jquery/jquery-ui.js HTTP/1.1" 200 228088
202.8.41.244 - - [11/Feb/2025:00:41:18 +0100] "GET /ticket2/opencms/system/modules/com.gridnine.opencms.ticketbrokerage.site/resources/js/functions.js HTTP/1.1" 200 1583
202.8.41.244 - - [11/Feb/2025:00:41:18 +0100] "GET /ticket2/opencms/system/modules/com.gridnine.opencms.ticketbrokerage.site/resources/js/calendar.js HTTP/1.1" 200 49229
202.8.41.244 - - [11/Feb/2025:00:41:18 +0100] "GET /ticket2/opencms/system/modules/com.gridnine.opencms.ticketbrokerage.site/resources/js/calendar-en.js HTTP/1.1" 200 3338
202.8.41.244 - - [11/Feb/2025:00:41:18 +0100] "GET /ticket2/opencms/system/modules/com.gridnine.opencms.ticketbrokerage.site/resources/js/calendar-setup.js HTTP/1.1" 200 4923
202.8.41.244 - - [11/Feb/2025:00:41:18 +0100] "GET /ticket2/opencms/system/modules/com.gridnine.opencms.ticketbrokerage.site/resources/js/jquery.fancybox.pack.js HTTP/1.1" 200 23187
202.8.41.244 - - [11/Feb/2025:00:41:18 +0100] "GET /ticket2/opencms/system/modules/com.gridnine.opencms.ticketbrokerage.site/resources/js/stickyfill.min.js HTTP/1.1" 200 5672
202.8.41.244 - - [11/Feb/2025:00:41:18 +0100] "GET /ticket2/opencms/system/modules/com.gridnine.opencms.ticketbrokerage.site/resources/js/standard.js HTTP/1.1" 200 3983
202.8.41.244 - - [11/Feb/2025:00:41:18 +0100] "GET /ticket2/opencms/system/modules/com.gridnine.opencms.ticketbrokerage.site/resources/js/jquery.placeholder.min.js HTTP/1.1" 200 1737
202.8.41.244 - - [11/Feb/2025:00:41:18 +0100] "GET /ticket2/opencms/system/modules/com.gridnine.opencms.ticketbrokerage.site/resources/js/common-ajax.js HTTP/1.1" 200 20175
114.119.159.237 - - [11/Feb/2025:00:41:21 +0100] "GET /ticket2/opencms/en/venue/?countryid=ACB5B4FC-B2E3-1024-DD30-02CD725AE8FE HTTP/1.1" 200 112619
192.99.15.34 - - [11/Feb/2025:00:41:22 +0100] "GET /ticket2/opencms/no/buy/?page=1&edid=87458B4C-5727-54F1-FD94-C447B142765E&sortorder=desc&column=row HTTP/1.1" 200 109128
54.36.148.217 - - [11/Feb/2025:00:41:23 +0100] "GET /ticket2/opencms/pl/buy?page=1&edid=6C0AA1CC-8488-7981-DA23-AD8E06F80ABD HTTP/1.1" 200 109203
192.99.15.34 - - [11/Feb/2025:00:41:26 +0100] "GET /ticket2/opencms/no/buy/?page=1&edid=8777FDBE-F882-CD90-91A2-64E3F1706E23&sortorder=desc&column=price HTTP/1.1" 200 110306
54.36.148.163 - - [11/Feb/2025:00:41:27 +0100] "GET /ticket2/opencms/sr/buy?page=1&edid=AAD8B8EA-9AED-21A9-2967-40D5EB8A5581 HTTP/1.1" 200 106987
66.249.79.6 - - [11/Feb/2025:00:41:28 +0100] "GET /ticket2/opencms/fr/buy/?page=1&edid=358070B4-8C45-0881-BDE4-7E85113C242B HTTP/1.1" 200 106152
202.8.43.132 - - [11/Feb/2025:00:41:28 +0100] "GET /ticket2/opencms/system/modules/com.gridnine.opencms.ticketbrokerage.site/resources/css/jquery.fancybox.css HTTP/1.1" 200 4939
202.8.43.132 - - [11/Feb/2025:00:41:28 +0100] "GET /ticket2/opencms/system/modules/com.gridnine.opencms.ticketbrokerage.site/resources/css/jquery-ui.css HTTP/1.1" 200 33221
202.8.43.132 - - [11/Feb/2025:00:41:28 +0100] "GET /ticket2/opencms/system/modules/com.gridnine.opencms.ticketbrokerage.site/resources/css/ticketbrokerage.css HTTP/1.1" 200 39339
202.8.43.132 - - [11/Feb/2025:00:41:28 +0100] "GET /ticket2/opencms/system/modules/com.gridnine.opencms.ticketbrokerage.site/resources/js/jquery/jquery.js HTTP/1.1" 200 93868
202.8.43.132 - - [11/Feb/2025:00:41:28 +0100] "GET /ticket2/opencms/system/modules/com.gridnine.opencms.ticketbrokerage.site/resources/css/calendar.css HTTP/1.1" 200 6871
202.8.43.132 - - [11/Feb/2025:00:41:28 +0100] "GET /ticket2/opencms/system/modules/com.gridnine.opencms.ticketbrokerage.site/resources/css/standard.css HTTP/1.1" 200 73904
202.8.43.132 - - [11/Feb/2025:00:41:28 +0100] "GET /ticket2/opencms/system/modules/com.gridnine.opencms.ticketbrokerage.site/resources/js/jquery/jquery-ui.js HTTP/1.1" 200 228088
202.8.43.132 - - [11/Feb/2025:00:41:28 +0100] "GET /ticket2/opencms/system/modules/com.gridnine.opencms.ticketbrokerage.site/resources/js/functions.js HTTP/1.1" 200 1583
202.8.43.132 - - [11/Feb/2025:00:41:28 +0100] "GET /ticket2/opencms/system/modules/com.gridnine.opencms.ticketbrokerage.site/resources/js/calendar-en.js HTTP/1.1" 200 3338
202.8.43.132 - - [11/Feb/2025:00:41:28 +0100] "GET /ticket2/opencms/system/modules/com.gridnine.opencms.ticketbrokerage.site/resources/js/calendar.js HTTP/1.1" 200 49229
202.8.43.132 - - [11/Feb/2025:00:41:28 +0100] "GET /ticket2/opencms/system/modules/com.gridnine.opencms.ticketbrokerage.site/resources/js/calendar-setup.js HTTP/1.1" 200 4923
54.36.149.46 - - [11/Feb/2025:00:41:28 +0100] "GET /ticket2/opencms/dk/buy?page=1&edid=0BE732AB-67CD-FDAE-FCB3-FFE731054A7F HTTP/1.1" 200 105121
202.8.43.132 - - [11/Feb/2025:00:41:28 +0100] "GET /ticket2/opencms/system/modules/com.gridnine.opencms.ticketbrokerage.site/resources/js/stickyfill.min.js HTTP/1.1" 200 5672
202.8.43.132 - - [11/Feb/2025:00:41:28 +0100] "GET /ticket2/opencms/system/modules/com.gridnine.opencms.ticketbrokerage.site/resources/js/jquery.fancybox.pack.js HTTP/1.1" 200 23187
202.8.43.132 - - [11/Feb/2025:00:41:28 +0100] "GET /ticket2/opencms/system/modules/com.gridnine.opencms.ticketbrokerage.site/resources/js/standard.js HTTP/1.1" 200 3983
202.8.43.132 - - [11/Feb/2025:00:41:29 +0100] "GET /ticket2/opencms/system/modules/com.gridnine.opencms.ticketbrokerage.site/resources/js/jquery.placeholder.min.js HTTP/1.1" 200 1737
202.8.43.132 - - [11/Feb/2025:00:41:29 +0100] "GET /ticket2/opencms/system/modules/com.gridnine.opencms.ticketbrokerage.site/resources/js/common-ajax.js HTTP/1.1" 200 20175
202.8.43.132 - - [11/Feb/2025:00:41:29 +0100] "GET /ticket2/opencms/sr/ask-form.html HTTP/1.1" 200 3156
185.191.171.14 - - [11/Feb/2025:00:41:29 +0100] "GET /ticket2/opencms/pl/magazine/article/ HTTP/1.1" 200 86888
202.8.43.132 - - [11/Feb/2025:00:41:29 +0100] "GET /ticket2/opencms/system/modules/com.gridnine.opencms.ticketbrokerage.site/resources/css/ticketbrokerage.css HTTP/1.1" 200 39339
192.99.15.34 - - [11/Feb/2025:00:41:30 +0100] "GET /ticket2/opencms/no/buy/?page=1&edid=8966FE65-DD89-AF49-60AF-333D24F62C80&sortorder=asc&column=price HTTP/1.1" 200 108118
67.144.2.241 - - [11/Feb/2025:00:41:31 +0100] "GET /ticket2/opencms/sv/buy/?page=1&edid=BB068898-8AEE-3088-BF4A-EAD2D033A38E HTTP/1.1" 200 109479
54.36.148.149 - - [11/Feb/2025:00:41:33 +0100] "GET /ticket2/opencms/mo/buy/?page=1&edid=3AAD2194-7D27-1E14-1F37-DA3A90110F57 HTTP/1.1" 200 106625
54.36.148.118 - - [11/Feb/2025:00:41:33 +0100] "GET /ticket2/opencms/mt/buy?page=1&edid=A2A4078E-C8E8-C113-199B-69C1FEB231B0 HTTP/1.1" 200 134242
192.99.15.34 - - [11/Feb/2025:00:41:34 +0100] "GET /ticket2/opencms/no/buy/?page=1&edid=8966FE65-DD89-AF49-60AF-333D24F62C80&sortorder=asc&column=row HTTP/1.1" 200 108052
54.36.148.127 - - [11/Feb/2025:00:41:37 +0100] "GET /ticket2/opencms/de/buy?page=1&edid=AAD8B8EA-9AED-21A9-2967-40D5EB8A5581 HTTP/1.1" 200 105893
192.99.15.34 - - [11/Feb/2025:00:41:38 +0100] "GET /ticket2/opencms/no/buy/?page=1&edid=932FCF98-AB84-8CB0-1075-160FA3E9B404 HTTP/1.1" 200 105921
202.8.40.2 - - [11/Feb/2025:00:41:38 +0100] "GET /ticket2/opencms/system/modules/com.gridnine.opencms.ticketbrokerage.site/resources/css/calendar.css HTTP/1.1" 200 6871
202.8.40.2 - - [11/Feb/2025:00:41:38 +0100] "GET /ticket2/opencms/system/modules/com.gridnine.opencms.ticketbrokerage.site/resources/css/standard.css HTTP/1.1" 200 73904
202.8.40.2 - - [11/Feb/2025:00:41:38 +0100] "GET /ticket2/opencms/system/modules/com.gridnine.opencms.ticketbrokerage.site/resources/css/jquery-ui.css HTTP/1.1" 200 33221
202.8.40.2 - - [11/Feb/2025:00:41:38 +0100] "GET /ticket2/opencms/system/modules/com.gridnine.opencms.ticketbrokerage.site/resources/css/ticketbrokerage.css HTTP/1.1" 200 39339
202.8.40.2 - - [11/Feb/2025:00:41:38 +0100] "GET /ticket2/opencms/system/modules/com.gridnine.opencms.ticketbrokerage.site/resources/css/jquery.fancybox.css HTTP/1.1" 200 4939
202.8.40.2 - - [11/Feb/2025:00:41:38 +0100] "GET /ticket2/opencms/system/modules/com.gridnine.opencms.ticketbrokerage.site/resources/js/jquery/jquery.js HTTP/1.1" 200 93868
202.8.40.2 - - [11/Feb/2025:00:41:38 +0100] "GET /ticket2/opencms/system/modules/com.gridnine.opencms.ticketbrokerage.site/resources/js/functions.js HTTP/1.1" 200 1583
202.8.40.2 - - [11/Feb/2025:00:41:38 +0100] "GET /ticket2/opencms/system/modules/com.gridnine.opencms.ticketbrokerage.site/resources/js/calendar.js HTTP/1.1" 200 49229
202.8.40.2 - - [11/Feb/2025:00:41:38 +0100] "GET /ticket2/opencms/system/modules/com.gridnine.opencms.ticketbrokerage.site/resources/js/jquery/jquery-ui.js HTTP/1.1" 200 228088
202.8.40.2 - - [11/Feb/2025:00:41:38 +0100] "GET /ticket2/opencms/system/modules/com.gridnine.opencms.ticketbrokerage.site/resources/js/calendar-en.js HTTP/1.1" 200 3338
202.8.40.2 - - [11/Feb/2025:00:41:38 +0100] "GET /ticket2/opencms/system/modules/com.gridnine.opencms.ticketbrokerage.site/resources/js/calendar-setup.js HTTP/1.1" 200 4923
202.8.40.2 - - [11/Feb/2025:00:41:38 +0100] "GET /ticket2/opencms/system/modules/com.gridnine.opencms.ticketbrokerage.site/resources/js/jquery.fancybox.pack.js HTTP/1.1" 200 23187
202.8.40.2 - - [11/Feb/2025:00:41:38 +0100] "GET /ticket2/opencms/system/modules/com.gridnine.opencms.ticketbrokerage.site/resources/js/stickyfill.min.js HTTP/1.1" 200 5672
202.8.40.2 - - [11/Feb/2025:00:41:38 +0100] "GET /ticket2/opencms/system/modules/com.gridnine.opencms.ticketbrokerage.site/resources/js/standard.js HTTP/1.1" 200 3983
202.8.40.2 - - [11/Feb/2025:00:41:39 +0100] "GET /ticket2/opencms/system/modules/com.gridnine.opencms.ticketbrokerage.site/resources/js/jquery.placeholder.min.js HTTP/1.1" 200 1737
202.8.40.2 - - [11/Feb/2025:00:41:39 +0100] "GET /ticket2/opencms/system/modules/com.gridnine.opencms.ticketbrokerage.site/resources/js/common-ajax.js HTTP/1.1" 200 20175
202.8.40.2 - - [11/Feb/2025:00:41:39 +0100] "GET /ticket2/opencms/de/ask-form.html HTTP/1.1" 200 3156
202.8.40.2 - - [11/Feb/2025:00:41:39 +0100] "GET /ticket2/opencms/system/modules/com.gridnine.opencms.ticketbrokerage.site/resources/css/ticketbrokerage.css HTTP/1.1" 200 39339
192.99.15.34 - - [11/Feb/2025:00:41:42 +0100] "GET /ticket2/opencms/no/buy/?page=1&edid=950A0A24-280E-F0D0-A995-7FF7F0048AC7&sortorder=desc&column=price HTTP/1.1" 200 108971
85.208.96.199 - - [11/Feb/2025:00:41:43 +0100] "GET /ticket2/opencms/be/sport/futbol-kvitki/champions-league/anderlecht HTTP/1.1" 200 92535
67.144.2.241 - - [11/Feb/2025:00:41:44 +0100] "GET /ticket2/opencms/sv/buy/?page=1&edid=BC0AB75F-F797-17F4-56BF-F25A545F0C05 HTTP/1.1" 200 108849
192.99.15.34 - - [11/Feb/2025:00:41:46 +0100] "GET /ticket2/opencms/no/buy/?page=1&edid=950A0A24-280E-F0D0-A995-7FF7F0048AC7&sortorder=desc&column=section HTTP/1.1" 200 109037
54.36.148.188 - - [11/Feb/2025:00:41:47 +0100] "GET /ticket2/opencms/sk/buy?page=1&edid=46F37BE7-B2F6-BEA5-12C9-E1FFD36B0DD0 HTTP/1.1" 200 116090
202.8.43.164 - - [11/Feb/2025:00:41:48 +0100] "GET /ticket2/opencms/system/modules/com.gridnine.opencms.ticketbrokerage.site/resources/css/jquery.fancybox.css HTTP/1.1" 200 4939
202.8.43.164 - - [11/Feb/2025:00:41:48 +0100] "GET /ticket2/opencms/system/modules/com.gridnine.opencms.ticketbrokerage.site/resources/css/calendar.css HTTP/1.1" 200 6871
202.8.43.164 - - [11/Feb/2025:00:41:48 +0100] "GET /ticket2/opencms/system/modules/com.gridnine.opencms.ticketbrokerage.site/resources/css/ticketbrokerage.css HTTP/1.1" 200 39339
202.8.43.164 - - [11/Feb/2025:00:41:48 +0100] "GET /ticket2/opencms/system/modules/com.gridnine.opencms.ticketbrokerage.site/resources/css/jquery-ui.css HTTP/1.1" 200 33221
202.8.43.164 - - [11/Feb/2025:00:41:48 +0100] "GET /ticket2/opencms/system/modules/com.gridnine.opencms.ticketbrokerage.site/resources/css/standard.css HTTP/1.1" 200 73904
202.8.43.164 - - [11/Feb/2025:00:41:48 +0100] "GET /ticket2/opencms/system/modules/com.gridnine.opencms.ticketbrokerage.site/resources/js/jquery/jquery.js HTTP/1.1" 200 93868
202.8.43.164 - - [11/Feb/2025:00:41:48 +0100] "GET /ticket2/opencms/system/modules/com.gridnine.opencms.ticketbrokerage.site/resources/js/jquery/jquery-ui.js HTTP/1.1" 200 228088
202.8.43.164 - - [11/Feb/2025:00:41:48 +0100] "GET /ticket2/opencms/system/modules/com.gridnine.opencms.ticketbrokerage.site/resources/js/functions.js HTTP/1.1" 200 1583
202.8.43.164 - - [11/Feb/2025:00:41:48 +0100] "GET /ticket2/opencms/system/modules/com.gridnine.opencms.ticketbrokerage.site/resources/js/calendar-en.js HTTP/1.1" 200 3338
202.8.43.164 - - [11/Feb/2025:00:41:48 +0100] "GET /ticket2/opencms/system/modules/com.gridnine.opencms.ticketbrokerage.site/resources/js/calendar-setup.js HTTP/1.1" 200 4923
202.8.43.164 - - [11/Feb/2025:00:41:48 +0100] "GET /ticket2/opencms/system/modules/com.gridnine.opencms.ticketbrokerage.site/resources/js/calendar.js HTTP/1.1" 200 49229
202.8.43.164 - - [11/Feb/2025:00:41:49 +0100] "GET /ticket2/opencms/system/modules/com.gridnine.opencms.ticketbrokerage.site/resources/js/stickyfill.min.js HTTP/1.1" 200 5672
202.8.43.164 - - [11/Feb/2025:00:41:49 +0100] "GET /ticket2/opencms/system/modules/com.gridnine.opencms.ticketbrokerage.site/resources/js/jquery.fancybox.pack.js HTTP/1.1" 200 23187
202.8.43.164 - - [11/Feb/2025:00:41:49 +0100] "GET /ticket2/opencms/system/modules/com.gridnine.opencms.ticketbrokerage.site/resources/js/standard.js HTTP/1.1" 200 3983
202.8.43.164 - - [11/Feb/2025:00:41:49 +0100] "GET /ticket2/opencms/system/modules/com.gridnine.opencms.ticketbrokerage.site/resources/js/jquery.placeholder.min.js HTTP/1.1" 200 1737
202.8.43.164 - - [11/Feb/2025:00:41:49 +0100] "GET /ticket2/opencms/system/modules/com.gridnine.opencms.ticketbrokerage.site/resources/js/common-ajax.js HTTP/1.1" 200 20175
202.8.43.164 - - [11/Feb/2025:00:41:49 +0100] "GET /ticket2/opencms/sk/ask-form.html HTTP/1.1" 200 3156
202.8.43.164 - - [11/Feb/2025:00:41:49 +0100] "GET /ticket2/opencms/system/modules/com.gridnine.opencms.ticketbrokerage.site/resources/css/ticketbrokerage.css HTTP/1.1" 200 39339
192.99.15.34 - - [11/Feb/2025:00:41:50 +0100] "GET /ticket2/opencms/no/buy/?page=1&edid=96B51F81-BE46-EF5A-415C-0B8AE04D9391 HTTP/1.1" 200 105928
114.119.143.233 - - [11/Feb/2025:00:41:50 +0100] "GET /ticket2/opencms/hu/buy?page=1&=4450F829-67E1-43AD-8A34-CCE281E5AF9E HTTP/1.1" 200 -
54.36.148.183 - - [11/Feb/2025:00:41:51 +0100] "GET /ticket2/opencms/ga/magazine/article?title=allsvenskan-den-svenska-fotbollens-premier-league HTTP/1.1" 200 86973
66.249.79.192 - - [11/Feb/2025:00:41:54 +0100] "GET /ticket2/opencms/fr/buy?page=1&edid=8085E80D-BC8F-CDCF-7CC8-2F497FE082D3 HTTP/1.1" 200 136474
192.99.15.34 - - [11/Feb/2025:00:41:54 +0100] "GET /ticket2/opencms/no/buy/?page=1&edid=A37ED125-657A-7B90-0884-EE61D72C27E6 HTTP/1.1" 200 108273
54.36.148.146 - - [11/Feb/2025:00:41:55 +0100] "GET /ticket2/opencms/de/buy?page=1&edid=FB619D25-A569-B2D3-A138-064ED3A662B4 HTTP/1.1" 200 109842
47.128.43.128 - - [11/Feb/2025:00:41:57 +0100] "GET /ticket2/opencms/lv/buy/?edid=FB619D25-A569-B2D3-A138-064ED3A662B4 HTTP/1.1" 200 89472
192.99.15.34 - - [11/Feb/2025:00:41:58 +0100] "GET /ticket2/opencms/no/buy/?page=1&edid=B348577C-7A08-4586-2EDA-C313D1FA270E&sortorder=desc&column=section HTTP/1.1" 200 109253
67.144.2.241 - - [11/Feb/2025:00:42:00 +0100] "GET /ticket2/opencms/sv/buy/?page=1&edid=BC781D5C-058D-8CA8-2F4E-240C11D0769A HTTP/1.1" 200 115347
