202.8.41.101 - - [11/Feb/2025:00:35:45 +0100] "GET /ticket2/opencms/system/modules/com.gridnine.opencms.ticketbrokerage.site/resources/js/calendar-setup.js HTTP/1.1" 200 4923
202.8.41.101 - - [11/Feb/2025:00:35:45 +0100] "GET /ticket2/opencms/system/modules/com.gridnine.opencms.ticketbrokerage.site/resources/js/jquery.fancybox.pack.js HTTP/1.1" 200 23187
202.8.41.101 - - [11/Feb/2025:00:35:45 +0100] "GET /ticket2/opencms/system/modules/com.gridnine.opencms.ticketbrokerage.site/resources/js/stickyfill.min.js HTTP/1.1" 200 5672
202.8.41.101 - - [11/Feb/2025:00:35:45 +0100] "GET /ticket2/opencms/system/modules/com.gridnine.opencms.ticketbrokerage.site/resources/js/standard.js HTTP/1.1" 200 3983
202.8.41.101 - - [11/Feb/2025:00:35:46 +0100] "GET /ticket2/opencms/system/modules/com.gridnine.opencms.ticketbrokerage.site/resources/js/common-ajax.js HTTP/1.1" 200 20175
202.8.41.101 - - [11/Feb/2025:00:35:46 +0100] "GET /ticket2/opencms/system/modules/com.gridnine.opencms.ticketbrokerage.site/resources/js/jquery.placeholder.min.js HTTP/1.1" 200 1737
202.8.41.101 - - [11/Feb/2025:00:35:46 +0100] "GET /ticket2/opencms/hr/ask-form.html HTTP/1.1" 200 3156
202.8.41.101 - - [11/Feb/2025:00:35:46 +0100] "GET /ticket2/opencms/system/modules/com.gridnine.opencms.ticketbrokerage.site/resources/css/ticketbrokerage.css HTTP/1.1" 200 39339
47.128.126.138 - - [11/Feb/2025:00:35:46 +0100] "GET /ticket2/opencms/fi/buy/?edid=B63A2D15-1363-3F7D-6FAD-9E0AE65FC077 HTTP/1.1" 200 89278
83.191.124.42 - - [11/Feb/2025:00:35:47 +0100] "GET /ticket2/opencms/ HTTP/1.1" 302 -
54.36.148.124 - - [11/Feb/2025:00:35:48 +0100] "GET /ticket2/opencms/lv/buy?page=1&edid=0BE732AB-67CD-FDAE-FCB3-FFE731054A7F HTTP/1.1" 200 106553
193.70.81.116 - - [11/Feb/2025:00:35:49 +0100] "GET /ticket2/opencms/en/buy/?page=1&edid=C49A930A-3CDD-7FC6-981C-4D6ED2E66AA8 HTTP/1.1" 200 107915
83.191.124.42 - - [11/Feb/2025:00:35:49 +0100] "GET /ticket2/opencms/en/ HTTP/1.1" 200 104661
114.119.130.91 - - [11/Feb/2025:00:35:49 +0100] "GET /ticket2/opencms/en/venue/?venueid=1B0D63E0-3E74-D9A1-7710-B72B09BD174E HTTP/1.1" 200 83263
54.36.149.5 - - [11/Feb/2025:00:35:50 +0100] "GET /ticket2/opencms/bg/buy?page=1&edid=FB619D25-A569-B2D3-A138-064ED3A662B4 HTTP/1.1" 200 112527
67.144.2.241 - - [11/Feb/2025:00:35:50 +0100] "GET /ticket2/opencms/sv/buy/?page=1&edid=9C1548C2-2CCF-2559-E7B7-7E11B3528A6D HTTP/1.1" 200 106074
192.99.15.34 - - [11/Feb/2025:00:35:51 +0100] "GET /ticket2/opencms/no/buy/?page=1&edid=52F96119-8DE8-02DF-9B26-6EB899FEED96&sortorder=asc&column=row HTTP/1.1" 200 106822
193.70.81.116 - - [11/Feb/2025:00:35:53 +0100] "GET /ticket2/opencms/en/buy/?page=1&edid=C5944089-4BA1-6638-58B6-EE4373B33715 HTTP/1.1" 200 114144
83.191.124.42 - - [11/Feb/2025:00:35:53 +0100] "GET /ticket2/opencms/sv/?gad_source=1&gbraid=0AAAAADlS-t9v2z810T0bJlDGBMVKcKMVG&gclid=CjwKCAiA5Ka9BhB5EiwA1ZVtvJD5NeNt5AtgS8xZRZbS4-wF-P-tal3vZkULJnpN2D2fl8f1p5228hoCQ6oQAvD_BwE HTTP/1.1" 200 106170
83.191.124.42 - - [11/Feb/2025:00:35:54 +0100] "GET /ticket2/opencms/system/modules/com.gridnine.opencms.ticketbrokerage.site/resources/js/calendar.js HTTP/1.1" 200 49229
83.191.124.42 - - [11/Feb/2025:00:35:54 +0100] "GET /ticket2/opencms/system/modules/com.gridnine.opencms.ticketbrokerage.site/resources/js/functions.js HTTP/1.1" 200 1583
83.191.124.42 - - [11/Feb/2025:00:35:54 +0100] "GET /ticket2/opencms/system/modules/com.gridnine.opencms.ticketbrokerage.site/resources/js/standard.js HTTP/1.1" 200 3983
83.191.124.42 - - [11/Feb/2025:00:35:54 +0100] "GET /ticket2/opencms/system/modules/com.gridnine.opencms.ticketbrokerage.site/resources/css/calendar.css HTTP/1.1" 200 6871
83.191.124.42 - - [11/Feb/2025:00:35:54 +0100] "GET /ticket2/opencms/system/modules/com.gridnine.opencms.ticketbrokerage.site/resources/css/ticketbrokerage.css HTTP/1.1" 200 39339
83.191.124.42 - - [11/Feb/2025:00:35:54 +0100] "GET /ticket2/opencms/system/modules/com.gridnine.opencms.ticketbrokerage.site/resources/css/standard.css HTTP/1.1" 200 73904
83.191.124.42 - - [11/Feb/2025:00:35:54 +0100] "GET /ticket2/opencms/system/modules/com.gridnine.opencms.ticketbrokerage.site/resources/js/calendar-en.js HTTP/1.1" 200 3338
83.191.124.42 - - [11/Feb/2025:00:35:54 +0100] "GET /ticket2/opencms/system/modules/com.gridnine.opencms.ticketbrokerage.site/resources/js/calendar-setup.js HTTP/1.1" 200 4923
54.36.148.230 - - [11/Feb/2025:00:35:54 +0100] "GET /ticket2/opencms/nl/buy?page=1&edid=17260F4F-A849-5FCD-F08C-3E4A05EF4080 HTTP/1.1" 200 104157
66.249.79.171 - - [11/Feb/2025:00:35:55 +0100] "GET /ticket2/opencms/fr/buy?page=1&edid=25666712-CB7E-CDDD-4626-F1CD96C38316 HTTP/1.1" 200 143074
66.249.68.5 - - [11/Feb/2025:00:35:56 +0100] "GET /ticket2/opencms/mt/faq HTTP/1.1" 200 88845
193.70.81.116 - - [11/Feb/2025:00:35:57 +0100] "GET /ticket2/opencms/en/buy/?page=1&edid=C781C90E-2A4A-BE38-23EB-6039DE2F5FA8 HTTP/1.1" 200 133743
192.99.15.34 - - [11/Feb/2025:00:35:57 +0100] "GET /ticket2/opencms/no/buy/?page=1&edid=532372F3-CD24-8B47-ABFE-5DFDFC4BEFF5&sortorder=asc&column=row HTTP/1.1" 200 109891
54.36.149.62 - - [11/Feb/2025:00:35:58 +0100] "GET /ticket2/opencms/ka/buy?page=1&edid=FB619D25-A569-B2D3-A138-064ED3A662B4 HTTP/1.1" 200 115692
54.36.148.10 - - [11/Feb/2025:00:35:58 +0100] "GET /ticket2/opencms/cs/buy?page=1&edid=A2A4078E-C8E8-C113-199B-69C1FEB231B0 HTTP/1.1" 200 133940
193.70.81.116 - - [11/Feb/2025:00:36:00 +0100] "GET /ticket2/opencms/en/buy/?page=1&edid=C8463748-B145-33AD-CEE6-A9DF95CEBC4A HTTP/1.1" 200 117811
54.36.149.33 - - [11/Feb/2025:00:36:01 +0100] "GET /ticket2/opencms/is/buy?page=1&edid=FB619D25-A569-B2D3-A138-064ED3A662B4 HTTP/1.1" 200 110348
67.144.2.241 - - [11/Feb/2025:00:36:03 +0100] "GET /ticket2/opencms/sv/buy/?page=1&edid=9C7128CF-A8EC-5FF5-A3E3-D9292E78A15F HTTP/1.1" 200 109311
66.249.79.199 - - [11/Feb/2025:00:36:03 +0100] "GET /ticket2/opencms/venue/wembley_arena.gif HTTP/1.1" 200 8194
54.36.149.37 - - [11/Feb/2025:00:36:04 +0100] "GET /ticket2/opencms/hr/buy?page=1&edid=FB619D25-A569-B2D3-A138-064ED3A662B4 HTTP/1.1" 200 110312
193.70.81.116 - - [11/Feb/2025:00:36:04 +0100] "GET /ticket2/opencms/en/buy/?page=1&edid=C8B54E4D-ACCA-9CAC-8303-90318E9CF170 HTTP/1.1" 200 107724
192.99.15.34 - - [11/Feb/2025:00:36:05 +0100] "GET /ticket2/opencms/no/buy/?page=1&edid=563FCA46-03ED-44D1-2A64-D153F80207C9&sortorder=asc&column=section HTTP/1.1" 200 110604
193.70.81.116 - - [11/Feb/2025:00:36:08 +0100] "GET /ticket2/opencms/en/buy/?page=1&edid=C9919F63-312E-C4DF-29D6-DA1CE80EC9A2 HTTP/1.1" 200 123045
18.97.14.82 - - [11/Feb/2025:00:36:11 +0100] "GET /ticket2/opencms/sq/ HTTP/1.1" 200 106347
193.70.81.116 - - [11/Feb/2025:00:36:12 +0100] "GET /ticket2/opencms/en/buy/?page=1&edid=CA5B0C82-DB36-D129-88EF-15CA8AFD33CA HTTP/1.1" 200 104706
54.36.149.57 - - [11/Feb/2025:00:36:12 +0100] "GET /ticket2/opencms/az/buy?page=1&edid=0BE732AB-67CD-FDAE-FCB3-FFE731054A7F HTTP/1.1" 200 106854
192.99.15.34 - - [11/Feb/2025:00:36:13 +0100] "GET /ticket2/opencms/no/buy/?page=1&edid=563FCA46-03ED-44D1-2A64-D153F80207C9&sortorder=desc&column=row HTTP/1.1" 200 110504
193.70.81.116 - - [11/Feb/2025:00:36:16 +0100] "GET /ticket2/opencms/en/buy/?page=1&edid=CE14821B-D021-D288-1C4B-D1BD4F4FA42F HTTP/1.1" 200 107776
52.167.144.196 - - [11/Feb/2025:00:36:16 +0100] "GET /ticket2/opencms/sr/buy/?page=1&edid=6749402D-C332-2C4D-9191-3C983EDD528C HTTP/1.1" 200 111371
54.36.148.130 - - [11/Feb/2025:00:36:18 +0100] "GET /ticket2/opencms/dk/buy/?comcatid=A17713B6-D984-201A-4143-ED4DB5ED5C2E&catid=D8B345C9-F7A5-E620-4B43-C34EB0D6885B HTTP/1.1" 200 207642
67.144.2.241 - - [11/Feb/2025:00:36:18 +0100] "GET /ticket2/opencms/sv/buy/?page=1&edid=9CF0F0F7-E52F-C803-4AE8-4F1A3B811071 HTTP/1.1" 200 106062
193.70.81.116 - - [11/Feb/2025:00:36:20 +0100] "GET /ticket2/opencms/en/buy/?page=1&edid=CFE3AD1D-4887-F2C9-CE30-778894EF867F HTTP/1.1" 200 113931
54.36.148.226 - - [11/Feb/2025:00:36:20 +0100] "GET /ticket2/opencms/lt/buy?page=1&edid=AAD8B8EA-9AED-21A9-2967-40D5EB8A5581 HTTP/1.1" 200 106614
202.8.43.107 - - [11/Feb/2025:00:36:21 +0100] "GET /ticket2/opencms/system/modules/com.gridnine.opencms.ticketbrokerage.site/resources/css/calendar.css HTTP/1.1" 200 6871
202.8.43.107 - - [11/Feb/2025:00:36:21 +0100] "GET /ticket2/opencms/system/modules/com.gridnine.opencms.ticketbrokerage.site/resources/css/jquery.fancybox.css HTTP/1.1" 200 4939
202.8.43.107 - - [11/Feb/2025:00:36:21 +0100] "GET /ticket2/opencms/system/modules/com.gridnine.opencms.ticketbrokerage.site/resources/css/standard.css HTTP/1.1" 200 73904
202.8.43.107 - - [11/Feb/2025:00:36:21 +0100] "GET /ticket2/opencms/system/modules/com.gridnine.opencms.ticketbrokerage.site/resources/js/calendar-en.js HTTP/1.1" 200 3338
202.8.43.107 - - [11/Feb/2025:00:36:21 +0100] "GET /ticket2/opencms/system/modules/com.gridnine.opencms.ticketbrokerage.site/resources/css/jquery-ui.css HTTP/1.1" 200 33221
202.8.43.107 - - [11/Feb/2025:00:36:21 +0100] "GET /ticket2/opencms/system/modules/com.gridnine.opencms.ticketbrokerage.site/resources/css/ticketbrokerage.css HTTP/1.1" 200 39339
202.8.43.107 - - [11/Feb/2025:00:36:21 +0100] "GET /ticket2/opencms/system/modules/com.gridnine.opencms.ticketbrokerage.site/resources/js/functions.js HTTP/1.1" 200 1583
202.8.43.107 - - [11/Feb/2025:00:36:21 +0100] "GET /ticket2/opencms/system/modules/com.gridnine.opencms.ticketbrokerage.site/resources/js/jquery/jquery.js HTTP/1.1" 200 93868
202.8.43.107 - - [11/Feb/2025:00:36:21 +0100] "GET /ticket2/opencms/system/modules/com.gridnine.opencms.ticketbrokerage.site/resources/js/calendar-setup.js HTTP/1.1" 200 4923
202.8.43.107 - - [11/Feb/2025:00:36:21 +0100] "GET /ticket2/opencms/system/modules/com.gridnine.opencms.ticketbrokerage.site/resources/js/calendar.js HTTP/1.1" 200 49229
202.8.43.107 - - [11/Feb/2025:00:36:21 +0100] "GET /ticket2/opencms/system/modules/com.gridnine.opencms.ticketbrokerage.site/resources/js/jquery/jquery-ui.js HTTP/1.1" 200 228088
202.8.43.107 - - [11/Feb/2025:00:36:21 +0100] "GET /ticket2/opencms/system/modules/com.gridnine.opencms.ticketbrokerage.site/resources/js/jquery.fancybox.pack.js HTTP/1.1" 200 23187
202.8.43.107 - - [11/Feb/2025:00:36:21 +0100] "GET /ticket2/opencms/system/modules/com.gridnine.opencms.ticketbrokerage.site/resources/js/stickyfill.min.js HTTP/1.1" 200 5672
202.8.43.107 - - [11/Feb/2025:00:36:21 +0100] "GET /ticket2/opencms/system/modules/com.gridnine.opencms.ticketbrokerage.site/resources/js/standard.js HTTP/1.1" 200 3983
202.8.43.107 - - [11/Feb/2025:00:36:21 +0100] "GET /ticket2/opencms/system/modules/com.gridnine.opencms.ticketbrokerage.site/resources/js/jquery.placeholder.min.js HTTP/1.1" 200 1737
202.8.43.107 - - [11/Feb/2025:00:36:22 +0100] "GET /ticket2/opencms/system/modules/com.gridnine.opencms.ticketbrokerage.site/resources/js/common-ajax.js HTTP/1.1" 200 20175
202.8.43.107 - - [11/Feb/2025:00:36:22 +0100] "GET /ticket2/opencms/lt/ask-form.html HTTP/1.1" 200 3156
202.8.43.107 - - [11/Feb/2025:00:36:22 +0100] "GET /ticket2/opencms/system/modules/com.gridnine.opencms.ticketbrokerage.site/resources/css/ticketbrokerage.css HTTP/1.1" 200 39339
192.99.15.34 - - [11/Feb/2025:00:36:22 +0100] "GET /ticket2/opencms/no/buy/?page=1&edid=59AB6E9D-6FC4-6EF5-CB9B-2ACFED9E25CF&sortorder=asc&column=section HTTP/1.1" 200 110133
193.70.81.116 - - [11/Feb/2025:00:36:23 +0100] "GET /ticket2/opencms/en/buy/?page=1&edid=D2F30FD8-0864-E7E5-43A2-A4369C9456A3 HTTP/1.1" 200 104730
54.36.148.200 - - [11/Feb/2025:00:36:24 +0100] "GET /ticket2/opencms/et/buy?page=1&edid=46F37BE7-B2F6-BEA5-12C9-E1FFD36B0DD0 HTTP/1.1" 200 115937
66.249.79.169 - - [11/Feb/2025:00:36:24 +0100] "GET /ticket2/opencms/is/buy?page=1&edid=68B485F7-9483-6E4F-656D-602EE2AC621D HTTP/1.1" 200 134522
202.8.43.42 - - [11/Feb/2025:00:36:25 +0100] "GET /ticket2/opencms/system/modules/com.gridnine.opencms.ticketbrokerage.site/resources/css/calendar.css HTTP/1.1" 200 6871
202.8.43.42 - - [11/Feb/2025:00:36:25 +0100] "GET /ticket2/opencms/system/modules/com.gridnine.opencms.ticketbrokerage.site/resources/css/ticketbrokerage.css HTTP/1.1" 200 39339
202.8.43.42 - - [11/Feb/2025:00:36:25 +0100] "GET /ticket2/opencms/system/modules/com.gridnine.opencms.ticketbrokerage.site/resources/css/jquery-ui.css HTTP/1.1" 200 33221
202.8.43.42 - - [11/Feb/2025:00:36:25 +0100] "GET /ticket2/opencms/system/modules/com.gridnine.opencms.ticketbrokerage.site/resources/css/jquery.fancybox.css HTTP/1.1" 200 4939
202.8.43.42 - - [11/Feb/2025:00:36:25 +0100] "GET /ticket2/opencms/system/modules/com.gridnine.opencms.ticketbrokerage.site/resources/js/jquery/jquery.js HTTP/1.1" 200 93868
202.8.43.42 - - [11/Feb/2025:00:36:25 +0100] "GET /ticket2/opencms/system/modules/com.gridnine.opencms.ticketbrokerage.site/resources/css/standard.css HTTP/1.1" 200 73904
202.8.43.42 - - [11/Feb/2025:00:36:25 +0100] "GET /ticket2/opencms/system/modules/com.gridnine.opencms.ticketbrokerage.site/resources/js/calendar.js HTTP/1.1" 200 49229
202.8.43.42 - - [11/Feb/2025:00:36:25 +0100] "GET /ticket2/opencms/system/modules/com.gridnine.opencms.ticketbrokerage.site/resources/js/calendar-en.js HTTP/1.1" 200 3338
202.8.43.42 - - [11/Feb/2025:00:36:25 +0100] "GET /ticket2/opencms/system/modules/com.gridnine.opencms.ticketbrokerage.site/resources/js/calendar-setup.js HTTP/1.1" 200 4923
202.8.43.42 - - [11/Feb/2025:00:36:25 +0100] "GET /ticket2/opencms/system/modules/com.gridnine.opencms.ticketbrokerage.site/resources/js/jquery.fancybox.pack.js HTTP/1.1" 200 23187
202.8.43.42 - - [11/Feb/2025:00:36:25 +0100] "GET /ticket2/opencms/system/modules/com.gridnine.opencms.ticketbrokerage.site/resources/js/jquery/jquery-ui.js HTTP/1.1" 200 228088
202.8.43.42 - - [11/Feb/2025:00:36:25 +0100] "GET /ticket2/opencms/system/modules/com.gridnine.opencms.ticketbrokerage.site/resources/js/stickyfill.min.js HTTP/1.1" 200 5672
202.8.43.42 - - [11/Feb/2025:00:36:25 +0100] "GET /ticket2/opencms/system/modules/com.gridnine.opencms.ticketbrokerage.site/resources/js/functions.js HTTP/1.1" 200 1583
202.8.43.42 - - [11/Feb/2025:00:36:25 +0100] "GET /ticket2/opencms/system/modules/com.gridnine.opencms.ticketbrokerage.site/resources/js/standard.js HTTP/1.1" 200 3983
202.8.43.42 - - [11/Feb/2025:00:36:25 +0100] "GET /ticket2/opencms/system/modules/com.gridnine.opencms.ticketbrokerage.site/resources/js/jquery.placeholder.min.js HTTP/1.1" 200 1737
66.249.68.70 - - [11/Feb/2025:00:36:25 +0100] "GET /ticket2/opencms/fr/buy/?page=1&edid=353A8607-D64B-76FC-86CE-3A4804789969 HTTP/1.1" 200 106165
202.8.43.42 - - [11/Feb/2025:00:36:25 +0100] "GET /ticket2/opencms/system/modules/com.gridnine.opencms.ticketbrokerage.site/resources/js/common-ajax.js HTTP/1.1" 200 20175
202.8.43.42 - - [11/Feb/2025:00:36:25 +0100] "GET /ticket2/opencms/et/ask-form.html HTTP/1.1" 200 3156
202.8.43.42 - - [11/Feb/2025:00:36:25 +0100] "GET /ticket2/opencms/system/modules/com.gridnine.opencms.ticketbrokerage.site/resources/css/ticketbrokerage.css HTTP/1.1" 200 39339
114.119.140.111 - - [11/Feb/2025:00:36:27 +0100] "GET /ticket2/opencms/en/venue/?countryid=FECEDBB4-CBB7-37BC-56A2-3BCE3EF7E1E8 HTTP/1.1" 200 115178
66.249.79.6 - - [11/Feb/2025:00:36:27 +0100] "GET /ticket2/opencms/ro/buy/?page=1&edid=D4F26649-49E7-D9AD-008F-6A1EF16B5F3C HTTP/1.1" 200 125484
193.70.81.116 - - [11/Feb/2025:00:36:28 +0100] "GET /ticket2/opencms/en/buy/?page=1&edid=D3AB0CA8-3C40-1AB9-8BEC-7D01F349EB4E HTTP/1.1" 200 132186
52.167.144.203 - - [11/Feb/2025:00:36:28 +0100] "GET /ticket2/opencms/fi/buy/?page=1&edid=B5C7399B-C087-FF38-4294-BB861C1DB4F9 HTTP/1.1" 200 108838
192.99.15.34 - - [11/Feb/2025:00:36:29 +0100] "GET /ticket2/opencms/no/buy/?page=1&edid=5D9F4E02-B2F1-ABA6-EDB5-F9404644FB92&sortorder=desc&column=price HTTP/1.1" 200 110301
54.36.148.184 - - [11/Feb/2025:00:36:29 +0100] "GET /ticket2/opencms/tr/buy?page=1&edid=50375D23-8B44-5172-3FB1-755B660EE76F HTTP/1.1" 200 88364
202.8.40.230 - - [11/Feb/2025:00:36:30 +0100] "GET /ticket2/opencms/system/modules/com.gridnine.opencms.ticketbrokerage.site/resources/css/jquery-ui.css HTTP/1.1" 200 33221
202.8.40.230 - - [11/Feb/2025:00:36:30 +0100] "GET /ticket2/opencms/system/modules/com.gridnine.opencms.ticketbrokerage.site/resources/css/standard.css HTTP/1.1" 200 73904
202.8.40.230 - - [11/Feb/2025:00:36:30 +0100] "GET /ticket2/opencms/system/modules/com.gridnine.opencms.ticketbrokerage.site/resources/css/ticketbrokerage.css HTTP/1.1" 200 39339
202.8.40.230 - - [11/Feb/2025:00:36:30 +0100] "GET /ticket2/opencms/system/modules/com.gridnine.opencms.ticketbrokerage.site/resources/css/calendar.css HTTP/1.1" 200 6871
202.8.40.230 - - [11/Feb/2025:00:36:30 +0100] "GET /ticket2/opencms/system/modules/com.gridnine.opencms.ticketbrokerage.site/resources/css/jquery.fancybox.css HTTP/1.1" 200 4939
202.8.40.230 - - [11/Feb/2025:00:36:30 +0100] "GET /ticket2/opencms/system/modules/com.gridnine.opencms.ticketbrokerage.site/resources/js/jquery/jquery.js HTTP/1.1" 200 93868
202.8.40.230 - - [11/Feb/2025:00:36:30 +0100] "GET /ticket2/opencms/system/modules/com.gridnine.opencms.ticketbrokerage.site/resources/js/jquery/jquery-ui.js HTTP/1.1" 200 228088
202.8.40.230 - - [11/Feb/2025:00:36:30 +0100] "GET /ticket2/opencms/system/modules/com.gridnine.opencms.ticketbrokerage.site/resources/js/functions.js HTTP/1.1" 200 1583
202.8.40.230 - - [11/Feb/2025:00:36:30 +0100] "GET /ticket2/opencms/system/modules/com.gridnine.opencms.ticketbrokerage.site/resources/js/calendar.js HTTP/1.1" 200 49229
202.8.40.230 - - [11/Feb/2025:00:36:30 +0100] "GET /ticket2/opencms/system/modules/com.gridnine.opencms.ticketbrokerage.site/resources/js/calendar-en.js HTTP/1.1" 200 3338
202.8.40.230 - - [11/Feb/2025:00:36:30 +0100] "GET /ticket2/opencms/system/modules/com.gridnine.opencms.ticketbrokerage.site/resources/js/calendar-setup.js HTTP/1.1" 200 4923
202.8.40.230 - - [11/Feb/2025:00:36:30 +0100] "GET /ticket2/opencms/system/modules/com.gridnine.opencms.ticketbrokerage.site/resources/js/jquery.fancybox.pack.js HTTP/1.1" 200 23187
202.8.40.230 - - [11/Feb/2025:00:36:30 +0100] "GET /ticket2/opencms/system/modules/com.gridnine.opencms.ticketbrokerage.site/resources/js/stickyfill.min.js HTTP/1.1" 200 5672
202.8.40.230 - - [11/Feb/2025:00:36:30 +0100] "GET /ticket2/opencms/system/modules/com.gridnine.opencms.ticketbrokerage.site/resources/js/standard.js HTTP/1.1" 200 3983
202.8.40.230 - - [11/Feb/2025:00:36:31 +0100] "GET /ticket2/opencms/system/modules/com.gridnine.opencms.ticketbrokerage.site/resources/js/jquery.placeholder.min.js HTTP/1.1" 200 1737
202.8.40.230 - - [11/Feb/2025:00:36:31 +0100] "GET /ticket2/opencms/system/modules/com.gridnine.opencms.ticketbrokerage.site/resources/js/common-ajax.js HTTP/1.1" 200 20175
193.70.81.116 - - [11/Feb/2025:00:36:31 +0100] "GET /ticket2/opencms/en/buy/?page=1&edid=D402E731-16BD-6054-BEC0-D195836DBFA5 HTTP/1.1" 200 116360
40.77.167.143 - - [11/Feb/2025:00:36:31 +0100] "GET /ticket2/opencms/fi/venue/?venueid=6D0642BB-05FC-BA80-36B9-6F63B86457CB HTTP/1.1" 200 84755
54.36.148.221 - - [11/Feb/2025:00:36:32 +0100] "GET /ticket2/opencms/mo/buy?page=1&edid=FB619D25-A569-B2D3-A138-064ED3A662B4 HTTP/1.1" 200 110587
67.144.2.241 - - [11/Feb/2025:00:36:33 +0100] "GET /ticket2/opencms/sv/buy/?page=1&edid=9EE3DCAF-7583-3E94-31C5-4FB433EA34A1 HTTP/1.1" 200 106103
193.70.81.116 - - [11/Feb/2025:00:36:35 +0100] "GET /ticket2/opencms/en/buy/?page=1&edid=D4F26649-49E7-D9AD-008F-6A1EF16B5F3C HTTP/1.1" 200 123043
192.99.15.34 - - [11/Feb/2025:00:36:37 +0100] "GET /ticket2/opencms/no/buy/?page=1&edid=5E60F796-6D53-8AB5-090D-781711DA58D6&sortorder=asc&column=row HTTP/1.1" 200 106815
193.70.81.116 - - [11/Feb/2025:00:36:39 +0100] "GET /ticket2/opencms/en/buy/?page=1&edid=D5993B62-7816-676A-D732-F9106CE20C20 HTTP/1.1" 200 104742
66.249.76.161 - - [11/Feb/2025:00:36:42 +0100] "GET /ticket2/opencms/de/buy?page=1&edid=A63CB229-A1A5-6049-4462-09D8A2D4CF7F HTTP/1.1" 200 109574
114.119.157.43 - - [11/Feb/2025:00:36:42 +0100] "GET /ticket2/opencms/en/sell/?edid=DE6EAF1E-F0E3-BCEF-6FE9-789554B2D96C HTTP/1.1" 302 -
193.70.81.116 - - [11/Feb/2025:00:36:42 +0100] "GET /ticket2/opencms/en/buy/?page=1&edid=D8011C50-93A6-4225-F35F-417FEFE3121C HTTP/1.1" 200 104743
54.36.148.60 - - [11/Feb/2025:00:36:44 +0100] "GET /ticket2/opencms/dk/buy?page=1&edid=FB619D25-A569-B2D3-A138-064ED3A662B4 HTTP/1.1" 200 108575
192.99.15.34 - - [11/Feb/2025:00:36:45 +0100] "GET /ticket2/opencms/no/buy/?page=1&edid=5E7075CA-ADD6-855D-E5E9-3825C6C9A47D&sortorder=desc&column=price HTTP/1.1" 200 106912
193.70.81.116 - - [11/Feb/2025:00:36:46 +0100] "GET /ticket2/opencms/en/buy/?page=1&edid=D90F2F2C-0185-1952-C0BA-E46B3AE532D5 HTTP/1.1" 200 107774
114.119.157.43 - - [11/Feb/2025:00:36:47 +0100] "GET /ticket2/opencms/en/login/?url=/en/sell/ HTTP/1.1" 200 88018
18.97.14.82 - - [11/Feb/2025:00:36:47 +0100] "GET /ticket2/opencms/en/buy?page=1&edid=1260CE5D-7BE1-B121-0CBF-652705BD383D HTTP/1.1" 200 107899
83.191.124.42 - - [11/Feb/2025:00:36:47 +0100] "GET /ticket2/opencms/sv/sport/fotbollsbiljetter/bundesliga HTTP/1.1" 200 100508
83.191.124.42 - - [11/Feb/2025:00:36:48 +0100] "GET /ticket2/opencms/system/modules/com.gridnine.opencms.ticketbrokerage.site/resources/pics/banners/sv/Bundesliga.jpg HTTP/1.1" 200 13421
83.191.124.42 - - [11/Feb/2025:00:36:48 +0100] "GET /ticket2/opencms/system/modules/com.gridnine.opencms.ticketbrokerage.site/resources/pics/buy_button_small_sv.png HTTP/1.1" 200 8700
83.191.124.42 - - [11/Feb/2025:00:36:48 +0100] "GET /ticket2/opencms/system/modules/com.gridnine.opencms.ticketbrokerage.site/resources/js/functions.js HTTP/1.1" 200 1583
83.191.124.42 - - [11/Feb/2025:00:36:48 +0100] "GET /ticket2/opencms/system/modules/com.gridnine.opencms.ticketbrokerage.site/resources/js/calendar-setup.js HTTP/1.1" 200 4923
83.191.124.42 - - [11/Feb/2025:00:36:48 +0100] "GET /ticket2/opencms/system/modules/com.gridnine.opencms.ticketbrokerage.site/resources/css/ticketbrokerage.css HTTP/1.1" 200 39339
83.191.124.42 - - [11/Feb/2025:00:36:48 +0100] "GET /ticket2/opencms/system/modules/com.gridnine.opencms.ticketbrokerage.site/resources/js/calendar-en.js HTTP/1.1" 200 3338
83.191.124.42 - - [11/Feb/2025:00:36:48 +0100] "GET /ticket2/opencms/system/modules/com.gridnine.opencms.ticketbrokerage.site/resources/js/calendar.js HTTP/1.1" 200 49229
83.191.124.42 - - [11/Feb/2025:00:36:48 +0100] "GET /ticket2/opencms/system/modules/com.gridnine.opencms.ticketbrokerage.site/resources/css/calendar.css HTTP/1.1" 200 6871
83.191.124.42 - - [11/Feb/2025:00:36:48 +0100] "GET /ticket2/opencms/system/modules/com.gridnine.opencms.ticketbrokerage.site/resources/css/standard.css HTTP/1.1" 200 73904
83.191.124.42 - - [11/Feb/2025:00:36:48 +0100] "GET /ticket2/opencms/system/modules/com.gridnine.opencms.ticketbrokerage.site/resources/js/standard.js HTTP/1.1" 200 3983
83.191.124.42 - - [11/Feb/2025:00:36:48 +0100] "GET /ticket2/opencms/system/modules/com.gridnine.opencms.ticketbrokerage.site/resources/pics/sell_button_small_sv.png HTTP/1.1" 200 142
54.36.149.82 - - [11/Feb/2025:00:36:49 +0100] "GET /ticket2/opencms/ga/buy?page=1&edid=C5E6BD6B-6997-F99C-5497-F6687FA84598 HTTP/1.1" 200 106789
87.250.224.221 - - [11/Feb/2025:00:36:50 +0100] "GET /ticket2/opencms/robots.txt HTTP/1.1" 200 773
192.99.15.34 - - [11/Feb/2025:00:36:51 +0100] "GET /ticket2/opencms/no/buy/?page=1&edid=5E7075CA-ADD6-855D-E5E9-3825C6C9A47D&sortorder=desc&column=row HTTP/1.1" 200 106846
67.144.2.241 - - [11/Feb/2025:00:36:51 +0100] "GET /ticket2/opencms/sv/buy/?page=1&edid=9F38516F-B5FE-84B1-6D9C-CA5CD7E7CD4F HTTP/1.1" 200 109274
193.70.81.116 - - [11/Feb/2025:00:36:51 +0100] "GET /ticket2/opencms/en/buy/?page=1&edid=D96122AD-C3AA-80F5-DDA8-935E03AE952D HTTP/1.1" 200 130766
95.108.213.176 - - [11/Feb/2025:00:36:51 +0100] "GET /ticket2/opencms/ga/sport/ HTTP/1.1" 200 91056
66.249.76.44 - - [11/Feb/2025:00:36:51 +0100] "GET /ticket2/opencms/fr/buy?page=1&edid=2B44308E-1778-CFAE-7385-18758823F6EB HTTP/1.1" 200 146071
213.180.203.217 - - [11/Feb/2025:00:36:52 +0100] "GET /ticket2/opencms/system/modules/com.gridnine.opencms.ticketbrokerage.site/resources/js/functions.js HTTP/1.1" 200 1583
95.108.213.85 - - [11/Feb/2025:00:36:52 +0100] "GET /ticket2/opencms/system/modules/com.gridnine.opencms.ticketbrokerage.site/resources/js/jquery.fancybox.pack.js HTTP/1.1" 200 23187
213.180.203.72 - - [11/Feb/2025:00:36:52 +0100] "GET /ticket2/opencms/system/modules/com.gridnine.opencms.ticketbrokerage.site/resources/js/standard.js HTTP/1.1" 200 3983
5.255.231.201 - - [11/Feb/2025:00:36:52 +0100] "GET /ticket2/opencms/system/modules/com.gridnine.opencms.ticketbrokerage.site/resources/js/stickyfill.min.js HTTP/1.1" 200 5672
213.180.203.82 - - [11/Feb/2025:00:36:52 +0100] "GET /ticket2/opencms/system/modules/com.gridnine.opencms.ticketbrokerage.site/resources/js/calendar.js HTTP/1.1" 200 49229
87.250.224.74 - - [11/Feb/2025:00:36:52 +0100] "GET /ticket2/opencms/system/modules/com.gridnine.opencms.ticketbrokerage.site/resources/js/calendar-setup.js HTTP/1.1" 200 4923
213.180.203.12 - - [11/Feb/2025:00:36:53 +0100] "GET /ticket2/opencms/system/modules/com.gridnine.opencms.ticketbrokerage.site/resources/js/jquery/jquery.js HTTP/1.1" 200 93868
213.180.203.20 - - [11/Feb/2025:00:36:53 +0100] "GET /ticket2/opencms/system/modules/com.gridnine.opencms.ticketbrokerage.site/resources/js/calendar-en.js HTTP/1.1" 200 3338
83.191.124.42 - - [11/Feb/2025:00:36:54 +0100] "GET /ticket2/opencms/sv/sport/fotbollsbiljetter/bundesliga/borussia-dortmund/ HTTP/1.1" 200 96078
83.191.124.42 - - [11/Feb/2025:00:36:54 +0100] "GET /ticket2/opencms/system/modules/com.gridnine.opencms.ticketbrokerage.site/resources/pics/banners/sv/Borussia_09_Dortmund.jpg HTTP/1.1" 200 39371
83.191.124.42 - - [11/Feb/2025:00:36:54 +0100] "GET /ticket2/opencms/system/modules/com.gridnine.opencms.ticketbrokerage.site/resources/css/ticketbrokerage.css HTTP/1.1" 200 39339
83.191.124.42 - - [11/Feb/2025:00:36:54 +0100] "GET /ticket2/opencms/system/modules/com.gridnine.opencms.ticketbrokerage.site/resources/css/standard.css HTTP/1.1" 200 73904
83.191.124.42 - - [11/Feb/2025:00:36:54 +0100] "GET /ticket2/opencms/system/modules/com.gridnine.opencms.ticketbrokerage.site/resources/js/calendar-setup.js HTTP/1.1" 200 4923
83.191.124.42 - - [11/Feb/2025:00:36:54 +0100] "GET /ticket2/opencms/system/modules/com.gridnine.opencms.ticketbrokerage.site/resources/js/standard.js HTTP/1.1" 200 3983
83.191.124.42 - - [11/Feb/2025:00:36:54 +0100] "GET /ticket2/opencms/system/modules/com.gridnine.opencms.ticketbrokerage.site/resources/js/functions.js HTTP/1.1" 200 1583
83.191.124.42 - - [11/Feb/2025:00:36:54 +0100] "GET /ticket2/opencms/system/modules/com.gridnine.opencms.ticketbrokerage.site/resources/js/calendar-en.js HTTP/1.1" 200 3338
185.191.171.16 - - [11/Feb/2025:00:36:55 +0100] "GET /ticket2/opencms/cs/sport/fotbalove-listky/champions-league/ac-milan/ HTTP/1.1" 200 87861
83.191.124.42 - - [11/Feb/2025:00:36:55 +0100] "GET /ticket2/opencms/system/modules/com.gridnine.opencms.ticketbrokerage.site/resources/js/calendar.js HTTP/1.1" 200 49229
54.36.148.138 - - [11/Feb/2025:00:36:55 +0100] "GET /ticket2/opencms/es/buy/?page=1&edid=9AA6E90F-1A8F-8723-F266-C4056D23056B HTTP/1.1" 200 122211
83.191.124.42 - - [11/Feb/2025:00:36:55 +0100] "GET /ticket2/opencms/system/modules/com.gridnine.opencms.ticketbrokerage.site/resources/css/calendar.css HTTP/1.1" 200 6871
95.108.213.153 - - [11/Feb/2025:00:36:55 +0100] "GET /ticket2/opencms/system/modules/com.gridnine.opencms.ticketbrokerage.site/resources/js/jquery.placeholder.min.js HTTP/1.1" 200 1737
193.70.81.116 - - [11/Feb/2025:00:36:55 +0100] "GET /ticket2/opencms/en/buy/?page=1&edid=D99ADA8F-DD19-1ED8-19FA-1322A123D964 HTTP/1.1" 200 104713
95.108.213.198 - - [11/Feb/2025:00:36:56 +0100] "GET /ticket2/opencms/system/modules/com.gridnine.opencms.ticketbrokerage.site/resources/js/common-ajax.js HTTP/1.1" 200 20175
192.99.15.34 - - [11/Feb/2025:00:36:57 +0100] "GET /ticket2/opencms/no/buy/?page=1&edid=5EB94300-43AB-F98B-AEC3-50D493888325 HTTP/1.1" 200 108628
54.36.148.12 - - [11/Feb/2025:00:36:57 +0100] "GET /ticket2/opencms/cs/buy?page=1&edid=CC748805-AA77-5D07-7352-96CD97D4F5AC HTTP/1.1" 200 135143
54.36.148.150 - - [11/Feb/2025:00:36:58 +0100] "GET /ticket2/opencms/pl/buy?page=1&edid=50375D23-8B44-5172-3FB1-755B660EE76F HTTP/1.1" 200 112422
47.128.29.204 - - [11/Feb/2025:00:36:58 +0100] "GET /ticket2/opencms/sk/buying_tickets/ HTTP/1.1" 200 87123
202.8.40.101 - - [11/Feb/2025:00:36:59 +0100] "GET /ticket2/opencms/system/modules/com.gridnine.opencms.ticketbrokerage.site/resources/css/calendar.css HTTP/1.1" 200 6871
202.8.40.101 - - [11/Feb/2025:00:36:59 +0100] "GET /ticket2/opencms/system/modules/com.gridnine.opencms.ticketbrokerage.site/resources/css/ticketbrokerage.css HTTP/1.1" 200 39339
202.8.40.101 - - [11/Feb/2025:00:36:59 +0100] "GET /ticket2/opencms/system/modules/com.gridnine.opencms.ticketbrokerage.site/resources/css/jquery.fancybox.css HTTP/1.1" 200 4939
202.8.40.101 - - [11/Feb/2025:00:36:59 +0100] "GET /ticket2/opencms/system/modules/com.gridnine.opencms.ticketbrokerage.site/resources/css/jquery-ui.css HTTP/1.1" 200 33221
202.8.40.101 - - [11/Feb/2025:00:36:59 +0100] "GET /ticket2/opencms/system/modules/com.gridnine.opencms.ticketbrokerage.site/resources/css/standard.css HTTP/1.1" 200 73904
202.8.40.101 - - [11/Feb/2025:00:36:59 +0100] "GET /ticket2/opencms/system/modules/com.gridnine.opencms.ticketbrokerage.site/resources/js/calendar-en.js HTTP/1.1" 200 3338
202.8.40.101 - - [11/Feb/2025:00:36:59 +0100] "GET /ticket2/opencms/system/modules/com.gridnine.opencms.ticketbrokerage.site/resources/js/functions.js HTTP/1.1" 200 1583
202.8.40.101 - - [11/Feb/2025:00:36:59 +0100] "GET /ticket2/opencms/system/modules/com.gridnine.opencms.ticketbrokerage.site/resources/js/jquery/jquery-ui.js HTTP/1.1" 200 228088
202.8.40.101 - - [11/Feb/2025:00:36:59 +0100] "GET /ticket2/opencms/system/modules/com.gridnine.opencms.ticketbrokerage.site/resources/js/jquery/jquery.js HTTP/1.1" 200 93868
202.8.40.101 - - [11/Feb/2025:00:36:59 +0100] "GET /ticket2/opencms/system/modules/com.gridnine.opencms.ticketbrokerage.site/resources/js/calendar-setup.js HTTP/1.1" 200 4923
202.8.40.101 - - [11/Feb/2025:00:36:59 +0100] "GET /ticket2/opencms/system/modules/com.gridnine.opencms.ticketbrokerage.site/resources/js/calendar.js HTTP/1.1" 200 49229
202.8.40.101 - - [11/Feb/2025:00:36:59 +0100] "GET /ticket2/opencms/system/modules/com.gridnine.opencms.ticketbrokerage.site/resources/js/jquery.fancybox.pack.js HTTP/1.1" 200 23187
202.8.40.101 - - [11/Feb/2025:00:36:59 +0100] "GET /ticket2/opencms/system/modules/com.gridnine.opencms.ticketbrokerage.site/resources/js/stickyfill.min.js HTTP/1.1" 200 5672
202.8.40.101 - - [11/Feb/2025:00:36:59 +0100] "GET /ticket2/opencms/system/modules/com.gridnine.opencms.ticketbrokerage.site/resources/js/standard.js HTTP/1.1" 200 3983
202.8.40.101 - - [11/Feb/2025:00:36:59 +0100] "GET /ticket2/opencms/system/modules/com.gridnine.opencms.ticketbrokerage.site/resources/js/jquery.placeholder.min.js HTTP/1.1" 200 1737
202.8.40.101 - - [11/Feb/2025:00:36:59 +0100] "GET /ticket2/opencms/system/modules/com.gridnine.opencms.ticketbrokerage.site/resources/js/common-ajax.js HTTP/1.1" 200 20175
202.8.40.101 - - [11/Feb/2025:00:36:59 +0100] "GET /ticket2/opencms/pl/ask-form.html HTTP/1.1" 200 3156
202.8.40.101 - - [11/Feb/2025:00:36:59 +0100] "GET /ticket2/opencms/system/modules/com.gridnine.opencms.ticketbrokerage.site/resources/css/ticketbrokerage.css HTTP/1.1" 200 39339
47.128.29.204 - - [11/Feb/2025:00:36:59 +0100] "GET /ticket2/opencms/system/modules/com.gridnine.opencms.ticketbrokerage.site/resources/css/images/event-banner.png HTTP/1.1" 404 -
193.70.81.116 - - [11/Feb/2025:00:37:00 +0100] "GET /ticket2/opencms/en/buy/?page=1&edid=D9B6DEA1-0C13-FA80-469E-162654611A15 HTTP/1.1" 200 113963
54.36.148.138 - - [11/Feb/2025:00:37:01 +0100] "GET /ticket2/opencms/bs/buy?page=1&edid=50375D23-8B44-5172-3FB1-755B660EE76F HTTP/1.1" 200 112359
202.8.41.15 - - [11/Feb/2025:00:37:02 +0100] "GET /ticket2/opencms/system/modules/com.gridnine.opencms.ticketbrokerage.site/resources/css/ticketbrokerage.css HTTP/1.1" 200 39339
202.8.41.15 - - [11/Feb/2025:00:37:02 +0100] "GET /ticket2/opencms/system/modules/com.gridnine.opencms.ticketbrokerage.site/resources/css/standard.css HTTP/1.1" 200 73904
202.8.41.15 - - [11/Feb/2025:00:37:02 +0100] "GET /ticket2/opencms/system/modules/com.gridnine.opencms.ticketbrokerage.site/resources/css/jquery-ui.css HTTP/1.1" 200 33221
202.8.41.15 - - [11/Feb/2025:00:37:02 +0100] "GET /ticket2/opencms/system/modules/com.gridnine.opencms.ticketbrokerage.site/resources/css/jquery.fancybox.css HTTP/1.1" 200 4939
202.8.41.15 - - [11/Feb/2025:00:37:02 +0100] "GET /ticket2/opencms/system/modules/com.gridnine.opencms.ticketbrokerage.site/resources/css/calendar.css HTTP/1.1" 200 6871
202.8.41.15 - - [11/Feb/2025:00:37:02 +0100] "GET /ticket2/opencms/system/modules/com.gridnine.opencms.ticketbrokerage.site/resources/js/jquery/jquery.js HTTP/1.1" 200 93868
202.8.41.15 - - [11/Feb/2025:00:37:02 +0100] "GET /ticket2/opencms/system/modules/com.gridnine.opencms.ticketbrokerage.site/resources/js/jquery/jquery-ui.js HTTP/1.1" 200 228088
202.8.41.15 - - [11/Feb/2025:00:37:02 +0100] "GET /ticket2/opencms/system/modules/com.gridnine.opencms.ticketbrokerage.site/resources/js/functions.js HTTP/1.1" 200 1583
202.8.41.15 - - [11/Feb/2025:00:37:02 +0100] "GET /ticket2/opencms/system/modules/com.gridnine.opencms.ticketbrokerage.site/resources/js/calendar-en.js HTTP/1.1" 200 3338
202.8.41.15 - - [11/Feb/2025:00:37:02 +0100] "GET /ticket2/opencms/system/modules/com.gridnine.opencms.ticketbrokerage.site/resources/js/calendar.js HTTP/1.1" 200 49229
202.8.41.15 - - [11/Feb/2025:00:37:02 +0100] "GET /ticket2/opencms/system/modules/com.gridnine.opencms.ticketbrokerage.site/resources/js/calendar-setup.js HTTP/1.1" 200 4923
202.8.41.15 - - [11/Feb/2025:00:37:02 +0100] "GET /ticket2/opencms/system/modules/com.gridnine.opencms.ticketbrokerage.site/resources/js/jquery.fancybox.pack.js HTTP/1.1" 200 23187
202.8.41.15 - - [11/Feb/2025:00:37:02 +0100] "GET /ticket2/opencms/system/modules/com.gridnine.opencms.ticketbrokerage.site/resources/js/stickyfill.min.js HTTP/1.1" 200 5672
202.8.41.15 - - [11/Feb/2025:00:37:02 +0100] "GET /ticket2/opencms/system/modules/com.gridnine.opencms.ticketbrokerage.site/resources/js/standard.js HTTP/1.1" 200 3983
67.144.2.241 - - [11/Feb/2025:00:37:02 +0100] "GET /ticket2/opencms/sv/buy/?page=1&edid=9FC1378F-E622-E68B-4235-292F649392E8 HTTP/1.1" 200 109267
202.8.41.15 - - [11/Feb/2025:00:37:02 +0100] "GET /ticket2/opencms/system/modules/com.gridnine.opencms.ticketbrokerage.site/resources/js/common-ajax.js HTTP/1.1" 200 20175
202.8.41.15 - - [11/Feb/2025:00:37:02 +0100] "GET /ticket2/opencms/system/modules/com.gridnine.opencms.ticketbrokerage.site/resources/js/jquery.placeholder.min.js HTTP/1.1" 200 1737
202.8.41.15 - - [11/Feb/2025:00:37:02 +0100] "GET /ticket2/opencms/bs/ask-form.html HTTP/1.1" 200 3156
202.8.41.15 - - [11/Feb/2025:00:37:02 +0100] "GET /ticket2/opencms/system/modules/com.gridnine.opencms.ticketbrokerage.site/resources/css/ticketbrokerage.css HTTP/1.1" 200 39339
193.70.81.116 - - [11/Feb/2025:00:37:03 +0100] "GET /ticket2/opencms/en/buy/?page=1&edid=D9F2239E-EF6A-EAF8-CB00-12A5392DA498 HTTP/1.1" 200 127494
192.99.15.34 - - [11/Feb/2025:00:37:04 +0100] "GET /ticket2/opencms/no/buy/?page=1&edid=60633A18-9CD3-C032-B645-6186B807E89A&sortorder=desc&column=price HTTP/1.1" 200 110302
83.191.124.42 - - [11/Feb/2025:00:37:05 +0100] "GET /ticket2/opencms/sv/sport/fotbollsbiljetter/bundesliga/borussia-dortmund HTTP/1.1" 200 96078
83.191.124.42 - - [11/Feb/2025:00:37:05 +0100] "GET /ticket2/opencms/system/modules/com.gridnine.opencms.ticketbrokerage.site/resources/css/standard.css HTTP/1.1" 200 73904
54.36.148.195 - - [11/Feb/2025:00:37:05 +0100] "GET /ticket2/opencms/bg/buy?page=1&edid=50375D23-8B44-5172-3FB1-755B660EE76F HTTP/1.1" 200 114552
83.191.124.42 - - [11/Feb/2025:00:37:05 +0100] "GET /ticket2/opencms/system/modules/com.gridnine.opencms.ticketbrokerage.site/resources/css/ticketbrokerage.css HTTP/1.1" 200 39339
83.191.124.42 - - [11/Feb/2025:00:37:05 +0100] "GET /ticket2/opencms/system/modules/com.gridnine.opencms.ticketbrokerage.site/resources/js/calendar-setup.js HTTP/1.1" 200 4923
83.191.124.42 - - [11/Feb/2025:00:37:05 +0100] "GET /ticket2/opencms/system/modules/com.gridnine.opencms.ticketbrokerage.site/resources/js/standard.js HTTP/1.1" 200 3983
83.191.124.42 - - [11/Feb/2025:00:37:05 +0100] "GET /ticket2/opencms/system/modules/com.gridnine.opencms.ticketbrokerage.site/resources/css/calendar.css HTTP/1.1" 200 6871
83.191.124.42 - - [11/Feb/2025:00:37:05 +0100] "GET /ticket2/opencms/system/modules/com.gridnine.opencms.ticketbrokerage.site/resources/js/calendar-en.js HTTP/1.1" 200 3338
83.191.124.42 - - [11/Feb/2025:00:37:05 +0100] "GET /ticket2/opencms/system/modules/com.gridnine.opencms.ticketbrokerage.site/resources/js/functions.js HTTP/1.1" 200 1583
83.191.124.42 - - [11/Feb/2025:00:37:05 +0100] "GET /ticket2/opencms/system/modules/com.gridnine.opencms.ticketbrokerage.site/resources/js/calendar.js HTTP/1.1" 200 49229
202.8.41.153 - - [11/Feb/2025:00:37:06 +0100] "GET /ticket2/opencms/system/modules/com.gridnine.opencms.ticketbrokerage.site/resources/css/ticketbrokerage.css HTTP/1.1" 200 39339
202.8.41.153 - - [11/Feb/2025:00:37:06 +0100] "GET /ticket2/opencms/system/modules/com.gridnine.opencms.ticketbrokerage.site/resources/css/jquery-ui.css HTTP/1.1" 200 33221
202.8.41.153 - - [11/Feb/2025:00:37:06 +0100] "GET /ticket2/opencms/system/modules/com.gridnine.opencms.ticketbrokerage.site/resources/css/calendar.css HTTP/1.1" 200 6871
202.8.41.153 - - [11/Feb/2025:00:37:06 +0100] "GET /ticket2/opencms/system/modules/com.gridnine.opencms.ticketbrokerage.site/resources/css/standard.css HTTP/1.1" 200 73904
202.8.41.153 - - [11/Feb/2025:00:37:06 +0100] "GET /ticket2/opencms/system/modules/com.gridnine.opencms.ticketbrokerage.site/resources/css/jquery.fancybox.css HTTP/1.1" 200 4939
202.8.41.153 - - [11/Feb/2025:00:37:06 +0100] "GET /ticket2/opencms/system/modules/com.gridnine.opencms.ticketbrokerage.site/resources/js/jquery/jquery.js HTTP/1.1" 200 93868
202.8.41.153 - - [11/Feb/2025:00:37:06 +0100] "GET /ticket2/opencms/system/modules/com.gridnine.opencms.ticketbrokerage.site/resources/js/jquery/jquery-ui.js HTTP/1.1" 200 228088
202.8.41.153 - - [11/Feb/2025:00:37:06 +0100] "GET /ticket2/opencms/system/modules/com.gridnine.opencms.ticketbrokerage.site/resources/js/calendar.js HTTP/1.1" 200 49229
202.8.41.153 - - [11/Feb/2025:00:37:06 +0100] "GET /ticket2/opencms/system/modules/com.gridnine.opencms.ticketbrokerage.site/resources/js/calendar-en.js HTTP/1.1" 200 3338
202.8.41.153 - - [11/Feb/2025:00:37:06 +0100] "GET /ticket2/opencms/system/modules/com.gridnine.opencms.ticketbrokerage.site/resources/js/functions.js HTTP/1.1" 200 1583
202.8.41.153 - - [11/Feb/2025:00:37:06 +0100] "GET /ticket2/opencms/system/modules/com.gridnine.opencms.ticketbrokerage.site/resources/js/calendar-setup.js HTTP/1.1" 200 4923
202.8.41.153 - - [11/Feb/2025:00:37:06 +0100] "GET /ticket2/opencms/system/modules/com.gridnine.opencms.ticketbrokerage.site/resources/js/jquery.fancybox.pack.js HTTP/1.1" 200 23187
202.8.41.153 - - [11/Feb/2025:00:37:06 +0100] "GET /ticket2/opencms/system/modules/com.gridnine.opencms.ticketbrokerage.site/resources/js/stickyfill.min.js HTTP/1.1" 200 5672
202.8.41.153 - - [11/Feb/2025:00:37:06 +0100] "GET /ticket2/opencms/system/modules/com.gridnine.opencms.ticketbrokerage.site/resources/js/standard.js HTTP/1.1" 200 3983
202.8.41.153 - - [11/Feb/2025:00:37:06 +0100] "GET /ticket2/opencms/system/modules/com.gridnine.opencms.ticketbrokerage.site/resources/js/jquery.placeholder.min.js HTTP/1.1" 200 1737
202.8.41.153 - - [11/Feb/2025:00:37:06 +0100] "GET /ticket2/opencms/system/modules/com.gridnine.opencms.ticketbrokerage.site/resources/js/common-ajax.js HTTP/1.1" 200 20175
202.8.41.153 - - [11/Feb/2025:00:37:06 +0100] "GET /ticket2/opencms/bg/ask-form.html HTTP/1.1" 200 3156
202.8.41.153 - - [11/Feb/2025:00:37:07 +0100] "GET /ticket2/opencms/system/modules/com.gridnine.opencms.ticketbrokerage.site/resources/css/ticketbrokerage.css HTTP/1.1" 200 39339
193.70.81.116 - - [11/Feb/2025:00:37:07 +0100] "GET /ticket2/opencms/en/buy/?page=1&edid=DA6CC5BF-D136-7366-202C-2FA8DA7045EB HTTP/1.1" 200 104686
47.128.33.161 - - [11/Feb/2025:00:37:08 +0100] "GET /ticket2/opencms/en/venue/?venueid=920488DA-5A31-2C02-38B5-7EC9E48B6D06 HTTP/1.1" 200 83230
83.191.124.42 - - [11/Feb/2025:00:37:08 +0100] "GET /ticket2/opencms/sv/sport/fotbollsbiljetter/bundesliga HTTP/1.1" 200 100508
54.36.148.151 - - [11/Feb/2025:00:37:08 +0100] "GET /ticket2/opencms/ga/buy?page=1&edid=DC067A0C-CE36-3D9C-899A-867F582FFC90 HTTP/1.1" 200 132515
202.8.43.45 - - [11/Feb/2025:00:37:09 +0100] "GET /ticket2/opencms/system/modules/com.gridnine.opencms.ticketbrokerage.site/resources/css/jquery-ui.css HTTP/1.1" 200 33221
202.8.43.45 - - [11/Feb/2025:00:37:09 +0100] "GET /ticket2/opencms/system/modules/com.gridnine.opencms.ticketbrokerage.site/resources/css/ticketbrokerage.css HTTP/1.1" 200 39339
202.8.43.45 - - [11/Feb/2025:00:37:09 +0100] "GET /ticket2/opencms/system/modules/com.gridnine.opencms.ticketbrokerage.site/resources/css/jquery.fancybox.css HTTP/1.1" 200 4939
202.8.43.45 - - [11/Feb/2025:00:37:09 +0100] "GET /ticket2/opencms/system/modules/com.gridnine.opencms.ticketbrokerage.site/resources/css/calendar.css HTTP/1.1" 200 6871
202.8.43.45 - - [11/Feb/2025:00:37:09 +0100] "GET /ticket2/opencms/system/modules/com.gridnine.opencms.ticketbrokerage.site/resources/css/standard.css HTTP/1.1" 200 73904
202.8.43.45 - - [11/Feb/2025:00:37:09 +0100] "GET /ticket2/opencms/system/modules/com.gridnine.opencms.ticketbrokerage.site/resources/js/jquery/jquery.js HTTP/1.1" 200 93868
40.77.167.143 - - [11/Feb/2025:00:37:09 +0100] "GET /ticket2/opencms/pl/buy/?page=1&edid=0637523A-01E7-1EC6-C82E-6B403F8C3BC7 HTTP/1.1" 200 106328
202.8.43.45 - - [11/Feb/2025:00:37:10 +0100] "GET /ticket2/opencms/system/modules/com.gridnine.opencms.ticketbrokerage.site/resources/js/jquery/jquery-ui.js HTTP/1.1" 200 228088
202.8.43.45 - - [11/Feb/2025:00:37:10 +0100] "GET /ticket2/opencms/system/modules/com.gridnine.opencms.ticketbrokerage.site/resources/js/functions.js HTTP/1.1" 200 1583
202.8.43.45 - - [11/Feb/2025:00:37:10 +0100] "GET /ticket2/opencms/system/modules/com.gridnine.opencms.ticketbrokerage.site/resources/js/calendar.js HTTP/1.1" 200 49229
202.8.43.45 - - [11/Feb/2025:00:37:10 +0100] "GET /ticket2/opencms/system/modules/com.gridnine.opencms.ticketbrokerage.site/resources/js/calendar-en.js HTTP/1.1" 200 3338
202.8.43.45 - - [11/Feb/2025:00:37:10 +0100] "GET /ticket2/opencms/system/modules/com.gridnine.opencms.ticketbrokerage.site/resources/js/calendar-setup.js HTTP/1.1" 200 4923
192.99.15.34 - - [11/Feb/2025:00:37:10 +0100] "GET /ticket2/opencms/no/buy/?page=1&edid=661E24D1-5D15-51D2-AF68-58DA584DA6E1&sortorder=desc&column=price HTTP/1.1" 200 109224
202.8.43.45 - - [11/Feb/2025:00:37:10 +0100] "GET /ticket2/opencms/system/modules/com.gridnine.opencms.ticketbrokerage.site/resources/js/jquery.fancybox.pack.js HTTP/1.1" 200 23187
202.8.43.45 - - [11/Feb/2025:00:37:10 +0100] "GET /ticket2/opencms/system/modules/com.gridnine.opencms.ticketbrokerage.site/resources/js/stickyfill.min.js HTTP/1.1" 200 5672
202.8.43.45 - - [11/Feb/2025:00:37:10 +0100] "GET /ticket2/opencms/system/modules/com.gridnine.opencms.ticketbrokerage.site/resources/js/standard.js HTTP/1.1" 200 3983
202.8.43.45 - - [11/Feb/2025:00:37:10 +0100] "GET /ticket2/opencms/system/modules/com.gridnine.opencms.ticketbrokerage.site/resources/js/jquery.placeholder.min.js HTTP/1.1" 200 1737
202.8.43.45 - - [11/Feb/2025:00:37:10 +0100] "GET /ticket2/opencms/system/modules/com.gridnine.opencms.ticketbrokerage.site/resources/js/common-ajax.js HTTP/1.1" 200 20175
202.8.43.45 - - [11/Feb/2025:00:37:10 +0100] "GET /ticket2/opencms/ga/ask-form.html HTTP/1.1" 200 3156
202.8.43.45 - - [11/Feb/2025:00:37:10 +0100] "GET /ticket2/opencms/system/modules/com.gridnine.opencms.ticketbrokerage.site/resources/css/ticketbrokerage.css HTTP/1.1" 200 39339
193.70.81.116 - - [11/Feb/2025:00:37:11 +0100] "GET /ticket2/opencms/en/buy/?page=1&edid=DABBB04A-934B-281D-ABA7-8CACF7859BC6 HTTP/1.1" 200 104733
54.36.148.226 - - [11/Feb/2025:00:37:12 +0100] "GET /ticket2/opencms/sr/buy?page=1&edid=46F37BE7-B2F6-BEA5-12C9-E1FFD36B0DD0 HTTP/1.1" 200 116744
202.8.41.171 - - [11/Feb/2025:00:37:13 +0100] "GET /ticket2/opencms/system/modules/com.gridnine.opencms.ticketbrokerage.site/resources/css/jquery.fancybox.css HTTP/1.1" 200 4939
202.8.41.171 - - [11/Feb/2025:00:37:13 +0100] "GET /ticket2/opencms/system/modules/com.gridnine.opencms.ticketbrokerage.site/resources/css/ticketbrokerage.css HTTP/1.1" 200 39339
202.8.41.171 - - [11/Feb/2025:00:37:13 +0100] "GET /ticket2/opencms/system/modules/com.gridnine.opencms.ticketbrokerage.site/resources/css/standard.css HTTP/1.1" 200 73904
202.8.41.171 - - [11/Feb/2025:00:37:13 +0100] "GET /ticket2/opencms/system/modules/com.gridnine.opencms.ticketbrokerage.site/resources/css/jquery-ui.css HTTP/1.1" 200 33221
202.8.41.171 - - [11/Feb/2025:00:37:13 +0100] "GET /ticket2/opencms/system/modules/com.gridnine.opencms.ticketbrokerage.site/resources/css/calendar.css HTTP/1.1" 200 6871
202.8.41.171 - - [11/Feb/2025:00:37:13 +0100] "GET /ticket2/opencms/system/modules/com.gridnine.opencms.ticketbrokerage.site/resources/js/jquery/jquery.js HTTP/1.1" 200 93868
202.8.41.171 - - [11/Feb/2025:00:37:13 +0100] "GET /ticket2/opencms/system/modules/com.gridnine.opencms.ticketbrokerage.site/resources/js/functions.js HTTP/1.1" 200 1583
202.8.41.171 - - [11/Feb/2025:00:37:13 +0100] "GET /ticket2/opencms/system/modules/com.gridnine.opencms.ticketbrokerage.site/resources/js/jquery/jquery-ui.js HTTP/1.1" 200 228088
202.8.41.171 - - [11/Feb/2025:00:37:13 +0100] "GET /ticket2/opencms/system/modules/com.gridnine.opencms.ticketbrokerage.site/resources/js/calendar.js HTTP/1.1" 200 49229
202.8.41.171 - - [11/Feb/2025:00:37:13 +0100] "GET /ticket2/opencms/system/modules/com.gridnine.opencms.ticketbrokerage.site/resources/js/calendar-en.js HTTP/1.1" 200 3338
202.8.41.171 - - [11/Feb/2025:00:37:13 +0100] "GET /ticket2/opencms/system/modules/com.gridnine.opencms.ticketbrokerage.site/resources/js/calendar-setup.js HTTP/1.1" 200 4923
202.8.41.171 - - [11/Feb/2025:00:37:13 +0100] "GET /ticket2/opencms/system/modules/com.gridnine.opencms.ticketbrokerage.site/resources/js/jquery.fancybox.pack.js HTTP/1.1" 200 23187
202.8.41.171 - - [11/Feb/2025:00:37:13 +0100] "GET /ticket2/opencms/system/modules/com.gridnine.opencms.ticketbrokerage.site/resources/js/stickyfill.min.js HTTP/1.1" 200 5672
202.8.41.171 - - [11/Feb/2025:00:37:13 +0100] "GET /ticket2/opencms/system/modules/com.gridnine.opencms.ticketbrokerage.site/resources/js/standard.js HTTP/1.1" 200 3983
202.8.41.171 - - [11/Feb/2025:00:37:13 +0100] "GET /ticket2/opencms/system/modules/com.gridnine.opencms.ticketbrokerage.site/resources/js/jquery.placeholder.min.js HTTP/1.1" 200 1737
202.8.41.171 - - [11/Feb/2025:00:37:13 +0100] "GET /ticket2/opencms/system/modules/com.gridnine.opencms.ticketbrokerage.site/resources/js/common-ajax.js HTTP/1.1" 200 20175
202.8.41.171 - - [11/Feb/2025:00:37:13 +0100] "GET /ticket2/opencms/sr/ask-form.html HTTP/1.1" 200 3156
202.8.41.171 - - [11/Feb/2025:00:37:14 +0100] "GET /ticket2/opencms/system/modules/com.gridnine.opencms.ticketbrokerage.site/resources/css/ticketbrokerage.css HTTP/1.1" 200 39339
67.144.2.241 - - [11/Feb/2025:00:37:14 +0100] "GET /ticket2/opencms/sv/buy/?page=1&edid=9FCD2C43-2244-3625-94C8-510BD6902DE9 HTTP/1.1" 200 109938
193.70.81.116 - - [11/Feb/2025:00:37:14 +0100] "GET /ticket2/opencms/en/buy/?page=1&edid=DB78564C-15B8-80D7-4417-3A2B0F9689F8 HTTP/1.1" 200 107917
192.99.15.34 - - [11/Feb/2025:00:37:16 +0100] "GET /ticket2/opencms/no/buy/?page=1&edid=661E24D1-5D15-51D2-AF68-58DA584DA6E1&sortorder=desc&column=row HTTP/1.1" 200 109158
54.36.148.145 - - [11/Feb/2025:00:37:16 +0100] "GET /ticket2/opencms/sv/terms_of_service/ HTTP/1.1" 200 96543
66.249.79.104 - - [11/Feb/2025:00:37:19 +0100] "GET /ticket2/opencms/pl/buy/?page=1&edid=56BEA2AB-D62C-F232-ADFB-5CF7A178E68C HTTP/1.1" 200 129739
193.70.81.116 - - [11/Feb/2025:00:37:19 +0100] "GET /ticket2/opencms/en/buy/?page=1&edid=DC067A0C-CE36-3D9C-899A-867F582FFC90 HTTP/1.1" 200 130172
192.99.15.34 - - [11/Feb/2025:00:37:21 +0100] "GET /ticket2/opencms/no/buy/?page=1&edid=66543793-DF38-CFA1-7E21-58EE7B20AFC2&sortorder=desc&column=price HTTP/1.1" 200 110103
47.128.49.208 - - [11/Feb/2025:00:37:22 +0100] "GET /ticket2/opencms/sl/buy/?edid=674F234C-D4CA-999E-97DA-0BB9782A36CC HTTP/1.1" 200 89506
193.70.81.116 - - [11/Feb/2025:00:37:23 +0100] "GET /ticket2/opencms/en/buy/?page=1&edid=DC8C6DF9-1F64-EF64-EDCA-FE833C9E28DD HTTP/1.1" 200 104720
114.119.134.48 - - [11/Feb/2025:00:37:23 +0100] "GET /ticket2/opencms/es/buy/?page=1&edid=1046C14E-D95C-B350-CBCD-2ECE5F3DCC46 HTTP/1.1" 200 88170
54.36.148.205 - - [11/Feb/2025:00:37:23 +0100] "GET /ticket2/opencms/no/buy?page=1&edid=21B44A76-F6AD-9457-4190-937757888EEA HTTP/1.1" 200 111949
185.191.171.3 - - [11/Feb/2025:00:37:24 +0100] "GET /ticket2/opencms/cs/buying_tickets/ HTTP/1.1" 200 87096
202.8.43.114 - - [11/Feb/2025:00:37:25 +0100] "GET /ticket2/opencms/system/modules/com.gridnine.opencms.ticketbrokerage.site/resources/css/jquery.fancybox.css HTTP/1.1" 200 4939
202.8.43.114 - - [11/Feb/2025:00:37:25 +0100] "GET /ticket2/opencms/system/modules/com.gridnine.opencms.ticketbrokerage.site/resources/css/ticketbrokerage.css HTTP/1.1" 200 39339
202.8.43.114 - - [11/Feb/2025:00:37:25 +0100] "GET /ticket2/opencms/system/modules/com.gridnine.opencms.ticketbrokerage.site/resources/css/calendar.css HTTP/1.1" 200 6871
202.8.43.114 - - [11/Feb/2025:00:37:25 +0100] "GET /ticket2/opencms/system/modules/com.gridnine.opencms.ticketbrokerage.site/resources/css/jquery-ui.css HTTP/1.1" 200 33221
