202.8.41.181 - - [11/Feb/2025:00:27:12 +0100] "GET /ticket2/opencms/system/modules/com.gridnine.opencms.ticketbrokerage.site/resources/css/standard.css HTTP/1.1" 200 73904
202.8.41.181 - - [11/Feb/2025:00:27:12 +0100] "GET /ticket2/opencms/system/modules/com.gridnine.opencms.ticketbrokerage.site/resources/css/jquery.fancybox.css HTTP/1.1" 200 4939
202.8.41.181 - - [11/Feb/2025:00:27:12 +0100] "GET /ticket2/opencms/system/modules/com.gridnine.opencms.ticketbrokerage.site/resources/js/jquery/jquery.js HTTP/1.1" 200 93868
202.8.41.181 - - [11/Feb/2025:00:27:13 +0100] "GET /ticket2/opencms/system/modules/com.gridnine.opencms.ticketbrokerage.site/resources/js/jquery/jquery-ui.js HTTP/1.1" 200 228088
202.8.41.181 - - [11/Feb/2025:00:27:13 +0100] "GET /ticket2/opencms/system/modules/com.gridnine.opencms.ticketbrokerage.site/resources/js/functions.js HTTP/1.1" 200 1583
202.8.41.181 - - [11/Feb/2025:00:27:13 +0100] "GET /ticket2/opencms/system/modules/com.gridnine.opencms.ticketbrokerage.site/resources/js/calendar.js HTTP/1.1" 200 49229
202.8.41.181 - - [11/Feb/2025:00:27:13 +0100] "GET /ticket2/opencms/system/modules/com.gridnine.opencms.ticketbrokerage.site/resources/js/calendar-en.js HTTP/1.1" 200 3338
202.8.41.181 - - [11/Feb/2025:00:27:13 +0100] "GET /ticket2/opencms/system/modules/com.gridnine.opencms.ticketbrokerage.site/resources/js/calendar-setup.js HTTP/1.1" 200 4923
192.99.15.34 - - [11/Feb/2025:00:27:13 +0100] "GET /ticket2/opencms/no/buy/?page=1&edid=7E9C13B6-0C50-6FEF-1D5E-4F25333EB049&sortorder=desc&column=price HTTP/1.1" 200 106925
202.8.41.181 - - [11/Feb/2025:00:27:13 +0100] "GET /ticket2/opencms/system/modules/com.gridnine.opencms.ticketbrokerage.site/resources/js/jquery.fancybox.pack.js HTTP/1.1" 200 23187
202.8.41.181 - - [11/Feb/2025:00:27:13 +0100] "GET /ticket2/opencms/system/modules/com.gridnine.opencms.ticketbrokerage.site/resources/js/stickyfill.min.js HTTP/1.1" 200 5672
202.8.41.181 - - [11/Feb/2025:00:27:13 +0100] "GET /ticket2/opencms/system/modules/com.gridnine.opencms.ticketbrokerage.site/resources/js/standard.js HTTP/1.1" 200 3983
202.8.41.181 - - [11/Feb/2025:00:27:13 +0100] "GET /ticket2/opencms/system/modules/com.gridnine.opencms.ticketbrokerage.site/resources/js/jquery.placeholder.min.js HTTP/1.1" 200 1737
67.144.2.241 - - [11/Feb/2025:00:27:13 +0100] "GET /ticket2/opencms/sv/buy/?page=1&edid=47DA0B47-0595-5910-F5BA-1042C4AAEA56 HTTP/1.1" 200 109770
202.8.41.181 - - [11/Feb/2025:00:27:13 +0100] "GET /ticket2/opencms/system/modules/com.gridnine.opencms.ticketbrokerage.site/resources/js/common-ajax.js HTTP/1.1" 200 20175
202.8.41.181 - - [11/Feb/2025:00:27:13 +0100] "GET /ticket2/opencms/be/ask-form.html HTTP/1.1" 200 3156
202.8.41.181 - - [11/Feb/2025:00:27:13 +0100] "GET /ticket2/opencms/system/modules/com.gridnine.opencms.ticketbrokerage.site/resources/css/ticketbrokerage.css HTTP/1.1" 200 39339
193.70.81.116 - - [11/Feb/2025:00:27:13 +0100] "GET /ticket2/opencms/en/buy/?page=1&edid=3590293B-3580-7B39-A58A-6ECDB1E34543 HTTP/1.1" 200 130215
66.249.76.160 - - [11/Feb/2025:00:27:16 +0100] "GET /ticket2/opencms/dk/buy?page=1&edid=944D50EF-A6E5-938D-A527-EB974E9A6081 HTTP/1.1" 200 105150
192.99.15.34 - - [11/Feb/2025:00:27:16 +0100] "GET /ticket2/opencms/no/buy/?page=1&edid=7E9C13B6-0C50-6FEF-1D5E-4F25333EB049&sortorder=desc&column=section HTTP/1.1" 200 106991
52.167.144.203 - - [11/Feb/2025:00:27:17 +0100] "GET /ticket2/opencms/uk/buy/?page=1&edid=3F2D99A8-7547-83C1-C9EB-9D79E7CF5003 HTTP/1.1" 200 136031
193.70.81.116 - - [11/Feb/2025:00:27:17 +0100] "GET /ticket2/opencms/en/buy/?page=1&edid=35CC7524-8A7A-7EC1-48FD-F1742720F1A5 HTTP/1.1" 200 114163
52.167.144.203 - - [11/Feb/2025:00:27:19 +0100] "GET /ticket2/opencms/no/buy?page=1&edid=FA7F94B4-317A-0ECF-FA42-3F7BBDB83D52 HTTP/1.1" 200 105950
114.119.141.34 - - [11/Feb/2025:00:27:20 +0100] "GET /ticket2/opencms/es/buy/?page=1&edid=41CD7066-237A-B852-387D-3D5D7B688DF9 HTTP/1.1" 200 133569
66.249.79.192 - - [11/Feb/2025:00:27:20 +0100] "GET /ticket2/opencms/pl/buy/?page=1&edid=EC2D4B4A-A0C7-0522-F532-8706D9BB8618 HTTP/1.1" 200 133392
192.99.9.92 - - [11/Feb/2025:00:27:20 +0100] "GET /ticket2/opencms/fi/login/?edid=CDC8380D-9E34-4AA8-C5EB-B98118612E7B HTTP/1.1" 200 89654
85.208.96.208 - - [11/Feb/2025:00:27:21 +0100] "GET /ticket2/opencms/sl/magazine/article?title=thomas-tuchel-postane-novi-selektor-anglije HTTP/1.1" 200 87035
192.99.15.34 - - [11/Feb/2025:00:27:21 +0100] "GET /ticket2/opencms/no/buy/?page=1&edid=7EF10304-98E0-2B58-2938-76F08ACE3694 HTTP/1.1" 200 108707
193.70.81.116 - - [11/Feb/2025:00:27:22 +0100] "GET /ticket2/opencms/en/buy/?page=1&edid=3706597D-01C1-24D2-0A1C-59FBD9F8851C HTTP/1.1" 200 107774
193.70.81.116 - - [11/Feb/2025:00:27:26 +0100] "GET /ticket2/opencms/en/buy/?page=1&edid=397521D5-C7AB-930B-258F-17E9104F07FF HTTP/1.1" 200 107971
192.99.15.34 - - [11/Feb/2025:00:27:29 +0100] "GET /ticket2/opencms/no/buy/?page=1&edid=7F453E70-42C2-9829-6707-8F3A9E689502&sortorder=asc&column=section HTTP/1.1" 200 109696
54.36.148.219 - - [11/Feb/2025:00:27:29 +0100] "GET /ticket2/opencms/bg/buy?page=1&edid=AAD8B8EA-9AED-21A9-2967-40D5EB8A5581 HTTP/1.1" 200 108472
67.144.2.241 - - [11/Feb/2025:00:27:29 +0100] "GET /ticket2/opencms/sv/buy/?page=1&edid=4ADF930A-7A46-B485-98C4-0AA4CEB52311 HTTP/1.1" 200 106090
202.8.43.59 - - [11/Feb/2025:00:27:30 +0100] "GET /ticket2/opencms/system/modules/com.gridnine.opencms.ticketbrokerage.site/resources/css/calendar.css HTTP/1.1" 200 6871
202.8.43.59 - - [11/Feb/2025:00:27:30 +0100] "GET /ticket2/opencms/system/modules/com.gridnine.opencms.ticketbrokerage.site/resources/css/standard.css HTTP/1.1" 200 73904
202.8.43.59 - - [11/Feb/2025:00:27:30 +0100] "GET /ticket2/opencms/system/modules/com.gridnine.opencms.ticketbrokerage.site/resources/css/jquery.fancybox.css HTTP/1.1" 200 4939
202.8.43.59 - - [11/Feb/2025:00:27:30 +0100] "GET /ticket2/opencms/system/modules/com.gridnine.opencms.ticketbrokerage.site/resources/js/calendar-en.js HTTP/1.1" 200 3338
202.8.43.59 - - [11/Feb/2025:00:27:30 +0100] "GET /ticket2/opencms/system/modules/com.gridnine.opencms.ticketbrokerage.site/resources/css/ticketbrokerage.css HTTP/1.1" 200 39339
202.8.43.59 - - [11/Feb/2025:00:27:30 +0100] "GET /ticket2/opencms/system/modules/com.gridnine.opencms.ticketbrokerage.site/resources/css/jquery-ui.css HTTP/1.1" 200 33221
202.8.43.59 - - [11/Feb/2025:00:27:30 +0100] "GET /ticket2/opencms/system/modules/com.gridnine.opencms.ticketbrokerage.site/resources/js/calendar.js HTTP/1.1" 200 49229
202.8.43.59 - - [11/Feb/2025:00:27:30 +0100] "GET /ticket2/opencms/system/modules/com.gridnine.opencms.ticketbrokerage.site/resources/js/functions.js HTTP/1.1" 200 1583
202.8.43.59 - - [11/Feb/2025:00:27:30 +0100] "GET /ticket2/opencms/system/modules/com.gridnine.opencms.ticketbrokerage.site/resources/js/jquery/jquery-ui.js HTTP/1.1" 200 228088
202.8.43.59 - - [11/Feb/2025:00:27:30 +0100] "GET /ticket2/opencms/system/modules/com.gridnine.opencms.ticketbrokerage.site/resources/js/jquery.fancybox.pack.js HTTP/1.1" 200 23187
202.8.43.59 - - [11/Feb/2025:00:27:30 +0100] "GET /ticket2/opencms/system/modules/com.gridnine.opencms.ticketbrokerage.site/resources/js/jquery/jquery.js HTTP/1.1" 200 93868
202.8.43.59 - - [11/Feb/2025:00:27:30 +0100] "GET /ticket2/opencms/system/modules/com.gridnine.opencms.ticketbrokerage.site/resources/js/calendar-setup.js HTTP/1.1" 200 4923
202.8.43.59 - - [11/Feb/2025:00:27:30 +0100] "GET /ticket2/opencms/system/modules/com.gridnine.opencms.ticketbrokerage.site/resources/js/stickyfill.min.js HTTP/1.1" 200 5672
202.8.43.59 - - [11/Feb/2025:00:27:30 +0100] "GET /ticket2/opencms/system/modules/com.gridnine.opencms.ticketbrokerage.site/resources/js/standard.js HTTP/1.1" 200 3983
202.8.43.59 - - [11/Feb/2025:00:27:30 +0100] "GET /ticket2/opencms/system/modules/com.gridnine.opencms.ticketbrokerage.site/resources/js/jquery.placeholder.min.js HTTP/1.1" 200 1737
202.8.43.59 - - [11/Feb/2025:00:27:31 +0100] "GET /ticket2/opencms/system/modules/com.gridnine.opencms.ticketbrokerage.site/resources/js/common-ajax.js HTTP/1.1" 200 20175
202.8.43.59 - - [11/Feb/2025:00:27:31 +0100] "GET /ticket2/opencms/bg/ask-form.html HTTP/1.1" 200 3156
193.70.81.116 - - [11/Feb/2025:00:27:31 +0100] "GET /ticket2/opencms/en/buy/?page=1&edid=3A899F3D-4563-653B-4B43-C09A35CA2BD9 HTTP/1.1" 200 130214
202.8.43.59 - - [11/Feb/2025:00:27:31 +0100] "GET /ticket2/opencms/system/modules/com.gridnine.opencms.ticketbrokerage.site/resources/css/ticketbrokerage.css HTTP/1.1" 200 39339
192.99.9.92 - - [11/Feb/2025:00:27:34 +0100] "GET /ticket2/opencms/fi/login/?edid=CE176BC6-607A-1F10-781B-B350B44BEDAB HTTP/1.1" 200 89654
193.70.81.116 - - [11/Feb/2025:00:27:35 +0100] "GET /ticket2/opencms/en/buy/?page=1&edid=3B2DD9A6-8906-C64F-74F1-E2152AA05C80 HTTP/1.1" 200 114168
193.70.81.116 - - [11/Feb/2025:00:27:39 +0100] "GET /ticket2/opencms/en/buy/?page=1&edid=3F2482EE-6B7A-310D-17CE-1C7E3CC58C7F HTTP/1.1" 200 117809
37.123.143.11 - - [11/Feb/2025:00:27:39 +0100] "GET /ticket2/opencms/system/workplace/views/top_foot.jsp?wpFrame=foot HTTP/1.1" 200 1210
37.123.143.11 - - [11/Feb/2025:00:27:39 +0100] "GET /ticket2/opencms/system/workplace/commons/style/workplace.css HTTP/1.1" 200 14209
192.99.15.34 - - [11/Feb/2025:00:27:39 +0100] "GET /ticket2/opencms/no/buy/?page=1&edid=7F453E70-42C2-9829-6707-8F3A9E689502&sortorder=desc&column=row HTTP/1.1" 200 109596
47.128.118.219 - - [11/Feb/2025:00:27:40 +0100] "GET /ticket2/opencms/sq/magazine/article?title=sezoni-i-fundit-i-lionel-messit HTTP/1.1" 200 87065
193.70.81.116 - - [11/Feb/2025:00:27:43 +0100] "GET /ticket2/opencms/en/buy/?page=1&edid=3F963FD5-1ED2-6ECC-F4D2-23E1A97126FB HTTP/1.1" 200 107727
54.36.149.18 - - [11/Feb/2025:00:27:43 +0100] "GET /ticket2/opencms/en/buy?page=1&edid=66C22035-E7EA-E10A-4BFC-2C30733037DC HTTP/1.1" 200 132171
47.128.26.85 - - [11/Feb/2025:00:27:44 +0100] "GET /ticket2/opencms/fi/venue/?venueid=316F63CB-1987-416B-84A9-D2C76D53F441 HTTP/1.1" 200 84667
67.144.2.241 - - [11/Feb/2025:00:27:45 +0100] "GET /ticket2/opencms/sv/buy/?page=1&edid=4BA781DE-2024-5888-8F0F-2E0AC0F53952 HTTP/1.1" 200 112085
66.249.79.32 - - [11/Feb/2025:00:27:46 +0100] "GET /ticket2/opencms/fr/buy?page=1&edid=66C22035-E7EA-E10A-4BFC-2C30733037DC HTTP/1.1" 200 134299
193.70.81.116 - - [11/Feb/2025:00:27:47 +0100] "GET /ticket2/opencms/en/buy/?page=1&edid=402D4ADF-F1A8-8EDD-0E47-FAEC0616E1C7 HTTP/1.1" 200 113934
54.36.148.59 - - [11/Feb/2025:00:27:47 +0100] "GET /ticket2/opencms/hr/?page=6&comcatid=66708183-7480-3365-06BF-DBF60280AB45 HTTP/1.1" 200 106456
192.99.15.34 - - [11/Feb/2025:00:27:49 +0100] "GET /ticket2/opencms/no/buy/?page=1&edid=7FDF6738-46F0-83D2-E4B3-7A04EE20150B&sortorder=desc&column=row HTTP/1.1" 200 110687
193.70.81.116 - - [11/Feb/2025:00:27:51 +0100] "GET /ticket2/opencms/en/buy/?page=1&edid=46387882-96DC-F7A5-D33D-152A1A6DE740 HTTP/1.1" 200 104700
54.36.148.156 - - [11/Feb/2025:00:27:51 +0100] "GET /ticket2/opencms/is/buy?page=1&edid=76EAECA7-64F4-2580-38CA-B14BCC95A1C5 HTTP/1.1" 200 116166
202.8.42.190 - - [11/Feb/2025:00:27:52 +0100] "GET /ticket2/opencms/system/modules/com.gridnine.opencms.ticketbrokerage.site/resources/css/jquery.fancybox.css HTTP/1.1" 200 4939
202.8.42.190 - - [11/Feb/2025:00:27:52 +0100] "GET /ticket2/opencms/system/modules/com.gridnine.opencms.ticketbrokerage.site/resources/css/jquery-ui.css HTTP/1.1" 200 33221
202.8.42.190 - - [11/Feb/2025:00:27:52 +0100] "GET /ticket2/opencms/system/modules/com.gridnine.opencms.ticketbrokerage.site/resources/css/ticketbrokerage.css HTTP/1.1" 200 39339
202.8.42.190 - - [11/Feb/2025:00:27:52 +0100] "GET /ticket2/opencms/system/modules/com.gridnine.opencms.ticketbrokerage.site/resources/css/calendar.css HTTP/1.1" 200 6871
202.8.42.190 - - [11/Feb/2025:00:27:52 +0100] "GET /ticket2/opencms/system/modules/com.gridnine.opencms.ticketbrokerage.site/resources/css/standard.css HTTP/1.1" 200 73904
202.8.42.190 - - [11/Feb/2025:00:27:52 +0100] "GET /ticket2/opencms/system/modules/com.gridnine.opencms.ticketbrokerage.site/resources/js/jquery/jquery.js HTTP/1.1" 200 93868
202.8.42.190 - - [11/Feb/2025:00:27:52 +0100] "GET /ticket2/opencms/system/modules/com.gridnine.opencms.ticketbrokerage.site/resources/js/jquery/jquery-ui.js HTTP/1.1" 200 228088
202.8.42.190 - - [11/Feb/2025:00:27:52 +0100] "GET /ticket2/opencms/system/modules/com.gridnine.opencms.ticketbrokerage.site/resources/js/functions.js HTTP/1.1" 200 1583
202.8.42.190 - - [11/Feb/2025:00:27:52 +0100] "GET /ticket2/opencms/system/modules/com.gridnine.opencms.ticketbrokerage.site/resources/js/calendar-en.js HTTP/1.1" 200 3338
202.8.42.190 - - [11/Feb/2025:00:27:52 +0100] "GET /ticket2/opencms/system/modules/com.gridnine.opencms.ticketbrokerage.site/resources/js/calendar.js HTTP/1.1" 200 49229
202.8.42.190 - - [11/Feb/2025:00:27:52 +0100] "GET /ticket2/opencms/system/modules/com.gridnine.opencms.ticketbrokerage.site/resources/js/calendar-setup.js HTTP/1.1" 200 4923
202.8.42.190 - - [11/Feb/2025:00:27:52 +0100] "GET /ticket2/opencms/system/modules/com.gridnine.opencms.ticketbrokerage.site/resources/js/jquery.fancybox.pack.js HTTP/1.1" 200 23187
202.8.42.190 - - [11/Feb/2025:00:27:52 +0100] "GET /ticket2/opencms/system/modules/com.gridnine.opencms.ticketbrokerage.site/resources/js/stickyfill.min.js HTTP/1.1" 200 5672
202.8.42.190 - - [11/Feb/2025:00:27:52 +0100] "GET /ticket2/opencms/system/modules/com.gridnine.opencms.ticketbrokerage.site/resources/js/standard.js HTTP/1.1" 200 3983
202.8.42.190 - - [11/Feb/2025:00:27:52 +0100] "GET /ticket2/opencms/system/modules/com.gridnine.opencms.ticketbrokerage.site/resources/js/jquery.placeholder.min.js HTTP/1.1" 200 1737
202.8.42.190 - - [11/Feb/2025:00:27:52 +0100] "GET /ticket2/opencms/system/modules/com.gridnine.opencms.ticketbrokerage.site/resources/js/common-ajax.js HTTP/1.1" 200 20175
202.8.42.190 - - [11/Feb/2025:00:27:52 +0100] "GET /ticket2/opencms/is/ask-form.html HTTP/1.1" 200 3156
202.8.42.190 - - [11/Feb/2025:00:27:52 +0100] "GET /ticket2/opencms/system/modules/com.gridnine.opencms.ticketbrokerage.site/resources/css/ticketbrokerage.css HTTP/1.1" 200 39339
52.167.144.173 - - [11/Feb/2025:00:27:54 +0100] "GET /ticket2/opencms/be/buy/?page=1&edid=2000B814-5798-93BD-839A-CF4F349DB54F HTTP/1.1" 200 112531
192.99.9.92 - - [11/Feb/2025:00:27:54 +0100] "GET /ticket2/opencms/fi/login/?edid=EAB4D324-C6BD-F912-F736-D41B186A54FD HTTP/1.1" 200 89654
54.36.149.13 - - [11/Feb/2025:00:27:55 +0100] "GET /ticket2/opencms/de/magazine/article?title=eredivisie HTTP/1.1" 200 86901
193.70.81.116 - - [11/Feb/2025:00:27:55 +0100] "GET /ticket2/opencms/en/buy/?page=1&edid=47C0370F-9915-7673-E038-7AD65907592C HTTP/1.1" 200 130578
192.99.15.34 - - [11/Feb/2025:00:27:56 +0100] "GET /ticket2/opencms/no/buy/?page=1&edid=7FEF013D-2963-1979-E960-CA6B866BF0D1&sortorder=asc&column=price HTTP/1.1" 200 110123
193.70.81.116 - - [11/Feb/2025:00:27:59 +0100] "GET /ticket2/opencms/en/buy/?page=1&edid=49599CA7-0844-E2DA-A659-546B6DDC9473 HTTP/1.1" 200 104730
54.36.148.49 - - [11/Feb/2025:00:27:59 +0100] "GET /ticket2/opencms/hu/buy?page=1&edid=FB619D25-A569-B2D3-A138-064ED3A662B4 HTTP/1.1" 200 110377
185.191.171.13 - - [11/Feb/2025:00:28:00 +0100] "GET /ticket2/opencms/sv/standard HTTP/1.1" 200 97939
192.99.15.34 - - [11/Feb/2025:00:28:00 +0100] "GET /ticket2/opencms/no/buy/?page=1&edid=80CD54A8-8D66-74B3-86DD-1F8C811A44BC&sortorder=desc&column=row HTTP/1.1" 200 106896
67.144.2.241 - - [11/Feb/2025:00:28:01 +0100] "GET /ticket2/opencms/sv/buy/?page=1&edid=4DB4901A-D038-60CD-29D1-2B7AE4A09DA5 HTTP/1.1" 200 106086
193.70.81.116 - - [11/Feb/2025:00:28:03 +0100] "GET /ticket2/opencms/en/buy/?page=1&edid=4BF6A542-B6C8-E36E-90B2-447AC159728B HTTP/1.1" 200 104730
40.77.167.20 - - [11/Feb/2025:00:28:04 +0100] "GET /ticket2/opencms/sv/magazine/article?title=rodrigo-bentancur-avstangd-i-sju-matcher-efter-rasistiskt-uttalande HTTP/1.1" 200 86891
193.70.81.116 - - [11/Feb/2025:00:28:07 +0100] "GET /ticket2/opencms/en/buy/?page=1&edid=4D95C4E4-B7FF-C71E-110D-D09544A9044A HTTP/1.1" 200 130576
192.99.15.34 - - [11/Feb/2025:00:28:09 +0100] "GET /ticket2/opencms/no/buy/?page=1&edid=80CD54A8-8D66-74B3-86DD-1F8C811A44BC&sortorder=desc&column=section HTTP/1.1" 200 107028
193.70.81.116 - - [11/Feb/2025:00:28:11 +0100] "GET /ticket2/opencms/en/buy/?page=1&edid=5013A1E7-6B46-F1F8-6B39-0131EFEB0CDA HTTP/1.1" 200 114648
47.128.96.218 - - [11/Feb/2025:00:28:11 +0100] "GET /ticket2/opencms/az/buy/?edid=6181FC05-8F7D-2179-3117-3471D2069609 HTTP/1.1" 200 89598
192.99.15.34 - - [11/Feb/2025:00:28:12 +0100] "GET /ticket2/opencms/no/buy/?page=1&edid=80EA39C5-DDEB-3D44-6489-57F54D8F2603&sortorder=desc&column=price HTTP/1.1" 200 106897
85.208.96.208 - - [11/Feb/2025:00:28:13 +0100] "GET /ticket2/opencms/ro/magazine/article?title=cm-jucatori-care-se-detaseaza HTTP/1.1" 200 86955
54.36.148.48 - - [11/Feb/2025:00:28:14 +0100] "GET /ticket2/opencms/it/buy?page=1&edid=4A20FC8C-AAFC-FDF0-B2AF-D242A54B9394 HTTP/1.1" 200 109853
193.70.81.116 - - [11/Feb/2025:00:28:15 +0100] "GET /ticket2/opencms/en/buy/?page=1&edid=5053E429-37C6-6922-FE45-2F7B4E327AEF HTTP/1.1" 200 114649
67.144.2.241 - - [11/Feb/2025:00:28:17 +0100] "GET /ticket2/opencms/sv/buy/?page=1&edid=4E8F76AC-1DBA-0EF6-C8C0-86EDAF2EED4D HTTP/1.1" 200 106057
192.99.15.34 - - [11/Feb/2025:00:28:17 +0100] "GET /ticket2/opencms/no/buy/?page=1&edid=8109ABFA-1433-8DF3-D23E-7F3853BD3B0D&sortorder=desc&column=price HTTP/1.1" 200 109017
193.70.81.116 - - [11/Feb/2025:00:28:18 +0100] "GET /ticket2/opencms/en/buy/?page=1&edid=51218E22-B416-8A45-FFDA-8364D5067E03 HTTP/1.1" 200 107779
192.99.15.34 - - [11/Feb/2025:00:28:21 +0100] "GET /ticket2/opencms/no/buy/?page=1&edid=8109ABFA-1433-8DF3-D23E-7F3853BD3B0D&sortorder=desc&column=row HTTP/1.1" 200 108951
52.167.144.184 - - [11/Feb/2025:00:28:22 +0100] "GET /ticket2/opencms/nl/magazine/article?title=chelsea-fans-reageren-gefrustreerd HTTP/1.1" 200 84932
193.70.81.116 - - [11/Feb/2025:00:28:23 +0100] "GET /ticket2/opencms/en/buy/?page=1&edid=5130AA30-8F4F-96F4-18F0-73196247FCC5 HTTP/1.1" 200 104735
52.167.144.203 - - [11/Feb/2025:00:28:25 +0100] "GET /ticket2/opencms/ro/buy/?page=6&comcatid=A17713B6-D984-201A-4143-ED4DB5ED5C2E&catid=24AC1CA6-1C09-0BE5-C04A-9DCCDB15D5E9 HTTP/1.1" 200 101895
54.36.148.58 - - [11/Feb/2025:00:28:26 +0100] "GET /ticket2/opencms/mt/buy?page=1&edid=0BE732AB-67CD-FDAE-FCB3-FFE731054A7F HTTP/1.1" 200 106715
193.70.81.116 - - [11/Feb/2025:00:28:27 +0100] "GET /ticket2/opencms/en/buy/?page=1&edid=51B4378F-6A88-5221-C69B-C34E0BB6A16E HTTP/1.1" 200 113890
85.208.96.207 - - [11/Feb/2025:00:28:27 +0100] "GET /ticket2/opencms/be/magazine/article?title=manchester-united-has-decided-to-fire-erik-ten-hag HTTP/1.1" 200 87750
192.99.15.34 - - [11/Feb/2025:00:28:28 +0100] "GET /ticket2/opencms/no/buy/?page=1&edid=8109ABFA-1433-8DF3-D23E-7F3853BD3B0D&sortorder=desc&column=section HTTP/1.1" 200 109083
52.167.144.173 - - [11/Feb/2025:00:28:30 +0100] "GET /ticket2/opencms/lt/buy/?page=6&comcatid=A17713B6-D984-201A-4143-ED4DB5ED5C2E&catid=E92E6B1B-7CD1-74B1-312C-265A7D8125D0 HTTP/1.1" 200 101916
193.70.81.116 - - [11/Feb/2025:00:28:31 +0100] "GET /ticket2/opencms/en/buy/?page=1&edid=51B4567B-19F2-A242-D969-4CD8EDBD80C5 HTTP/1.1" 200 114142
52.167.144.173 - - [11/Feb/2025:00:28:31 +0100] "GET /ticket2/opencms/az/buy?page=1&edid=E07A9508-99CE-3B73-A1C9-0917EF0156BF HTTP/1.1" 200 106873
192.99.15.34 - - [11/Feb/2025:00:28:32 +0100] "GET /ticket2/opencms/no/buy/?page=1&edid=81CB16E1-41EB-DE22-295B-27386E73C454&sortorder=desc&column=price HTTP/1.1" 200 109661
67.144.2.241 - - [11/Feb/2025:00:28:34 +0100] "GET /ticket2/opencms/sv/buy/?page=1&edid=4F787A66-EB0B-70AF-A481-9B841D9EDDF6 HTTP/1.1" 200 106065
193.70.81.116 - - [11/Feb/2025:00:28:35 +0100] "GET /ticket2/opencms/en/buy/?page=1&edid=5222C7D8-8DAE-E54F-3083-BC30D29D0922 HTTP/1.1" 200 106797
66.249.79.34 - - [11/Feb/2025:00:28:36 +0100] "GET /ticket2/opencms/ka/buy/?page=1&edid=A63CB229-A1A5-6049-4462-09D8A2D4CF7F HTTP/1.1" 200 115429
54.36.148.91 - - [11/Feb/2025:00:28:36 +0100] "GET /ticket2/opencms/it/magazine/article?title=chelsea-vs-tottenham-2-0 HTTP/1.1" 200 86895
66.249.79.34 - - [11/Feb/2025:00:28:37 +0100] "GET /ticket2/opencms/az/buy/?page=1&edid=6D553E3C-BACA-E048-6D4A-5E9D197667EC&hlv=66d96e33-7d10-4330-b4c9-50f70a01000f HTTP/1.1" 200 112552
54.36.148.129 - - [11/Feb/2025:00:28:38 +0100] "GET /ticket2/opencms/en/buy?page=1&edid=6F379414-70C4-400F-51D2-AFD37C8F2BC7 HTTP/1.1" 200 131199
47.128.110.172 - - [11/Feb/2025:00:28:38 +0100] "GET /ticket2/opencms/sv/buy?edid=53295BAC-18AC-7C4A-B0D4-A319E386EA83 HTTP/1.1" 200 89193
193.70.81.116 - - [11/Feb/2025:00:28:39 +0100] "GET /ticket2/opencms/en/buy/?page=1&edid=53230D30-911E-6420-06CB-53E53CF4F63A HTTP/1.1" 200 104701
66.249.68.8 - - [11/Feb/2025:00:28:39 +0100] "GET /ticket2/opencms/fr/buy/?page=1&edid=B63A2D15-1363-3F7D-6FAD-9E0AE65FC077 HTTP/1.1" 200 108480
47.128.110.172 - - [11/Feb/2025:00:28:40 +0100] "GET /ticket2/opencms/img/mail.png HTTP/1.1" 200 403
54.36.148.224 - - [11/Feb/2025:00:28:40 +0100] "GET /ticket2/opencms/mo/buy?page=1&edid=AAD8B8EA-9AED-21A9-2967-40D5EB8A5581 HTTP/1.1" 200 106641
202.8.42.130 - - [11/Feb/2025:00:28:41 +0100] "GET /ticket2/opencms/system/modules/com.gridnine.opencms.ticketbrokerage.site/resources/css/ticketbrokerage.css HTTP/1.1" 200 39339
202.8.42.130 - - [11/Feb/2025:00:28:41 +0100] "GET /ticket2/opencms/system/modules/com.gridnine.opencms.ticketbrokerage.site/resources/css/calendar.css HTTP/1.1" 200 6871
202.8.42.130 - - [11/Feb/2025:00:28:41 +0100] "GET /ticket2/opencms/system/modules/com.gridnine.opencms.ticketbrokerage.site/resources/css/jquery-ui.css HTTP/1.1" 200 33221
202.8.42.130 - - [11/Feb/2025:00:28:41 +0100] "GET /ticket2/opencms/system/modules/com.gridnine.opencms.ticketbrokerage.site/resources/css/standard.css HTTP/1.1" 200 73904
202.8.42.130 - - [11/Feb/2025:00:28:41 +0100] "GET /ticket2/opencms/system/modules/com.gridnine.opencms.ticketbrokerage.site/resources/css/jquery.fancybox.css HTTP/1.1" 200 4939
202.8.42.130 - - [11/Feb/2025:00:28:41 +0100] "GET /ticket2/opencms/system/modules/com.gridnine.opencms.ticketbrokerage.site/resources/js/jquery/jquery.js HTTP/1.1" 200 93868
202.8.42.130 - - [11/Feb/2025:00:28:41 +0100] "GET /ticket2/opencms/system/modules/com.gridnine.opencms.ticketbrokerage.site/resources/js/jquery/jquery-ui.js HTTP/1.1" 200 228088
202.8.42.130 - - [11/Feb/2025:00:28:41 +0100] "GET /ticket2/opencms/system/modules/com.gridnine.opencms.ticketbrokerage.site/resources/js/functions.js HTTP/1.1" 200 1583
202.8.42.130 - - [11/Feb/2025:00:28:41 +0100] "GET /ticket2/opencms/system/modules/com.gridnine.opencms.ticketbrokerage.site/resources/js/calendar.js HTTP/1.1" 200 49229
202.8.42.130 - - [11/Feb/2025:00:28:41 +0100] "GET /ticket2/opencms/system/modules/com.gridnine.opencms.ticketbrokerage.site/resources/js/calendar-en.js HTTP/1.1" 200 3338
202.8.42.130 - - [11/Feb/2025:00:28:41 +0100] "GET /ticket2/opencms/system/modules/com.gridnine.opencms.ticketbrokerage.site/resources/js/calendar-setup.js HTTP/1.1" 200 4923
202.8.42.130 - - [11/Feb/2025:00:28:41 +0100] "GET /ticket2/opencms/system/modules/com.gridnine.opencms.ticketbrokerage.site/resources/js/jquery.fancybox.pack.js HTTP/1.1" 200 23187
202.8.42.130 - - [11/Feb/2025:00:28:42 +0100] "GET /ticket2/opencms/system/modules/com.gridnine.opencms.ticketbrokerage.site/resources/js/stickyfill.min.js HTTP/1.1" 200 5672
202.8.42.130 - - [11/Feb/2025:00:28:42 +0100] "GET /ticket2/opencms/system/modules/com.gridnine.opencms.ticketbrokerage.site/resources/js/standard.js HTTP/1.1" 200 3983
202.8.42.130 - - [11/Feb/2025:00:28:42 +0100] "GET /ticket2/opencms/system/modules/com.gridnine.opencms.ticketbrokerage.site/resources/js/jquery.placeholder.min.js HTTP/1.1" 200 1737
202.8.42.130 - - [11/Feb/2025:00:28:42 +0100] "GET /ticket2/opencms/system/modules/com.gridnine.opencms.ticketbrokerage.site/resources/js/common-ajax.js HTTP/1.1" 200 20175
202.8.42.130 - - [11/Feb/2025:00:28:42 +0100] "GET /ticket2/opencms/mo/ask-form.html HTTP/1.1" 200 3156
202.8.42.130 - - [11/Feb/2025:00:28:42 +0100] "GET /ticket2/opencms/system/modules/com.gridnine.opencms.ticketbrokerage.site/resources/css/ticketbrokerage.css HTTP/1.1" 200 39339
192.99.15.34 - - [11/Feb/2025:00:28:42 +0100] "GET /ticket2/opencms/no/buy/?page=1&edid=81CB16E1-41EB-DE22-295B-27386E73C454&sortorder=desc&column=row HTTP/1.1" 200 109595
193.70.81.116 - - [11/Feb/2025:00:28:43 +0100] "GET /ticket2/opencms/en/buy/?page=1&edid=54DC2629-FE89-0ED9-A566-828C55EBE838 HTTP/1.1" 200 107978
83.191.124.42 - - [11/Feb/2025:00:28:44 +0100] "GET /ticket2/opencms/sv/search.html?searchQuery=Championship&submit= HTTP/1.1" 200 105646
83.191.124.42 - - [11/Feb/2025:00:28:44 +0100] "GET /ticket2/opencms/system/modules/com.gridnine.opencms.ticketbrokerage.site/resources/css/standard.css HTTP/1.1" 200 73904
83.191.124.42 - - [11/Feb/2025:00:28:44 +0100] "GET /ticket2/opencms/system/modules/com.gridnine.opencms.ticketbrokerage.site/resources/js/calendar-setup.js HTTP/1.1" 200 4923
83.191.124.42 - - [11/Feb/2025:00:28:44 +0100] "GET /ticket2/opencms/system/modules/com.gridnine.opencms.ticketbrokerage.site/resources/js/calendar.js HTTP/1.1" 200 49229
83.191.124.42 - - [11/Feb/2025:00:28:45 +0100] "GET /ticket2/opencms/system/modules/com.gridnine.opencms.ticketbrokerage.site/resources/js/standard.js HTTP/1.1" 200 3983
83.191.124.42 - - [11/Feb/2025:00:28:45 +0100] "GET /ticket2/opencms/system/modules/com.gridnine.opencms.ticketbrokerage.site/resources/css/calendar.css HTTP/1.1" 200 6871
83.191.124.42 - - [11/Feb/2025:00:28:45 +0100] "GET /ticket2/opencms/system/modules/com.gridnine.opencms.ticketbrokerage.site/resources/js/calendar-en.js HTTP/1.1" 200 3338
83.191.124.42 - - [11/Feb/2025:00:28:45 +0100] "GET /ticket2/opencms/system/modules/com.gridnine.opencms.ticketbrokerage.site/resources/css/ticketbrokerage.css HTTP/1.1" 200 39339
83.191.124.42 - - [11/Feb/2025:00:28:45 +0100] "GET /ticket2/opencms/system/modules/com.gridnine.opencms.ticketbrokerage.site/resources/js/functions.js HTTP/1.1" 200 1583
83.191.124.42 - - [11/Feb/2025:00:28:45 +0100] "GET /ticket2/opencms/sv/ask-form.html HTTP/1.1" 200 2950
83.191.124.42 - - [11/Feb/2025:00:28:45 +0100] "GET /ticket2/opencms/system/modules/com.gridnine.opencms.ticketbrokerage.site/resources/css/images/ui-bg_flat_75_ffffff_40x100.png HTTP/1.1" 404 -
83.191.124.42 - - [11/Feb/2025:00:28:45 +0100] "GET /ticket2/opencms/system/modules/com.gridnine.opencms.ticketbrokerage.site/resources/css/ticketbrokerage.css HTTP/1.1" 200 39339
192.99.15.34 - - [11/Feb/2025:00:28:46 +0100] "GET /ticket2/opencms/no/buy/?page=1&edid=81CB16E1-41EB-DE22-295B-27386E73C454&sortorder=desc&column=section HTTP/1.1" 200 109727
193.70.81.116 - - [11/Feb/2025:00:28:47 +0100] "GET /ticket2/opencms/en/buy/?page=1&edid=5660FC95-DEFD-E31A-427A-FEF42882AD54 HTTP/1.1" 200 104700
52.167.144.203 - - [11/Feb/2025:00:28:47 +0100] "GET /ticket2/opencms/mo/buy/?page=1&edid=C8E47E46-ADCD-586A-7BE4-CF1C96256B2D HTTP/1.1" 200 110909
52.167.144.203 - - [11/Feb/2025:00:28:48 +0100] "GET /ticket2/opencms/dk/buy/?page=1&edid=1F639E94-CF6E-403B-2FCC-FBB087375287 HTTP/1.1" 200 108800
67.144.2.241 - - [11/Feb/2025:00:28:49 +0100] "GET /ticket2/opencms/sv/buy/?page=1&edid=50E84B3D-9D0C-3B92-7082-59B92FD223D3 HTTP/1.1" 200 112116
192.99.15.34 - - [11/Feb/2025:00:28:51 +0100] "GET /ticket2/opencms/no/buy/?page=1&edid=82B136E6-285D-2514-CC84-CAC01A08B609&sortorder=desc&column=row HTTP/1.1" 200 106852
193.70.81.116 - - [11/Feb/2025:00:28:51 +0100] "GET /ticket2/opencms/en/buy/?page=1&edid=56B38CDE-C52C-9D5C-A997-D65F4CB742AB HTTP/1.1" 200 138136
83.191.124.42 - - [11/Feb/2025:00:28:53 +0100] "GET /ticket2/opencms/it/sport/biglietti-calcio/english-championship/ HTTP/1.1" 200 99722
83.191.124.42 - - [11/Feb/2025:00:28:53 +0100] "GET /ticket2/opencms/system/modules/com.gridnine.opencms.ticketbrokerage.site/resources/js/calendar-setup.js HTTP/1.1" 200 4923
83.191.124.42 - - [11/Feb/2025:00:28:53 +0100] "GET /ticket2/opencms/system/modules/com.gridnine.opencms.ticketbrokerage.site/resources/js/calendar-en.js HTTP/1.1" 200 3338
83.191.124.42 - - [11/Feb/2025:00:28:53 +0100] "GET /ticket2/opencms/system/modules/com.gridnine.opencms.ticketbrokerage.site/resources/css/ticketbrokerage.css HTTP/1.1" 200 39339
83.191.124.42 - - [11/Feb/2025:00:28:54 +0100] "GET /ticket2/opencms/system/modules/com.gridnine.opencms.ticketbrokerage.site/resources/js/standard.js HTTP/1.1" 200 3983
83.191.124.42 - - [11/Feb/2025:00:28:54 +0100] "GET /ticket2/opencms/system/modules/com.gridnine.opencms.ticketbrokerage.site/resources/js/calendar.js HTTP/1.1" 200 49229
83.191.124.42 - - [11/Feb/2025:00:28:54 +0100] "GET /ticket2/opencms/system/modules/com.gridnine.opencms.ticketbrokerage.site/resources/css/standard.css HTTP/1.1" 200 73904
83.191.124.42 - - [11/Feb/2025:00:28:54 +0100] "GET /ticket2/opencms/system/modules/com.gridnine.opencms.ticketbrokerage.site/resources/css/calendar.css HTTP/1.1" 200 6871
83.191.124.42 - - [11/Feb/2025:00:28:54 +0100] "GET /ticket2/opencms/system/modules/com.gridnine.opencms.ticketbrokerage.site/resources/js/functions.js HTTP/1.1" 200 1583
83.191.124.42 - - [11/Feb/2025:00:28:54 +0100] "GET /ticket2/opencms/img/hero-team.jpeg HTTP/1.1" 200 73065
193.70.81.116 - - [11/Feb/2025:00:28:55 +0100] "GET /ticket2/opencms/en/buy/?page=1&edid=579B49FD-6D7C-4BF3-CF9E-91183D7BCE4C HTTP/1.1" 200 104730
192.99.15.34 - - [11/Feb/2025:00:28:55 +0100] "GET /ticket2/opencms/no/buy/?page=1&edid=8777FDBE-F882-CD90-91A2-64E3F1706E23&sortorder=desc&column=section HTTP/1.1" 200 110372
54.36.149.62 - - [11/Feb/2025:00:28:57 +0100] "GET /ticket2/opencms/pl/buy?page=1&edid=A250B4B1-8EE0-FF45-8CB6-582F5F739AF9 HTTP/1.1" 200 110632
193.70.81.116 - - [11/Feb/2025:00:28:59 +0100] "GET /ticket2/opencms/en/buy/?page=1&edid=582C4192-AED1-C43A-6B53-0F2BB3B8E830 HTTP/1.1" 200 104747
54.36.148.224 - - [11/Feb/2025:00:29:01 +0100] "GET /ticket2/opencms/fr/buy/?page=1&edid=7A0C4CE7-DF50-29C3-D447-032204091A27 HTTP/1.1" 200 106142
47.128.55.190 - - [11/Feb/2025:00:29:02 +0100] "GET /ticket2/opencms/is/buy/?catid=A34BCF61-E19C-5C5C-445E-06F3749E1EF4&comcatid=B41CCF2B-5558-7AEE-3602-09BBDE417D65 HTTP/1.1" 200 93218
83.191.124.42 - - [11/Feb/2025:00:29:02 +0100] "GET /ticket2/opencms/it/sport/biglietti-calcio/english-championship/ipswich-town HTTP/1.1" 200 92400
83.191.124.42 - - [11/Feb/2025:00:29:02 +0100] "GET /ticket2/opencms/system/modules/com.gridnine.opencms.ticketbrokerage.site/resources/css/ticketbrokerage.css HTTP/1.1" 200 39339
83.191.124.42 - - [11/Feb/2025:00:29:02 +0100] "GET /ticket2/opencms/system/modules/com.gridnine.opencms.ticketbrokerage.site/resources/css/calendar.css HTTP/1.1" 200 6871
83.191.124.42 - - [11/Feb/2025:00:29:02 +0100] "GET /ticket2/opencms/system/modules/com.gridnine.opencms.ticketbrokerage.site/resources/js/calendar-setup.js HTTP/1.1" 200 4923
83.191.124.42 - - [11/Feb/2025:00:29:02 +0100] "GET /ticket2/opencms/system/modules/com.gridnine.opencms.ticketbrokerage.site/resources/js/standard.js HTTP/1.1" 200 3983
83.191.124.42 - - [11/Feb/2025:00:29:03 +0100] "GET /ticket2/opencms/system/modules/com.gridnine.opencms.ticketbrokerage.site/resources/js/functions.js HTTP/1.1" 200 1583
83.191.124.42 - - [11/Feb/2025:00:29:03 +0100] "GET /ticket2/opencms/system/modules/com.gridnine.opencms.ticketbrokerage.site/resources/css/standard.css HTTP/1.1" 200 73904
83.191.124.42 - - [11/Feb/2025:00:29:03 +0100] "GET /ticket2/opencms/system/modules/com.gridnine.opencms.ticketbrokerage.site/resources/js/calendar-en.js HTTP/1.1" 200 3338
83.191.124.42 - - [11/Feb/2025:00:29:03 +0100] "GET /ticket2/opencms/system/modules/com.gridnine.opencms.ticketbrokerage.site/resources/js/calendar.js HTTP/1.1" 200 49229
193.70.81.116 - - [11/Feb/2025:00:29:03 +0100] "GET /ticket2/opencms/en/buy/?page=1&edid=58BBF638-5A76-A8D6-7263-FAE40850FA7F HTTP/1.1" 200 113891
66.249.76.44 - - [11/Feb/2025:00:29:05 +0100] "GET /ticket2/opencms/fr/buy?page=1&edid=0C94170C-17F1-0823-E8AC-91EC149F33EC HTTP/1.1" 200 133174
54.36.148.53 - - [11/Feb/2025:00:29:05 +0100] "GET /ticket2/opencms/no/buy?page=1&edid=FB619D25-A569-B2D3-A138-064ED3A662B4 HTTP/1.1" 200 109351
192.99.15.34 - - [11/Feb/2025:00:29:06 +0100] "GET /ticket2/opencms/no/buy/?page=1&edid=A427F612-0464-4684-7057-AD9E0E689EC3 HTTP/1.1" 200 108920
83.191.124.42 - - [11/Feb/2025:00:29:06 +0100] "GET /ticket2/opencms/it/sport/biglietti-calcio/english-championship/ HTTP/1.1" 200 99722
193.70.81.116 - - [11/Feb/2025:00:29:06 +0100] "GET /ticket2/opencms/en/buy/?page=1&edid=59EE7C1E-928C-0B67-F8CD-0935739262E0 HTTP/1.1" 200 116365
52.167.144.203 - - [11/Feb/2025:00:29:07 +0100] "GET /ticket2/opencms/tr/magazine/article?title=futbolda-yaygin-terimler HTTP/1.1" 200 87003
34.28.27.97 - - [11/Feb/2025:00:29:09 +0100] "GET /ticket2/opencms/img/icons/sk.png HTTP/1.1" 200 1283
54.36.148.151 - - [11/Feb/2025:00:29:10 +0100] "GET /ticket2/opencms/fi/buy?page=1&edid=E3251761-EB52-79D3-066B-585D4F470E3B HTTP/1.1" 200 115526
193.70.81.116 - - [11/Feb/2025:00:29:10 +0100] "GET /ticket2/opencms/en/buy/?page=1&edid=5B1EBD64-AC5B-1705-53F4-E0FEF8B73423 HTTP/1.1" 200 107978
202.8.42.146 - - [11/Feb/2025:00:29:11 +0100] "GET /ticket2/opencms/system/modules/com.gridnine.opencms.ticketbrokerage.site/resources/css/jquery-ui.css HTTP/1.1" 200 33221
202.8.42.146 - - [11/Feb/2025:00:29:11 +0100] "GET /ticket2/opencms/system/modules/com.gridnine.opencms.ticketbrokerage.site/resources/css/calendar.css HTTP/1.1" 200 6871
202.8.42.146 - - [11/Feb/2025:00:29:11 +0100] "GET /ticket2/opencms/system/modules/com.gridnine.opencms.ticketbrokerage.site/resources/css/jquery.fancybox.css HTTP/1.1" 200 4939
202.8.42.146 - - [11/Feb/2025:00:29:11 +0100] "GET /ticket2/opencms/system/modules/com.gridnine.opencms.ticketbrokerage.site/resources/css/ticketbrokerage.css HTTP/1.1" 200 39339
202.8.42.146 - - [11/Feb/2025:00:29:11 +0100] "GET /ticket2/opencms/system/modules/com.gridnine.opencms.ticketbrokerage.site/resources/css/standard.css HTTP/1.1" 200 73904
202.8.42.146 - - [11/Feb/2025:00:29:11 +0100] "GET /ticket2/opencms/system/modules/com.gridnine.opencms.ticketbrokerage.site/resources/js/jquery/jquery.js HTTP/1.1" 200 93868
202.8.42.146 - - [11/Feb/2025:00:29:11 +0100] "GET /ticket2/opencms/system/modules/com.gridnine.opencms.ticketbrokerage.site/resources/js/calendar.js HTTP/1.1" 200 49229
202.8.42.146 - - [11/Feb/2025:00:29:11 +0100] "GET /ticket2/opencms/system/modules/com.gridnine.opencms.ticketbrokerage.site/resources/js/jquery/jquery-ui.js HTTP/1.1" 200 228088
202.8.42.146 - - [11/Feb/2025:00:29:11 +0100] "GET /ticket2/opencms/system/modules/com.gridnine.opencms.ticketbrokerage.site/resources/js/functions.js HTTP/1.1" 200 1583
202.8.42.146 - - [11/Feb/2025:00:29:11 +0100] "GET /ticket2/opencms/system/modules/com.gridnine.opencms.ticketbrokerage.site/resources/js/calendar-en.js HTTP/1.1" 200 3338
202.8.42.146 - - [11/Feb/2025:00:29:11 +0100] "GET /ticket2/opencms/system/modules/com.gridnine.opencms.ticketbrokerage.site/resources/js/calendar-setup.js HTTP/1.1" 200 4923
202.8.42.146 - - [11/Feb/2025:00:29:11 +0100] "GET /ticket2/opencms/system/modules/com.gridnine.opencms.ticketbrokerage.site/resources/js/stickyfill.min.js HTTP/1.1" 200 5672
202.8.42.146 - - [11/Feb/2025:00:29:11 +0100] "GET /ticket2/opencms/system/modules/com.gridnine.opencms.ticketbrokerage.site/resources/js/jquery.fancybox.pack.js HTTP/1.1" 200 23187
202.8.42.146 - - [11/Feb/2025:00:29:11 +0100] "GET /ticket2/opencms/system/modules/com.gridnine.opencms.ticketbrokerage.site/resources/js/standard.js HTTP/1.1" 200 3983
202.8.42.146 - - [11/Feb/2025:00:29:11 +0100] "GET /ticket2/opencms/system/modules/com.gridnine.opencms.ticketbrokerage.site/resources/js/jquery.placeholder.min.js HTTP/1.1" 200 1737
202.8.42.146 - - [11/Feb/2025:00:29:11 +0100] "GET /ticket2/opencms/system/modules/com.gridnine.opencms.ticketbrokerage.site/resources/js/common-ajax.js HTTP/1.1" 200 20175
202.8.42.146 - - [11/Feb/2025:00:29:11 +0100] "GET /ticket2/opencms/fi/ask-form.html HTTP/1.1" 200 3012
202.8.42.146 - - [11/Feb/2025:00:29:11 +0100] "GET /ticket2/opencms/system/modules/com.gridnine.opencms.ticketbrokerage.site/resources/css/ticketbrokerage.css HTTP/1.1" 200 39339
67.144.2.241 - - [11/Feb/2025:00:29:11 +0100] "GET /ticket2/opencms/sv/buy/?page=1&edid=5C8FFF64-18C9-8AFA-F2EC-049145D3059A HTTP/1.1" 200 108401
40.77.167.143 - - [11/Feb/2025:00:29:12 +0100] "GET /ticket2/opencms/az/buy?page=1&edid=7E056ED7-F323-35BF-BD6F-6C4B0DFA2D20 HTTP/1.1" 200 106854
54.36.148.90 - - [11/Feb/2025:00:29:14 +0100] "GET /ticket2/opencms/sr/buy?page=1&edid=17260F4F-A849-5FCD-F08C-3E4A05EF4080 HTTP/1.1" 200 107002
192.99.15.34 - - [11/Feb/2025:00:29:14 +0100] "GET /ticket2/opencms/no/buy/?page=1&edid=AE39759B-BCBA-E08C-6ABB-107530259B20 HTTP/1.1" 200 105925
193.70.81.116 - - [11/Feb/2025:00:29:14 +0100] "GET /ticket2/opencms/en/buy/?page=1&edid=5B798669-5101-DFDA-74DC-0F364B61FBD5 HTTP/1.1" 200 116360
114.119.136.30 - - [11/Feb/2025:00:29:16 +0100] "GET /ticket2/opencms/it/buy?page=1&edid=186C4928-084D-658D-D6B0-95947954D866 HTTP/1.1" 200 106176
54.36.149.31 - - [11/Feb/2025:00:29:17 +0100] "GET /ticket2/opencms/sk/buy?page=1&edid=AAD8B8EA-9AED-21A9-2967-40D5EB8A5581 HTTP/1.1" 200 106482
192.99.15.34 - - [11/Feb/2025:00:29:17 +0100] "GET /ticket2/opencms/no/buy/?page=1&edid=AFD7D11D-A27C-27A6-6924-5D5D51BDC77D&sortorder=desc&column=price HTTP/1.1" 200 110576
193.70.81.116 - - [11/Feb/2025:00:29:18 +0100] "GET /ticket2/opencms/en/buy/?page=1&edid=5BB1055C-4C5F-5A4F-CCFB-6D0F529C929D HTTP/1.1" 200 112496
202.8.40.112 - - [11/Feb/2025:00:29:18 +0100] "GET /ticket2/opencms/system/modules/com.gridnine.opencms.ticketbrokerage.site/resources/css/jquery.fancybox.css HTTP/1.1" 200 4939
202.8.40.112 - - [11/Feb/2025:00:29:18 +0100] "GET /ticket2/opencms/system/modules/com.gridnine.opencms.ticketbrokerage.site/resources/css/calendar.css HTTP/1.1" 200 6871
202.8.40.112 - - [11/Feb/2025:00:29:18 +0100] "GET /ticket2/opencms/system/modules/com.gridnine.opencms.ticketbrokerage.site/resources/css/standard.css HTTP/1.1" 200 73904
202.8.40.112 - - [11/Feb/2025:00:29:18 +0100] "GET /ticket2/opencms/system/modules/com.gridnine.opencms.ticketbrokerage.site/resources/css/ticketbrokerage.css HTTP/1.1" 200 39339
202.8.40.112 - - [11/Feb/2025:00:29:18 +0100] "GET /ticket2/opencms/system/modules/com.gridnine.opencms.ticketbrokerage.site/resources/js/jquery/jquery.js HTTP/1.1" 200 93868
202.8.40.112 - - [11/Feb/2025:00:29:18 +0100] "GET /ticket2/opencms/system/modules/com.gridnine.opencms.ticketbrokerage.site/resources/css/jquery-ui.css HTTP/1.1" 200 33221
202.8.40.112 - - [11/Feb/2025:00:29:18 +0100] "GET /ticket2/opencms/system/modules/com.gridnine.opencms.ticketbrokerage.site/resources/js/functions.js HTTP/1.1" 200 1583
202.8.40.112 - - [11/Feb/2025:00:29:18 +0100] "GET /ticket2/opencms/system/modules/com.gridnine.opencms.ticketbrokerage.site/resources/js/jquery/jquery-ui.js HTTP/1.1" 200 228088
202.8.40.112 - - [11/Feb/2025:00:29:18 +0100] "GET /ticket2/opencms/system/modules/com.gridnine.opencms.ticketbrokerage.site/resources/js/calendar.js HTTP/1.1" 200 49229
202.8.40.112 - - [11/Feb/2025:00:29:18 +0100] "GET /ticket2/opencms/system/modules/com.gridnine.opencms.ticketbrokerage.site/resources/js/calendar-en.js HTTP/1.1" 200 3338
202.8.40.112 - - [11/Feb/2025:00:29:18 +0100] "GET /ticket2/opencms/system/modules/com.gridnine.opencms.ticketbrokerage.site/resources/js/calendar-setup.js HTTP/1.1" 200 4923
202.8.40.112 - - [11/Feb/2025:00:29:18 +0100] "GET /ticket2/opencms/system/modules/com.gridnine.opencms.ticketbrokerage.site/resources/js/jquery.fancybox.pack.js HTTP/1.1" 200 23187
202.8.40.112 - - [11/Feb/2025:00:29:18 +0100] "GET /ticket2/opencms/system/modules/com.gridnine.opencms.ticketbrokerage.site/resources/js/stickyfill.min.js HTTP/1.1" 200 5672
202.8.40.112 - - [11/Feb/2025:00:29:18 +0100] "GET /ticket2/opencms/system/modules/com.gridnine.opencms.ticketbrokerage.site/resources/js/standard.js HTTP/1.1" 200 3983
202.8.40.112 - - [11/Feb/2025:00:29:18 +0100] "GET /ticket2/opencms/system/modules/com.gridnine.opencms.ticketbrokerage.site/resources/js/jquery.placeholder.min.js HTTP/1.1" 200 1737
202.8.40.112 - - [11/Feb/2025:00:29:18 +0100] "GET /ticket2/opencms/system/modules/com.gridnine.opencms.ticketbrokerage.site/resources/js/common-ajax.js HTTP/1.1" 200 20175
202.8.40.112 - - [11/Feb/2025:00:29:18 +0100] "GET /ticket2/opencms/sk/ask-form.html HTTP/1.1" 200 3156
202.8.40.112 - - [11/Feb/2025:00:29:19 +0100] "GET /ticket2/opencms/system/modules/com.gridnine.opencms.ticketbrokerage.site/resources/css/ticketbrokerage.css HTTP/1.1" 200 39339
54.36.148.13 - - [11/Feb/2025:00:29:20 +0100] "GET /ticket2/opencms/nl/about/press HTTP/1.1" 200 87179
192.99.15.34 - - [11/Feb/2025:00:29:21 +0100] "GET /ticket2/opencms/no/buy/?page=1&edid=AFD7D11D-A27C-27A6-6924-5D5D51BDC77D&sortorder=desc&column=row HTTP/1.1" 200 110510
193.70.81.116 - - [11/Feb/2025:00:29:22 +0100] "GET /ticket2/opencms/en/buy/?page=1&edid=5CA6204E-B944-1C9C-2A91-E87C8D0203BC HTTP/1.1" 200 130070
67.144.2.241 - - [11/Feb/2025:00:29:23 +0100] "GET /ticket2/opencms/sv/buy/?page=1&edid=5E15428C-ADCD-24EE-499A-16C2EB76EF6B HTTP/1.1" 200 109943
192.99.15.34 - - [11/Feb/2025:00:29:24 +0100] "GET /ticket2/opencms/no/buy/?page=1&edid=AFF3B549-855E-6DE1-70E1-8F9E77B4DCFB HTTP/1.1" 200 108701
193.70.81.116 - - [11/Feb/2025:00:29:26 +0100] "GET /ticket2/opencms/en/buy/?page=1&edid=5CB7C15B-7DAE-E95F-7D37-A833DC753156 HTTP/1.1" 200 104754
114.119.130.178 - - [11/Feb/2025:00:29:27 +0100] "GET /ticket2/opencms/es/buy/?comcatid=A17713B6-D984-201A-4143-ED4DB5ED5C2E&catid=A3372871-3019-08B8-80CE-74B78F441ACA HTTP/1.1" 200 101696
54.36.149.70 - - [11/Feb/2025:00:29:27 +0100] "GET /ticket2/opencms/it/buy?page=1&edid=B8A6965B-216E-27C8-9A3D-21241346030F HTTP/1.1" 200 112225
202.8.43.157 - - [11/Feb/2025:00:29:28 +0100] "GET /ticket2/opencms/system/modules/com.gridnine.opencms.ticketbrokerage.site/resources/css/standard.css HTTP/1.1" 200 73904
202.8.43.157 - - [11/Feb/2025:00:29:28 +0100] "GET /ticket2/opencms/system/modules/com.gridnine.opencms.ticketbrokerage.site/resources/css/ticketbrokerage.css HTTP/1.1" 200 39339
202.8.43.157 - - [11/Feb/2025:00:29:28 +0100] "GET /ticket2/opencms/system/modules/com.gridnine.opencms.ticketbrokerage.site/resources/css/jquery.fancybox.css HTTP/1.1" 200 4939
202.8.43.157 - - [11/Feb/2025:00:29:28 +0100] "GET /ticket2/opencms/system/modules/com.gridnine.opencms.ticketbrokerage.site/resources/css/calendar.css HTTP/1.1" 200 6871
202.8.43.157 - - [11/Feb/2025:00:29:28 +0100] "GET /ticket2/opencms/system/modules/com.gridnine.opencms.ticketbrokerage.site/resources/js/jquery/jquery.js HTTP/1.1" 200 93868
202.8.43.157 - - [11/Feb/2025:00:29:28 +0100] "GET /ticket2/opencms/system/modules/com.gridnine.opencms.ticketbrokerage.site/resources/css/jquery-ui.css HTTP/1.1" 200 33221
202.8.43.157 - - [11/Feb/2025:00:29:28 +0100] "GET /ticket2/opencms/system/modules/com.gridnine.opencms.ticketbrokerage.site/resources/js/functions.js HTTP/1.1" 200 1583
202.8.43.157 - - [11/Feb/2025:00:29:28 +0100] "GET /ticket2/opencms/system/modules/com.gridnine.opencms.ticketbrokerage.site/resources/js/calendar.js HTTP/1.1" 200 49229
202.8.43.157 - - [11/Feb/2025:00:29:28 +0100] "GET /ticket2/opencms/system/modules/com.gridnine.opencms.ticketbrokerage.site/resources/js/jquery/jquery-ui.js HTTP/1.1" 200 228088
202.8.43.157 - - [11/Feb/2025:00:29:28 +0100] "GET /ticket2/opencms/system/modules/com.gridnine.opencms.ticketbrokerage.site/resources/js/calendar-setup.js HTTP/1.1" 200 4923
202.8.43.157 - - [11/Feb/2025:00:29:28 +0100] "GET /ticket2/opencms/system/modules/com.gridnine.opencms.ticketbrokerage.site/resources/js/calendar-en.js HTTP/1.1" 200 3338
202.8.43.157 - - [11/Feb/2025:00:29:28 +0100] "GET /ticket2/opencms/system/modules/com.gridnine.opencms.ticketbrokerage.site/resources/js/jquery.fancybox.pack.js HTTP/1.1" 200 23187
202.8.43.157 - - [11/Feb/2025:00:29:29 +0100] "GET /ticket2/opencms/system/modules/com.gridnine.opencms.ticketbrokerage.site/resources/js/stickyfill.min.js HTTP/1.1" 200 5672
202.8.43.157 - - [11/Feb/2025:00:29:29 +0100] "GET /ticket2/opencms/system/modules/com.gridnine.opencms.ticketbrokerage.site/resources/js/standard.js HTTP/1.1" 200 3983
202.8.43.157 - - [11/Feb/2025:00:29:29 +0100] "GET /ticket2/opencms/system/modules/com.gridnine.opencms.ticketbrokerage.site/resources/js/jquery.placeholder.min.js HTTP/1.1" 200 1737
202.8.43.157 - - [11/Feb/2025:00:29:29 +0100] "GET /ticket2/opencms/system/modules/com.gridnine.opencms.ticketbrokerage.site/resources/js/common-ajax.js HTTP/1.1" 200 20175
202.8.43.157 - - [11/Feb/2025:00:29:29 +0100] "GET /ticket2/opencms/it/ask-form.html HTTP/1.1" 200 3156
202.8.43.157 - - [11/Feb/2025:00:29:29 +0100] "GET /ticket2/opencms/system/modules/com.gridnine.opencms.ticketbrokerage.site/resources/css/ticketbrokerage.css HTTP/1.1" 200 39339
192.99.15.34 - - [11/Feb/2025:00:29:29 +0100] "GET /ticket2/opencms/no/buy/?page=1&edid=B0342119-7DEE-A961-582D-4DB4FC7F38E6&sortorder=desc&column=price HTTP/1.1" 200 110022
193.70.81.116 - - [11/Feb/2025:00:29:30 +0100] "GET /ticket2/opencms/en/buy/?page=1&edid=5CBB442D-D365-7F4F-B999-AA88D946C632 HTTP/1.1" 200 136893
54.36.148.251 - - [11/Feb/2025:00:29:30 +0100] "GET /ticket2/opencms/en/buy?page=1&edid=C781C90E-2A4A-BE38-23EB-6039DE2F5FA8 HTTP/1.1" 200 133743
66.102.9.131 - - [11/Feb/2025:00:29:31 +0100] "GET /ticket2/opencms/set_aff_cookie.jsp?partner=53673ED6-1455-FA54-818F-B1F67121E37C&url=/en/buy/index.html%3Fpage%3D1%26edid%3D5F4B97F6-9B8A-0848-D630-5BFFEEB61AF7%26hlv%3D6693ad1c-a928-4ff9-b99b-07f70a01000f%23v731995702 HTTP/1.1" 200 224
66.249.93.225 - - [11/Feb/2025:00:29:31 +0100] "GET /ticket2/opencms/set_aff_cookie.jsp?partner=53673ED6-1455-FA54-818F-B1F67121E37C&url=/en/buy/index.html%3Fpage%3D1%26edid%3D5F4B97F6-9B8A-0848-D630-5BFFEEB61AF7%26hlv%3D6693ad1c-a928-4ff9-b99b-07f70a01000f%23v731995702 HTTP/1.1" 200 224
66.249.93.224 - - [11/Feb/2025:00:29:32 +0100] "GET /ticket2/opencms/en/buy/?page=1&edid=5F4B97F6-9B8A-0848-D630-5BFFEEB61AF7&hlv=6693ad1c-a928-4ff9-b99b-07f70a01000f HTTP/1.1" 200 115273
192.99.15.34 - - [11/Feb/2025:00:29:32 +0100] "GET /ticket2/opencms/no/buy/?page=1&edid=B0342119-7DEE-A961-582D-4DB4FC7F38E6&sortorder=desc&column=row HTTP/1.1" 200 109956
66.249.93.234 - - [11/Feb/2025:00:29:32 +0100] "GET /ticket2/opencms/en/ask-form.html HTTP/1.1" 200 3146
66.249.93.224 - - [11/Feb/2025:00:29:32 +0100] "GET /ticket2/opencms/en/ask-form.html HTTP/1.1" 200 3146
66.249.93.225 - - [11/Feb/2025:00:29:32 +0100] "GET /ticket2/opencms/system/modules/com.gridnine.opencms.ticketbrokerage.site/resources/css/ticketbrokerage.css HTTP/1.1" 200 39339
66.249.68.69 - - [11/Feb/2025:00:29:33 +0100] "GET /ticket2/opencms/en/buy/?page=1&edid=D45BCB35-EE91-062B-5384-4218890EBB45 HTTP/1.1" 200 128007
77.102.48.163 - - [11/Feb/2025:00:29:33 +0100] "GET /ticket2/opencms/set_aff_cookie.jsp?partner=53673ED6-1455-FA54-818F-B1F67121E37C&url=/en/buy/index.html%3Fpage%3D1%26edid%3D5F4B97F6-9B8A-0848-D630-5BFFEEB61AF7%26hlv%3D6693ad1c-a928-4ff9-b99b-07f70a01000f%23v731995702 HTTP/1.1" 200 224
66.249.79.199 - - [11/Feb/2025:00:29:34 +0100] "GET /ticket2/opencms/bg/buy?page=1&edid=C842B42D-EC0C-337E-839C-F94D0BEF3026 HTTP/1.1" 200 108477
193.70.81.116 - - [11/Feb/2025:00:29:34 +0100] "GET /ticket2/opencms/en/buy/?page=1&edid=5D4ED722-E7EE-750F-EB84-B354A599964F HTTP/1.1" 200 113949
77.102.48.163 - - [11/Feb/2025:00:29:34 +0100] "GET /ticket2/opencms/en/buy/?page=1&edid=5F4B97F6-9B8A-0848-D630-5BFFEEB61AF7&hlv=6693ad1c-a928-4ff9-b99b-07f70a01000f HTTP/1.1" 200 115273
54.36.148.121 - - [11/Feb/2025:00:29:34 +0100] "GET /ticket2/opencms/nl/buy?page=1&edid=5CC4C245-B3B0-1B51-B1DB-D9E8D9C1C476 HTTP/1.1" 200 120343
77.102.48.163 - - [11/Feb/2025:00:29:34 +0100] "GET /ticket2/opencms/system/modules/com.gridnine.opencms.ticketbrokerage.site/resources/js/jquery/jquery.js HTTP/1.1" 200 93868
77.102.48.163 - - [11/Feb/2025:00:29:35 +0100] "GET /ticket2/opencms/system/modules/com.gridnine.opencms.ticketbrokerage.site/resources/js/jquery/jquery-ui.js HTTP/1.1" 200 228088
77.102.48.163 - - [11/Feb/2025:00:29:35 +0100] "GET /ticket2/opencms/system/modules/com.gridnine.opencms.ticketbrokerage.site/resources/css/jquery-ui.css HTTP/1.1" 200 33221
77.102.48.163 - - [11/Feb/2025:00:29:35 +0100] "GET /ticket2/opencms/system/modules/com.gridnine.opencms.ticketbrokerage.site/resources/css/calendar.css HTTP/1.1" 200 6871
77.102.48.163 - - [11/Feb/2025:00:29:35 +0100] "GET /ticket2/opencms/system/modules/com.gridnine.opencms.ticketbrokerage.site/resources/css/ticketbrokerage.css HTTP/1.1" 200 39339
77.102.48.163 - - [11/Feb/2025:00:29:35 +0100] "GET /ticket2/opencms/system/modules/com.gridnine.opencms.ticketbrokerage.site/resources/css/jquery.fancybox.css HTTP/1.1" 200 4939
77.102.48.163 - - [11/Feb/2025:00:29:35 +0100] "GET /ticket2/opencms/system/modules/com.gridnine.opencms.ticketbrokerage.site/resources/css/standard.css HTTP/1.1" 200 73904
77.102.48.163 - - [11/Feb/2025:00:29:35 +0100] "GET /ticket2/opencms/system/modules/com.gridnine.opencms.ticketbrokerage.site/resources/js/functions.js HTTP/1.1" 200 1583
77.102.48.163 - - [11/Feb/2025:00:29:35 +0100] "GET /ticket2/opencms/system/modules/com.gridnine.opencms.ticketbrokerage.site/resources/js/calendar.js HTTP/1.1" 200 49229
77.102.48.163 - - [11/Feb/2025:00:29:35 +0100] "GET /ticket2/opencms/system/modules/com.gridnine.opencms.ticketbrokerage.site/resources/js/calendar-setup.js HTTP/1.1" 200 4923
77.102.48.163 - - [11/Feb/2025:00:29:35 +0100] "GET /ticket2/opencms/system/modules/com.gridnine.opencms.ticketbrokerage.site/resources/js/calendar-en.js HTTP/1.1" 200 3338
77.102.48.163 - - [11/Feb/2025:00:29:35 +0100] "GET /ticket2/opencms/system/modules/com.gridnine.opencms.ticketbrokerage.site/resources/js/jquery.fancybox.pack.js HTTP/1.1" 200 23187
