202.8.42.228 - - [11/Feb/2025:00:58:48 +0100] "GET /ticket2/opencms/system/modules/com.gridnine.opencms.ticketbrokerage.site/resources/js/stickyfill.min.js HTTP/1.1" 200 5672
202.8.42.228 - - [11/Feb/2025:00:58:48 +0100] "GET /ticket2/opencms/system/modules/com.gridnine.opencms.ticketbrokerage.site/resources/js/standard.js HTTP/1.1" 200 3983
202.8.42.228 - - [11/Feb/2025:00:58:48 +0100] "GET /ticket2/opencms/system/modules/com.gridnine.opencms.ticketbrokerage.site/resources/js/jquery.placeholder.min.js HTTP/1.1" 200 1737
202.8.42.228 - - [11/Feb/2025:00:58:48 +0100] "GET /ticket2/opencms/system/modules/com.gridnine.opencms.ticketbrokerage.site/resources/js/common-ajax.js HTTP/1.1" 200 20175
202.8.42.228 - - [11/Feb/2025:00:58:48 +0100] "GET /ticket2/opencms/be/ask-form.html HTTP/1.1" 200 3156
202.8.42.228 - - [11/Feb/2025:00:58:48 +0100] "GET /ticket2/opencms/system/modules/com.gridnine.opencms.ticketbrokerage.site/resources/css/ticketbrokerage.css HTTP/1.1" 200 39339
65.108.0.71 - - [11/Feb/2025:00:58:50 +0100] "GET /ticket2/opencms/no/buy/?page=1&edid=C8B54E4D-ACCA-9CAC-8303-90318E9CF170 HTTP/1.1" 200 108932
54.36.148.168 - - [11/Feb/2025:00:58:51 +0100] "GET /ticket2/opencms/mt/buy/?page=1&edid=D99ADA8F-DD19-1ED8-19FA-1322A123D964 HTTP/1.1" 200 106714
66.249.68.37 - - [11/Feb/2025:00:58:51 +0100] "GET /ticket2/opencms/no/buy?page=1&edid=FD52398C-F7D7-F542-DD8C-96DBE2E8DDC3 HTTP/1.1" 200 120266
65.108.0.71 - - [11/Feb/2025:00:58:54 +0100] "GET /ticket2/opencms/no/buy/?page=1&edid=C9919F63-312E-C4DF-29D6-DA1CE80EC9A2 HTTP/1.1" 200 124297
216.244.66.238 - - [11/Feb/2025:00:58:54 +0100] "GET /ticket2/opencms/dk/sv/venue/?venueid=52A33FB5-B804-E5DD-350D-2FC7FDA72BA2 HTTP/1.1" 404 -
66.249.79.4 - - [11/Feb/2025:00:58:54 +0100] "GET /ticket2/opencms/en/buy/?page=1&edid=FABE4148-094C-7239-F6DD-5F6F4EB97A09 HTTP/1.1" 200 131138
54.36.149.38 - - [11/Feb/2025:00:58:56 +0100] "GET /ticket2/opencms/is/buy/?page=1&edid=852280F2-7607-55CD-719D-C17DB253385B HTTP/1.1" 200 106485
65.108.0.71 - - [11/Feb/2025:00:58:57 +0100] "GET /ticket2/opencms/no/buy/?page=1&edid=CA5B0C82-DB36-D129-88EF-15CA8AFD33CA HTTP/1.1" 200 105924
185.191.171.18 - - [11/Feb/2025:00:58:59 +0100] "GET /ticket2/opencms/sv/sport/fotbollsbiljetter/bundesliga/werder-bremen/ HTTP/1.1" 200 96476
65.108.0.71 - - [11/Feb/2025:00:59:01 +0100] "GET /ticket2/opencms/no/buy/?page=1&edid=CA915B50-9092-CC2A-1D54-906B1D5B9927 HTTP/1.1" 200 105942
54.36.149.32 - - [11/Feb/2025:00:59:01 +0100] "GET /ticket2/opencms/az/buy?page=1&edid=C2ECBA5C-6F54-380B-DDCA-15DF3F116F7E HTTP/1.1" 200 110598
52.167.144.17 - - [11/Feb/2025:00:59:01 +0100] "GET /ticket2/opencms/sv/buy/?comcatid=A17713B6-D984-201A-4143-ED4DB5ED5C2E&catid=21C3854B-901E-11F9-7B7D-6838CC6AFAA4 HTTP/1.1" 200 151508
65.108.0.71 - - [11/Feb/2025:00:59:04 +0100] "GET /ticket2/opencms/no/buy/?page=1&edid=CBDF47AD-F7D8-A677-7E8E-783C31186D97 HTTP/1.1" 200 105952
65.108.0.71 - - [11/Feb/2025:00:59:08 +0100] "GET /ticket2/opencms/no/buy/?page=1&edid=CDC8380D-9E34-4AA8-C5EB-B98118612E7B HTTP/1.1" 200 118749
54.36.148.80 - - [11/Feb/2025:00:59:08 +0100] "GET /ticket2/opencms/az/buy?page=1&edid=2B4D80E3-665D-28EB-9306-0D3E928A752F HTTP/1.1" 200 106880
202.8.42.27 - - [11/Feb/2025:00:59:09 +0100] "GET /ticket2/opencms/system/modules/com.gridnine.opencms.ticketbrokerage.site/resources/css/jquery.fancybox.css HTTP/1.1" 200 4939
202.8.42.27 - - [11/Feb/2025:00:59:09 +0100] "GET /ticket2/opencms/system/modules/com.gridnine.opencms.ticketbrokerage.site/resources/css/jquery-ui.css HTTP/1.1" 200 33221
202.8.42.27 - - [11/Feb/2025:00:59:09 +0100] "GET /ticket2/opencms/system/modules/com.gridnine.opencms.ticketbrokerage.site/resources/css/ticketbrokerage.css HTTP/1.1" 200 39339
202.8.42.27 - - [11/Feb/2025:00:59:09 +0100] "GET /ticket2/opencms/system/modules/com.gridnine.opencms.ticketbrokerage.site/resources/css/standard.css HTTP/1.1" 200 73904
202.8.42.27 - - [11/Feb/2025:00:59:09 +0100] "GET /ticket2/opencms/system/modules/com.gridnine.opencms.ticketbrokerage.site/resources/css/calendar.css HTTP/1.1" 200 6871
202.8.42.27 - - [11/Feb/2025:00:59:09 +0100] "GET /ticket2/opencms/system/modules/com.gridnine.opencms.ticketbrokerage.site/resources/js/jquery/jquery.js HTTP/1.1" 200 93868
202.8.42.27 - - [11/Feb/2025:00:59:09 +0100] "GET /ticket2/opencms/system/modules/com.gridnine.opencms.ticketbrokerage.site/resources/js/functions.js HTTP/1.1" 200 1583
202.8.42.27 - - [11/Feb/2025:00:59:09 +0100] "GET /ticket2/opencms/system/modules/com.gridnine.opencms.ticketbrokerage.site/resources/js/calendar.js HTTP/1.1" 200 49229
202.8.42.27 - - [11/Feb/2025:00:59:09 +0100] "GET /ticket2/opencms/system/modules/com.gridnine.opencms.ticketbrokerage.site/resources/js/jquery/jquery-ui.js HTTP/1.1" 200 228088
202.8.42.27 - - [11/Feb/2025:00:59:09 +0100] "GET /ticket2/opencms/system/modules/com.gridnine.opencms.ticketbrokerage.site/resources/js/calendar-en.js HTTP/1.1" 200 3338
202.8.42.27 - - [11/Feb/2025:00:59:09 +0100] "GET /ticket2/opencms/system/modules/com.gridnine.opencms.ticketbrokerage.site/resources/js/calendar-setup.js HTTP/1.1" 200 4923
202.8.42.27 - - [11/Feb/2025:00:59:09 +0100] "GET /ticket2/opencms/system/modules/com.gridnine.opencms.ticketbrokerage.site/resources/js/jquery.fancybox.pack.js HTTP/1.1" 200 23187
202.8.42.27 - - [11/Feb/2025:00:59:09 +0100] "GET /ticket2/opencms/system/modules/com.gridnine.opencms.ticketbrokerage.site/resources/js/stickyfill.min.js HTTP/1.1" 200 5672
202.8.42.27 - - [11/Feb/2025:00:59:09 +0100] "GET /ticket2/opencms/system/modules/com.gridnine.opencms.ticketbrokerage.site/resources/js/standard.js HTTP/1.1" 200 3983
202.8.42.27 - - [11/Feb/2025:00:59:09 +0100] "GET /ticket2/opencms/system/modules/com.gridnine.opencms.ticketbrokerage.site/resources/js/jquery.placeholder.min.js HTTP/1.1" 200 1737
202.8.42.27 - - [11/Feb/2025:00:59:10 +0100] "GET /ticket2/opencms/system/modules/com.gridnine.opencms.ticketbrokerage.site/resources/js/common-ajax.js HTTP/1.1" 200 20175
202.8.42.27 - - [11/Feb/2025:00:59:10 +0100] "GET /ticket2/opencms/az/ask-form.html HTTP/1.1" 200 3156
202.8.42.27 - - [11/Feb/2025:00:59:10 +0100] "GET /ticket2/opencms/system/modules/com.gridnine.opencms.ticketbrokerage.site/resources/css/ticketbrokerage.css HTTP/1.1" 200 39339
65.108.0.71 - - [11/Feb/2025:00:59:11 +0100] "GET /ticket2/opencms/no/buy/?page=1&edid=CE14821B-D021-D288-1C4B-D1BD4F4FA42F HTTP/1.1" 200 109010
54.36.148.144 - - [11/Feb/2025:00:59:13 +0100] "GET /ticket2/opencms/bg/buy?page=1&edid=C2ECBA5C-6F54-380B-DDCA-15DF3F116F7E HTTP/1.1" 200 112313
65.108.0.71 - - [11/Feb/2025:00:59:14 +0100] "GET /ticket2/opencms/no/buy/?page=1&edid=CFE3AD1D-4887-F2C9-CE30-778894EF867F HTTP/1.1" 200 115161
54.36.149.72 - - [11/Feb/2025:00:59:16 +0100] "GET /ticket2/opencms/cs/buy?page=1&edid=C2ECBA5C-6F54-380B-DDCA-15DF3F116F7E HTTP/1.1" 200 110145
65.108.0.71 - - [11/Feb/2025:00:59:18 +0100] "GET /ticket2/opencms/no/buy/?page=1&edid=D2F30FD8-0864-E7E5-43A2-A4369C9456A3 HTTP/1.1" 200 105948
52.167.144.19 - - [11/Feb/2025:00:59:19 +0100] "GET /ticket2/opencms/es/buy?page=1&edid=FA6F95C7-9080-870C-723D-76629BBF54DD HTTP/1.1" 200 110407
111.7.96.160 - - [11/Feb/2025:00:59:20 +0100] "GET /ticket2/opencms/ HTTP/1.1" 302 -
54.36.148.5 - - [11/Feb/2025:00:59:21 +0100] "GET /ticket2/opencms/el/buy?page=1&edid=C2ECBA5C-6F54-380B-DDCA-15DF3F116F7E HTTP/1.1" 200 113520
66.249.68.69 - - [11/Feb/2025:00:59:22 +0100] "GET /ticket2/opencms/pl/buy/?page=1&edid=C9919F63-312E-C4DF-29D6-DA1CE80EC9A2 HTTP/1.1" 200 125253
111.7.96.160 - - [11/Feb/2025:00:59:22 +0100] "GET /ticket2/opencms/en/ HTTP/1.1" 200 104661
65.108.0.71 - - [11/Feb/2025:00:59:22 +0100] "GET /ticket2/opencms/no/buy/?page=1&edid=D3AB0CA8-3C40-1AB9-8BEC-7D01F349EB4E HTTP/1.1" 200 133370
40.77.167.116 - - [11/Feb/2025:00:59:23 +0100] "GET /ticket2/opencms/lt/buy?page=1&edid=8085E80D-BC8F-CDCF-7CC8-2F497FE082D3 HTTP/1.1" 200 136899
111.7.96.160 - - [11/Feb/2025:00:59:25 +0100] "GET /ticket2/opencms/ HTTP/1.1" 302 -
65.108.0.71 - - [11/Feb/2025:00:59:25 +0100] "GET /ticket2/opencms/no/buy/?page=1&edid=D402E731-16BD-6054-BEC0-D195836DBFA5 HTTP/1.1" 200 117605
111.7.96.160 - - [11/Feb/2025:00:59:26 +0100] "GET /ticket2/opencms/en/ HTTP/1.1" 200 104661
111.7.96.160 - - [11/Feb/2025:00:59:27 +0100] "GET /ticket2/opencms/system/modules/com.gridnine.opencms.ticketbrokerage.site/resources/js/calendar-en.js HTTP/1.1" 200 3338
111.7.96.160 - - [11/Feb/2025:00:59:27 +0100] "GET /ticket2/opencms/system/modules/com.gridnine.opencms.ticketbrokerage.site/resources/js/jquery/jquery.js HTTP/1.1" 200 93868
111.7.96.160 - - [11/Feb/2025:00:59:27 +0100] "GET /ticket2/opencms/system/modules/com.gridnine.opencms.ticketbrokerage.site/resources/js/calendar.js HTTP/1.1" 200 49229
111.7.96.160 - - [11/Feb/2025:00:59:27 +0100] "GET /ticket2/opencms/system/modules/com.gridnine.opencms.ticketbrokerage.site/resources/js/jquery.fancybox.pack.js HTTP/1.1" 200 23187
111.7.96.160 - - [11/Feb/2025:00:59:27 +0100] "GET /ticket2/opencms/system/modules/com.gridnine.opencms.ticketbrokerage.site/resources/js/functions.js HTTP/1.1" 200 1583
111.7.96.160 - - [11/Feb/2025:00:59:27 +0100] "GET /ticket2/opencms/system/modules/com.gridnine.opencms.ticketbrokerage.site/resources/js/stickyfill.min.js HTTP/1.1" 200 5672
111.7.96.160 - - [11/Feb/2025:00:59:27 +0100] "GET /ticket2/opencms/system/modules/com.gridnine.opencms.ticketbrokerage.site/resources/js/standard.js HTTP/1.1" 200 3983
111.7.96.160 - - [11/Feb/2025:00:59:27 +0100] "GET /ticket2/opencms/system/modules/com.gridnine.opencms.ticketbrokerage.site/resources/js/jquery/jquery-ui.js HTTP/1.1" 200 228088
111.7.96.160 - - [11/Feb/2025:00:59:28 +0100] "GET /ticket2/opencms/system/modules/com.gridnine.opencms.ticketbrokerage.site/resources/js/calendar-setup.js HTTP/1.1" 200 4923
123.160.223.72 - - [11/Feb/2025:00:59:28 +0100] "GET /ticket2/opencms/ HTTP/1.1" 302 -
54.36.148.45 - - [11/Feb/2025:00:59:28 +0100] "GET /ticket2/opencms/no/buy?page=1&edid=46F37BE7-B2F6-BEA5-12C9-E1FFD36B0DD0 HTTP/1.1" 200 115115
65.108.0.71 - - [11/Feb/2025:00:59:29 +0100] "GET /ticket2/opencms/no/buy/?page=1&edid=D4F26649-49E7-D9AD-008F-6A1EF16B5F3C HTTP/1.1" 200 124297
40.77.167.19 - - [11/Feb/2025:00:59:29 +0100] "GET /ticket2/opencms/hu/buy?page=1&edid=66A41D1B-B106-948F-4ECF-7F8A993B5B86 HTTP/1.1" 200 106468
202.8.41.170 - - [11/Feb/2025:00:59:29 +0100] "GET /ticket2/opencms/system/modules/com.gridnine.opencms.ticketbrokerage.site/resources/css/calendar.css HTTP/1.1" 200 6871
202.8.41.170 - - [11/Feb/2025:00:59:29 +0100] "GET /ticket2/opencms/system/modules/com.gridnine.opencms.ticketbrokerage.site/resources/css/ticketbrokerage.css HTTP/1.1" 200 39339
202.8.41.170 - - [11/Feb/2025:00:59:29 +0100] "GET /ticket2/opencms/system/modules/com.gridnine.opencms.ticketbrokerage.site/resources/css/jquery-ui.css HTTP/1.1" 200 33221
202.8.41.170 - - [11/Feb/2025:00:59:29 +0100] "GET /ticket2/opencms/system/modules/com.gridnine.opencms.ticketbrokerage.site/resources/css/standard.css HTTP/1.1" 200 73904
202.8.41.170 - - [11/Feb/2025:00:59:29 +0100] "GET /ticket2/opencms/system/modules/com.gridnine.opencms.ticketbrokerage.site/resources/css/jquery.fancybox.css HTTP/1.1" 200 4939
202.8.41.170 - - [11/Feb/2025:00:59:29 +0100] "GET /ticket2/opencms/system/modules/com.gridnine.opencms.ticketbrokerage.site/resources/js/jquery/jquery.js HTTP/1.1" 200 93868
202.8.41.170 - - [11/Feb/2025:00:59:29 +0100] "GET /ticket2/opencms/system/modules/com.gridnine.opencms.ticketbrokerage.site/resources/js/jquery/jquery-ui.js HTTP/1.1" 200 228088
202.8.41.170 - - [11/Feb/2025:00:59:29 +0100] "GET /ticket2/opencms/system/modules/com.gridnine.opencms.ticketbrokerage.site/resources/js/functions.js HTTP/1.1" 200 1583
202.8.41.170 - - [11/Feb/2025:00:59:29 +0100] "GET /ticket2/opencms/system/modules/com.gridnine.opencms.ticketbrokerage.site/resources/js/calendar.js HTTP/1.1" 200 49229
202.8.41.170 - - [11/Feb/2025:00:59:29 +0100] "GET /ticket2/opencms/system/modules/com.gridnine.opencms.ticketbrokerage.site/resources/js/calendar-en.js HTTP/1.1" 200 3338
202.8.41.170 - - [11/Feb/2025:00:59:29 +0100] "GET /ticket2/opencms/system/modules/com.gridnine.opencms.ticketbrokerage.site/resources/js/calendar-setup.js HTTP/1.1" 200 4923
202.8.41.170 - - [11/Feb/2025:00:59:30 +0100] "GET /ticket2/opencms/system/modules/com.gridnine.opencms.ticketbrokerage.site/resources/js/jquery.fancybox.pack.js HTTP/1.1" 200 23187
202.8.41.170 - - [11/Feb/2025:00:59:30 +0100] "GET /ticket2/opencms/system/modules/com.gridnine.opencms.ticketbrokerage.site/resources/js/stickyfill.min.js HTTP/1.1" 200 5672
202.8.41.170 - - [11/Feb/2025:00:59:30 +0100] "GET /ticket2/opencms/system/modules/com.gridnine.opencms.ticketbrokerage.site/resources/js/standard.js HTTP/1.1" 200 3983
111.7.96.160 - - [11/Feb/2025:00:59:30 +0100] "GET /ticket2/opencms/system/modules/com.gridnine.opencms.ticketbrokerage.site/resources/js/jquery.placeholder.min.js HTTP/1.1" 200 1737
111.7.96.160 - - [11/Feb/2025:00:59:30 +0100] "GET /ticket2/opencms/system/modules/com.gridnine.opencms.ticketbrokerage.site/resources/js/common-ajax.js HTTP/1.1" 200 20175
202.8.41.170 - - [11/Feb/2025:00:59:30 +0100] "GET /ticket2/opencms/system/modules/com.gridnine.opencms.ticketbrokerage.site/resources/js/jquery.placeholder.min.js HTTP/1.1" 200 1737
202.8.41.170 - - [11/Feb/2025:00:59:30 +0100] "GET /ticket2/opencms/system/modules/com.gridnine.opencms.ticketbrokerage.site/resources/js/common-ajax.js HTTP/1.1" 200 20175
202.8.41.170 - - [11/Feb/2025:00:59:30 +0100] "GET /ticket2/opencms/no/ask-form.html HTTP/1.1" 200 2919
123.160.223.75 - - [11/Feb/2025:00:59:30 +0100] "GET /ticket2/opencms/en/ HTTP/1.1" 200 104661
202.8.41.170 - - [11/Feb/2025:00:59:30 +0100] "GET /ticket2/opencms/no/ask-form.html HTTP/1.1" 200 2919
202.8.41.170 - - [11/Feb/2025:00:59:30 +0100] "GET /ticket2/opencms/system/modules/com.gridnine.opencms.ticketbrokerage.site/resources/css/ticketbrokerage.css HTTP/1.1" 200 39339
202.8.41.170 - - [11/Feb/2025:00:59:30 +0100] "GET /ticket2/opencms/system/modules/com.gridnine.opencms.ticketbrokerage.site/resources/js/standard.js HTTP/1.1" 200 3983
185.191.171.12 - - [11/Feb/2025:00:59:32 +0100] "GET /ticket2/opencms/nl/sport/voetbal-tickets/premier_league/ HTTP/1.1" 200 94843
65.108.0.71 - - [11/Feb/2025:00:59:32 +0100] "GET /ticket2/opencms/no/buy/?page=1&edid=D5993B62-7816-676A-D732-F9106CE20C20 HTTP/1.1" 200 105960
114.119.145.123 - - [11/Feb/2025:00:59:32 +0100] "GET /ticket2/opencms/es/buy/?page=1&edid=CDC8380D-9E34-4AA8-C5EB-B98118612E7B HTTP/1.1" 200 119764
52.167.144.19 - - [11/Feb/2025:00:59:34 +0100] "GET /ticket2/opencms/is/buy?page=1&edid=2FDAF453-2983-94B8-9313-7381694D05C9&sortorder=asc&column=row HTTP/1.1" 200 110954
65.108.0.71 - - [11/Feb/2025:00:59:36 +0100] "GET /ticket2/opencms/no/buy/?page=1&edid=D8011C50-93A6-4225-F35F-417FEFE3121C HTTP/1.1" 200 105961
54.36.148.234 - - [11/Feb/2025:00:59:36 +0100] "GET /ticket2/opencms/lv/buy?page=1&edid=CC748805-AA77-5D07-7352-96CD97D4F5AC HTTP/1.1" 200 135250
123.160.223.75 - - [11/Feb/2025:00:59:36 +0100] "GET /ticket2/opencms/ HTTP/1.1" 302 -
85.208.96.193 - - [11/Feb/2025:00:59:36 +0100] "GET /ticket2/opencms/pl/magazine/article?title=analiza-o-ile-wzrosly-ceny-biletow-w-premier-league-liverpool-i-arsenal-sa-najdrozsze HTTP/1.1" 200 86894
207.46.13.78 - - [11/Feb/2025:00:59:37 +0100] "GET /ticket2/opencms/dk/buy/?page=1&edid=76EAECA7-64F4-2580-38CA-B14BCC95A1C5 HTTP/1.1" 200 114391
65.108.0.71 - - [11/Feb/2025:00:59:39 +0100] "GET /ticket2/opencms/no/buy/?page=1&edid=D90F2F2C-0185-1952-C0BA-E46B3AE532D5 HTTP/1.1" 200 109008
111.7.96.160 - - [11/Feb/2025:00:59:39 +0100] "GET /ticket2/opencms/system/modules/com.gridnine.opencms.ticketbrokerage.site/resources/js/standard.js HTTP/1.1" 200 3983
54.36.148.177 - - [11/Feb/2025:00:59:40 +0100] "GET /ticket2/opencms/tr/buy?page=1&edid=133B893E-0B2E-BEF9-99B1-9E25283FAB9D HTTP/1.1" 200 109034
47.128.54.215 - - [11/Feb/2025:00:59:40 +0100] "GET /ticket2/opencms/dk/magazine/article?title=manchester-city-mod-queens-park-rangers HTTP/1.1" 200 85969
123.160.223.74 - - [11/Feb/2025:00:59:40 +0100] "GET /ticket2/opencms/en/ HTTP/1.1" 200 104661
111.7.96.160 - - [11/Feb/2025:00:59:41 +0100] "GET /ticket2/opencms/img/icons/ticket2.thumbnail.png HTTP/1.1" 200 21519
123.160.223.75 - - [11/Feb/2025:00:59:42 +0100] "GET /ticket2/opencms/system/modules/com.gridnine.opencms.ticketbrokerage.site/resources/js/jquery/jquery-ui.js HTTP/1.1" 200 228088
123.160.223.74 - - [11/Feb/2025:00:59:42 +0100] "GET /ticket2/opencms/system/modules/com.gridnine.opencms.ticketbrokerage.site/resources/js/jquery/jquery.js HTTP/1.1" 200 93868
123.160.223.75 - - [11/Feb/2025:00:59:42 +0100] "GET /ticket2/opencms/system/modules/com.gridnine.opencms.ticketbrokerage.site/resources/js/calendar.js HTTP/1.1" 200 49229
123.160.223.75 - - [11/Feb/2025:00:59:42 +0100] "GET /ticket2/opencms/system/modules/com.gridnine.opencms.ticketbrokerage.site/resources/js/calendar-setup.js HTTP/1.1" 200 4923
123.160.223.74 - - [11/Feb/2025:00:59:42 +0100] "GET /ticket2/opencms/system/modules/com.gridnine.opencms.ticketbrokerage.site/resources/js/stickyfill.min.js HTTP/1.1" 200 5672
65.108.0.71 - - [11/Feb/2025:00:59:43 +0100] "GET /ticket2/opencms/no/buy/?page=1&edid=D9483F7A-81C2-71D7-77DF-D2197B102901 HTTP/1.1" 200 105942
123.160.223.75 - - [11/Feb/2025:00:59:43 +0100] "GET /ticket2/opencms/system/modules/com.gridnine.opencms.ticketbrokerage.site/resources/js/calendar-en.js HTTP/1.1" 200 3338
123.160.223.74 - - [11/Feb/2025:00:59:44 +0100] "GET /ticket2/opencms/system/modules/com.gridnine.opencms.ticketbrokerage.site/resources/js/jquery.fancybox.pack.js HTTP/1.1" 200 23187
47.128.49.68 - - [11/Feb/2025:00:59:44 +0100] "GET /ticket2/opencms/fi/venue/?venueid=70347237-20AB-1826-B64D-E226B107BB72 HTTP/1.1" 200 84682
123.160.223.75 - - [11/Feb/2025:00:59:44 +0100] "GET /ticket2/opencms/system/modules/com.gridnine.opencms.ticketbrokerage.site/resources/js/functions.js HTTP/1.1" 200 1583
54.36.148.59 - - [11/Feb/2025:00:59:45 +0100] "GET /ticket2/opencms/be/buy?page=1&edid=2B4D80E3-665D-28EB-9306-0D3E928A752F HTTP/1.1" 200 108674
202.8.42.85 - - [11/Feb/2025:00:59:46 +0100] "GET /ticket2/opencms/system/modules/com.gridnine.opencms.ticketbrokerage.site/resources/css/ticketbrokerage.css HTTP/1.1" 200 39339
123.160.223.74 - - [11/Feb/2025:00:59:46 +0100] "GET /ticket2/opencms/system/modules/com.gridnine.opencms.ticketbrokerage.site/resources/js/common-ajax.js HTTP/1.1" 200 20175
202.8.42.85 - - [11/Feb/2025:00:59:46 +0100] "GET /ticket2/opencms/system/modules/com.gridnine.opencms.ticketbrokerage.site/resources/css/jquery-ui.css HTTP/1.1" 200 33221
123.160.223.74 - - [11/Feb/2025:00:59:46 +0100] "GET /ticket2/opencms/system/modules/com.gridnine.opencms.ticketbrokerage.site/resources/js/jquery.placeholder.min.js HTTP/1.1" 200 1737
202.8.42.85 - - [11/Feb/2025:00:59:46 +0100] "GET /ticket2/opencms/system/modules/com.gridnine.opencms.ticketbrokerage.site/resources/css/jquery.fancybox.css HTTP/1.1" 200 4939
123.160.223.75 - - [11/Feb/2025:00:59:46 +0100] "GET /ticket2/opencms/system/modules/com.gridnine.opencms.ticketbrokerage.site/resources/js/standard.js HTTP/1.1" 200 3983
202.8.42.85 - - [11/Feb/2025:00:59:46 +0100] "GET /ticket2/opencms/system/modules/com.gridnine.opencms.ticketbrokerage.site/resources/css/calendar.css HTTP/1.1" 200 6871
202.8.42.85 - - [11/Feb/2025:00:59:46 +0100] "GET /ticket2/opencms/system/modules/com.gridnine.opencms.ticketbrokerage.site/resources/css/standard.css HTTP/1.1" 200 73904
202.8.42.85 - - [11/Feb/2025:00:59:46 +0100] "GET /ticket2/opencms/system/modules/com.gridnine.opencms.ticketbrokerage.site/resources/js/jquery/jquery-ui.js HTTP/1.1" 200 228088
202.8.42.85 - - [11/Feb/2025:00:59:46 +0100] "GET /ticket2/opencms/system/modules/com.gridnine.opencms.ticketbrokerage.site/resources/js/jquery/jquery.js HTTP/1.1" 200 93868
202.8.42.85 - - [11/Feb/2025:00:59:46 +0100] "GET /ticket2/opencms/system/modules/com.gridnine.opencms.ticketbrokerage.site/resources/js/functions.js HTTP/1.1" 200 1583
202.8.42.85 - - [11/Feb/2025:00:59:47 +0100] "GET /ticket2/opencms/system/modules/com.gridnine.opencms.ticketbrokerage.site/resources/js/calendar.js HTTP/1.1" 200 49229
202.8.42.85 - - [11/Feb/2025:00:59:47 +0100] "GET /ticket2/opencms/system/modules/com.gridnine.opencms.ticketbrokerage.site/resources/js/calendar-en.js HTTP/1.1" 200 3338
202.8.42.85 - - [11/Feb/2025:00:59:47 +0100] "GET /ticket2/opencms/system/modules/com.gridnine.opencms.ticketbrokerage.site/resources/js/calendar-setup.js HTTP/1.1" 200 4923
202.8.42.85 - - [11/Feb/2025:00:59:47 +0100] "GET /ticket2/opencms/system/modules/com.gridnine.opencms.ticketbrokerage.site/resources/js/jquery.fancybox.pack.js HTTP/1.1" 200 23187
202.8.42.85 - - [11/Feb/2025:00:59:47 +0100] "GET /ticket2/opencms/system/modules/com.gridnine.opencms.ticketbrokerage.site/resources/js/stickyfill.min.js HTTP/1.1" 200 5672
202.8.42.85 - - [11/Feb/2025:00:59:47 +0100] "GET /ticket2/opencms/system/modules/com.gridnine.opencms.ticketbrokerage.site/resources/js/standard.js HTTP/1.1" 200 3983
202.8.42.85 - - [11/Feb/2025:00:59:47 +0100] "GET /ticket2/opencms/system/modules/com.gridnine.opencms.ticketbrokerage.site/resources/js/common-ajax.js HTTP/1.1" 200 20175
202.8.42.85 - - [11/Feb/2025:00:59:47 +0100] "GET /ticket2/opencms/system/modules/com.gridnine.opencms.ticketbrokerage.site/resources/js/jquery.placeholder.min.js HTTP/1.1" 200 1737
202.8.42.85 - - [11/Feb/2025:00:59:47 +0100] "GET /ticket2/opencms/be/ask-form.html HTTP/1.1" 200 3156
202.8.42.85 - - [11/Feb/2025:00:59:47 +0100] "GET /ticket2/opencms/system/modules/com.gridnine.opencms.ticketbrokerage.site/resources/css/ticketbrokerage.css HTTP/1.1" 200 39339
65.108.0.71 - - [11/Feb/2025:00:59:47 +0100] "GET /ticket2/opencms/no/buy/?page=1&edid=D96122AD-C3AA-80F5-DDA8-935E03AE952D HTTP/1.1" 200 131998
66.249.76.43 - - [11/Feb/2025:00:59:48 +0100] "GET /ticket2/opencms/fr/buy/?page=1&edid=66639F01-2DC3-AE31-937D-1F5B14F403FD HTTP/1.1" 200 106171
54.36.148.105 - - [11/Feb/2025:00:59:50 +0100] "GET /ticket2/opencms/mt/buy/?page=1&edid=1BDE69E9-911B-D7B1-5E4E-80296443BB3B HTTP/1.1" 200 106709
65.108.0.71 - - [11/Feb/2025:00:59:51 +0100] "GET /ticket2/opencms/no/buy/?page=1&edid=D99ADA8F-DD19-1ED8-19FA-1322A123D964 HTTP/1.1" 200 105931
123.160.223.74 - - [11/Feb/2025:00:59:52 +0100] "GET /ticket2/opencms/ HTTP/1.1" 302 -
123.160.223.73 - - [11/Feb/2025:00:59:53 +0100] "GET /ticket2/opencms/ HTTP/1.1" 302 -
123.160.223.74 - - [11/Feb/2025:00:59:53 +0100] "GET /ticket2/opencms/en/ HTTP/1.1" 200 104661
65.108.0.71 - - [11/Feb/2025:00:59:54 +0100] "GET /ticket2/opencms/no/buy/?page=1&edid=D9B6DEA1-0C13-FA80-469E-162654611A15 HTTP/1.1" 200 115193
114.119.140.111 - - [11/Feb/2025:00:59:54 +0100] "GET /ticket2/opencms/es/buy/?page=1&edid=5B1EBD64-AC5B-1705-53F4-E0FEF8B73423 HTTP/1.1" 200 88152
123.160.223.75 - - [11/Feb/2025:00:59:56 +0100] "GET /ticket2/opencms/en/ HTTP/1.1" 200 104661
123.160.223.75 - - [11/Feb/2025:00:59:57 +0100] "GET /ticket2/opencms/ HTTP/1.1" 302 -
123.160.223.75 - - [11/Feb/2025:00:59:57 +0100] "GET /ticket2/opencms/system/modules/com.gridnine.opencms.ticketbrokerage.site/resources/js/standard.js HTTP/1.1" 200 3983
65.108.0.71 - - [11/Feb/2025:00:59:58 +0100] "GET /ticket2/opencms/no/buy/?page=1&edid=D9F2239E-EF6A-EAF8-CB00-12A5392DA498 HTTP/1.1" 200 128815
123.160.223.74 - - [11/Feb/2025:00:59:59 +0100] "GET /ticket2/opencms/img/icons/ticket2.thumbnail.png HTTP/1.1" 200 21519
123.160.223.74 - - [11/Feb/2025:01:00:00 +0100] "GET /ticket2/opencms/img/icons/ticket2.thumbnail.png HTTP/1.1" 200 21519
54.36.148.191 - - [11/Feb/2025:01:00:00 +0100] "GET /ticket2/opencms/el/buy?page=1&edid=2B4D80E3-665D-28EB-9306-0D3E928A752F HTTP/1.1" 200 109654
37.123.143.11 - - [11/Feb/2025:01:00:41 +0100] "GET /ticket2/opencms/ HTTP/1.1" 302 -
65.108.0.71 - - [11/Feb/2025:01:00:43 +0100] "GET /ticket2/opencms/no/buy/?page=1&edid=DE0D0DE3-BA42-3783-5C74-6058213C61AE HTTP/1.1" 200 105937
52.167.144.19 - - [11/Feb/2025:01:00:43 +0100] "GET /ticket2/opencms/sl/buy/?page=1&edid=FC4F6BC6-B271-2793-34D0-127936415395 HTTP/1.1" 200 106427
66.249.68.37 - - [11/Feb/2025:01:00:43 +0100] "GET /ticket2/opencms/fr/buy/?page=1&edid=8E43ECF6-11B9-CAF2-A331-C77F36107AD0 HTTP/1.1" 200 119421
37.123.143.11 - - [11/Feb/2025:01:00:45 +0100] "GET /ticket2/opencms/sv/ HTTP/1.1" 200 106170
37.123.143.11 - - [11/Feb/2025:01:00:45 +0100] "GET /ticket2/opencms/system/modules/com.gridnine.opencms.ticketbrokerage.site/resources/css/ticketbrokerage.css HTTP/1.1" 200 39339
37.123.143.11 - - [11/Feb/2025:01:00:45 +0100] "GET /ticket2/opencms/system/modules/com.gridnine.opencms.ticketbrokerage.site/resources/css/calendar.css HTTP/1.1" 200 6871
37.123.143.11 - - [11/Feb/2025:01:00:45 +0100] "GET /ticket2/opencms/system/modules/com.gridnine.opencms.ticketbrokerage.site/resources/css/jquery-ui.css HTTP/1.1" 200 33221
37.123.143.11 - - [11/Feb/2025:01:00:45 +0100] "GET /ticket2/opencms/system/modules/com.gridnine.opencms.ticketbrokerage.site/resources/css/standard.css HTTP/1.1" 200 73904
37.123.143.11 - - [11/Feb/2025:01:00:45 +0100] "GET /ticket2/opencms/system/modules/com.gridnine.opencms.ticketbrokerage.site/resources/css/jquery.fancybox.css HTTP/1.1" 200 4939
37.123.143.11 - - [11/Feb/2025:01:00:45 +0100] "GET /ticket2/opencms/system/modules/com.gridnine.opencms.ticketbrokerage.site/resources/js/jquery/jquery.js HTTP/1.1" 200 93868
37.123.143.11 - - [11/Feb/2025:01:00:45 +0100] "GET /ticket2/opencms/system/modules/com.gridnine.opencms.ticketbrokerage.site/resources/js/jquery/jquery-ui.js HTTP/1.1" 200 228088
37.123.143.11 - - [11/Feb/2025:01:00:45 +0100] "GET /ticket2/opencms/system/modules/com.gridnine.opencms.ticketbrokerage.site/resources/js/functions.js HTTP/1.1" 200 1583
37.123.143.11 - - [11/Feb/2025:01:00:45 +0100] "GET /ticket2/opencms/system/modules/com.gridnine.opencms.ticketbrokerage.site/resources/js/calendar.js HTTP/1.1" 200 49229
37.123.143.11 - - [11/Feb/2025:01:00:45 +0100] "GET /ticket2/opencms/system/modules/com.gridnine.opencms.ticketbrokerage.site/resources/js/jquery.fancybox.pack.js HTTP/1.1" 200 23187
37.123.143.11 - - [11/Feb/2025:01:00:45 +0100] "GET /ticket2/opencms/system/modules/com.gridnine.opencms.ticketbrokerage.site/resources/js/calendar-en.js HTTP/1.1" 200 3338
37.123.143.11 - - [11/Feb/2025:01:00:45 +0100] "GET /ticket2/opencms/system/modules/com.gridnine.opencms.ticketbrokerage.site/resources/js/calendar-setup.js HTTP/1.1" 200 4923
37.123.143.11 - - [11/Feb/2025:01:00:45 +0100] "GET /ticket2/opencms/system/modules/com.gridnine.opencms.ticketbrokerage.site/resources/js/stickyfill.min.js HTTP/1.1" 200 5672
37.123.143.11 - - [11/Feb/2025:01:00:45 +0100] "GET /ticket2/opencms/img/icons/en.png HTTP/1.1" 200 2415
37.123.143.11 - - [11/Feb/2025:01:00:45 +0100] "GET /ticket2/opencms/img/icons/se.png HTTP/1.1" 200 1258
37.123.143.11 - - [11/Feb/2025:01:00:45 +0100] "GET /ticket2/opencms/img/icons/fi.png HTTP/1.1" 200 1785
37.123.143.11 - - [11/Feb/2025:01:00:45 +0100] "GET /ticket2/opencms/img/icons/no.png HTTP/1.1" 200 1958
37.123.143.11 - - [11/Feb/2025:01:00:45 +0100] "GET /ticket2/opencms/img/icons/dk.png HTTP/1.1" 200 1706
37.123.143.11 - - [11/Feb/2025:01:00:45 +0100] "GET /ticket2/opencms/system/modules/com.gridnine.opencms.ticketbrokerage.site/resources/js/standard.js HTTP/1.1" 200 3983
37.123.143.11 - - [11/Feb/2025:01:00:45 +0100] "GET /ticket2/opencms/system/modules/com.gridnine.opencms.ticketbrokerage.site/resources/js/jquery.placeholder.min.js HTTP/1.1" 200 1737
37.123.143.11 - - [11/Feb/2025:01:00:45 +0100] "GET /ticket2/opencms/system/modules/com.gridnine.opencms.ticketbrokerage.site/resources/js/common-ajax.js HTTP/1.1" 200 20175
37.123.143.11 - - [11/Feb/2025:01:00:45 +0100] "GET /ticket2/opencms/img/banner-pl.jpeg HTTP/1.1" 200 41818
37.123.143.11 - - [11/Feb/2025:01:00:45 +0100] "GET /ticket2/opencms/img/banner-ll.jpeg HTTP/1.1" 200 41825
37.123.143.11 - - [11/Feb/2025:01:00:45 +0100] "GET /ticket2/opencms/img/arrow.png HTTP/1.1" 200 753
37.123.143.11 - - [11/Feb/2025:01:00:45 +0100] "GET /ticket2/opencms/img/banner-sa.jpeg HTTP/1.1" 200 41270
37.123.143.11 - - [11/Feb/2025:01:00:45 +0100] "GET /ticket2/opencms/img/check.png HTTP/1.1" 200 548
37.123.143.11 - - [11/Feb/2025:01:00:45 +0100] "GET /ticket2/opencms/img/mail.png HTTP/1.1" 200 403
37.123.143.11 - - [11/Feb/2025:01:00:46 +0100] "GET /ticket2/opencms/img/chat.png HTTP/1.1" 200 416
37.123.143.11 - - [11/Feb/2025:01:00:46 +0100] "GET /ticket2/opencms/img/fb.png HTTP/1.1" 200 1269
37.123.143.11 - - [11/Feb/2025:01:00:46 +0100] "GET /ticket2/opencms/img/insta.png HTTP/1.1" 200 3967
37.123.143.11 - - [11/Feb/2025:01:00:46 +0100] "GET /ticket2/opencms/img/icons/globe-white.png HTTP/1.1" 200 947
37.123.143.11 - - [11/Feb/2025:01:00:46 +0100] "GET /ticket2/opencms/system/modules/com.gridnine.opencms.ticketbrokerage.site/resources/pics/logo-new.png HTTP/1.1" 200 13541
37.123.143.11 - - [11/Feb/2025:01:00:46 +0100] "GET /ticket2/opencms/img/icons/nl.png HTTP/1.1" 200 1255
37.123.143.11 - - [11/Feb/2025:01:00:46 +0100] "GET /ticket2/opencms/img/icons/de.png HTTP/1.1" 200 1124
37.123.143.11 - - [11/Feb/2025:01:00:46 +0100] "GET /ticket2/opencms/img/icons/fr.png HTTP/1.1" 200 1764
37.123.143.11 - - [11/Feb/2025:01:00:46 +0100] "GET /ticket2/opencms/img/icons/pl.png HTTP/1.1" 200 1578
37.123.143.11 - - [11/Feb/2025:01:00:46 +0100] "GET /ticket2/opencms/img/icons/es.png HTTP/1.1" 200 1005
37.123.143.11 - - [11/Feb/2025:01:00:46 +0100] "GET /ticket2/opencms/img/icons/it.png HTTP/1.1" 200 2040
37.123.143.11 - - [11/Feb/2025:01:00:46 +0100] "GET /ticket2/opencms/img/icons/az.png HTTP/1.1" 200 1445
37.123.143.11 - - [11/Feb/2025:01:00:46 +0100] "GET /ticket2/opencms/img/icons/be.png HTTP/1.1" 200 1663
37.123.143.11 - - [11/Feb/2025:01:00:46 +0100] "GET /ticket2/opencms/img/icons/sq.png HTTP/1.1" 200 1619
37.123.143.11 - - [11/Feb/2025:01:00:46 +0100] "GET /ticket2/opencms/img/icons/bs.png HTTP/1.1" 200 1014
37.123.143.11 - - [11/Feb/2025:01:00:46 +0100] "GET /ticket2/opencms/img/icons/bg.png HTTP/1.1" 200 788
37.123.143.11 - - [11/Feb/2025:01:00:46 +0100] "GET /ticket2/opencms/img/icons/hr.png HTTP/1.1" 200 2024
37.123.143.11 - - [11/Feb/2025:01:00:46 +0100] "GET /ticket2/opencms/img/icons/cs.png HTTP/1.1" 200 1883
37.123.143.11 - - [11/Feb/2025:01:00:46 +0100] "GET /ticket2/opencms/img/icons/el.png HTTP/1.1" 200 1637
37.123.143.11 - - [11/Feb/2025:01:00:46 +0100] "GET /ticket2/opencms/img/icons/et.png HTTP/1.1" 200 754
37.123.143.11 - - [11/Feb/2025:01:00:46 +0100] "GET /ticket2/opencms/img/icons/hu.png HTTP/1.1" 200 733
37.123.143.11 - - [11/Feb/2025:01:00:46 +0100] "GET /ticket2/opencms/img/icons/ka.png HTTP/1.1" 200 860
37.123.143.11 - - [11/Feb/2025:01:00:46 +0100] "GET /ticket2/opencms/img/icons/is.png HTTP/1.1" 200 1884
37.123.143.11 - - [11/Feb/2025:01:00:46 +0100] "GET /ticket2/opencms/img/icons/ga.png HTTP/1.1" 200 1759
37.123.143.11 - - [11/Feb/2025:01:00:46 +0100] "GET /ticket2/opencms/img/icons/lt.png HTTP/1.1" 200 733
37.123.143.11 - - [11/Feb/2025:01:00:46 +0100] "GET /ticket2/opencms/img/icons/lv.png HTTP/1.1" 200 716
37.123.143.11 - - [11/Feb/2025:01:00:46 +0100] "GET /ticket2/opencms/img/icons/mt.png HTTP/1.1" 200 920
37.123.143.11 - - [11/Feb/2025:01:00:46 +0100] "GET /ticket2/opencms/img/icons/mo.png HTTP/1.1" 200 1468
37.123.143.11 - - [11/Feb/2025:01:00:46 +0100] "GET /ticket2/opencms/img/icons/ro.png HTTP/1.1" 200 1393
37.123.143.11 - - [11/Feb/2025:01:00:46 +0100] "GET /ticket2/opencms/img/icons/sr.png HTTP/1.1" 200 1602
37.123.143.11 - - [11/Feb/2025:01:00:46 +0100] "GET /ticket2/opencms/img/icons/sk.png HTTP/1.1" 200 1283
37.123.143.11 - - [11/Feb/2025:01:00:46 +0100] "GET /ticket2/opencms/img/icons/sl.png HTTP/1.1" 200 966
37.123.143.11 - - [11/Feb/2025:01:00:46 +0100] "GET /ticket2/opencms/img/icons/uk.png HTTP/1.1" 200 1272
37.123.143.11 - - [11/Feb/2025:01:00:46 +0100] "GET /ticket2/opencms/img/icons/tr.png HTTP/1.1" 200 1636
37.123.143.11 - - [11/Feb/2025:01:00:46 +0100] "GET /ticket2/opencms/system/modules/com.gridnine.opencms.ticketbrokerage.site/resources/pics/footer-img.jpg HTTP/1.1" 200 67642
65.108.0.71 - - [11/Feb/2025:01:00:47 +0100] "GET /ticket2/opencms/no/buy/?page=1&edid=DF09DA20-E43F-35F9-26B1-56353C7187EA HTTP/1.1" 200 109008
54.36.148.74 - - [11/Feb/2025:01:00:48 +0100] "GET /ticket2/opencms/en/sport/football-tickets/premier_league/everton/ HTTP/1.1" 200 96356
114.119.133.220 - - [11/Feb/2025:01:00:49 +0100] "GET /ticket2/opencms/en/sell/?edid=FA4F3191-1462-B22F-A98E-3CAD809A68FA HTTP/1.1" 302 -
65.108.0.71 - - [11/Feb/2025:01:00:50 +0100] "GET /ticket2/opencms/no/buy/?page=1&edid=E02CECDE-C73F-D2CB-A0E2-52EF212A9F2B HTTP/1.1" 200 108001
114.119.133.220 - - [11/Feb/2025:01:00:53 +0100] "GET /ticket2/opencms/en/login/?url=/en/sell/ HTTP/1.1" 200 88018
54.36.148.157 - - [11/Feb/2025:01:00:53 +0100] "GET /ticket2/opencms/et/buy?page=1&edid=C2ECBA5C-6F54-380B-DDCA-15DF3F116F7E HTTP/1.1" 200 110039
65.108.0.71 - - [11/Feb/2025:01:00:53 +0100] "GET /ticket2/opencms/no/buy/?page=1&edid=E0AE80B3-D973-1C4A-1E4A-4F34E588C3A0 HTTP/1.1" 200 105946
65.108.0.71 - - [11/Feb/2025:01:00:57 +0100] "GET /ticket2/opencms/no/buy/?page=1&edid=E0DA4C4E-70A8-AB6F-171E-3FF387E35F29 HTTP/1.1" 200 109179
65.108.0.71 - - [11/Feb/2025:01:01:00 +0100] "GET /ticket2/opencms/no/buy/?page=1&edid=E0DCB6F1-32E5-4B69-7659-12DFC9BB0380 HTTP/1.1" 200 108001
185.191.171.7 - - [11/Feb/2025:01:01:01 +0100] "GET /ticket2/opencms/nl/magazine/article?title=toekomstige-sterren HTTP/1.1" 200 84932
47.128.47.83 - - [11/Feb/2025:01:01:01 +0100] "GET /ticket2/opencms/no/buy?edid=434B3C2D-9CD8-AFEA-B58E-B738E272C6E3 HTTP/1.1" 200 89041
123.160.223.73 - - [11/Feb/2025:01:01:02 +0100] "GET /ticket2/opencms/ HTTP/1.1" 302 -
123.160.223.75 - - [11/Feb/2025:01:01:03 +0100] "GET /ticket2/opencms/ HTTP/1.1" 302 -
65.108.0.71 - - [11/Feb/2025:01:01:04 +0100] "GET /ticket2/opencms/no/buy/?page=1&edid=E0F35E65-B71B-01E9-E92D-AC386E0ACF66 HTTP/1.1" 200 115162
123.160.223.72 - - [11/Feb/2025:01:01:06 +0100] "GET /ticket2/opencms/en/ HTTP/1.1" 200 104661
123.160.223.73 - - [11/Feb/2025:01:01:06 +0100] "GET /ticket2/opencms/en/ HTTP/1.1" 200 104661
123.160.223.72 - - [11/Feb/2025:01:01:07 +0100] "GET /ticket2/opencms/img/icons/ticket2.thumbnail.png HTTP/1.1" 200 21519
65.108.0.71 - - [11/Feb/2025:01:01:07 +0100] "GET /ticket2/opencms/no/buy/?page=1&edid=E11E1E12-66BC-E0C5-F313-3E777C16F760 HTTP/1.1" 200 127234
123.160.223.73 - - [11/Feb/2025:01:01:08 +0100] "GET /ticket2/opencms/img/icons/ticket2.thumbnail.png HTTP/1.1" 200 21519
185.191.171.17 - - [11/Feb/2025:01:01:10 +0100] "GET /ticket2/opencms/pl/magazine/article?title=hugo-larsson-20-latek-ktory-idzie-od-sukcesu-do-sukcesu HTTP/1.1" 200 86894
66.249.68.69 - - [11/Feb/2025:01:01:11 +0100] "GET /ticket2/opencms/pl/buy/?page=1&edid=2FB70CE5-901D-FB66-7FC4-208504D406B6 HTTP/1.1" 200 112360
65.108.0.71 - - [11/Feb/2025:01:01:11 +0100] "GET /ticket2/opencms/no/buy/?page=1&edid=E123F66C-0D4C-91CD-D0A4-BF13FE729FE0 HTTP/1.1" 200 115878
40.77.167.11 - - [11/Feb/2025:01:01:12 +0100] "GET /ticket2/opencms/en/buy?page=1&edid=CB90B18C-10D2-A7D7-34F0-9F8E61AEE4C6 HTTP/1.1" 200 107932
65.108.0.71 - - [11/Feb/2025:01:01:14 +0100] "GET /ticket2/opencms/no/buy/?page=1&edid=E1D17E6B-9491-FB54-F578-EF7CB536A051 HTTP/1.1" 200 105921
66.249.68.69 - - [11/Feb/2025:01:01:15 +0100] "GET /ticket2/opencms/nl/buy?page=1&edid=A63CB229-A1A5-6049-4462-09D8A2D4CF7F HTTP/1.1" 200 107320
123.160.223.74 - - [11/Feb/2025:01:01:16 +0100] "GET /ticket2/opencms/ HTTP/1.1" 302 -
123.160.223.75 - - [11/Feb/2025:01:01:18 +0100] "GET /ticket2/opencms/en/ HTTP/1.1" 200 104661
65.108.0.71 - - [11/Feb/2025:01:01:18 +0100] "GET /ticket2/opencms/no/buy/?page=1&edid=E283AC65-3197-392C-E040-FCBDD904729E HTTP/1.1" 200 118751
114.119.140.111 - - [11/Feb/2025:01:01:20 +0100] "GET /ticket2/opencms/en/magazine/article?title=manchester-united-vs-arsenal HTTP/1.1" 200 85527
65.108.0.71 - - [11/Feb/2025:01:01:21 +0100] "GET /ticket2/opencms/no/buy/?page=1&edid=E3251761-EB52-79D3-066B-585D4F470E3B HTTP/1.1" 200 115223
54.36.148.5 - - [11/Feb/2025:01:01:23 +0100] "GET /ticket2/opencms/ro/buy?page=1&edid=734C6A51-079B-DC49-D097-AED66CC22C3C HTTP/1.1" 200 106579
65.108.0.71 - - [11/Feb/2025:01:01:25 +0100] "GET /ticket2/opencms/no/buy/?page=1&edid=E53C8E7A-C1C8-80DF-ED27-96FEFF6B5147 HTTP/1.1" 200 132209
54.36.148.237 - - [11/Feb/2025:01:01:25 +0100] "GET /ticket2/opencms/lv/buy?page=1&edid=EE1094B0-5F8D-7F5A-3592-6F4F9BDBF532 HTTP/1.1" 200 133488
65.108.0.71 - - [11/Feb/2025:01:01:28 +0100] "GET /ticket2/opencms/no/buy/?page=1&edid=E5C71AA1-7B1A-D9BE-470B-940D9CED866E HTTP/1.1" 200 105943
123.160.223.73 - - [11/Feb/2025:01:01:29 +0100] "GET /ticket2/opencms/img/icons/ticket2.thumbnail.png HTTP/1.1" 200 21519
65.108.0.71 - - [11/Feb/2025:01:01:32 +0100] "GET /ticket2/opencms/no/buy/?page=1&edid=E66B1558-C5A6-CDDD-B7DD-6060381B0F38 HTTP/1.1" 200 119036
65.108.0.71 - - [11/Feb/2025:01:01:36 +0100] "GET /ticket2/opencms/no/buy/?page=1&edid=E6BF5AD1-BE0F-B988-8995-E2E5D8BDCA2A HTTP/1.1" 200 115400
66.249.79.192 - - [11/Feb/2025:01:01:37 +0100] "GET /ticket2/opencms/no/buy?page=1&edid=1B66F7E9-6D68-7258-D0DB-383034F8302F HTTP/1.1" 200 132419
65.108.0.71 - - [11/Feb/2025:01:01:39 +0100] "GET /ticket2/opencms/no/buy/?page=1&edid=E86D89E6-4B76-0823-49E9-A4E0BE4014AF HTTP/1.1" 200 131396
54.36.148.24 - - [11/Feb/2025:01:01:41 +0100] "GET /ticket2/opencms/hr/buy?page=1&edid=1725DD81-AB30-210C-691A-5E56E0E70527 HTTP/1.1" 200 116168
202.8.40.221 - - [11/Feb/2025:01:01:42 +0100] "GET /ticket2/opencms/system/modules/com.gridnine.opencms.ticketbrokerage.site/resources/css/jquery-ui.css HTTP/1.1" 200 33221
202.8.40.221 - - [11/Feb/2025:01:01:42 +0100] "GET /ticket2/opencms/system/modules/com.gridnine.opencms.ticketbrokerage.site/resources/css/calendar.css HTTP/1.1" 200 6871
202.8.40.221 - - [11/Feb/2025:01:01:42 +0100] "GET /ticket2/opencms/system/modules/com.gridnine.opencms.ticketbrokerage.site/resources/css/jquery.fancybox.css HTTP/1.1" 200 4939
202.8.40.221 - - [11/Feb/2025:01:01:42 +0100] "GET /ticket2/opencms/system/modules/com.gridnine.opencms.ticketbrokerage.site/resources/css/standard.css HTTP/1.1" 200 73904
202.8.40.221 - - [11/Feb/2025:01:01:42 +0100] "GET /ticket2/opencms/system/modules/com.gridnine.opencms.ticketbrokerage.site/resources/css/ticketbrokerage.css HTTP/1.1" 200 39339
202.8.40.221 - - [11/Feb/2025:01:01:42 +0100] "GET /ticket2/opencms/system/modules/com.gridnine.opencms.ticketbrokerage.site/resources/js/jquery/jquery-ui.js HTTP/1.1" 200 228088
202.8.40.221 - - [11/Feb/2025:01:01:42 +0100] "GET /ticket2/opencms/system/modules/com.gridnine.opencms.ticketbrokerage.site/resources/js/jquery/jquery.js HTTP/1.1" 200 93868
202.8.40.221 - - [11/Feb/2025:01:01:42 +0100] "GET /ticket2/opencms/system/modules/com.gridnine.opencms.ticketbrokerage.site/resources/js/functions.js HTTP/1.1" 200 1583
202.8.40.221 - - [11/Feb/2025:01:01:42 +0100] "GET /ticket2/opencms/system/modules/com.gridnine.opencms.ticketbrokerage.site/resources/js/calendar.js HTTP/1.1" 200 49229
202.8.40.221 - - [11/Feb/2025:01:01:42 +0100] "GET /ticket2/opencms/system/modules/com.gridnine.opencms.ticketbrokerage.site/resources/js/calendar-setup.js HTTP/1.1" 200 4923
202.8.40.221 - - [11/Feb/2025:01:01:42 +0100] "GET /ticket2/opencms/system/modules/com.gridnine.opencms.ticketbrokerage.site/resources/js/calendar-en.js HTTP/1.1" 200 3338
202.8.40.221 - - [11/Feb/2025:01:01:42 +0100] "GET /ticket2/opencms/system/modules/com.gridnine.opencms.ticketbrokerage.site/resources/js/jquery.fancybox.pack.js HTTP/1.1" 200 23187
202.8.40.221 - - [11/Feb/2025:01:01:42 +0100] "GET /ticket2/opencms/system/modules/com.gridnine.opencms.ticketbrokerage.site/resources/js/stickyfill.min.js HTTP/1.1" 200 5672
202.8.40.221 - - [11/Feb/2025:01:01:42 +0100] "GET /ticket2/opencms/system/modules/com.gridnine.opencms.ticketbrokerage.site/resources/js/standard.js HTTP/1.1" 200 3983
202.8.40.221 - - [11/Feb/2025:01:01:42 +0100] "GET /ticket2/opencms/system/modules/com.gridnine.opencms.ticketbrokerage.site/resources/js/jquery.placeholder.min.js HTTP/1.1" 200 1737
202.8.40.221 - - [11/Feb/2025:01:01:42 +0100] "GET /ticket2/opencms/system/modules/com.gridnine.opencms.ticketbrokerage.site/resources/js/common-ajax.js HTTP/1.1" 200 20175
202.8.40.221 - - [11/Feb/2025:01:01:42 +0100] "GET /ticket2/opencms/hr/ask-form.html HTTP/1.1" 200 3156
202.8.40.221 - - [11/Feb/2025:01:01:43 +0100] "GET /ticket2/opencms/system/modules/com.gridnine.opencms.ticketbrokerage.site/resources/css/ticketbrokerage.css HTTP/1.1" 200 39339
65.108.0.71 - - [11/Feb/2025:01:01:43 +0100] "GET /ticket2/opencms/no/buy/?page=1&edid=E8BA54CC-B112-3D61-BE02-1B4D1E4F63D1 HTTP/1.1" 200 131310
65.108.0.71 - - [11/Feb/2025:01:01:46 +0100] "GET /ticket2/opencms/no/buy/?page=1&edid=ED6B033E-FAAE-D3A6-3006-A43EA8437C62 HTTP/1.1" 200 113846
65.108.0.71 - - [11/Feb/2025:01:01:50 +0100] "GET /ticket2/opencms/no/buy/?page=1&edid=EE9D378D-B608-D0C3-023E-19EA1CC71BB7 HTTP/1.1" 200 105961
40.77.167.20 - - [11/Feb/2025:01:01:53 +0100] "GET /ticket2/opencms/lt/buy?page=1&edid=11EFBC55-130A-2310-B776-C5D86878BDAB HTTP/1.1" 200 109972
65.108.0.71 - - [11/Feb/2025:01:01:53 +0100] "GET /ticket2/opencms/no/buy/?page=1&edid=F056D8D3-0A78-F8DD-AF89-486FA1EA1B58 HTTP/1.1" 200 115393
65.108.0.71 - - [11/Feb/2025:01:01:57 +0100] "GET /ticket2/opencms/no/buy/?page=1&edid=F26F7624-B3C7-3F2B-5F3B-CAEEB7F1CB7F HTTP/1.1" 200 131988
123.160.223.72 - - [11/Feb/2025:01:01:58 +0100] "GET /ticket2/opencms/ HTTP/1.1" 302 -
123.160.223.72 - - [11/Feb/2025:01:01:58 +0100] "GET /ticket2/opencms/ HTTP/1.1" 302 -
47.128.116.99 - - [11/Feb/2025:01:01:58 +0100] "GET /ticket2/opencms/no/sport/fotballsbilletter/champions_league/manchester_united/ HTTP/1.1" 200 86544
123.160.223.75 - - [11/Feb/2025:01:01:59 +0100] "GET /ticket2/opencms/en/ HTTP/1.1" 200 104661
123.160.223.74 - - [11/Feb/2025:01:01:59 +0100] "GET /ticket2/opencms/en/ HTTP/1.1" 200 104661
47.128.116.99 - - [11/Feb/2025:01:02:00 +0100] "GET /ticket2/opencms/system/modules/com.gridnine.opencms.ticketbrokerage.site/resources/pics/banners/team/premier_league/manchester_united.png HTTP/1.1" 200 13884
40.77.167.65 - - [11/Feb/2025:01:02:01 +0100] "GET /ticket2/opencms/mo/buy?page=1&edid=8A952CCD-A492-95D3-2AFF-7C7D5623F3B6 HTTP/1.1" 200 109043
123.160.223.72 - - [11/Feb/2025:01:02:01 +0100] "GET /ticket2/opencms/ HTTP/1.1" 302 -
65.108.0.71 - - [11/Feb/2025:01:02:01 +0100] "GET /ticket2/opencms/no/buy/?page=1&edid=F2971CC3-8714-3DC4-0355-85018375B4CB HTTP/1.1" 200 108079
123.160.223.72 - - [11/Feb/2025:01:02:02 +0100] "GET /ticket2/opencms/ HTTP/1.1" 302 -
54.36.148.5 - - [11/Feb/2025:01:02:03 +0100] "GET /ticket2/opencms/pl/buy?page=1&edid=C2ECBA5C-6F54-380B-DDCA-15DF3F116F7E HTTP/1.1" 200 110065
123.160.223.73 - - [11/Feb/2025:01:02:04 +0100] "GET /ticket2/opencms/en/ HTTP/1.1" 200 104661
123.160.223.73 - - [11/Feb/2025:01:02:04 +0100] "GET /ticket2/opencms/en/ HTTP/1.1" 200 104661
65.108.0.71 - - [11/Feb/2025:01:02:04 +0100] "GET /ticket2/opencms/no/buy/?page=1&edid=F2BB5427-1D4A-AECD-9787-90D94712CD18 HTTP/1.1" 200 132008
123.160.223.73 - - [11/Feb/2025:01:02:06 +0100] "GET /ticket2/opencms/system/modules/com.gridnine.opencms.ticketbrokerage.site/resources/js/calendar.js HTTP/1.1" 200 49229
123.160.223.72 - - [11/Feb/2025:01:02:06 +0100] "GET /ticket2/opencms/system/modules/com.gridnine.opencms.ticketbrokerage.site/resources/js/calendar-setup.js HTTP/1.1" 200 4923
123.160.223.73 - - [11/Feb/2025:01:02:06 +0100] "GET /ticket2/opencms/system/modules/com.gridnine.opencms.ticketbrokerage.site/resources/js/jquery.fancybox.pack.js HTTP/1.1" 200 23187
123.160.223.73 - - [11/Feb/2025:01:02:06 +0100] "GET /ticket2/opencms/system/modules/com.gridnine.opencms.ticketbrokerage.site/resources/js/jquery/jquery-ui.js HTTP/1.1" 200 228088
123.160.223.73 - - [11/Feb/2025:01:02:06 +0100] "GET /ticket2/opencms/system/modules/com.gridnine.opencms.ticketbrokerage.site/resources/js/functions.js HTTP/1.1" 200 1583
123.160.223.72 - - [11/Feb/2025:01:02:06 +0100] "GET /ticket2/opencms/system/modules/com.gridnine.opencms.ticketbrokerage.site/resources/js/calendar-en.js HTTP/1.1" 200 3338
123.160.223.72 - - [11/Feb/2025:01:02:06 +0100] "GET /ticket2/opencms/system/modules/com.gridnine.opencms.ticketbrokerage.site/resources/js/jquery.fancybox.pack.js HTTP/1.1" 200 23187
123.160.223.72 - - [11/Feb/2025:01:02:06 +0100] "GET /ticket2/opencms/system/modules/com.gridnine.opencms.ticketbrokerage.site/resources/js/jquery/jquery.js HTTP/1.1" 200 93868
123.160.223.72 - - [11/Feb/2025:01:02:06 +0100] "GET /ticket2/opencms/system/modules/com.gridnine.opencms.ticketbrokerage.site/resources/js/calendar-en.js HTTP/1.1" 200 3338
123.160.223.73 - - [11/Feb/2025:01:02:07 +0100] "GET /ticket2/opencms/system/modules/com.gridnine.opencms.ticketbrokerage.site/resources/js/calendar-setup.js HTTP/1.1" 200 4923
123.160.223.72 - - [11/Feb/2025:01:02:07 +0100] "GET /ticket2/opencms/system/modules/com.gridnine.opencms.ticketbrokerage.site/resources/js/functions.js HTTP/1.1" 200 1583
123.160.223.73 - - [11/Feb/2025:01:02:07 +0100] "GET /ticket2/opencms/system/modules/com.gridnine.opencms.ticketbrokerage.site/resources/js/jquery/jquery-ui.js HTTP/1.1" 200 228088
123.160.223.73 - - [11/Feb/2025:01:02:07 +0100] "GET /ticket2/opencms/system/modules/com.gridnine.opencms.ticketbrokerage.site/resources/js/calendar.js HTTP/1.1" 200 49229
123.160.223.72 - - [11/Feb/2025:01:02:07 +0100] "GET /ticket2/opencms/system/modules/com.gridnine.opencms.ticketbrokerage.site/resources/js/jquery/jquery.js HTTP/1.1" 200 93868
123.160.223.73 - - [11/Feb/2025:01:02:08 +0100] "GET /ticket2/opencms/system/modules/com.gridnine.opencms.ticketbrokerage.site/resources/js/stickyfill.min.js HTTP/1.1" 200 5672
65.108.0.71 - - [11/Feb/2025:01:02:08 +0100] "GET /ticket2/opencms/no/buy/?page=1&edid=F56E127D-A378-06F4-84E7-3510C0A2494A HTTP/1.1" 200 105905
123.160.223.73 - - [11/Feb/2025:01:02:09 +0100] "GET /ticket2/opencms/system/modules/com.gridnine.opencms.ticketbrokerage.site/resources/js/standard.js HTTP/1.1" 200 3983
123.160.223.72 - - [11/Feb/2025:01:02:09 +0100] "GET /ticket2/opencms/system/modules/com.gridnine.opencms.ticketbrokerage.site/resources/js/standard.js HTTP/1.1" 200 3983
123.160.223.72 - - [11/Feb/2025:01:02:09 +0100] "GET /ticket2/opencms/system/modules/com.gridnine.opencms.ticketbrokerage.site/resources/js/stickyfill.min.js HTTP/1.1" 200 5672
123.160.223.73 - - [11/Feb/2025:01:02:09 +0100] "GET /ticket2/opencms/system/modules/com.gridnine.opencms.ticketbrokerage.site/resources/js/common-ajax.js HTTP/1.1" 200 20175
123.160.223.73 - - [11/Feb/2025:01:02:09 +0100] "GET /ticket2/opencms/system/modules/com.gridnine.opencms.ticketbrokerage.site/resources/js/jquery.placeholder.min.js HTTP/1.1" 200 1737
123.160.223.73 - - [11/Feb/2025:01:02:10 +0100] "GET /ticket2/opencms/system/modules/com.gridnine.opencms.ticketbrokerage.site/resources/js/jquery.placeholder.min.js HTTP/1.1" 200 1737
123.160.223.73 - - [11/Feb/2025:01:02:10 +0100] "GET /ticket2/opencms/system/modules/com.gridnine.opencms.ticketbrokerage.site/resources/js/common-ajax.js HTTP/1.1" 200 20175
40.77.167.144 - - [11/Feb/2025:01:02:11 +0100] "GET /ticket2/opencms/en/venue/?venueid=05715F85-D32B-E5F5-DEA4-D616425C57F4 HTTP/1.1" 200 83290
65.108.0.71 - - [11/Feb/2025:01:02:12 +0100] "GET /ticket2/opencms/no/buy/?page=1&edid=F6626DB9-CF49-C060-B5A0-E4907286C489 HTTP/1.1" 200 105944
123.160.223.72 - - [11/Feb/2025:01:02:14 +0100] "GET /ticket2/opencms/system/modules/com.gridnine.opencms.ticketbrokerage.site/resources/js/standard.js HTTP/1.1" 200 3983
65.108.0.71 - - [11/Feb/2025:01:02:15 +0100] "GET /ticket2/opencms/no/buy/?page=1&edid=F6B52729-D385-1BA8-C061-8869A2499C82 HTTP/1.1" 200 105921
123.160.223.74 - - [11/Feb/2025:01:02:16 +0100] "GET /ticket2/opencms/img/icons/ticket2.thumbnail.png HTTP/1.1" 200 21519
123.160.223.72 - - [11/Feb/2025:01:02:17 +0100] "GET /ticket2/opencms/system/modules/com.gridnine.opencms.ticketbrokerage.site/resources/js/standard.js HTTP/1.1" 200 3983
65.108.0.71 - - [11/Feb/2025:01:02:19 +0100] "GET /ticket2/opencms/no/buy/?page=1&edid=F6F96A56-F5DB-5CCB-7CBF-891CB25B6D4A HTTP/1.1" 200 105953
123.160.223.74 - - [11/Feb/2025:01:02:19 +0100] "GET /ticket2/opencms/img/icons/ticket2.thumbnail.png HTTP/1.1" 200 21519
114.119.141.34 - - [11/Feb/2025:01:02:20 +0100] "GET /ticket2/opencms/es/buy/?page=1&edid=8F340A1C-D664-7FDD-8257-FE31525DAB7C HTTP/1.1" 200 134442
65.108.0.71 - - [11/Feb/2025:01:02:22 +0100] "GET /ticket2/opencms/no/buy/?page=1&edid=F7378244-15B7-A239-317C-1FF50D66CBB3 HTTP/1.1" 200 105950
47.128.36.38 - - [11/Feb/2025:01:02:22 +0100] "GET /ticket2/opencms/sq/magazine/article?title=zbuloni-la-liga-live-bli-bileta-ne-ticket2 HTTP/1.1" 200 87065
66.249.79.202 - - [11/Feb/2025:01:02:23 +0100] "GET /ticket2/opencms/el/sell/ HTTP/1.1" 302 -
111.7.96.164 - - [11/Feb/2025:01:02:23 +0100] "GET /ticket2/opencms/ HTTP/1.1" 302 -
111.7.96.164 - - [11/Feb/2025:01:02:24 +0100] "GET /ticket2/opencms/en/ HTTP/1.1" 200 104661
65.108.0.71 - - [11/Feb/2025:01:02:26 +0100] "GET /ticket2/opencms/no/buy/?page=1&edid=F7607B70-C7D1-859A-AF1D-90ACBF6F99CC HTTP/1.1" 200 115219
111.7.96.164 - - [11/Feb/2025:01:02:26 +0100] "GET /ticket2/opencms/ HTTP/1.1" 302 -
185.191.171.19 - - [11/Feb/2025:01:02:27 +0100] "GET /ticket2/opencms/az/magazine/article?title=lionel-messi-zamanlarin-en-cox-axtarilan-istedadlarindan-biri HTTP/1.1" 200 87120
111.7.96.164 - - [11/Feb/2025:01:02:28 +0100] "GET /ticket2/opencms/en/ HTTP/1.1" 200 104661
66.249.68.6 - - [11/Feb/2025:01:02:28 +0100] "GET /ticket2/opencms/bs/buy?page=1&edid=D3D1A511-385D-0A89-1FCD-2C30ED5A7E8C HTTP/1.1" 200 106258
111.7.96.164 - - [11/Feb/2025:01:02:29 +0100] "GET /ticket2/opencms/system/modules/com.gridnine.opencms.ticketbrokerage.site/resources/js/stickyfill.min.js HTTP/1.1" 200 5672
