202.8.42.250 - - [11/Feb/2025:00:21:25 +0100] "GET /ticket2/opencms/system/modules/com.gridnine.opencms.ticketbrokerage.site/resources/js/jquery/jquery.js HTTP/1.1" 200 93868
202.8.42.250 - - [11/Feb/2025:00:21:25 +0100] "GET /ticket2/opencms/system/modules/com.gridnine.opencms.ticketbrokerage.site/resources/js/jquery/jquery-ui.js HTTP/1.1" 200 228088
202.8.42.250 - - [11/Feb/2025:00:21:25 +0100] "GET /ticket2/opencms/system/modules/com.gridnine.opencms.ticketbrokerage.site/resources/js/functions.js HTTP/1.1" 200 1583
202.8.42.250 - - [11/Feb/2025:00:21:25 +0100] "GET /ticket2/opencms/system/modules/com.gridnine.opencms.ticketbrokerage.site/resources/js/calendar.js HTTP/1.1" 200 49229
202.8.42.250 - - [11/Feb/2025:00:21:25 +0100] "GET /ticket2/opencms/system/modules/com.gridnine.opencms.ticketbrokerage.site/resources/js/calendar-setup.js HTTP/1.1" 200 4923
202.8.42.250 - - [11/Feb/2025:00:21:25 +0100] "GET /ticket2/opencms/system/modules/com.gridnine.opencms.ticketbrokerage.site/resources/js/calendar-en.js HTTP/1.1" 200 3338
202.8.42.250 - - [11/Feb/2025:00:21:25 +0100] "GET /ticket2/opencms/system/modules/com.gridnine.opencms.ticketbrokerage.site/resources/js/jquery.fancybox.pack.js HTTP/1.1" 200 23187
202.8.42.250 - - [11/Feb/2025:00:21:25 +0100] "GET /ticket2/opencms/system/modules/com.gridnine.opencms.ticketbrokerage.site/resources/js/stickyfill.min.js HTTP/1.1" 200 5672
202.8.42.250 - - [11/Feb/2025:00:21:25 +0100] "GET /ticket2/opencms/system/modules/com.gridnine.opencms.ticketbrokerage.site/resources/js/standard.js HTTP/1.1" 200 3983
202.8.42.250 - - [11/Feb/2025:00:21:25 +0100] "GET /ticket2/opencms/system/modules/com.gridnine.opencms.ticketbrokerage.site/resources/js/jquery.placeholder.min.js HTTP/1.1" 200 1737
202.8.42.250 - - [11/Feb/2025:00:21:25 +0100] "GET /ticket2/opencms/system/modules/com.gridnine.opencms.ticketbrokerage.site/resources/js/common-ajax.js HTTP/1.1" 200 20175
202.8.42.250 - - [11/Feb/2025:00:21:25 +0100] "GET /ticket2/opencms/az/ask-form.html HTTP/1.1" 200 3156
202.8.42.250 - - [11/Feb/2025:00:21:25 +0100] "GET /ticket2/opencms/system/modules/com.gridnine.opencms.ticketbrokerage.site/resources/css/ticketbrokerage.css HTTP/1.1" 200 39339
52.167.144.229 - - [11/Feb/2025:00:21:25 +0100] "GET /ticket2/opencms/et/buy?page=1&edid=3B7ABFED-CCD4-8F1F-8F8D-A476A0A381CC HTTP/1.1" 200 110017
192.99.15.34 - - [11/Feb/2025:00:21:26 +0100] "GET /ticket2/opencms/no/buy/?page=1&edid=17ABEF83-A306-7DC9-F266-4B55FF85626E&sortorder=asc&column=price HTTP/1.1" 200 109632
54.36.148.245 - - [11/Feb/2025:00:21:27 +0100] "GET /ticket2/opencms/el/buy/?page=1&edid=72A75E6D-B3C3-ED2C-0014-AD12C76904B2 HTTP/1.1" 200 109648
193.70.81.116 - - [11/Feb/2025:00:21:27 +0100] "GET /ticket2/opencms/dk/buy/?page=1&edid=FEE25E36-04D3-46C8-6D56-05013D91539C HTTP/1.1" 200 105138
114.119.140.111 - - [11/Feb/2025:00:21:29 +0100] "GET /ticket2/opencms/en/venue/?venueid=7E50D8FA-8534-B576-687A-11043ABCF62E HTTP/1.1" 200 83227
52.167.144.202 - - [11/Feb/2025:00:21:30 +0100] "GET /ticket2/opencms/uk/buy/?id=BE041FBE-C1A7-918C-EB61-99ED02D12F5B HTTP/1.1" 200 90091
67.144.2.241 - - [11/Feb/2025:00:21:30 +0100] "GET /ticket2/opencms/no/buy/?page=1&edid=DE73DB51-4178-AA85-D066-1C5C2E4D27B9 HTTP/1.1" 200 108157
52.167.144.202 - - [11/Feb/2025:00:21:30 +0100] "GET /ticket2/opencms/hr/buy/?page=1&edid=8D58C9DD-E967-B351-A76A-68EF419B5A93 HTTP/1.1" 200 109347
192.99.15.34 - - [11/Feb/2025:00:21:30 +0100] "GET /ticket2/opencms/no/buy/?page=1&edid=17ABEF83-A306-7DC9-F266-4B55FF85626E&sortorder=asc&column=row HTTP/1.1" 200 109566
193.70.81.116 - - [11/Feb/2025:00:21:32 +0100] "GET /ticket2/opencms/dk/buy/?page=1&edid=FF079107-CBD4-B70B-EC76-A896DEC733A2 HTTP/1.1" 200 117905
83.191.124.42 - - [11/Feb/2025:00:21:35 +0100] "GET /ticket2/opencms/sv/search.html?searchQuery=Manchester+city+&submit= HTTP/1.1" 200 109581
83.191.124.42 - - [11/Feb/2025:00:21:35 +0100] "GET /ticket2/opencms/system/modules/com.gridnine.opencms.ticketbrokerage.site/resources/css/ticketbrokerage.css HTTP/1.1" 200 39339
83.191.124.42 - - [11/Feb/2025:00:21:35 +0100] "GET /ticket2/opencms/system/modules/com.gridnine.opencms.ticketbrokerage.site/resources/js/calendar-setup.js HTTP/1.1" 200 4923
83.191.124.42 - - [11/Feb/2025:00:21:35 +0100] "GET /ticket2/opencms/system/modules/com.gridnine.opencms.ticketbrokerage.site/resources/js/calendar.js HTTP/1.1" 200 49229
83.191.124.42 - - [11/Feb/2025:00:21:35 +0100] "GET /ticket2/opencms/system/modules/com.gridnine.opencms.ticketbrokerage.site/resources/js/standard.js HTTP/1.1" 200 3983
83.191.124.42 - - [11/Feb/2025:00:21:35 +0100] "GET /ticket2/opencms/system/modules/com.gridnine.opencms.ticketbrokerage.site/resources/css/calendar.css HTTP/1.1" 200 6871
83.191.124.42 - - [11/Feb/2025:00:21:35 +0100] "GET /ticket2/opencms/system/modules/com.gridnine.opencms.ticketbrokerage.site/resources/css/standard.css HTTP/1.1" 200 73904
83.191.124.42 - - [11/Feb/2025:00:21:35 +0100] "GET /ticket2/opencms/system/modules/com.gridnine.opencms.ticketbrokerage.site/resources/js/calendar-en.js HTTP/1.1" 200 3338
83.191.124.42 - - [11/Feb/2025:00:21:36 +0100] "GET /ticket2/opencms/system/modules/com.gridnine.opencms.ticketbrokerage.site/resources/pics/bank_1_nordea.png HTTP/1.1" 200 4807
83.191.124.42 - - [11/Feb/2025:00:21:36 +0100] "GET /ticket2/opencms/system/modules/com.gridnine.opencms.ticketbrokerage.site/resources/js/functions.js HTTP/1.1" 200 1583
83.191.124.42 - - [11/Feb/2025:00:21:36 +0100] "GET /ticket2/opencms/system/modules/com.gridnine.opencms.ticketbrokerage.site/resources/pics/bank_2_handelsbanken.png HTTP/1.1" 200 4509
83.191.124.42 - - [11/Feb/2025:00:21:36 +0100] "GET /ticket2/opencms/system/modules/com.gridnine.opencms.ticketbrokerage.site/resources/pics/bank_3_swedbank.png HTTP/1.1" 200 5740
83.191.124.42 - - [11/Feb/2025:00:21:36 +0100] "GET /ticket2/opencms/system/modules/com.gridnine.opencms.ticketbrokerage.site/resources/pics/bank_6_american_express.png HTTP/1.1" 200 5570
83.191.124.42 - - [11/Feb/2025:00:21:36 +0100] "GET /ticket2/opencms/system/modules/com.gridnine.opencms.ticketbrokerage.site/resources/pics/bank_4_seb.png HTTP/1.1" 200 2487
83.191.124.42 - - [11/Feb/2025:00:21:36 +0100] "GET /ticket2/opencms/system/modules/com.gridnine.opencms.ticketbrokerage.site/resources/pics/bank_5_visa_mastercard.png HTTP/1.1" 200 8196
83.191.124.42 - - [11/Feb/2025:00:21:36 +0100] "GET /ticket2/opencms/system/modules/com.gridnine.opencms.ticketbrokerage.site/resources/css/images/ui-bg_flat_75_ffffff_40x100.png HTTP/1.1" 404 -
83.191.124.42 - - [11/Feb/2025:00:21:36 +0100] "GET /ticket2/opencms/sv/ask-form.html HTTP/1.1" 200 2950
83.191.124.42 - - [11/Feb/2025:00:21:36 +0100] "GET /ticket2/opencms/system/modules/com.gridnine.opencms.ticketbrokerage.site/resources/css/ticketbrokerage.css HTTP/1.1" 200 39339
193.70.81.116 - - [11/Feb/2025:00:21:38 +0100] "GET /ticket2/opencms/dk/buy/?page=1&edid=FF78E5AF-B575-E137-254B-7D951914395E HTTP/1.1" 200 108401
52.167.144.173 - - [11/Feb/2025:00:21:41 +0100] "GET /ticket2/opencms/be/buy/?page=1&edid=B164CC2E-DB9D-6E36-FD98-3C9E69D6707F HTTP/1.1" 200 112148
192.99.15.34 - - [11/Feb/2025:00:21:42 +0100] "GET /ticket2/opencms/no/buy/?page=1&edid=17ABEF83-A306-7DC9-F266-4B55FF85626E&sortorder=desc&column=price HTTP/1.1" 200 109664
52.167.144.173 - - [11/Feb/2025:00:21:42 +0100] "GET /ticket2/opencms/bs/magazine/article?title=viktor-gyokeres-u-manchester-united HTTP/1.1" 200 86893
193.70.81.116 - - [11/Feb/2025:00:21:45 +0100] "GET /ticket2/opencms/dk/handbook_buyer/ HTTP/1.1" 200 90875
83.191.124.42 - - [11/Feb/2025:00:21:46 +0100] "GET /ticket2/opencms/sv/buy/?page=1&edid=DE88C997-F247-5EDB-AB8C-0BF21F57525F HTTP/1.1" 200 132591
83.191.124.42 - - [11/Feb/2025:00:21:46 +0100] "GET /ticket2/opencms/system/modules/com.gridnine.opencms.ticketbrokerage.site/resources/css/ticketbrokerage.css HTTP/1.1" 200 39339
83.191.124.42 - - [11/Feb/2025:00:21:46 +0100] "GET /ticket2/opencms/system/modules/com.gridnine.opencms.ticketbrokerage.site/resources/js/calendar-setup.js HTTP/1.1" 200 4923
83.191.124.42 - - [11/Feb/2025:00:21:46 +0100] "GET /ticket2/opencms/system/modules/com.gridnine.opencms.ticketbrokerage.site/resources/js/standard.js HTTP/1.1" 200 3983
83.191.124.42 - - [11/Feb/2025:00:21:46 +0100] "GET /ticket2/opencms/system/modules/com.gridnine.opencms.ticketbrokerage.site/resources/js/calendar-en.js HTTP/1.1" 200 3338
83.191.124.42 - - [11/Feb/2025:00:21:46 +0100] "GET /ticket2/opencms/system/modules/com.gridnine.opencms.ticketbrokerage.site/resources/css/standard.css HTTP/1.1" 200 73904
83.191.124.42 - - [11/Feb/2025:00:21:46 +0100] "GET /ticket2/opencms/system/modules/com.gridnine.opencms.ticketbrokerage.site/resources/js/calendar.js HTTP/1.1" 200 49229
83.191.124.42 - - [11/Feb/2025:00:21:46 +0100] "GET /ticket2/opencms/system/modules/com.gridnine.opencms.ticketbrokerage.site/resources/js/functions.js HTTP/1.1" 200 1583
83.191.124.42 - - [11/Feb/2025:00:21:46 +0100] "GET /ticket2/opencms/system/modules/com.gridnine.opencms.ticketbrokerage.site/resources/css/calendar.css HTTP/1.1" 200 6871
83.191.124.42 - - [11/Feb/2025:00:21:46 +0100] "GET /ticket2/opencms/venue/etihad_stadium.png HTTP/1.1" 200 50176
83.191.124.42 - - [11/Feb/2025:00:21:46 +0100] "GET /ticket2/opencms/sv/ask-form.html HTTP/1.1" 200 2950
83.191.124.42 - - [11/Feb/2025:00:21:46 +0100] "GET /ticket2/opencms/system/modules/com.gridnine.opencms.ticketbrokerage.site/resources/css/ticketbrokerage.css HTTP/1.1" 200 39339
192.99.15.34 - - [11/Feb/2025:00:21:47 +0100] "GET /ticket2/opencms/no/buy/?page=1&edid=17ABEF83-A306-7DC9-F266-4B55FF85626E&sortorder=desc&column=section HTTP/1.1" 200 109730
66.249.76.43 - - [11/Feb/2025:00:21:47 +0100] "GET /ticket2/opencms/fr/buy?page=1&edid=8EE24D2F-4BF0-A103-6944-36103BCA6278 HTTP/1.1" 200 120536
193.70.81.116 - - [11/Feb/2025:00:21:49 +0100] "GET /ticket2/opencms/dk/handbook_seller/ HTTP/1.1" 200 91477
66.249.79.200 - - [11/Feb/2025:00:21:49 +0100] "GET /ticket2/opencms/tr/buy?page=1&edid=578C4678-69D0-4240-A008-71CCC5DC5CC3 HTTP/1.1" 200 110968
85.208.96.202 - - [11/Feb/2025:00:21:51 +0100] "GET /ticket2/opencms/fi/urheilu/jalkapallo/la-liga/girona/ HTTP/1.1" 200 92158
54.36.148.232 - - [11/Feb/2025:00:21:52 +0100] "GET /ticket2/opencms/en/buy?page=1&edid=B8A6965B-216E-27C8-9A3D-21241346030F HTTP/1.1" 200 110761
192.99.15.34 - - [11/Feb/2025:00:21:52 +0100] "GET /ticket2/opencms/no/buy/?page=1&edid=17E24C11-FC8F-D475-1B0A-332A9CB78F89&sortorder=desc&column=price HTTP/1.1" 200 110609
202.8.42.120 - - [11/Feb/2025:00:21:53 +0100] "GET /ticket2/opencms/system/modules/com.gridnine.opencms.ticketbrokerage.site/resources/css/jquery-ui.css HTTP/1.1" 200 33221
202.8.42.120 - - [11/Feb/2025:00:21:53 +0100] "GET /ticket2/opencms/system/modules/com.gridnine.opencms.ticketbrokerage.site/resources/css/ticketbrokerage.css HTTP/1.1" 200 39339
202.8.42.120 - - [11/Feb/2025:00:21:53 +0100] "GET /ticket2/opencms/system/modules/com.gridnine.opencms.ticketbrokerage.site/resources/css/jquery.fancybox.css HTTP/1.1" 200 4939
202.8.42.120 - - [11/Feb/2025:00:21:53 +0100] "GET /ticket2/opencms/system/modules/com.gridnine.opencms.ticketbrokerage.site/resources/css/calendar.css HTTP/1.1" 200 6871
202.8.42.120 - - [11/Feb/2025:00:21:53 +0100] "GET /ticket2/opencms/system/modules/com.gridnine.opencms.ticketbrokerage.site/resources/css/standard.css HTTP/1.1" 200 73904
202.8.42.120 - - [11/Feb/2025:00:21:53 +0100] "GET /ticket2/opencms/system/modules/com.gridnine.opencms.ticketbrokerage.site/resources/js/jquery/jquery.js HTTP/1.1" 200 93868
202.8.42.120 - - [11/Feb/2025:00:21:53 +0100] "GET /ticket2/opencms/system/modules/com.gridnine.opencms.ticketbrokerage.site/resources/js/calendar-en.js HTTP/1.1" 200 3338
202.8.42.120 - - [11/Feb/2025:00:21:53 +0100] "GET /ticket2/opencms/system/modules/com.gridnine.opencms.ticketbrokerage.site/resources/js/functions.js HTTP/1.1" 200 1583
202.8.42.120 - - [11/Feb/2025:00:21:53 +0100] "GET /ticket2/opencms/system/modules/com.gridnine.opencms.ticketbrokerage.site/resources/js/jquery/jquery-ui.js HTTP/1.1" 200 228088
202.8.42.120 - - [11/Feb/2025:00:21:53 +0100] "GET /ticket2/opencms/system/modules/com.gridnine.opencms.ticketbrokerage.site/resources/js/calendar-setup.js HTTP/1.1" 200 4923
202.8.42.120 - - [11/Feb/2025:00:21:53 +0100] "GET /ticket2/opencms/system/modules/com.gridnine.opencms.ticketbrokerage.site/resources/js/calendar.js HTTP/1.1" 200 49229
202.8.42.120 - - [11/Feb/2025:00:21:53 +0100] "GET /ticket2/opencms/system/modules/com.gridnine.opencms.ticketbrokerage.site/resources/js/jquery.fancybox.pack.js HTTP/1.1" 200 23187
202.8.42.120 - - [11/Feb/2025:00:21:53 +0100] "GET /ticket2/opencms/system/modules/com.gridnine.opencms.ticketbrokerage.site/resources/js/stickyfill.min.js HTTP/1.1" 200 5672
202.8.42.120 - - [11/Feb/2025:00:21:53 +0100] "GET /ticket2/opencms/system/modules/com.gridnine.opencms.ticketbrokerage.site/resources/js/standard.js HTTP/1.1" 200 3983
202.8.42.120 - - [11/Feb/2025:00:21:53 +0100] "GET /ticket2/opencms/system/modules/com.gridnine.opencms.ticketbrokerage.site/resources/js/jquery.placeholder.min.js HTTP/1.1" 200 1737
202.8.42.120 - - [11/Feb/2025:00:21:53 +0100] "GET /ticket2/opencms/system/modules/com.gridnine.opencms.ticketbrokerage.site/resources/js/common-ajax.js HTTP/1.1" 200 20175
202.8.42.120 - - [11/Feb/2025:00:21:53 +0100] "GET /ticket2/opencms/en/ask-form.html HTTP/1.1" 200 3146
202.8.42.120 - - [11/Feb/2025:00:21:53 +0100] "GET /ticket2/opencms/system/modules/com.gridnine.opencms.ticketbrokerage.site/resources/css/ticketbrokerage.css HTTP/1.1" 200 39339
193.70.81.116 - - [11/Feb/2025:00:21:54 +0100] "GET /ticket2/opencms/dk/legal_info/ HTTP/1.1" 200 84953
54.36.149.31 - - [11/Feb/2025:00:21:56 +0100] "GET /ticket2/opencms/fr/buy/?page=1&edid=176C6667-42C1-1632-7378-F783D5B7C94D HTTP/1.1" 200 109835
67.144.2.241 - - [11/Feb/2025:00:21:57 +0100] "GET /ticket2/opencms/no/buy/?page=1&edid=E1890C55-BB29-2521-0846-5A33B1490A2E HTTP/1.1" 200 108110
193.70.81.116 - - [11/Feb/2025:00:22:00 +0100] "GET /ticket2/opencms/el/buy/?comcatid=0A6B8208-FDA4-E929-9D72-5312FD481B76 HTTP/1.1" 200 105422
192.99.15.34 - - [11/Feb/2025:00:22:02 +0100] "GET /ticket2/opencms/no/buy/?page=1&edid=17E24C11-FC8F-D475-1B0A-332A9CB78F89&sortorder=desc&column=row HTTP/1.1" 200 110543
52.167.144.173 - - [11/Feb/2025:00:22:03 +0100] "GET /ticket2/opencms/az/selling_tickets HTTP/1.1" 500 -
54.36.149.21 - - [11/Feb/2025:00:22:04 +0100] "GET /ticket2/opencms/fi/buy?page=1&edid=4F04B384-F03D-7561-DCF9-2375D49FE618 HTTP/1.1" 200 129635
193.70.81.116 - - [11/Feb/2025:00:22:05 +0100] "GET /ticket2/opencms/el/buy/?comcatid=66708183-7480-3365-06BF-DBF60280AB45 HTTP/1.1" 200 92945
202.8.41.188 - - [11/Feb/2025:00:22:05 +0100] "GET /ticket2/opencms/system/modules/com.gridnine.opencms.ticketbrokerage.site/resources/css/standard.css HTTP/1.1" 200 73904
202.8.41.188 - - [11/Feb/2025:00:22:05 +0100] "GET /ticket2/opencms/system/modules/com.gridnine.opencms.ticketbrokerage.site/resources/css/ticketbrokerage.css HTTP/1.1" 200 39339
202.8.41.188 - - [11/Feb/2025:00:22:05 +0100] "GET /ticket2/opencms/system/modules/com.gridnine.opencms.ticketbrokerage.site/resources/css/jquery.fancybox.css HTTP/1.1" 200 4939
202.8.41.188 - - [11/Feb/2025:00:22:05 +0100] "GET /ticket2/opencms/system/modules/com.gridnine.opencms.ticketbrokerage.site/resources/css/calendar.css HTTP/1.1" 200 6871
202.8.41.188 - - [11/Feb/2025:00:22:05 +0100] "GET /ticket2/opencms/system/modules/com.gridnine.opencms.ticketbrokerage.site/resources/css/jquery-ui.css HTTP/1.1" 200 33221
202.8.41.188 - - [11/Feb/2025:00:22:05 +0100] "GET /ticket2/opencms/system/modules/com.gridnine.opencms.ticketbrokerage.site/resources/js/functions.js HTTP/1.1" 200 1583
202.8.41.188 - - [11/Feb/2025:00:22:05 +0100] "GET /ticket2/opencms/system/modules/com.gridnine.opencms.ticketbrokerage.site/resources/js/calendar.js HTTP/1.1" 200 49229
202.8.41.188 - - [11/Feb/2025:00:22:05 +0100] "GET /ticket2/opencms/system/modules/com.gridnine.opencms.ticketbrokerage.site/resources/js/jquery/jquery-ui.js HTTP/1.1" 200 228088
202.8.41.188 - - [11/Feb/2025:00:22:05 +0100] "GET /ticket2/opencms/system/modules/com.gridnine.opencms.ticketbrokerage.site/resources/js/jquery/jquery.js HTTP/1.1" 200 93868
202.8.41.188 - - [11/Feb/2025:00:22:05 +0100] "GET /ticket2/opencms/system/modules/com.gridnine.opencms.ticketbrokerage.site/resources/js/calendar-en.js HTTP/1.1" 200 3338
202.8.41.188 - - [11/Feb/2025:00:22:05 +0100] "GET /ticket2/opencms/system/modules/com.gridnine.opencms.ticketbrokerage.site/resources/js/calendar-setup.js HTTP/1.1" 200 4923
202.8.41.188 - - [11/Feb/2025:00:22:05 +0100] "GET /ticket2/opencms/system/modules/com.gridnine.opencms.ticketbrokerage.site/resources/js/jquery.fancybox.pack.js HTTP/1.1" 200 23187
202.8.41.188 - - [11/Feb/2025:00:22:05 +0100] "GET /ticket2/opencms/system/modules/com.gridnine.opencms.ticketbrokerage.site/resources/js/stickyfill.min.js HTTP/1.1" 200 5672
202.8.41.188 - - [11/Feb/2025:00:22:05 +0100] "GET /ticket2/opencms/system/modules/com.gridnine.opencms.ticketbrokerage.site/resources/js/standard.js HTTP/1.1" 200 3983
202.8.41.188 - - [11/Feb/2025:00:22:06 +0100] "GET /ticket2/opencms/system/modules/com.gridnine.opencms.ticketbrokerage.site/resources/js/jquery.placeholder.min.js HTTP/1.1" 200 1737
202.8.41.188 - - [11/Feb/2025:00:22:06 +0100] "GET /ticket2/opencms/system/modules/com.gridnine.opencms.ticketbrokerage.site/resources/js/common-ajax.js HTTP/1.1" 200 20175
202.8.41.188 - - [11/Feb/2025:00:22:06 +0100] "GET /ticket2/opencms/fi/ask-form.html HTTP/1.1" 200 3012
202.8.41.188 - - [11/Feb/2025:00:22:06 +0100] "GET /ticket2/opencms/system/modules/com.gridnine.opencms.ticketbrokerage.site/resources/css/ticketbrokerage.css HTTP/1.1" 200 39339
54.36.148.197 - - [11/Feb/2025:00:22:07 +0100] "GET /ticket2/opencms/no/buy/?page=1&edid=50B41314-485A-DCFC-6E02-326077D4DE43 HTTP/1.1" 200 113855
54.36.148.146 - - [11/Feb/2025:00:22:07 +0100] "GET /ticket2/opencms/fi/buy?page=1&edid=7F2B1FEA-20FE-7448-32AC-111154CA401B HTTP/1.1" 200 133804
193.70.81.116 - - [11/Feb/2025:00:22:10 +0100] "GET /ticket2/opencms/el/buy/?comcatid=810BB404-4103-77F2-A6C2-12D5E6C338E2 HTTP/1.1" 200 92564
192.99.15.34 - - [11/Feb/2025:00:22:10 +0100] "GET /ticket2/opencms/no/buy/?page=1&edid=1922F4C1-0D89-1ACA-A50D-EFC3C58AA17B HTTP/1.1" 200 109061
83.191.124.42 - - [11/Feb/2025:00:22:11 +0100] "GET /ticket2/opencms/sv/search.html?searchQuery=Manchester+city+&submit= HTTP/1.1" 200 109581
66.249.79.206 - - [11/Feb/2025:00:22:11 +0100] "GET /ticket2/opencms/mt/buy/?page=1&edid=73ADC408-1051-3D3B-0D53-5DA8E608120E HTTP/1.1" 200 133463
83.191.124.42 - - [11/Feb/2025:00:22:12 +0100] "GET /ticket2/opencms/system/modules/com.gridnine.opencms.ticketbrokerage.site/resources/css/images/ui-bg_flat_75_ffffff_40x100.png HTTP/1.1" 404 -
83.191.124.42 - - [11/Feb/2025:00:22:12 +0100] "GET /ticket2/opencms/sv/ask-form.html HTTP/1.1" 200 2950
67.144.2.241 - - [11/Feb/2025:00:22:13 +0100] "GET /ticket2/opencms/no/buy/?page=1&edid=E3251761-EB52-79D3-066B-585D4F470E3B HTTP/1.1" 200 115223
192.99.15.34 - - [11/Feb/2025:00:22:14 +0100] "GET /ticket2/opencms/no/buy/?page=1&edid=1922F4C1-0D89-1ACA-A50D-EFC3C58AA17B&sortorder=desc&column=price HTTP/1.1" 200 110020
193.70.81.116 - - [11/Feb/2025:00:22:15 +0100] "GET /ticket2/opencms/el/buy/?comcatid=97ECA65A-72DA-F9AF-9DBB-245D3CFED1BE HTTP/1.1" 200 95896
47.128.61.248 - - [11/Feb/2025:00:22:16 +0100] "GET /ticket2/opencms/el/magazine/article?title=anakalypste-th-la-liga-zwntana-agoraste-eisithria-sto-ticket2 HTTP/1.1" 200 88452
83.191.124.42 - - [11/Feb/2025:00:22:18 +0100] "GET /ticket2/opencms/sv/?gad_source=1&gbraid=0AAAAADlS-t9v2z810T0bJlDGBMVKcKMVG&gclid=CjwKCAiA5Ka9BhB5EiwA1ZVtvDoIxv92mgvxkjVZodWIOhwwzq0lO2IWD7zqJR6CdsPykdHtpsKKRxoCLHEQAvD_BwE HTTP/1.1" 200 106170
66.249.79.35 - - [11/Feb/2025:00:22:20 +0100] "GET /ticket2/opencms/fi/standard/ HTTP/1.1" 200 97994
114.119.140.85 - - [11/Feb/2025:00:22:21 +0100] "GET /ticket2/opencms/es/buy/?page=1&edid=9239880C-C5C0-5076-4AD5-4881F5EBAC4A HTTP/1.1" 200 133189
193.70.81.116 - - [11/Feb/2025:00:22:21 +0100] "GET /ticket2/opencms/el/buy/?comcatid=A17713B6-D984-201A-4143-ED4DB5ED5C2E HTTP/1.1" 200 261085
67.144.2.241 - - [11/Feb/2025:00:22:24 +0100] "GET /ticket2/opencms/no/buy/?page=1&edid=E86D89E6-4B76-0823-49E9-A4E0BE4014AF HTTP/1.1" 200 131396
192.99.15.34 - - [11/Feb/2025:00:22:25 +0100] "GET /ticket2/opencms/no/buy/?page=1&edid=1922F4C1-0D89-1ACA-A50D-EFC3C58AA17B&sortorder=desc&column=row HTTP/1.1" 200 109954
85.208.96.193 - - [11/Feb/2025:00:22:26 +0100] "GET /ticket2/opencms/tr/magazine/article?title=alexander-isak-icin-gelecek-nasil-gorunuyor HTTP/1.1" 200 87003
52.167.144.173 - - [11/Feb/2025:00:22:26 +0100] "GET /ticket2/opencms/no/buy/?page=1&edid=B10F38F7-87F0-E53A-A47F-6CB91094C01A HTTP/1.1" 200 105967
193.70.81.116 - - [11/Feb/2025:00:22:26 +0100] "GET /ticket2/opencms/el/buy/?comcatid=B41CCF2B-5558-7AEE-3602-09BBDE417D65 HTTP/1.1" 200 93115
83.191.124.42 - - [11/Feb/2025:00:22:29 +0100] "GET /ticket2/opencms/sv/?gad_source=1&gbraid=0AAAAADlS-t9v2z810T0bJlDGBMVKcKMVG&gclid=CjwKCAiA5Ka9BhB5EiwA1ZVtvDoIxv92mgvxkjVZodWIOhwwzq0lO2IWD7zqJR6CdsPykdHtpsKKRxoCLHEQAvD_BwE HTTP/1.1" 200 106170
83.191.124.42 - - [11/Feb/2025:00:22:29 +0100] "GET /ticket2/opencms/system/modules/com.gridnine.opencms.ticketbrokerage.site/resources/css/ticketbrokerage.css HTTP/1.1" 200 39339
83.191.124.42 - - [11/Feb/2025:00:22:29 +0100] "GET /ticket2/opencms/system/modules/com.gridnine.opencms.ticketbrokerage.site/resources/css/calendar.css HTTP/1.1" 200 6871
83.191.124.42 - - [11/Feb/2025:00:22:29 +0100] "GET /ticket2/opencms/system/modules/com.gridnine.opencms.ticketbrokerage.site/resources/css/standard.css HTTP/1.1" 200 73904
83.191.124.42 - - [11/Feb/2025:00:22:29 +0100] "GET /ticket2/opencms/system/modules/com.gridnine.opencms.ticketbrokerage.site/resources/js/functions.js HTTP/1.1" 200 1583
83.191.124.42 - - [11/Feb/2025:00:22:29 +0100] "GET /ticket2/opencms/system/modules/com.gridnine.opencms.ticketbrokerage.site/resources/js/calendar.js HTTP/1.1" 200 49229
83.191.124.42 - - [11/Feb/2025:00:22:29 +0100] "GET /ticket2/opencms/system/modules/com.gridnine.opencms.ticketbrokerage.site/resources/js/calendar-setup.js HTTP/1.1" 200 4923
83.191.124.42 - - [11/Feb/2025:00:22:29 +0100] "GET /ticket2/opencms/system/modules/com.gridnine.opencms.ticketbrokerage.site/resources/js/calendar-en.js HTTP/1.1" 200 3338
83.191.124.42 - - [11/Feb/2025:00:22:29 +0100] "GET /ticket2/opencms/system/modules/com.gridnine.opencms.ticketbrokerage.site/resources/js/standard.js HTTP/1.1" 200 3983
192.99.15.34 - - [11/Feb/2025:00:22:32 +0100] "GET /ticket2/opencms/no/buy/?page=1&edid=1922F4C1-0D89-1ACA-A50D-EFC3C58AA17B&sortorder=desc&column=section HTTP/1.1" 200 110086
193.70.81.116 - - [11/Feb/2025:00:22:32 +0100] "GET /ticket2/opencms/en/buy/?comcatid=0A6B8208-FDA4-E929-9D72-5312FD481B76 HTTP/1.1" 200 102272
67.144.2.241 - - [11/Feb/2025:00:22:35 +0100] "GET /ticket2/opencms/no/buy/?page=1&edid=F2D85B77-0146-9383-AAB8-AFEF60C3B51B HTTP/1.1" 200 108114
216.244.66.238 - - [11/Feb/2025:00:22:35 +0100] "GET /ticket2/opencms/dk/en/buy/?page=1&edid=482A3E6B-F6F4-FCF6-CF6F-F9FEE87AC240 HTTP/1.1" 404 -
193.70.81.116 - - [11/Feb/2025:00:22:37 +0100] "GET /ticket2/opencms/en/buy/?comcatid=66708183-7480-3365-06BF-DBF60280AB45 HTTP/1.1" 200 89905
192.99.15.34 - - [11/Feb/2025:00:22:38 +0100] "GET /ticket2/opencms/no/buy/?page=1&edid=19C49911-D96E-9B7C-6316-E149EFD71C8E HTTP/1.1" 200 108231
66.249.79.193 - - [11/Feb/2025:00:22:39 +0100] "GET /ticket2/opencms/pl/buy/?page=1&edid=A27091AD-1422-96A9-33A7-74A8DECA25F3 HTTP/1.1" 200 132804
37.123.143.11 - - [11/Feb/2025:00:22:39 +0100] "GET /ticket2/opencms/system/workplace/views/top_foot.jsp?wpFrame=foot HTTP/1.1" 200 1210
37.123.143.11 - - [11/Feb/2025:00:22:39 +0100] "GET /ticket2/opencms/system/workplace/commons/style/workplace.css HTTP/1.1" 200 14209
193.70.81.116 - - [11/Feb/2025:00:22:42 +0100] "GET /ticket2/opencms/en/buy/?comcatid=810BB404-4103-77F2-A6C2-12D5E6C338E2 HTTP/1.1" 200 89523
85.208.96.206 - - [11/Feb/2025:00:22:43 +0100] "GET /ticket2/opencms/sl/magazine/article?title=emirates-stadium-ikonica-arena HTTP/1.1" 200 87035
54.36.148.192 - - [11/Feb/2025:00:22:43 +0100] "GET /ticket2/opencms/is/buy/?page=1&edid=3AAD2194-7D27-1E14-1F37-DA3A90110F57 HTTP/1.1" 200 106415
216.244.66.238 - - [11/Feb/2025:00:22:44 +0100] "GET /ticket2/opencms/dk/sv/buy/?page=1&edid=30F7BEC1-9734-371E-4424-30AD90B3FB90 HTTP/1.1" 404 -
18.97.14.82 - - [11/Feb/2025:00:22:46 +0100] "GET /ticket2/opencms/mo/ HTTP/1.1" 200 106590
192.99.15.34 - - [11/Feb/2025:00:22:46 +0100] "GET /ticket2/opencms/no/buy/?page=1&edid=19C49911-D96E-9B7C-6316-E149EFD71C8E&sortorder=desc&column=row HTTP/1.1" 200 109124
193.70.81.116 - - [11/Feb/2025:00:22:47 +0100] "GET /ticket2/opencms/en/buy/?comcatid=97ECA65A-72DA-F9AF-9DBB-245D3CFED1BE HTTP/1.1" 200 92855
83.191.124.42 - - [11/Feb/2025:00:22:47 +0100] "GET /ticket2/opencms/sv/buy?page=1&edid=8EE24D2F-4BF0-A103-6944-36103BCA6278 HTTP/1.1" 200 119909
83.191.124.42 - - [11/Feb/2025:00:22:47 +0100] "GET /ticket2/opencms/venue/Presenkort.jpg HTTP/1.1" 200 106039
83.191.124.42 - - [11/Feb/2025:00:22:47 +0100] "GET /ticket2/opencms/system/modules/com.gridnine.opencms.ticketbrokerage.site/resources/css/ticketbrokerage.css HTTP/1.1" 200 39339
83.191.124.42 - - [11/Feb/2025:00:22:47 +0100] "GET /ticket2/opencms/system/modules/com.gridnine.opencms.ticketbrokerage.site/resources/js/calendar-en.js HTTP/1.1" 200 3338
83.191.124.42 - - [11/Feb/2025:00:22:47 +0100] "GET /ticket2/opencms/system/modules/com.gridnine.opencms.ticketbrokerage.site/resources/css/standard.css HTTP/1.1" 200 73904
83.191.124.42 - - [11/Feb/2025:00:22:47 +0100] "GET /ticket2/opencms/system/modules/com.gridnine.opencms.ticketbrokerage.site/resources/js/calendar-setup.js HTTP/1.1" 200 4923
83.191.124.42 - - [11/Feb/2025:00:22:47 +0100] "GET /ticket2/opencms/system/modules/com.gridnine.opencms.ticketbrokerage.site/resources/js/standard.js HTTP/1.1" 200 3983
83.191.124.42 - - [11/Feb/2025:00:22:47 +0100] "GET /ticket2/opencms/system/modules/com.gridnine.opencms.ticketbrokerage.site/resources/js/functions.js HTTP/1.1" 200 1583
83.191.124.42 - - [11/Feb/2025:00:22:47 +0100] "GET /ticket2/opencms/system/modules/com.gridnine.opencms.ticketbrokerage.site/resources/css/calendar.css HTTP/1.1" 200 6871
83.191.124.42 - - [11/Feb/2025:00:22:47 +0100] "GET /ticket2/opencms/system/modules/com.gridnine.opencms.ticketbrokerage.site/resources/js/calendar.js HTTP/1.1" 200 49229
83.191.124.42 - - [11/Feb/2025:00:22:48 +0100] "GET /ticket2/opencms/sv/ask-form.html HTTP/1.1" 200 2950
83.191.124.42 - - [11/Feb/2025:00:22:48 +0100] "GET /ticket2/opencms/system/modules/com.gridnine.opencms.ticketbrokerage.site/resources/css/ticketbrokerage.css HTTP/1.1" 200 39339
205.210.31.43 - - [11/Feb/2025:00:22:50 +0100] "GET / HTTP/1.1" 404 -
67.144.2.241 - - [11/Feb/2025:00:22:50 +0100] "GET /ticket2/opencms/no/buy/?page=1&edid=F7607B70-C7D1-859A-AF1D-90ACBF6F99CC HTTP/1.1" 200 115219
216.244.66.238 - - [11/Feb/2025:00:22:52 +0100] "GET /ticket2/opencms/dk/sv/buy/?page=1&edid=46484497-40E3-24DA-1A4A-CD115F7A9621 HTTP/1.1" 404 -
193.70.81.116 - - [11/Feb/2025:00:22:52 +0100] "GET /ticket2/opencms/en/buy/?comcatid=A17713B6-D984-201A-4143-ED4DB5ED5C2E HTTP/1.1" 200 256091
54.36.148.70 - - [11/Feb/2025:00:22:52 +0100] "GET /ticket2/opencms/el/buy?page=1&edid=AAD8B8EA-9AED-21A9-2967-40D5EB8A5581 HTTP/1.1" 200 109639
202.8.40.125 - - [11/Feb/2025:00:22:54 +0100] "GET /ticket2/opencms/system/modules/com.gridnine.opencms.ticketbrokerage.site/resources/css/jquery-ui.css HTTP/1.1" 200 33221
202.8.40.125 - - [11/Feb/2025:00:22:54 +0100] "GET /ticket2/opencms/system/modules/com.gridnine.opencms.ticketbrokerage.site/resources/css/calendar.css HTTP/1.1" 200 6871
202.8.40.125 - - [11/Feb/2025:00:22:54 +0100] "GET /ticket2/opencms/system/modules/com.gridnine.opencms.ticketbrokerage.site/resources/css/standard.css HTTP/1.1" 200 73904
202.8.40.125 - - [11/Feb/2025:00:22:54 +0100] "GET /ticket2/opencms/system/modules/com.gridnine.opencms.ticketbrokerage.site/resources/css/ticketbrokerage.css HTTP/1.1" 200 39339
202.8.40.125 - - [11/Feb/2025:00:22:54 +0100] "GET /ticket2/opencms/system/modules/com.gridnine.opencms.ticketbrokerage.site/resources/js/jquery/jquery.js HTTP/1.1" 200 93868
202.8.40.125 - - [11/Feb/2025:00:22:54 +0100] "GET /ticket2/opencms/system/modules/com.gridnine.opencms.ticketbrokerage.site/resources/js/jquery/jquery-ui.js HTTP/1.1" 200 228088
202.8.40.125 - - [11/Feb/2025:00:22:54 +0100] "GET /ticket2/opencms/system/modules/com.gridnine.opencms.ticketbrokerage.site/resources/js/functions.js HTTP/1.1" 200 1583
202.8.40.125 - - [11/Feb/2025:00:22:54 +0100] "GET /ticket2/opencms/system/modules/com.gridnine.opencms.ticketbrokerage.site/resources/js/calendar.js HTTP/1.1" 200 49229
202.8.40.125 - - [11/Feb/2025:00:22:54 +0100] "GET /ticket2/opencms/system/modules/com.gridnine.opencms.ticketbrokerage.site/resources/js/calendar-en.js HTTP/1.1" 200 3338
202.8.40.125 - - [11/Feb/2025:00:22:54 +0100] "GET /ticket2/opencms/system/modules/com.gridnine.opencms.ticketbrokerage.site/resources/js/jquery.fancybox.pack.js HTTP/1.1" 200 23187
202.8.40.125 - - [11/Feb/2025:00:22:54 +0100] "GET /ticket2/opencms/system/modules/com.gridnine.opencms.ticketbrokerage.site/resources/js/standard.js HTTP/1.1" 200 3983
202.8.40.125 - - [11/Feb/2025:00:22:54 +0100] "GET /ticket2/opencms/system/modules/com.gridnine.opencms.ticketbrokerage.site/resources/js/calendar-setup.js HTTP/1.1" 200 4923
202.8.40.125 - - [11/Feb/2025:00:22:54 +0100] "GET /ticket2/opencms/system/modules/com.gridnine.opencms.ticketbrokerage.site/resources/js/common-ajax.js HTTP/1.1" 200 20175
202.8.40.125 - - [11/Feb/2025:00:22:54 +0100] "GET /ticket2/opencms/el/ask-form.html HTTP/1.1" 200 3156
202.8.40.125 - - [11/Feb/2025:00:22:54 +0100] "GET /ticket2/opencms/system/modules/com.gridnine.opencms.ticketbrokerage.site/resources/css/ticketbrokerage.css HTTP/1.1" 200 39339
192.99.15.34 - - [11/Feb/2025:00:22:55 +0100] "GET /ticket2/opencms/no/buy/?page=1&edid=19C49911-D96E-9B7C-6316-E149EFD71C8E&sortorder=desc&column=section HTTP/1.1" 200 109256
85.208.96.209 - - [11/Feb/2025:00:22:56 +0100] "GET /ticket2/opencms/no/sport/fotballsbilletter/la_liga/athletic-bilbao/ HTTP/1.1" 200 88959
54.36.148.214 - - [11/Feb/2025:00:22:57 +0100] "GET /ticket2/opencms/lv/buy?page=1&edid=50375D23-8B44-5172-3FB1-755B660EE76F HTTP/1.1" 200 112632
193.70.81.116 - - [11/Feb/2025:00:22:57 +0100] "GET /ticket2/opencms/en/buy/?comcatid=B41CCF2B-5558-7AEE-3602-09BBDE417D65 HTTP/1.1" 200 90076
202.8.43.102 - - [11/Feb/2025:00:22:58 +0100] "GET /ticket2/opencms/system/modules/com.gridnine.opencms.ticketbrokerage.site/resources/css/jquery-ui.css HTTP/1.1" 200 33221
202.8.43.102 - - [11/Feb/2025:00:22:58 +0100] "GET /ticket2/opencms/system/modules/com.gridnine.opencms.ticketbrokerage.site/resources/css/ticketbrokerage.css HTTP/1.1" 200 39339
202.8.43.102 - - [11/Feb/2025:00:22:58 +0100] "GET /ticket2/opencms/system/modules/com.gridnine.opencms.ticketbrokerage.site/resources/css/jquery.fancybox.css HTTP/1.1" 200 4939
202.8.43.102 - - [11/Feb/2025:00:22:58 +0100] "GET /ticket2/opencms/system/modules/com.gridnine.opencms.ticketbrokerage.site/resources/css/standard.css HTTP/1.1" 200 73904
202.8.43.102 - - [11/Feb/2025:00:22:58 +0100] "GET /ticket2/opencms/system/modules/com.gridnine.opencms.ticketbrokerage.site/resources/css/calendar.css HTTP/1.1" 200 6871
202.8.43.102 - - [11/Feb/2025:00:22:58 +0100] "GET /ticket2/opencms/system/modules/com.gridnine.opencms.ticketbrokerage.site/resources/js/jquery/jquery.js HTTP/1.1" 200 93868
202.8.43.102 - - [11/Feb/2025:00:22:58 +0100] "GET /ticket2/opencms/system/modules/com.gridnine.opencms.ticketbrokerage.site/resources/js/functions.js HTTP/1.1" 200 1583
202.8.43.102 - - [11/Feb/2025:00:22:58 +0100] "GET /ticket2/opencms/system/modules/com.gridnine.opencms.ticketbrokerage.site/resources/js/jquery/jquery-ui.js HTTP/1.1" 200 228088
202.8.43.102 - - [11/Feb/2025:00:22:58 +0100] "GET /ticket2/opencms/system/modules/com.gridnine.opencms.ticketbrokerage.site/resources/js/calendar-setup.js HTTP/1.1" 200 4923
202.8.43.102 - - [11/Feb/2025:00:22:58 +0100] "GET /ticket2/opencms/system/modules/com.gridnine.opencms.ticketbrokerage.site/resources/js/calendar.js HTTP/1.1" 200 49229
202.8.43.102 - - [11/Feb/2025:00:22:58 +0100] "GET /ticket2/opencms/system/modules/com.gridnine.opencms.ticketbrokerage.site/resources/js/calendar-en.js HTTP/1.1" 200 3338
202.8.43.102 - - [11/Feb/2025:00:22:58 +0100] "GET /ticket2/opencms/system/modules/com.gridnine.opencms.ticketbrokerage.site/resources/js/jquery.fancybox.pack.js HTTP/1.1" 200 23187
202.8.43.102 - - [11/Feb/2025:00:22:58 +0100] "GET /ticket2/opencms/system/modules/com.gridnine.opencms.ticketbrokerage.site/resources/js/stickyfill.min.js HTTP/1.1" 200 5672
202.8.43.102 - - [11/Feb/2025:00:22:58 +0100] "GET /ticket2/opencms/system/modules/com.gridnine.opencms.ticketbrokerage.site/resources/js/standard.js HTTP/1.1" 200 3983
202.8.43.102 - - [11/Feb/2025:00:22:58 +0100] "GET /ticket2/opencms/system/modules/com.gridnine.opencms.ticketbrokerage.site/resources/js/jquery.placeholder.min.js HTTP/1.1" 200 1737
202.8.43.102 - - [11/Feb/2025:00:22:58 +0100] "GET /ticket2/opencms/system/modules/com.gridnine.opencms.ticketbrokerage.site/resources/js/common-ajax.js HTTP/1.1" 200 20175
202.8.43.102 - - [11/Feb/2025:00:22:58 +0100] "GET /ticket2/opencms/lv/ask-form.html HTTP/1.1" 200 3156
202.8.43.102 - - [11/Feb/2025:00:22:59 +0100] "GET /ticket2/opencms/system/modules/com.gridnine.opencms.ticketbrokerage.site/resources/css/ticketbrokerage.css HTTP/1.1" 200 39339
216.244.66.238 - - [11/Feb/2025:00:22:59 +0100] "GET /ticket2/opencms/dk/sv/buy/?page=1&edid=65BC9943-2D4E-DF73-E652-378517773F8E HTTP/1.1" 404 -
40.77.167.46 - - [11/Feb/2025:00:23:00 +0100] "GET /ticket2/opencms/en/buy/?page=1&edid=57412838-C1A6-98A6-E9C0-312135C0092F HTTP/1.1" 200 104730
193.70.81.116 - - [11/Feb/2025:00:23:03 +0100] "GET /ticket2/opencms/en/buy/?page=1&edid=00111C9B-5E02-77E7-9B39-8EFC1235AF29 HTTP/1.1" 200 114152
54.36.148.137 - - [11/Feb/2025:00:23:03 +0100] "GET /ticket2/opencms/en/buy?page=1&edid=0C94170C-17F1-0823-E8AC-91EC149F33EC HTTP/1.1" 200 131202
192.99.15.34 - - [11/Feb/2025:00:23:03 +0100] "GET /ticket2/opencms/no/buy/?page=1&edid=19E38F9D-861E-8A2A-C1DB-C0C055563625&sortorder=asc&column=row HTTP/1.1" 200 109357
52.167.144.229 - - [11/Feb/2025:00:23:04 +0100] "GET /ticket2/opencms/az/buy/?page=1&edid=F2D85B77-0146-9383-AAB8-AFEF60C3B51B HTTP/1.1" 200 109223
216.244.66.238 - - [11/Feb/2025:00:23:05 +0100] "GET /ticket2/opencms/dk/sv/buy/?page=1&edid=D21A287B-B22E-7CED-945F-4E21093950FF HTTP/1.1" 404 -
66.249.79.192 - - [11/Feb/2025:00:23:06 +0100] "GET /ticket2/opencms/fr/buy/?page=1&edid=ED6B033E-FAAE-D3A6-3006-A43EA8437C62 HTTP/1.1" 200 114566
193.70.81.116 - - [11/Feb/2025:00:23:08 +0100] "GET /ticket2/opencms/en/buy/?page=1&edid=039D4473-D662-2ED5-D620-F30FCE116F43 HTTP/1.1" 200 107499
54.36.148.142 - - [11/Feb/2025:00:23:09 +0100] "GET /ticket2/opencms/lv/buy/?page=1&edid=EE9D378D-B608-D0C3-023E-19EA1CC71BB7 HTTP/1.1" 200 106582
216.244.66.238 - - [11/Feb/2025:00:23:10 +0100] "GET /ticket2/opencms/dk/sv/buy/?page=1&edid=DA205E04-65EE-7F78-067D-CBCBD424C79F HTTP/1.1" 404 -
192.99.15.34 - - [11/Feb/2025:00:23:12 +0100] "GET /ticket2/opencms/no/buy/?page=1&edid=19E6AA26-8C71-91B2-57B1-FE9ADF08994E&sortorder=desc&column=section HTTP/1.1" 200 109533
54.36.149.26 - - [11/Feb/2025:00:23:12 +0100] "GET /ticket2/opencms/es/buy/?page=1&edid=FA047031-F510-E911-0280-BC3ADCB159FC HTTP/1.1" 200 110056
193.70.81.116 - - [11/Feb/2025:00:23:12 +0100] "GET /ticket2/opencms/en/buy/?page=1&edid=04B0DB48-8735-9FEB-09F8-41C9C1D4D32E HTTP/1.1" 200 113962
216.244.66.238 - - [11/Feb/2025:00:23:15 +0100] "GET /ticket2/opencms/dk/sv/buy/?page=1&edid=DC8069FD-BEE7-059E-7CC4-06AD65989F0F HTTP/1.1" 404 -
54.36.148.198 - - [11/Feb/2025:00:23:17 +0100] "GET /ticket2/opencms/ka/sport/pekhburti-biletebi/bundesliga/union_berlin HTTP/1.1" 200 98358
193.70.81.116 - - [11/Feb/2025:00:23:17 +0100] "GET /ticket2/opencms/en/buy/?page=1&edid=06DFD1FD-C998-D215-F69E-5752E4CF3A89 HTTP/1.1" 200 104755
192.99.15.34 - - [11/Feb/2025:00:23:17 +0100] "GET /ticket2/opencms/no/buy/?page=1&edid=1A0D0579-4E59-3474-5A13-81F3BA1DEBCE&sortorder=asc&column=price HTTP/1.1" 200 110540
202.8.42.102 - - [11/Feb/2025:00:23:18 +0100] "GET /ticket2/opencms/system/modules/com.gridnine.opencms.ticketbrokerage.site/resources/css/jquery-ui.css HTTP/1.1" 200 33221
202.8.42.102 - - [11/Feb/2025:00:23:18 +0100] "GET /ticket2/opencms/system/modules/com.gridnine.opencms.ticketbrokerage.site/resources/css/calendar.css HTTP/1.1" 200 6871
202.8.42.102 - - [11/Feb/2025:00:23:18 +0100] "GET /ticket2/opencms/system/modules/com.gridnine.opencms.ticketbrokerage.site/resources/css/jquery.fancybox.css HTTP/1.1" 200 4939
202.8.42.102 - - [11/Feb/2025:00:23:18 +0100] "GET /ticket2/opencms/system/modules/com.gridnine.opencms.ticketbrokerage.site/resources/css/ticketbrokerage.css HTTP/1.1" 200 39339
202.8.42.102 - - [11/Feb/2025:00:23:18 +0100] "GET /ticket2/opencms/system/modules/com.gridnine.opencms.ticketbrokerage.site/resources/css/standard.css HTTP/1.1" 200 73904
202.8.42.102 - - [11/Feb/2025:00:23:18 +0100] "GET /ticket2/opencms/system/modules/com.gridnine.opencms.ticketbrokerage.site/resources/js/jquery/jquery.js HTTP/1.1" 200 93868
202.8.42.102 - - [11/Feb/2025:00:23:18 +0100] "GET /ticket2/opencms/system/modules/com.gridnine.opencms.ticketbrokerage.site/resources/js/calendar.js HTTP/1.1" 200 49229
202.8.42.102 - - [11/Feb/2025:00:23:18 +0100] "GET /ticket2/opencms/system/modules/com.gridnine.opencms.ticketbrokerage.site/resources/js/functions.js HTTP/1.1" 200 1583
202.8.42.102 - - [11/Feb/2025:00:23:18 +0100] "GET /ticket2/opencms/system/modules/com.gridnine.opencms.ticketbrokerage.site/resources/js/jquery/jquery-ui.js HTTP/1.1" 200 228088
202.8.42.102 - - [11/Feb/2025:00:23:18 +0100] "GET /ticket2/opencms/system/modules/com.gridnine.opencms.ticketbrokerage.site/resources/js/calendar-en.js HTTP/1.1" 200 3338
202.8.42.102 - - [11/Feb/2025:00:23:18 +0100] "GET /ticket2/opencms/system/modules/com.gridnine.opencms.ticketbrokerage.site/resources/js/calendar-setup.js HTTP/1.1" 200 4923
202.8.42.102 - - [11/Feb/2025:00:23:18 +0100] "GET /ticket2/opencms/system/modules/com.gridnine.opencms.ticketbrokerage.site/resources/js/stickyfill.min.js HTTP/1.1" 200 5672
202.8.42.102 - - [11/Feb/2025:00:23:18 +0100] "GET /ticket2/opencms/system/modules/com.gridnine.opencms.ticketbrokerage.site/resources/js/jquery.fancybox.pack.js HTTP/1.1" 200 23187
202.8.42.102 - - [11/Feb/2025:00:23:18 +0100] "GET /ticket2/opencms/system/modules/com.gridnine.opencms.ticketbrokerage.site/resources/js/standard.js HTTP/1.1" 200 3983
202.8.42.102 - - [11/Feb/2025:00:23:18 +0100] "GET /ticket2/opencms/system/modules/com.gridnine.opencms.ticketbrokerage.site/resources/js/jquery.placeholder.min.js HTTP/1.1" 200 1737
202.8.42.102 - - [11/Feb/2025:00:23:19 +0100] "GET /ticket2/opencms/system/modules/com.gridnine.opencms.ticketbrokerage.site/resources/js/common-ajax.js HTTP/1.1" 200 20175
216.244.66.238 - - [11/Feb/2025:00:23:19 +0100] "GET /ticket2/opencms/dk/sv/buy/?page=1&edid=E7C2827B-AB04-D914-A6A6-2F87797DD7EE HTTP/1.1" 404 -
185.191.171.19 - - [11/Feb/2025:00:23:20 +0100] "GET /ticket2/opencms/lv/magazine/article?title=crystal-palace-premier-league-labakie-fani HTTP/1.1" 200 86958
192.99.15.34 - - [11/Feb/2025:00:23:21 +0100] "GET /ticket2/opencms/no/buy/?page=1&edid=1A0D0579-4E59-3474-5A13-81F3BA1DEBCE&sortorder=asc&column=row HTTP/1.1" 200 110474
193.70.81.116 - - [11/Feb/2025:00:23:21 +0100] "GET /ticket2/opencms/en/buy/?page=1&edid=083AE95D-096C-41BA-96E0-6A784C0A08FB HTTP/1.1" 200 107776
216.244.66.238 - - [11/Feb/2025:00:23:22 +0100] "GET /ticket2/opencms/dk/sv/buy/?page=1&edid=EBA49F8A-33E9-0C95-472B-EF6292B7073A HTTP/1.1" 404 -
216.244.66.238 - - [11/Feb/2025:00:23:25 +0100] "GET /ticket2/opencms/dk/sv/buy/?page=1&edid=ECCFCD56-CDE6-D952-3D65-E04329E8C64B HTTP/1.1" 404 -
67.144.2.241 - - [11/Feb/2025:00:23:26 +0100] "GET /ticket2/opencms/no/buy/?page=1&edid=FC797166-D971-D25F-0FB0-A6DA82828914 HTTP/1.1" 200 109060
193.70.81.116 - - [11/Feb/2025:00:23:27 +0100] "GET /ticket2/opencms/en/buy/?page=1&edid=0AF1C6C0-A1C3-739A-0A12-42406989AD79 HTTP/1.1" 200 104712
54.36.149.93 - - [11/Feb/2025:00:23:27 +0100] "GET /ticket2/opencms/fr/buy/?page=1&edid=7E220B35-85A5-A2FD-5BA1-267E725AAC4D HTTP/1.1" 200 109846
192.99.15.34 - - [11/Feb/2025:00:23:31 +0100] "GET /ticket2/opencms/no/buy/?page=1&edid=1A0D0579-4E59-3474-5A13-81F3BA1DEBCE&sortorder=asc&column=section HTTP/1.1" 200 110606
66.249.79.101 - - [11/Feb/2025:00:23:32 +0100] "GET /ticket2/opencms/fr/buy?page=1&edid=6F379414-70C4-400F-51D2-AFD37C8F2BC7 HTTP/1.1" 200 133171
193.70.81.116 - - [11/Feb/2025:00:23:32 +0100] "GET /ticket2/opencms/en/buy/?page=1&edid=0B61E12F-3357-9D4A-8CE6-56FAB7BA659C HTTP/1.1" 200 125985
192.99.15.34 - - [11/Feb/2025:00:23:35 +0100] "GET /ticket2/opencms/no/buy/?page=1&edid=1A0D0579-4E59-3474-5A13-81F3BA1DEBCE&sortorder=desc&column=price HTTP/1.1" 200 110572
47.128.113.122 - - [11/Feb/2025:00:23:35 +0100] "GET /ticket2/opencms/sr/buy/?edid=C8E47E46-ADCD-586A-7BE4-CF1C96256B2D HTTP/1.1" 200 89943
193.70.81.116 - - [11/Feb/2025:00:23:37 +0100] "GET /ticket2/opencms/en/buy/?page=1&edid=0BD2537E-8D85-BBF5-463D-38EAF0609D0E HTTP/1.1" 200 104725
47.128.63.27 - - [11/Feb/2025:00:23:38 +0100] "GET /ticket2/opencms/en/venue/?venueid=499F974B-9C10-9479-63CC-4EE8F0CFE55B HTTP/1.1" 200 83237
52.167.144.202 - - [11/Feb/2025:00:23:40 +0100] "GET /ticket2/opencms/lv/buy?page=1&edid=B6422CBB-7AB0-D8BA-B53B-76A5D0505907 HTTP/1.1" 200 110811
193.70.81.116 - - [11/Feb/2025:00:23:42 +0100] "GET /ticket2/opencms/en/buy/?page=1&edid=0C1979DA-50CA-ECE7-2406-93F50E7E04D2 HTTP/1.1" 200 104721
67.144.2.241 - - [11/Feb/2025:00:23:44 +0100] "GET /ticket2/opencms/sv/buy/?page=1&edid=04CBF5F9-2790-4AA9-11B6-C7C8454C988E HTTP/1.1" 200 106051
47.128.61.49 - - [11/Feb/2025:00:23:44 +0100] "GET /ticket2/opencms/fi/venue/?venueid=F03C5E97-FFBF-7048-55FD-77B5E4C1E006 HTTP/1.1" 200 84767
192.99.15.34 - - [11/Feb/2025:00:23:44 +0100] "GET /ticket2/opencms/no/buy/?page=1&edid=1A0D0579-4E59-3474-5A13-81F3BA1DEBCE&sortorder=desc&column=row HTTP/1.1" 200 110506
47.128.61.49 - - [11/Feb/2025:00:23:45 +0100] "GET /ticket2/opencms/venue/Euro2020.png HTTP/1.1" 200 22372
52.167.144.179 - - [11/Feb/2025:00:23:47 +0100] "GET /ticket2/opencms/en/buy/?page=6&comcatid=A17713B6-D984-201A-4143-ED4DB5ED5C2E&catid=36394212-F82E-F845-399B-42BED55969CC&eventid=29425CD0-51B2-1314-2678-3AB7A21FD119 HTTP/1.1" 200 109167
193.70.81.116 - - [11/Feb/2025:00:23:48 +0100] "GET /ticket2/opencms/en/buy/?page=1&edid=0C675B35-F010-2227-D951-9B816929F720 HTTP/1.1" 200 113935
40.77.167.55 - - [11/Feb/2025:00:23:51 +0100] "GET /ticket2/opencms/fi/magazine/article?title=em-tahtien-joita-googlataan-eniten-ja-jotka-ovat-suurimpia-instagramissa HTTP/1.1" 200 87011
54.36.148.86 - - [11/Feb/2025:00:23:52 +0100] "GET /ticket2/opencms/en/magazine/article?title=rodrigo-bentancur-suspended-for-seven-matches-after-racist-statement HTTP/1.1" 200 85527
193.70.81.116 - - [11/Feb/2025:00:23:53 +0100] "GET /ticket2/opencms/en/buy/?page=1&edid=0C94170C-17F1-0823-E8AC-91EC149F33EC HTTP/1.1" 200 131202
67.144.2.241 - - [11/Feb/2025:00:23:55 +0100] "GET /ticket2/opencms/sv/buy/?page=1&edid=0EA1017A-A9AF-DDB9-A580-8DCF2D6F03F5 HTTP/1.1" 200 106057
193.70.81.116 - - [11/Feb/2025:00:23:58 +0100] "GET /ticket2/opencms/en/buy/?page=1&edid=0CBED0CE-AD48-5853-8CA7-767C378C5971 HTTP/1.1" 200 114142
192.99.15.34 - - [11/Feb/2025:00:23:58 +0100] "GET /ticket2/opencms/no/buy/?page=1&edid=1B4F6C5B-BAFB-1ABF-BC73-B86FEBD8CF90&sortorder=desc&column=price HTTP/1.1" 200 106928
66.249.76.132 - - [11/Feb/2025:00:23:59 +0100] "GET /ticket2/opencms/pl/buy/?page=1&edid=A0FFAF50-E61F-DDD9-D6DC-77947313B0DE HTTP/1.1" 200 116933
54.36.148.217 - - [11/Feb/2025:00:24:01 +0100] "GET /ticket2/opencms/en/buy?page=1&edid=160DAC9A-2A77-6FDC-52B8-296352B1ABF1 HTTP/1.1" 200 133472
192.99.15.34 - - [11/Feb/2025:00:24:02 +0100] "GET /ticket2/opencms/no/buy/?page=1&edid=1DBF14B5-C823-5399-D365-712859C1D3D3&sortorder=desc&column=price HTTP/1.1" 200 110306
66.249.79.105 - - [11/Feb/2025:00:24:03 +0100] "GET /ticket2/opencms/az/?comcatid=97ECA65A-72DA-F9AF-9DBB-245D3CFED1BE&catid=81B744E7-1FEE-E757-C0AB-C7AF73CDE252 HTTP/1.1" 200 106690
193.70.81.116 - - [11/Feb/2025:00:24:03 +0100] "GET /ticket2/opencms/en/buy/?page=1&edid=0E015037-AEA8-A77C-F644-58B0F482ADCC HTTP/1.1" 200 132317
83.191.124.42 - - [11/Feb/2025:00:24:03 +0100] "GET /ticket2/opencms/sv/?gad_source=1&gbraid=0AAAAADlS-t9v2z810T0bJlDGBMVKcKMVG&gclid=CjwKCAiA5Ka9BhB5EiwA1ZVtvDoIxv92mgvxkjVZodWIOhwwzq0lO2IWD7zqJR6CdsPykdHtpsKKRxoCLHEQAvD_BwE HTTP/1.1" 200 106170
40.77.167.20 - - [11/Feb/2025:00:24:05 +0100] "GET /ticket2/opencms/fr/buy/?comcatid=A17713B6-D984-201A-4143-ED4DB5ED5C2E&catid=6BD6E0B0-84AF-3A0D-3851-C1357CE9B771 HTTP/1.1" 200 100546
193.70.81.116 - - [11/Feb/2025:00:24:07 +0100] "GET /ticket2/opencms/en/buy/?page=1&edid=102FC15A-4406-C66D-55EB-877612BDD22A HTTP/1.1" 200 104688
40.77.167.41 - - [11/Feb/2025:00:24:10 +0100] "GET /ticket2/opencms/en/venue/?countryid=D2692076-DE03-44FD-327A-B8175A419AF6 HTTP/1.1" 200 112619
67.144.2.241 - - [11/Feb/2025:00:24:11 +0100] "GET /ticket2/opencms/sv/buy/?page=1&edid=112827AE-FDB3-5F5D-AA2B-69C5B80A2A59 HTTP/1.1" 200 109482
193.70.81.116 - - [11/Feb/2025:00:24:12 +0100] "GET /ticket2/opencms/en/buy/?page=1&edid=10404C2E-90F1-82CF-4642-1D2B3FC97049 HTTP/1.1" 200 113949
192.99.15.34 - - [11/Feb/2025:00:24:13 +0100] "GET /ticket2/opencms/no/buy/?page=1&edid=208620A3-CAD7-367C-C114-D9C4D84F40F8&sortorder=desc&column=section HTTP/1.1" 200 109031
193.70.81.116 - - [11/Feb/2025:00:24:16 +0100] "GET /ticket2/opencms/en/buy/?page=1&edid=10D2F1A4-37B5-63BF-BBD7-BDB95680D6AA HTTP/1.1" 200 110707
193.70.81.116 - - [11/Feb/2025:00:24:21 +0100] "GET /ticket2/opencms/en/buy/?page=1&edid=10D9C6ED-4239-939C-EE12-6D152DF1B2D3 HTTP/1.1" 200 113889
54.36.148.163 - - [11/Feb/2025:00:24:21 +0100] "GET /ticket2/opencms/cs/buy?page=1&edid=50375D23-8B44-5172-3FB1-755B660EE76F HTTP/1.1" 200 112497
192.99.15.34 - - [11/Feb/2025:00:24:22 +0100] "GET /ticket2/opencms/no/buy/?page=1&edid=20D0A50F-DC01-8C36-3990-4CFF36FD7BF1&sortorder=desc&column=row HTTP/1.1" 200 109593
202.8.41.56 - - [11/Feb/2025:00:24:22 +0100] "GET /ticket2/opencms/system/modules/com.gridnine.opencms.ticketbrokerage.site/resources/css/jquery.fancybox.css HTTP/1.1" 200 4939
202.8.41.56 - - [11/Feb/2025:00:24:22 +0100] "GET /ticket2/opencms/system/modules/com.gridnine.opencms.ticketbrokerage.site/resources/css/standard.css HTTP/1.1" 200 73904
202.8.41.56 - - [11/Feb/2025:00:24:22 +0100] "GET /ticket2/opencms/system/modules/com.gridnine.opencms.ticketbrokerage.site/resources/css/jquery-ui.css HTTP/1.1" 200 33221
202.8.41.56 - - [11/Feb/2025:00:24:22 +0100] "GET /ticket2/opencms/system/modules/com.gridnine.opencms.ticketbrokerage.site/resources/css/ticketbrokerage.css HTTP/1.1" 200 39339
202.8.41.56 - - [11/Feb/2025:00:24:22 +0100] "GET /ticket2/opencms/system/modules/com.gridnine.opencms.ticketbrokerage.site/resources/css/calendar.css HTTP/1.1" 200 6871
202.8.41.56 - - [11/Feb/2025:00:24:22 +0100] "GET /ticket2/opencms/system/modules/com.gridnine.opencms.ticketbrokerage.site/resources/js/jquery/jquery.js HTTP/1.1" 200 93868
202.8.41.56 - - [11/Feb/2025:00:24:22 +0100] "GET /ticket2/opencms/system/modules/com.gridnine.opencms.ticketbrokerage.site/resources/js/jquery/jquery-ui.js HTTP/1.1" 200 228088
202.8.41.56 - - [11/Feb/2025:00:24:22 +0100] "GET /ticket2/opencms/system/modules/com.gridnine.opencms.ticketbrokerage.site/resources/js/functions.js HTTP/1.1" 200 1583
202.8.41.56 - - [11/Feb/2025:00:24:22 +0100] "GET /ticket2/opencms/system/modules/com.gridnine.opencms.ticketbrokerage.site/resources/js/calendar-setup.js HTTP/1.1" 200 4923
202.8.41.56 - - [11/Feb/2025:00:24:22 +0100] "GET /ticket2/opencms/system/modules/com.gridnine.opencms.ticketbrokerage.site/resources/js/calendar.js HTTP/1.1" 200 49229
202.8.41.56 - - [11/Feb/2025:00:24:22 +0100] "GET /ticket2/opencms/system/modules/com.gridnine.opencms.ticketbrokerage.site/resources/js/calendar-en.js HTTP/1.1" 200 3338
202.8.41.56 - - [11/Feb/2025:00:24:22 +0100] "GET /ticket2/opencms/system/modules/com.gridnine.opencms.ticketbrokerage.site/resources/js/jquery.fancybox.pack.js HTTP/1.1" 200 23187
202.8.41.56 - - [11/Feb/2025:00:24:22 +0100] "GET /ticket2/opencms/system/modules/com.gridnine.opencms.ticketbrokerage.site/resources/js/stickyfill.min.js HTTP/1.1" 200 5672
202.8.41.56 - - [11/Feb/2025:00:24:22 +0100] "GET /ticket2/opencms/system/modules/com.gridnine.opencms.ticketbrokerage.site/resources/js/standard.js HTTP/1.1" 200 3983
202.8.41.56 - - [11/Feb/2025:00:24:23 +0100] "GET /ticket2/opencms/system/modules/com.gridnine.opencms.ticketbrokerage.site/resources/js/jquery.placeholder.min.js HTTP/1.1" 200 1737
202.8.41.56 - - [11/Feb/2025:00:24:23 +0100] "GET /ticket2/opencms/system/modules/com.gridnine.opencms.ticketbrokerage.site/resources/js/common-ajax.js HTTP/1.1" 200 20175
202.8.41.56 - - [11/Feb/2025:00:24:23 +0100] "GET /ticket2/opencms/cs/ask-form.html HTTP/1.1" 200 3156
202.8.41.56 - - [11/Feb/2025:00:24:23 +0100] "GET /ticket2/opencms/system/modules/com.gridnine.opencms.ticketbrokerage.site/resources/css/ticketbrokerage.css HTTP/1.1" 200 39339
67.144.2.241 - - [11/Feb/2025:00:24:26 +0100] "GET /ticket2/opencms/sv/buy/?page=1&edid=119B0787-94D6-421F-C1DF-2820FC4870DF HTTP/1.1" 200 106041
193.70.81.116 - - [11/Feb/2025:00:24:26 +0100] "GET /ticket2/opencms/en/buy/?page=1&edid=126E7844-E6E1-432A-5140-6A6B87787BFF HTTP/1.1" 200 130576
47.128.33.172 - - [11/Feb/2025:00:24:30 +0100] "GET /ticket2/opencms/sl/ HTTP/1.1" 200 106478
