202.8.43.215 - - [11/Feb/2025:00:15:39 +0100] "GET /ticket2/opencms/system/modules/com.gridnine.opencms.ticketbrokerage.site/resources/js/jquery.fancybox.pack.js HTTP/1.1" 200 23187
202.8.43.215 - - [11/Feb/2025:00:15:39 +0100] "GET /ticket2/opencms/system/modules/com.gridnine.opencms.ticketbrokerage.site/resources/js/stickyfill.min.js HTTP/1.1" 200 5672
202.8.43.215 - - [11/Feb/2025:00:15:39 +0100] "GET /ticket2/opencms/system/modules/com.gridnine.opencms.ticketbrokerage.site/resources/js/standard.js HTTP/1.1" 200 3983
202.8.43.215 - - [11/Feb/2025:00:15:39 +0100] "GET /ticket2/opencms/system/modules/com.gridnine.opencms.ticketbrokerage.site/resources/js/jquery.placeholder.min.js HTTP/1.1" 200 1737
202.8.43.215 - - [11/Feb/2025:00:15:39 +0100] "GET /ticket2/opencms/system/modules/com.gridnine.opencms.ticketbrokerage.site/resources/js/common-ajax.js HTTP/1.1" 200 20175
202.8.43.215 - - [11/Feb/2025:00:15:39 +0100] "GET /ticket2/opencms/de/ask-form.html HTTP/1.1" 200 3156
202.8.43.215 - - [11/Feb/2025:00:15:39 +0100] "GET /ticket2/opencms/system/modules/com.gridnine.opencms.ticketbrokerage.site/resources/css/ticketbrokerage.css HTTP/1.1" 200 39339
40.77.167.36 - - [11/Feb/2025:00:15:40 +0100] "GET /ticket2/opencms/lv/buy?page=1&edid=C76975CF-903E-219C-0CE3-DE3E87D06A7B HTTP/1.1" 200 106594
54.36.148.202 - - [11/Feb/2025:00:15:41 +0100] "GET /ticket2/opencms/it/buy/?page=1&edid=268D8165-50F1-AAA8-6C6A-3ABAD53C8B35 HTTP/1.1" 200 109838
114.119.154.13 - - [11/Feb/2025:00:15:42 +0100] "GET /ticket2/opencms/en/buy/?comcatid=97ECA65A-72DA-F9AF-9DBB-245D3CFED1BE&catid=6CD184E8-C8D4-E1CC-33D0-6F47E3751240 HTTP/1.1" 200 94321
47.128.30.99 - - [11/Feb/2025:00:15:44 +0100] "GET /ticket2/opencms/fi/venue/?venueid=734040E5-A24F-A3CB-551E-29ED256DF723 HTTP/1.1" 200 84697
207.46.13.150 - - [11/Feb/2025:00:15:46 +0100] "GET /ticket2/opencms/fr/buy/?page=1&edid=94D791E2-A2F6-C0D4-E68D-72D6DE252AC9 HTTP/1.1" 200 108445
193.70.81.116 - - [11/Feb/2025:00:15:47 +0100] "GET /ticket2/opencms/dk/buy/?page=1&edid=DD4ED7B0-6874-818C-31D5-2601C6F792DC HTTP/1.1" 200 105123
67.144.2.241 - - [11/Feb/2025:00:15:48 +0100] "GET /ticket2/opencms/fi/venue/?venueid=65ED2D8A-C56D-F2C5-27DA-120D16E2A9AE HTTP/1.1" 200 84782
85.208.96.194 - - [11/Feb/2025:00:15:48 +0100] "GET /ticket2/opencms/sl/magazine/article?title=arsenal-se-priblizuje-liverpoolu HTTP/1.1" 200 87035
52.167.144.207 - - [11/Feb/2025:00:15:48 +0100] "GET /ticket2/opencms/uk/buy/?page=1&edid=F1EEEC67-D1C4-E916-20F3-F210A97B2C57 HTTP/1.1" 200 112034
114.119.133.220 - - [11/Feb/2025:00:15:48 +0100] "GET /ticket2/opencms/en/venue/?venueid=950EE001-B436-52E3-8102-457AB519569A HTTP/1.1" 200 83249
66.249.79.102 - - [11/Feb/2025:00:15:49 +0100] "GET /ticket2/opencms/fr/buy/?page=1&edid=10D2F1A4-37B5-63BF-BBD7-BDB95680D6AA HTTP/1.1" 200 112172
54.36.148.211 - - [11/Feb/2025:00:15:50 +0100] "GET /ticket2/opencms/no/buy?page=1&edid=50375D23-8B44-5172-3FB1-755B660EE76F HTTP/1.1" 200 112006
202.8.43.184 - - [11/Feb/2025:00:15:51 +0100] "GET /ticket2/opencms/system/modules/com.gridnine.opencms.ticketbrokerage.site/resources/css/jquery-ui.css HTTP/1.1" 200 33221
202.8.43.184 - - [11/Feb/2025:00:15:51 +0100] "GET /ticket2/opencms/system/modules/com.gridnine.opencms.ticketbrokerage.site/resources/css/ticketbrokerage.css HTTP/1.1" 200 39339
202.8.43.184 - - [11/Feb/2025:00:15:51 +0100] "GET /ticket2/opencms/system/modules/com.gridnine.opencms.ticketbrokerage.site/resources/css/jquery.fancybox.css HTTP/1.1" 200 4939
202.8.43.184 - - [11/Feb/2025:00:15:51 +0100] "GET /ticket2/opencms/system/modules/com.gridnine.opencms.ticketbrokerage.site/resources/css/standard.css HTTP/1.1" 200 73904
202.8.43.184 - - [11/Feb/2025:00:15:51 +0100] "GET /ticket2/opencms/system/modules/com.gridnine.opencms.ticketbrokerage.site/resources/css/calendar.css HTTP/1.1" 200 6871
202.8.43.184 - - [11/Feb/2025:00:15:51 +0100] "GET /ticket2/opencms/system/modules/com.gridnine.opencms.ticketbrokerage.site/resources/js/jquery/jquery.js HTTP/1.1" 200 93868
202.8.43.184 - - [11/Feb/2025:00:15:52 +0100] "GET /ticket2/opencms/system/modules/com.gridnine.opencms.ticketbrokerage.site/resources/js/jquery/jquery-ui.js HTTP/1.1" 200 228088
202.8.43.184 - - [11/Feb/2025:00:15:52 +0100] "GET /ticket2/opencms/system/modules/com.gridnine.opencms.ticketbrokerage.site/resources/js/functions.js HTTP/1.1" 200 1583
202.8.43.184 - - [11/Feb/2025:00:15:52 +0100] "GET /ticket2/opencms/system/modules/com.gridnine.opencms.ticketbrokerage.site/resources/js/calendar-en.js HTTP/1.1" 200 3338
202.8.43.184 - - [11/Feb/2025:00:15:52 +0100] "GET /ticket2/opencms/system/modules/com.gridnine.opencms.ticketbrokerage.site/resources/js/calendar-setup.js HTTP/1.1" 200 4923
202.8.43.184 - - [11/Feb/2025:00:15:52 +0100] "GET /ticket2/opencms/system/modules/com.gridnine.opencms.ticketbrokerage.site/resources/js/calendar.js HTTP/1.1" 200 49229
202.8.43.184 - - [11/Feb/2025:00:15:52 +0100] "GET /ticket2/opencms/system/modules/com.gridnine.opencms.ticketbrokerage.site/resources/js/jquery.fancybox.pack.js HTTP/1.1" 200 23187
202.8.43.184 - - [11/Feb/2025:00:15:52 +0100] "GET /ticket2/opencms/system/modules/com.gridnine.opencms.ticketbrokerage.site/resources/js/stickyfill.min.js HTTP/1.1" 200 5672
202.8.43.184 - - [11/Feb/2025:00:15:52 +0100] "GET /ticket2/opencms/system/modules/com.gridnine.opencms.ticketbrokerage.site/resources/js/standard.js HTTP/1.1" 200 3983
202.8.43.184 - - [11/Feb/2025:00:15:52 +0100] "GET /ticket2/opencms/system/modules/com.gridnine.opencms.ticketbrokerage.site/resources/js/jquery.placeholder.min.js HTTP/1.1" 200 1737
202.8.43.184 - - [11/Feb/2025:00:15:52 +0100] "GET /ticket2/opencms/system/modules/com.gridnine.opencms.ticketbrokerage.site/resources/js/common-ajax.js HTTP/1.1" 200 20175
202.8.43.184 - - [11/Feb/2025:00:15:52 +0100] "GET /ticket2/opencms/no/ask-form.html HTTP/1.1" 200 2919
202.8.43.184 - - [11/Feb/2025:00:15:52 +0100] "GET /ticket2/opencms/system/modules/com.gridnine.opencms.ticketbrokerage.site/resources/css/ticketbrokerage.css HTTP/1.1" 200 39339
78.73.73.193 - - [11/Feb/2025:00:15:53 +0100] "GET /ticket2/opencms/img/shutterstock_1096737371.jpg HTTP/1.1" 200 227143
185.191.171.10 - - [11/Feb/2025:00:15:54 +0100] "GET /ticket2/opencms/bg/sport/futbolni-bileti/champions-league/valencia HTTP/1.1" 200 91634
54.36.149.39 - - [11/Feb/2025:00:15:54 +0100] "GET /ticket2/opencms/el/buy/?page=1&edid=E0AE80B3-D973-1C4A-1E4A-4F34E588C3A0 HTTP/1.1" 200 109642
193.70.81.116 - - [11/Feb/2025:00:15:55 +0100] "GET /ticket2/opencms/dk/buy/?page=1&edid=DDC014E0-57FD-0978-5C99-38BF9021FA56 HTTP/1.1" 200 114431
54.36.148.171 - - [11/Feb/2025:00:15:56 +0100] "GET /ticket2/opencms/hr/buy?page=1&edid=CC748805-AA77-5D07-7352-96CD97D4F5AC HTTP/1.1" 200 135073
192.99.15.34 - - [11/Feb/2025:00:15:56 +0100] "GET /ticket2/opencms/fi/buy/?page=1&edid=9A2A4E79-E1FC-1D63-1645-10449E12F92D&sortorder=asc&column=row HTTP/1.1" 200 110761
85.208.96.210 - - [11/Feb/2025:00:15:57 +0100] "GET /ticket2/opencms/sv/sport/hockeybiljetter/nhl/ny-rangers/ HTTP/1.1" 200 88859
54.36.149.104 - - [11/Feb/2025:00:15:57 +0100] "GET /ticket2/opencms/dk/buy/?page=1&edid=1499F703-DFC9-3CEE-AC19-8B22C17A288A HTTP/1.1" 200 105159
67.144.2.241 - - [11/Feb/2025:00:15:59 +0100] "GET /ticket2/opencms/fi/venue/?venueid=665605D3-62A4-ADC3-6DF2-C7BBE2C5024A HTTP/1.1" 200 84682
114.119.136.30 - - [11/Feb/2025:00:15:59 +0100] "GET /ticket2/opencms/en/buy/?page=1&edid=B461BF01-8096-3162-6C25-1DC71021C836 HTTP/1.1" 200 104770
54.36.148.5 - - [11/Feb/2025:00:16:00 +0100] "GET /ticket2/opencms/hu/buy/?page=1&edid=BF4FD546-C4DE-EDCA-D8F8-B2B17DB7AC99 HTTP/1.1" 200 110140
54.36.148.216 - - [11/Feb/2025:00:16:04 +0100] "GET /ticket2/opencms/sq/buy?page=1&edid=46F37BE7-B2F6-BEA5-12C9-E1FFD36B0DD0 HTTP/1.1" 200 116182
193.70.81.116 - - [11/Feb/2025:00:16:05 +0100] "GET /ticket2/opencms/dk/buy/?page=1&edid=DE0D0DE3-BA42-3783-5C74-6058213C61AE HTTP/1.1" 200 105126
202.8.43.71 - - [11/Feb/2025:00:16:05 +0100] "GET /ticket2/opencms/system/modules/com.gridnine.opencms.ticketbrokerage.site/resources/css/ticketbrokerage.css HTTP/1.1" 200 39339
202.8.43.71 - - [11/Feb/2025:00:16:05 +0100] "GET /ticket2/opencms/system/modules/com.gridnine.opencms.ticketbrokerage.site/resources/css/standard.css HTTP/1.1" 200 73904
202.8.43.71 - - [11/Feb/2025:00:16:05 +0100] "GET /ticket2/opencms/system/modules/com.gridnine.opencms.ticketbrokerage.site/resources/css/calendar.css HTTP/1.1" 200 6871
202.8.43.71 - - [11/Feb/2025:00:16:05 +0100] "GET /ticket2/opencms/system/modules/com.gridnine.opencms.ticketbrokerage.site/resources/css/jquery-ui.css HTTP/1.1" 200 33221
202.8.43.71 - - [11/Feb/2025:00:16:05 +0100] "GET /ticket2/opencms/system/modules/com.gridnine.opencms.ticketbrokerage.site/resources/css/jquery.fancybox.css HTTP/1.1" 200 4939
202.8.43.71 - - [11/Feb/2025:00:16:05 +0100] "GET /ticket2/opencms/system/modules/com.gridnine.opencms.ticketbrokerage.site/resources/js/jquery/jquery.js HTTP/1.1" 200 93868
202.8.43.71 - - [11/Feb/2025:00:16:05 +0100] "GET /ticket2/opencms/system/modules/com.gridnine.opencms.ticketbrokerage.site/resources/js/jquery/jquery-ui.js HTTP/1.1" 200 228088
202.8.43.71 - - [11/Feb/2025:00:16:05 +0100] "GET /ticket2/opencms/system/modules/com.gridnine.opencms.ticketbrokerage.site/resources/js/functions.js HTTP/1.1" 200 1583
202.8.43.71 - - [11/Feb/2025:00:16:05 +0100] "GET /ticket2/opencms/system/modules/com.gridnine.opencms.ticketbrokerage.site/resources/js/calendar.js HTTP/1.1" 200 49229
202.8.43.71 - - [11/Feb/2025:00:16:05 +0100] "GET /ticket2/opencms/system/modules/com.gridnine.opencms.ticketbrokerage.site/resources/js/calendar-en.js HTTP/1.1" 200 3338
202.8.43.71 - - [11/Feb/2025:00:16:05 +0100] "GET /ticket2/opencms/system/modules/com.gridnine.opencms.ticketbrokerage.site/resources/js/calendar-setup.js HTTP/1.1" 200 4923
202.8.43.71 - - [11/Feb/2025:00:16:05 +0100] "GET /ticket2/opencms/system/modules/com.gridnine.opencms.ticketbrokerage.site/resources/js/jquery.fancybox.pack.js HTTP/1.1" 200 23187
202.8.43.71 - - [11/Feb/2025:00:16:05 +0100] "GET /ticket2/opencms/system/modules/com.gridnine.opencms.ticketbrokerage.site/resources/js/stickyfill.min.js HTTP/1.1" 200 5672
202.8.43.71 - - [11/Feb/2025:00:16:05 +0100] "GET /ticket2/opencms/system/modules/com.gridnine.opencms.ticketbrokerage.site/resources/js/standard.js HTTP/1.1" 200 3983
202.8.43.71 - - [11/Feb/2025:00:16:05 +0100] "GET /ticket2/opencms/system/modules/com.gridnine.opencms.ticketbrokerage.site/resources/js/jquery.placeholder.min.js HTTP/1.1" 200 1737
202.8.43.71 - - [11/Feb/2025:00:16:05 +0100] "GET /ticket2/opencms/system/modules/com.gridnine.opencms.ticketbrokerage.site/resources/js/common-ajax.js HTTP/1.1" 200 20175
202.8.43.71 - - [11/Feb/2025:00:16:05 +0100] "GET /ticket2/opencms/sq/ask-form.html HTTP/1.1" 200 3156
202.8.43.71 - - [11/Feb/2025:00:16:06 +0100] "GET /ticket2/opencms/system/modules/com.gridnine.opencms.ticketbrokerage.site/resources/css/ticketbrokerage.css HTTP/1.1" 200 39339
52.167.144.234 - - [11/Feb/2025:00:16:07 +0100] "GET /ticket2/opencms/sv/magazine/article?title=anfield-liverpools-hemmaarena HTTP/1.1" 200 86891
192.99.15.34 - - [11/Feb/2025:00:16:08 +0100] "GET /ticket2/opencms/fi/buy/?page=1&edid=9B400594-B20F-D479-4D4E-A3F53A22DCA4&sortorder=desc&column=row HTTP/1.1" 200 109476
47.128.17.97 - - [11/Feb/2025:00:16:09 +0100] "GET /ticket2/opencms/fi/venue/?venueid=D469B02A-A348-1879-8637-C23BC06689E4 HTTP/1.1" 200 84716
54.36.148.167 - - [11/Feb/2025:00:16:09 +0100] "GET /ticket2/opencms/sr/buy/?page=1&edid=F7607B70-C7D1-859A-AF1D-90ACBF6F99CC HTTP/1.1" 200 116926
37.123.143.11 - - [11/Feb/2025:00:16:13 +0100] "GET /ticket2/opencms/system/workplace/views/top_foot.jsp?wpFrame=foot HTTP/1.1" 200 1210
37.123.143.11 - - [11/Feb/2025:00:16:13 +0100] "GET /ticket2/opencms/system/workplace/commons/style/workplace.css HTTP/1.1" 200 14209
54.36.148.208 - - [11/Feb/2025:00:16:14 +0100] "GET /ticket2/opencms/is/buy?page=1&edid=17260F4F-A849-5FCD-F08C-3E4A05EF4080 HTTP/1.1" 200 106446
193.70.81.116 - - [11/Feb/2025:00:16:14 +0100] "GET /ticket2/opencms/dk/buy/?page=1&edid=DE88C997-F247-5EDB-AB8C-0BF21F57525F HTTP/1.1" 200 131693
67.144.2.241 - - [11/Feb/2025:00:16:15 +0100] "GET /ticket2/opencms/fi/venue/?venueid=66B7684A-34D7-B171-288C-D950D3063FA0 HTTP/1.1" 200 85241
52.167.144.229 - - [11/Feb/2025:00:16:15 +0100] "GET /ticket2/opencms/ga/buy?page=1&edid=7F2B1FEA-20FE-7448-32AC-111154CA401B HTTP/1.1" 200 134955
54.36.149.37 - - [11/Feb/2025:00:16:17 +0100] "GET /ticket2/opencms/tr/buy?page=1&edid=66A41D1B-B106-948F-4ECF-7F8A993B5B86 HTTP/1.1" 200 106653
66.249.79.206 - - [11/Feb/2025:00:16:18 +0100] "GET /ticket2/opencms/fr/buy?page=1&edid=DCF22239-47F2-2282-C13B-85FCE1D7C913 HTTP/1.1" 200 134329
202.8.43.94 - - [11/Feb/2025:00:16:18 +0100] "GET /ticket2/opencms/system/modules/com.gridnine.opencms.ticketbrokerage.site/resources/css/standard.css HTTP/1.1" 200 73904
202.8.43.94 - - [11/Feb/2025:00:16:18 +0100] "GET /ticket2/opencms/system/modules/com.gridnine.opencms.ticketbrokerage.site/resources/css/jquery-ui.css HTTP/1.1" 200 33221
202.8.43.94 - - [11/Feb/2025:00:16:18 +0100] "GET /ticket2/opencms/system/modules/com.gridnine.opencms.ticketbrokerage.site/resources/css/jquery.fancybox.css HTTP/1.1" 200 4939
202.8.43.94 - - [11/Feb/2025:00:16:18 +0100] "GET /ticket2/opencms/system/modules/com.gridnine.opencms.ticketbrokerage.site/resources/css/calendar.css HTTP/1.1" 200 6871
202.8.43.94 - - [11/Feb/2025:00:16:18 +0100] "GET /ticket2/opencms/system/modules/com.gridnine.opencms.ticketbrokerage.site/resources/css/ticketbrokerage.css HTTP/1.1" 200 39339
202.8.43.94 - - [11/Feb/2025:00:16:18 +0100] "GET /ticket2/opencms/system/modules/com.gridnine.opencms.ticketbrokerage.site/resources/js/jquery/jquery.js HTTP/1.1" 200 93868
202.8.43.94 - - [11/Feb/2025:00:16:18 +0100] "GET /ticket2/opencms/system/modules/com.gridnine.opencms.ticketbrokerage.site/resources/js/jquery/jquery-ui.js HTTP/1.1" 200 228088
202.8.43.94 - - [11/Feb/2025:00:16:18 +0100] "GET /ticket2/opencms/system/modules/com.gridnine.opencms.ticketbrokerage.site/resources/js/functions.js HTTP/1.1" 200 1583
202.8.43.94 - - [11/Feb/2025:00:16:18 +0100] "GET /ticket2/opencms/system/modules/com.gridnine.opencms.ticketbrokerage.site/resources/js/calendar.js HTTP/1.1" 200 49229
202.8.43.94 - - [11/Feb/2025:00:16:18 +0100] "GET /ticket2/opencms/system/modules/com.gridnine.opencms.ticketbrokerage.site/resources/js/calendar-en.js HTTP/1.1" 200 3338
202.8.43.94 - - [11/Feb/2025:00:16:18 +0100] "GET /ticket2/opencms/system/modules/com.gridnine.opencms.ticketbrokerage.site/resources/js/calendar-setup.js HTTP/1.1" 200 4923
202.8.43.94 - - [11/Feb/2025:00:16:18 +0100] "GET /ticket2/opencms/system/modules/com.gridnine.opencms.ticketbrokerage.site/resources/js/jquery.fancybox.pack.js HTTP/1.1" 200 23187
202.8.43.94 - - [11/Feb/2025:00:16:18 +0100] "GET /ticket2/opencms/system/modules/com.gridnine.opencms.ticketbrokerage.site/resources/js/stickyfill.min.js HTTP/1.1" 200 5672
202.8.43.94 - - [11/Feb/2025:00:16:18 +0100] "GET /ticket2/opencms/system/modules/com.gridnine.opencms.ticketbrokerage.site/resources/js/standard.js HTTP/1.1" 200 3983
202.8.43.94 - - [11/Feb/2025:00:16:19 +0100] "GET /ticket2/opencms/system/modules/com.gridnine.opencms.ticketbrokerage.site/resources/js/jquery.placeholder.min.js HTTP/1.1" 200 1737
202.8.43.94 - - [11/Feb/2025:00:16:19 +0100] "GET /ticket2/opencms/system/modules/com.gridnine.opencms.ticketbrokerage.site/resources/js/common-ajax.js HTTP/1.1" 200 20175
202.8.43.94 - - [11/Feb/2025:00:16:19 +0100] "GET /ticket2/opencms/es/ask-form.html HTTP/1.1" 200 3156
202.8.43.94 - - [11/Feb/2025:00:16:19 +0100] "GET /ticket2/opencms/system/modules/com.gridnine.opencms.ticketbrokerage.site/resources/css/ticketbrokerage.css HTTP/1.1" 200 39339
192.99.15.34 - - [11/Feb/2025:00:16:19 +0100] "GET /ticket2/opencms/fi/buy/?page=1&edid=9C3FBEB2-CCB3-9F79-44C9-9F6EAA5B9D4B&sortorder=desc&column=price HTTP/1.1" 200 107189
114.119.141.206 - - [11/Feb/2025:00:16:20 +0100] "GET /ticket2/opencms/en/venue/?venueid=89495595-3833-25EC-3C64-30EAE6238716 HTTP/1.1" 200 83291
54.36.148.79 - - [11/Feb/2025:00:16:20 +0100] "GET /ticket2/opencms/lt/buy/?page=1&edid=D814CF62-738F-086E-5F89-CA83500DBA7B HTTP/1.1" 200 110132
193.70.81.116 - - [11/Feb/2025:00:16:22 +0100] "GET /ticket2/opencms/dk/buy/?page=1&edid=DF09DA20-E43F-35F9-26B1-56353C7187EA HTTP/1.1" 200 108194
85.208.96.204 - - [11/Feb/2025:00:16:24 +0100] "GET /ticket2/opencms/tr/magazine/article?title=la-ligayi-canli-kesfedin-ticket2den-bilet-alin HTTP/1.1" 200 87003
185.191.171.17 - - [11/Feb/2025:00:16:25 +0100] "GET /ticket2/opencms/hr/magazine/article?title=legenda-u-zestokoj-raspravi-s-navijacem HTTP/1.1" 200 87017
54.36.148.209 - - [11/Feb/2025:00:16:25 +0100] "GET /ticket2/opencms/cs/buy/?page=1&edid=40635446-3A1B-F16A-9B72-5E5BD25B028F HTTP/1.1" 200 106438
192.99.15.34 - - [11/Feb/2025:00:16:27 +0100] "GET /ticket2/opencms/fi/buy/?page=1&edid=A443FF53-1C00-C4E0-1D4A-9FD8734D5FCD HTTP/1.1" 200 108366
193.70.81.116 - - [11/Feb/2025:00:16:30 +0100] "GET /ticket2/opencms/dk/buy/?page=1&edid=E02CECDE-C73F-D2CB-A0E2-52EF212A9F2B HTTP/1.1" 200 107223
67.144.2.241 - - [11/Feb/2025:00:16:32 +0100] "GET /ticket2/opencms/fi/venue/?venueid=67A06CF6-50B1-39D9-CC81-9C78D966E53A HTTP/1.1" 200 84679
54.36.148.23 - - [11/Feb/2025:00:16:32 +0100] "GET /ticket2/opencms/sv/buy/?page=1&edid=C781C90E-2A4A-BE38-23EB-6039DE2F5FA8 HTTP/1.1" 200 135070
85.208.96.196 - - [11/Feb/2025:00:16:36 +0100] "GET /ticket2/opencms/ga/buying_tickets HTTP/1.1" 200 87068
54.36.148.219 - - [11/Feb/2025:00:16:36 +0100] "GET /ticket2/opencms/it/buy?page=1&edid=F2971CC3-8714-3DC4-0355-85018375B4CB HTTP/1.1" 200 108451
52.167.144.229 - - [11/Feb/2025:00:16:36 +0100] "GET /ticket2/opencms/az/buy/?page=1&edid=312E2B30-1BE8-80F9-5587-64D580752ED3 HTTP/1.1" 200 116906
202.8.42.184 - - [11/Feb/2025:00:16:37 +0100] "GET /ticket2/opencms/system/modules/com.gridnine.opencms.ticketbrokerage.site/resources/css/jquery-ui.css HTTP/1.1" 200 33221
202.8.42.184 - - [11/Feb/2025:00:16:37 +0100] "GET /ticket2/opencms/system/modules/com.gridnine.opencms.ticketbrokerage.site/resources/css/ticketbrokerage.css HTTP/1.1" 200 39339
202.8.42.184 - - [11/Feb/2025:00:16:37 +0100] "GET /ticket2/opencms/system/modules/com.gridnine.opencms.ticketbrokerage.site/resources/css/jquery.fancybox.css HTTP/1.1" 200 4939
202.8.42.184 - - [11/Feb/2025:00:16:37 +0100] "GET /ticket2/opencms/system/modules/com.gridnine.opencms.ticketbrokerage.site/resources/css/calendar.css HTTP/1.1" 200 6871
202.8.42.184 - - [11/Feb/2025:00:16:37 +0100] "GET /ticket2/opencms/system/modules/com.gridnine.opencms.ticketbrokerage.site/resources/css/standard.css HTTP/1.1" 200 73904
202.8.42.184 - - [11/Feb/2025:00:16:37 +0100] "GET /ticket2/opencms/system/modules/com.gridnine.opencms.ticketbrokerage.site/resources/js/jquery/jquery.js HTTP/1.1" 200 93868
202.8.42.184 - - [11/Feb/2025:00:16:37 +0100] "GET /ticket2/opencms/system/modules/com.gridnine.opencms.ticketbrokerage.site/resources/js/functions.js HTTP/1.1" 200 1583
202.8.42.184 - - [11/Feb/2025:00:16:37 +0100] "GET /ticket2/opencms/system/modules/com.gridnine.opencms.ticketbrokerage.site/resources/js/calendar-en.js HTTP/1.1" 200 3338
202.8.42.184 - - [11/Feb/2025:00:16:37 +0100] "GET /ticket2/opencms/system/modules/com.gridnine.opencms.ticketbrokerage.site/resources/js/calendar.js HTTP/1.1" 200 49229
202.8.42.184 - - [11/Feb/2025:00:16:37 +0100] "GET /ticket2/opencms/system/modules/com.gridnine.opencms.ticketbrokerage.site/resources/js/jquery/jquery-ui.js HTTP/1.1" 200 228088
202.8.42.184 - - [11/Feb/2025:00:16:37 +0100] "GET /ticket2/opencms/system/modules/com.gridnine.opencms.ticketbrokerage.site/resources/js/calendar-setup.js HTTP/1.1" 200 4923
202.8.42.184 - - [11/Feb/2025:00:16:37 +0100] "GET /ticket2/opencms/system/modules/com.gridnine.opencms.ticketbrokerage.site/resources/js/stickyfill.min.js HTTP/1.1" 200 5672
202.8.42.184 - - [11/Feb/2025:00:16:37 +0100] "GET /ticket2/opencms/system/modules/com.gridnine.opencms.ticketbrokerage.site/resources/js/standard.js HTTP/1.1" 200 3983
202.8.42.184 - - [11/Feb/2025:00:16:37 +0100] "GET /ticket2/opencms/system/modules/com.gridnine.opencms.ticketbrokerage.site/resources/js/jquery.fancybox.pack.js HTTP/1.1" 200 23187
202.8.42.184 - - [11/Feb/2025:00:16:37 +0100] "GET /ticket2/opencms/system/modules/com.gridnine.opencms.ticketbrokerage.site/resources/js/jquery.placeholder.min.js HTTP/1.1" 200 1737
202.8.42.184 - - [11/Feb/2025:00:16:37 +0100] "GET /ticket2/opencms/system/modules/com.gridnine.opencms.ticketbrokerage.site/resources/js/common-ajax.js HTTP/1.1" 200 20175
202.8.42.184 - - [11/Feb/2025:00:16:38 +0100] "GET /ticket2/opencms/it/ask-form.html HTTP/1.1" 200 3156
202.8.42.184 - - [11/Feb/2025:00:16:38 +0100] "GET /ticket2/opencms/system/modules/com.gridnine.opencms.ticketbrokerage.site/resources/css/ticketbrokerage.css HTTP/1.1" 200 39339
193.70.81.116 - - [11/Feb/2025:00:16:38 +0100] "GET /ticket2/opencms/dk/buy/?page=1&edid=E0AE80B3-D973-1C4A-1E4A-4F34E588C3A0 HTTP/1.1" 200 105135
192.99.15.34 - - [11/Feb/2025:00:16:39 +0100] "GET /ticket2/opencms/fi/buy/?page=1&edid=A443FF53-1C00-C4E0-1D4A-9FD8734D5FCD&sortorder=asc&column=section HTTP/1.1" 200 109359
54.36.148.46 - - [11/Feb/2025:00:16:40 +0100] "GET /ticket2/opencms/bs/buy/?page=1&edid=1C60B6C6-EC08-CBB2-DDAD-2D7ECA90977D HTTP/1.1" 200 106287
47.128.126.22 - - [11/Feb/2025:00:16:42 +0100] "GET /ticket2/opencms/az/buy/?edid=B77A7006-DEDC-BDA0-58BA-235C61E5D6CF HTTP/1.1" 200 89598
114.119.157.43 - - [11/Feb/2025:00:16:43 +0100] "GET /ticket2/opencms/mt/buy?page=1&=F9BBE6C5-FC76-172B-1A0C-2F0C14E7CDB9 HTTP/1.1" 200 -
54.36.148.216 - - [11/Feb/2025:00:16:45 +0100] "GET /ticket2/opencms/bs/buy/?page=1&edid=51141EB3-B375-D16D-CA84-E949B19945AA HTTP/1.1" 200 106355
54.36.149.97 - - [11/Feb/2025:00:16:45 +0100] "GET /ticket2/opencms/fi/buy?page=1&edid=096598FE-DA35-4351-DFEE-DC9ACA0F0EF9 HTTP/1.1" 200 132794
193.70.81.116 - - [11/Feb/2025:00:16:46 +0100] "GET /ticket2/opencms/dk/buy/?page=1&edid=E0DA4C4E-70A8-AB6F-171E-3FF387E35F29 HTTP/1.1" 200 108401
66.249.76.44 - - [11/Feb/2025:00:16:48 +0100] "GET /ticket2/opencms/fr/buy/?page=1&edid=10597F35-2AC7-31D2-FB61-15A36BB6D73B HTTP/1.1" 200 134287
85.208.96.194 - - [11/Feb/2025:00:16:49 +0100] "GET /ticket2/opencms/ka/magazine/article?title=em-varskvlavebi-romlebits-google-shi-qvelaze-metad-edzeben-da-instagram-ze-qvelaze-didia HTTP/1.1" 200 88870
54.36.149.37 - - [11/Feb/2025:00:16:49 +0100] "GET /ticket2/opencms/sr/buy/?page=1&edid=D814CF62-738F-086E-5F89-CA83500DBA7B HTTP/1.1" 200 110642
67.144.2.241 - - [11/Feb/2025:00:16:50 +0100] "GET /ticket2/opencms/fi/venue/?venueid=696CF794-7D31-9FC6-0B42-8ABB3E78F390 HTTP/1.1" 200 85248
192.99.15.34 - - [11/Feb/2025:00:16:50 +0100] "GET /ticket2/opencms/fi/buy/?page=1&edid=A61CFB60-1B55-3B37-BC03-FAF11046FF07 HTTP/1.1" 200 109493
54.36.149.9 - - [11/Feb/2025:00:16:52 +0100] "GET /ticket2/opencms/ro/buy?page=1&edid=C5E6BD6B-6997-F99C-5497-F6687FA84598 HTTP/1.1" 200 106550
47.128.49.245 - - [11/Feb/2025:00:16:53 +0100] "GET /ticket2/opencms/sq/magazine/article?title=kylian-mbappe HTTP/1.1" 200 87065
54.36.148.227 - - [11/Feb/2025:00:16:55 +0100] "GET /ticket2/opencms/az/buy?page=1&edid=50375D23-8B44-5172-3FB1-755B660EE76F HTTP/1.1" 200 112947
202.8.41.86 - - [11/Feb/2025:00:16:56 +0100] "GET /ticket2/opencms/system/modules/com.gridnine.opencms.ticketbrokerage.site/resources/css/ticketbrokerage.css HTTP/1.1" 200 39339
202.8.41.86 - - [11/Feb/2025:00:16:56 +0100] "GET /ticket2/opencms/system/modules/com.gridnine.opencms.ticketbrokerage.site/resources/css/calendar.css HTTP/1.1" 200 6871
202.8.41.86 - - [11/Feb/2025:00:16:56 +0100] "GET /ticket2/opencms/system/modules/com.gridnine.opencms.ticketbrokerage.site/resources/css/jquery-ui.css HTTP/1.1" 200 33221
202.8.41.86 - - [11/Feb/2025:00:16:56 +0100] "GET /ticket2/opencms/system/modules/com.gridnine.opencms.ticketbrokerage.site/resources/css/standard.css HTTP/1.1" 200 73904
202.8.41.86 - - [11/Feb/2025:00:16:56 +0100] "GET /ticket2/opencms/system/modules/com.gridnine.opencms.ticketbrokerage.site/resources/css/jquery.fancybox.css HTTP/1.1" 200 4939
202.8.41.86 - - [11/Feb/2025:00:16:56 +0100] "GET /ticket2/opencms/system/modules/com.gridnine.opencms.ticketbrokerage.site/resources/js/jquery/jquery.js HTTP/1.1" 200 93868
202.8.41.86 - - [11/Feb/2025:00:16:56 +0100] "GET /ticket2/opencms/system/modules/com.gridnine.opencms.ticketbrokerage.site/resources/js/calendar.js HTTP/1.1" 200 49229
202.8.41.86 - - [11/Feb/2025:00:16:56 +0100] "GET /ticket2/opencms/system/modules/com.gridnine.opencms.ticketbrokerage.site/resources/js/jquery/jquery-ui.js HTTP/1.1" 200 228088
202.8.41.86 - - [11/Feb/2025:00:16:56 +0100] "GET /ticket2/opencms/system/modules/com.gridnine.opencms.ticketbrokerage.site/resources/js/functions.js HTTP/1.1" 200 1583
202.8.41.86 - - [11/Feb/2025:00:16:56 +0100] "GET /ticket2/opencms/system/modules/com.gridnine.opencms.ticketbrokerage.site/resources/js/calendar-en.js HTTP/1.1" 200 3338
202.8.41.86 - - [11/Feb/2025:00:16:56 +0100] "GET /ticket2/opencms/system/modules/com.gridnine.opencms.ticketbrokerage.site/resources/js/jquery.fancybox.pack.js HTTP/1.1" 200 23187
202.8.41.86 - - [11/Feb/2025:00:16:56 +0100] "GET /ticket2/opencms/system/modules/com.gridnine.opencms.ticketbrokerage.site/resources/js/calendar-setup.js HTTP/1.1" 200 4923
202.8.41.86 - - [11/Feb/2025:00:16:56 +0100] "GET /ticket2/opencms/system/modules/com.gridnine.opencms.ticketbrokerage.site/resources/js/stickyfill.min.js HTTP/1.1" 200 5672
202.8.41.86 - - [11/Feb/2025:00:16:56 +0100] "GET /ticket2/opencms/system/modules/com.gridnine.opencms.ticketbrokerage.site/resources/js/standard.js HTTP/1.1" 200 3983
202.8.41.86 - - [11/Feb/2025:00:16:56 +0100] "GET /ticket2/opencms/system/modules/com.gridnine.opencms.ticketbrokerage.site/resources/js/jquery.placeholder.min.js HTTP/1.1" 200 1737
202.8.41.86 - - [11/Feb/2025:00:16:56 +0100] "GET /ticket2/opencms/system/modules/com.gridnine.opencms.ticketbrokerage.site/resources/js/common-ajax.js HTTP/1.1" 200 20175
202.8.41.86 - - [11/Feb/2025:00:16:56 +0100] "GET /ticket2/opencms/az/ask-form.html HTTP/1.1" 200 3156
202.8.41.86 - - [11/Feb/2025:00:16:56 +0100] "GET /ticket2/opencms/system/modules/com.gridnine.opencms.ticketbrokerage.site/resources/css/ticketbrokerage.css HTTP/1.1" 200 39339
193.70.81.116 - - [11/Feb/2025:00:16:57 +0100] "GET /ticket2/opencms/dk/buy/?page=1&edid=E0DCB6F1-32E5-4B69-7659-12DFC9BB0380 HTTP/1.1" 200 107223
114.119.157.43 - - [11/Feb/2025:00:16:59 +0100] "GET /ticket2/opencms/en/handbook_buyer/ HTTP/1.1" 200 90730
54.36.148.98 - - [11/Feb/2025:00:16:59 +0100] "GET /ticket2/opencms/mo/buy/?page=1&edid=D814CF62-738F-086E-5F89-CA83500DBA7B HTTP/1.1" 200 110184
54.36.148.26 - - [11/Feb/2025:00:17:02 +0100] "GET /ticket2/opencms/cs/buy/?page=1&edid=46A0A34E-8D3F-1FC3-D540-5ED6BED24380 HTTP/1.1" 200 106428
52.167.144.161 - - [11/Feb/2025:00:17:04 +0100] "GET /ticket2/opencms/nl/magazine/article?title=ek-sterren-die-het-meest-worden-gegoogeld-en-het-grootst-zijn-op-instagram HTTP/1.1" 200 84932
193.70.81.116 - - [11/Feb/2025:00:17:04 +0100] "GET /ticket2/opencms/dk/buy/?page=1&edid=E0F35E65-B71B-01E9-E92D-AC386E0ACF66 HTTP/1.1" 200 114379
192.99.15.34 - - [11/Feb/2025:00:17:05 +0100] "GET /ticket2/opencms/fi/buy/?page=1&edid=A61CFB60-1B55-3B37-BC03-FAF11046FF07&sortorder=asc&column=price HTTP/1.1" 200 110420
54.36.148.172 - - [11/Feb/2025:00:17:06 +0100] "GET /ticket2/opencms/sk/buy?page=1&edid=50375D23-8B44-5172-3FB1-755B660EE76F HTTP/1.1" 200 112555
202.8.41.151 - - [11/Feb/2025:00:17:07 +0100] "GET /ticket2/opencms/system/modules/com.gridnine.opencms.ticketbrokerage.site/resources/css/ticketbrokerage.css HTTP/1.1" 200 39339
202.8.41.151 - - [11/Feb/2025:00:17:07 +0100] "GET /ticket2/opencms/system/modules/com.gridnine.opencms.ticketbrokerage.site/resources/css/calendar.css HTTP/1.1" 200 6871
202.8.41.151 - - [11/Feb/2025:00:17:07 +0100] "GET /ticket2/opencms/system/modules/com.gridnine.opencms.ticketbrokerage.site/resources/css/jquery-ui.css HTTP/1.1" 200 33221
202.8.41.151 - - [11/Feb/2025:00:17:07 +0100] "GET /ticket2/opencms/system/modules/com.gridnine.opencms.ticketbrokerage.site/resources/css/jquery.fancybox.css HTTP/1.1" 200 4939
202.8.41.151 - - [11/Feb/2025:00:17:07 +0100] "GET /ticket2/opencms/system/modules/com.gridnine.opencms.ticketbrokerage.site/resources/js/jquery/jquery.js HTTP/1.1" 200 93868
202.8.41.151 - - [11/Feb/2025:00:17:07 +0100] "GET /ticket2/opencms/system/modules/com.gridnine.opencms.ticketbrokerage.site/resources/css/standard.css HTTP/1.1" 200 73904
202.8.41.151 - - [11/Feb/2025:00:17:07 +0100] "GET /ticket2/opencms/system/modules/com.gridnine.opencms.ticketbrokerage.site/resources/js/functions.js HTTP/1.1" 200 1583
202.8.41.151 - - [11/Feb/2025:00:17:07 +0100] "GET /ticket2/opencms/system/modules/com.gridnine.opencms.ticketbrokerage.site/resources/js/jquery/jquery-ui.js HTTP/1.1" 200 228088
202.8.41.151 - - [11/Feb/2025:00:17:07 +0100] "GET /ticket2/opencms/system/modules/com.gridnine.opencms.ticketbrokerage.site/resources/js/calendar.js HTTP/1.1" 200 49229
202.8.41.151 - - [11/Feb/2025:00:17:07 +0100] "GET /ticket2/opencms/system/modules/com.gridnine.opencms.ticketbrokerage.site/resources/js/calendar-en.js HTTP/1.1" 200 3338
202.8.41.151 - - [11/Feb/2025:00:17:07 +0100] "GET /ticket2/opencms/system/modules/com.gridnine.opencms.ticketbrokerage.site/resources/js/calendar-setup.js HTTP/1.1" 200 4923
202.8.41.151 - - [11/Feb/2025:00:17:07 +0100] "GET /ticket2/opencms/system/modules/com.gridnine.opencms.ticketbrokerage.site/resources/js/jquery.fancybox.pack.js HTTP/1.1" 200 23187
202.8.41.151 - - [11/Feb/2025:00:17:07 +0100] "GET /ticket2/opencms/system/modules/com.gridnine.opencms.ticketbrokerage.site/resources/js/stickyfill.min.js HTTP/1.1" 200 5672
202.8.41.151 - - [11/Feb/2025:00:17:07 +0100] "GET /ticket2/opencms/system/modules/com.gridnine.opencms.ticketbrokerage.site/resources/js/standard.js HTTP/1.1" 200 3983
202.8.41.151 - - [11/Feb/2025:00:17:07 +0100] "GET /ticket2/opencms/system/modules/com.gridnine.opencms.ticketbrokerage.site/resources/js/jquery.placeholder.min.js HTTP/1.1" 200 1737
202.8.41.151 - - [11/Feb/2025:00:17:07 +0100] "GET /ticket2/opencms/system/modules/com.gridnine.opencms.ticketbrokerage.site/resources/js/common-ajax.js HTTP/1.1" 200 20175
202.8.41.151 - - [11/Feb/2025:00:17:07 +0100] "GET /ticket2/opencms/sk/ask-form.html HTTP/1.1" 200 3156
202.8.41.151 - - [11/Feb/2025:00:17:07 +0100] "GET /ticket2/opencms/system/modules/com.gridnine.opencms.ticketbrokerage.site/resources/css/ticketbrokerage.css HTTP/1.1" 200 39339
52.167.144.229 - - [11/Feb/2025:00:17:07 +0100] "GET /ticket2/opencms/no/buy/?page=1&edid=0D6E643E-BC56-ABFA-CFA8-372019055481 HTTP/1.1" 200 109107
185.191.171.1 - - [11/Feb/2025:00:17:09 +0100] "GET /ticket2/opencms/uk/magazine/article?title=an-impressive-match-where-the-swede-kulusevski-continues-to-deliver HTTP/1.1" 200 87798
54.36.148.138 - - [11/Feb/2025:00:17:10 +0100] "GET /ticket2/opencms/nl/buy?page=1&edid=B8A6965B-216E-27C8-9A3D-21241346030F HTTP/1.1" 200 110180
202.8.40.186 - - [11/Feb/2025:00:17:11 +0100] "GET /ticket2/opencms/system/modules/com.gridnine.opencms.ticketbrokerage.site/resources/css/jquery-ui.css HTTP/1.1" 200 33221
202.8.40.186 - - [11/Feb/2025:00:17:11 +0100] "GET /ticket2/opencms/system/modules/com.gridnine.opencms.ticketbrokerage.site/resources/css/jquery.fancybox.css HTTP/1.1" 200 4939
202.8.40.186 - - [11/Feb/2025:00:17:11 +0100] "GET /ticket2/opencms/system/modules/com.gridnine.opencms.ticketbrokerage.site/resources/css/standard.css HTTP/1.1" 200 73904
202.8.40.186 - - [11/Feb/2025:00:17:11 +0100] "GET /ticket2/opencms/system/modules/com.gridnine.opencms.ticketbrokerage.site/resources/css/calendar.css HTTP/1.1" 200 6871
202.8.40.186 - - [11/Feb/2025:00:17:11 +0100] "GET /ticket2/opencms/system/modules/com.gridnine.opencms.ticketbrokerage.site/resources/css/ticketbrokerage.css HTTP/1.1" 200 39339
202.8.40.186 - - [11/Feb/2025:00:17:11 +0100] "GET /ticket2/opencms/system/modules/com.gridnine.opencms.ticketbrokerage.site/resources/js/jquery/jquery.js HTTP/1.1" 200 93868
202.8.40.186 - - [11/Feb/2025:00:17:11 +0100] "GET /ticket2/opencms/system/modules/com.gridnine.opencms.ticketbrokerage.site/resources/js/functions.js HTTP/1.1" 200 1583
202.8.40.186 - - [11/Feb/2025:00:17:11 +0100] "GET /ticket2/opencms/system/modules/com.gridnine.opencms.ticketbrokerage.site/resources/js/calendar.js HTTP/1.1" 200 49229
202.8.40.186 - - [11/Feb/2025:00:17:11 +0100] "GET /ticket2/opencms/system/modules/com.gridnine.opencms.ticketbrokerage.site/resources/js/jquery/jquery-ui.js HTTP/1.1" 200 228088
202.8.40.186 - - [11/Feb/2025:00:17:11 +0100] "GET /ticket2/opencms/system/modules/com.gridnine.opencms.ticketbrokerage.site/resources/js/calendar-en.js HTTP/1.1" 200 3338
202.8.40.186 - - [11/Feb/2025:00:17:11 +0100] "GET /ticket2/opencms/system/modules/com.gridnine.opencms.ticketbrokerage.site/resources/js/calendar-setup.js HTTP/1.1" 200 4923
202.8.40.186 - - [11/Feb/2025:00:17:11 +0100] "GET /ticket2/opencms/system/modules/com.gridnine.opencms.ticketbrokerage.site/resources/js/jquery.fancybox.pack.js HTTP/1.1" 200 23187
202.8.40.186 - - [11/Feb/2025:00:17:11 +0100] "GET /ticket2/opencms/system/modules/com.gridnine.opencms.ticketbrokerage.site/resources/js/standard.js HTTP/1.1" 200 3983
202.8.40.186 - - [11/Feb/2025:00:17:11 +0100] "GET /ticket2/opencms/system/modules/com.gridnine.opencms.ticketbrokerage.site/resources/js/stickyfill.min.js HTTP/1.1" 200 5672
202.8.40.186 - - [11/Feb/2025:00:17:11 +0100] "GET /ticket2/opencms/system/modules/com.gridnine.opencms.ticketbrokerage.site/resources/js/jquery.placeholder.min.js HTTP/1.1" 200 1737
67.144.2.241 - - [11/Feb/2025:00:17:11 +0100] "GET /ticket2/opencms/no/buy/?page=1&edid=03ACD253-26FD-D5DA-1042-959F5F219816 HTTP/1.1" 200 109144
202.8.40.186 - - [11/Feb/2025:00:17:11 +0100] "GET /ticket2/opencms/system/modules/com.gridnine.opencms.ticketbrokerage.site/resources/js/common-ajax.js HTTP/1.1" 200 20175
202.8.40.186 - - [11/Feb/2025:00:17:11 +0100] "GET /ticket2/opencms/nl/ask-form.html HTTP/1.1" 200 3015
202.8.40.186 - - [11/Feb/2025:00:17:12 +0100] "GET /ticket2/opencms/system/modules/com.gridnine.opencms.ticketbrokerage.site/resources/css/ticketbrokerage.css HTTP/1.1" 200 39339
114.119.140.85 - - [11/Feb/2025:00:17:13 +0100] "GET /ticket2/opencms/es/buy/?page=1&edid=FCEB71A3-C27D-C49F-469F-2CB5939452EE HTTP/1.1" 200 132133
193.70.81.116 - - [11/Feb/2025:00:17:14 +0100] "GET /ticket2/opencms/dk/buy/?page=1&edid=E11E1E12-66BC-E0C5-F313-3E777C16F760 HTTP/1.1" 200 126451
54.36.148.182 - - [11/Feb/2025:00:17:15 +0100] "GET /ticket2/opencms/ro/buy?page=1&edid=0BE732AB-67CD-FDAE-FCB3-FFE731054A7F HTTP/1.1" 200 106561
40.77.167.75 - - [11/Feb/2025:00:17:15 +0100] "GET /ticket2/opencms/sr/buy/?page=1&edid=44D167E7-554F-DC29-C45D-3596737FE6BB HTTP/1.1" 200 110764
192.99.15.34 - - [11/Feb/2025:00:17:16 +0100] "GET /ticket2/opencms/fi/buy/?page=1&edid=A61CFB60-1B55-3B37-BC03-FAF11046FF07&sortorder=asc&column=row HTTP/1.1" 200 110354
54.36.148.157 - - [11/Feb/2025:00:17:21 +0100] "GET /ticket2/opencms/fi/buy?page=1&edid=C5E6BD6B-6997-F99C-5497-F6687FA84598 HTTP/1.1" 200 106203
193.70.81.116 - - [11/Feb/2025:00:17:22 +0100] "GET /ticket2/opencms/dk/buy/?page=1&edid=E123F66C-0D4C-91CD-D0A4-BF13FE729FE0 HTTP/1.1" 200 115088
54.36.148.91 - - [11/Feb/2025:00:17:24 +0100] "GET /ticket2/opencms/lv/buy?page=1&edid=76EAECA7-64F4-2580-38CA-B14BCC95A1C5 HTTP/1.1" 200 116291
67.144.2.241 - - [11/Feb/2025:00:17:25 +0100] "GET /ticket2/opencms/no/buy/?page=1&edid=ACFE5269-826A-FF79-28D4-8876A969800F HTTP/1.1" 200 115119
202.8.40.125 - - [11/Feb/2025:00:17:25 +0100] "GET /ticket2/opencms/system/modules/com.gridnine.opencms.ticketbrokerage.site/resources/css/jquery-ui.css HTTP/1.1" 200 33221
202.8.40.125 - - [11/Feb/2025:00:17:25 +0100] "GET /ticket2/opencms/system/modules/com.gridnine.opencms.ticketbrokerage.site/resources/css/ticketbrokerage.css HTTP/1.1" 200 39339
202.8.40.125 - - [11/Feb/2025:00:17:25 +0100] "GET /ticket2/opencms/system/modules/com.gridnine.opencms.ticketbrokerage.site/resources/css/jquery.fancybox.css HTTP/1.1" 200 4939
202.8.40.125 - - [11/Feb/2025:00:17:25 +0100] "GET /ticket2/opencms/system/modules/com.gridnine.opencms.ticketbrokerage.site/resources/css/standard.css HTTP/1.1" 200 73904
202.8.40.125 - - [11/Feb/2025:00:17:25 +0100] "GET /ticket2/opencms/system/modules/com.gridnine.opencms.ticketbrokerage.site/resources/js/jquery/jquery-ui.js HTTP/1.1" 200 228088
202.8.40.125 - - [11/Feb/2025:00:17:25 +0100] "GET /ticket2/opencms/system/modules/com.gridnine.opencms.ticketbrokerage.site/resources/css/calendar.css HTTP/1.1" 200 6871
202.8.40.125 - - [11/Feb/2025:00:17:25 +0100] "GET /ticket2/opencms/system/modules/com.gridnine.opencms.ticketbrokerage.site/resources/js/jquery/jquery.js HTTP/1.1" 200 93868
202.8.40.125 - - [11/Feb/2025:00:17:25 +0100] "GET /ticket2/opencms/system/modules/com.gridnine.opencms.ticketbrokerage.site/resources/js/functions.js HTTP/1.1" 200 1583
202.8.40.125 - - [11/Feb/2025:00:17:25 +0100] "GET /ticket2/opencms/system/modules/com.gridnine.opencms.ticketbrokerage.site/resources/js/calendar.js HTTP/1.1" 200 49229
202.8.40.125 - - [11/Feb/2025:00:17:25 +0100] "GET /ticket2/opencms/system/modules/com.gridnine.opencms.ticketbrokerage.site/resources/js/calendar-en.js HTTP/1.1" 200 3338
202.8.40.125 - - [11/Feb/2025:00:17:25 +0100] "GET /ticket2/opencms/system/modules/com.gridnine.opencms.ticketbrokerage.site/resources/js/calendar-setup.js HTTP/1.1" 200 4923
202.8.40.125 - - [11/Feb/2025:00:17:25 +0100] "GET /ticket2/opencms/system/modules/com.gridnine.opencms.ticketbrokerage.site/resources/js/jquery.fancybox.pack.js HTTP/1.1" 200 23187
202.8.40.125 - - [11/Feb/2025:00:17:25 +0100] "GET /ticket2/opencms/system/modules/com.gridnine.opencms.ticketbrokerage.site/resources/js/standard.js HTTP/1.1" 200 3983
202.8.40.125 - - [11/Feb/2025:00:17:25 +0100] "GET /ticket2/opencms/system/modules/com.gridnine.opencms.ticketbrokerage.site/resources/js/stickyfill.min.js HTTP/1.1" 200 5672
202.8.40.125 - - [11/Feb/2025:00:17:25 +0100] "GET /ticket2/opencms/system/modules/com.gridnine.opencms.ticketbrokerage.site/resources/js/jquery.placeholder.min.js HTTP/1.1" 200 1737
202.8.40.125 - - [11/Feb/2025:00:17:25 +0100] "GET /ticket2/opencms/system/modules/com.gridnine.opencms.ticketbrokerage.site/resources/js/common-ajax.js HTTP/1.1" 200 20175
202.8.40.125 - - [11/Feb/2025:00:17:25 +0100] "GET /ticket2/opencms/lv/ask-form.html HTTP/1.1" 200 3156
202.8.40.125 - - [11/Feb/2025:00:17:26 +0100] "GET /ticket2/opencms/system/modules/com.gridnine.opencms.ticketbrokerage.site/resources/css/ticketbrokerage.css HTTP/1.1" 200 39339
192.99.15.34 - - [11/Feb/2025:00:17:27 +0100] "GET /ticket2/opencms/fi/buy/?page=1&edid=A61CFB60-1B55-3B37-BC03-FAF11046FF07&sortorder=desc&column=price HTTP/1.1" 200 110452
185.191.171.18 - - [11/Feb/2025:00:17:27 +0100] "GET /ticket2/opencms/lv/sport/futbola-biletes/champions-league/napoli HTTP/1.1" 200 87683
54.36.148.127 - - [11/Feb/2025:00:17:27 +0100] "GET /ticket2/opencms/fi/buy?page=1&edid=133B893E-0B2E-BEF9-99B1-9E25283FAB9D HTTP/1.1" 200 108466
193.70.81.116 - - [11/Feb/2025:00:17:29 +0100] "GET /ticket2/opencms/dk/buy/?page=1&edid=E1D17E6B-9491-FB54-F578-EF7CB536A051 HTTP/1.1" 200 105110
54.36.148.43 - - [11/Feb/2025:00:17:30 +0100] "GET /ticket2/opencms/ru/sport/hockey/nhl/ HTTP/1.1" 200 88611
185.191.171.14 - - [11/Feb/2025:00:17:33 +0100] "GET /ticket2/opencms/sv/buy_safety/ HTTP/1.1" 200 89925
54.36.148.247 - - [11/Feb/2025:00:17:35 +0100] "GET /ticket2/opencms/bg/buy/?page=1&edid=1C60B6C6-EC08-CBB2-DDAD-2D7ECA90977D HTTP/1.1" 200 108466
192.99.15.34 - - [11/Feb/2025:00:17:37 +0100] "GET /ticket2/opencms/fi/buy/?page=1&edid=AB846FE3-D252-0F8D-9888-1616F9907D4C&sortorder=desc&column=price HTTP/1.1" 200 107189
54.36.148.1 - - [11/Feb/2025:00:17:37 +0100] "GET /ticket2/opencms/it/buy/?page=1&edid=7A0C4CE7-DF50-29C3-D447-032204091A27 HTTP/1.1" 200 106142
54.36.148.140 - - [11/Feb/2025:00:17:38 +0100] "GET /ticket2/opencms/fi/buy?page=1&edid=10597F35-2AC7-31D2-FB61-15A36BB6D73B HTTP/1.1" 200 133804
193.70.81.116 - - [11/Feb/2025:00:17:38 +0100] "GET /ticket2/opencms/dk/buy/?page=1&edid=E283AC65-3197-392C-E040-FCBDD904729E HTTP/1.1" 200 117953
37.123.143.11 - - [11/Feb/2025:00:17:39 +0100] "POST /ticket2/opencms/system/workplace/editors/editor_main.jsp HTTP/1.1" 200 928
37.123.143.11 - - [11/Feb/2025:00:17:39 +0100] "GET /ticket2/opencms/system/workplace/views/top_js.jsp HTTP/1.1" 200 7389
37.123.143.11 - - [11/Feb/2025:00:17:39 +0100] "GET /ticket2/opencms/system/workplace/views/top_head.jsp?wpFrame=head HTTP/1.1" 200 8556
37.123.143.11 - - [11/Feb/2025:00:17:39 +0100] "GET /ticket2/opencms/system/workplace/views/explorer/explorer_fs.jsp?wpFrame=body HTTP/1.1" 200 448
37.123.143.11 - - [11/Feb/2025:00:17:39 +0100] "GET /ticket2/opencms/system/workplace/views/top_foot.jsp?wpFrame=foot HTTP/1.1" 200 1210
37.123.143.11 - - [11/Feb/2025:00:17:39 +0100] "GET /ticket2/opencms/system/workplace/commons/style/workplace.css HTTP/1.1" 200 14209
37.123.143.11 - - [11/Feb/2025:00:17:39 +0100] "GET /ticket2/opencms/system/workplace/views/explorer/explorer_body_fs.jsp HTTP/1.1" 200 400
37.123.143.11 - - [11/Feb/2025:00:17:39 +0100] "GET /ticket2/opencms/system/workplace/commons/style/workplace.css HTTP/1.1" 200 14209
37.123.143.11 - - [11/Feb/2025:00:17:39 +0100] "GET /ticket2/opencms/system/workplace/views/explorer/tree_fs.jsp HTTP/1.1" 200 3861
37.123.143.11 - - [11/Feb/2025:00:17:39 +0100] "GET /ticket2/opencms/system/workplace/views/explorer/tree_files.jsp?resource=/ HTTP/1.1" 200 3437
37.123.143.11 - - [11/Feb/2025:00:17:39 +0100] "GET /ticket2/opencms/system/workplace/views/explorer/explorer_files.jsp?mode=explorerview HTTP/1.1" 200 6406
37.123.143.11 - - [11/Feb/2025:00:17:39 +0100] "GET /ticket2/opencms/system/workplace/commons/style/workplace.css HTTP/1.1" 200 14209
67.144.2.241 - - [11/Feb/2025:00:17:40 +0100] "GET /ticket2/opencms/no/buy/?page=1&edid=B1B260FB-CC2B-FBC8-401E-5012AB84C2A6 HTTP/1.1" 200 105961
37.123.143.11 - - [11/Feb/2025:00:17:41 +0100] "GET /ticket2/opencms/system/workplace/commons/displayresource.jsp?resource=/system/modules/com.gridnine.opencms.ticketbrokerage.site/elements/buy_event.jsp HTTP/1.1" 302 -
37.123.143.11 - - [11/Feb/2025:00:17:41 +0100] "GET /ticket2/opencms/system/modules/com.gridnine.opencms.ticketbrokerage.site/elements/buy_event.jsp HTTP/1.1" 200 6824
37.123.143.11 - - [11/Feb/2025:00:17:41 +0100] "GET /ticket2/opencms/system/workplace/commons/style/workplace.css HTTP/1.1" 200 14209
37.123.143.11 - - [11/Feb/2025:00:17:41 +0100] "GET /ticket2/opencms/system/workplace/resources/commons/error.png HTTP/1.1" 200 1891
54.36.148.143 - - [11/Feb/2025:00:17:41 +0100] "GET /ticket2/opencms/et/buy/?page=1&edid=176C6667-42C1-1632-7378-F783D5B7C94D HTTP/1.1" 200 109996
66.249.76.132 - - [11/Feb/2025:00:17:43 +0100] "GET /ticket2/opencms/pl/buy/?page=1&edid=8EF7EC9D-9BC8-1DEC-C27C-0541D5C5F471 HTTP/1.1" 200 125253
193.70.81.116 - - [11/Feb/2025:00:17:45 +0100] "GET /ticket2/opencms/dk/buy/?page=1&edid=E2BA261D-8AA4-C0D3-44EE-1FFEB3ECFAE6 HTTP/1.1" 200 131693
54.36.148.84 - - [11/Feb/2025:00:17:45 +0100] "GET /ticket2/opencms/hr/buy/?page=1&edid=7E220B35-85A5-A2FD-5BA1-267E725AAC4D HTTP/1.1" 200 110066
54.36.148.7 - - [11/Feb/2025:00:17:48 +0100] "GET /ticket2/opencms/es/buy?page=1&edid=F2971CC3-8714-3DC4-0355-85018375B4CB HTTP/1.1" 200 108759
202.8.41.219 - - [11/Feb/2025:00:17:49 +0100] "GET /ticket2/opencms/system/modules/com.gridnine.opencms.ticketbrokerage.site/resources/css/calendar.css HTTP/1.1" 200 6871
202.8.41.219 - - [11/Feb/2025:00:17:49 +0100] "GET /ticket2/opencms/system/modules/com.gridnine.opencms.ticketbrokerage.site/resources/css/jquery-ui.css HTTP/1.1" 200 33221
202.8.41.219 - - [11/Feb/2025:00:17:49 +0100] "GET /ticket2/opencms/system/modules/com.gridnine.opencms.ticketbrokerage.site/resources/css/ticketbrokerage.css HTTP/1.1" 200 39339
202.8.41.219 - - [11/Feb/2025:00:17:49 +0100] "GET /ticket2/opencms/system/modules/com.gridnine.opencms.ticketbrokerage.site/resources/css/jquery.fancybox.css HTTP/1.1" 200 4939
202.8.41.219 - - [11/Feb/2025:00:17:49 +0100] "GET /ticket2/opencms/system/modules/com.gridnine.opencms.ticketbrokerage.site/resources/js/calendar.js HTTP/1.1" 200 49229
202.8.41.219 - - [11/Feb/2025:00:17:49 +0100] "GET /ticket2/opencms/system/modules/com.gridnine.opencms.ticketbrokerage.site/resources/css/standard.css HTTP/1.1" 200 73904
202.8.41.219 - - [11/Feb/2025:00:17:49 +0100] "GET /ticket2/opencms/system/modules/com.gridnine.opencms.ticketbrokerage.site/resources/js/calendar-en.js HTTP/1.1" 200 3338
202.8.41.219 - - [11/Feb/2025:00:17:49 +0100] "GET /ticket2/opencms/system/modules/com.gridnine.opencms.ticketbrokerage.site/resources/js/functions.js HTTP/1.1" 200 1583
202.8.41.219 - - [11/Feb/2025:00:17:49 +0100] "GET /ticket2/opencms/system/modules/com.gridnine.opencms.ticketbrokerage.site/resources/js/jquery/jquery-ui.js HTTP/1.1" 200 228088
202.8.41.219 - - [11/Feb/2025:00:17:49 +0100] "GET /ticket2/opencms/system/modules/com.gridnine.opencms.ticketbrokerage.site/resources/js/jquery/jquery.js HTTP/1.1" 200 93868
202.8.41.219 - - [11/Feb/2025:00:17:49 +0100] "GET /ticket2/opencms/system/modules/com.gridnine.opencms.ticketbrokerage.site/resources/js/calendar-setup.js HTTP/1.1" 200 4923
202.8.41.219 - - [11/Feb/2025:00:17:49 +0100] "GET /ticket2/opencms/system/modules/com.gridnine.opencms.ticketbrokerage.site/resources/js/jquery.fancybox.pack.js HTTP/1.1" 200 23187
202.8.41.219 - - [11/Feb/2025:00:17:49 +0100] "GET /ticket2/opencms/system/modules/com.gridnine.opencms.ticketbrokerage.site/resources/js/stickyfill.min.js HTTP/1.1" 200 5672
202.8.41.219 - - [11/Feb/2025:00:17:49 +0100] "GET /ticket2/opencms/system/modules/com.gridnine.opencms.ticketbrokerage.site/resources/js/standard.js HTTP/1.1" 200 3983
202.8.41.219 - - [11/Feb/2025:00:17:49 +0100] "GET /ticket2/opencms/system/modules/com.gridnine.opencms.ticketbrokerage.site/resources/js/jquery.placeholder.min.js HTTP/1.1" 200 1737
202.8.41.219 - - [11/Feb/2025:00:17:49 +0100] "GET /ticket2/opencms/system/modules/com.gridnine.opencms.ticketbrokerage.site/resources/js/common-ajax.js HTTP/1.1" 200 20175
202.8.41.219 - - [11/Feb/2025:00:17:49 +0100] "GET /ticket2/opencms/es/ask-form.html HTTP/1.1" 200 3156
202.8.41.219 - - [11/Feb/2025:00:17:50 +0100] "GET /ticket2/opencms/system/modules/com.gridnine.opencms.ticketbrokerage.site/resources/css/ticketbrokerage.css HTTP/1.1" 200 39339
192.99.15.34 - - [11/Feb/2025:00:17:50 +0100] "GET /ticket2/opencms/fi/buy/?page=1&edid=AC3A5604-E2CE-9BA5-6BA1-8C1B13B14585 HTTP/1.1" 200 109494
193.70.81.116 - - [11/Feb/2025:00:17:50 +0100] "GET /ticket2/opencms/dk/buy/?page=1&edid=E3251761-EB52-79D3-066B-585D4F470E3B HTTP/1.1" 200 114440
54.36.148.136 - - [11/Feb/2025:00:17:53 +0100] "GET /ticket2/opencms/sk/buy?page=1&edid=76EAECA7-64F4-2580-38CA-B14BCC95A1C5 HTTP/1.1" 200 116222
202.8.40.56 - - [11/Feb/2025:00:17:54 +0100] "GET /ticket2/opencms/system/modules/com.gridnine.opencms.ticketbrokerage.site/resources/css/calendar.css HTTP/1.1" 200 6871
202.8.40.56 - - [11/Feb/2025:00:17:54 +0100] "GET /ticket2/opencms/system/modules/com.gridnine.opencms.ticketbrokerage.site/resources/css/ticketbrokerage.css HTTP/1.1" 200 39339
202.8.40.56 - - [11/Feb/2025:00:17:54 +0100] "GET /ticket2/opencms/system/modules/com.gridnine.opencms.ticketbrokerage.site/resources/css/jquery-ui.css HTTP/1.1" 200 33221
202.8.40.56 - - [11/Feb/2025:00:17:54 +0100] "GET /ticket2/opencms/system/modules/com.gridnine.opencms.ticketbrokerage.site/resources/css/jquery.fancybox.css HTTP/1.1" 200 4939
202.8.40.56 - - [11/Feb/2025:00:17:54 +0100] "GET /ticket2/opencms/system/modules/com.gridnine.opencms.ticketbrokerage.site/resources/css/standard.css HTTP/1.1" 200 73904
202.8.40.56 - - [11/Feb/2025:00:17:54 +0100] "GET /ticket2/opencms/system/modules/com.gridnine.opencms.ticketbrokerage.site/resources/js/jquery/jquery.js HTTP/1.1" 200 93868
202.8.40.56 - - [11/Feb/2025:00:17:54 +0100] "GET /ticket2/opencms/system/modules/com.gridnine.opencms.ticketbrokerage.site/resources/js/jquery/jquery-ui.js HTTP/1.1" 200 228088
202.8.40.56 - - [11/Feb/2025:00:17:54 +0100] "GET /ticket2/opencms/system/modules/com.gridnine.opencms.ticketbrokerage.site/resources/js/functions.js HTTP/1.1" 200 1583
202.8.40.56 - - [11/Feb/2025:00:17:54 +0100] "GET /ticket2/opencms/system/modules/com.gridnine.opencms.ticketbrokerage.site/resources/js/calendar.js HTTP/1.1" 200 49229
202.8.40.56 - - [11/Feb/2025:00:17:54 +0100] "GET /ticket2/opencms/system/modules/com.gridnine.opencms.ticketbrokerage.site/resources/js/calendar-en.js HTTP/1.1" 200 3338
202.8.40.56 - - [11/Feb/2025:00:17:54 +0100] "GET /ticket2/opencms/system/modules/com.gridnine.opencms.ticketbrokerage.site/resources/js/calendar-setup.js HTTP/1.1" 200 4923
202.8.40.56 - - [11/Feb/2025:00:17:55 +0100] "GET /ticket2/opencms/system/modules/com.gridnine.opencms.ticketbrokerage.site/resources/js/jquery.fancybox.pack.js HTTP/1.1" 200 23187
202.8.40.56 - - [11/Feb/2025:00:17:55 +0100] "GET /ticket2/opencms/system/modules/com.gridnine.opencms.ticketbrokerage.site/resources/js/stickyfill.min.js HTTP/1.1" 200 5672
202.8.40.56 - - [11/Feb/2025:00:17:55 +0100] "GET /ticket2/opencms/system/modules/com.gridnine.opencms.ticketbrokerage.site/resources/js/standard.js HTTP/1.1" 200 3983
202.8.40.56 - - [11/Feb/2025:00:17:55 +0100] "GET /ticket2/opencms/system/modules/com.gridnine.opencms.ticketbrokerage.site/resources/js/jquery.placeholder.min.js HTTP/1.1" 200 1737
202.8.40.56 - - [11/Feb/2025:00:17:55 +0100] "GET /ticket2/opencms/system/modules/com.gridnine.opencms.ticketbrokerage.site/resources/js/common-ajax.js HTTP/1.1" 200 20175
202.8.40.56 - - [11/Feb/2025:00:17:55 +0100] "GET /ticket2/opencms/sk/ask-form.html HTTP/1.1" 200 3156
