202.8.41.23 - - [11/Feb/2025:00:32:48 +0100] "GET /ticket2/opencms/system/modules/com.gridnine.opencms.ticketbrokerage.site/resources/js/calendar-en.js HTTP/1.1" 200 3338
85.208.96.199 - - [11/Feb/2025:00:32:48 +0100] "GET /ticket2/opencms/tr/magazine/article?title=manchester-united-krizi-nasil-yonetmeli HTTP/1.1" 200 87003
202.8.41.23 - - [11/Feb/2025:00:32:48 +0100] "GET /ticket2/opencms/system/modules/com.gridnine.opencms.ticketbrokerage.site/resources/js/calendar.js HTTP/1.1" 200 49229
202.8.41.23 - - [11/Feb/2025:00:32:48 +0100] "GET /ticket2/opencms/system/modules/com.gridnine.opencms.ticketbrokerage.site/resources/js/calendar-setup.js HTTP/1.1" 200 4923
202.8.41.23 - - [11/Feb/2025:00:32:48 +0100] "GET /ticket2/opencms/system/modules/com.gridnine.opencms.ticketbrokerage.site/resources/js/jquery.fancybox.pack.js HTTP/1.1" 200 23187
202.8.41.23 - - [11/Feb/2025:00:32:48 +0100] "GET /ticket2/opencms/system/modules/com.gridnine.opencms.ticketbrokerage.site/resources/js/standard.js HTTP/1.1" 200 3983
202.8.41.23 - - [11/Feb/2025:00:32:48 +0100] "GET /ticket2/opencms/system/modules/com.gridnine.opencms.ticketbrokerage.site/resources/js/stickyfill.min.js HTTP/1.1" 200 5672
47.128.117.173 - - [11/Feb/2025:00:32:48 +0100] "GET /ticket2/opencms/de/magazine/article?title=allsvenskan-schwedens-premier-league-im-fussball HTTP/1.1" 200 86901
202.8.41.23 - - [11/Feb/2025:00:32:48 +0100] "GET /ticket2/opencms/system/modules/com.gridnine.opencms.ticketbrokerage.site/resources/js/jquery.placeholder.min.js HTTP/1.1" 200 1737
202.8.41.23 - - [11/Feb/2025:00:32:48 +0100] "GET /ticket2/opencms/system/modules/com.gridnine.opencms.ticketbrokerage.site/resources/js/common-ajax.js HTTP/1.1" 200 20175
202.8.41.23 - - [11/Feb/2025:00:32:48 +0100] "GET /ticket2/opencms/bg/ask-form.html HTTP/1.1" 200 3156
202.8.41.23 - - [11/Feb/2025:00:32:48 +0100] "GET /ticket2/opencms/system/modules/com.gridnine.opencms.ticketbrokerage.site/resources/css/ticketbrokerage.css HTTP/1.1" 200 39339
40.77.167.143 - - [11/Feb/2025:00:32:49 +0100] "GET /ticket2/opencms/lt/buy/?page=6&comcatid=A17713B6-D984-201A-4143-ED4DB5ED5C2E&catid=7EF04817-972D-18B1-F941-DE800D088075 HTTP/1.1" 200 105703
54.36.148.68 - - [11/Feb/2025:00:32:49 +0100] "GET /ticket2/opencms/dk/buy/?page=6&comcatid=810BB404-4103-77F2-A6C2-12D5E6C338E2 HTTP/1.1" 200 89728
217.113.194.219 - - [11/Feb/2025:00:32:50 +0100] "GET /ticket2/opencms/no/buy?page=1&edid=BE6ABBE8-6DAC-6741-AA1A-CEB7A9B0DCF0 HTTP/1.1" 200 109645
192.99.15.34 - - [11/Feb/2025:00:32:50 +0100] "GET /ticket2/opencms/no/buy/?page=1&edid=1A0D0579-4E59-3474-5A13-81F3BA1DEBCE&sortorder=desc&column=section HTTP/1.1" 200 110638
193.70.81.116 - - [11/Feb/2025:00:32:51 +0100] "GET /ticket2/opencms/en/buy/?page=1&edid=885A2607-A223-24CC-17AE-7C8ECDA8D47C HTTP/1.1" 200 130173
85.208.96.210 - - [11/Feb/2025:00:32:52 +0100] "GET /ticket2/opencms/sq/magazine/article?title=nje-ndeshje-mbreselenese-ku-suedezin-kulusevski-vazhdon-te-jape-rezultate HTTP/1.1" 200 87065
54.36.149.73 - - [11/Feb/2025:00:32:53 +0100] "GET /ticket2/opencms/de/buy?page=1&edid=C4B5873A-46E6-4FA8-07CA-7EB3158F86A6 HTTP/1.1" 200 87522
193.70.81.116 - - [11/Feb/2025:00:32:55 +0100] "GET /ticket2/opencms/en/buy/?page=1&edid=890CCDBB-BBBF-11B0-1E79-EA111E8EF281 HTTP/1.1" 200 116358
40.77.167.1 - - [11/Feb/2025:00:32:56 +0100] "GET /ticket2/opencms/de/buy/?page=1&edid=8D36CAAA-5B35-26C1-11D2-EB825155168E HTTP/1.1" 200 87522
192.99.15.34 - - [11/Feb/2025:00:32:58 +0100] "GET /ticket2/opencms/no/buy/?page=1&edid=1A5C4612-24B2-C604-5F17-8FFC090B7C18&sortorder=desc&column=price HTTP/1.1" 200 108968
193.70.81.116 - - [11/Feb/2025:00:32:59 +0100] "GET /ticket2/opencms/en/buy/?page=1&edid=8A676299-B54E-C301-442A-823ABEA189C5 HTTP/1.1" 200 114170
217.113.194.218 - - [11/Feb/2025:00:33:03 +0100] "GET /ticket2/opencms/no/buy?page=1&edid=BF8D38D6-BFC5-94DC-F957-47D6FB3C9AF0 HTTP/1.1" 200 105277
193.70.81.116 - - [11/Feb/2025:00:33:03 +0100] "GET /ticket2/opencms/en/buy/?page=1&edid=8A787324-CD72-C476-64CB-87071CD71C2F HTTP/1.1" 200 130967
47.128.111.239 - - [11/Feb/2025:00:33:04 +0100] "GET /ticket2/opencms/nl/buy?edid=C2FB40E1-BEEF-E1A4-6ED5-33C8A69FD5CE HTTP/1.1" 200 87204
54.36.149.100 - - [11/Feb/2025:00:33:05 +0100] "GET /ticket2/opencms/mt/buy?page=1&edid=FB619D25-A569-B2D3-A138-064ED3A662B4 HTTP/1.1" 200 110663
54.36.148.64 - - [11/Feb/2025:00:33:06 +0100] "GET /ticket2/opencms/cs/buy?page=1&edid=160DAC9A-2A77-6FDC-52B8-296352B1ABF1 HTTP/1.1" 200 135795
193.70.81.116 - - [11/Feb/2025:00:33:07 +0100] "GET /ticket2/opencms/en/buy/?page=1&edid=8B884D00-0090-F7F9-0339-733FDDA065DC HTTP/1.1" 200 107717
192.99.15.34 - - [11/Feb/2025:00:33:08 +0100] "GET /ticket2/opencms/no/buy/?page=1&edid=1A5C4612-24B2-C604-5F17-8FFC090B7C18&sortorder=desc&column=section HTTP/1.1" 200 109034
54.36.148.128 - - [11/Feb/2025:00:33:09 +0100] "GET /ticket2/opencms/en/buy?page=1&edid=3706597D-01C1-24D2-0A1C-59FBD9F8851C HTTP/1.1" 200 107774
202.8.43.227 - - [11/Feb/2025:00:33:10 +0100] "GET /ticket2/opencms/system/modules/com.gridnine.opencms.ticketbrokerage.site/resources/css/calendar.css HTTP/1.1" 200 6871
202.8.43.227 - - [11/Feb/2025:00:33:10 +0100] "GET /ticket2/opencms/system/modules/com.gridnine.opencms.ticketbrokerage.site/resources/css/jquery.fancybox.css HTTP/1.1" 200 4939
202.8.43.227 - - [11/Feb/2025:00:33:10 +0100] "GET /ticket2/opencms/system/modules/com.gridnine.opencms.ticketbrokerage.site/resources/css/standard.css HTTP/1.1" 200 73904
202.8.43.227 - - [11/Feb/2025:00:33:10 +0100] "GET /ticket2/opencms/system/modules/com.gridnine.opencms.ticketbrokerage.site/resources/css/ticketbrokerage.css HTTP/1.1" 200 39339
202.8.43.227 - - [11/Feb/2025:00:33:10 +0100] "GET /ticket2/opencms/system/modules/com.gridnine.opencms.ticketbrokerage.site/resources/css/jquery-ui.css HTTP/1.1" 200 33221
202.8.43.227 - - [11/Feb/2025:00:33:10 +0100] "GET /ticket2/opencms/system/modules/com.gridnine.opencms.ticketbrokerage.site/resources/js/jquery/jquery-ui.js HTTP/1.1" 200 228088
202.8.43.227 - - [11/Feb/2025:00:33:10 +0100] "GET /ticket2/opencms/system/modules/com.gridnine.opencms.ticketbrokerage.site/resources/js/functions.js HTTP/1.1" 200 1583
202.8.43.227 - - [11/Feb/2025:00:33:10 +0100] "GET /ticket2/opencms/system/modules/com.gridnine.opencms.ticketbrokerage.site/resources/js/jquery/jquery.js HTTP/1.1" 200 93868
202.8.43.227 - - [11/Feb/2025:00:33:10 +0100] "GET /ticket2/opencms/system/modules/com.gridnine.opencms.ticketbrokerage.site/resources/js/calendar-setup.js HTTP/1.1" 200 4923
202.8.43.227 - - [11/Feb/2025:00:33:10 +0100] "GET /ticket2/opencms/system/modules/com.gridnine.opencms.ticketbrokerage.site/resources/js/calendar.js HTTP/1.1" 200 49229
202.8.43.227 - - [11/Feb/2025:00:33:10 +0100] "GET /ticket2/opencms/system/modules/com.gridnine.opencms.ticketbrokerage.site/resources/js/calendar-en.js HTTP/1.1" 200 3338
202.8.43.227 - - [11/Feb/2025:00:33:10 +0100] "GET /ticket2/opencms/system/modules/com.gridnine.opencms.ticketbrokerage.site/resources/js/jquery.fancybox.pack.js HTTP/1.1" 200 23187
202.8.43.227 - - [11/Feb/2025:00:33:10 +0100] "GET /ticket2/opencms/system/modules/com.gridnine.opencms.ticketbrokerage.site/resources/js/stickyfill.min.js HTTP/1.1" 200 5672
202.8.43.227 - - [11/Feb/2025:00:33:10 +0100] "GET /ticket2/opencms/system/modules/com.gridnine.opencms.ticketbrokerage.site/resources/js/standard.js HTTP/1.1" 200 3983
193.70.81.116 - - [11/Feb/2025:00:33:10 +0100] "GET /ticket2/opencms/en/buy/?page=1&edid=8C15C2A6-6F0D-F124-996B-0D6AF34B41CB HTTP/1.1" 200 104716
202.8.43.227 - - [11/Feb/2025:00:33:10 +0100] "GET /ticket2/opencms/system/modules/com.gridnine.opencms.ticketbrokerage.site/resources/js/jquery.placeholder.min.js HTTP/1.1" 200 1737
202.8.43.227 - - [11/Feb/2025:00:33:10 +0100] "GET /ticket2/opencms/system/modules/com.gridnine.opencms.ticketbrokerage.site/resources/js/common-ajax.js HTTP/1.1" 200 20175
202.8.43.227 - - [11/Feb/2025:00:33:11 +0100] "GET /ticket2/opencms/en/ask-form.html HTTP/1.1" 200 3146
202.8.43.227 - - [11/Feb/2025:00:33:11 +0100] "GET /ticket2/opencms/system/modules/com.gridnine.opencms.ticketbrokerage.site/resources/css/ticketbrokerage.css HTTP/1.1" 200 39339
34.46.149.179 - - [11/Feb/2025:00:33:11 +0100] "GET /ticket2/opencms/img/icons/is.png HTTP/1.1" 200 1884
85.208.96.206 - - [11/Feb/2025:00:33:12 +0100] "GET /ticket2/opencms/sk HTTP/1.1" 200 106467
54.36.148.82 - - [11/Feb/2025:00:33:13 +0100] "GET /ticket2/opencms/sv/buy/?page=1&edid=8085E80D-BC8F-CDCF-7CC8-2F497FE082D3 HTTP/1.1" 200 135735
67.144.2.241 - - [11/Feb/2025:00:33:13 +0100] "GET /ticket2/opencms/sv/buy/?page=1&edid=91822FE2-DE87-A84A-2822-E8AA69FE74C1 HTTP/1.1" 200 106070
66.249.79.173 - - [11/Feb/2025:00:33:14 +0100] "GET /ticket2/opencms/fr/buy/?page=1&edid=7BBDFB0E-EE23-5294-44DC-2CB1E8C1A24F HTTP/1.1" 200 118131
193.70.81.116 - - [11/Feb/2025:00:33:14 +0100] "GET /ticket2/opencms/en/buy/?page=1&edid=8C8B6CAD-0E9C-D59D-F548-EF8ED0013C05 HTTP/1.1" 200 107912
192.99.15.34 - - [11/Feb/2025:00:33:14 +0100] "GET /ticket2/opencms/no/buy/?page=1&edid=1B0840D6-2F71-B58C-3433-DBF603BC8CEC&sortorder=desc&column=row HTTP/1.1" 200 106814
54.36.149.38 - - [11/Feb/2025:00:33:15 +0100] "GET /ticket2/opencms/be/buy?page=1&edid=C5E6BD6B-6997-F99C-5497-F6687FA84598 HTTP/1.1" 200 108637
217.113.194.220 - - [11/Feb/2025:00:33:15 +0100] "GET /ticket2/opencms/no/buy?page=1&edid=16DF4F89-CF63-B3A5-B46F-2FDA2C36FEB5 HTTP/1.1" 200 105994
193.70.81.116 - - [11/Feb/2025:00:33:18 +0100] "GET /ticket2/opencms/en/buy/?page=1&edid=8D24B546-C583-0AE0-A1BF-4A34E2FE9CC5 HTTP/1.1" 200 107980
54.36.148.105 - - [11/Feb/2025:00:33:18 +0100] "GET /ticket2/opencms/tr/buy?page=1&edid=FB619D25-A569-B2D3-A138-064ED3A662B4 HTTP/1.1" 200 110582
52.167.144.203 - - [11/Feb/2025:00:33:20 +0100] "GET /ticket2/opencms/et/buy?page=1&edid=65C03F06-B4E6-0D65-D535-E007A0321D02 HTTP/1.1" 200 110048
193.70.81.116 - - [11/Feb/2025:00:33:22 +0100] "GET /ticket2/opencms/en/buy/?page=1&edid=8E087689-30A7-E7AD-9853-CFBC4F6216DD HTTP/1.1" 200 130172
193.70.81.116 - - [11/Feb/2025:00:33:26 +0100] "GET /ticket2/opencms/en/buy/?page=1&edid=8EDDEFFC-C774-BA86-C4CF-809A20DBCDCB HTTP/1.1" 200 117814
114.119.130.154 - - [11/Feb/2025:00:33:27 +0100] "GET /ticket2/opencms/is/buy?page=1&=B7675F2E-12BD-02A6-E9A9-75752EB2042D HTTP/1.1" 200 -
217.113.194.221 - - [11/Feb/2025:00:33:28 +0100] "GET /ticket2/opencms/no/buy?page=1&edid=1D97A6C5-B565-99A4-C85C-5A13E05496B9 HTTP/1.1" 200 105940
67.144.2.241 - - [11/Feb/2025:00:33:28 +0100] "GET /ticket2/opencms/sv/buy/?page=1&edid=9298EE47-1A7F-20BC-182D-AD5062126FDE HTTP/1.1" 200 109051
192.99.15.34 - - [11/Feb/2025:00:33:29 +0100] "GET /ticket2/opencms/no/buy/?page=1&edid=208620A3-CAD7-367C-C114-D9C4D84F40F8 HTTP/1.1" 200 108006
193.70.81.116 - - [11/Feb/2025:00:33:29 +0100] "GET /ticket2/opencms/en/buy/?page=1&edid=8EF7EC9D-9BC8-1DEC-C27C-0541D5C5F471 HTTP/1.1" 200 123045
193.70.81.116 - - [11/Feb/2025:00:33:33 +0100] "GET /ticket2/opencms/en/buy/?page=1&edid=921154C3-BF4F-9061-5CFB-8ECC0A8A34AE HTTP/1.1" 200 104689
193.70.81.116 - - [11/Feb/2025:00:33:37 +0100] "GET /ticket2/opencms/en/buy/?page=1&edid=9239880C-C5C0-5076-4AD5-4881F5EBAC4A HTTP/1.1" 200 131134
52.167.144.203 - - [11/Feb/2025:00:33:38 +0100] "GET /ticket2/opencms/sq/buy?page=1&edid=00B7DD8C-5204-F9EA-8D0C-358A3F2B0AEE HTTP/1.1" 200 106546
192.99.15.34 - - [11/Feb/2025:00:33:39 +0100] "GET /ticket2/opencms/no/buy/?page=1&edid=208620A3-CAD7-367C-C114-D9C4D84F40F8&sortorder=desc&column=price HTTP/1.1" 200 108965
67.144.2.241 - - [11/Feb/2025:00:33:40 +0100] "GET /ticket2/opencms/sv/buy/?page=1&edid=947DE048-F370-D837-FAFA-E1B6837E0ACE HTTP/1.1" 200 109277
217.113.194.216 - - [11/Feb/2025:00:33:41 +0100] "GET /ticket2/opencms/no/buy?page=1&edid=67F9A100-F9BF-A4F6-C8A7-FBA7D360A41C HTTP/1.1" 200 109147
193.70.81.116 - - [11/Feb/2025:00:33:41 +0100] "GET /ticket2/opencms/en/buy/?page=1&edid=92A56E78-70A5-4E7F-4A0E-86D90A27FA9E HTTP/1.1" 200 113889
85.208.96.200 - - [11/Feb/2025:00:33:43 +0100] "GET /ticket2/opencms/fi/urheilu/jalkapallo/premier_league/newcastle-united/ HTTP/1.1" 200 90369
85.208.96.200 - - [11/Feb/2025:00:33:43 +0100] "GET /ticket2/opencms/be/magazine/article?title=la-liga-real-madrid-ha-ganado-mas-titulos HTTP/1.1" 200 87750
66.249.79.7 - - [11/Feb/2025:00:33:45 +0100] "GET /ticket2/opencms/pl/buy/?page=1&edid=B5480FEC-C7FC-18FB-0EEB-9717E2722B5A HTTP/1.1" 200 109949
193.70.81.116 - - [11/Feb/2025:00:33:45 +0100] "GET /ticket2/opencms/en/buy/?page=1&edid=94BF6567-82BD-183E-36C5-53634C762F53 HTTP/1.1" 200 113950
66.249.79.170 - - [11/Feb/2025:00:33:46 +0100] "GET /ticket2/opencms/cs/buy?page=1&edid=2DC06F61-5D5D-7D55-527B-266122082029&hlv=60f5c54d-5cb4-4780-ae04-1e9c0a01000f HTTP/1.1" 200 111384
192.99.15.34 - - [11/Feb/2025:00:33:47 +0100] "GET /ticket2/opencms/no/buy/?page=1&edid=2C5B4BC7-7B7C-230E-CA97-0EFE5DF51234&sortorder=asc&column=row HTTP/1.1" 200 106820
193.70.81.116 - - [11/Feb/2025:00:33:49 +0100] "GET /ticket2/opencms/en/buy/?page=1&edid=94C5B0A9-45EC-824F-7DFB-E52A893ACA3D HTTP/1.1" 200 132319
54.36.148.211 - - [11/Feb/2025:00:33:50 +0100] "GET /ticket2/opencms/mt/buy?page=1&edid=46F37BE7-B2F6-BEA5-12C9-E1FFD36B0DD0 HTTP/1.1" 200 116353
202.8.42.227 - - [11/Feb/2025:00:33:51 +0100] "GET /ticket2/opencms/system/modules/com.gridnine.opencms.ticketbrokerage.site/resources/css/calendar.css HTTP/1.1" 200 6871
202.8.42.227 - - [11/Feb/2025:00:33:51 +0100] "GET /ticket2/opencms/system/modules/com.gridnine.opencms.ticketbrokerage.site/resources/css/jquery-ui.css HTTP/1.1" 200 33221
202.8.42.227 - - [11/Feb/2025:00:33:51 +0100] "GET /ticket2/opencms/system/modules/com.gridnine.opencms.ticketbrokerage.site/resources/css/ticketbrokerage.css HTTP/1.1" 200 39339
202.8.42.227 - - [11/Feb/2025:00:33:51 +0100] "GET /ticket2/opencms/system/modules/com.gridnine.opencms.ticketbrokerage.site/resources/css/standard.css HTTP/1.1" 200 73904
202.8.42.227 - - [11/Feb/2025:00:33:51 +0100] "GET /ticket2/opencms/system/modules/com.gridnine.opencms.ticketbrokerage.site/resources/css/jquery.fancybox.css HTTP/1.1" 200 4939
202.8.42.227 - - [11/Feb/2025:00:33:51 +0100] "GET /ticket2/opencms/system/modules/com.gridnine.opencms.ticketbrokerage.site/resources/js/functions.js HTTP/1.1" 200 1583
202.8.42.227 - - [11/Feb/2025:00:33:51 +0100] "GET /ticket2/opencms/system/modules/com.gridnine.opencms.ticketbrokerage.site/resources/js/jquery/jquery.js HTTP/1.1" 200 93868
202.8.42.227 - - [11/Feb/2025:00:33:51 +0100] "GET /ticket2/opencms/system/modules/com.gridnine.opencms.ticketbrokerage.site/resources/js/calendar.js HTTP/1.1" 200 49229
202.8.42.227 - - [11/Feb/2025:00:33:51 +0100] "GET /ticket2/opencms/system/modules/com.gridnine.opencms.ticketbrokerage.site/resources/js/calendar-en.js HTTP/1.1" 200 3338
202.8.42.227 - - [11/Feb/2025:00:33:51 +0100] "GET /ticket2/opencms/system/modules/com.gridnine.opencms.ticketbrokerage.site/resources/js/jquery/jquery-ui.js HTTP/1.1" 200 228088
202.8.42.227 - - [11/Feb/2025:00:33:51 +0100] "GET /ticket2/opencms/system/modules/com.gridnine.opencms.ticketbrokerage.site/resources/js/calendar-setup.js HTTP/1.1" 200 4923
202.8.42.227 - - [11/Feb/2025:00:33:51 +0100] "GET /ticket2/opencms/system/modules/com.gridnine.opencms.ticketbrokerage.site/resources/js/jquery.fancybox.pack.js HTTP/1.1" 200 23187
202.8.42.227 - - [11/Feb/2025:00:33:51 +0100] "GET /ticket2/opencms/system/modules/com.gridnine.opencms.ticketbrokerage.site/resources/js/stickyfill.min.js HTTP/1.1" 200 5672
202.8.42.227 - - [11/Feb/2025:00:33:51 +0100] "GET /ticket2/opencms/system/modules/com.gridnine.opencms.ticketbrokerage.site/resources/js/standard.js HTTP/1.1" 200 3983
202.8.42.227 - - [11/Feb/2025:00:33:51 +0100] "GET /ticket2/opencms/system/modules/com.gridnine.opencms.ticketbrokerage.site/resources/js/jquery.placeholder.min.js HTTP/1.1" 200 1737
202.8.42.227 - - [11/Feb/2025:00:33:51 +0100] "GET /ticket2/opencms/system/modules/com.gridnine.opencms.ticketbrokerage.site/resources/js/common-ajax.js HTTP/1.1" 200 20175
202.8.42.227 - - [11/Feb/2025:00:33:51 +0100] "GET /ticket2/opencms/mt/ask-form.html HTTP/1.1" 200 3156
202.8.42.227 - - [11/Feb/2025:00:33:51 +0100] "GET /ticket2/opencms/system/modules/com.gridnine.opencms.ticketbrokerage.site/resources/css/ticketbrokerage.css HTTP/1.1" 200 39339
193.70.81.116 - - [11/Feb/2025:00:33:52 +0100] "GET /ticket2/opencms/en/buy/?page=1&edid=9662AEC5-C2DE-EE5D-5D3B-AAB4B46EF79E HTTP/1.1" 200 104745
193.70.81.116 - - [11/Feb/2025:00:33:57 +0100] "GET /ticket2/opencms/en/buy/?page=1&edid=9905BE36-3483-E35C-D446-E28B848EF37B HTTP/1.1" 200 117812
67.144.2.241 - - [11/Feb/2025:00:33:57 +0100] "GET /ticket2/opencms/sv/buy/?page=1&edid=94BFFFB0-A78C-7DD7-48B5-B1243E977BF0 HTTP/1.1" 200 109258
192.99.15.34 - - [11/Feb/2025:00:33:58 +0100] "GET /ticket2/opencms/no/buy/?page=1&edid=32733024-1A70-1A8E-A3DD-B8EE80D33C10&sortorder=asc&column=price HTTP/1.1" 200 110274
54.36.148.60 - - [11/Feb/2025:00:34:00 +0100] "GET /ticket2/opencms/fi/buy/?page=1&edid=9DCC0E66-25C8-5156-35A8-BF56F5E3E1AA HTTP/1.1" 200 109011
193.70.81.116 - - [11/Feb/2025:00:34:01 +0100] "GET /ticket2/opencms/en/buy/?page=1&edid=9CB65BAE-DCD8-2D95-397D-813CF31BA500 HTTP/1.1" 200 130966
85.208.96.199 - - [11/Feb/2025:00:34:01 +0100] "GET /ticket2/opencms/cs/sport/fotbalove-listky/champions-league/celtic/ HTTP/1.1" 200 91446
54.36.149.27 - - [11/Feb/2025:00:34:02 +0100] "GET /ticket2/opencms/cs/buy?page=1&edid=1B66F7E9-6D68-7258-D0DB-383034F8302F HTTP/1.1" 200 133411
66.249.76.44 - - [11/Feb/2025:00:34:03 +0100] "GET /ticket2/opencms/fr/buy/?page=1&edid=70278AA1-9B36-1074-FC37-E7CD3E0C98CF HTTP/1.1" 200 122087
193.70.81.116 - - [11/Feb/2025:00:34:04 +0100] "GET /ticket2/opencms/en/buy/?page=1&edid=9D89B626-BE34-D0AA-2430-149AC630E583 HTTP/1.1" 200 104753
192.99.15.34 - - [11/Feb/2025:00:34:05 +0100] "GET /ticket2/opencms/no/buy/?page=1&edid=32733024-1A70-1A8E-A3DD-B8EE80D33C10&sortorder=asc&column=row HTTP/1.1" 200 110208
52.167.144.196 - - [11/Feb/2025:00:34:05 +0100] "GET /ticket2/opencms/az/buy?page=1&edid=D551DDB3-6529-CC93-8CA0-286E42BF5EA0 HTTP/1.1" 200 110597
193.70.81.116 - - [11/Feb/2025:00:34:08 +0100] "GET /ticket2/opencms/en/buy/?page=1&edid=9F80D7E4-C3CD-1252-256F-CE7A7B9BF210 HTTP/1.1" 200 104740
67.144.2.241 - - [11/Feb/2025:00:34:10 +0100] "GET /ticket2/opencms/sv/buy/?page=1&edid=953C806E-3C4F-595C-2FD9-DDFE390BA524 HTTP/1.1" 200 106030
40.77.167.77 - - [11/Feb/2025:00:34:11 +0100] "GET /ticket2/opencms/sv/buy/?page=1&edid=3B4E0EA3-B775-35AA-67EB-62D962B0531D HTTP/1.1" 200 109778
193.70.81.116 - - [11/Feb/2025:00:34:12 +0100] "GET /ticket2/opencms/en/buy/?page=1&edid=A0FFAF50-E61F-DDD9-D6DC-77947313B0DE HTTP/1.1" 200 114659
54.36.148.14 - - [11/Feb/2025:00:34:16 +0100] "GET /ticket2/opencms/ka HTTP/1.1" 200 110520
192.99.15.34 - - [11/Feb/2025:00:34:17 +0100] "GET /ticket2/opencms/no/buy/?page=1&edid=32C6D1B6-DA25-AED1-5388-0CCEEECB17C7&sortorder=desc&column=price HTTP/1.1" 200 110034
193.70.81.116 - - [11/Feb/2025:00:34:17 +0100] "GET /ticket2/opencms/en/buy/?page=1&edid=A27091AD-1422-96A9-33A7-74A8DECA25F3 HTTP/1.1" 200 130774
194.233.73.109 - - [11/Feb/2025:00:34:17 +0100] "GET /ticket2/opencms/.git/config HTTP/1.1" 404 -
193.70.81.116 - - [11/Feb/2025:00:34:20 +0100] "GET /ticket2/opencms/en/buy/?page=1&edid=A2A4078E-C8E8-C113-199B-69C1FEB231B0 HTTP/1.1" 200 131626
35.232.230.239 - - [11/Feb/2025:00:34:23 +0100] "GET /ticket2/opencms/img/icons/uk.png HTTP/1.1" 200 1272
193.70.81.116 - - [11/Feb/2025:00:34:24 +0100] "GET /ticket2/opencms/en/buy/?page=1&edid=A4CA2F1E-95F7-CE47-5A50-DF7E2BC18D85 HTTP/1.1" 200 116368
47.128.44.14 - - [11/Feb/2025:00:34:25 +0100] "GET /ticket2/opencms/fr/magazine/article?title=un-match-impressionnant-ou-le-suedois-kulusevski-continue-de-briller HTTP/1.1" 200 86885
192.99.15.34 - - [11/Feb/2025:00:34:25 +0100] "GET /ticket2/opencms/no/buy/?page=1&edid=32C6D1B6-DA25-AED1-5388-0CCEEECB17C7&sortorder=desc&column=section HTTP/1.1" 200 110100
54.36.149.96 - - [11/Feb/2025:00:34:27 +0100] "GET /ticket2/opencms/ro/buy?page=1&edid=133B893E-0B2E-BEF9-99B1-9E25283FAB9D HTTP/1.1" 200 108970
67.144.2.241 - - [11/Feb/2025:00:34:27 +0100] "GET /ticket2/opencms/sv/buy/?page=1&edid=95B848AE-C0FB-E9EB-DC32-8BB9C413BF77 HTTP/1.1" 200 108180
193.70.81.116 - - [11/Feb/2025:00:34:28 +0100] "GET /ticket2/opencms/en/buy/?page=1&edid=A613B971-014E-0A66-B74F-2B30F695BCED HTTP/1.1" 200 110708
114.119.130.178 - - [11/Feb/2025:00:34:29 +0100] "GET /ticket2/opencms/es/buy/?comcatid=0A6B8208-FDA4-E929-9D72-5312FD481B76&catid=465306FD-802C-5175-10FF-40E426DD2769 HTTP/1.1" 200 94693
85.208.96.210 - - [11/Feb/2025:00:34:30 +0100] "GET /ticket2/opencms/fr/magazine/article?title=euro-de-football-2024 HTTP/1.1" 200 86885
193.70.81.116 - - [11/Feb/2025:00:34:32 +0100] "GET /ticket2/opencms/en/buy/?page=1&edid=A8F677E6-A548-E0DF-93F9-55173D9897A9 HTTP/1.1" 200 114649
192.99.15.34 - - [11/Feb/2025:00:34:34 +0100] "GET /ticket2/opencms/no/buy/?page=1&edid=32D997E3-A24F-C86C-83A0-CCE54BCFCF23&sortorder=desc&column=price HTTP/1.1" 200 106883
54.36.148.88 - - [11/Feb/2025:00:34:34 +0100] "GET /ticket2/opencms/ka/buy?page=1&edid=50375D23-8B44-5172-3FB1-755B660EE76F HTTP/1.1" 200 117589
202.8.40.68 - - [11/Feb/2025:00:34:35 +0100] "GET /ticket2/opencms/system/modules/com.gridnine.opencms.ticketbrokerage.site/resources/css/jquery.fancybox.css HTTP/1.1" 200 4939
202.8.40.68 - - [11/Feb/2025:00:34:35 +0100] "GET /ticket2/opencms/system/modules/com.gridnine.opencms.ticketbrokerage.site/resources/css/ticketbrokerage.css HTTP/1.1" 200 39339
202.8.40.68 - - [11/Feb/2025:00:34:35 +0100] "GET /ticket2/opencms/system/modules/com.gridnine.opencms.ticketbrokerage.site/resources/css/jquery-ui.css HTTP/1.1" 200 33221
202.8.40.68 - - [11/Feb/2025:00:34:35 +0100] "GET /ticket2/opencms/system/modules/com.gridnine.opencms.ticketbrokerage.site/resources/css/calendar.css HTTP/1.1" 200 6871
202.8.40.68 - - [11/Feb/2025:00:34:35 +0100] "GET /ticket2/opencms/system/modules/com.gridnine.opencms.ticketbrokerage.site/resources/js/jquery/jquery.js HTTP/1.1" 200 93868
202.8.40.68 - - [11/Feb/2025:00:34:35 +0100] "GET /ticket2/opencms/system/modules/com.gridnine.opencms.ticketbrokerage.site/resources/css/standard.css HTTP/1.1" 200 73904
202.8.40.68 - - [11/Feb/2025:00:34:35 +0100] "GET /ticket2/opencms/system/modules/com.gridnine.opencms.ticketbrokerage.site/resources/js/jquery/jquery-ui.js HTTP/1.1" 200 228088
202.8.40.68 - - [11/Feb/2025:00:34:35 +0100] "GET /ticket2/opencms/system/modules/com.gridnine.opencms.ticketbrokerage.site/resources/js/calendar.js HTTP/1.1" 200 49229
202.8.40.68 - - [11/Feb/2025:00:34:35 +0100] "GET /ticket2/opencms/system/modules/com.gridnine.opencms.ticketbrokerage.site/resources/js/functions.js HTTP/1.1" 200 1583
202.8.40.68 - - [11/Feb/2025:00:34:35 +0100] "GET /ticket2/opencms/system/modules/com.gridnine.opencms.ticketbrokerage.site/resources/js/calendar-setup.js HTTP/1.1" 200 4923
202.8.40.68 - - [11/Feb/2025:00:34:35 +0100] "GET /ticket2/opencms/system/modules/com.gridnine.opencms.ticketbrokerage.site/resources/js/calendar-en.js HTTP/1.1" 200 3338
202.8.40.68 - - [11/Feb/2025:00:34:36 +0100] "GET /ticket2/opencms/system/modules/com.gridnine.opencms.ticketbrokerage.site/resources/js/jquery.fancybox.pack.js HTTP/1.1" 200 23187
202.8.40.68 - - [11/Feb/2025:00:34:36 +0100] "GET /ticket2/opencms/system/modules/com.gridnine.opencms.ticketbrokerage.site/resources/js/stickyfill.min.js HTTP/1.1" 200 5672
202.8.40.68 - - [11/Feb/2025:00:34:36 +0100] "GET /ticket2/opencms/system/modules/com.gridnine.opencms.ticketbrokerage.site/resources/js/standard.js HTTP/1.1" 200 3983
202.8.40.68 - - [11/Feb/2025:00:34:36 +0100] "GET /ticket2/opencms/system/modules/com.gridnine.opencms.ticketbrokerage.site/resources/js/jquery.placeholder.min.js HTTP/1.1" 200 1737
202.8.40.68 - - [11/Feb/2025:00:34:36 +0100] "GET /ticket2/opencms/system/modules/com.gridnine.opencms.ticketbrokerage.site/resources/js/common-ajax.js HTTP/1.1" 200 20175
202.8.40.68 - - [11/Feb/2025:00:34:36 +0100] "GET /ticket2/opencms/ka/ask-form.html HTTP/1.1" 200 3156
193.70.81.116 - - [11/Feb/2025:00:34:36 +0100] "GET /ticket2/opencms/en/buy/?page=1&edid=A9C35541-ABB7-0662-52F4-8AD61BAC9B1C HTTP/1.1" 200 131267
202.8.40.68 - - [11/Feb/2025:00:34:36 +0100] "GET /ticket2/opencms/system/modules/com.gridnine.opencms.ticketbrokerage.site/resources/css/ticketbrokerage.css HTTP/1.1" 200 39339
66.249.79.206 - - [11/Feb/2025:00:34:37 +0100] "GET /ticket2/opencms/fr/buy?page=1&edid=0B7E5CA2-F588-894B-B701-64E6B9532C54 HTTP/1.1" 200 125883
54.36.149.47 - - [11/Feb/2025:00:34:38 +0100] "GET /ticket2/opencms/uk/buy?page=1&edid=AAD8B8EA-9AED-21A9-2967-40D5EB8A5581 HTTP/1.1" 200 108820
202.8.40.200 - - [11/Feb/2025:00:34:39 +0100] "GET /ticket2/opencms/system/modules/com.gridnine.opencms.ticketbrokerage.site/resources/css/ticketbrokerage.css HTTP/1.1" 200 39339
202.8.40.200 - - [11/Feb/2025:00:34:39 +0100] "GET /ticket2/opencms/system/modules/com.gridnine.opencms.ticketbrokerage.site/resources/css/calendar.css HTTP/1.1" 200 6871
202.8.40.200 - - [11/Feb/2025:00:34:39 +0100] "GET /ticket2/opencms/system/modules/com.gridnine.opencms.ticketbrokerage.site/resources/css/jquery-ui.css HTTP/1.1" 200 33221
202.8.40.200 - - [11/Feb/2025:00:34:39 +0100] "GET /ticket2/opencms/system/modules/com.gridnine.opencms.ticketbrokerage.site/resources/js/stickyfill.min.js HTTP/1.1" 200 5672
202.8.40.200 - - [11/Feb/2025:00:34:39 +0100] "GET /ticket2/opencms/system/modules/com.gridnine.opencms.ticketbrokerage.site/resources/css/standard.css HTTP/1.1" 200 73904
202.8.40.200 - - [11/Feb/2025:00:34:39 +0100] "GET /ticket2/opencms/system/modules/com.gridnine.opencms.ticketbrokerage.site/resources/css/jquery.fancybox.css HTTP/1.1" 200 4939
202.8.40.200 - - [11/Feb/2025:00:34:39 +0100] "GET /ticket2/opencms/system/modules/com.gridnine.opencms.ticketbrokerage.site/resources/js/jquery/jquery.js HTTP/1.1" 200 93868
202.8.40.200 - - [11/Feb/2025:00:34:39 +0100] "GET /ticket2/opencms/system/modules/com.gridnine.opencms.ticketbrokerage.site/resources/js/jquery/jquery-ui.js HTTP/1.1" 200 228088
202.8.40.200 - - [11/Feb/2025:00:34:39 +0100] "GET /ticket2/opencms/system/modules/com.gridnine.opencms.ticketbrokerage.site/resources/js/functions.js HTTP/1.1" 200 1583
202.8.40.200 - - [11/Feb/2025:00:34:39 +0100] "GET /ticket2/opencms/system/modules/com.gridnine.opencms.ticketbrokerage.site/resources/js/calendar-en.js HTTP/1.1" 200 3338
202.8.40.200 - - [11/Feb/2025:00:34:39 +0100] "GET /ticket2/opencms/system/modules/com.gridnine.opencms.ticketbrokerage.site/resources/js/calendar.js HTTP/1.1" 200 49229
202.8.40.200 - - [11/Feb/2025:00:34:39 +0100] "GET /ticket2/opencms/system/modules/com.gridnine.opencms.ticketbrokerage.site/resources/js/calendar-setup.js HTTP/1.1" 200 4923
202.8.40.200 - - [11/Feb/2025:00:34:39 +0100] "GET /ticket2/opencms/system/modules/com.gridnine.opencms.ticketbrokerage.site/resources/js/jquery.fancybox.pack.js HTTP/1.1" 200 23187
202.8.40.200 - - [11/Feb/2025:00:34:39 +0100] "GET /ticket2/opencms/system/modules/com.gridnine.opencms.ticketbrokerage.site/resources/js/standard.js HTTP/1.1" 200 3983
202.8.40.200 - - [11/Feb/2025:00:34:39 +0100] "GET /ticket2/opencms/system/modules/com.gridnine.opencms.ticketbrokerage.site/resources/js/jquery.placeholder.min.js HTTP/1.1" 200 1737
202.8.40.200 - - [11/Feb/2025:00:34:39 +0100] "GET /ticket2/opencms/system/modules/com.gridnine.opencms.ticketbrokerage.site/resources/js/common-ajax.js HTTP/1.1" 200 20175
202.8.40.200 - - [11/Feb/2025:00:34:39 +0100] "GET /ticket2/opencms/uk/ask-form.html HTTP/1.1" 200 3156
202.8.40.200 - - [11/Feb/2025:00:34:40 +0100] "GET /ticket2/opencms/system/modules/com.gridnine.opencms.ticketbrokerage.site/resources/css/ticketbrokerage.css HTTP/1.1" 200 39339
193.70.81.116 - - [11/Feb/2025:00:34:40 +0100] "GET /ticket2/opencms/en/buy/?page=1&edid=ABE0D196-5A84-0064-2AAA-8BE846913E3B HTTP/1.1" 200 131265
193.70.81.116 - - [11/Feb/2025:00:34:44 +0100] "GET /ticket2/opencms/en/buy/?page=1&edid=AC44825D-2793-0C67-BD3C-7AB6359F86DA HTTP/1.1" 200 113926
67.144.2.241 - - [11/Feb/2025:00:34:44 +0100] "GET /ticket2/opencms/sv/buy/?page=1&edid=96A74B9E-9129-4F4A-D009-BB64CB45A32E HTTP/1.1" 200 106024
192.99.15.34 - - [11/Feb/2025:00:34:47 +0100] "GET /ticket2/opencms/no/buy/?page=1&edid=32D997E3-A24F-C86C-83A0-CCE54BCFCF23&sortorder=desc&column=section HTTP/1.1" 200 106949
54.36.148.110 - - [11/Feb/2025:00:34:48 +0100] "GET /ticket2/opencms/pl/buy?page=1&edid=46F37BE7-B2F6-BEA5-12C9-E1FFD36B0DD0 HTTP/1.1" 200 115966
193.70.81.116 - - [11/Feb/2025:00:34:48 +0100] "GET /ticket2/opencms/en/buy/?page=1&edid=AC8F7448-8C97-BB58-DCF6-B6425E43C512 HTTP/1.1" 200 104729
202.8.40.12 - - [11/Feb/2025:00:34:49 +0100] "GET /ticket2/opencms/system/modules/com.gridnine.opencms.ticketbrokerage.site/resources/css/calendar.css HTTP/1.1" 200 6871
202.8.40.12 - - [11/Feb/2025:00:34:49 +0100] "GET /ticket2/opencms/system/modules/com.gridnine.opencms.ticketbrokerage.site/resources/css/jquery.fancybox.css HTTP/1.1" 200 4939
202.8.40.12 - - [11/Feb/2025:00:34:49 +0100] "GET /ticket2/opencms/system/modules/com.gridnine.opencms.ticketbrokerage.site/resources/css/jquery-ui.css HTTP/1.1" 200 33221
202.8.40.12 - - [11/Feb/2025:00:34:49 +0100] "GET /ticket2/opencms/system/modules/com.gridnine.opencms.ticketbrokerage.site/resources/css/ticketbrokerage.css HTTP/1.1" 200 39339
202.8.40.12 - - [11/Feb/2025:00:34:49 +0100] "GET /ticket2/opencms/system/modules/com.gridnine.opencms.ticketbrokerage.site/resources/css/standard.css HTTP/1.1" 200 73904
202.8.40.12 - - [11/Feb/2025:00:34:49 +0100] "GET /ticket2/opencms/system/modules/com.gridnine.opencms.ticketbrokerage.site/resources/js/jquery/jquery.js HTTP/1.1" 200 93868
202.8.40.12 - - [11/Feb/2025:00:34:49 +0100] "GET /ticket2/opencms/system/modules/com.gridnine.opencms.ticketbrokerage.site/resources/js/jquery/jquery-ui.js HTTP/1.1" 200 228088
202.8.40.12 - - [11/Feb/2025:00:34:49 +0100] "GET /ticket2/opencms/system/modules/com.gridnine.opencms.ticketbrokerage.site/resources/js/calendar.js HTTP/1.1" 200 49229
202.8.40.12 - - [11/Feb/2025:00:34:49 +0100] "GET /ticket2/opencms/system/modules/com.gridnine.opencms.ticketbrokerage.site/resources/js/calendar-en.js HTTP/1.1" 200 3338
202.8.40.12 - - [11/Feb/2025:00:34:49 +0100] "GET /ticket2/opencms/system/modules/com.gridnine.opencms.ticketbrokerage.site/resources/js/functions.js HTTP/1.1" 200 1583
202.8.40.12 - - [11/Feb/2025:00:34:49 +0100] "GET /ticket2/opencms/system/modules/com.gridnine.opencms.ticketbrokerage.site/resources/js/stickyfill.min.js HTTP/1.1" 200 5672
202.8.40.12 - - [11/Feb/2025:00:34:49 +0100] "GET /ticket2/opencms/system/modules/com.gridnine.opencms.ticketbrokerage.site/resources/js/jquery.fancybox.pack.js HTTP/1.1" 200 23187
202.8.40.12 - - [11/Feb/2025:00:34:49 +0100] "GET /ticket2/opencms/system/modules/com.gridnine.opencms.ticketbrokerage.site/resources/js/calendar-setup.js HTTP/1.1" 200 4923
202.8.40.12 - - [11/Feb/2025:00:34:49 +0100] "GET /ticket2/opencms/system/modules/com.gridnine.opencms.ticketbrokerage.site/resources/js/standard.js HTTP/1.1" 200 3983
202.8.40.12 - - [11/Feb/2025:00:34:49 +0100] "GET /ticket2/opencms/system/modules/com.gridnine.opencms.ticketbrokerage.site/resources/js/jquery.placeholder.min.js HTTP/1.1" 200 1737
202.8.40.12 - - [11/Feb/2025:00:34:49 +0100] "GET /ticket2/opencms/system/modules/com.gridnine.opencms.ticketbrokerage.site/resources/js/common-ajax.js HTTP/1.1" 200 20175
202.8.40.12 - - [11/Feb/2025:00:34:49 +0100] "GET /ticket2/opencms/pl/ask-form.html HTTP/1.1" 200 3156
202.8.40.12 - - [11/Feb/2025:00:34:49 +0100] "GET /ticket2/opencms/system/modules/com.gridnine.opencms.ticketbrokerage.site/resources/css/ticketbrokerage.css HTTP/1.1" 200 39339
54.36.148.19 - - [11/Feb/2025:00:34:51 +0100] "GET /ticket2/opencms/hu/buy?page=1&edid=AAD8B8EA-9AED-21A9-2967-40D5EB8A5581 HTTP/1.1" 200 106461
54.36.148.32 - - [11/Feb/2025:00:34:51 +0100] "GET /ticket2/opencms/cs/buy?page=1&edid=41CD7066-237A-B852-387D-3D5D7B688DF9 HTTP/1.1" 200 133533
193.70.81.116 - - [11/Feb/2025:00:34:51 +0100] "GET /ticket2/opencms/en/buy/?page=1&edid=ACE9CA7D-7806-FEA9-5C42-376512A5CAAD HTTP/1.1" 200 106799
202.8.42.33 - - [11/Feb/2025:00:34:52 +0100] "GET /ticket2/opencms/system/modules/com.gridnine.opencms.ticketbrokerage.site/resources/css/calendar.css HTTP/1.1" 200 6871
202.8.42.33 - - [11/Feb/2025:00:34:52 +0100] "GET /ticket2/opencms/system/modules/com.gridnine.opencms.ticketbrokerage.site/resources/css/jquery.fancybox.css HTTP/1.1" 200 4939
202.8.42.33 - - [11/Feb/2025:00:34:52 +0100] "GET /ticket2/opencms/system/modules/com.gridnine.opencms.ticketbrokerage.site/resources/css/ticketbrokerage.css HTTP/1.1" 200 39339
202.8.42.33 - - [11/Feb/2025:00:34:52 +0100] "GET /ticket2/opencms/system/modules/com.gridnine.opencms.ticketbrokerage.site/resources/css/jquery-ui.css HTTP/1.1" 200 33221
202.8.42.33 - - [11/Feb/2025:00:34:52 +0100] "GET /ticket2/opencms/system/modules/com.gridnine.opencms.ticketbrokerage.site/resources/css/standard.css HTTP/1.1" 200 73904
202.8.42.33 - - [11/Feb/2025:00:34:52 +0100] "GET /ticket2/opencms/system/modules/com.gridnine.opencms.ticketbrokerage.site/resources/js/jquery/jquery.js HTTP/1.1" 200 93868
202.8.42.33 - - [11/Feb/2025:00:34:52 +0100] "GET /ticket2/opencms/system/modules/com.gridnine.opencms.ticketbrokerage.site/resources/js/jquery/jquery-ui.js HTTP/1.1" 200 228088
202.8.42.33 - - [11/Feb/2025:00:34:52 +0100] "GET /ticket2/opencms/system/modules/com.gridnine.opencms.ticketbrokerage.site/resources/js/calendar-setup.js HTTP/1.1" 200 4923
202.8.42.33 - - [11/Feb/2025:00:34:52 +0100] "GET /ticket2/opencms/system/modules/com.gridnine.opencms.ticketbrokerage.site/resources/js/calendar.js HTTP/1.1" 200 49229
202.8.42.33 - - [11/Feb/2025:00:34:52 +0100] "GET /ticket2/opencms/system/modules/com.gridnine.opencms.ticketbrokerage.site/resources/js/calendar-en.js HTTP/1.1" 200 3338
202.8.42.33 - - [11/Feb/2025:00:34:52 +0100] "GET /ticket2/opencms/system/modules/com.gridnine.opencms.ticketbrokerage.site/resources/js/functions.js HTTP/1.1" 200 1583
202.8.42.33 - - [11/Feb/2025:00:34:52 +0100] "GET /ticket2/opencms/system/modules/com.gridnine.opencms.ticketbrokerage.site/resources/js/jquery.fancybox.pack.js HTTP/1.1" 200 23187
202.8.42.33 - - [11/Feb/2025:00:34:52 +0100] "GET /ticket2/opencms/system/modules/com.gridnine.opencms.ticketbrokerage.site/resources/js/stickyfill.min.js HTTP/1.1" 200 5672
202.8.42.33 - - [11/Feb/2025:00:34:52 +0100] "GET /ticket2/opencms/system/modules/com.gridnine.opencms.ticketbrokerage.site/resources/js/standard.js HTTP/1.1" 200 3983
202.8.42.33 - - [11/Feb/2025:00:34:52 +0100] "GET /ticket2/opencms/system/modules/com.gridnine.opencms.ticketbrokerage.site/resources/js/jquery.placeholder.min.js HTTP/1.1" 200 1737
202.8.42.33 - - [11/Feb/2025:00:34:52 +0100] "GET /ticket2/opencms/system/modules/com.gridnine.opencms.ticketbrokerage.site/resources/js/common-ajax.js HTTP/1.1" 200 20175
202.8.42.33 - - [11/Feb/2025:00:34:52 +0100] "GET /ticket2/opencms/hu/ask-form.html HTTP/1.1" 200 3156
202.8.42.33 - - [11/Feb/2025:00:34:52 +0100] "GET /ticket2/opencms/system/modules/com.gridnine.opencms.ticketbrokerage.site/resources/css/ticketbrokerage.css HTTP/1.1" 200 39339
192.99.15.34 - - [11/Feb/2025:00:34:54 +0100] "GET /ticket2/opencms/no/buy/?page=1&edid=32E69975-519A-F857-DB3C-93270DB6803E&sortorder=desc&column=price HTTP/1.1" 200 110102
52.167.144.196 - - [11/Feb/2025:00:34:54 +0100] "GET /ticket2/opencms/is/buy/?page=1&edid=99307505-7EDF-CD9F-6317-57120D5C69D9 HTTP/1.1" 200 106434
114.119.159.237 - - [11/Feb/2025:00:34:55 +0100] "GET /ticket2/opencms/es/buy/?comcatid=A17713B6-D984-201A-4143-ED4DB5ED5C2E&catid=B0817F4C-4B6F-A68C-6229-209BB05F84D4 HTTP/1.1" 200 101029
193.70.81.116 - - [11/Feb/2025:00:34:55 +0100] "GET /ticket2/opencms/en/buy/?page=1&edid=ACFE5269-826A-FF79-28D4-8876A969800F HTTP/1.1" 200 113889
52.167.144.196 - - [11/Feb/2025:00:34:55 +0100] "GET /ticket2/opencms/hu/buy?page=6&comcatid=A17713B6-D984-201A-4143-ED4DB5ED5C2E&catid=24AC1CA6-1C09-0BE5-C04A-9DCCDB15D5E9 HTTP/1.1" 200 101755
67.144.2.241 - - [11/Feb/2025:00:34:56 +0100] "GET /ticket2/opencms/sv/buy/?page=1&edid=97983A9B-8C85-C8F3-24BD-CF0E5B3E5B62 HTTP/1.1" 200 106067
193.70.81.116 - - [11/Feb/2025:00:34:59 +0100] "GET /ticket2/opencms/en/buy/?page=1&edid=B07556EE-85E6-A902-E46B-ABCA49980DB1 HTTP/1.1" 200 107910
114.119.146.36 - - [11/Feb/2025:00:35:00 +0100] "GET /ticket2/opencms/en/buy/?page=1&edid=1046C14E-D95C-B350-CBCD-2ECE5F3DCC46 HTTP/1.1" 200 119987
66.249.76.43 - - [11/Feb/2025:00:35:02 +0100] "GET /ticket2/opencms/fr/buy/?page=1&edid=F6626DB9-CF49-C060-B5A0-E4907286C489 HTTP/1.1" 200 106157
192.99.15.34 - - [11/Feb/2025:00:35:02 +0100] "GET /ticket2/opencms/no/buy/?page=1&edid=3930902F-44C9-0DA4-854E-41262D5A61CF&sortorder=asc&column=section HTTP/1.1" 200 110604
185.191.171.2 - - [11/Feb/2025:00:35:03 +0100] "GET /ticket2/opencms/bg/magazine/article?title=mohamed-salah-udulzhavane-s-livurpul HTTP/1.1" 200 87638
193.70.81.116 - - [11/Feb/2025:00:35:03 +0100] "GET /ticket2/opencms/en/buy/?page=1&edid=B12376C6-BA7F-3D61-F970-EF51106430AB HTTP/1.1" 200 125980
47.128.31.133 - - [11/Feb/2025:00:35:04 +0100] "GET /ticket2/opencms/hu/buy/?edid=C68D3A19-7AB1-B0F6-2F8E-E937CB754241 HTTP/1.1" 200 89371
193.70.81.116 - - [11/Feb/2025:00:35:06 +0100] "GET /ticket2/opencms/en/buy/?page=1&edid=B221A7A0-0672-9C92-94FE-8BC4C1F907CD HTTP/1.1" 200 113947
54.36.148.63 - - [11/Feb/2025:00:35:07 +0100] "GET /ticket2/opencms/ga/buy?page=1&edid=AAD8B8EA-9AED-21A9-2967-40D5EB8A5581 HTTP/1.1" 200 106811
40.77.167.33 - - [11/Feb/2025:00:35:07 +0100] "GET /ticket2/opencms/en/venue/?venueid=6D360DF1-D10E-80D6-413A-8A8A7657A599 HTTP/1.1" 200 83331
202.8.40.199 - - [11/Feb/2025:00:35:08 +0100] "GET /ticket2/opencms/system/modules/com.gridnine.opencms.ticketbrokerage.site/resources/css/jquery-ui.css HTTP/1.1" 200 33221
202.8.40.199 - - [11/Feb/2025:00:35:08 +0100] "GET /ticket2/opencms/system/modules/com.gridnine.opencms.ticketbrokerage.site/resources/css/ticketbrokerage.css HTTP/1.1" 200 39339
202.8.40.199 - - [11/Feb/2025:00:35:08 +0100] "GET /ticket2/opencms/system/modules/com.gridnine.opencms.ticketbrokerage.site/resources/css/calendar.css HTTP/1.1" 200 6871
202.8.40.199 - - [11/Feb/2025:00:35:08 +0100] "GET /ticket2/opencms/system/modules/com.gridnine.opencms.ticketbrokerage.site/resources/css/standard.css HTTP/1.1" 200 73904
202.8.40.199 - - [11/Feb/2025:00:35:08 +0100] "GET /ticket2/opencms/system/modules/com.gridnine.opencms.ticketbrokerage.site/resources/css/jquery.fancybox.css HTTP/1.1" 200 4939
202.8.40.199 - - [11/Feb/2025:00:35:08 +0100] "GET /ticket2/opencms/system/modules/com.gridnine.opencms.ticketbrokerage.site/resources/js/jquery/jquery-ui.js HTTP/1.1" 200 228088
202.8.40.199 - - [11/Feb/2025:00:35:08 +0100] "GET /ticket2/opencms/system/modules/com.gridnine.opencms.ticketbrokerage.site/resources/js/jquery/jquery.js HTTP/1.1" 200 93868
202.8.40.199 - - [11/Feb/2025:00:35:08 +0100] "GET /ticket2/opencms/system/modules/com.gridnine.opencms.ticketbrokerage.site/resources/js/functions.js HTTP/1.1" 200 1583
202.8.40.199 - - [11/Feb/2025:00:35:08 +0100] "GET /ticket2/opencms/system/modules/com.gridnine.opencms.ticketbrokerage.site/resources/js/calendar-en.js HTTP/1.1" 200 3338
202.8.40.199 - - [11/Feb/2025:00:35:08 +0100] "GET /ticket2/opencms/system/modules/com.gridnine.opencms.ticketbrokerage.site/resources/js/calendar.js HTTP/1.1" 200 49229
202.8.40.199 - - [11/Feb/2025:00:35:08 +0100] "GET /ticket2/opencms/system/modules/com.gridnine.opencms.ticketbrokerage.site/resources/js/calendar-setup.js HTTP/1.1" 200 4923
202.8.40.199 - - [11/Feb/2025:00:35:08 +0100] "GET /ticket2/opencms/system/modules/com.gridnine.opencms.ticketbrokerage.site/resources/js/jquery.fancybox.pack.js HTTP/1.1" 200 23187
67.144.2.241 - - [11/Feb/2025:00:35:08 +0100] "GET /ticket2/opencms/sv/buy/?page=1&edid=98D2BB25-0CA0-E006-57C3-1B229658311A HTTP/1.1" 200 109274
202.8.40.199 - - [11/Feb/2025:00:35:08 +0100] "GET /ticket2/opencms/system/modules/com.gridnine.opencms.ticketbrokerage.site/resources/js/stickyfill.min.js HTTP/1.1" 200 5672
202.8.40.199 - - [11/Feb/2025:00:35:08 +0100] "GET /ticket2/opencms/system/modules/com.gridnine.opencms.ticketbrokerage.site/resources/js/standard.js HTTP/1.1" 200 3983
202.8.40.199 - - [11/Feb/2025:00:35:08 +0100] "GET /ticket2/opencms/system/modules/com.gridnine.opencms.ticketbrokerage.site/resources/js/jquery.placeholder.min.js HTTP/1.1" 200 1737
202.8.40.199 - - [11/Feb/2025:00:35:08 +0100] "GET /ticket2/opencms/system/modules/com.gridnine.opencms.ticketbrokerage.site/resources/js/common-ajax.js HTTP/1.1" 200 20175
202.8.40.199 - - [11/Feb/2025:00:35:08 +0100] "GET /ticket2/opencms/ga/ask-form.html HTTP/1.1" 200 3156
202.8.40.199 - - [11/Feb/2025:00:35:08 +0100] "GET /ticket2/opencms/system/modules/com.gridnine.opencms.ticketbrokerage.site/resources/css/ticketbrokerage.css HTTP/1.1" 200 39339
54.36.149.34 - - [11/Feb/2025:00:35:10 +0100] "GET /ticket2/opencms/lt/buy?page=1&edid=FB619D25-A569-B2D3-A138-064ED3A662B4 HTTP/1.1" 200 110535
192.99.15.34 - - [11/Feb/2025:00:35:10 +0100] "GET /ticket2/opencms/no/buy/?page=1&edid=3A07E5A5-3743-E1F7-98D4-69CCB7817E15&sortorder=desc&column=row HTTP/1.1" 200 110532
193.70.81.116 - - [11/Feb/2025:00:35:10 +0100] "GET /ticket2/opencms/en/buy/?page=1&edid=B753AC58-8832-296F-1C07-92C9F45E2BCE HTTP/1.1" 200 104729
54.36.148.124 - - [11/Feb/2025:00:35:14 +0100] "GET /ticket2/opencms/el/buy?page=1&edid=C5E6BD6B-6997-F99C-5497-F6687FA84598 HTTP/1.1" 200 109617
193.70.81.116 - - [11/Feb/2025:00:35:14 +0100] "GET /ticket2/opencms/en/buy/?page=1&edid=B7B5EA21-D0E1-5D4C-90B1-C2CC29A8B7DF HTTP/1.1" 200 114173
193.70.81.116 - - [11/Feb/2025:00:35:18 +0100] "GET /ticket2/opencms/en/buy/?page=1&edid=B8EF6180-227A-800A-63E5-9809623FC791 HTTP/1.1" 200 123050
192.99.15.34 - - [11/Feb/2025:00:35:18 +0100] "GET /ticket2/opencms/no/buy/?page=1&edid=3ABB49E1-D37A-AB42-B430-1287E5A59D8D&sortorder=asc&column=price HTTP/1.1" 200 110746
54.36.148.143 - - [11/Feb/2025:00:35:19 +0100] "GET /ticket2/opencms/et/buy?page=1&edid=FB619D25-A569-B2D3-A138-064ED3A662B4 HTTP/1.1" 200 110253
193.70.81.116 - - [11/Feb/2025:00:35:22 +0100] "GET /ticket2/opencms/en/buy/?page=1&edid=BB439D2C-76B4-AD0C-0FC4-79A0CD539AA0 HTTP/1.1" 200 130218
54.36.149.15 - - [11/Feb/2025:00:35:22 +0100] "GET /ticket2/opencms/it/buy/?page=1&edid=68509658-F432-C2D3-40D1-EAC6A14AC448 HTTP/1.1" 200 106149
114.119.154.207 - - [11/Feb/2025:00:35:23 +0100] "GET /ticket2/opencms/en/venue/?venueid=DF37D396-FA06-F473-CD27-6AD0A828AD06 HTTP/1.1" 200 83242
67.144.2.241 - - [11/Feb/2025:00:35:23 +0100] "GET /ticket2/opencms/sv/buy/?page=1&edid=991EE3EE-9FE4-931B-8259-A8D6A6891C68 HTTP/1.1" 200 106041
193.70.81.116 - - [11/Feb/2025:00:35:26 +0100] "GET /ticket2/opencms/en/buy/?page=1&edid=BC781D5C-058D-8CA8-2F4E-240C11D0769A HTTP/1.1" 200 113987
192.99.15.34 - - [11/Feb/2025:00:35:28 +0100] "GET /ticket2/opencms/no/buy/?page=1&edid=52580361-D19E-1BDB-B314-E400BA105BF6&sortorder=desc&column=section HTTP/1.1" 200 110840
66.249.79.6 - - [11/Feb/2025:00:35:29 +0100] "GET /ticket2/opencms/pl/buy/?page=1&edid=FB9F4ED8-C630-5135-3D9B-F4FFAB39B4C4 HTTP/1.1" 200 112508
193.70.81.116 - - [11/Feb/2025:00:35:30 +0100] "GET /ticket2/opencms/en/buy/?page=1&edid=BCB4C6BC-01F1-9B82-B9A0-788195DE1926 HTTP/1.1" 200 116367
193.70.81.116 - - [11/Feb/2025:00:35:34 +0100] "GET /ticket2/opencms/en/buy/?page=1&edid=BD5ED709-E550-ECCC-FE1D-2E85747011DF HTTP/1.1" 200 114652
67.144.2.241 - - [11/Feb/2025:00:35:36 +0100] "GET /ticket2/opencms/sv/buy/?page=1&edid=9974B9A8-481D-8D16-3986-C238115FF0DD HTTP/1.1" 200 106043
193.70.81.116 - - [11/Feb/2025:00:35:38 +0100] "GET /ticket2/opencms/en/buy/?page=1&edid=BD719054-11F0-C21F-E1D7-4BD8F12BE51A HTTP/1.1" 200 114651
192.99.15.34 - - [11/Feb/2025:00:35:38 +0100] "GET /ticket2/opencms/no/buy/?page=1&edid=527C93B0-9340-497B-8776-6EDF58916407&sortorder=asc&column=price HTTP/1.1" 200 110071
54.36.148.56 - - [11/Feb/2025:00:35:39 +0100] "GET /ticket2/opencms/ro/buy?page=1&edid=1725DD81-AB30-210C-691A-5E56E0E70527 HTTP/1.1" 200 116382
202.8.40.58 - - [11/Feb/2025:00:35:40 +0100] "GET /ticket2/opencms/system/modules/com.gridnine.opencms.ticketbrokerage.site/resources/css/ticketbrokerage.css HTTP/1.1" 200 39339
202.8.40.58 - - [11/Feb/2025:00:35:40 +0100] "GET /ticket2/opencms/system/modules/com.gridnine.opencms.ticketbrokerage.site/resources/css/jquery-ui.css HTTP/1.1" 200 33221
202.8.40.58 - - [11/Feb/2025:00:35:40 +0100] "GET /ticket2/opencms/system/modules/com.gridnine.opencms.ticketbrokerage.site/resources/css/calendar.css HTTP/1.1" 200 6871
202.8.40.58 - - [11/Feb/2025:00:35:40 +0100] "GET /ticket2/opencms/system/modules/com.gridnine.opencms.ticketbrokerage.site/resources/js/jquery/jquery.js HTTP/1.1" 200 93868
202.8.40.58 - - [11/Feb/2025:00:35:40 +0100] "GET /ticket2/opencms/system/modules/com.gridnine.opencms.ticketbrokerage.site/resources/css/jquery.fancybox.css HTTP/1.1" 200 4939
202.8.40.58 - - [11/Feb/2025:00:35:40 +0100] "GET /ticket2/opencms/system/modules/com.gridnine.opencms.ticketbrokerage.site/resources/css/standard.css HTTP/1.1" 200 73904
202.8.40.58 - - [11/Feb/2025:00:35:40 +0100] "GET /ticket2/opencms/system/modules/com.gridnine.opencms.ticketbrokerage.site/resources/js/functions.js HTTP/1.1" 200 1583
202.8.40.58 - - [11/Feb/2025:00:35:40 +0100] "GET /ticket2/opencms/system/modules/com.gridnine.opencms.ticketbrokerage.site/resources/js/jquery/jquery-ui.js HTTP/1.1" 200 228088
202.8.40.58 - - [11/Feb/2025:00:35:40 +0100] "GET /ticket2/opencms/system/modules/com.gridnine.opencms.ticketbrokerage.site/resources/js/calendar.js HTTP/1.1" 200 49229
202.8.40.58 - - [11/Feb/2025:00:35:40 +0100] "GET /ticket2/opencms/system/modules/com.gridnine.opencms.ticketbrokerage.site/resources/js/calendar-setup.js HTTP/1.1" 200 4923
202.8.40.58 - - [11/Feb/2025:00:35:40 +0100] "GET /ticket2/opencms/system/modules/com.gridnine.opencms.ticketbrokerage.site/resources/js/calendar-en.js HTTP/1.1" 200 3338
202.8.40.58 - - [11/Feb/2025:00:35:40 +0100] "GET /ticket2/opencms/system/modules/com.gridnine.opencms.ticketbrokerage.site/resources/js/jquery.fancybox.pack.js HTTP/1.1" 200 23187
202.8.40.58 - - [11/Feb/2025:00:35:40 +0100] "GET /ticket2/opencms/system/modules/com.gridnine.opencms.ticketbrokerage.site/resources/js/standard.js HTTP/1.1" 200 3983
202.8.40.58 - - [11/Feb/2025:00:35:40 +0100] "GET /ticket2/opencms/system/modules/com.gridnine.opencms.ticketbrokerage.site/resources/js/stickyfill.min.js HTTP/1.1" 200 5672
202.8.40.58 - - [11/Feb/2025:00:35:41 +0100] "GET /ticket2/opencms/system/modules/com.gridnine.opencms.ticketbrokerage.site/resources/js/jquery.placeholder.min.js HTTP/1.1" 200 1737
202.8.40.58 - - [11/Feb/2025:00:35:41 +0100] "GET /ticket2/opencms/system/modules/com.gridnine.opencms.ticketbrokerage.site/resources/js/common-ajax.js HTTP/1.1" 200 20175
202.8.40.58 - - [11/Feb/2025:00:35:41 +0100] "GET /ticket2/opencms/ro/ask-form.html HTTP/1.1" 200 3156
202.8.40.58 - - [11/Feb/2025:00:35:41 +0100] "GET /ticket2/opencms/system/modules/com.gridnine.opencms.ticketbrokerage.site/resources/css/ticketbrokerage.css HTTP/1.1" 200 39339
54.36.149.57 - - [11/Feb/2025:00:35:41 +0100] "GET /ticket2/opencms/de/magazine/article?title=champions-league-tickets-auf-ticket2 HTTP/1.1" 200 86901
193.70.81.116 - - [11/Feb/2025:00:35:41 +0100] "GET /ticket2/opencms/en/buy/?page=1&edid=BEA9D3E5-A93E-146C-1904-24495F6A8B39 HTTP/1.1" 200 125983
40.77.167.143 - - [11/Feb/2025:00:35:41 +0100] "GET /ticket2/opencms/tr/buy?page=1&edid=344C12BF-1434-E2E6-3B30-43B5F73B5D44 HTTP/1.1" 200 106661
47.128.127.76 - - [11/Feb/2025:00:35:43 +0100] "GET /ticket2/opencms/de/magazine/article?title=em-ubertragungen HTTP/1.1" 200 86901
54.36.148.99 - - [11/Feb/2025:00:35:44 +0100] "GET /ticket2/opencms/hr/buy?page=1&edid=46F37BE7-B2F6-BEA5-12C9-E1FFD36B0DD0 HTTP/1.1" 200 115991
192.99.15.34 - - [11/Feb/2025:00:35:45 +0100] "GET /ticket2/opencms/no/buy/?page=1&edid=527C93B0-9340-497B-8776-6EDF58916407&sortorder=desc&column=price HTTP/1.1" 200 110103
193.70.81.116 - - [11/Feb/2025:00:35:45 +0100] "GET /ticket2/opencms/en/buy/?page=1&edid=C2472D62-5082-1F11-D8B7-FFCB03AF0060 HTTP/1.1" 200 106794
202.8.41.101 - - [11/Feb/2025:00:35:45 +0100] "GET /ticket2/opencms/system/modules/com.gridnine.opencms.ticketbrokerage.site/resources/css/ticketbrokerage.css HTTP/1.1" 200 39339
202.8.41.101 - - [11/Feb/2025:00:35:45 +0100] "GET /ticket2/opencms/system/modules/com.gridnine.opencms.ticketbrokerage.site/resources/css/jquery-ui.css HTTP/1.1" 200 33221
202.8.41.101 - - [11/Feb/2025:00:35:45 +0100] "GET /ticket2/opencms/system/modules/com.gridnine.opencms.ticketbrokerage.site/resources/css/standard.css HTTP/1.1" 200 73904
202.8.41.101 - - [11/Feb/2025:00:35:45 +0100] "GET /ticket2/opencms/system/modules/com.gridnine.opencms.ticketbrokerage.site/resources/css/calendar.css HTTP/1.1" 200 6871
202.8.41.101 - - [11/Feb/2025:00:35:45 +0100] "GET /ticket2/opencms/system/modules/com.gridnine.opencms.ticketbrokerage.site/resources/css/jquery.fancybox.css HTTP/1.1" 200 4939
202.8.41.101 - - [11/Feb/2025:00:35:45 +0100] "GET /ticket2/opencms/system/modules/com.gridnine.opencms.ticketbrokerage.site/resources/js/jquery/jquery-ui.js HTTP/1.1" 200 228088
202.8.41.101 - - [11/Feb/2025:00:35:45 +0100] "GET /ticket2/opencms/system/modules/com.gridnine.opencms.ticketbrokerage.site/resources/js/functions.js HTTP/1.1" 200 1583
202.8.41.101 - - [11/Feb/2025:00:35:45 +0100] "GET /ticket2/opencms/system/modules/com.gridnine.opencms.ticketbrokerage.site/resources/js/jquery/jquery.js HTTP/1.1" 200 93868
202.8.41.101 - - [11/Feb/2025:00:35:45 +0100] "GET /ticket2/opencms/system/modules/com.gridnine.opencms.ticketbrokerage.site/resources/js/calendar.js HTTP/1.1" 200 49229
202.8.41.101 - - [11/Feb/2025:00:35:45 +0100] "GET /ticket2/opencms/system/modules/com.gridnine.opencms.ticketbrokerage.site/resources/js/calendar-en.js HTTP/1.1" 200 3338
