77.102.48.163 - - [11/Feb/2025:00:29:35 +0100] "GET /ticket2/opencms/system/modules/com.gridnine.opencms.ticketbrokerage.site/resources/js/stickyfill.min.js HTTP/1.1" 200 5672
77.102.48.163 - - [11/Feb/2025:00:29:35 +0100] "GET /ticket2/opencms/system/modules/com.gridnine.opencms.ticketbrokerage.site/resources/js/standard.js HTTP/1.1" 200 3983
77.102.48.163 - - [11/Feb/2025:00:29:35 +0100] "GET /ticket2/opencms/system/modules/com.gridnine.opencms.ticketbrokerage.site/resources/js/jquery.placeholder.min.js HTTP/1.1" 200 1737
77.102.48.163 - - [11/Feb/2025:00:29:35 +0100] "GET /ticket2/opencms/system/modules/com.gridnine.opencms.ticketbrokerage.site/resources/js/common-ajax.js HTTP/1.1" 200 20175
77.102.48.163 - - [11/Feb/2025:00:29:35 +0100] "GET /ticket2/opencms/system/modules/com.gridnine.opencms.ticketbrokerage.site/resources/pics/logo-new.png HTTP/1.1" 200 13541
77.102.48.163 - - [11/Feb/2025:00:29:35 +0100] "GET /ticket2/opencms/img/insta.png HTTP/1.1" 200 3967
77.102.48.163 - - [11/Feb/2025:00:29:35 +0100] "GET /ticket2/opencms/system/modules/com.gridnine.opencms.ticketbrokerage.site/resources/pics/0.gif HTTP/1.1" 200 43
77.102.48.163 - - [11/Feb/2025:00:29:35 +0100] "GET /ticket2/opencms/venue/elland_road.png HTTP/1.1" 200 29636
77.102.48.163 - - [11/Feb/2025:00:29:35 +0100] "GET /ticket2/opencms/img/fb.png HTTP/1.1" 200 1269
77.102.48.163 - - [11/Feb/2025:00:29:35 +0100] "GET /ticket2/opencms/system/modules/com.gridnine.opencms.ticketbrokerage.site/resources/pics/ticket_info_button.png HTTP/1.1" 200 3820
77.102.48.163 - - [11/Feb/2025:00:29:35 +0100] "GET /ticket2/opencms/system/modules/com.gridnine.opencms.ticketbrokerage.site/resources/pics/two_man.png HTTP/1.1" 200 3407
77.102.48.163 - - [11/Feb/2025:00:29:35 +0100] "GET /ticket2/opencms/system/modules/com.gridnine.opencms.ticketbrokerage.site/resources/pics/footer-img.jpg HTTP/1.1" 200 67642
77.102.48.163 - - [11/Feb/2025:00:29:35 +0100] "GET /ticket2/opencms/img/check.png HTTP/1.1" 200 548
77.102.48.163 - - [11/Feb/2025:00:29:35 +0100] "GET /ticket2/opencms/en/ask-form.html HTTP/1.1" 200 3146
77.102.48.163 - - [11/Feb/2025:00:29:35 +0100] "GET /ticket2/opencms/img/mail.png HTTP/1.1" 200 403
77.102.48.163 - - [11/Feb/2025:00:29:35 +0100] "GET /ticket2/opencms/img/icons/globe-white.png HTTP/1.1" 200 947
52.167.144.173 - - [11/Feb/2025:00:29:35 +0100] "GET /ticket2/opencms/sr/buy?page=1&edid=E2E42C71-41A1-A7A0-A41D-889CE4CFD8EB HTTP/1.1" 200 107029
77.102.48.163 - - [11/Feb/2025:00:29:35 +0100] "GET /ticket2/opencms/img/chat.png HTTP/1.1" 200 416
77.102.48.163 - - [11/Feb/2025:00:29:35 +0100] "GET /ticket2/opencms/system/modules/com.gridnine.opencms.ticketbrokerage.site/resources/css/ticketbrokerage.css HTTP/1.1" 200 39339
77.102.48.163 - - [11/Feb/2025:00:29:35 +0100] "GET /ticket2/opencms/img/arrow.png HTTP/1.1" 200 753
77.102.48.163 - - [11/Feb/2025:00:29:35 +0100] "GET /ticket2/opencms/system/modules/com.gridnine.opencms.ticketbrokerage.site/resources/pics/arrow.gif HTTP/1.1" 200 344
77.102.48.163 - - [11/Feb/2025:00:29:35 +0100] "GET /ticket2/opencms/img/icons/en.png HTTP/1.1" 200 2415
77.102.48.163 - - [11/Feb/2025:00:29:36 +0100] "GET /ticket2/opencms/system/modules/com.gridnine.opencms.ticketbrokerage.site/resources/pics/form_marker.gif HTTP/1.1" 200 43
77.102.48.163 - - [11/Feb/2025:00:29:36 +0100] "GET /ticket2/opencms/system/modules/com.gridnine.opencms.ticketbrokerage.site/resources/pics/button1_left.gif HTTP/1.1" 200 232
77.102.48.163 - - [11/Feb/2025:00:29:36 +0100] "GET /ticket2/opencms/system/modules/com.gridnine.opencms.ticketbrokerage.site/resources/pics/button1_center.gif HTTP/1.1" 200 66
77.102.48.163 - - [11/Feb/2025:00:29:36 +0100] "GET /ticket2/opencms/system/modules/com.gridnine.opencms.ticketbrokerage.site/resources/pics/button1_right.gif HTTP/1.1" 200 232
77.102.48.163 - - [11/Feb/2025:00:29:36 +0100] "GET /ticket2/opencms/img/icons/fi.png HTTP/1.1" 200 1785
77.102.48.163 - - [11/Feb/2025:00:29:36 +0100] "GET /ticket2/opencms/img/icons/it.png HTTP/1.1" 200 2040
77.102.48.163 - - [11/Feb/2025:00:29:36 +0100] "GET /ticket2/opencms/img/icons/sq.png HTTP/1.1" 200 1619
202.8.41.201 - - [11/Feb/2025:00:29:36 +0100] "GET /ticket2/opencms/system/modules/com.gridnine.opencms.ticketbrokerage.site/resources/css/jquery-ui.css HTTP/1.1" 200 33221
77.102.48.163 - - [11/Feb/2025:00:29:36 +0100] "GET /ticket2/opencms/img/icons/be.png HTTP/1.1" 200 1663
77.102.48.163 - - [11/Feb/2025:00:29:36 +0100] "GET /ticket2/opencms/img/icons/bs.png HTTP/1.1" 200 1014
202.8.41.201 - - [11/Feb/2025:00:29:36 +0100] "GET /ticket2/opencms/system/modules/com.gridnine.opencms.ticketbrokerage.site/resources/css/jquery.fancybox.css HTTP/1.1" 200 4939
77.102.48.163 - - [11/Feb/2025:00:29:36 +0100] "GET /ticket2/opencms/img/icons/bg.png HTTP/1.1" 200 788
202.8.41.201 - - [11/Feb/2025:00:29:36 +0100] "GET /ticket2/opencms/system/modules/com.gridnine.opencms.ticketbrokerage.site/resources/css/calendar.css HTTP/1.1" 200 6871
77.102.48.163 - - [11/Feb/2025:00:29:36 +0100] "GET /ticket2/opencms/img/icons/hr.png HTTP/1.1" 200 2024
77.102.48.163 - - [11/Feb/2025:00:29:36 +0100] "GET /ticket2/opencms/img/icons/cs.png HTTP/1.1" 200 1883
202.8.41.201 - - [11/Feb/2025:00:29:36 +0100] "GET /ticket2/opencms/system/modules/com.gridnine.opencms.ticketbrokerage.site/resources/css/standard.css HTTP/1.1" 200 73904
77.102.48.163 - - [11/Feb/2025:00:29:36 +0100] "GET /ticket2/opencms/img/icons/et.png HTTP/1.1" 200 754
77.102.48.163 - - [11/Feb/2025:00:29:36 +0100] "GET /ticket2/opencms/img/icons/el.png HTTP/1.1" 200 1637
202.8.41.201 - - [11/Feb/2025:00:29:36 +0100] "GET /ticket2/opencms/system/modules/com.gridnine.opencms.ticketbrokerage.site/resources/css/ticketbrokerage.css HTTP/1.1" 200 39339
77.102.48.163 - - [11/Feb/2025:00:29:36 +0100] "GET /ticket2/opencms/img/icons/ka.png HTTP/1.1" 200 860
202.8.41.201 - - [11/Feb/2025:00:29:36 +0100] "GET /ticket2/opencms/system/modules/com.gridnine.opencms.ticketbrokerage.site/resources/js/jquery/jquery.js HTTP/1.1" 200 93868
202.8.41.201 - - [11/Feb/2025:00:29:37 +0100] "GET /ticket2/opencms/system/modules/com.gridnine.opencms.ticketbrokerage.site/resources/js/jquery/jquery-ui.js HTTP/1.1" 200 228088
202.8.41.201 - - [11/Feb/2025:00:29:37 +0100] "GET /ticket2/opencms/system/modules/com.gridnine.opencms.ticketbrokerage.site/resources/js/functions.js HTTP/1.1" 200 1583
192.99.15.34 - - [11/Feb/2025:00:29:37 +0100] "GET /ticket2/opencms/no/buy/?page=1&edid=B0342119-7DEE-A961-582D-4DB4FC7F38E6&sortorder=desc&column=section HTTP/1.1" 200 110088
77.102.48.163 - - [11/Feb/2025:00:29:37 +0100] "GET /ticket2/opencms/img/icons/hu.png HTTP/1.1" 200 733
202.8.41.201 - - [11/Feb/2025:00:29:37 +0100] "GET /ticket2/opencms/system/modules/com.gridnine.opencms.ticketbrokerage.site/resources/js/calendar.js HTTP/1.1" 200 49229
77.102.48.163 - - [11/Feb/2025:00:29:37 +0100] "GET /ticket2/opencms/img/icons/is.png HTTP/1.1" 200 1884
77.102.48.163 - - [11/Feb/2025:00:29:37 +0100] "GET /ticket2/opencms/img/icons/ga.png HTTP/1.1" 200 1759
202.8.41.201 - - [11/Feb/2025:00:29:37 +0100] "GET /ticket2/opencms/system/modules/com.gridnine.opencms.ticketbrokerage.site/resources/js/calendar-en.js HTTP/1.1" 200 3338
202.8.41.201 - - [11/Feb/2025:00:29:37 +0100] "GET /ticket2/opencms/system/modules/com.gridnine.opencms.ticketbrokerage.site/resources/js/calendar-setup.js HTTP/1.1" 200 4923
77.102.48.163 - - [11/Feb/2025:00:29:37 +0100] "GET /ticket2/opencms/img/icons/lv.png HTTP/1.1" 200 716
202.8.41.201 - - [11/Feb/2025:00:29:37 +0100] "GET /ticket2/opencms/system/modules/com.gridnine.opencms.ticketbrokerage.site/resources/js/jquery.fancybox.pack.js HTTP/1.1" 200 23187
77.102.48.163 - - [11/Feb/2025:00:29:37 +0100] "GET /ticket2/opencms/img/icons/lt.png HTTP/1.1" 200 733
202.8.41.201 - - [11/Feb/2025:00:29:37 +0100] "GET /ticket2/opencms/system/modules/com.gridnine.opencms.ticketbrokerage.site/resources/js/stickyfill.min.js HTTP/1.1" 200 5672
202.8.41.201 - - [11/Feb/2025:00:29:37 +0100] "GET /ticket2/opencms/system/modules/com.gridnine.opencms.ticketbrokerage.site/resources/js/standard.js HTTP/1.1" 200 3983
77.102.48.163 - - [11/Feb/2025:00:29:37 +0100] "GET /ticket2/opencms/img/icons/mt.png HTTP/1.1" 200 920
202.8.41.201 - - [11/Feb/2025:00:29:37 +0100] "GET /ticket2/opencms/system/modules/com.gridnine.opencms.ticketbrokerage.site/resources/js/jquery.placeholder.min.js HTTP/1.1" 200 1737
202.8.41.201 - - [11/Feb/2025:00:29:37 +0100] "GET /ticket2/opencms/system/modules/com.gridnine.opencms.ticketbrokerage.site/resources/js/common-ajax.js HTTP/1.1" 200 20175
77.102.48.163 - - [11/Feb/2025:00:29:37 +0100] "GET /ticket2/opencms/img/icons/mo.png HTTP/1.1" 200 1468
202.8.41.201 - - [11/Feb/2025:00:29:37 +0100] "GET /ticket2/opencms/nl/ask-form.html HTTP/1.1" 200 3015
77.102.48.163 - - [11/Feb/2025:00:29:37 +0100] "GET /ticket2/opencms/img/icons/ro.png HTTP/1.1" 200 1393
77.102.48.163 - - [11/Feb/2025:00:29:37 +0100] "GET /ticket2/opencms/img/icons/sr.png HTTP/1.1" 200 1602
202.8.41.201 - - [11/Feb/2025:00:29:37 +0100] "GET /ticket2/opencms/system/modules/com.gridnine.opencms.ticketbrokerage.site/resources/css/ticketbrokerage.css HTTP/1.1" 200 39339
77.102.48.163 - - [11/Feb/2025:00:29:37 +0100] "GET /ticket2/opencms/img/icons/sk.png HTTP/1.1" 200 1283
77.102.48.163 - - [11/Feb/2025:00:29:37 +0100] "GET /ticket2/opencms/img/icons/se.png HTTP/1.1" 200 1258
77.102.48.163 - - [11/Feb/2025:00:29:37 +0100] "GET /ticket2/opencms/img/icons/sl.png HTTP/1.1" 200 966
77.102.48.163 - - [11/Feb/2025:00:29:37 +0100] "GET /ticket2/opencms/img/icons/uk.png HTTP/1.1" 200 1272
77.102.48.163 - - [11/Feb/2025:00:29:37 +0100] "GET /ticket2/opencms/img/arrow-down.png HTTP/1.1" 200 192
77.102.48.163 - - [11/Feb/2025:00:29:37 +0100] "GET /ticket2/opencms/img/icons/dk.png HTTP/1.1" 200 1706
77.102.48.163 - - [11/Feb/2025:00:29:37 +0100] "GET /ticket2/opencms/img/icons/tr.png HTTP/1.1" 200 1636
77.102.48.163 - - [11/Feb/2025:00:29:38 +0100] "GET /ticket2/opencms/img/icons/fr.png HTTP/1.1" 200 1764
77.102.48.163 - - [11/Feb/2025:00:29:38 +0100] "GET /ticket2/opencms/img/icons/nl.png HTTP/1.1" 200 1255
77.102.48.163 - - [11/Feb/2025:00:29:38 +0100] "GET /ticket2/opencms/img/icons/de.png HTTP/1.1" 200 1124
77.102.48.163 - - [11/Feb/2025:00:29:39 +0100] "GET /ticket2/opencms/img/icons/es.png HTTP/1.1" 200 1005
77.102.48.163 - - [11/Feb/2025:00:29:39 +0100] "GET /ticket2/opencms/img/icons/az.png HTTP/1.1" 200 1445
77.102.48.163 - - [11/Feb/2025:00:29:39 +0100] "GET /ticket2/opencms/img/icons/pl.png HTTP/1.1" 200 1578
77.102.48.163 - - [11/Feb/2025:00:29:39 +0100] "GET /ticket2/opencms/img/icons/no.png HTTP/1.1" 200 1958
77.102.48.163 - - [11/Feb/2025:00:29:39 +0100] "GET /ticket2/opencms/system/modules/com.gridnine.opencms.ticketbrokerage.site/resources/js/standard.js HTTP/1.1" 200 3983
193.70.81.116 - - [11/Feb/2025:00:29:39 +0100] "GET /ticket2/opencms/en/buy/?page=1&edid=5ED2EB91-C7BF-DB4E-E8CC-C708B8706497 HTTP/1.1" 200 104720
54.36.148.156 - - [11/Feb/2025:00:29:39 +0100] "GET /ticket2/opencms/ka/buy?page=1&edid=AAD8B8EA-9AED-21A9-2967-40D5EB8A5581 HTTP/1.1" 200 111471
185.191.171.13 - - [11/Feb/2025:00:29:39 +0100] "GET /ticket2/opencms/az/magazine/article?title=manchester-united-bu-bohrani-nece-idare-etmelidir HTTP/1.1" 200 87120
213.180.203.120 - - [11/Feb/2025:00:29:39 +0100] "GET /ticket2/opencms/robots.txt HTTP/1.1" 200 773
202.8.40.125 - - [11/Feb/2025:00:29:40 +0100] "GET /ticket2/opencms/system/modules/com.gridnine.opencms.ticketbrokerage.site/resources/css/jquery.fancybox.css HTTP/1.1" 200 4939
202.8.40.125 - - [11/Feb/2025:00:29:40 +0100] "GET /ticket2/opencms/system/modules/com.gridnine.opencms.ticketbrokerage.site/resources/js/jquery/jquery.js HTTP/1.1" 200 93868
202.8.40.125 - - [11/Feb/2025:00:29:40 +0100] "GET /ticket2/opencms/system/modules/com.gridnine.opencms.ticketbrokerage.site/resources/css/calendar.css HTTP/1.1" 200 6871
202.8.40.125 - - [11/Feb/2025:00:29:40 +0100] "GET /ticket2/opencms/system/modules/com.gridnine.opencms.ticketbrokerage.site/resources/css/ticketbrokerage.css HTTP/1.1" 200 39339
202.8.40.125 - - [11/Feb/2025:00:29:40 +0100] "GET /ticket2/opencms/system/modules/com.gridnine.opencms.ticketbrokerage.site/resources/css/standard.css HTTP/1.1" 200 73904
202.8.40.125 - - [11/Feb/2025:00:29:40 +0100] "GET /ticket2/opencms/system/modules/com.gridnine.opencms.ticketbrokerage.site/resources/js/jquery/jquery-ui.js HTTP/1.1" 200 228088
202.8.40.125 - - [11/Feb/2025:00:29:40 +0100] "GET /ticket2/opencms/system/modules/com.gridnine.opencms.ticketbrokerage.site/resources/js/functions.js HTTP/1.1" 200 1583
202.8.40.125 - - [11/Feb/2025:00:29:40 +0100] "GET /ticket2/opencms/system/modules/com.gridnine.opencms.ticketbrokerage.site/resources/js/calendar-en.js HTTP/1.1" 200 3338
202.8.40.125 - - [11/Feb/2025:00:29:40 +0100] "GET /ticket2/opencms/system/modules/com.gridnine.opencms.ticketbrokerage.site/resources/js/calendar.js HTTP/1.1" 200 49229
202.8.40.125 - - [11/Feb/2025:00:29:40 +0100] "GET /ticket2/opencms/system/modules/com.gridnine.opencms.ticketbrokerage.site/resources/js/calendar-setup.js HTTP/1.1" 200 4923
213.180.203.155 - - [11/Feb/2025:00:29:40 +0100] "GET /ticket2/opencms/en/buy/?page=1&edid=F9D480C8-CC9A-5C4B-D090-F29D97AF622B HTTP/1.1" 200 108466
202.8.40.125 - - [11/Feb/2025:00:29:40 +0100] "GET /ticket2/opencms/system/modules/com.gridnine.opencms.ticketbrokerage.site/resources/js/stickyfill.min.js HTTP/1.1" 200 5672
202.8.40.125 - - [11/Feb/2025:00:29:40 +0100] "GET /ticket2/opencms/system/modules/com.gridnine.opencms.ticketbrokerage.site/resources/js/jquery.fancybox.pack.js HTTP/1.1" 200 23187
202.8.40.125 - - [11/Feb/2025:00:29:40 +0100] "GET /ticket2/opencms/system/modules/com.gridnine.opencms.ticketbrokerage.site/resources/js/standard.js HTTP/1.1" 200 3983
202.8.40.125 - - [11/Feb/2025:00:29:40 +0100] "GET /ticket2/opencms/system/modules/com.gridnine.opencms.ticketbrokerage.site/resources/js/jquery.placeholder.min.js HTTP/1.1" 200 1737
202.8.40.125 - - [11/Feb/2025:00:29:40 +0100] "GET /ticket2/opencms/ka/ask-form.html HTTP/1.1" 200 3156
202.8.40.125 - - [11/Feb/2025:00:29:40 +0100] "GET /ticket2/opencms/system/modules/com.gridnine.opencms.ticketbrokerage.site/resources/css/ticketbrokerage.css HTTP/1.1" 200 39339
54.36.148.208 - - [11/Feb/2025:00:29:41 +0100] "GET /ticket2/opencms/sk/buy/?page=1&edid=C00598F3-771F-F2DA-6AD6-13D480F47A05 HTTP/1.1" 200 106479
193.70.81.116 - - [11/Feb/2025:00:29:43 +0100] "GET /ticket2/opencms/en/buy/?page=1&edid=601F2318-7477-7FC8-2487-EFF4A82C960F HTTP/1.1" 200 104722
192.99.15.34 - - [11/Feb/2025:00:29:44 +0100] "GET /ticket2/opencms/no/buy/?page=1&edid=B0BF2090-DE5A-9E6F-DE35-9DF8CEDD4A19&sortorder=desc&column=price HTTP/1.1" 200 110096
193.70.81.116 - - [11/Feb/2025:00:29:46 +0100] "GET /ticket2/opencms/en/buy/?page=1&edid=605F0713-F5C5-5844-2344-BCDD5B5AC0EC HTTP/1.1" 200 120826
67.144.2.241 - - [11/Feb/2025:00:29:47 +0100] "GET /ticket2/opencms/sv/buy/?page=1&edid=5F7D26EB-71DB-0961-E784-027E5778CBCB HTTP/1.1" 200 109275
66.249.79.37 - - [11/Feb/2025:00:29:47 +0100] "GET /ticket2/opencms/fr/buy/?page=1&edid=BD5ED709-E550-ECCC-FE1D-2E85747011DF HTTP/1.1" 200 116746
54.36.149.68 - - [11/Feb/2025:00:29:49 +0100] "GET /ticket2/opencms/hu/buy/?page=1&edid=17C60B20-E0E7-E85A-0B9A-F8B1FEF30825 HTTP/1.1" 200 110130
192.99.15.34 - - [11/Feb/2025:00:29:49 +0100] "GET /ticket2/opencms/no/buy/?page=1&edid=B0BF2090-DE5A-9E6F-DE35-9DF8CEDD4A19&sortorder=desc&column=row HTTP/1.1" 200 110030
193.70.81.116 - - [11/Feb/2025:00:29:50 +0100] "GET /ticket2/opencms/en/buy/?page=1&edid=63B3C27F-3402-BA64-D032-5846FD6DB5B5 HTTP/1.1" 200 107772
54.36.149.87 - - [11/Feb/2025:00:29:51 +0100] "GET /ticket2/opencms/el/buy?page=1&edid=66A41D1B-B106-948F-4ECF-7F8A993B5B86 HTTP/1.1" 200 109646
202.8.41.106 - - [11/Feb/2025:00:29:52 +0100] "GET /ticket2/opencms/system/modules/com.gridnine.opencms.ticketbrokerage.site/resources/css/calendar.css HTTP/1.1" 200 6871
202.8.41.106 - - [11/Feb/2025:00:29:52 +0100] "GET /ticket2/opencms/system/modules/com.gridnine.opencms.ticketbrokerage.site/resources/css/standard.css HTTP/1.1" 200 73904
202.8.41.106 - - [11/Feb/2025:00:29:52 +0100] "GET /ticket2/opencms/system/modules/com.gridnine.opencms.ticketbrokerage.site/resources/css/jquery-ui.css HTTP/1.1" 200 33221
202.8.41.106 - - [11/Feb/2025:00:29:52 +0100] "GET /ticket2/opencms/system/modules/com.gridnine.opencms.ticketbrokerage.site/resources/css/ticketbrokerage.css HTTP/1.1" 200 39339
202.8.41.106 - - [11/Feb/2025:00:29:52 +0100] "GET /ticket2/opencms/system/modules/com.gridnine.opencms.ticketbrokerage.site/resources/css/jquery.fancybox.css HTTP/1.1" 200 4939
202.8.41.106 - - [11/Feb/2025:00:29:52 +0100] "GET /ticket2/opencms/system/modules/com.gridnine.opencms.ticketbrokerage.site/resources/js/jquery/jquery.js HTTP/1.1" 200 93868
202.8.41.106 - - [11/Feb/2025:00:29:52 +0100] "GET /ticket2/opencms/system/modules/com.gridnine.opencms.ticketbrokerage.site/resources/js/functions.js HTTP/1.1" 200 1583
202.8.41.106 - - [11/Feb/2025:00:29:52 +0100] "GET /ticket2/opencms/system/modules/com.gridnine.opencms.ticketbrokerage.site/resources/js/jquery/jquery-ui.js HTTP/1.1" 200 228088
202.8.41.106 - - [11/Feb/2025:00:29:52 +0100] "GET /ticket2/opencms/system/modules/com.gridnine.opencms.ticketbrokerage.site/resources/js/calendar.js HTTP/1.1" 200 49229
202.8.41.106 - - [11/Feb/2025:00:29:52 +0100] "GET /ticket2/opencms/system/modules/com.gridnine.opencms.ticketbrokerage.site/resources/js/calendar-en.js HTTP/1.1" 200 3338
202.8.41.106 - - [11/Feb/2025:00:29:52 +0100] "GET /ticket2/opencms/system/modules/com.gridnine.opencms.ticketbrokerage.site/resources/js/calendar-setup.js HTTP/1.1" 200 4923
202.8.41.106 - - [11/Feb/2025:00:29:52 +0100] "GET /ticket2/opencms/system/modules/com.gridnine.opencms.ticketbrokerage.site/resources/js/jquery.fancybox.pack.js HTTP/1.1" 200 23187
202.8.41.106 - - [11/Feb/2025:00:29:52 +0100] "GET /ticket2/opencms/system/modules/com.gridnine.opencms.ticketbrokerage.site/resources/js/stickyfill.min.js HTTP/1.1" 200 5672
202.8.41.106 - - [11/Feb/2025:00:29:52 +0100] "GET /ticket2/opencms/system/modules/com.gridnine.opencms.ticketbrokerage.site/resources/js/standard.js HTTP/1.1" 200 3983
202.8.41.106 - - [11/Feb/2025:00:29:52 +0100] "GET /ticket2/opencms/system/modules/com.gridnine.opencms.ticketbrokerage.site/resources/js/jquery.placeholder.min.js HTTP/1.1" 200 1737
202.8.41.106 - - [11/Feb/2025:00:29:53 +0100] "GET /ticket2/opencms/system/modules/com.gridnine.opencms.ticketbrokerage.site/resources/js/common-ajax.js HTTP/1.1" 200 20175
202.8.41.106 - - [11/Feb/2025:00:29:53 +0100] "GET /ticket2/opencms/el/ask-form.html HTTP/1.1" 200 3156
202.8.41.106 - - [11/Feb/2025:00:29:53 +0100] "GET /ticket2/opencms/system/modules/com.gridnine.opencms.ticketbrokerage.site/resources/css/ticketbrokerage.css HTTP/1.1" 200 39339
77.102.48.163 - - [11/Feb/2025:00:29:53 +0100] "GET /ticket2/opencms/set_aff_cookie.jsp?partner=53673ED6-1455-FA54-818F-B1F67121E37C&url=/en/buy/index.html%3Fpage%3D1%26edid%3D5F4B97F6-9B8A-0848-D630-5BFFEEB61AF7%26hlv%3D6693ad1c-a928-4ff9-b99b-07f70a01000f%23v731995702 HTTP/1.1" 200 224
77.102.48.163 - - [11/Feb/2025:00:29:54 +0100] "GET /ticket2/opencms/en/buy/?page=1&edid=5F4B97F6-9B8A-0848-D630-5BFFEEB61AF7&hlv=6693ad1c-a928-4ff9-b99b-07f70a01000f HTTP/1.1" 200 115273
54.36.149.94 - - [11/Feb/2025:00:29:54 +0100] "GET /ticket2/opencms/uk/buy/?page=1&edid=C00598F3-771F-F2DA-6AD6-13D480F47A05 HTTP/1.1" 200 108817
77.102.48.163 - - [11/Feb/2025:00:29:54 +0100] "GET /ticket2/opencms/system/modules/com.gridnine.opencms.ticketbrokerage.site/resources/js/calendar-en.js HTTP/1.1" 200 3338
77.102.48.163 - - [11/Feb/2025:00:29:54 +0100] "GET /ticket2/opencms/system/modules/com.gridnine.opencms.ticketbrokerage.site/resources/js/functions.js HTTP/1.1" 200 1583
193.70.81.116 - - [11/Feb/2025:00:29:54 +0100] "GET /ticket2/opencms/en/buy/?page=1&edid=63D25C1E-F945-3D8C-F981-1BC33FDCD607 HTTP/1.1" 200 113886
77.102.48.163 - - [11/Feb/2025:00:29:54 +0100] "GET /ticket2/opencms/system/modules/com.gridnine.opencms.ticketbrokerage.site/resources/js/standard.js HTTP/1.1" 200 3983
77.102.48.163 - - [11/Feb/2025:00:29:54 +0100] "GET /ticket2/opencms/system/modules/com.gridnine.opencms.ticketbrokerage.site/resources/css/standard.css HTTP/1.1" 200 73904
77.102.48.163 - - [11/Feb/2025:00:29:54 +0100] "GET /ticket2/opencms/system/modules/com.gridnine.opencms.ticketbrokerage.site/resources/js/calendar-setup.js HTTP/1.1" 200 4923
77.102.48.163 - - [11/Feb/2025:00:29:54 +0100] "GET /ticket2/opencms/system/modules/com.gridnine.opencms.ticketbrokerage.site/resources/css/calendar.css HTTP/1.1" 200 6871
77.102.48.163 - - [11/Feb/2025:00:29:54 +0100] "GET /ticket2/opencms/system/modules/com.gridnine.opencms.ticketbrokerage.site/resources/css/ticketbrokerage.css HTTP/1.1" 200 39339
77.102.48.163 - - [11/Feb/2025:00:29:54 +0100] "GET /ticket2/opencms/system/modules/com.gridnine.opencms.ticketbrokerage.site/resources/js/calendar.js HTTP/1.1" 200 49229
77.102.48.163 - - [11/Feb/2025:00:29:54 +0100] "GET /ticket2/opencms/en/ask-form.html HTTP/1.1" 200 3146
77.102.48.163 - - [11/Feb/2025:00:29:55 +0100] "GET /ticket2/opencms/system/modules/com.gridnine.opencms.ticketbrokerage.site/resources/css/ticketbrokerage.css HTTP/1.1" 200 39339
85.208.96.206 - - [11/Feb/2025:00:29:56 +0100] "GET /ticket2/opencms/sv/magazine/article?title=spelschema-for-premier-league-premier-league-fixtures-20242025 HTTP/1.1" 200 86891
192.99.15.34 - - [11/Feb/2025:00:29:57 +0100] "GET /ticket2/opencms/no/buy/?page=1&edid=B0BF2090-DE5A-9E6F-DE35-9DF8CEDD4A19&sortorder=desc&column=section HTTP/1.1" 200 110162
193.70.81.116 - - [11/Feb/2025:00:29:58 +0100] "GET /ticket2/opencms/en/buy/?page=1&edid=660EB9E2-5EAA-DCDE-B75E-74855AFB1F01 HTTP/1.1" 200 104707
67.144.2.241 - - [11/Feb/2025:00:29:58 +0100] "GET /ticket2/opencms/sv/buy/?page=1&edid=6F22E599-355A-2C2D-46C4-21CB2AEDA726 HTTP/1.1" 200 109196
54.36.148.107 - - [11/Feb/2025:00:29:58 +0100] "GET /ticket2/opencms/mt/buy?page=1&edid=50375D23-8B44-5172-3FB1-755B660EE76F HTTP/1.1" 200 112803
202.8.41.12 - - [11/Feb/2025:00:29:59 +0100] "GET /ticket2/opencms/system/modules/com.gridnine.opencms.ticketbrokerage.site/resources/css/jquery.fancybox.css HTTP/1.1" 200 4939
202.8.41.12 - - [11/Feb/2025:00:29:59 +0100] "GET /ticket2/opencms/system/modules/com.gridnine.opencms.ticketbrokerage.site/resources/css/calendar.css HTTP/1.1" 200 6871
202.8.41.12 - - [11/Feb/2025:00:29:59 +0100] "GET /ticket2/opencms/system/modules/com.gridnine.opencms.ticketbrokerage.site/resources/css/jquery-ui.css HTTP/1.1" 200 33221
202.8.41.12 - - [11/Feb/2025:00:29:59 +0100] "GET /ticket2/opencms/system/modules/com.gridnine.opencms.ticketbrokerage.site/resources/css/standard.css HTTP/1.1" 200 73904
202.8.41.12 - - [11/Feb/2025:00:29:59 +0100] "GET /ticket2/opencms/system/modules/com.gridnine.opencms.ticketbrokerage.site/resources/css/ticketbrokerage.css HTTP/1.1" 200 39339
202.8.41.12 - - [11/Feb/2025:00:29:59 +0100] "GET /ticket2/opencms/system/modules/com.gridnine.opencms.ticketbrokerage.site/resources/js/calendar.js HTTP/1.1" 200 49229
202.8.41.12 - - [11/Feb/2025:00:29:59 +0100] "GET /ticket2/opencms/system/modules/com.gridnine.opencms.ticketbrokerage.site/resources/js/calendar-en.js HTTP/1.1" 200 3338
202.8.41.12 - - [11/Feb/2025:00:29:59 +0100] "GET /ticket2/opencms/system/modules/com.gridnine.opencms.ticketbrokerage.site/resources/js/functions.js HTTP/1.1" 200 1583
202.8.41.12 - - [11/Feb/2025:00:29:59 +0100] "GET /ticket2/opencms/system/modules/com.gridnine.opencms.ticketbrokerage.site/resources/js/jquery/jquery.js HTTP/1.1" 200 93868
202.8.41.12 - - [11/Feb/2025:00:29:59 +0100] "GET /ticket2/opencms/system/modules/com.gridnine.opencms.ticketbrokerage.site/resources/js/calendar-setup.js HTTP/1.1" 200 4923
202.8.41.12 - - [11/Feb/2025:00:29:59 +0100] "GET /ticket2/opencms/system/modules/com.gridnine.opencms.ticketbrokerage.site/resources/js/jquery/jquery-ui.js HTTP/1.1" 200 228088
202.8.41.12 - - [11/Feb/2025:00:29:59 +0100] "GET /ticket2/opencms/system/modules/com.gridnine.opencms.ticketbrokerage.site/resources/js/stickyfill.min.js HTTP/1.1" 200 5672
202.8.41.12 - - [11/Feb/2025:00:29:59 +0100] "GET /ticket2/opencms/system/modules/com.gridnine.opencms.ticketbrokerage.site/resources/js/jquery.fancybox.pack.js HTTP/1.1" 200 23187
202.8.41.12 - - [11/Feb/2025:00:29:59 +0100] "GET /ticket2/opencms/system/modules/com.gridnine.opencms.ticketbrokerage.site/resources/js/standard.js HTTP/1.1" 200 3983
114.119.141.206 - - [11/Feb/2025:00:29:59 +0100] "GET /ticket2/opencms/es/buy/?page=1&edid=86016FCC-B629-DB25-1B97-EF7601F07523 HTTP/1.1" 200 106478
202.8.41.12 - - [11/Feb/2025:00:29:59 +0100] "GET /ticket2/opencms/system/modules/com.gridnine.opencms.ticketbrokerage.site/resources/js/jquery.placeholder.min.js HTTP/1.1" 200 1737
202.8.41.12 - - [11/Feb/2025:00:30:00 +0100] "GET /ticket2/opencms/system/modules/com.gridnine.opencms.ticketbrokerage.site/resources/js/common-ajax.js HTTP/1.1" 200 20175
202.8.41.12 - - [11/Feb/2025:00:30:00 +0100] "GET /ticket2/opencms/mt/ask-form.html HTTP/1.1" 200 3156
202.8.41.12 - - [11/Feb/2025:00:30:00 +0100] "GET /ticket2/opencms/system/modules/com.gridnine.opencms.ticketbrokerage.site/resources/css/ticketbrokerage.css HTTP/1.1" 200 39339
66.249.79.200 - - [11/Feb/2025:00:30:00 +0100] "GET /ticket2/opencms/be/buy/?page=1&edid=6713F743-CFE1-C987-288D-AC8AB79C37B8 HTTP/1.1" 200 118578
193.70.81.116 - - [11/Feb/2025:00:30:02 +0100] "GET /ticket2/opencms/en/buy/?page=1&edid=66FFE717-0C93-3F01-2AC8-8E7FC5F9BAB1 HTTP/1.1" 200 113926
85.208.96.193 - - [11/Feb/2025:00:30:02 +0100] "GET /ticket2/opencms/es/magazine/article?title=premier-league-las-transferencias-mas-interesantes-del-mercado-de-fichajes HTTP/1.1" 200 87010
192.99.15.34 - - [11/Feb/2025:00:30:04 +0100] "GET /ticket2/opencms/no/buy/?page=1&edid=B0FB7DA6-3842-5DC3-F94C-B4162BED870B&sortorder=desc&column=row HTTP/1.1" 200 110073
52.167.144.173 - - [11/Feb/2025:00:30:05 +0100] "GET /ticket2/opencms/pl/buy?page=1&edid=2FC0C730-CDF2-92B9-F11A-5B4B69410553 HTTP/1.1" 200 110610
185.191.171.14 - - [11/Feb/2025:00:30:05 +0100] "GET /ticket2/opencms/ro/sport/bilete-fotbal/champions-league/olympiacos HTTP/1.1" 200 90907
193.70.81.116 - - [11/Feb/2025:00:30:06 +0100] "GET /ticket2/opencms/en/buy/?page=1&edid=670DDB77-CAC3-4ADF-B3FC-CE012EDDA850 HTTP/1.1" 200 114168
52.167.144.203 - - [11/Feb/2025:00:30:08 +0100] "GET /ticket2/opencms/el/buy/?page=1&edid=0958DA87-37ED-7F94-D151-9C09820627D0 HTTP/1.1" 200 112654
67.144.2.241 - - [11/Feb/2025:00:30:09 +0100] "GET /ticket2/opencms/sv/buy/?page=1&edid=71863B82-B5BE-2F27-6F80-C518D7EE03F3 HTTP/1.1" 200 106062
192.99.15.34 - - [11/Feb/2025:00:30:09 +0100] "GET /ticket2/opencms/no/buy/?page=1&edid=B12EFA8D-4EC4-DDCD-8B91-E676E87E71DF&sortorder=desc&column=price HTTP/1.1" 200 109189
40.77.167.143 - - [11/Feb/2025:00:30:09 +0100] "GET /ticket2/opencms/mt/buy/?page=1&edid=2BD17866-8251-0592-7FAE-2D6F7A3C66CD HTTP/1.1" 200 106719
52.167.144.173 - - [11/Feb/2025:00:30:09 +0100] "GET /ticket2/opencms/ka/?page=6&comcatid=B41CCF2B-5558-7AEE-3602-09BBDE417D65 HTTP/1.1" 200 110520
193.70.81.116 - - [11/Feb/2025:00:30:10 +0100] "GET /ticket2/opencms/en/buy/?page=1&edid=6713F743-CFE1-C987-288D-AC8AB79C37B8 HTTP/1.1" 200 113963
193.70.81.116 - - [11/Feb/2025:00:30:14 +0100] "GET /ticket2/opencms/en/buy/?page=1&edid=696D5B95-E686-DB57-A55C-2EEBDCC864DE HTTP/1.1" 200 107720
192.99.15.34 - - [11/Feb/2025:00:30:16 +0100] "GET /ticket2/opencms/no/buy/?page=1&edid=B12EFA8D-4EC4-DDCD-8B91-E676E87E71DF&sortorder=desc&column=row HTTP/1.1" 200 109123
52.167.144.203 - - [11/Feb/2025:00:30:16 +0100] "GET /ticket2/opencms/no/buy?page=1&edid=2DEDC008-A8E2-8338-9113-89CEDCB5E81A HTTP/1.1" 200 109665
193.70.81.116 - - [11/Feb/2025:00:30:18 +0100] "GET /ticket2/opencms/en/buy/?page=1&edid=697BE447-74B7-A748-152F-A1818DA4BEC9 HTTP/1.1" 200 131203
192.99.15.34 - - [11/Feb/2025:00:30:18 +0100] "GET /ticket2/opencms/no/buy/?page=1&edid=B12EFA8D-4EC4-DDCD-8B91-E676E87E71DF&sortorder=desc&column=section HTTP/1.1" 200 109255
185.191.171.13 - - [11/Feb/2025:00:30:19 +0100] "GET /ticket2/opencms/dk/sport/fodboldbilletter/champions_league/real_madrid/ HTTP/1.1" 200 86164
67.144.2.241 - - [11/Feb/2025:00:30:19 +0100] "GET /ticket2/opencms/sv/buy/?page=1&edid=794DBA37-DDAB-5DF9-608F-4ACC69FFC90B HTTP/1.1" 200 109166
114.119.135.251 - - [11/Feb/2025:00:30:20 +0100] "GET /ticket2/opencms/en/venue/?venueid=F046937B-FFC0-00AC-D134-B33C39D677F6 HTTP/1.1" 200 83255
192.99.15.34 - - [11/Feb/2025:00:30:20 +0100] "GET /ticket2/opencms/no/buy/?page=1&edid=B2857EED-FEA3-B51D-2D8A-DA00E67D589B&sortorder=desc&column=price HTTP/1.1" 200 110101
193.70.81.116 - - [11/Feb/2025:00:30:21 +0100] "GET /ticket2/opencms/en/buy/?page=1&edid=69802F7E-2013-4656-113E-ECD53B17933B HTTP/1.1" 200 117809
47.128.29.236 - - [11/Feb/2025:00:30:22 +0100] "GET /ticket2/opencms/nl/buy?edid=82294719-A884-72E5-3D48-302FB79F968E HTTP/1.1" 200 87204
192.99.15.34 - - [11/Feb/2025:00:30:24 +0100] "GET /ticket2/opencms/no/buy/?page=1&edid=B2857EED-FEA3-B51D-2D8A-DA00E67D589B&sortorder=desc&column=row HTTP/1.1" 200 110035
54.36.149.72 - - [11/Feb/2025:00:30:25 +0100] "GET /ticket2/opencms/en/buy?page=1&edid=CC748805-AA77-5D07-7352-96CD97D4F5AC HTTP/1.1" 200 132970
193.70.81.116 - - [11/Feb/2025:00:30:25 +0100] "GET /ticket2/opencms/en/buy/?page=1&edid=6ABC64C2-B7BD-3F6D-DD46-2C8F1F69889E HTTP/1.1" 200 104703
192.99.15.34 - - [11/Feb/2025:00:30:26 +0100] "GET /ticket2/opencms/no/buy/?page=1&edid=B2857EED-FEA3-B51D-2D8A-DA00E67D589B&sortorder=desc&column=section HTTP/1.1" 200 110167
54.36.148.155 - - [11/Feb/2025:00:30:26 +0100] "GET /ticket2/opencms/es/buy/?page=1&edid=86A7D428-8E42-C0D0-846E-90C83426D4AE HTTP/1.1" 200 88170
66.249.93.227 - - [11/Feb/2025:00:30:26 +0100] "GET /ticket2/opencms/.well-known/traffic-advice HTTP/1.1" 404 -
40.77.167.136 - - [11/Feb/2025:00:30:27 +0100] "GET /ticket2/opencms/en/sell/?edid=ACE60170-3B81-6901-5B58-6E9A7D7EDB8D HTTP/1.1" 302 -
72.14.201.62 - - [11/Feb/2025:00:30:27 +0100] "GET /ticket2/opencms/es/magazine/article?title=villa-park-con-una-capacidad-de-mas-de-42000-espectadores HTTP/1.1" 200 87010
192.99.15.34 - - [11/Feb/2025:00:30:28 +0100] "GET /ticket2/opencms/no/buy/?page=1&edid=B2C09047-47EF-D3CC-C470-1A1DFD8204C6&sortorder=desc&column=price HTTP/1.1" 200 110300
47.128.22.140 - - [11/Feb/2025:00:30:28 +0100] "GET /ticket2/opencms/el/buy/?edid=9F8544B2-CF19-221B-478E-5476FF460535 HTTP/1.1" 200 90618
193.70.81.116 - - [11/Feb/2025:00:30:29 +0100] "GET /ticket2/opencms/en/buy/?page=1&edid=6B023766-ECB3-24CC-F992-263AD5C5EB2E HTTP/1.1" 200 107910
54.36.148.36 - - [11/Feb/2025:00:30:29 +0100] "GET /ticket2/opencms/lt/buy?page=1&edid=76EAECA7-64F4-2580-38CA-B14BCC95A1C5 HTTP/1.1" 200 116352
202.8.41.80 - - [11/Feb/2025:00:30:30 +0100] "GET /ticket2/opencms/system/modules/com.gridnine.opencms.ticketbrokerage.site/resources/css/ticketbrokerage.css HTTP/1.1" 200 39339
202.8.41.80 - - [11/Feb/2025:00:30:30 +0100] "GET /ticket2/opencms/system/modules/com.gridnine.opencms.ticketbrokerage.site/resources/css/calendar.css HTTP/1.1" 200 6871
202.8.41.80 - - [11/Feb/2025:00:30:31 +0100] "GET /ticket2/opencms/system/modules/com.gridnine.opencms.ticketbrokerage.site/resources/css/jquery-ui.css HTTP/1.1" 200 33221
202.8.41.80 - - [11/Feb/2025:00:30:31 +0100] "GET /ticket2/opencms/system/modules/com.gridnine.opencms.ticketbrokerage.site/resources/css/standard.css HTTP/1.1" 200 73904
202.8.41.80 - - [11/Feb/2025:00:30:31 +0100] "GET /ticket2/opencms/system/modules/com.gridnine.opencms.ticketbrokerage.site/resources/css/jquery.fancybox.css HTTP/1.1" 200 4939
202.8.41.80 - - [11/Feb/2025:00:30:31 +0100] "GET /ticket2/opencms/system/modules/com.gridnine.opencms.ticketbrokerage.site/resources/js/stickyfill.min.js HTTP/1.1" 200 5672
202.8.41.80 - - [11/Feb/2025:00:30:31 +0100] "GET /ticket2/opencms/system/modules/com.gridnine.opencms.ticketbrokerage.site/resources/js/jquery/jquery.js HTTP/1.1" 200 93868
202.8.41.80 - - [11/Feb/2025:00:30:31 +0100] "GET /ticket2/opencms/system/modules/com.gridnine.opencms.ticketbrokerage.site/resources/js/jquery/jquery-ui.js HTTP/1.1" 200 228088
202.8.41.80 - - [11/Feb/2025:00:30:31 +0100] "GET /ticket2/opencms/system/modules/com.gridnine.opencms.ticketbrokerage.site/resources/js/functions.js HTTP/1.1" 200 1583
202.8.41.80 - - [11/Feb/2025:00:30:31 +0100] "GET /ticket2/opencms/system/modules/com.gridnine.opencms.ticketbrokerage.site/resources/js/calendar-setup.js HTTP/1.1" 200 4923
202.8.41.80 - - [11/Feb/2025:00:30:31 +0100] "GET /ticket2/opencms/system/modules/com.gridnine.opencms.ticketbrokerage.site/resources/js/calendar-en.js HTTP/1.1" 200 3338
202.8.41.80 - - [11/Feb/2025:00:30:31 +0100] "GET /ticket2/opencms/system/modules/com.gridnine.opencms.ticketbrokerage.site/resources/js/calendar.js HTTP/1.1" 200 49229
202.8.41.80 - - [11/Feb/2025:00:30:31 +0100] "GET /ticket2/opencms/system/modules/com.gridnine.opencms.ticketbrokerage.site/resources/js/jquery.fancybox.pack.js HTTP/1.1" 200 23187
202.8.41.80 - - [11/Feb/2025:00:30:31 +0100] "GET /ticket2/opencms/system/modules/com.gridnine.opencms.ticketbrokerage.site/resources/js/standard.js HTTP/1.1" 200 3983
202.8.41.80 - - [11/Feb/2025:00:30:31 +0100] "GET /ticket2/opencms/system/modules/com.gridnine.opencms.ticketbrokerage.site/resources/js/jquery.placeholder.min.js HTTP/1.1" 200 1737
202.8.41.80 - - [11/Feb/2025:00:30:31 +0100] "GET /ticket2/opencms/system/modules/com.gridnine.opencms.ticketbrokerage.site/resources/js/common-ajax.js HTTP/1.1" 200 20175
202.8.41.80 - - [11/Feb/2025:00:30:31 +0100] "GET /ticket2/opencms/lt/ask-form.html HTTP/1.1" 200 3156
202.8.41.80 - - [11/Feb/2025:00:30:31 +0100] "GET /ticket2/opencms/system/modules/com.gridnine.opencms.ticketbrokerage.site/resources/css/ticketbrokerage.css HTTP/1.1" 200 39339
67.144.2.241 - - [11/Feb/2025:00:30:31 +0100] "GET /ticket2/opencms/sv/buy/?page=1&edid=7B504D02-B5C7-D424-ADB6-9952CF3EF9A0 HTTP/1.1" 200 109274
192.99.15.34 - - [11/Feb/2025:00:30:31 +0100] "GET /ticket2/opencms/no/buy/?page=1&edid=B2C09047-47EF-D3CC-C470-1A1DFD8204C6&sortorder=desc&column=row HTTP/1.1" 200 110234
193.70.81.116 - - [11/Feb/2025:00:30:33 +0100] "GET /ticket2/opencms/en/buy/?page=1&edid=6C1ED87B-DDA5-3BB2-3EDA-87860E37D5E0 HTTP/1.1" 200 113992
52.167.144.173 - - [11/Feb/2025:00:30:33 +0100] "GET /ticket2/opencms/et/buy?page=1&edid=94C5B0A9-45EC-824F-7DFB-E52A893ACA3D HTTP/1.1" 200 134056
192.99.15.34 - - [11/Feb/2025:00:30:34 +0100] "GET /ticket2/opencms/no/buy/?page=1&edid=B2C09047-47EF-D3CC-C470-1A1DFD8204C6&sortorder=desc&column=section HTTP/1.1" 200 110366
54.36.148.237 - - [11/Feb/2025:00:30:37 +0100] "GET /ticket2/opencms/pl/buy?page=1&edid=FB619D25-A569-B2D3-A138-064ED3A662B4 HTTP/1.1" 200 110279
192.99.15.34 - - [11/Feb/2025:00:30:37 +0100] "GET /ticket2/opencms/no/buy/?page=1&edid=B348577C-7A08-4586-2EDA-C313D1FA270E&sortorder=desc&column=price HTTP/1.1" 200 109187
193.70.81.116 - - [11/Feb/2025:00:30:37 +0100] "GET /ticket2/opencms/en/buy/?page=1&edid=6C967880-E08B-3121-25D0-F145A5542A49 HTTP/1.1" 200 123049
66.249.68.70 - - [11/Feb/2025:00:30:38 +0100] "GET /ticket2/opencms/fr/buy?page=1&edid=57C8D150-DCBD-4911-196A-160A37952FA8 HTTP/1.1" 200 133260
40.77.167.143 - - [11/Feb/2025:00:30:38 +0100] "GET /ticket2/opencms/pl/buy?page=1&edid=36b8587b-9bd4-1599-9368-e59f9780f9a9 HTTP/1.1" 200 8134
54.36.148.133 - - [11/Feb/2025:00:30:39 +0100] "GET /ticket2/opencms/ga/buy?page=1&edid=50375D23-8B44-5172-3FB1-755B660EE76F HTTP/1.1" 200 112886
202.8.42.40 - - [11/Feb/2025:00:30:40 +0100] "GET /ticket2/opencms/system/modules/com.gridnine.opencms.ticketbrokerage.site/resources/css/calendar.css HTTP/1.1" 200 6871
202.8.42.40 - - [11/Feb/2025:00:30:40 +0100] "GET /ticket2/opencms/system/modules/com.gridnine.opencms.ticketbrokerage.site/resources/css/ticketbrokerage.css HTTP/1.1" 200 39339
202.8.42.40 - - [11/Feb/2025:00:30:40 +0100] "GET /ticket2/opencms/system/modules/com.gridnine.opencms.ticketbrokerage.site/resources/css/jquery-ui.css HTTP/1.1" 200 33221
202.8.42.40 - - [11/Feb/2025:00:30:40 +0100] "GET /ticket2/opencms/system/modules/com.gridnine.opencms.ticketbrokerage.site/resources/css/standard.css HTTP/1.1" 200 73904
202.8.42.40 - - [11/Feb/2025:00:30:40 +0100] "GET /ticket2/opencms/system/modules/com.gridnine.opencms.ticketbrokerage.site/resources/css/jquery.fancybox.css HTTP/1.1" 200 4939
202.8.42.40 - - [11/Feb/2025:00:30:40 +0100] "GET /ticket2/opencms/system/modules/com.gridnine.opencms.ticketbrokerage.site/resources/js/calendar.js HTTP/1.1" 200 49229
202.8.42.40 - - [11/Feb/2025:00:30:40 +0100] "GET /ticket2/opencms/system/modules/com.gridnine.opencms.ticketbrokerage.site/resources/js/calendar-en.js HTTP/1.1" 200 3338
202.8.42.40 - - [11/Feb/2025:00:30:40 +0100] "GET /ticket2/opencms/system/modules/com.gridnine.opencms.ticketbrokerage.site/resources/js/jquery/jquery-ui.js HTTP/1.1" 200 228088
202.8.42.40 - - [11/Feb/2025:00:30:40 +0100] "GET /ticket2/opencms/system/modules/com.gridnine.opencms.ticketbrokerage.site/resources/js/functions.js HTTP/1.1" 200 1583
202.8.42.40 - - [11/Feb/2025:00:30:40 +0100] "GET /ticket2/opencms/system/modules/com.gridnine.opencms.ticketbrokerage.site/resources/js/calendar-setup.js HTTP/1.1" 200 4923
202.8.42.40 - - [11/Feb/2025:00:30:40 +0100] "GET /ticket2/opencms/system/modules/com.gridnine.opencms.ticketbrokerage.site/resources/js/jquery/jquery.js HTTP/1.1" 200 93868
202.8.42.40 - - [11/Feb/2025:00:30:40 +0100] "GET /ticket2/opencms/system/modules/com.gridnine.opencms.ticketbrokerage.site/resources/js/jquery.fancybox.pack.js HTTP/1.1" 200 23187
202.8.42.40 - - [11/Feb/2025:00:30:40 +0100] "GET /ticket2/opencms/system/modules/com.gridnine.opencms.ticketbrokerage.site/resources/js/stickyfill.min.js HTTP/1.1" 200 5672
202.8.42.40 - - [11/Feb/2025:00:30:40 +0100] "GET /ticket2/opencms/system/modules/com.gridnine.opencms.ticketbrokerage.site/resources/js/standard.js HTTP/1.1" 200 3983
202.8.42.40 - - [11/Feb/2025:00:30:40 +0100] "GET /ticket2/opencms/system/modules/com.gridnine.opencms.ticketbrokerage.site/resources/js/jquery.placeholder.min.js HTTP/1.1" 200 1737
192.99.15.34 - - [11/Feb/2025:00:30:40 +0100] "GET /ticket2/opencms/no/buy/?page=1&edid=B348577C-7A08-4586-2EDA-C313D1FA270E&sortorder=desc&column=row HTTP/1.1" 200 109121
202.8.42.40 - - [11/Feb/2025:00:30:40 +0100] "GET /ticket2/opencms/system/modules/com.gridnine.opencms.ticketbrokerage.site/resources/js/common-ajax.js HTTP/1.1" 200 20175
202.8.42.40 - - [11/Feb/2025:00:30:41 +0100] "GET /ticket2/opencms/ga/ask-form.html HTTP/1.1" 200 3156
202.8.42.40 - - [11/Feb/2025:00:30:41 +0100] "GET /ticket2/opencms/system/modules/com.gridnine.opencms.ticketbrokerage.site/resources/css/ticketbrokerage.css HTTP/1.1" 200 39339
72.14.201.123 - - [11/Feb/2025:00:30:41 +0100] "GET /ticket2/opencms/es/magazine/article?title=villa-park-con-una-capacidad-de-mas-de-42000-espectadores HTTP/1.1" 200 87010
193.70.81.116 - - [11/Feb/2025:00:30:41 +0100] "GET /ticket2/opencms/en/buy/?page=1&edid=6F379414-70C4-400F-51D2-AFD37C8F2BC7 HTTP/1.1" 200 131199
54.36.149.30 - - [11/Feb/2025:00:30:42 +0100] "GET /ticket2/opencms/fi/buy?page=1&edid=285C029F-0136-4458-3DAC-D4899E4F1B96 HTTP/1.1" 200 106228
67.144.2.241 - - [11/Feb/2025:00:30:42 +0100] "GET /ticket2/opencms/sv/buy/?page=1&edid=88DD86D7-21F8-3EA1-792E-F88512E73446 HTTP/1.1" 200 106050
202.8.41.135 - - [11/Feb/2025:00:30:43 +0100] "GET /ticket2/opencms/system/modules/com.gridnine.opencms.ticketbrokerage.site/resources/css/ticketbrokerage.css HTTP/1.1" 200 39339
202.8.41.135 - - [11/Feb/2025:00:30:43 +0100] "GET /ticket2/opencms/system/modules/com.gridnine.opencms.ticketbrokerage.site/resources/css/calendar.css HTTP/1.1" 200 6871
202.8.41.135 - - [11/Feb/2025:00:30:43 +0100] "GET /ticket2/opencms/system/modules/com.gridnine.opencms.ticketbrokerage.site/resources/css/jquery-ui.css HTTP/1.1" 200 33221
202.8.41.135 - - [11/Feb/2025:00:30:43 +0100] "GET /ticket2/opencms/system/modules/com.gridnine.opencms.ticketbrokerage.site/resources/css/standard.css HTTP/1.1" 200 73904
202.8.41.135 - - [11/Feb/2025:00:30:43 +0100] "GET /ticket2/opencms/system/modules/com.gridnine.opencms.ticketbrokerage.site/resources/css/jquery.fancybox.css HTTP/1.1" 200 4939
202.8.41.135 - - [11/Feb/2025:00:30:43 +0100] "GET /ticket2/opencms/system/modules/com.gridnine.opencms.ticketbrokerage.site/resources/js/jquery/jquery.js HTTP/1.1" 200 93868
202.8.41.135 - - [11/Feb/2025:00:30:43 +0100] "GET /ticket2/opencms/system/modules/com.gridnine.opencms.ticketbrokerage.site/resources/js/functions.js HTTP/1.1" 200 1583
202.8.41.135 - - [11/Feb/2025:00:30:43 +0100] "GET /ticket2/opencms/system/modules/com.gridnine.opencms.ticketbrokerage.site/resources/js/jquery/jquery-ui.js HTTP/1.1" 200 228088
202.8.41.135 - - [11/Feb/2025:00:30:43 +0100] "GET /ticket2/opencms/system/modules/com.gridnine.opencms.ticketbrokerage.site/resources/js/calendar.js HTTP/1.1" 200 49229
202.8.41.135 - - [11/Feb/2025:00:30:43 +0100] "GET /ticket2/opencms/system/modules/com.gridnine.opencms.ticketbrokerage.site/resources/js/calendar-en.js HTTP/1.1" 200 3338
202.8.41.135 - - [11/Feb/2025:00:30:43 +0100] "GET /ticket2/opencms/system/modules/com.gridnine.opencms.ticketbrokerage.site/resources/js/calendar-setup.js HTTP/1.1" 200 4923
202.8.41.135 - - [11/Feb/2025:00:30:43 +0100] "GET /ticket2/opencms/system/modules/com.gridnine.opencms.ticketbrokerage.site/resources/js/jquery.fancybox.pack.js HTTP/1.1" 200 23187
202.8.41.135 - - [11/Feb/2025:00:30:43 +0100] "GET /ticket2/opencms/system/modules/com.gridnine.opencms.ticketbrokerage.site/resources/js/standard.js HTTP/1.1" 200 3983
202.8.41.135 - - [11/Feb/2025:00:30:43 +0100] "GET /ticket2/opencms/system/modules/com.gridnine.opencms.ticketbrokerage.site/resources/js/stickyfill.min.js HTTP/1.1" 200 5672
192.99.15.34 - - [11/Feb/2025:00:30:43 +0100] "GET /ticket2/opencms/no/buy/?page=1&edid=B80C0CCB-23D4-7FF4-42F9-EDEE166252F4 HTTP/1.1" 200 108702
202.8.41.135 - - [11/Feb/2025:00:30:44 +0100] "GET /ticket2/opencms/system/modules/com.gridnine.opencms.ticketbrokerage.site/resources/js/jquery.placeholder.min.js HTTP/1.1" 200 1737
202.8.41.135 - - [11/Feb/2025:00:30:44 +0100] "GET /ticket2/opencms/system/modules/com.gridnine.opencms.ticketbrokerage.site/resources/js/common-ajax.js HTTP/1.1" 200 20175
202.8.41.135 - - [11/Feb/2025:00:30:44 +0100] "GET /ticket2/opencms/fi/ask-form.html HTTP/1.1" 200 3012
202.8.41.135 - - [11/Feb/2025:00:30:44 +0100] "GET /ticket2/opencms/system/modules/com.gridnine.opencms.ticketbrokerage.site/resources/css/ticketbrokerage.css HTTP/1.1" 200 39339
193.70.81.116 - - [11/Feb/2025:00:30:45 +0100] "GET /ticket2/opencms/en/buy/?page=1&edid=6FB1B961-213D-A498-EACB-FFF2ED7E731F HTTP/1.1" 200 107725
54.36.148.176 - - [11/Feb/2025:00:30:45 +0100] "GET /ticket2/opencms/fr/buy?page=1&edid=17260F4F-A849-5FCD-F08C-3E4A05EF4080 HTTP/1.1" 200 106171
192.99.15.34 - - [11/Feb/2025:00:30:46 +0100] "GET /ticket2/opencms/no/buy/?page=1&edid=C117AED7-EC39-A674-9EB2-6A08DB41E7C9&sortorder=asc&column=price HTTP/1.1" 200 109434
114.119.150.22 - - [11/Feb/2025:00:30:47 +0100] "GET /ticket2/opencms/en/venue/?venueid=2AFE6989-583A-A72A-83F2-90DEF8445DB9 HTTP/1.1" 200 83218
192.99.15.34 - - [11/Feb/2025:00:30:48 +0100] "GET /ticket2/opencms/no/buy/?page=1&edid=C255ADEF-7021-B11F-8DF7-85BD679EA134&sortorder=asc&column=row HTTP/1.1" 200 110005
193.70.81.116 - - [11/Feb/2025:00:30:49 +0100] "GET /ticket2/opencms/en/buy/?page=1&edid=7010A18C-5A4A-0E34-BEAB-2260102DF0D3 HTTP/1.1" 200 104723
54.36.148.16 - - [11/Feb/2025:00:30:51 +0100] "GET /ticket2/opencms/et/buy?page=1&edid=AAD8B8EA-9AED-21A9-2967-40D5EB8A5581 HTTP/1.1" 200 106350
192.99.15.34 - - [11/Feb/2025:00:30:51 +0100] "GET /ticket2/opencms/no/buy/?page=1&edid=C255ADEF-7021-B11F-8DF7-85BD679EA134&sortorder=asc&column=section HTTP/1.1" 200 110137
202.8.42.100 - - [11/Feb/2025:00:30:52 +0100] "GET /ticket2/opencms/system/modules/com.gridnine.opencms.ticketbrokerage.site/resources/css/jquery.fancybox.css HTTP/1.1" 200 4939
202.8.42.100 - - [11/Feb/2025:00:30:52 +0100] "GET /ticket2/opencms/system/modules/com.gridnine.opencms.ticketbrokerage.site/resources/css/standard.css HTTP/1.1" 200 73904
202.8.42.100 - - [11/Feb/2025:00:30:52 +0100] "GET /ticket2/opencms/system/modules/com.gridnine.opencms.ticketbrokerage.site/resources/css/jquery-ui.css HTTP/1.1" 200 33221
202.8.42.100 - - [11/Feb/2025:00:30:52 +0100] "GET /ticket2/opencms/system/modules/com.gridnine.opencms.ticketbrokerage.site/resources/css/ticketbrokerage.css HTTP/1.1" 200 39339
202.8.42.100 - - [11/Feb/2025:00:30:52 +0100] "GET /ticket2/opencms/system/modules/com.gridnine.opencms.ticketbrokerage.site/resources/css/calendar.css HTTP/1.1" 200 6871
202.8.42.100 - - [11/Feb/2025:00:30:52 +0100] "GET /ticket2/opencms/system/modules/com.gridnine.opencms.ticketbrokerage.site/resources/js/calendar-en.js HTTP/1.1" 200 3338
202.8.42.100 - - [11/Feb/2025:00:30:52 +0100] "GET /ticket2/opencms/system/modules/com.gridnine.opencms.ticketbrokerage.site/resources/js/calendar.js HTTP/1.1" 200 49229
202.8.42.100 - - [11/Feb/2025:00:30:52 +0100] "GET /ticket2/opencms/system/modules/com.gridnine.opencms.ticketbrokerage.site/resources/js/functions.js HTTP/1.1" 200 1583
202.8.42.100 - - [11/Feb/2025:00:30:52 +0100] "GET /ticket2/opencms/system/modules/com.gridnine.opencms.ticketbrokerage.site/resources/js/jquery/jquery-ui.js HTTP/1.1" 200 228088
202.8.42.100 - - [11/Feb/2025:00:30:52 +0100] "GET /ticket2/opencms/system/modules/com.gridnine.opencms.ticketbrokerage.site/resources/js/jquery/jquery.js HTTP/1.1" 200 93868
202.8.42.100 - - [11/Feb/2025:00:30:52 +0100] "GET /ticket2/opencms/system/modules/com.gridnine.opencms.ticketbrokerage.site/resources/js/calendar-setup.js HTTP/1.1" 200 4923
202.8.42.100 - - [11/Feb/2025:00:30:52 +0100] "GET /ticket2/opencms/system/modules/com.gridnine.opencms.ticketbrokerage.site/resources/js/jquery.fancybox.pack.js HTTP/1.1" 200 23187
202.8.42.100 - - [11/Feb/2025:00:30:52 +0100] "GET /ticket2/opencms/system/modules/com.gridnine.opencms.ticketbrokerage.site/resources/js/stickyfill.min.js HTTP/1.1" 200 5672
202.8.42.100 - - [11/Feb/2025:00:30:52 +0100] "GET /ticket2/opencms/system/modules/com.gridnine.opencms.ticketbrokerage.site/resources/js/standard.js HTTP/1.1" 200 3983
202.8.42.100 - - [11/Feb/2025:00:30:53 +0100] "GET /ticket2/opencms/system/modules/com.gridnine.opencms.ticketbrokerage.site/resources/js/jquery.placeholder.min.js HTTP/1.1" 200 1737
193.70.81.116 - - [11/Feb/2025:00:30:53 +0100] "GET /ticket2/opencms/en/buy/?page=1&edid=719E6B6D-707F-E825-E3AA-0E552980E1EB HTTP/1.1" 200 120025
202.8.42.100 - - [11/Feb/2025:00:30:53 +0100] "GET /ticket2/opencms/system/modules/com.gridnine.opencms.ticketbrokerage.site/resources/js/common-ajax.js HTTP/1.1" 200 20175
202.8.42.100 - - [11/Feb/2025:00:30:53 +0100] "GET /ticket2/opencms/et/ask-form.html HTTP/1.1" 200 3156
202.8.42.100 - - [11/Feb/2025:00:30:53 +0100] "GET /ticket2/opencms/system/modules/com.gridnine.opencms.ticketbrokerage.site/resources/css/ticketbrokerage.css HTTP/1.1" 200 39339
192.99.15.34 - - [11/Feb/2025:00:30:53 +0100] "GET /ticket2/opencms/no/buy/?page=1&edid=C2CD3885-D663-89B2-61C9-751DA9A6EAB2 HTTP/1.1" 200 109819
40.77.167.55 - - [11/Feb/2025:00:30:53 +0100] "GET /ticket2/opencms/no/buy/?page=1&edid=6F712A11-3182-D7CE-3351-1230EB25AAC4 HTTP/1.1" 200 108489
114.119.146.36 - - [11/Feb/2025:00:30:54 +0100] "GET /ticket2/opencms/en/venue/?venueid=0D8FB175-8FD4-BBC9-1FBC-8F0EBFF5E13C HTTP/1.1" 200 83222
192.99.15.34 - - [11/Feb/2025:00:30:56 +0100] "GET /ticket2/opencms/no/buy/?page=1&edid=C2EE943E-5DD4-98BC-DC23-683CAC14249D&sortorder=asc&column=row HTTP/1.1" 200 109130
54.36.148.170 - - [11/Feb/2025:00:30:56 +0100] "GET /ticket2/opencms/ka/buy?page=1&edid=76EAECA7-64F4-2580-38CA-B14BCC95A1C5 HTTP/1.1" 200 121555
193.70.81.116 - - [11/Feb/2025:00:30:57 +0100] "GET /ticket2/opencms/en/buy/?page=1&edid=71A5516F-6BB3-FB63-461B-A9493E3B32DA HTTP/1.1" 200 120025
202.8.43.178 - - [11/Feb/2025:00:30:57 +0100] "GET /ticket2/opencms/system/modules/com.gridnine.opencms.ticketbrokerage.site/resources/css/calendar.css HTTP/1.1" 200 6871
202.8.43.178 - - [11/Feb/2025:00:30:57 +0100] "GET /ticket2/opencms/system/modules/com.gridnine.opencms.ticketbrokerage.site/resources/css/jquery-ui.css HTTP/1.1" 200 33221
202.8.43.178 - - [11/Feb/2025:00:30:57 +0100] "GET /ticket2/opencms/system/modules/com.gridnine.opencms.ticketbrokerage.site/resources/css/ticketbrokerage.css HTTP/1.1" 200 39339
202.8.43.178 - - [11/Feb/2025:00:30:57 +0100] "GET /ticket2/opencms/system/modules/com.gridnine.opencms.ticketbrokerage.site/resources/css/standard.css HTTP/1.1" 200 73904
202.8.43.178 - - [11/Feb/2025:00:30:57 +0100] "GET /ticket2/opencms/system/modules/com.gridnine.opencms.ticketbrokerage.site/resources/css/jquery.fancybox.css HTTP/1.1" 200 4939
202.8.43.178 - - [11/Feb/2025:00:30:57 +0100] "GET /ticket2/opencms/system/modules/com.gridnine.opencms.ticketbrokerage.site/resources/js/jquery/jquery.js HTTP/1.1" 200 93868
202.8.43.178 - - [11/Feb/2025:00:30:57 +0100] "GET /ticket2/opencms/system/modules/com.gridnine.opencms.ticketbrokerage.site/resources/js/jquery/jquery-ui.js HTTP/1.1" 200 228088
202.8.43.178 - - [11/Feb/2025:00:30:57 +0100] "GET /ticket2/opencms/system/modules/com.gridnine.opencms.ticketbrokerage.site/resources/js/functions.js HTTP/1.1" 200 1583
202.8.43.178 - - [11/Feb/2025:00:30:57 +0100] "GET /ticket2/opencms/system/modules/com.gridnine.opencms.ticketbrokerage.site/resources/js/calendar.js HTTP/1.1" 200 49229
202.8.43.178 - - [11/Feb/2025:00:30:57 +0100] "GET /ticket2/opencms/system/modules/com.gridnine.opencms.ticketbrokerage.site/resources/js/calendar-en.js HTTP/1.1" 200 3338
202.8.43.178 - - [11/Feb/2025:00:30:57 +0100] "GET /ticket2/opencms/system/modules/com.gridnine.opencms.ticketbrokerage.site/resources/js/calendar-setup.js HTTP/1.1" 200 4923
