202.8.40.56 - - [11/Feb/2025:00:17:55 +0100] "GET /ticket2/opencms/system/modules/com.gridnine.opencms.ticketbrokerage.site/resources/css/ticketbrokerage.css HTTP/1.1" 200 39339
66.249.79.193 - - [11/Feb/2025:00:17:57 +0100] "GET /ticket2/opencms/fr/buy?page=1&edid=697BE447-74B7-A748-152F-A1818DA4BEC9 HTTP/1.1" 200 133175
54.36.148.45 - - [11/Feb/2025:00:17:57 +0100] "GET /ticket2/opencms/it/buy/?page=1&edid=9942E7A6-D2E0-98EB-EA20-D0FCC92E05D4 HTTP/1.1" 200 109825
193.70.81.116 - - [11/Feb/2025:00:17:58 +0100] "GET /ticket2/opencms/dk/buy/?page=1&edid=E53C8E7A-C1C8-80DF-ED27-96FEFF6B5147 HTTP/1.1" 200 131429
217.113.194.220 - - [11/Feb/2025:00:17:59 +0100] "GET /ticket2/opencms/ga/buy/?page=1&edid=7C16C78F-F9EE-B2A9-0C9E-990B916B48DD HTTP/1.1" 200 111102
192.99.15.34 - - [11/Feb/2025:00:18:03 +0100] "GET /ticket2/opencms/fi/buy/?page=1&edid=AC3A5604-E2CE-9BA5-6BA1-8C1B13B14585&sortorder=asc&column=price HTTP/1.1" 200 110421
193.70.81.116 - - [11/Feb/2025:00:18:04 +0100] "GET /ticket2/opencms/dk/buy/?page=1&edid=E5C71AA1-7B1A-D9BE-470B-940D9CED866E HTTP/1.1" 200 105132
54.36.148.126 - - [11/Feb/2025:00:18:06 +0100] "GET /ticket2/opencms/fi/buy/?page=1&edid=E66B1558-C5A6-CDDD-B7DD-6060381B0F38 HTTP/1.1" 200 119339
54.36.148.83 - - [11/Feb/2025:00:18:08 +0100] "GET /ticket2/opencms/ga/buy?page=1&edid=76EAECA7-64F4-2580-38CA-B14BCC95A1C5 HTTP/1.1" 200 116570
202.8.41.16 - - [11/Feb/2025:00:18:09 +0100] "GET /ticket2/opencms/system/modules/com.gridnine.opencms.ticketbrokerage.site/resources/css/jquery.fancybox.css HTTP/1.1" 200 4939
202.8.41.16 - - [11/Feb/2025:00:18:09 +0100] "GET /ticket2/opencms/system/modules/com.gridnine.opencms.ticketbrokerage.site/resources/css/calendar.css HTTP/1.1" 200 6871
202.8.41.16 - - [11/Feb/2025:00:18:09 +0100] "GET /ticket2/opencms/system/modules/com.gridnine.opencms.ticketbrokerage.site/resources/css/standard.css HTTP/1.1" 200 73904
202.8.41.16 - - [11/Feb/2025:00:18:09 +0100] "GET /ticket2/opencms/system/modules/com.gridnine.opencms.ticketbrokerage.site/resources/css/jquery-ui.css HTTP/1.1" 200 33221
202.8.41.16 - - [11/Feb/2025:00:18:09 +0100] "GET /ticket2/opencms/system/modules/com.gridnine.opencms.ticketbrokerage.site/resources/css/ticketbrokerage.css HTTP/1.1" 200 39339
202.8.41.16 - - [11/Feb/2025:00:18:09 +0100] "GET /ticket2/opencms/system/modules/com.gridnine.opencms.ticketbrokerage.site/resources/js/jquery/jquery.js HTTP/1.1" 200 93868
202.8.41.16 - - [11/Feb/2025:00:18:09 +0100] "GET /ticket2/opencms/system/modules/com.gridnine.opencms.ticketbrokerage.site/resources/js/jquery/jquery-ui.js HTTP/1.1" 200 228088
202.8.41.16 - - [11/Feb/2025:00:18:09 +0100] "GET /ticket2/opencms/system/modules/com.gridnine.opencms.ticketbrokerage.site/resources/js/calendar.js HTTP/1.1" 200 49229
202.8.41.16 - - [11/Feb/2025:00:18:09 +0100] "GET /ticket2/opencms/system/modules/com.gridnine.opencms.ticketbrokerage.site/resources/js/calendar-en.js HTTP/1.1" 200 3338
202.8.41.16 - - [11/Feb/2025:00:18:09 +0100] "GET /ticket2/opencms/system/modules/com.gridnine.opencms.ticketbrokerage.site/resources/js/functions.js HTTP/1.1" 200 1583
202.8.41.16 - - [11/Feb/2025:00:18:09 +0100] "GET /ticket2/opencms/system/modules/com.gridnine.opencms.ticketbrokerage.site/resources/js/calendar-setup.js HTTP/1.1" 200 4923
202.8.41.16 - - [11/Feb/2025:00:18:09 +0100] "GET /ticket2/opencms/system/modules/com.gridnine.opencms.ticketbrokerage.site/resources/js/jquery.fancybox.pack.js HTTP/1.1" 200 23187
202.8.41.16 - - [11/Feb/2025:00:18:09 +0100] "GET /ticket2/opencms/system/modules/com.gridnine.opencms.ticketbrokerage.site/resources/js/stickyfill.min.js HTTP/1.1" 200 5672
202.8.41.16 - - [11/Feb/2025:00:18:09 +0100] "GET /ticket2/opencms/system/modules/com.gridnine.opencms.ticketbrokerage.site/resources/js/standard.js HTTP/1.1" 200 3983
202.8.41.16 - - [11/Feb/2025:00:18:10 +0100] "GET /ticket2/opencms/system/modules/com.gridnine.opencms.ticketbrokerage.site/resources/js/jquery.placeholder.min.js HTTP/1.1" 200 1737
202.8.41.16 - - [11/Feb/2025:00:18:10 +0100] "GET /ticket2/opencms/system/modules/com.gridnine.opencms.ticketbrokerage.site/resources/js/common-ajax.js HTTP/1.1" 200 20175
202.8.41.16 - - [11/Feb/2025:00:18:10 +0100] "GET /ticket2/opencms/ga/ask-form.html HTTP/1.1" 200 3156
202.8.41.16 - - [11/Feb/2025:00:18:10 +0100] "GET /ticket2/opencms/system/modules/com.gridnine.opencms.ticketbrokerage.site/resources/css/ticketbrokerage.css HTTP/1.1" 200 39339
67.144.2.241 - - [11/Feb/2025:00:18:11 +0100] "GET /ticket2/opencms/no/buy/?page=1&edid=B5480FEC-C7FC-18FB-0EEB-9717E2722B5A HTTP/1.1" 200 109060
193.70.81.116 - - [11/Feb/2025:00:18:11 +0100] "GET /ticket2/opencms/dk/buy/?page=1&edid=E66B1558-C5A6-CDDD-B7DD-6060381B0F38 HTTP/1.1" 200 118251
54.36.148.119 - - [11/Feb/2025:00:18:11 +0100] "GET /ticket2/opencms/ga/buy/?page=1&edid=176C6667-42C1-1632-7378-F783D5B7C94D HTTP/1.1" 200 110493
217.113.194.215 - - [11/Feb/2025:00:18:12 +0100] "GET /ticket2/opencms/ga/buy/?page=1&edid=8EF7EC9D-9BC8-1DEC-C27C-0541D5C5F471 HTTP/1.1" 200 125722
47.128.31.34 - - [11/Feb/2025:00:18:13 +0100] "GET /ticket2/opencms/fi/magazine/article?title=la-liga-real-madrid-voittanut-eniten-mestaruuksia HTTP/1.1" 200 87011
54.36.148.132 - - [11/Feb/2025:00:18:15 +0100] "GET /ticket2/opencms/cs/buy?page=1&edid=B8A6965B-216E-27C8-9A3D-21241346030F HTTP/1.1" 200 112494
202.8.40.207 - - [11/Feb/2025:00:18:16 +0100] "GET /ticket2/opencms/system/modules/com.gridnine.opencms.ticketbrokerage.site/resources/css/jquery.fancybox.css HTTP/1.1" 200 4939
202.8.40.207 - - [11/Feb/2025:00:18:16 +0100] "GET /ticket2/opencms/system/modules/com.gridnine.opencms.ticketbrokerage.site/resources/css/calendar.css HTTP/1.1" 200 6871
202.8.40.207 - - [11/Feb/2025:00:18:16 +0100] "GET /ticket2/opencms/system/modules/com.gridnine.opencms.ticketbrokerage.site/resources/css/standard.css HTTP/1.1" 200 73904
202.8.40.207 - - [11/Feb/2025:00:18:16 +0100] "GET /ticket2/opencms/system/modules/com.gridnine.opencms.ticketbrokerage.site/resources/css/jquery-ui.css HTTP/1.1" 200 33221
202.8.40.207 - - [11/Feb/2025:00:18:16 +0100] "GET /ticket2/opencms/system/modules/com.gridnine.opencms.ticketbrokerage.site/resources/css/ticketbrokerage.css HTTP/1.1" 200 39339
202.8.40.207 - - [11/Feb/2025:00:18:16 +0100] "GET /ticket2/opencms/system/modules/com.gridnine.opencms.ticketbrokerage.site/resources/js/jquery/jquery-ui.js HTTP/1.1" 200 228088
202.8.40.207 - - [11/Feb/2025:00:18:16 +0100] "GET /ticket2/opencms/system/modules/com.gridnine.opencms.ticketbrokerage.site/resources/js/calendar.js HTTP/1.1" 200 49229
202.8.40.207 - - [11/Feb/2025:00:18:16 +0100] "GET /ticket2/opencms/system/modules/com.gridnine.opencms.ticketbrokerage.site/resources/js/jquery/jquery.js HTTP/1.1" 200 93868
202.8.40.207 - - [11/Feb/2025:00:18:16 +0100] "GET /ticket2/opencms/system/modules/com.gridnine.opencms.ticketbrokerage.site/resources/js/calendar-en.js HTTP/1.1" 200 3338
202.8.40.207 - - [11/Feb/2025:00:18:16 +0100] "GET /ticket2/opencms/system/modules/com.gridnine.opencms.ticketbrokerage.site/resources/js/functions.js HTTP/1.1" 200 1583
202.8.40.207 - - [11/Feb/2025:00:18:16 +0100] "GET /ticket2/opencms/system/modules/com.gridnine.opencms.ticketbrokerage.site/resources/js/calendar-setup.js HTTP/1.1" 200 4923
202.8.40.207 - - [11/Feb/2025:00:18:16 +0100] "GET /ticket2/opencms/system/modules/com.gridnine.opencms.ticketbrokerage.site/resources/js/jquery.fancybox.pack.js HTTP/1.1" 200 23187
202.8.40.207 - - [11/Feb/2025:00:18:16 +0100] "GET /ticket2/opencms/system/modules/com.gridnine.opencms.ticketbrokerage.site/resources/js/stickyfill.min.js HTTP/1.1" 200 5672
202.8.40.207 - - [11/Feb/2025:00:18:16 +0100] "GET /ticket2/opencms/system/modules/com.gridnine.opencms.ticketbrokerage.site/resources/js/standard.js HTTP/1.1" 200 3983
202.8.40.207 - - [11/Feb/2025:00:18:16 +0100] "GET /ticket2/opencms/system/modules/com.gridnine.opencms.ticketbrokerage.site/resources/js/jquery.placeholder.min.js HTTP/1.1" 200 1737
202.8.40.207 - - [11/Feb/2025:00:18:16 +0100] "GET /ticket2/opencms/system/modules/com.gridnine.opencms.ticketbrokerage.site/resources/js/common-ajax.js HTTP/1.1" 200 20175
202.8.40.207 - - [11/Feb/2025:00:18:16 +0100] "GET /ticket2/opencms/cs/ask-form.html HTTP/1.1" 200 3156
202.8.40.207 - - [11/Feb/2025:00:18:16 +0100] "GET /ticket2/opencms/system/modules/com.gridnine.opencms.ticketbrokerage.site/resources/css/ticketbrokerage.css HTTP/1.1" 200 39339
54.36.148.48 - - [11/Feb/2025:00:18:18 +0100] "GET /ticket2/opencms/sv/buy?page=1&edid=17260F4F-A849-5FCD-F08C-3E4A05EF4080 HTTP/1.1" 200 106068
193.70.81.116 - - [11/Feb/2025:00:18:18 +0100] "GET /ticket2/opencms/dk/buy/?page=1&edid=E6BF5AD1-BE0F-B988-8995-E2E5D8BDCA2A HTTP/1.1" 200 114607
66.249.68.70 - - [11/Feb/2025:00:18:19 +0100] "GET /ticket2/opencms/fr/buy/?page=1&edid=3396D07B-AC6D-141E-71F3-9DE65C0FEDF0 HTTP/1.1" 200 113134
192.99.15.34 - - [11/Feb/2025:00:18:19 +0100] "GET /ticket2/opencms/fi/buy/?page=1&edid=AC3A5604-E2CE-9BA5-6BA1-8C1B13B14585&sortorder=asc&column=row HTTP/1.1" 200 110355
40.77.167.36 - - [11/Feb/2025:00:18:21 +0100] "GET /ticket2/opencms/is/buy/?page=1&edid=9F0345A6-D15A-0100-D9B9-6EC7F0C4DCD6 HTTP/1.1" 200 108979
54.36.148.228 - - [11/Feb/2025:00:18:21 +0100] "GET /ticket2/opencms/sv/buy/?page=1&edid=C64002B7-B7A3-A646-1770-7E79C914EDA5 HTTP/1.1" 200 132707
40.77.167.36 - - [11/Feb/2025:00:18:22 +0100] "GET /ticket2/opencms/ru/buy/?comcatid=66708183-7480-3365-06BF-DBF60280AB45&catid=30D5812D-0858-4843-8F45-C38AE504153C HTTP/1.1" 200 94157
54.36.148.12 - - [11/Feb/2025:00:18:24 +0100] "GET /ticket2/opencms/be/buy/?page=1&edid=1C60B6C6-EC08-CBB2-DDAD-2D7ECA90977D HTTP/1.1" 200 108653
217.113.194.217 - - [11/Feb/2025:00:18:24 +0100] "GET /ticket2/opencms/ga/buy?page=1&edid=16DF4F89-CF63-B3A5-B46F-2FDA2C36FEB5 HTTP/1.1" 200 106862
67.144.2.241 - - [11/Feb/2025:00:18:25 +0100] "GET /ticket2/opencms/no/buy/?page=1&edid=B64E0F34-8F38-7972-6429-A3CAB0BC032F HTTP/1.1" 200 109143
193.70.81.116 - - [11/Feb/2025:00:18:27 +0100] "GET /ticket2/opencms/dk/buy/?page=1&edid=E86D89E6-4B76-0823-49E9-A4E0BE4014AF HTTP/1.1" 200 130617
192.99.15.34 - - [11/Feb/2025:00:18:32 +0100] "GET /ticket2/opencms/fi/buy/?page=1&edid=AEF9D808-4651-1974-9332-08CAD95ED83F&sortorder=desc&column=price HTTP/1.1" 200 109274
54.36.148.228 - - [11/Feb/2025:00:18:33 +0100] "GET /ticket2/opencms/pl/buy?page=1&edid=76EAECA7-64F4-2580-38CA-B14BCC95A1C5 HTTP/1.1" 200 116098
193.70.81.116 - - [11/Feb/2025:00:18:33 +0100] "GET /ticket2/opencms/dk/buy/?page=1&edid=E86F0F7D-1756-1185-7E08-E94436C5DD8E HTTP/1.1" 200 123596
54.36.148.121 - - [11/Feb/2025:00:18:34 +0100] "GET /ticket2/opencms/fi/buy?page=1&edid=160DAC9A-2A77-6FDC-52B8-296352B1ABF1 HTTP/1.1" 200 135094
202.8.41.76 - - [11/Feb/2025:00:18:34 +0100] "GET /ticket2/opencms/system/modules/com.gridnine.opencms.ticketbrokerage.site/resources/css/calendar.css HTTP/1.1" 200 6871
202.8.41.76 - - [11/Feb/2025:00:18:34 +0100] "GET /ticket2/opencms/system/modules/com.gridnine.opencms.ticketbrokerage.site/resources/css/jquery-ui.css HTTP/1.1" 200 33221
202.8.41.76 - - [11/Feb/2025:00:18:34 +0100] "GET /ticket2/opencms/system/modules/com.gridnine.opencms.ticketbrokerage.site/resources/css/standard.css HTTP/1.1" 200 73904
202.8.41.76 - - [11/Feb/2025:00:18:34 +0100] "GET /ticket2/opencms/system/modules/com.gridnine.opencms.ticketbrokerage.site/resources/js/jquery/jquery.js HTTP/1.1" 200 93868
202.8.41.76 - - [11/Feb/2025:00:18:34 +0100] "GET /ticket2/opencms/system/modules/com.gridnine.opencms.ticketbrokerage.site/resources/css/jquery.fancybox.css HTTP/1.1" 200 4939
202.8.41.76 - - [11/Feb/2025:00:18:34 +0100] "GET /ticket2/opencms/system/modules/com.gridnine.opencms.ticketbrokerage.site/resources/css/ticketbrokerage.css HTTP/1.1" 200 39339
202.8.41.76 - - [11/Feb/2025:00:18:34 +0100] "GET /ticket2/opencms/system/modules/com.gridnine.opencms.ticketbrokerage.site/resources/js/functions.js HTTP/1.1" 200 1583
202.8.41.76 - - [11/Feb/2025:00:18:34 +0100] "GET /ticket2/opencms/system/modules/com.gridnine.opencms.ticketbrokerage.site/resources/js/jquery/jquery-ui.js HTTP/1.1" 200 228088
202.8.41.76 - - [11/Feb/2025:00:18:34 +0100] "GET /ticket2/opencms/system/modules/com.gridnine.opencms.ticketbrokerage.site/resources/js/calendar.js HTTP/1.1" 200 49229
202.8.41.76 - - [11/Feb/2025:00:18:34 +0100] "GET /ticket2/opencms/system/modules/com.gridnine.opencms.ticketbrokerage.site/resources/js/calendar-en.js HTTP/1.1" 200 3338
202.8.41.76 - - [11/Feb/2025:00:18:34 +0100] "GET /ticket2/opencms/system/modules/com.gridnine.opencms.ticketbrokerage.site/resources/js/calendar-setup.js HTTP/1.1" 200 4923
202.8.41.76 - - [11/Feb/2025:00:18:35 +0100] "GET /ticket2/opencms/system/modules/com.gridnine.opencms.ticketbrokerage.site/resources/js/jquery.fancybox.pack.js HTTP/1.1" 200 23187
202.8.41.76 - - [11/Feb/2025:00:18:35 +0100] "GET /ticket2/opencms/system/modules/com.gridnine.opencms.ticketbrokerage.site/resources/js/stickyfill.min.js HTTP/1.1" 200 5672
202.8.41.76 - - [11/Feb/2025:00:18:35 +0100] "GET /ticket2/opencms/system/modules/com.gridnine.opencms.ticketbrokerage.site/resources/js/standard.js HTTP/1.1" 200 3983
202.8.41.76 - - [11/Feb/2025:00:18:35 +0100] "GET /ticket2/opencms/system/modules/com.gridnine.opencms.ticketbrokerage.site/resources/js/jquery.placeholder.min.js HTTP/1.1" 200 1737
202.8.41.76 - - [11/Feb/2025:00:18:35 +0100] "GET /ticket2/opencms/system/modules/com.gridnine.opencms.ticketbrokerage.site/resources/js/common-ajax.js HTTP/1.1" 200 20175
202.8.41.76 - - [11/Feb/2025:00:18:35 +0100] "GET /ticket2/opencms/pl/ask-form.html HTTP/1.1" 200 3156
202.8.41.76 - - [11/Feb/2025:00:18:35 +0100] "GET /ticket2/opencms/system/modules/com.gridnine.opencms.ticketbrokerage.site/resources/css/ticketbrokerage.css HTTP/1.1" 200 39339
67.144.2.241 - - [11/Feb/2025:00:18:35 +0100] "GET /ticket2/opencms/no/buy/?page=1&edid=B8A6965B-216E-27C8-9A3D-21241346030F HTTP/1.1" 200 112003
54.36.148.225 - - [11/Feb/2025:00:18:36 +0100] "GET /ticket2/opencms/hu/buy/?page=1&edid=B67E5215-A1E2-04F3-F239-662C2219156F HTTP/1.1" 200 106481
217.113.194.220 - - [11/Feb/2025:00:18:37 +0100] "GET /ticket2/opencms/ga/buy?page=1&edid=E8FB6514-EFD8-EB72-BE17-25BC8A0EBD80 HTTP/1.1" 200 110537
185.191.171.1 - - [11/Feb/2025:00:18:37 +0100] "GET /ticket2/opencms/tr/about/press HTTP/1.1" 200 86785
185.191.171.11 - - [11/Feb/2025:00:18:39 +0100] "GET /ticket2/opencms/mt/magazine/article?title=maximilian-ibrahimovic-jiffirma-ma-t-tieni-tim-ta-ac-milan HTTP/1.1" 200 87148
193.70.81.116 - - [11/Feb/2025:00:18:40 +0100] "GET /ticket2/opencms/dk/buy/?page=1&edid=E8BA54CC-B112-3D61-BE02-1B4D1E4F63D1 HTTP/1.1" 200 130516
54.36.148.202 - - [11/Feb/2025:00:18:42 +0100] "GET /ticket2/opencms/ga/buy/?page=1&edid=7E220B35-85A5-A2FD-5BA1-267E725AAC4D HTTP/1.1" 200 110504
54.36.149.103 - - [11/Feb/2025:00:18:42 +0100] "GET /ticket2/opencms/en/buy?page=1&edid=E1CACBEB-5FB5-F359-D95F-1110648BB53A HTTP/1.1" 200 132267
192.99.15.34 - - [11/Feb/2025:00:18:46 +0100] "GET /ticket2/opencms/fi/buy/?page=1&edid=BE3516C7-ADBD-11A4-9F00-23F9105F8FF3&sortorder=asc&column=section HTTP/1.1" 200 110438
54.36.148.190 - - [11/Feb/2025:00:18:46 +0100] "GET /ticket2/opencms/tr/buy?page=1&edid=7AB34CAD-A4AA-AF21-0381-DCC4282D2AA3 HTTP/1.1" 200 110298
52.167.144.170 - - [11/Feb/2025:00:18:47 +0100] "GET /ticket2/opencms/sv/buy/?page=1&edid=A613B971-014E-0A66-B74F-2B30F695BCED HTTP/1.1" 200 112057
193.70.81.116 - - [11/Feb/2025:00:18:47 +0100] "GET /ticket2/opencms/dk/buy/?page=1&edid=ED6B033E-FAAE-D3A6-3006-A43EA8437C62 HTTP/1.1" 200 113063
202.8.41.161 - - [11/Feb/2025:00:18:47 +0100] "GET /ticket2/opencms/system/modules/com.gridnine.opencms.ticketbrokerage.site/resources/css/jquery.fancybox.css HTTP/1.1" 200 4939
202.8.41.161 - - [11/Feb/2025:00:18:47 +0100] "GET /ticket2/opencms/system/modules/com.gridnine.opencms.ticketbrokerage.site/resources/css/ticketbrokerage.css HTTP/1.1" 200 39339
202.8.41.161 - - [11/Feb/2025:00:18:47 +0100] "GET /ticket2/opencms/system/modules/com.gridnine.opencms.ticketbrokerage.site/resources/css/standard.css HTTP/1.1" 200 73904
202.8.41.161 - - [11/Feb/2025:00:18:47 +0100] "GET /ticket2/opencms/system/modules/com.gridnine.opencms.ticketbrokerage.site/resources/css/calendar.css HTTP/1.1" 200 6871
202.8.41.161 - - [11/Feb/2025:00:18:47 +0100] "GET /ticket2/opencms/system/modules/com.gridnine.opencms.ticketbrokerage.site/resources/css/jquery-ui.css HTTP/1.1" 200 33221
202.8.41.161 - - [11/Feb/2025:00:18:47 +0100] "GET /ticket2/opencms/system/modules/com.gridnine.opencms.ticketbrokerage.site/resources/js/jquery/jquery.js HTTP/1.1" 200 93868
202.8.41.161 - - [11/Feb/2025:00:18:47 +0100] "GET /ticket2/opencms/system/modules/com.gridnine.opencms.ticketbrokerage.site/resources/js/jquery/jquery-ui.js HTTP/1.1" 200 228088
202.8.41.161 - - [11/Feb/2025:00:18:47 +0100] "GET /ticket2/opencms/system/modules/com.gridnine.opencms.ticketbrokerage.site/resources/js/functions.js HTTP/1.1" 200 1583
202.8.41.161 - - [11/Feb/2025:00:18:48 +0100] "GET /ticket2/opencms/system/modules/com.gridnine.opencms.ticketbrokerage.site/resources/js/calendar-en.js HTTP/1.1" 200 3338
202.8.41.161 - - [11/Feb/2025:00:18:48 +0100] "GET /ticket2/opencms/system/modules/com.gridnine.opencms.ticketbrokerage.site/resources/js/calendar.js HTTP/1.1" 200 49229
202.8.41.161 - - [11/Feb/2025:00:18:48 +0100] "GET /ticket2/opencms/system/modules/com.gridnine.opencms.ticketbrokerage.site/resources/js/calendar-setup.js HTTP/1.1" 200 4923
202.8.41.161 - - [11/Feb/2025:00:18:48 +0100] "GET /ticket2/opencms/system/modules/com.gridnine.opencms.ticketbrokerage.site/resources/js/jquery.fancybox.pack.js HTTP/1.1" 200 23187
202.8.41.161 - - [11/Feb/2025:00:18:48 +0100] "GET /ticket2/opencms/system/modules/com.gridnine.opencms.ticketbrokerage.site/resources/js/stickyfill.min.js HTTP/1.1" 200 5672
202.8.41.161 - - [11/Feb/2025:00:18:48 +0100] "GET /ticket2/opencms/system/modules/com.gridnine.opencms.ticketbrokerage.site/resources/js/standard.js HTTP/1.1" 200 3983
198.235.24.206 - - [11/Feb/2025:00:18:48 +0100] "GET / HTTP/1.1" 404 -
202.8.41.161 - - [11/Feb/2025:00:18:48 +0100] "GET /ticket2/opencms/system/modules/com.gridnine.opencms.ticketbrokerage.site/resources/js/jquery.placeholder.min.js HTTP/1.1" 200 1737
202.8.41.161 - - [11/Feb/2025:00:18:48 +0100] "GET /ticket2/opencms/system/modules/com.gridnine.opencms.ticketbrokerage.site/resources/js/common-ajax.js HTTP/1.1" 200 20175
202.8.41.161 - - [11/Feb/2025:00:18:48 +0100] "GET /ticket2/opencms/es/ask-form.html HTTP/1.1" 200 3156
202.8.41.161 - - [11/Feb/2025:00:18:48 +0100] "GET /ticket2/opencms/system/modules/com.gridnine.opencms.ticketbrokerage.site/resources/css/ticketbrokerage.css HTTP/1.1" 200 39339
66.249.68.5 - - [11/Feb/2025:00:18:49 +0100] "GET /ticket2/opencms/pl/buy/?page=1&edid=6F379414-70C4-400F-51D2-AFD37C8F2BC7 HTTP/1.1" 200 133375
217.113.194.215 - - [11/Feb/2025:00:18:50 +0100] "GET /ticket2/opencms/ga/buy?page=1&edid=ED12F6CE-A80E-35CB-38A4-6FFF7BEE81E3 HTTP/1.1" 200 106791
54.36.149.7 - - [11/Feb/2025:00:18:51 +0100] "GET /ticket2/opencms/mo/buy/?page=1&edid=E0AE80B3-D973-1C4A-1E4A-4F34E588C3A0 HTTP/1.1" 200 106644
67.144.2.241 - - [11/Feb/2025:00:18:52 +0100] "GET /ticket2/opencms/no/buy/?page=1&edid=B8EF6180-227A-800A-63E5-9809623FC791 HTTP/1.1" 200 124303
85.208.96.208 - - [11/Feb/2025:00:18:54 +0100] "GET /ticket2/opencms/robots.txt HTTP/1.1" 200 773
193.70.81.116 - - [11/Feb/2025:00:18:55 +0100] "GET /ticket2/opencms/dk/buy/?page=1&edid=EE9D378D-B608-D0C3-023E-19EA1CC71BB7 HTTP/1.1" 200 105150
185.191.171.6 - - [11/Feb/2025:00:18:55 +0100] "GET /ticket2/opencms/tr/magazine/article?title=maximilian-ibrahimovic-ac-milanin-ikinci-takimi-icin-imza-atiyor HTTP/1.1" 200 87003
54.36.148.133 - - [11/Feb/2025:00:18:55 +0100] "GET /ticket2/opencms/bs/buy?page=1&edid=AAD8B8EA-9AED-21A9-2967-40D5EB8A5581 HTTP/1.1" 200 106293
185.191.171.13 - - [11/Feb/2025:00:18:55 +0100] "GET /ticket2/opencms/lt/magazine/article?title=erlingas-brautas-halandas HTTP/1.1" 200 87043
52.167.144.202 - - [11/Feb/2025:00:18:56 +0100] "GET /ticket2/opencms/hr/buy/?page=6&comcatid=A17713B6-D984-201A-4143-ED4DB5ED5C2E&catid=2DE12DDA-A5FB-C1C6-CB20-FBF873FB032B HTTP/1.1" 200 101895
202.8.43.198 - - [11/Feb/2025:00:18:57 +0100] "GET /ticket2/opencms/system/modules/com.gridnine.opencms.ticketbrokerage.site/resources/css/ticketbrokerage.css HTTP/1.1" 200 39339
202.8.43.198 - - [11/Feb/2025:00:18:57 +0100] "GET /ticket2/opencms/system/modules/com.gridnine.opencms.ticketbrokerage.site/resources/css/calendar.css HTTP/1.1" 200 6871
202.8.43.198 - - [11/Feb/2025:00:18:57 +0100] "GET /ticket2/opencms/system/modules/com.gridnine.opencms.ticketbrokerage.site/resources/css/jquery.fancybox.css HTTP/1.1" 200 4939
202.8.43.198 - - [11/Feb/2025:00:18:57 +0100] "GET /ticket2/opencms/system/modules/com.gridnine.opencms.ticketbrokerage.site/resources/css/jquery-ui.css HTTP/1.1" 200 33221
202.8.43.198 - - [11/Feb/2025:00:18:57 +0100] "GET /ticket2/opencms/system/modules/com.gridnine.opencms.ticketbrokerage.site/resources/css/standard.css HTTP/1.1" 200 73904
202.8.43.198 - - [11/Feb/2025:00:18:57 +0100] "GET /ticket2/opencms/system/modules/com.gridnine.opencms.ticketbrokerage.site/resources/js/jquery/jquery.js HTTP/1.1" 200 93868
202.8.43.198 - - [11/Feb/2025:00:18:57 +0100] "GET /ticket2/opencms/system/modules/com.gridnine.opencms.ticketbrokerage.site/resources/js/functions.js HTTP/1.1" 200 1583
202.8.43.198 - - [11/Feb/2025:00:18:57 +0100] "GET /ticket2/opencms/system/modules/com.gridnine.opencms.ticketbrokerage.site/resources/js/jquery/jquery-ui.js HTTP/1.1" 200 228088
202.8.43.198 - - [11/Feb/2025:00:18:57 +0100] "GET /ticket2/opencms/system/modules/com.gridnine.opencms.ticketbrokerage.site/resources/js/calendar.js HTTP/1.1" 200 49229
202.8.43.198 - - [11/Feb/2025:00:18:57 +0100] "GET /ticket2/opencms/system/modules/com.gridnine.opencms.ticketbrokerage.site/resources/js/calendar-en.js HTTP/1.1" 200 3338
202.8.43.198 - - [11/Feb/2025:00:18:57 +0100] "GET /ticket2/opencms/system/modules/com.gridnine.opencms.ticketbrokerage.site/resources/js/calendar-setup.js HTTP/1.1" 200 4923
202.8.43.198 - - [11/Feb/2025:00:18:57 +0100] "GET /ticket2/opencms/system/modules/com.gridnine.opencms.ticketbrokerage.site/resources/js/jquery.fancybox.pack.js HTTP/1.1" 200 23187
202.8.43.198 - - [11/Feb/2025:00:18:57 +0100] "GET /ticket2/opencms/system/modules/com.gridnine.opencms.ticketbrokerage.site/resources/js/stickyfill.min.js HTTP/1.1" 200 5672
202.8.43.198 - - [11/Feb/2025:00:18:57 +0100] "GET /ticket2/opencms/system/modules/com.gridnine.opencms.ticketbrokerage.site/resources/js/standard.js HTTP/1.1" 200 3983
202.8.43.198 - - [11/Feb/2025:00:18:57 +0100] "GET /ticket2/opencms/system/modules/com.gridnine.opencms.ticketbrokerage.site/resources/js/jquery.placeholder.min.js HTTP/1.1" 200 1737
192.99.15.34 - - [11/Feb/2025:00:18:57 +0100] "GET /ticket2/opencms/fi/buy/?page=1&edid=BFF341E7-1CE6-7822-F687-FA8E7D8310D2&sortorder=asc&column=row HTTP/1.1" 200 109694
202.8.43.198 - - [11/Feb/2025:00:18:57 +0100] "GET /ticket2/opencms/system/modules/com.gridnine.opencms.ticketbrokerage.site/resources/js/common-ajax.js HTTP/1.1" 200 20175
202.8.43.198 - - [11/Feb/2025:00:18:57 +0100] "GET /ticket2/opencms/bs/ask-form.html HTTP/1.1" 200 3156
202.8.43.198 - - [11/Feb/2025:00:18:57 +0100] "GET /ticket2/opencms/system/modules/com.gridnine.opencms.ticketbrokerage.site/resources/css/ticketbrokerage.css HTTP/1.1" 200 39339
54.36.148.172 - - [11/Feb/2025:00:18:59 +0100] "GET /ticket2/opencms/mo/buy/?page=1&edid=9BBBC99D-9BE8-492C-BD4A-8B73CDBF11B6 HTTP/1.1" 200 106642
47.128.37.33 - - [11/Feb/2025:00:18:59 +0100] "GET /ticket2/opencms/ga/buy/?edid=AA657FC1-DA34-660D-A88E-88668BBDB2AC HTTP/1.1" 200 89480
154.54.249.216 - - [11/Feb/2025:00:19:02 +0100] "GET /ticket2/opencms/ga/buy?page=1&edid=F9C7BD9C-7E24-56A7-1BAD-6BADE15213CE HTTP/1.1" 200 110510
193.70.81.116 - - [11/Feb/2025:00:19:04 +0100] "GET /ticket2/opencms/dk/buy/?page=1&edid=F056D8D3-0A78-F8DD-AF89-486FA1EA1B58 HTTP/1.1" 200 114605
54.36.149.30 - - [11/Feb/2025:00:19:04 +0100] "GET /ticket2/opencms/pl/buy?page=1&edid=3583D5C7-607A-E528-A709-844E6A72DC1B HTTP/1.1" 200 141518
202.8.40.21 - - [11/Feb/2025:00:19:05 +0100] "GET /ticket2/opencms/system/modules/com.gridnine.opencms.ticketbrokerage.site/resources/css/ticketbrokerage.css HTTP/1.1" 200 39339
202.8.40.21 - - [11/Feb/2025:00:19:05 +0100] "GET /ticket2/opencms/system/modules/com.gridnine.opencms.ticketbrokerage.site/resources/css/jquery.fancybox.css HTTP/1.1" 200 4939
202.8.40.21 - - [11/Feb/2025:00:19:05 +0100] "GET /ticket2/opencms/system/modules/com.gridnine.opencms.ticketbrokerage.site/resources/css/jquery-ui.css HTTP/1.1" 200 33221
202.8.40.21 - - [11/Feb/2025:00:19:05 +0100] "GET /ticket2/opencms/system/modules/com.gridnine.opencms.ticketbrokerage.site/resources/css/calendar.css HTTP/1.1" 200 6871
202.8.40.21 - - [11/Feb/2025:00:19:05 +0100] "GET /ticket2/opencms/system/modules/com.gridnine.opencms.ticketbrokerage.site/resources/css/standard.css HTTP/1.1" 200 73904
202.8.40.21 - - [11/Feb/2025:00:19:05 +0100] "GET /ticket2/opencms/system/modules/com.gridnine.opencms.ticketbrokerage.site/resources/js/jquery/jquery-ui.js HTTP/1.1" 200 228088
202.8.40.21 - - [11/Feb/2025:00:19:05 +0100] "GET /ticket2/opencms/system/modules/com.gridnine.opencms.ticketbrokerage.site/resources/js/functions.js HTTP/1.1" 200 1583
202.8.40.21 - - [11/Feb/2025:00:19:05 +0100] "GET /ticket2/opencms/system/modules/com.gridnine.opencms.ticketbrokerage.site/resources/js/jquery/jquery.js HTTP/1.1" 200 93868
202.8.40.21 - - [11/Feb/2025:00:19:05 +0100] "GET /ticket2/opencms/system/modules/com.gridnine.opencms.ticketbrokerage.site/resources/js/calendar.js HTTP/1.1" 200 49229
202.8.40.21 - - [11/Feb/2025:00:19:05 +0100] "GET /ticket2/opencms/system/modules/com.gridnine.opencms.ticketbrokerage.site/resources/js/calendar-en.js HTTP/1.1" 200 3338
202.8.40.21 - - [11/Feb/2025:00:19:05 +0100] "GET /ticket2/opencms/system/modules/com.gridnine.opencms.ticketbrokerage.site/resources/js/calendar-setup.js HTTP/1.1" 200 4923
202.8.40.21 - - [11/Feb/2025:00:19:05 +0100] "GET /ticket2/opencms/system/modules/com.gridnine.opencms.ticketbrokerage.site/resources/js/jquery.fancybox.pack.js HTTP/1.1" 200 23187
202.8.40.21 - - [11/Feb/2025:00:19:05 +0100] "GET /ticket2/opencms/system/modules/com.gridnine.opencms.ticketbrokerage.site/resources/js/stickyfill.min.js HTTP/1.1" 200 5672
202.8.40.21 - - [11/Feb/2025:00:19:05 +0100] "GET /ticket2/opencms/system/modules/com.gridnine.opencms.ticketbrokerage.site/resources/js/standard.js HTTP/1.1" 200 3983
202.8.40.21 - - [11/Feb/2025:00:19:05 +0100] "GET /ticket2/opencms/system/modules/com.gridnine.opencms.ticketbrokerage.site/resources/js/jquery.placeholder.min.js HTTP/1.1" 200 1737
202.8.40.21 - - [11/Feb/2025:00:19:05 +0100] "GET /ticket2/opencms/system/modules/com.gridnine.opencms.ticketbrokerage.site/resources/js/common-ajax.js HTTP/1.1" 200 20175
202.8.40.21 - - [11/Feb/2025:00:19:05 +0100] "GET /ticket2/opencms/pl/ask-form.html HTTP/1.1" 200 3156
202.8.40.21 - - [11/Feb/2025:00:19:06 +0100] "GET /ticket2/opencms/system/modules/com.gridnine.opencms.ticketbrokerage.site/resources/css/ticketbrokerage.css HTTP/1.1" 200 39339
54.36.148.143 - - [11/Feb/2025:00:19:06 +0100] "GET /ticket2/opencms/is/buy/?page=1&edid=CA915B50-9092-CC2A-1D54-906B1D5B9927 HTTP/1.1" 200 106430
67.144.2.241 - - [11/Feb/2025:00:19:10 +0100] "GET /ticket2/opencms/no/buy/?page=1&edid=BB439D2C-76B4-AD0C-0FC4-79A0CD539AA0 HTTP/1.1" 200 131452
54.36.149.66 - - [11/Feb/2025:00:19:11 +0100] "GET /ticket2/opencms/is/buy/?page=1&edid=E0AE80B3-D973-1C4A-1E4A-4F34E588C3A0 HTTP/1.1" 200 106434
193.70.81.116 - - [11/Feb/2025:00:19:11 +0100] "GET /ticket2/opencms/dk/buy/?page=1&edid=F26F7624-B3C7-3F2B-5F3B-CAEEB7F1CB7F HTTP/1.1" 200 131212
192.99.15.34 - - [11/Feb/2025:00:19:12 +0100] "GET /ticket2/opencms/fi/login/?edid=8DE70B5D-0EED-4B8F-DCC0-5FFB51FC5504 HTTP/1.1" 200 89654
154.54.249.216 - - [11/Feb/2025:00:19:15 +0100] "GET /ticket2/opencms/ga/buy?page=1&edid=B9A56D83-AD94-045F-A8C5-86B02F52A7C5 HTTP/1.1" 200 110533
192.99.15.34 - - [11/Feb/2025:00:19:17 +0100] "GET /ticket2/opencms/no/buy/?page=1&edid=060C0EE9-3660-B6E5-7141-2D93961E8D86&sortorder=desc&column=section HTTP/1.1" 200 107027
66.249.68.6 - - [11/Feb/2025:00:19:17 +0100] "GET /ticket2/opencms/fr/buy?page=1&edid=FD52398C-F7D7-F542-DD8C-96DBE2E8DDC3 HTTP/1.1" 200 120893
54.36.148.32 - - [11/Feb/2025:00:19:18 +0100] "GET /ticket2/opencms/fr/buy?page=1&edid=AAD8B8EA-9AED-21A9-2967-40D5EB8A5581 HTTP/1.1" 200 106156
193.70.81.116 - - [11/Feb/2025:00:19:18 +0100] "GET /ticket2/opencms/dk/buy/?page=1&edid=F2971CC3-8714-3DC4-0355-85018375B4CB HTTP/1.1" 200 107301
202.8.43.189 - - [11/Feb/2025:00:19:19 +0100] "GET /ticket2/opencms/system/modules/com.gridnine.opencms.ticketbrokerage.site/resources/css/jquery-ui.css HTTP/1.1" 200 33221
202.8.43.189 - - [11/Feb/2025:00:19:19 +0100] "GET /ticket2/opencms/system/modules/com.gridnine.opencms.ticketbrokerage.site/resources/css/ticketbrokerage.css HTTP/1.1" 200 39339
202.8.43.189 - - [11/Feb/2025:00:19:19 +0100] "GET /ticket2/opencms/system/modules/com.gridnine.opencms.ticketbrokerage.site/resources/css/calendar.css HTTP/1.1" 200 6871
202.8.43.189 - - [11/Feb/2025:00:19:19 +0100] "GET /ticket2/opencms/system/modules/com.gridnine.opencms.ticketbrokerage.site/resources/css/standard.css HTTP/1.1" 200 73904
202.8.43.189 - - [11/Feb/2025:00:19:19 +0100] "GET /ticket2/opencms/system/modules/com.gridnine.opencms.ticketbrokerage.site/resources/css/jquery.fancybox.css HTTP/1.1" 200 4939
202.8.43.189 - - [11/Feb/2025:00:19:19 +0100] "GET /ticket2/opencms/system/modules/com.gridnine.opencms.ticketbrokerage.site/resources/js/jquery/jquery.js HTTP/1.1" 200 93868
202.8.43.189 - - [11/Feb/2025:00:19:19 +0100] "GET /ticket2/opencms/system/modules/com.gridnine.opencms.ticketbrokerage.site/resources/js/functions.js HTTP/1.1" 200 1583
202.8.43.189 - - [11/Feb/2025:00:19:19 +0100] "GET /ticket2/opencms/system/modules/com.gridnine.opencms.ticketbrokerage.site/resources/js/jquery/jquery-ui.js HTTP/1.1" 200 228088
202.8.43.189 - - [11/Feb/2025:00:19:19 +0100] "GET /ticket2/opencms/system/modules/com.gridnine.opencms.ticketbrokerage.site/resources/js/calendar-en.js HTTP/1.1" 200 3338
202.8.43.189 - - [11/Feb/2025:00:19:19 +0100] "GET /ticket2/opencms/system/modules/com.gridnine.opencms.ticketbrokerage.site/resources/js/calendar.js HTTP/1.1" 200 49229
202.8.43.189 - - [11/Feb/2025:00:19:19 +0100] "GET /ticket2/opencms/system/modules/com.gridnine.opencms.ticketbrokerage.site/resources/js/calendar-setup.js HTTP/1.1" 200 4923
202.8.43.189 - - [11/Feb/2025:00:19:19 +0100] "GET /ticket2/opencms/system/modules/com.gridnine.opencms.ticketbrokerage.site/resources/js/jquery.fancybox.pack.js HTTP/1.1" 200 23187
202.8.43.189 - - [11/Feb/2025:00:19:19 +0100] "GET /ticket2/opencms/system/modules/com.gridnine.opencms.ticketbrokerage.site/resources/js/stickyfill.min.js HTTP/1.1" 200 5672
202.8.43.189 - - [11/Feb/2025:00:19:19 +0100] "GET /ticket2/opencms/system/modules/com.gridnine.opencms.ticketbrokerage.site/resources/js/standard.js HTTP/1.1" 200 3983
202.8.43.189 - - [11/Feb/2025:00:19:19 +0100] "GET /ticket2/opencms/system/modules/com.gridnine.opencms.ticketbrokerage.site/resources/js/jquery.placeholder.min.js HTTP/1.1" 200 1737
202.8.43.189 - - [11/Feb/2025:00:19:19 +0100] "GET /ticket2/opencms/system/modules/com.gridnine.opencms.ticketbrokerage.site/resources/js/common-ajax.js HTTP/1.1" 200 20175
202.8.43.189 - - [11/Feb/2025:00:19:19 +0100] "GET /ticket2/opencms/fr/ask-form.html HTTP/1.1" 200 3156
202.8.43.189 - - [11/Feb/2025:00:19:19 +0100] "GET /ticket2/opencms/system/modules/com.gridnine.opencms.ticketbrokerage.site/resources/css/ticketbrokerage.css HTTP/1.1" 200 39339
192.99.15.34 - - [11/Feb/2025:00:19:20 +0100] "GET /ticket2/opencms/no/buy/?page=1&edid=0710F442-BF1F-3B9D-DE18-E35B12BA53D0 HTTP/1.1" 200 105945
54.36.149.17 - - [11/Feb/2025:00:19:22 +0100] "GET /ticket2/opencms/fi/buy?page=1&edid=41CD7066-237A-B852-387D-3D5D7B688DF9 HTTP/1.1" 200 132990
54.36.148.246 - - [11/Feb/2025:00:19:23 +0100] "GET /ticket2/opencms/es/buy?page=1&edid=4A20FC8C-AAFC-FDF0-B2AF-D242A54B9394 HTTP/1.1" 200 110161
67.144.2.241 - - [11/Feb/2025:00:19:25 +0100] "GET /ticket2/opencms/no/buy/?page=1&edid=BBF51855-649C-7AAC-A9CD-362F8BD9BD25 HTTP/1.1" 200 109060
193.70.81.116 - - [11/Feb/2025:00:19:25 +0100] "GET /ticket2/opencms/dk/buy/?page=1&edid=F2BB5427-1D4A-AECD-9787-90D94712CD18 HTTP/1.1" 200 131217
154.54.249.216 - - [11/Feb/2025:00:19:28 +0100] "GET /ticket2/opencms/ga/buy?page=1&edid=C8A7B8D3-F9BD-EC09-E9E0-179F67925EF2 HTTP/1.1" 200 110521
54.36.148.15 - - [11/Feb/2025:00:19:28 +0100] "GET /ticket2/opencms/fi/buy/?page=1&edid=8EDDEFFC-C774-BA86-C4CF-809A20DBCDCB HTTP/1.1" 200 119347
114.119.129.189 - - [11/Feb/2025:00:19:31 +0100] "GET /ticket2/opencms/es/buy/?page=1&edid=9A8891BD-C3B9-2FD5-1633-7AEF0F073762 HTTP/1.1" 200 133481
192.99.15.34 - - [11/Feb/2025:00:19:32 +0100] "GET /ticket2/opencms/no/buy/?page=1&edid=0710F442-BF1F-3B9D-DE18-E35B12BA53D0&sortorder=desc&column=section HTTP/1.1" 200 106970
193.70.81.116 - - [11/Feb/2025:00:19:32 +0100] "GET /ticket2/opencms/dk/buy/?page=1&edid=F56E127D-A378-06F4-84E7-3510C0A2494A HTTP/1.1" 200 105094
54.36.149.43 - - [11/Feb/2025:00:19:33 +0100] "GET /ticket2/opencms/pl/buy/?page=1&edid=D814CF62-738F-086E-5F89-CA83500DBA7B HTTP/1.1" 200 109876
47.128.50.0 - - [11/Feb/2025:00:19:35 +0100] "GET /ticket2/opencms/dk/buy/?edid=8D24B546-C583-0AE0-A1BF-4A34E2FE9CC5 HTTP/1.1" 200 88197
67.144.2.241 - - [11/Feb/2025:00:19:36 +0100] "GET /ticket2/opencms/no/buy/?page=1&edid=C3C2958F-64DF-91F9-F3D9-8F3CEBC7A797 HTTP/1.1" 200 115157
54.36.148.6 - - [11/Feb/2025:00:19:37 +0100] "GET /ticket2/opencms/el/buy?page=1&edid=50375D23-8B44-5172-3FB1-755B660EE76F HTTP/1.1" 200 115735
202.8.40.26 - - [11/Feb/2025:00:19:38 +0100] "GET /ticket2/opencms/system/modules/com.gridnine.opencms.ticketbrokerage.site/resources/css/standard.css HTTP/1.1" 200 73904
202.8.40.26 - - [11/Feb/2025:00:19:38 +0100] "GET /ticket2/opencms/system/modules/com.gridnine.opencms.ticketbrokerage.site/resources/css/jquery.fancybox.css HTTP/1.1" 200 4939
202.8.40.26 - - [11/Feb/2025:00:19:38 +0100] "GET /ticket2/opencms/system/modules/com.gridnine.opencms.ticketbrokerage.site/resources/css/calendar.css HTTP/1.1" 200 6871
202.8.40.26 - - [11/Feb/2025:00:19:38 +0100] "GET /ticket2/opencms/system/modules/com.gridnine.opencms.ticketbrokerage.site/resources/css/ticketbrokerage.css HTTP/1.1" 200 39339
193.70.81.116 - - [11/Feb/2025:00:19:38 +0100] "GET /ticket2/opencms/dk/buy/?page=1&edid=F6626DB9-CF49-C060-B5A0-E4907286C489 HTTP/1.1" 200 105133
202.8.40.26 - - [11/Feb/2025:00:19:38 +0100] "GET /ticket2/opencms/system/modules/com.gridnine.opencms.ticketbrokerage.site/resources/css/jquery-ui.css HTTP/1.1" 200 33221
202.8.40.26 - - [11/Feb/2025:00:19:38 +0100] "GET /ticket2/opencms/system/modules/com.gridnine.opencms.ticketbrokerage.site/resources/js/jquery/jquery.js HTTP/1.1" 200 93868
202.8.40.26 - - [11/Feb/2025:00:19:38 +0100] "GET /ticket2/opencms/system/modules/com.gridnine.opencms.ticketbrokerage.site/resources/js/jquery/jquery-ui.js HTTP/1.1" 200 228088
202.8.40.26 - - [11/Feb/2025:00:19:38 +0100] "GET /ticket2/opencms/system/modules/com.gridnine.opencms.ticketbrokerage.site/resources/js/functions.js HTTP/1.1" 200 1583
202.8.40.26 - - [11/Feb/2025:00:19:38 +0100] "GET /ticket2/opencms/system/modules/com.gridnine.opencms.ticketbrokerage.site/resources/js/calendar.js HTTP/1.1" 200 49229
202.8.40.26 - - [11/Feb/2025:00:19:38 +0100] "GET /ticket2/opencms/system/modules/com.gridnine.opencms.ticketbrokerage.site/resources/js/calendar-en.js HTTP/1.1" 200 3338
202.8.40.26 - - [11/Feb/2025:00:19:38 +0100] "GET /ticket2/opencms/system/modules/com.gridnine.opencms.ticketbrokerage.site/resources/js/jquery.fancybox.pack.js HTTP/1.1" 200 23187
202.8.40.26 - - [11/Feb/2025:00:19:38 +0100] "GET /ticket2/opencms/system/modules/com.gridnine.opencms.ticketbrokerage.site/resources/js/calendar-setup.js HTTP/1.1" 200 4923
202.8.40.26 - - [11/Feb/2025:00:19:39 +0100] "GET /ticket2/opencms/system/modules/com.gridnine.opencms.ticketbrokerage.site/resources/js/stickyfill.min.js HTTP/1.1" 200 5672
202.8.40.26 - - [11/Feb/2025:00:19:39 +0100] "GET /ticket2/opencms/system/modules/com.gridnine.opencms.ticketbrokerage.site/resources/js/standard.js HTTP/1.1" 200 3983
202.8.40.26 - - [11/Feb/2025:00:19:39 +0100] "GET /ticket2/opencms/system/modules/com.gridnine.opencms.ticketbrokerage.site/resources/js/common-ajax.js HTTP/1.1" 200 20175
202.8.40.26 - - [11/Feb/2025:00:19:39 +0100] "GET /ticket2/opencms/system/modules/com.gridnine.opencms.ticketbrokerage.site/resources/js/jquery.placeholder.min.js HTTP/1.1" 200 1737
202.8.40.26 - - [11/Feb/2025:00:19:39 +0100] "GET /ticket2/opencms/el/ask-form.html HTTP/1.1" 200 3156
202.8.40.26 - - [11/Feb/2025:00:19:39 +0100] "GET /ticket2/opencms/system/modules/com.gridnine.opencms.ticketbrokerage.site/resources/css/ticketbrokerage.css HTTP/1.1" 200 39339
185.191.171.9 - - [11/Feb/2025:00:19:40 +0100] "GET /ticket2/opencms/dk/affiliateprogram.html HTTP/1.1" 200 87474
54.36.148.140 - - [11/Feb/2025:00:19:40 +0100] "GET /ticket2/opencms/es/buy/?page=1&edid=C9919F63-312E-C4DF-29D6-DA1CE80EC9A2 HTTP/1.1" 200 125349
217.113.194.219 - - [11/Feb/2025:00:19:41 +0100] "GET /ticket2/opencms/de/buy?page=1&edid=E0F35E65-B71B-01E9-E92D-AC386E0ACF66 HTTP/1.1" 200 115600
192.99.15.34 - - [11/Feb/2025:00:19:42 +0100] "GET /ticket2/opencms/no/buy/?page=1&edid=075E9D69-E3B7-A8A2-8C46-F8FA3B9B7184 HTTP/1.1" 200 108505
40.77.167.36 - - [11/Feb/2025:00:19:43 +0100] "GET /ticket2/opencms/bs/buy?page=1&edid=AE716F73-508D-DEB7-E6E2-5D76473CBEAD HTTP/1.1" 200 110592
47.128.121.150 - - [11/Feb/2025:00:19:44 +0100] "GET /ticket2/opencms/fi/venue/?venueid=F99CBBAF-7922-5F3D-94E5-84437A50F751 HTTP/1.1" 200 84656
40.77.167.36 - - [11/Feb/2025:00:19:44 +0100] "GET /ticket2/opencms/es/buy/?page=1&edid=C0BB989A-596D-C432-58D8-29175A09DEE3 HTTP/1.1" 200 110147
193.70.81.116 - - [11/Feb/2025:00:19:45 +0100] "GET /ticket2/opencms/dk/buy/?page=1&edid=F6B52729-D385-1BA8-C061-8869A2499C82 HTTP/1.1" 200 105110
54.36.148.138 - - [11/Feb/2025:00:19:46 +0100] "GET /ticket2/opencms/fr/buy/?page=1&edid=B386D539-2AE4-5E25-8B69-DC3E34789331 HTTP/1.1" 200 108726
67.144.2.241 - - [11/Feb/2025:00:19:47 +0100] "GET /ticket2/opencms/no/buy/?page=1&edid=D4F26649-49E7-D9AD-008F-6A1EF16B5F3C HTTP/1.1" 200 124297
66.249.76.43 - - [11/Feb/2025:00:19:47 +0100] "GET /ticket2/opencms/fr/buy/?page=1&edid=78F53753-F856-B158-388A-6B70B4CA55C8 HTTP/1.1" 200 114571
37.123.143.11 - - [11/Feb/2025:00:19:51 +0100] "GET /ticket2/opencms/ HTTP/1.1" 302 -
54.36.149.82 - - [11/Feb/2025:00:19:51 +0100] "GET /ticket2/opencms/dk/buy?page=1&edid=76EAECA7-64F4-2580-38CA-B14BCC95A1C5 HTTP/1.1" 200 114391
193.70.81.116 - - [11/Feb/2025:00:19:51 +0100] "GET /ticket2/opencms/dk/buy/?page=1&edid=F6F96A56-F5DB-5CCB-7CBF-891CB25B6D4A HTTP/1.1" 200 105142
202.8.42.166 - - [11/Feb/2025:00:19:52 +0100] "GET /ticket2/opencms/system/modules/com.gridnine.opencms.ticketbrokerage.site/resources/css/jquery-ui.css HTTP/1.1" 200 33221
202.8.42.166 - - [11/Feb/2025:00:19:52 +0100] "GET /ticket2/opencms/system/modules/com.gridnine.opencms.ticketbrokerage.site/resources/css/jquery.fancybox.css HTTP/1.1" 200 4939
202.8.42.166 - - [11/Feb/2025:00:19:52 +0100] "GET /ticket2/opencms/system/modules/com.gridnine.opencms.ticketbrokerage.site/resources/css/standard.css HTTP/1.1" 200 73904
202.8.42.166 - - [11/Feb/2025:00:19:52 +0100] "GET /ticket2/opencms/system/modules/com.gridnine.opencms.ticketbrokerage.site/resources/css/calendar.css HTTP/1.1" 200 6871
202.8.42.166 - - [11/Feb/2025:00:19:52 +0100] "GET /ticket2/opencms/system/modules/com.gridnine.opencms.ticketbrokerage.site/resources/css/ticketbrokerage.css HTTP/1.1" 200 39339
202.8.42.166 - - [11/Feb/2025:00:19:52 +0100] "GET /ticket2/opencms/system/modules/com.gridnine.opencms.ticketbrokerage.site/resources/js/jquery/jquery.js HTTP/1.1" 200 93868
202.8.42.166 - - [11/Feb/2025:00:19:52 +0100] "GET /ticket2/opencms/system/modules/com.gridnine.opencms.ticketbrokerage.site/resources/js/jquery/jquery-ui.js HTTP/1.1" 200 228088
202.8.42.166 - - [11/Feb/2025:00:19:52 +0100] "GET /ticket2/opencms/system/modules/com.gridnine.opencms.ticketbrokerage.site/resources/js/calendar-setup.js HTTP/1.1" 200 4923
202.8.42.166 - - [11/Feb/2025:00:19:52 +0100] "GET /ticket2/opencms/system/modules/com.gridnine.opencms.ticketbrokerage.site/resources/js/functions.js HTTP/1.1" 200 1583
202.8.42.166 - - [11/Feb/2025:00:19:52 +0100] "GET /ticket2/opencms/system/modules/com.gridnine.opencms.ticketbrokerage.site/resources/js/calendar.js HTTP/1.1" 200 49229
202.8.42.166 - - [11/Feb/2025:00:19:52 +0100] "GET /ticket2/opencms/system/modules/com.gridnine.opencms.ticketbrokerage.site/resources/js/calendar-en.js HTTP/1.1" 200 3338
192.99.15.34 - - [11/Feb/2025:00:19:52 +0100] "GET /ticket2/opencms/no/buy/?page=1&edid=0FDA018D-B8AF-3F2B-04D5-9F590D681B22&sortorder=desc&column=price HTTP/1.1" 200 108961
202.8.42.166 - - [11/Feb/2025:00:19:52 +0100] "GET /ticket2/opencms/system/modules/com.gridnine.opencms.ticketbrokerage.site/resources/js/jquery.fancybox.pack.js HTTP/1.1" 200 23187
202.8.42.166 - - [11/Feb/2025:00:19:52 +0100] "GET /ticket2/opencms/system/modules/com.gridnine.opencms.ticketbrokerage.site/resources/js/stickyfill.min.js HTTP/1.1" 200 5672
202.8.42.166 - - [11/Feb/2025:00:19:52 +0100] "GET /ticket2/opencms/system/modules/com.gridnine.opencms.ticketbrokerage.site/resources/js/standard.js HTTP/1.1" 200 3983
37.123.143.11 - - [11/Feb/2025:00:19:53 +0100] "GET /ticket2/opencms/sv/ HTTP/1.1" 200 106170
202.8.42.166 - - [11/Feb/2025:00:19:53 +0100] "GET /ticket2/opencms/system/modules/com.gridnine.opencms.ticketbrokerage.site/resources/js/jquery.placeholder.min.js HTTP/1.1" 200 1737
37.123.143.11 - - [11/Feb/2025:00:19:53 +0100] "GET /ticket2/opencms/system/modules/com.gridnine.opencms.ticketbrokerage.site/resources/css/ticketbrokerage.css HTTP/1.1" 200 39339
37.123.143.11 - - [11/Feb/2025:00:19:53 +0100] "GET /ticket2/opencms/system/modules/com.gridnine.opencms.ticketbrokerage.site/resources/css/calendar.css HTTP/1.1" 200 6871
202.8.42.166 - - [11/Feb/2025:00:19:53 +0100] "GET /ticket2/opencms/system/modules/com.gridnine.opencms.ticketbrokerage.site/resources/js/common-ajax.js HTTP/1.1" 200 20175
37.123.143.11 - - [11/Feb/2025:00:19:53 +0100] "GET /ticket2/opencms/system/modules/com.gridnine.opencms.ticketbrokerage.site/resources/css/jquery.fancybox.css HTTP/1.1" 304 -
37.123.143.11 - - [11/Feb/2025:00:19:53 +0100] "GET /ticket2/opencms/system/modules/com.gridnine.opencms.ticketbrokerage.site/resources/js/jquery/jquery-ui.js HTTP/1.1" 304 -
37.123.143.11 - - [11/Feb/2025:00:19:53 +0100] "GET /ticket2/opencms/system/modules/com.gridnine.opencms.ticketbrokerage.site/resources/js/jquery/jquery.js HTTP/1.1" 304 -
37.123.143.11 - - [11/Feb/2025:00:19:53 +0100] "GET /ticket2/opencms/system/modules/com.gridnine.opencms.ticketbrokerage.site/resources/css/jquery-ui.css HTTP/1.1" 304 -
37.123.143.11 - - [11/Feb/2025:00:19:53 +0100] "GET /ticket2/opencms/system/modules/com.gridnine.opencms.ticketbrokerage.site/resources/css/standard.css HTTP/1.1" 200 73904
37.123.143.11 - - [11/Feb/2025:00:19:53 +0100] "GET /ticket2/opencms/system/modules/com.gridnine.opencms.ticketbrokerage.site/resources/js/functions.js HTTP/1.1" 200 1583
202.8.42.166 - - [11/Feb/2025:00:19:53 +0100] "GET /ticket2/opencms/dk/ask-form.html HTTP/1.1" 200 2971
37.123.143.11 - - [11/Feb/2025:00:19:53 +0100] "GET /ticket2/opencms/system/modules/com.gridnine.opencms.ticketbrokerage.site/resources/js/stickyfill.min.js HTTP/1.1" 304 -
37.123.143.11 - - [11/Feb/2025:00:19:53 +0100] "GET /ticket2/opencms/system/modules/com.gridnine.opencms.ticketbrokerage.site/resources/js/jquery.fancybox.pack.js HTTP/1.1" 304 -
37.123.143.11 - - [11/Feb/2025:00:19:53 +0100] "GET /ticket2/opencms/system/modules/com.gridnine.opencms.ticketbrokerage.site/resources/js/calendar.js HTTP/1.1" 200 49229
37.123.143.11 - - [11/Feb/2025:00:19:53 +0100] "GET /ticket2/opencms/system/modules/com.gridnine.opencms.ticketbrokerage.site/resources/js/calendar-setup.js HTTP/1.1" 200 4923
37.123.143.11 - - [11/Feb/2025:00:19:53 +0100] "GET /ticket2/opencms/system/modules/com.gridnine.opencms.ticketbrokerage.site/resources/js/calendar-en.js HTTP/1.1" 200 3338
37.123.143.11 - - [11/Feb/2025:00:19:53 +0100] "GET /ticket2/opencms/img/icons/en.png HTTP/1.1" 304 -
37.123.143.11 - - [11/Feb/2025:00:19:53 +0100] "GET /ticket2/opencms/img/icons/se.png HTTP/1.1" 304 -
37.123.143.11 - - [11/Feb/2025:00:19:53 +0100] "GET /ticket2/opencms/img/icons/fi.png HTTP/1.1" 304 -
37.123.143.11 - - [11/Feb/2025:00:19:53 +0100] "GET /ticket2/opencms/img/icons/no.png HTTP/1.1" 304 -
37.123.143.11 - - [11/Feb/2025:00:19:53 +0100] "GET /ticket2/opencms/system/modules/com.gridnine.opencms.ticketbrokerage.site/resources/js/standard.js HTTP/1.1" 200 3983
37.123.143.11 - - [11/Feb/2025:00:19:53 +0100] "GET /ticket2/opencms/system/modules/com.gridnine.opencms.ticketbrokerage.site/resources/js/jquery.placeholder.min.js HTTP/1.1" 304 -
37.123.143.11 - - [11/Feb/2025:00:19:53 +0100] "GET /ticket2/opencms/system/modules/com.gridnine.opencms.ticketbrokerage.site/resources/js/common-ajax.js HTTP/1.1" 304 -
37.123.143.11 - - [11/Feb/2025:00:19:53 +0100] "GET /ticket2/opencms/system/modules/com.gridnine.opencms.ticketbrokerage.site/resources/pics/logo-new.png HTTP/1.1" 304 -
37.123.143.11 - - [11/Feb/2025:00:19:53 +0100] "GET /ticket2/opencms/img/mail.png HTTP/1.1" 304 -
37.123.143.11 - - [11/Feb/2025:00:19:53 +0100] "GET /ticket2/opencms/img/arrow.png HTTP/1.1" 304 -
37.123.143.11 - - [11/Feb/2025:00:19:53 +0100] "GET /ticket2/opencms/img/check.png HTTP/1.1" 304 -
37.123.143.11 - - [11/Feb/2025:00:19:53 +0100] "GET /ticket2/opencms/img/insta.png HTTP/1.1" 304 -
37.123.143.11 - - [11/Feb/2025:00:19:53 +0100] "GET /ticket2/opencms/img/fb.png HTTP/1.1" 304 -
37.123.143.11 - - [11/Feb/2025:00:19:53 +0100] "GET /ticket2/opencms/img/chat.png HTTP/1.1" 304 -
37.123.143.11 - - [11/Feb/2025:00:19:53 +0100] "GET /ticket2/opencms/img/banner-pl.jpeg HTTP/1.1" 304 -
37.123.143.11 - - [11/Feb/2025:00:19:53 +0100] "GET /ticket2/opencms/img/icons/globe-white.png HTTP/1.1" 304 -
202.8.42.166 - - [11/Feb/2025:00:19:53 +0100] "GET /ticket2/opencms/system/modules/com.gridnine.opencms.ticketbrokerage.site/resources/css/ticketbrokerage.css HTTP/1.1" 200 39339
37.123.143.11 - - [11/Feb/2025:00:19:53 +0100] "GET /ticket2/opencms/img/icons/dk.png HTTP/1.1" 304 -
37.123.143.11 - - [11/Feb/2025:00:19:53 +0100] "GET /ticket2/opencms/img/icons/nl.png HTTP/1.1" 304 -
37.123.143.11 - - [11/Feb/2025:00:19:53 +0100] "GET /ticket2/opencms/img/banner-ll.jpeg HTTP/1.1" 304 -
37.123.143.11 - - [11/Feb/2025:00:19:53 +0100] "GET /ticket2/opencms/img/banner-sa.jpeg HTTP/1.1" 304 -
37.123.143.11 - - [11/Feb/2025:00:19:53 +0100] "GET /ticket2/opencms/img/icons/de.png HTTP/1.1" 304 -
37.123.143.11 - - [11/Feb/2025:00:19:53 +0100] "GET /ticket2/opencms/system/modules/com.gridnine.opencms.ticketbrokerage.site/resources/pics/footer-img.jpg HTTP/1.1" 304 -
37.123.143.11 - - [11/Feb/2025:00:19:53 +0100] "GET /ticket2/opencms/img/icons/es.png HTTP/1.1" 304 -
37.123.143.11 - - [11/Feb/2025:00:19:53 +0100] "GET /ticket2/opencms/img/icons/fr.png HTTP/1.1" 304 -
37.123.143.11 - - [11/Feb/2025:00:19:53 +0100] "GET /ticket2/opencms/img/icons/pl.png HTTP/1.1" 304 -
37.123.143.11 - - [11/Feb/2025:00:19:53 +0100] "GET /ticket2/opencms/img/icons/it.png HTTP/1.1" 304 -
37.123.143.11 - - [11/Feb/2025:00:19:53 +0100] "GET /ticket2/opencms/img/icons/sq.png HTTP/1.1" 304 -
37.123.143.11 - - [11/Feb/2025:00:19:53 +0100] "GET /ticket2/opencms/img/icons/az.png HTTP/1.1" 304 -
37.123.143.11 - - [11/Feb/2025:00:19:53 +0100] "GET /ticket2/opencms/img/icons/bs.png HTTP/1.1" 304 -
37.123.143.11 - - [11/Feb/2025:00:19:53 +0100] "GET /ticket2/opencms/img/icons/bg.png HTTP/1.1" 304 -
37.123.143.11 - - [11/Feb/2025:00:19:53 +0100] "GET /ticket2/opencms/img/icons/be.png HTTP/1.1" 304 -
37.123.143.11 - - [11/Feb/2025:00:19:53 +0100] "GET /ticket2/opencms/img/icons/hr.png HTTP/1.1" 304 -
37.123.143.11 - - [11/Feb/2025:00:19:53 +0100] "GET /ticket2/opencms/img/icons/cs.png HTTP/1.1" 304 -
37.123.143.11 - - [11/Feb/2025:00:19:53 +0100] "GET /ticket2/opencms/img/icons/et.png HTTP/1.1" 304 -
37.123.143.11 - - [11/Feb/2025:00:19:53 +0100] "GET /ticket2/opencms/img/icons/el.png HTTP/1.1" 304 -
37.123.143.11 - - [11/Feb/2025:00:19:53 +0100] "GET /ticket2/opencms/img/icons/ka.png HTTP/1.1" 304 -
37.123.143.11 - - [11/Feb/2025:00:19:53 +0100] "GET /ticket2/opencms/img/icons/hu.png HTTP/1.1" 304 -
37.123.143.11 - - [11/Feb/2025:00:19:53 +0100] "GET /ticket2/opencms/img/icons/lv.png HTTP/1.1" 304 -
37.123.143.11 - - [11/Feb/2025:00:19:53 +0100] "GET /ticket2/opencms/img/icons/is.png HTTP/1.1" 304 -
37.123.143.11 - - [11/Feb/2025:00:19:53 +0100] "GET /ticket2/opencms/img/icons/ga.png HTTP/1.1" 304 -
37.123.143.11 - - [11/Feb/2025:00:19:53 +0100] "GET /ticket2/opencms/img/icons/ro.png HTTP/1.1" 304 -
37.123.143.11 - - [11/Feb/2025:00:19:53 +0100] "GET /ticket2/opencms/img/icons/mt.png HTTP/1.1" 304 -
37.123.143.11 - - [11/Feb/2025:00:19:53 +0100] "GET /ticket2/opencms/img/icons/sr.png HTTP/1.1" 304 -
37.123.143.11 - - [11/Feb/2025:00:19:53 +0100] "GET /ticket2/opencms/img/icons/lt.png HTTP/1.1" 304 -
37.123.143.11 - - [11/Feb/2025:00:19:53 +0100] "GET /ticket2/opencms/img/icons/sk.png HTTP/1.1" 304 -
37.123.143.11 - - [11/Feb/2025:00:19:53 +0100] "GET /ticket2/opencms/img/icons/mo.png HTTP/1.1" 304 -
37.123.143.11 - - [11/Feb/2025:00:19:53 +0100] "GET /ticket2/opencms/img/icons/sl.png HTTP/1.1" 304 -
37.123.143.11 - - [11/Feb/2025:00:19:53 +0100] "GET /ticket2/opencms/img/icons/tr.png HTTP/1.1" 304 -
37.123.143.11 - - [11/Feb/2025:00:19:53 +0100] "GET /ticket2/opencms/img/icons/uk.png HTTP/1.1" 304 -
