202.8.42.82 - - [11/Feb/2025:00:13:42 +0100] "GET /ticket2/opencms/system/modules/com.gridnine.opencms.ticketbrokerage.site/resources/js/calendar.js HTTP/1.1" 200 49229
202.8.42.82 - - [11/Feb/2025:00:13:42 +0100] "GET /ticket2/opencms/system/modules/com.gridnine.opencms.ticketbrokerage.site/resources/js/stickyfill.min.js HTTP/1.1" 200 5672
202.8.42.82 - - [11/Feb/2025:00:13:43 +0100] "GET /ticket2/opencms/system/modules/com.gridnine.opencms.ticketbrokerage.site/resources/js/jquery.fancybox.pack.js HTTP/1.1" 200 23187
202.8.42.82 - - [11/Feb/2025:00:13:43 +0100] "GET /ticket2/opencms/system/modules/com.gridnine.opencms.ticketbrokerage.site/resources/js/calendar-setup.js HTTP/1.1" 200 4923
202.8.42.82 - - [11/Feb/2025:00:13:43 +0100] "GET /ticket2/opencms/system/modules/com.gridnine.opencms.ticketbrokerage.site/resources/js/standard.js HTTP/1.1" 200 3983
202.8.42.82 - - [11/Feb/2025:00:13:43 +0100] "GET /ticket2/opencms/system/modules/com.gridnine.opencms.ticketbrokerage.site/resources/js/jquery.placeholder.min.js HTTP/1.1" 200 1737
202.8.42.82 - - [11/Feb/2025:00:13:43 +0100] "GET /ticket2/opencms/system/modules/com.gridnine.opencms.ticketbrokerage.site/resources/js/common-ajax.js HTTP/1.1" 200 20175
202.8.42.82 - - [11/Feb/2025:00:13:43 +0100] "GET /ticket2/opencms/lt/ask-form.html HTTP/1.1" 200 3156
202.8.42.82 - - [11/Feb/2025:00:13:43 +0100] "GET /ticket2/opencms/system/modules/com.gridnine.opencms.ticketbrokerage.site/resources/css/ticketbrokerage.css HTTP/1.1" 200 39339
54.36.148.141 - - [11/Feb/2025:00:13:44 +0100] "GET /ticket2/opencms/nl/buy/?page=6&comcatid=A17713B6-D984-201A-4143-ED4DB5ED5C2E&catid=3B549160-8B9C-E872-44A9-20FEA86B30E8 HTTP/1.1" 200 99748
52.167.144.221 - - [11/Feb/2025:00:13:46 +0100] "GET /ticket2/opencms/bs/selling_tickets HTTP/1.1" 500 -
193.70.81.116 - - [11/Feb/2025:00:13:47 +0100] "GET /ticket2/opencms/dk/buy/?page=1&edid=D9B6DEA1-0C13-FA80-469E-162654611A15 HTTP/1.1" 200 114407
192.99.15.34 - - [11/Feb/2025:00:13:47 +0100] "GET /ticket2/opencms/en/login/?edid=2C81F7FB-5C92-E271-C03D-9F768923CF00 HTTP/1.1" 200 88018
85.208.96.208 - - [11/Feb/2025:00:13:48 +0100] "GET /ticket2/opencms/sv/magazine/article?title=kevin-de-bruyne HTTP/1.1" 200 86891
216.244.66.238 - - [11/Feb/2025:00:13:48 +0100] "GET /ticket2/opencms/fi/buy?comcatid=A17713B6-D984-201A-4143-ED4DB5ED5C2E&catid=0A9E385E-33D9-328E-DC79-CA2C7009C829 HTTP/1.1" 200 101020
54.36.149.68 - - [11/Feb/2025:00:13:48 +0100] "GET /ticket2/opencms/sk/buy/?page=1&edid=F124BA86-A27C-2AAF-548B-4E7CAF608D73 HTTP/1.1" 200 106471
67.144.2.241 - - [11/Feb/2025:00:13:49 +0100] "GET /ticket2/opencms/fi/venue/?venueid=3AE26EE0-A3E4-AABA-2528-19D13CD1D081 HTTP/1.1" 200 84724
192.99.15.34 - - [11/Feb/2025:00:13:53 +0100] "GET /ticket2/opencms/en/login/?edid=3BF84162-7DAE-562C-A4D1-16310EB68CA0 HTTP/1.1" 200 88018
54.36.148.90 - - [11/Feb/2025:00:13:54 +0100] "GET /ticket2/opencms/ro/buy?page=1&edid=50375D23-8B44-5172-3FB1-755B660EE76F HTTP/1.1" 200 112646
202.8.43.16 - - [11/Feb/2025:00:13:55 +0100] "GET /ticket2/opencms/system/modules/com.gridnine.opencms.ticketbrokerage.site/resources/css/standard.css HTTP/1.1" 200 73904
202.8.43.16 - - [11/Feb/2025:00:13:56 +0100] "GET /ticket2/opencms/system/modules/com.gridnine.opencms.ticketbrokerage.site/resources/css/jquery.fancybox.css HTTP/1.1" 200 4939
202.8.43.16 - - [11/Feb/2025:00:13:56 +0100] "GET /ticket2/opencms/system/modules/com.gridnine.opencms.ticketbrokerage.site/resources/css/calendar.css HTTP/1.1" 200 6871
202.8.43.16 - - [11/Feb/2025:00:13:56 +0100] "GET /ticket2/opencms/system/modules/com.gridnine.opencms.ticketbrokerage.site/resources/css/ticketbrokerage.css HTTP/1.1" 200 39339
202.8.43.16 - - [11/Feb/2025:00:13:56 +0100] "GET /ticket2/opencms/system/modules/com.gridnine.opencms.ticketbrokerage.site/resources/css/jquery-ui.css HTTP/1.1" 200 33221
202.8.43.16 - - [11/Feb/2025:00:13:56 +0100] "GET /ticket2/opencms/system/modules/com.gridnine.opencms.ticketbrokerage.site/resources/js/jquery/jquery.js HTTP/1.1" 200 93868
202.8.43.16 - - [11/Feb/2025:00:13:56 +0100] "GET /ticket2/opencms/system/modules/com.gridnine.opencms.ticketbrokerage.site/resources/js/jquery/jquery-ui.js HTTP/1.1" 200 228088
202.8.43.16 - - [11/Feb/2025:00:13:56 +0100] "GET /ticket2/opencms/system/modules/com.gridnine.opencms.ticketbrokerage.site/resources/js/calendar.js HTTP/1.1" 200 49229
202.8.43.16 - - [11/Feb/2025:00:13:56 +0100] "GET /ticket2/opencms/system/modules/com.gridnine.opencms.ticketbrokerage.site/resources/js/calendar-en.js HTTP/1.1" 200 3338
202.8.43.16 - - [11/Feb/2025:00:13:56 +0100] "GET /ticket2/opencms/system/modules/com.gridnine.opencms.ticketbrokerage.site/resources/js/calendar-setup.js HTTP/1.1" 200 4923
202.8.43.16 - - [11/Feb/2025:00:13:56 +0100] "GET /ticket2/opencms/system/modules/com.gridnine.opencms.ticketbrokerage.site/resources/js/functions.js HTTP/1.1" 200 1583
202.8.43.16 - - [11/Feb/2025:00:13:56 +0100] "GET /ticket2/opencms/system/modules/com.gridnine.opencms.ticketbrokerage.site/resources/js/jquery.fancybox.pack.js HTTP/1.1" 200 23187
202.8.43.16 - - [11/Feb/2025:00:13:56 +0100] "GET /ticket2/opencms/system/modules/com.gridnine.opencms.ticketbrokerage.site/resources/js/stickyfill.min.js HTTP/1.1" 200 5672
202.8.43.16 - - [11/Feb/2025:00:13:56 +0100] "GET /ticket2/opencms/system/modules/com.gridnine.opencms.ticketbrokerage.site/resources/js/standard.js HTTP/1.1" 200 3983
202.8.43.16 - - [11/Feb/2025:00:13:56 +0100] "GET /ticket2/opencms/system/modules/com.gridnine.opencms.ticketbrokerage.site/resources/js/jquery.placeholder.min.js HTTP/1.1" 200 1737
202.8.43.16 - - [11/Feb/2025:00:13:56 +0100] "GET /ticket2/opencms/system/modules/com.gridnine.opencms.ticketbrokerage.site/resources/js/common-ajax.js HTTP/1.1" 200 20175
202.8.43.16 - - [11/Feb/2025:00:13:56 +0100] "GET /ticket2/opencms/ro/ask-form.html HTTP/1.1" 200 3156
202.8.43.16 - - [11/Feb/2025:00:13:56 +0100] "GET /ticket2/opencms/system/modules/com.gridnine.opencms.ticketbrokerage.site/resources/css/ticketbrokerage.css HTTP/1.1" 200 39339
193.70.81.116 - - [11/Feb/2025:00:13:57 +0100] "GET /ticket2/opencms/dk/buy/?page=1&edid=D9F2239E-EF6A-EAF8-CB00-12A5392DA498 HTTP/1.1" 200 128019
66.249.79.193 - - [11/Feb/2025:00:13:59 +0100] "GET /ticket2/opencms/pl/buy/?page=1&edid=268D8165-50F1-AAA8-6C6A-3ABAD53C8B35 HTTP/1.1" 200 110042
192.99.15.34 - - [11/Feb/2025:00:13:59 +0100] "GET /ticket2/opencms/en/login/?edid=3F7BA072-6294-6013-6B32-056BC5946D2B HTTP/1.1" 200 88018
54.36.148.14 - - [11/Feb/2025:00:14:02 +0100] "GET /ticket2/opencms/ga/buy/?page=1&edid=D814CF62-738F-086E-5F89-CA83500DBA7B HTTP/1.1" 200 110347
67.144.2.241 - - [11/Feb/2025:00:14:02 +0100] "GET /ticket2/opencms/fi/venue/?venueid=3B0B3F5D-FFA8-DF13-4D74-A2C019267C7D HTTP/1.1" 200 84704
185.191.171.11 - - [11/Feb/2025:00:14:03 +0100] "GET /ticket2/opencms/lv/magazine/article?title=eredivisie HTTP/1.1" 200 86958
192.99.15.34 - - [11/Feb/2025:00:14:07 +0100] "GET /ticket2/opencms/en/login/?edid=516D2084-D01E-11D1-0C8F-230D7B392DCC HTTP/1.1" 200 88018
54.36.148.16 - - [11/Feb/2025:00:14:07 +0100] "GET /ticket2/opencms/az/buy/?page=1&edid=D814CF62-738F-086E-5F89-CA83500DBA7B HTTP/1.1" 200 110409
54.36.148.110 - - [11/Feb/2025:00:14:07 +0100] "GET /ticket2/opencms/hr/buy?page=1&edid=C64002B7-B7A3-A646-1770-7E79C914EDA5 HTTP/1.1" 200 133471
193.70.81.116 - - [11/Feb/2025:00:14:10 +0100] "GET /ticket2/opencms/dk/buy/?page=1&edid=DA6CC5BF-D136-7366-202C-2FA8DA7045EB HTTP/1.1" 200 105093
54.36.148.29 - - [11/Feb/2025:00:14:10 +0100] "GET /ticket2/opencms/hr/buy/?page=1&edid=670DDB77-CAC3-4ADF-B3FC-CE012EDDA850 HTTP/1.1" 200 116359
47.128.127.224 - - [11/Feb/2025:00:14:11 +0100] "GET /ticket2/opencms/ga/buy?edid=FDE2CB1B-737B-857F-7431-BD450E7D3BBB HTTP/1.1" 200 89478
192.99.15.34 - - [11/Feb/2025:00:14:12 +0100] "GET /ticket2/opencms/en/login/?edid=5C92C6E0-2663-716F-10A1-8E116E00763F HTTP/1.1" 200 88018
67.144.2.241 - - [11/Feb/2025:00:14:13 +0100] "GET /ticket2/opencms/fi/venue/?venueid=3C335528-6B74-2F59-4AE2-B8B4BD47D713 HTTP/1.1" 200 84721
54.36.148.42 - - [11/Feb/2025:00:14:14 +0100] "GET /ticket2/opencms/az/buy?page=1&edid=FB619D25-A569-B2D3-A138-064ED3A662B4 HTTP/1.1" 200 110812
54.36.149.79 - - [11/Feb/2025:00:14:17 +0100] "GET /ticket2/opencms/it/magazine/article?title=michail-antonio-infortunato-dopo-un-incidente-dauto HTTP/1.1" 200 86895
114.119.132.57 - - [11/Feb/2025:00:14:18 +0100] "GET /ticket2/opencms/en/buy/?page=6&comcatid=97ECA65A-72DA-F9AF-9DBB-245D3CFED1BE&catid=55D1256D-BDD9-CBA3-47A3-0A252F702555 HTTP/1.1" 200 94418
192.99.15.34 - - [11/Feb/2025:00:14:18 +0100] "GET /ticket2/opencms/en/login/?edid=63A8A6EF-214B-02FC-498E-67A296EE3821 HTTP/1.1" 200 88018
193.70.81.116 - - [11/Feb/2025:00:14:20 +0100] "GET /ticket2/opencms/dk/buy/?page=1&edid=DA983286-A535-726A-C0DF-C6AC98A1A255 HTTP/1.1" 200 108354
54.36.148.168 - - [11/Feb/2025:00:14:20 +0100] "GET /ticket2/opencms/cs/sport/fotbalove-listky/bundesliga/union_berlin HTTP/1.1" 200 96014
202.8.41.68 - - [11/Feb/2025:00:14:22 +0100] "GET /ticket2/opencms/system/modules/com.gridnine.opencms.ticketbrokerage.site/resources/css/calendar.css HTTP/1.1" 200 6871
202.8.41.68 - - [11/Feb/2025:00:14:22 +0100] "GET /ticket2/opencms/system/modules/com.gridnine.opencms.ticketbrokerage.site/resources/css/jquery-ui.css HTTP/1.1" 200 33221
202.8.41.68 - - [11/Feb/2025:00:14:22 +0100] "GET /ticket2/opencms/system/modules/com.gridnine.opencms.ticketbrokerage.site/resources/css/jquery.fancybox.css HTTP/1.1" 200 4939
202.8.41.68 - - [11/Feb/2025:00:14:22 +0100] "GET /ticket2/opencms/system/modules/com.gridnine.opencms.ticketbrokerage.site/resources/js/functions.js HTTP/1.1" 200 1583
202.8.41.68 - - [11/Feb/2025:00:14:22 +0100] "GET /ticket2/opencms/system/modules/com.gridnine.opencms.ticketbrokerage.site/resources/css/standard.css HTTP/1.1" 200 73904
202.8.41.68 - - [11/Feb/2025:00:14:22 +0100] "GET /ticket2/opencms/system/modules/com.gridnine.opencms.ticketbrokerage.site/resources/css/ticketbrokerage.css HTTP/1.1" 200 39339
202.8.41.68 - - [11/Feb/2025:00:14:22 +0100] "GET /ticket2/opencms/system/modules/com.gridnine.opencms.ticketbrokerage.site/resources/js/jquery/jquery.js HTTP/1.1" 200 93868
202.8.41.68 - - [11/Feb/2025:00:14:22 +0100] "GET /ticket2/opencms/system/modules/com.gridnine.opencms.ticketbrokerage.site/resources/js/jquery/jquery-ui.js HTTP/1.1" 200 228088
202.8.41.68 - - [11/Feb/2025:00:14:22 +0100] "GET /ticket2/opencms/system/modules/com.gridnine.opencms.ticketbrokerage.site/resources/js/calendar-en.js HTTP/1.1" 200 3338
202.8.41.68 - - [11/Feb/2025:00:14:22 +0100] "GET /ticket2/opencms/system/modules/com.gridnine.opencms.ticketbrokerage.site/resources/js/stickyfill.min.js HTTP/1.1" 200 5672
202.8.41.68 - - [11/Feb/2025:00:14:22 +0100] "GET /ticket2/opencms/system/modules/com.gridnine.opencms.ticketbrokerage.site/resources/js/calendar-setup.js HTTP/1.1" 200 4923
202.8.41.68 - - [11/Feb/2025:00:14:22 +0100] "GET /ticket2/opencms/system/modules/com.gridnine.opencms.ticketbrokerage.site/resources/js/calendar.js HTTP/1.1" 200 49229
202.8.41.68 - - [11/Feb/2025:00:14:22 +0100] "GET /ticket2/opencms/system/modules/com.gridnine.opencms.ticketbrokerage.site/resources/js/jquery.fancybox.pack.js HTTP/1.1" 200 23187
202.8.41.68 - - [11/Feb/2025:00:14:22 +0100] "GET /ticket2/opencms/system/modules/com.gridnine.opencms.ticketbrokerage.site/resources/js/standard.js HTTP/1.1" 200 3983
202.8.41.68 - - [11/Feb/2025:00:14:22 +0100] "GET /ticket2/opencms/system/modules/com.gridnine.opencms.ticketbrokerage.site/resources/js/jquery.placeholder.min.js HTTP/1.1" 200 1737
202.8.41.68 - - [11/Feb/2025:00:14:22 +0100] "GET /ticket2/opencms/system/modules/com.gridnine.opencms.ticketbrokerage.site/resources/js/common-ajax.js HTTP/1.1" 200 20175
192.99.15.34 - - [11/Feb/2025:00:14:23 +0100] "GET /ticket2/opencms/en/login/?edid=752C4804-1447-AA43-50DE-3841CF96C92D HTTP/1.1" 200 88018
47.128.20.49 - - [11/Feb/2025:00:14:24 +0100] "GET /ticket2/opencms/ka/buy/?edid=B9A56D83-AD94-045F-A8C5-86B02F52A7C5 HTTP/1.1" 200 91045
66.249.68.67 - - [11/Feb/2025:00:14:24 +0100] "GET /ticket2/opencms/az/buy?page=6&comcatid=A17713B6-D984-201A-4143-ED4DB5ED5C2E&catid=7CF2D645-F785-0CBB-1B7C-C4711617EAAD HTTP/1.1" 200 103327
67.144.2.241 - - [11/Feb/2025:00:14:25 +0100] "GET /ticket2/opencms/fi/venue/?venueid=3E1E6F0D-1058-2C69-20D9-8595783E8131 HTTP/1.1" 200 84686
54.36.148.44 - - [11/Feb/2025:00:14:25 +0100] "GET /ticket2/opencms/sq/buy?page=1&edid=C5E6BD6B-6997-F99C-5497-F6687FA84598 HTTP/1.1" 200 106557
66.249.76.45 - - [11/Feb/2025:00:14:26 +0100] "GET /ticket2/opencms/fr/buy/?page=1&edid=FCF728A3-440F-219A-F294-671476E9F932 HTTP/1.1" 200 112172
114.119.135.251 - - [11/Feb/2025:00:14:27 +0100] "GET /ticket2/opencms/es/buy/?page=1&edid=ACE9CA7D-7806-FEA9-5C42-376512A5CAAD HTTP/1.1" 200 108685
192.99.15.34 - - [11/Feb/2025:00:14:29 +0100] "GET /ticket2/opencms/en/login/?edid=80E64FF0-8D60-6833-3063-F9E0D1BB70ED HTTP/1.1" 200 88018
54.36.148.121 - - [11/Feb/2025:00:14:29 +0100] "GET /ticket2/opencms/uk/buy?page=1&edid=50375D23-8B44-5172-3FB1-755B660EE76F HTTP/1.1" 200 114912
202.8.42.134 - - [11/Feb/2025:00:14:31 +0100] "GET /ticket2/opencms/system/modules/com.gridnine.opencms.ticketbrokerage.site/resources/css/jquery.fancybox.css HTTP/1.1" 200 4939
202.8.42.134 - - [11/Feb/2025:00:14:31 +0100] "GET /ticket2/opencms/system/modules/com.gridnine.opencms.ticketbrokerage.site/resources/css/ticketbrokerage.css HTTP/1.1" 200 39339
202.8.42.134 - - [11/Feb/2025:00:14:31 +0100] "GET /ticket2/opencms/system/modules/com.gridnine.opencms.ticketbrokerage.site/resources/css/jquery-ui.css HTTP/1.1" 200 33221
202.8.42.134 - - [11/Feb/2025:00:14:31 +0100] "GET /ticket2/opencms/system/modules/com.gridnine.opencms.ticketbrokerage.site/resources/css/calendar.css HTTP/1.1" 200 6871
202.8.42.134 - - [11/Feb/2025:00:14:31 +0100] "GET /ticket2/opencms/system/modules/com.gridnine.opencms.ticketbrokerage.site/resources/js/jquery/jquery.js HTTP/1.1" 200 93868
202.8.42.134 - - [11/Feb/2025:00:14:31 +0100] "GET /ticket2/opencms/system/modules/com.gridnine.opencms.ticketbrokerage.site/resources/css/standard.css HTTP/1.1" 200 73904
202.8.42.134 - - [11/Feb/2025:00:14:31 +0100] "GET /ticket2/opencms/system/modules/com.gridnine.opencms.ticketbrokerage.site/resources/js/jquery/jquery-ui.js HTTP/1.1" 200 228088
202.8.42.134 - - [11/Feb/2025:00:14:31 +0100] "GET /ticket2/opencms/system/modules/com.gridnine.opencms.ticketbrokerage.site/resources/js/calendar-en.js HTTP/1.1" 200 3338
202.8.42.134 - - [11/Feb/2025:00:14:31 +0100] "GET /ticket2/opencms/system/modules/com.gridnine.opencms.ticketbrokerage.site/resources/js/calendar.js HTTP/1.1" 200 49229
202.8.42.134 - - [11/Feb/2025:00:14:31 +0100] "GET /ticket2/opencms/system/modules/com.gridnine.opencms.ticketbrokerage.site/resources/js/functions.js HTTP/1.1" 200 1583
202.8.42.134 - - [11/Feb/2025:00:14:31 +0100] "GET /ticket2/opencms/system/modules/com.gridnine.opencms.ticketbrokerage.site/resources/js/calendar-setup.js HTTP/1.1" 200 4923
202.8.42.134 - - [11/Feb/2025:00:14:31 +0100] "GET /ticket2/opencms/system/modules/com.gridnine.opencms.ticketbrokerage.site/resources/js/jquery.fancybox.pack.js HTTP/1.1" 200 23187
202.8.42.134 - - [11/Feb/2025:00:14:31 +0100] "GET /ticket2/opencms/system/modules/com.gridnine.opencms.ticketbrokerage.site/resources/js/stickyfill.min.js HTTP/1.1" 200 5672
202.8.42.134 - - [11/Feb/2025:00:14:31 +0100] "GET /ticket2/opencms/system/modules/com.gridnine.opencms.ticketbrokerage.site/resources/js/standard.js HTTP/1.1" 200 3983
202.8.42.134 - - [11/Feb/2025:00:14:31 +0100] "GET /ticket2/opencms/system/modules/com.gridnine.opencms.ticketbrokerage.site/resources/js/jquery.placeholder.min.js HTTP/1.1" 200 1737
193.70.81.116 - - [11/Feb/2025:00:14:31 +0100] "GET /ticket2/opencms/dk/buy/?page=1&edid=DABBB04A-934B-281D-ABA7-8CACF7859BC6 HTTP/1.1" 200 105140
202.8.42.134 - - [11/Feb/2025:00:14:31 +0100] "GET /ticket2/opencms/system/modules/com.gridnine.opencms.ticketbrokerage.site/resources/js/common-ajax.js HTTP/1.1" 200 20175
202.8.42.134 - - [11/Feb/2025:00:14:31 +0100] "GET /ticket2/opencms/uk/ask-form.html HTTP/1.1" 200 3156
202.8.42.134 - - [11/Feb/2025:00:14:31 +0100] "GET /ticket2/opencms/system/modules/com.gridnine.opencms.ticketbrokerage.site/resources/css/ticketbrokerage.css HTTP/1.1" 200 39339
54.36.149.97 - - [11/Feb/2025:00:14:32 +0100] "GET /ticket2/opencms/fi/buy/?page=1&edid=7011CD73-0694-9A63-C506-082352979D62 HTTP/1.1" 200 106207
40.77.167.72 - - [11/Feb/2025:00:14:32 +0100] "GET /ticket2/opencms/sv/buy/?comcatid=A17713B6-D984-201A-4143-ED4DB5ED5C2E&catid=70B37487-FE30-D476-CAE7-E6AFEA3153F2 HTTP/1.1" 200 100909
192.99.15.34 - - [11/Feb/2025:00:14:33 +0100] "GET /ticket2/opencms/en/login/?edid=90E73B01-D791-586F-6F20-3478BF142147 HTTP/1.1" 200 88018
54.36.148.48 - - [11/Feb/2025:00:14:36 +0100] "GET /ticket2/opencms/sq/buy?page=1&edid=1BEE5A38-DD94-3509-3225-C4A2986A386D HTTP/1.1" 200 109136
202.8.40.198 - - [11/Feb/2025:00:14:37 +0100] "GET /ticket2/opencms/system/modules/com.gridnine.opencms.ticketbrokerage.site/resources/css/ticketbrokerage.css HTTP/1.1" 200 39339
202.8.40.198 - - [11/Feb/2025:00:14:37 +0100] "GET /ticket2/opencms/system/modules/com.gridnine.opencms.ticketbrokerage.site/resources/css/jquery-ui.css HTTP/1.1" 200 33221
202.8.40.198 - - [11/Feb/2025:00:14:37 +0100] "GET /ticket2/opencms/system/modules/com.gridnine.opencms.ticketbrokerage.site/resources/css/calendar.css HTTP/1.1" 200 6871
202.8.40.198 - - [11/Feb/2025:00:14:37 +0100] "GET /ticket2/opencms/system/modules/com.gridnine.opencms.ticketbrokerage.site/resources/js/jquery/jquery.js HTTP/1.1" 200 93868
202.8.40.198 - - [11/Feb/2025:00:14:37 +0100] "GET /ticket2/opencms/system/modules/com.gridnine.opencms.ticketbrokerage.site/resources/css/jquery.fancybox.css HTTP/1.1" 200 4939
202.8.40.198 - - [11/Feb/2025:00:14:37 +0100] "GET /ticket2/opencms/system/modules/com.gridnine.opencms.ticketbrokerage.site/resources/css/standard.css HTTP/1.1" 200 73904
202.8.40.198 - - [11/Feb/2025:00:14:37 +0100] "GET /ticket2/opencms/system/modules/com.gridnine.opencms.ticketbrokerage.site/resources/js/jquery/jquery-ui.js HTTP/1.1" 200 228088
202.8.40.198 - - [11/Feb/2025:00:14:37 +0100] "GET /ticket2/opencms/system/modules/com.gridnine.opencms.ticketbrokerage.site/resources/js/functions.js HTTP/1.1" 200 1583
202.8.40.198 - - [11/Feb/2025:00:14:37 +0100] "GET /ticket2/opencms/system/modules/com.gridnine.opencms.ticketbrokerage.site/resources/js/calendar.js HTTP/1.1" 200 49229
202.8.40.198 - - [11/Feb/2025:00:14:37 +0100] "GET /ticket2/opencms/system/modules/com.gridnine.opencms.ticketbrokerage.site/resources/js/calendar-en.js HTTP/1.1" 200 3338
202.8.40.198 - - [11/Feb/2025:00:14:37 +0100] "GET /ticket2/opencms/system/modules/com.gridnine.opencms.ticketbrokerage.site/resources/js/calendar-setup.js HTTP/1.1" 200 4923
202.8.40.198 - - [11/Feb/2025:00:14:37 +0100] "GET /ticket2/opencms/system/modules/com.gridnine.opencms.ticketbrokerage.site/resources/js/jquery.fancybox.pack.js HTTP/1.1" 200 23187
202.8.40.198 - - [11/Feb/2025:00:14:37 +0100] "GET /ticket2/opencms/system/modules/com.gridnine.opencms.ticketbrokerage.site/resources/js/standard.js HTTP/1.1" 200 3983
202.8.40.198 - - [11/Feb/2025:00:14:37 +0100] "GET /ticket2/opencms/system/modules/com.gridnine.opencms.ticketbrokerage.site/resources/js/stickyfill.min.js HTTP/1.1" 200 5672
202.8.40.198 - - [11/Feb/2025:00:14:37 +0100] "GET /ticket2/opencms/system/modules/com.gridnine.opencms.ticketbrokerage.site/resources/js/jquery.placeholder.min.js HTTP/1.1" 200 1737
202.8.40.198 - - [11/Feb/2025:00:14:37 +0100] "GET /ticket2/opencms/system/modules/com.gridnine.opencms.ticketbrokerage.site/resources/js/common-ajax.js HTTP/1.1" 200 20175
202.8.40.198 - - [11/Feb/2025:00:14:37 +0100] "GET /ticket2/opencms/sq/ask-form.html HTTP/1.1" 200 3156
202.8.40.198 - - [11/Feb/2025:00:14:38 +0100] "GET /ticket2/opencms/system/modules/com.gridnine.opencms.ticketbrokerage.site/resources/css/ticketbrokerage.css HTTP/1.1" 200 39339
67.144.2.241 - - [11/Feb/2025:00:14:38 +0100] "GET /ticket2/opencms/fi/venue/?venueid=4455CA08-4C9A-150A-70CE-D4B8FC02B91F HTTP/1.1" 200 84727
54.36.149.32 - - [11/Feb/2025:00:14:39 +0100] "GET /ticket2/opencms/sv/buy?page=1&edid=2000B814-5798-93BD-839A-CF4F349DB54F HTTP/1.1" 200 109321
192.99.15.34 - - [11/Feb/2025:00:14:40 +0100] "GET /ticket2/opencms/en/login/?edid=97952CC4-C708-9025-9083-6006A53913B2 HTTP/1.1" 200 88018
54.36.148.236 - - [11/Feb/2025:00:14:42 +0100] "GET /ticket2/opencms/nl/buy/?page=6&comcatid=A17713B6-D984-201A-4143-ED4DB5ED5C2E&catid=C871EAE3-C584-718A-9795-07CDEF43FA75 HTTP/1.1" 200 99736
193.70.81.116 - - [11/Feb/2025:00:14:43 +0100] "GET /ticket2/opencms/dk/buy/?page=1&edid=DB78564C-15B8-80D7-4417-3A2B0F9689F8 HTTP/1.1" 200 108345
54.36.148.78 - - [11/Feb/2025:00:14:45 +0100] "GET /ticket2/opencms/ka/buy/?page=1&edid=D814CF62-738F-086E-5F89-CA83500DBA7B HTTP/1.1" 200 115289
192.99.15.34 - - [11/Feb/2025:00:14:46 +0100] "GET /ticket2/opencms/en/login/?edid=A036D254-48CA-326A-6976-9EF3C3BCC6BC HTTP/1.1" 200 88018
67.144.2.241 - - [11/Feb/2025:00:14:47 +0100] "GET /ticket2/opencms/fi/venue/?venueid=47CA5BA9-B4A4-50CF-13AF-7C49E99E252A HTTP/1.1" 200 84679
54.36.148.243 - - [11/Feb/2025:00:14:50 +0100] "GET /ticket2/opencms/mt/buy/?page=1&edid=6C1ED87B-DDA5-3BB2-3EDA-87860E37D5E0 HTTP/1.1" 200 116538
192.99.15.34 - - [11/Feb/2025:00:14:51 +0100] "GET /ticket2/opencms/en/login/?edid=B1A91EDB-F255-C25B-6C02-C3BE04687ACE HTTP/1.1" 200 88018
52.167.144.167 - - [11/Feb/2025:00:14:52 +0100] "GET /ticket2/opencms/sv/magazine/article?title=petas-kylian-mbappe HTTP/1.1" 200 86891
66.249.68.38 - - [11/Feb/2025:00:14:52 +0100] "GET /ticket2/opencms/fr/buy?page=1&edid=1ABC406A-92BD-FDCF-3BD6-80A52E60B34F HTTP/1.1" 200 142671
114.119.130.23 - - [11/Feb/2025:00:14:53 +0100] "GET /ticket2/opencms/es/buy/?page=1&edid=2F959FEF-0277-463A-7AA1-8B479CA506D8 HTTP/1.1" 200 106442
54.36.148.227 - - [11/Feb/2025:00:14:53 +0100] "GET /ticket2/opencms/sq/buy?page=1&edid=0BE732AB-67CD-FDAE-FCB3-FFE731054A7F HTTP/1.1" 200 106568
193.70.81.116 - - [11/Feb/2025:00:14:54 +0100] "GET /ticket2/opencms/dk/buy/?page=1&edid=DBD7C3FF-3D2D-1BC9-F87B-06E7F5EA9FFB HTTP/1.1" 200 107301
66.249.79.8 - - [11/Feb/2025:00:14:55 +0100] "GET /ticket2/opencms/sv/venue/?venueid=1D111B68-FF2E-F846-9D39-C347310597D3 HTTP/1.1" 200 84683
192.99.15.34 - - [11/Feb/2025:00:14:56 +0100] "GET /ticket2/opencms/en/login/?edid=B4285E0E-A58D-ABE6-DA17-011524A15E7C HTTP/1.1" 200 88018
54.36.148.75 - - [11/Feb/2025:00:14:57 +0100] "GET /ticket2/opencms/be/buy/?page=1&edid=D814CF62-738F-086E-5F89-CA83500DBA7B HTTP/1.1" 200 112318
67.144.2.241 - - [11/Feb/2025:00:14:59 +0100] "GET /ticket2/opencms/fi/venue/?venueid=488AC2C1-B7E7-6FF7-2E97-6A5851BF4516 HTTP/1.1" 200 84706
66.249.79.171 - - [11/Feb/2025:00:15:00 +0100] "GET /ticket2/opencms/mt/buy/?page=1&edid=EBF1342E-BB1A-F042-231F-198A898B67BA HTTP/1.1" 200 110333
192.99.15.34 - - [11/Feb/2025:00:15:01 +0100] "GET /ticket2/opencms/en/login/?edid=C3ED752F-CE8E-120C-72C9-1103758F52F8 HTTP/1.1" 200 88018
54.36.149.5 - - [11/Feb/2025:00:15:03 +0100] "GET /ticket2/opencms/dk/buy?page=1&edid=66A41D1B-B106-948F-4ECF-7F8A993B5B86 HTTP/1.1" 200 105139
54.36.148.132 - - [11/Feb/2025:00:15:04 +0100] "GET /ticket2/opencms/hr/buy?page=1&edid=C781C90E-2A4A-BE38-23EB-6039DE2F5FA8 HTTP/1.1" 200 135996
202.8.42.160 - - [11/Feb/2025:00:15:04 +0100] "GET /ticket2/opencms/system/modules/com.gridnine.opencms.ticketbrokerage.site/resources/css/jquery.fancybox.css HTTP/1.1" 200 4939
202.8.42.160 - - [11/Feb/2025:00:15:04 +0100] "GET /ticket2/opencms/system/modules/com.gridnine.opencms.ticketbrokerage.site/resources/css/calendar.css HTTP/1.1" 200 6871
202.8.42.160 - - [11/Feb/2025:00:15:04 +0100] "GET /ticket2/opencms/system/modules/com.gridnine.opencms.ticketbrokerage.site/resources/css/jquery-ui.css HTTP/1.1" 200 33221
202.8.42.160 - - [11/Feb/2025:00:15:04 +0100] "GET /ticket2/opencms/system/modules/com.gridnine.opencms.ticketbrokerage.site/resources/css/standard.css HTTP/1.1" 200 73904
202.8.42.160 - - [11/Feb/2025:00:15:04 +0100] "GET /ticket2/opencms/system/modules/com.gridnine.opencms.ticketbrokerage.site/resources/js/jquery/jquery-ui.js HTTP/1.1" 200 228088
202.8.42.160 - - [11/Feb/2025:00:15:04 +0100] "GET /ticket2/opencms/system/modules/com.gridnine.opencms.ticketbrokerage.site/resources/css/ticketbrokerage.css HTTP/1.1" 200 39339
202.8.42.160 - - [11/Feb/2025:00:15:04 +0100] "GET /ticket2/opencms/system/modules/com.gridnine.opencms.ticketbrokerage.site/resources/js/jquery/jquery.js HTTP/1.1" 200 93868
202.8.42.160 - - [11/Feb/2025:00:15:04 +0100] "GET /ticket2/opencms/system/modules/com.gridnine.opencms.ticketbrokerage.site/resources/js/calendar-en.js HTTP/1.1" 200 3338
202.8.42.160 - - [11/Feb/2025:00:15:04 +0100] "GET /ticket2/opencms/system/modules/com.gridnine.opencms.ticketbrokerage.site/resources/js/functions.js HTTP/1.1" 200 1583
202.8.42.160 - - [11/Feb/2025:00:15:04 +0100] "GET /ticket2/opencms/system/modules/com.gridnine.opencms.ticketbrokerage.site/resources/js/calendar.js HTTP/1.1" 200 49229
202.8.42.160 - - [11/Feb/2025:00:15:04 +0100] "GET /ticket2/opencms/system/modules/com.gridnine.opencms.ticketbrokerage.site/resources/js/calendar-setup.js HTTP/1.1" 200 4923
202.8.42.160 - - [11/Feb/2025:00:15:04 +0100] "GET /ticket2/opencms/system/modules/com.gridnine.opencms.ticketbrokerage.site/resources/js/jquery.fancybox.pack.js HTTP/1.1" 200 23187
202.8.42.160 - - [11/Feb/2025:00:15:04 +0100] "GET /ticket2/opencms/system/modules/com.gridnine.opencms.ticketbrokerage.site/resources/js/stickyfill.min.js HTTP/1.1" 200 5672
202.8.42.160 - - [11/Feb/2025:00:15:04 +0100] "GET /ticket2/opencms/system/modules/com.gridnine.opencms.ticketbrokerage.site/resources/js/standard.js HTTP/1.1" 200 3983
202.8.42.160 - - [11/Feb/2025:00:15:05 +0100] "GET /ticket2/opencms/system/modules/com.gridnine.opencms.ticketbrokerage.site/resources/js/jquery.placeholder.min.js HTTP/1.1" 200 1737
202.8.42.160 - - [11/Feb/2025:00:15:05 +0100] "GET /ticket2/opencms/system/modules/com.gridnine.opencms.ticketbrokerage.site/resources/js/common-ajax.js HTTP/1.1" 200 20175
202.8.42.160 - - [11/Feb/2025:00:15:05 +0100] "GET /ticket2/opencms/dk/ask-form.html HTTP/1.1" 200 2971
202.8.42.160 - - [11/Feb/2025:00:15:05 +0100] "GET /ticket2/opencms/system/modules/com.gridnine.opencms.ticketbrokerage.site/resources/css/ticketbrokerage.css HTTP/1.1" 200 39339
193.70.81.116 - - [11/Feb/2025:00:15:06 +0100] "GET /ticket2/opencms/dk/buy/?page=1&edid=DC067A0C-CE36-3D9C-899A-867F582FFC90 HTTP/1.1" 200 130619
52.167.144.221 - - [11/Feb/2025:00:15:07 +0100] "GET /ticket2/opencms/fi/buy/?page=1&edid=48068E02-4FA3-02E2-3D63-5475325BD481 HTTP/1.1" 200 106241
192.99.15.34 - - [11/Feb/2025:00:15:07 +0100] "GET /ticket2/opencms/en/login/?edid=C870A5FE-8C4E-300E-4FBB-272414224C40 HTTP/1.1" 200 88018
54.36.149.102 - - [11/Feb/2025:00:15:08 +0100] "GET /ticket2/opencms/pl/buy?page=1&edid=1AD4E11C-C792-1721-4D1A-2229101A30FD HTTP/1.1" 200 143025
52.167.144.221 - - [11/Feb/2025:00:15:08 +0100] "GET /ticket2/opencms/de/buy/?page=1&edid=9F75CAFF-859B-AF24-5E2C-871DFD0095F5 HTTP/1.1" 200 110213
202.8.41.93 - - [11/Feb/2025:00:15:09 +0100] "GET /ticket2/opencms/system/modules/com.gridnine.opencms.ticketbrokerage.site/resources/css/jquery-ui.css HTTP/1.1" 200 33221
202.8.41.93 - - [11/Feb/2025:00:15:09 +0100] "GET /ticket2/opencms/system/modules/com.gridnine.opencms.ticketbrokerage.site/resources/css/ticketbrokerage.css HTTP/1.1" 200 39339
202.8.41.93 - - [11/Feb/2025:00:15:09 +0100] "GET /ticket2/opencms/system/modules/com.gridnine.opencms.ticketbrokerage.site/resources/css/calendar.css HTTP/1.1" 200 6871
202.8.41.93 - - [11/Feb/2025:00:15:09 +0100] "GET /ticket2/opencms/system/modules/com.gridnine.opencms.ticketbrokerage.site/resources/css/jquery.fancybox.css HTTP/1.1" 200 4939
202.8.41.93 - - [11/Feb/2025:00:15:09 +0100] "GET /ticket2/opencms/system/modules/com.gridnine.opencms.ticketbrokerage.site/resources/css/standard.css HTTP/1.1" 200 73904
202.8.41.93 - - [11/Feb/2025:00:15:09 +0100] "GET /ticket2/opencms/system/modules/com.gridnine.opencms.ticketbrokerage.site/resources/js/jquery/jquery.js HTTP/1.1" 200 93868
202.8.41.93 - - [11/Feb/2025:00:15:09 +0100] "GET /ticket2/opencms/system/modules/com.gridnine.opencms.ticketbrokerage.site/resources/js/functions.js HTTP/1.1" 200 1583
202.8.41.93 - - [11/Feb/2025:00:15:09 +0100] "GET /ticket2/opencms/system/modules/com.gridnine.opencms.ticketbrokerage.site/resources/js/jquery/jquery-ui.js HTTP/1.1" 200 228088
202.8.41.93 - - [11/Feb/2025:00:15:09 +0100] "GET /ticket2/opencms/system/modules/com.gridnine.opencms.ticketbrokerage.site/resources/js/calendar.js HTTP/1.1" 200 49229
202.8.41.93 - - [11/Feb/2025:00:15:09 +0100] "GET /ticket2/opencms/system/modules/com.gridnine.opencms.ticketbrokerage.site/resources/js/calendar-en.js HTTP/1.1" 200 3338
202.8.41.93 - - [11/Feb/2025:00:15:09 +0100] "GET /ticket2/opencms/system/modules/com.gridnine.opencms.ticketbrokerage.site/resources/js/calendar-setup.js HTTP/1.1" 200 4923
202.8.41.93 - - [11/Feb/2025:00:15:10 +0100] "GET /ticket2/opencms/system/modules/com.gridnine.opencms.ticketbrokerage.site/resources/js/jquery.fancybox.pack.js HTTP/1.1" 200 23187
202.8.41.93 - - [11/Feb/2025:00:15:10 +0100] "GET /ticket2/opencms/system/modules/com.gridnine.opencms.ticketbrokerage.site/resources/js/stickyfill.min.js HTTP/1.1" 200 5672
202.8.41.93 - - [11/Feb/2025:00:15:10 +0100] "GET /ticket2/opencms/system/modules/com.gridnine.opencms.ticketbrokerage.site/resources/js/standard.js HTTP/1.1" 200 3983
202.8.41.93 - - [11/Feb/2025:00:15:10 +0100] "GET /ticket2/opencms/system/modules/com.gridnine.opencms.ticketbrokerage.site/resources/js/jquery.placeholder.min.js HTTP/1.1" 200 1737
202.8.41.93 - - [11/Feb/2025:00:15:10 +0100] "GET /ticket2/opencms/system/modules/com.gridnine.opencms.ticketbrokerage.site/resources/js/common-ajax.js HTTP/1.1" 200 20175
202.8.41.93 - - [11/Feb/2025:00:15:10 +0100] "GET /ticket2/opencms/pl/ask-form.html HTTP/1.1" 200 3156
202.8.41.93 - - [11/Feb/2025:00:15:10 +0100] "GET /ticket2/opencms/system/modules/com.gridnine.opencms.ticketbrokerage.site/resources/css/ticketbrokerage.css HTTP/1.1" 200 39339
192.99.15.34 - - [11/Feb/2025:00:15:11 +0100] "GET /ticket2/opencms/en/login/?edid=FF4505C2-FFFA-5DE4-837C-ABEF90F4517A HTTP/1.1" 200 88018
54.36.149.3 - - [11/Feb/2025:00:15:13 +0100] "GET /ticket2/opencms/sk/magazine/article?title=allsvenskan-svedska-futbalova-premier-league HTTP/1.1" 200 87054
188.130.187.15 - - [11/Feb/2025:00:15:13 +0100] "GET /ticket2/opencms/ru/sport/football HTTP/1.1" 200 88442
54.36.148.157 - - [11/Feb/2025:00:15:15 +0100] "GET /ticket2/opencms/be/buy?page=1&edid=66A41D1B-B106-948F-4ECF-7F8A993B5B86 HTTP/1.1" 200 108666
67.144.2.241 - - [11/Feb/2025:00:15:15 +0100] "GET /ticket2/opencms/fi/venue/?venueid=4B59E4CA-1599-6119-1C68-7B9E529278FF HTTP/1.1" 200 84719
193.70.81.116 - - [11/Feb/2025:00:15:16 +0100] "GET /ticket2/opencms/dk/buy/?page=1&edid=DC4F64BB-84C6-452C-2BFD-138DC45E79DD HTTP/1.1" 200 130512
202.8.42.231 - - [11/Feb/2025:00:15:16 +0100] "GET /ticket2/opencms/system/modules/com.gridnine.opencms.ticketbrokerage.site/resources/css/ticketbrokerage.css HTTP/1.1" 200 39339
202.8.42.231 - - [11/Feb/2025:00:15:16 +0100] "GET /ticket2/opencms/system/modules/com.gridnine.opencms.ticketbrokerage.site/resources/css/standard.css HTTP/1.1" 200 73904
202.8.42.231 - - [11/Feb/2025:00:15:16 +0100] "GET /ticket2/opencms/system/modules/com.gridnine.opencms.ticketbrokerage.site/resources/css/calendar.css HTTP/1.1" 200 6871
202.8.42.231 - - [11/Feb/2025:00:15:16 +0100] "GET /ticket2/opencms/system/modules/com.gridnine.opencms.ticketbrokerage.site/resources/css/jquery.fancybox.css HTTP/1.1" 200 4939
202.8.42.231 - - [11/Feb/2025:00:15:16 +0100] "GET /ticket2/opencms/system/modules/com.gridnine.opencms.ticketbrokerage.site/resources/css/jquery-ui.css HTTP/1.1" 200 33221
202.8.42.231 - - [11/Feb/2025:00:15:16 +0100] "GET /ticket2/opencms/system/modules/com.gridnine.opencms.ticketbrokerage.site/resources/js/jquery/jquery.js HTTP/1.1" 200 93868
202.8.42.231 - - [11/Feb/2025:00:15:16 +0100] "GET /ticket2/opencms/system/modules/com.gridnine.opencms.ticketbrokerage.site/resources/js/functions.js HTTP/1.1" 200 1583
202.8.42.231 - - [11/Feb/2025:00:15:16 +0100] "GET /ticket2/opencms/system/modules/com.gridnine.opencms.ticketbrokerage.site/resources/js/jquery/jquery-ui.js HTTP/1.1" 200 228088
202.8.42.231 - - [11/Feb/2025:00:15:16 +0100] "GET /ticket2/opencms/system/modules/com.gridnine.opencms.ticketbrokerage.site/resources/js/calendar.js HTTP/1.1" 200 49229
202.8.42.231 - - [11/Feb/2025:00:15:16 +0100] "GET /ticket2/opencms/system/modules/com.gridnine.opencms.ticketbrokerage.site/resources/js/calendar-en.js HTTP/1.1" 200 3338
202.8.42.231 - - [11/Feb/2025:00:15:16 +0100] "GET /ticket2/opencms/system/modules/com.gridnine.opencms.ticketbrokerage.site/resources/js/calendar-setup.js HTTP/1.1" 200 4923
202.8.42.231 - - [11/Feb/2025:00:15:16 +0100] "GET /ticket2/opencms/system/modules/com.gridnine.opencms.ticketbrokerage.site/resources/js/jquery.fancybox.pack.js HTTP/1.1" 200 23187
202.8.42.231 - - [11/Feb/2025:00:15:16 +0100] "GET /ticket2/opencms/system/modules/com.gridnine.opencms.ticketbrokerage.site/resources/js/standard.js HTTP/1.1" 200 3983
202.8.42.231 - - [11/Feb/2025:00:15:16 +0100] "GET /ticket2/opencms/system/modules/com.gridnine.opencms.ticketbrokerage.site/resources/js/stickyfill.min.js HTTP/1.1" 200 5672
202.8.42.231 - - [11/Feb/2025:00:15:17 +0100] "GET /ticket2/opencms/system/modules/com.gridnine.opencms.ticketbrokerage.site/resources/js/jquery.placeholder.min.js HTTP/1.1" 200 1737
202.8.42.231 - - [11/Feb/2025:00:15:17 +0100] "GET /ticket2/opencms/system/modules/com.gridnine.opencms.ticketbrokerage.site/resources/js/common-ajax.js HTTP/1.1" 200 20175
202.8.42.231 - - [11/Feb/2025:00:15:17 +0100] "GET /ticket2/opencms/be/ask-form.html HTTP/1.1" 200 3156
202.8.42.231 - - [11/Feb/2025:00:15:17 +0100] "GET /ticket2/opencms/system/modules/com.gridnine.opencms.ticketbrokerage.site/resources/css/ticketbrokerage.css HTTP/1.1" 200 39339
90.236.24.174 - - [11/Feb/2025:00:15:18 +0100] "GET /ticket2/opencms/sv/musikal/billy_elliot/ HTTP/1.1" 200 85407
90.236.24.174 - - [11/Feb/2025:00:15:18 +0100] "GET /ticket2/opencms/system/modules/com.gridnine.opencms.ticketbrokerage.site/resources/css/ticketbrokerage.css HTTP/1.1" 200 39339
90.236.24.174 - - [11/Feb/2025:00:15:18 +0100] "GET /ticket2/opencms/system/modules/com.gridnine.opencms.ticketbrokerage.site/resources/css/calendar.css HTTP/1.1" 200 6871
90.236.24.174 - - [11/Feb/2025:00:15:18 +0100] "GET /ticket2/opencms/system/modules/com.gridnine.opencms.ticketbrokerage.site/resources/css/jquery-ui.css HTTP/1.1" 200 33221
90.236.24.174 - - [11/Feb/2025:00:15:18 +0100] "GET /ticket2/opencms/system/modules/com.gridnine.opencms.ticketbrokerage.site/resources/css/standard.css HTTP/1.1" 200 73904
90.236.24.174 - - [11/Feb/2025:00:15:18 +0100] "GET /ticket2/opencms/system/modules/com.gridnine.opencms.ticketbrokerage.site/resources/css/jquery.fancybox.css HTTP/1.1" 200 4939
90.236.24.174 - - [11/Feb/2025:00:15:18 +0100] "GET /ticket2/opencms/system/modules/com.gridnine.opencms.ticketbrokerage.site/resources/js/jquery/jquery.js HTTP/1.1" 200 93868
90.236.24.174 - - [11/Feb/2025:00:15:18 +0100] "GET /ticket2/opencms/system/modules/com.gridnine.opencms.ticketbrokerage.site/resources/js/functions.js HTTP/1.1" 200 1583
90.236.24.174 - - [11/Feb/2025:00:15:18 +0100] "GET /ticket2/opencms/system/modules/com.gridnine.opencms.ticketbrokerage.site/resources/js/jquery/jquery-ui.js HTTP/1.1" 200 228088
90.236.24.174 - - [11/Feb/2025:00:15:18 +0100] "GET /ticket2/opencms/system/modules/com.gridnine.opencms.ticketbrokerage.site/resources/js/calendar.js HTTP/1.1" 200 49229
90.236.24.174 - - [11/Feb/2025:00:15:18 +0100] "GET /ticket2/opencms/system/modules/com.gridnine.opencms.ticketbrokerage.site/resources/js/calendar-en.js HTTP/1.1" 200 3338
90.236.24.174 - - [11/Feb/2025:00:15:18 +0100] "GET /ticket2/opencms/system/modules/com.gridnine.opencms.ticketbrokerage.site/resources/js/calendar-setup.js HTTP/1.1" 200 4923
90.236.24.174 - - [11/Feb/2025:00:15:18 +0100] "GET /ticket2/opencms/system/modules/com.gridnine.opencms.ticketbrokerage.site/resources/js/jquery.fancybox.pack.js HTTP/1.1" 200 23187
90.236.24.174 - - [11/Feb/2025:00:15:18 +0100] "GET /ticket2/opencms/system/modules/com.gridnine.opencms.ticketbrokerage.site/resources/js/stickyfill.min.js HTTP/1.1" 200 5672
90.236.24.174 - - [11/Feb/2025:00:15:18 +0100] "GET /ticket2/opencms/img/icons/en.png HTTP/1.1" 200 2415
90.236.24.174 - - [11/Feb/2025:00:15:18 +0100] "GET /ticket2/opencms/system/modules/com.gridnine.opencms.ticketbrokerage.site/resources/js/standard.js HTTP/1.1" 200 3983
90.236.24.174 - - [11/Feb/2025:00:15:18 +0100] "GET /ticket2/opencms/system/modules/com.gridnine.opencms.ticketbrokerage.site/resources/js/common-ajax.js HTTP/1.1" 200 20175
90.236.24.174 - - [11/Feb/2025:00:15:18 +0100] "GET /ticket2/opencms/system/modules/com.gridnine.opencms.ticketbrokerage.site/resources/js/jquery.placeholder.min.js HTTP/1.1" 200 1737
90.236.24.174 - - [11/Feb/2025:00:15:18 +0100] "GET /ticket2/opencms/system/modules/com.gridnine.opencms.ticketbrokerage.site/resources/pics/logo-new.png HTTP/1.1" 200 13541
90.236.24.174 - - [11/Feb/2025:00:15:18 +0100] "GET /ticket2/opencms/img/icons/se.png HTTP/1.1" 200 1258
90.236.24.174 - - [11/Feb/2025:00:15:18 +0100] "GET /ticket2/opencms/img/insta.png HTTP/1.1" 200 3967
90.236.24.174 - - [11/Feb/2025:00:15:18 +0100] "GET /ticket2/opencms/img/fb.png HTTP/1.1" 200 1269
90.236.24.174 - - [11/Feb/2025:00:15:18 +0100] "GET /ticket2/opencms/system/galleries/pics/pics_links/visa_biljetter.gif HTTP/1.1" 200 4616
90.236.24.174 - - [11/Feb/2025:00:15:18 +0100] "GET /ticket2/opencms/img/icons/fi.png HTTP/1.1" 200 1785
90.236.24.174 - - [11/Feb/2025:00:15:18 +0100] "GET /ticket2/opencms/system/modules/com.gridnine.opencms.ticketbrokerage.site/resources/pics/footer-img.jpg HTTP/1.1" 200 67642
90.236.24.174 - - [11/Feb/2025:00:15:18 +0100] "GET /ticket2/opencms/img/chat.png HTTP/1.1" 200 416
90.236.24.174 - - [11/Feb/2025:00:15:18 +0100] "GET /ticket2/opencms/img/mail.png HTTP/1.1" 200 403
90.236.24.174 - - [11/Feb/2025:00:15:18 +0100] "GET /ticket2/opencms/img/check.png HTTP/1.1" 200 548
90.236.24.174 - - [11/Feb/2025:00:15:18 +0100] "GET /ticket2/opencms/img/arrow.png HTTP/1.1" 200 753
114.119.154.207 - - [11/Feb/2025:00:15:18 +0100] "GET /ticket2/opencms/es/buy?page=1&edid=F1463EBE-6C18-CF49-B2AE-F79868BCA4F5 HTTP/1.1" 200 139442
54.36.148.180 - - [11/Feb/2025:00:15:19 +0100] "GET /ticket2/opencms/et/buy/?page=1&edid=78E4B91C-1F75-6F0B-081E-2F48F65F6C41 HTTP/1.1" 200 108871
90.236.24.174 - - [11/Feb/2025:00:15:19 +0100] "GET /ticket2/opencms/img/icons/fi.png HTTP/1.1" 200 1785
90.236.24.174 - - [11/Feb/2025:00:15:19 +0100] "GET /ticket2/opencms/img/icons/se.png HTTP/1.1" 200 1258
90.236.24.174 - - [11/Feb/2025:00:15:19 +0100] "GET /ticket2/opencms/img/icons/globe-white.png HTTP/1.1" 200 947
90.236.24.174 - - [11/Feb/2025:00:15:19 +0100] "GET /ticket2/opencms/img/icons/dk.png HTTP/1.1" 200 1706
90.236.24.174 - - [11/Feb/2025:00:15:19 +0100] "GET /ticket2/opencms/img/icons/no.png HTTP/1.1" 200 1958
90.236.24.174 - - [11/Feb/2025:00:15:19 +0100] "GET /ticket2/opencms/img/icons/nl.png HTTP/1.1" 200 1255
90.236.24.174 - - [11/Feb/2025:00:15:19 +0100] "GET /ticket2/opencms/img/icons/de.png HTTP/1.1" 200 1124
90.236.24.174 - - [11/Feb/2025:00:15:19 +0100] "GET /ticket2/opencms/img/icons/fr.png HTTP/1.1" 200 1764
90.236.24.174 - - [11/Feb/2025:00:15:19 +0100] "GET /ticket2/opencms/img/icons/pl.png HTTP/1.1" 200 1578
90.236.24.174 - - [11/Feb/2025:00:15:19 +0100] "GET /ticket2/opencms/img/icons/es.png HTTP/1.1" 200 1005
90.236.24.174 - - [11/Feb/2025:00:15:19 +0100] "GET /ticket2/opencms/img/icons/it.png HTTP/1.1" 200 2040
90.236.24.174 - - [11/Feb/2025:00:15:19 +0100] "GET /ticket2/opencms/img/icons/sq.png HTTP/1.1" 200 1619
90.236.24.174 - - [11/Feb/2025:00:15:19 +0100] "GET /ticket2/opencms/img/icons/az.png HTTP/1.1" 200 1445
90.236.24.174 - - [11/Feb/2025:00:15:19 +0100] "GET /ticket2/opencms/img/icons/be.png HTTP/1.1" 200 1663
90.236.24.174 - - [11/Feb/2025:00:15:19 +0100] "GET /ticket2/opencms/img/icons/hr.png HTTP/1.1" 200 2024
90.236.24.174 - - [11/Feb/2025:00:15:19 +0100] "GET /ticket2/opencms/img/icons/bg.png HTTP/1.1" 200 788
90.236.24.174 - - [11/Feb/2025:00:15:19 +0100] "GET /ticket2/opencms/img/icons/bs.png HTTP/1.1" 200 1014
90.236.24.174 - - [11/Feb/2025:00:15:19 +0100] "GET /ticket2/opencms/img/icons/cs.png HTTP/1.1" 200 1883
90.236.24.174 - - [11/Feb/2025:00:15:19 +0100] "GET /ticket2/opencms/img/icons/et.png HTTP/1.1" 200 754
90.236.24.174 - - [11/Feb/2025:00:15:19 +0100] "GET /ticket2/opencms/img/icons/el.png HTTP/1.1" 200 1637
90.236.24.174 - - [11/Feb/2025:00:15:19 +0100] "GET /ticket2/opencms/img/icons/hu.png HTTP/1.1" 200 733
90.236.24.174 - - [11/Feb/2025:00:15:20 +0100] "GET /ticket2/opencms/img/icons/ga.png HTTP/1.1" 200 1759
90.236.24.174 - - [11/Feb/2025:00:15:20 +0100] "GET /ticket2/opencms/img/icons/ka.png HTTP/1.1" 200 860
90.236.24.174 - - [11/Feb/2025:00:15:20 +0100] "GET /ticket2/opencms/img/icons/lt.png HTTP/1.1" 200 733
90.236.24.174 - - [11/Feb/2025:00:15:20 +0100] "GET /ticket2/opencms/img/icons/lv.png HTTP/1.1" 200 716
90.236.24.174 - - [11/Feb/2025:00:15:20 +0100] "GET /ticket2/opencms/img/icons/is.png HTTP/1.1" 200 1884
90.236.24.174 - - [11/Feb/2025:00:15:20 +0100] "GET /ticket2/opencms/img/icons/mt.png HTTP/1.1" 200 920
90.236.24.174 - - [11/Feb/2025:00:15:20 +0100] "GET /ticket2/opencms/img/icons/sr.png HTTP/1.1" 200 1602
90.236.24.174 - - [11/Feb/2025:00:15:20 +0100] "GET /ticket2/opencms/img/icons/sl.png HTTP/1.1" 200 966
90.236.24.174 - - [11/Feb/2025:00:15:20 +0100] "GET /ticket2/opencms/img/icons/mo.png HTTP/1.1" 200 1468
90.236.24.174 - - [11/Feb/2025:00:15:20 +0100] "GET /ticket2/opencms/img/icons/sk.png HTTP/1.1" 200 1283
90.236.24.174 - - [11/Feb/2025:00:15:20 +0100] "GET /ticket2/opencms/img/icons/ro.png HTTP/1.1" 200 1393
90.236.24.174 - - [11/Feb/2025:00:15:20 +0100] "GET /ticket2/opencms/img/icons/uk.png HTTP/1.1" 200 1272
90.236.24.174 - - [11/Feb/2025:00:15:20 +0100] "GET /ticket2/opencms/img/icons/tr.png HTTP/1.1" 200 1636
90.236.24.174 - - [11/Feb/2025:00:15:20 +0100] "GET /ticket2/opencms/img/icons/ticket2.thumbnail.png HTTP/1.1" 200 21519
90.236.24.174 - - [11/Feb/2025:00:15:20 +0100] "GET /ticket2/opencms/system/modules/com.gridnine.opencms.ticketbrokerage.site/resources/js/standard.js HTTP/1.1" 200 3983
192.99.15.34 - - [11/Feb/2025:00:15:21 +0100] "GET /ticket2/opencms/fi/buy/?page=1&edid=9851F89D-25C5-636F-1201-72CBFD364D7C&sortorder=asc&column=price HTTP/1.1" 200 109762
54.36.148.86 - - [11/Feb/2025:00:15:22 +0100] "GET /ticket2/opencms/no/buy?page=1&edid=66A41D1B-B106-948F-4ECF-7F8A993B5B86 HTTP/1.1" 200 105950
66.249.79.167 - - [11/Feb/2025:00:15:22 +0100] "GET /ticket2/opencms/pl/buy/?page=1&edid=0C675B35-F010-2227-D951-9B816929F720 HTTP/1.1" 200 116086
202.8.40.253 - - [11/Feb/2025:00:15:23 +0100] "GET /ticket2/opencms/system/modules/com.gridnine.opencms.ticketbrokerage.site/resources/css/standard.css HTTP/1.1" 200 73904
202.8.40.253 - - [11/Feb/2025:00:15:23 +0100] "GET /ticket2/opencms/system/modules/com.gridnine.opencms.ticketbrokerage.site/resources/css/calendar.css HTTP/1.1" 200 6871
202.8.40.253 - - [11/Feb/2025:00:15:23 +0100] "GET /ticket2/opencms/system/modules/com.gridnine.opencms.ticketbrokerage.site/resources/css/jquery-ui.css HTTP/1.1" 200 33221
202.8.40.253 - - [11/Feb/2025:00:15:23 +0100] "GET /ticket2/opencms/system/modules/com.gridnine.opencms.ticketbrokerage.site/resources/css/ticketbrokerage.css HTTP/1.1" 200 39339
202.8.40.253 - - [11/Feb/2025:00:15:23 +0100] "GET /ticket2/opencms/system/modules/com.gridnine.opencms.ticketbrokerage.site/resources/js/functions.js HTTP/1.1" 200 1583
202.8.40.253 - - [11/Feb/2025:00:15:23 +0100] "GET /ticket2/opencms/system/modules/com.gridnine.opencms.ticketbrokerage.site/resources/css/jquery.fancybox.css HTTP/1.1" 200 4939
202.8.40.253 - - [11/Feb/2025:00:15:23 +0100] "GET /ticket2/opencms/system/modules/com.gridnine.opencms.ticketbrokerage.site/resources/js/jquery/jquery.js HTTP/1.1" 200 93868
202.8.40.253 - - [11/Feb/2025:00:15:23 +0100] "GET /ticket2/opencms/system/modules/com.gridnine.opencms.ticketbrokerage.site/resources/js/jquery/jquery-ui.js HTTP/1.1" 200 228088
202.8.40.253 - - [11/Feb/2025:00:15:23 +0100] "GET /ticket2/opencms/system/modules/com.gridnine.opencms.ticketbrokerage.site/resources/js/calendar-en.js HTTP/1.1" 200 3338
202.8.40.253 - - [11/Feb/2025:00:15:23 +0100] "GET /ticket2/opencms/system/modules/com.gridnine.opencms.ticketbrokerage.site/resources/js/jquery.fancybox.pack.js HTTP/1.1" 200 23187
202.8.40.253 - - [11/Feb/2025:00:15:23 +0100] "GET /ticket2/opencms/system/modules/com.gridnine.opencms.ticketbrokerage.site/resources/js/calendar-setup.js HTTP/1.1" 200 4923
202.8.40.253 - - [11/Feb/2025:00:15:23 +0100] "GET /ticket2/opencms/system/modules/com.gridnine.opencms.ticketbrokerage.site/resources/js/calendar.js HTTP/1.1" 200 49229
202.8.40.253 - - [11/Feb/2025:00:15:23 +0100] "GET /ticket2/opencms/system/modules/com.gridnine.opencms.ticketbrokerage.site/resources/js/stickyfill.min.js HTTP/1.1" 200 5672
202.8.40.253 - - [11/Feb/2025:00:15:23 +0100] "GET /ticket2/opencms/system/modules/com.gridnine.opencms.ticketbrokerage.site/resources/js/standard.js HTTP/1.1" 200 3983
202.8.40.253 - - [11/Feb/2025:00:15:23 +0100] "GET /ticket2/opencms/system/modules/com.gridnine.opencms.ticketbrokerage.site/resources/js/jquery.placeholder.min.js HTTP/1.1" 200 1737
202.8.40.253 - - [11/Feb/2025:00:15:24 +0100] "GET /ticket2/opencms/system/modules/com.gridnine.opencms.ticketbrokerage.site/resources/js/common-ajax.js HTTP/1.1" 200 20175
202.8.40.253 - - [11/Feb/2025:00:15:24 +0100] "GET /ticket2/opencms/no/ask-form.html HTTP/1.1" 200 2919
202.8.40.253 - - [11/Feb/2025:00:15:24 +0100] "GET /ticket2/opencms/system/modules/com.gridnine.opencms.ticketbrokerage.site/resources/css/ticketbrokerage.css HTTP/1.1" 200 39339
66.249.76.43 - - [11/Feb/2025:00:15:24 +0100] "GET /ticket2/opencms/fr/buy/?page=1&edid=E3251761-EB52-79D3-066B-585D4F470E3B HTTP/1.1" 200 115972
193.70.81.116 - - [11/Feb/2025:00:15:25 +0100] "GET /ticket2/opencms/dk/buy/?page=1&edid=DC8C6DF9-1F64-EF64-EDCA-FE833C9E28DD HTTP/1.1" 200 105127
52.167.144.221 - - [11/Feb/2025:00:15:26 +0100] "GET /ticket2/opencms/fr/buy?page=1&edid=9C60BBFE-9C73-46AB-B7BB-B6C2E686F1CD&sortorder=desc&column=row HTTP/1.1" 200 107068
54.36.149.6 - - [11/Feb/2025:00:15:26 +0100] "GET /ticket2/opencms/pl/buy/?page=1&edid=7608A35C-00D9-64A3-BF47-D099F0A5B944 HTTP/1.1" 200 106362
54.36.148.194 - - [11/Feb/2025:00:15:28 +0100] "GET /ticket2/opencms/fr/buy/?page=1&edid=9F0345A6-D15A-0100-D9B9-6EC7F0C4DCD6 HTTP/1.1" 200 108723
67.144.2.241 - - [11/Feb/2025:00:15:31 +0100] "GET /ticket2/opencms/fi/venue/?venueid=4DC8FB9D-B80E-E873-CA20-DF6B75642113 HTTP/1.1" 200 84689
47.128.50.55 - - [11/Feb/2025:00:15:32 +0100] "GET /ticket2/opencms/fi/magazine/article?title=uusi-sopimus-18-vuotiaalle-archie-graylle HTTP/1.1" 200 87011
54.36.149.58 - - [11/Feb/2025:00:15:33 +0100] "GET /ticket2/opencms/sv/buy/?page=1&edid=AC8F7448-8C97-BB58-DCF6-B6425E43C512 HTTP/1.1" 200 106057
193.70.81.116 - - [11/Feb/2025:00:15:33 +0100] "GET /ticket2/opencms/dk/buy/?page=1&edid=DCF8A7C5-61E0-96AC-DB14-A34E73853787 HTTP/1.1" 200 108193
54.36.149.4 - - [11/Feb/2025:00:15:37 +0100] "GET /ticket2/opencms/de/buy?page=1&edid=5CC4C245-B3B0-1B51-B1DB-D9E8D9C1C476 HTTP/1.1" 200 122365
192.99.15.34 - - [11/Feb/2025:00:15:38 +0100] "GET /ticket2/opencms/fi/buy/?page=1&edid=9851F89D-25C5-636F-1201-72CBFD364D7C&sortorder=desc&column=price HTTP/1.1" 200 109794
40.77.167.36 - - [11/Feb/2025:00:15:38 +0100] "GET /ticket2/opencms/sr/buy/?page=1&edid=1BEE5A38-DD94-3509-3225-C4A2986A386D HTTP/1.1" 200 109678
202.8.43.215 - - [11/Feb/2025:00:15:38 +0100] "GET /ticket2/opencms/system/modules/com.gridnine.opencms.ticketbrokerage.site/resources/css/calendar.css HTTP/1.1" 200 6871
202.8.43.215 - - [11/Feb/2025:00:15:38 +0100] "GET /ticket2/opencms/system/modules/com.gridnine.opencms.ticketbrokerage.site/resources/css/jquery.fancybox.css HTTP/1.1" 200 4939
202.8.43.215 - - [11/Feb/2025:00:15:38 +0100] "GET /ticket2/opencms/system/modules/com.gridnine.opencms.ticketbrokerage.site/resources/css/jquery-ui.css HTTP/1.1" 200 33221
202.8.43.215 - - [11/Feb/2025:00:15:38 +0100] "GET /ticket2/opencms/system/modules/com.gridnine.opencms.ticketbrokerage.site/resources/css/ticketbrokerage.css HTTP/1.1" 200 39339
202.8.43.215 - - [11/Feb/2025:00:15:38 +0100] "GET /ticket2/opencms/system/modules/com.gridnine.opencms.ticketbrokerage.site/resources/css/standard.css HTTP/1.1" 200 73904
202.8.43.215 - - [11/Feb/2025:00:15:38 +0100] "GET /ticket2/opencms/system/modules/com.gridnine.opencms.ticketbrokerage.site/resources/js/jquery/jquery.js HTTP/1.1" 200 93868
202.8.43.215 - - [11/Feb/2025:00:15:38 +0100] "GET /ticket2/opencms/system/modules/com.gridnine.opencms.ticketbrokerage.site/resources/js/calendar.js HTTP/1.1" 200 49229
202.8.43.215 - - [11/Feb/2025:00:15:38 +0100] "GET /ticket2/opencms/system/modules/com.gridnine.opencms.ticketbrokerage.site/resources/js/functions.js HTTP/1.1" 200 1583
202.8.43.215 - - [11/Feb/2025:00:15:38 +0100] "GET /ticket2/opencms/system/modules/com.gridnine.opencms.ticketbrokerage.site/resources/js/calendar-en.js HTTP/1.1" 200 3338
202.8.43.215 - - [11/Feb/2025:00:15:38 +0100] "GET /ticket2/opencms/system/modules/com.gridnine.opencms.ticketbrokerage.site/resources/js/calendar-setup.js HTTP/1.1" 200 4923
202.8.43.215 - - [11/Feb/2025:00:15:38 +0100] "GET /ticket2/opencms/system/modules/com.gridnine.opencms.ticketbrokerage.site/resources/js/jquery/jquery-ui.js HTTP/1.1" 200 228088
