66.249.79.172 - - [11/Feb/2025:00:24:30 +0100] "GET /ticket2/opencms/fr/buy/?page=1&edid=92C32EFB-1ABC-12BA-1886-A9767DA4FF70 HTTP/1.1" 200 106170
193.70.81.116 - - [11/Feb/2025:00:24:30 +0100] "GET /ticket2/opencms/en/buy/?page=1&edid=1291CD6B-4651-52CC-8D36-B0FB58FEEDFA HTTP/1.1" 200 125988
47.128.33.172 - - [11/Feb/2025:00:24:31 +0100] "GET /ticket2/opencms/img/mail.png HTTP/1.1" 200 403
192.99.15.34 - - [11/Feb/2025:00:24:31 +0100] "GET /ticket2/opencms/no/buy/?page=1&edid=20D0A50F-DC01-8C36-3990-4CFF36FD7BF1&sortorder=desc&column=section HTTP/1.1" 200 109725
114.119.151.50 - - [11/Feb/2025:00:24:35 +0100] "GET /ticket2/opencms/es/buy/?page=1&edid=176C6667-42C1-1632-7378-F783D5B7C94D HTTP/1.1" 200 110126
193.70.81.116 - - [11/Feb/2025:00:24:36 +0100] "GET /ticket2/opencms/en/buy/?page=1&edid=13FD52ED-2424-BEB8-F194-ACEDB9434F70 HTTP/1.1" 200 114144
45.135.148.41 - - [11/Feb/2025:00:24:37 +0100] "GET /ticket2/opencms/de/.git/config HTTP/1.1" 404 -
54.36.149.8 - - [11/Feb/2025:00:24:39 +0100] "GET /ticket2/opencms/az/buy?page=1&edid=AAD8B8EA-9AED-21A9-2967-40D5EB8A5581 HTTP/1.1" 200 106865
193.70.81.116 - - [11/Feb/2025:00:24:40 +0100] "GET /ticket2/opencms/en/buy/?page=1&edid=14013EF7-6169-73E5-B4B7-580B3204AD77 HTTP/1.1" 200 106795
192.99.15.34 - - [11/Feb/2025:00:24:40 +0100] "GET /ticket2/opencms/no/buy/?page=1&edid=244792DB-2B95-DDFE-17C6-89F982F2033C&sortorder=desc&column=price HTTP/1.1" 200 106914
202.8.40.156 - - [11/Feb/2025:00:24:40 +0100] "GET /ticket2/opencms/system/modules/com.gridnine.opencms.ticketbrokerage.site/resources/css/jquery.fancybox.css HTTP/1.1" 200 4939
202.8.40.156 - - [11/Feb/2025:00:24:40 +0100] "GET /ticket2/opencms/system/modules/com.gridnine.opencms.ticketbrokerage.site/resources/css/jquery-ui.css HTTP/1.1" 200 33221
202.8.40.156 - - [11/Feb/2025:00:24:40 +0100] "GET /ticket2/opencms/system/modules/com.gridnine.opencms.ticketbrokerage.site/resources/css/calendar.css HTTP/1.1" 200 6871
202.8.40.156 - - [11/Feb/2025:00:24:40 +0100] "GET /ticket2/opencms/system/modules/com.gridnine.opencms.ticketbrokerage.site/resources/css/ticketbrokerage.css HTTP/1.1" 200 39339
202.8.40.156 - - [11/Feb/2025:00:24:40 +0100] "GET /ticket2/opencms/system/modules/com.gridnine.opencms.ticketbrokerage.site/resources/css/standard.css HTTP/1.1" 200 73904
202.8.40.156 - - [11/Feb/2025:00:24:40 +0100] "GET /ticket2/opencms/system/modules/com.gridnine.opencms.ticketbrokerage.site/resources/js/jquery/jquery-ui.js HTTP/1.1" 200 228088
202.8.40.156 - - [11/Feb/2025:00:24:40 +0100] "GET /ticket2/opencms/system/modules/com.gridnine.opencms.ticketbrokerage.site/resources/js/jquery/jquery.js HTTP/1.1" 200 93868
202.8.40.156 - - [11/Feb/2025:00:24:40 +0100] "GET /ticket2/opencms/system/modules/com.gridnine.opencms.ticketbrokerage.site/resources/js/functions.js HTTP/1.1" 200 1583
202.8.40.156 - - [11/Feb/2025:00:24:40 +0100] "GET /ticket2/opencms/system/modules/com.gridnine.opencms.ticketbrokerage.site/resources/js/calendar.js HTTP/1.1" 200 49229
202.8.40.156 - - [11/Feb/2025:00:24:40 +0100] "GET /ticket2/opencms/system/modules/com.gridnine.opencms.ticketbrokerage.site/resources/js/calendar-en.js HTTP/1.1" 200 3338
202.8.40.156 - - [11/Feb/2025:00:24:40 +0100] "GET /ticket2/opencms/system/modules/com.gridnine.opencms.ticketbrokerage.site/resources/js/calendar-setup.js HTTP/1.1" 200 4923
202.8.40.156 - - [11/Feb/2025:00:24:41 +0100] "GET /ticket2/opencms/system/modules/com.gridnine.opencms.ticketbrokerage.site/resources/js/jquery.fancybox.pack.js HTTP/1.1" 200 23187
202.8.40.156 - - [11/Feb/2025:00:24:41 +0100] "GET /ticket2/opencms/system/modules/com.gridnine.opencms.ticketbrokerage.site/resources/js/standard.js HTTP/1.1" 200 3983
202.8.40.156 - - [11/Feb/2025:00:24:41 +0100] "GET /ticket2/opencms/system/modules/com.gridnine.opencms.ticketbrokerage.site/resources/js/stickyfill.min.js HTTP/1.1" 200 5672
202.8.40.156 - - [11/Feb/2025:00:24:41 +0100] "GET /ticket2/opencms/system/modules/com.gridnine.opencms.ticketbrokerage.site/resources/js/jquery.placeholder.min.js HTTP/1.1" 200 1737
202.8.40.156 - - [11/Feb/2025:00:24:41 +0100] "GET /ticket2/opencms/system/modules/com.gridnine.opencms.ticketbrokerage.site/resources/js/common-ajax.js HTTP/1.1" 200 20175
202.8.40.156 - - [11/Feb/2025:00:24:41 +0100] "GET /ticket2/opencms/az/ask-form.html HTTP/1.1" 200 3156
202.8.40.156 - - [11/Feb/2025:00:24:41 +0100] "GET /ticket2/opencms/system/modules/com.gridnine.opencms.ticketbrokerage.site/resources/css/ticketbrokerage.css HTTP/1.1" 200 39339
67.144.2.241 - - [11/Feb/2025:00:24:43 +0100] "GET /ticket2/opencms/sv/buy/?page=1&edid=158E9EFC-96A0-FA70-0728-0C4C5382F12E HTTP/1.1" 200 106067
193.70.81.116 - - [11/Feb/2025:00:24:44 +0100] "GET /ticket2/opencms/en/buy/?page=1&edid=1499F703-DFC9-3CEE-AC19-8B22C17A288A HTTP/1.1" 200 104752
85.208.96.208 - - [11/Feb/2025:00:24:46 +0100] "GET /ticket2/opencms/no/magazine/article?title=newcastle-upon-tyne HTTP/1.1" 200 86785
52.167.144.229 - - [11/Feb/2025:00:24:47 +0100] "GET /ticket2/opencms/it/buy?page=1&edid=86620D96-B3F6-1C8A-460F-CA4D22908DD2 HTTP/1.1" 200 109869
193.70.81.116 - - [11/Feb/2025:00:24:49 +0100] "GET /ticket2/opencms/en/buy/?page=1&edid=150C2B47-38EB-0C0E-C664-5F863E9426DB HTTP/1.1" 200 131265
54.36.149.4 - - [11/Feb/2025:00:24:50 +0100] "GET /ticket2/opencms/pl/buy/?page=1&edid=C00598F3-771F-F2DA-6AD6-13D480F47A05 HTTP/1.1" 200 106345
45.135.148.41 - - [11/Feb/2025:00:24:52 +0100] "GET /ticket2/opencms/de/.git/FETCH_HEAD HTTP/1.1" 404 -
192.99.15.34 - - [11/Feb/2025:00:24:54 +0100] "GET /ticket2/opencms/no/buy/?page=1&edid=2580EFD9-5BA4-738B-D051-8FCD624442F6&sortorder=desc&column=price HTTP/1.1" 200 110069
193.70.81.116 - - [11/Feb/2025:00:24:54 +0100] "GET /ticket2/opencms/en/buy/?page=1&edid=151755CC-6470-A9AF-4FE7-BAC9FAA3C886 HTTP/1.1" 200 106799
54.36.148.54 - - [11/Feb/2025:00:24:55 +0100] "GET /ticket2/opencms/az/buy?page=1&edid=76EAECA7-64F4-2580-38CA-B14BCC95A1C5 HTTP/1.1" 200 116639
66.249.68.38 - - [11/Feb/2025:00:24:56 +0100] "GET /ticket2/opencms/fr/buy?page=1&edid=750C6040-29F7-425D-A24F-51B977F415A3 HTTP/1.1" 200 134332
114.119.141.206 - - [11/Feb/2025:00:24:56 +0100] "GET /ticket2/opencms/es/buy/?page=1&edid=16BA48F9-E787-F00A-EC7D-F97A99AECBFB HTTP/1.1" 200 119711
202.8.42.129 - - [11/Feb/2025:00:24:56 +0100] "GET /ticket2/opencms/system/modules/com.gridnine.opencms.ticketbrokerage.site/resources/css/calendar.css HTTP/1.1" 200 6871
202.8.42.129 - - [11/Feb/2025:00:24:56 +0100] "GET /ticket2/opencms/system/modules/com.gridnine.opencms.ticketbrokerage.site/resources/css/standard.css HTTP/1.1" 200 73904
202.8.42.129 - - [11/Feb/2025:00:24:56 +0100] "GET /ticket2/opencms/system/modules/com.gridnine.opencms.ticketbrokerage.site/resources/css/jquery.fancybox.css HTTP/1.1" 200 4939
202.8.42.129 - - [11/Feb/2025:00:24:56 +0100] "GET /ticket2/opencms/system/modules/com.gridnine.opencms.ticketbrokerage.site/resources/css/ticketbrokerage.css HTTP/1.1" 200 39339
202.8.42.129 - - [11/Feb/2025:00:24:56 +0100] "GET /ticket2/opencms/system/modules/com.gridnine.opencms.ticketbrokerage.site/resources/css/jquery-ui.css HTTP/1.1" 200 33221
202.8.42.129 - - [11/Feb/2025:00:24:56 +0100] "GET /ticket2/opencms/system/modules/com.gridnine.opencms.ticketbrokerage.site/resources/js/jquery/jquery.js HTTP/1.1" 200 93868
202.8.42.129 - - [11/Feb/2025:00:24:57 +0100] "GET /ticket2/opencms/system/modules/com.gridnine.opencms.ticketbrokerage.site/resources/js/functions.js HTTP/1.1" 200 1583
202.8.42.129 - - [11/Feb/2025:00:24:57 +0100] "GET /ticket2/opencms/system/modules/com.gridnine.opencms.ticketbrokerage.site/resources/js/jquery/jquery-ui.js HTTP/1.1" 200 228088
202.8.42.129 - - [11/Feb/2025:00:24:57 +0100] "GET /ticket2/opencms/system/modules/com.gridnine.opencms.ticketbrokerage.site/resources/js/calendar.js HTTP/1.1" 200 49229
202.8.42.129 - - [11/Feb/2025:00:24:57 +0100] "GET /ticket2/opencms/system/modules/com.gridnine.opencms.ticketbrokerage.site/resources/js/calendar-en.js HTTP/1.1" 200 3338
202.8.42.129 - - [11/Feb/2025:00:24:57 +0100] "GET /ticket2/opencms/system/modules/com.gridnine.opencms.ticketbrokerage.site/resources/js/calendar-setup.js HTTP/1.1" 200 4923
202.8.42.129 - - [11/Feb/2025:00:24:57 +0100] "GET /ticket2/opencms/system/modules/com.gridnine.opencms.ticketbrokerage.site/resources/js/jquery.fancybox.pack.js HTTP/1.1" 200 23187
202.8.42.129 - - [11/Feb/2025:00:24:57 +0100] "GET /ticket2/opencms/system/modules/com.gridnine.opencms.ticketbrokerage.site/resources/js/stickyfill.min.js HTTP/1.1" 200 5672
202.8.42.129 - - [11/Feb/2025:00:24:57 +0100] "GET /ticket2/opencms/system/modules/com.gridnine.opencms.ticketbrokerage.site/resources/js/standard.js HTTP/1.1" 200 3983
202.8.42.129 - - [11/Feb/2025:00:24:57 +0100] "GET /ticket2/opencms/system/modules/com.gridnine.opencms.ticketbrokerage.site/resources/js/jquery.placeholder.min.js HTTP/1.1" 200 1737
202.8.42.129 - - [11/Feb/2025:00:24:57 +0100] "GET /ticket2/opencms/system/modules/com.gridnine.opencms.ticketbrokerage.site/resources/js/common-ajax.js HTTP/1.1" 200 20175
202.8.42.129 - - [11/Feb/2025:00:24:57 +0100] "GET /ticket2/opencms/az/ask-form.html HTTP/1.1" 200 3156
202.8.42.129 - - [11/Feb/2025:00:24:57 +0100] "GET /ticket2/opencms/system/modules/com.gridnine.opencms.ticketbrokerage.site/resources/css/ticketbrokerage.css HTTP/1.1" 200 39339
66.249.76.170 - - [11/Feb/2025:00:24:57 +0100] "GET /ticket2/opencms/et/sport/jalgpallipiletid/premier-league/chelsea HTTP/1.1" 200 95812
47.128.42.75 - - [11/Feb/2025:00:24:58 +0100] "GET /ticket2/opencms/nl/buy?edid=46ED3103-DE6B-A6DD-76D4-FB2A3432E453 HTTP/1.1" 200 87204
67.144.2.241 - - [11/Feb/2025:00:24:58 +0100] "GET /ticket2/opencms/sv/buy/?page=1&edid=15E687B4-F67E-45F3-4C6A-989CAE332452 HTTP/1.1" 200 106068
193.70.81.116 - - [11/Feb/2025:00:24:59 +0100] "GET /ticket2/opencms/en/buy/?page=1&edid=1571DB1B-206B-93FC-5429-333D7E9FCB65 HTTP/1.1" 200 114168
192.99.15.34 - - [11/Feb/2025:00:25:03 +0100] "GET /ticket2/opencms/no/buy/?page=1&edid=2580EFD9-5BA4-738B-D051-8FCD624442F6&sortorder=desc&column=row HTTP/1.1" 200 110003
193.70.81.116 - - [11/Feb/2025:00:25:04 +0100] "GET /ticket2/opencms/en/buy/?page=1&edid=160DAC9A-2A77-6FDC-52B8-296352B1ABF1 HTTP/1.1" 200 133472
54.36.149.102 - - [11/Feb/2025:00:25:04 +0100] "GET /ticket2/opencms/en/buy?page=1&edid=47EBAE6F-817A-37A2-D93C-48B4FE4F8A77 HTTP/1.1" 200 107324
54.36.148.218 - - [11/Feb/2025:00:25:04 +0100] "GET /ticket2/opencms/en/buy?page=1&edid=1B66F7E9-6D68-7258-D0DB-383034F8302F HTTP/1.1" 200 131200
114.119.136.30 - - [11/Feb/2025:00:25:07 +0100] "GET /ticket2/opencms/no/buy?page=1&=4FAE1BCD-3C72-4ADF-BEA3-6024417E0BED HTTP/1.1" 200 -
54.36.149.48 - - [11/Feb/2025:00:25:08 +0100] "GET /ticket2/opencms/mo/buy/?page=1&edid=1A6DF76F-066D-5DDA-945D-30F59CAC86E5 HTTP/1.1" 200 106653
193.70.81.116 - - [11/Feb/2025:00:25:09 +0100] "GET /ticket2/opencms/en/buy/?page=1&edid=1725DD81-AB30-210C-691A-5E56E0E70527 HTTP/1.1" 200 113984
67.144.2.241 - - [11/Feb/2025:00:25:12 +0100] "GET /ticket2/opencms/sv/buy/?page=1&edid=1ED15D5F-48C2-12C7-136D-C38B0CADD524 HTTP/1.1" 200 109272
45.135.148.41 - - [11/Feb/2025:00:25:12 +0100] "GET /ticket2/opencms/de/.git/COMMIT_EDITMSG HTTP/1.1" 404 -
192.99.15.34 - - [11/Feb/2025:00:25:13 +0100] "GET /ticket2/opencms/no/buy/?page=1&edid=2BB46C82-776D-790E-346D-8BB7292ADA6F HTTP/1.1" 200 108700
193.70.81.116 - - [11/Feb/2025:00:25:13 +0100] "GET /ticket2/opencms/en/buy/?page=1&edid=1848722C-7496-89CC-162E-A03E4F33CA8A HTTP/1.1" 200 104745
54.36.149.103 - - [11/Feb/2025:00:25:16 +0100] "GET /ticket2/opencms/sl/buy?page=1&edid=50375D23-8B44-5172-3FB1-755B660EE76F HTTP/1.1" 200 112501
52.167.144.229 - - [11/Feb/2025:00:25:17 +0100] "GET /ticket2/opencms/hr/buy?page=1&edid=BB76B436-1AB5-F125-9DCD-EB347B594121 HTTP/1.1" 200 110130
202.8.42.219 - - [11/Feb/2025:00:25:17 +0100] "GET /ticket2/opencms/system/modules/com.gridnine.opencms.ticketbrokerage.site/resources/css/jquery.fancybox.css HTTP/1.1" 200 4939
202.8.42.219 - - [11/Feb/2025:00:25:17 +0100] "GET /ticket2/opencms/system/modules/com.gridnine.opencms.ticketbrokerage.site/resources/css/ticketbrokerage.css HTTP/1.1" 200 39339
202.8.42.219 - - [11/Feb/2025:00:25:17 +0100] "GET /ticket2/opencms/system/modules/com.gridnine.opencms.ticketbrokerage.site/resources/css/standard.css HTTP/1.1" 200 73904
202.8.42.219 - - [11/Feb/2025:00:25:17 +0100] "GET /ticket2/opencms/system/modules/com.gridnine.opencms.ticketbrokerage.site/resources/css/calendar.css HTTP/1.1" 200 6871
202.8.42.219 - - [11/Feb/2025:00:25:17 +0100] "GET /ticket2/opencms/system/modules/com.gridnine.opencms.ticketbrokerage.site/resources/css/jquery-ui.css HTTP/1.1" 200 33221
202.8.42.219 - - [11/Feb/2025:00:25:17 +0100] "GET /ticket2/opencms/system/modules/com.gridnine.opencms.ticketbrokerage.site/resources/js/calendar.js HTTP/1.1" 200 49229
202.8.42.219 - - [11/Feb/2025:00:25:17 +0100] "GET /ticket2/opencms/system/modules/com.gridnine.opencms.ticketbrokerage.site/resources/js/functions.js HTTP/1.1" 200 1583
202.8.42.219 - - [11/Feb/2025:00:25:17 +0100] "GET /ticket2/opencms/system/modules/com.gridnine.opencms.ticketbrokerage.site/resources/js/calendar-en.js HTTP/1.1" 200 3338
202.8.42.219 - - [11/Feb/2025:00:25:17 +0100] "GET /ticket2/opencms/system/modules/com.gridnine.opencms.ticketbrokerage.site/resources/js/jquery/jquery.js HTTP/1.1" 200 93868
202.8.42.219 - - [11/Feb/2025:00:25:17 +0100] "GET /ticket2/opencms/system/modules/com.gridnine.opencms.ticketbrokerage.site/resources/js/jquery/jquery-ui.js HTTP/1.1" 200 228088
202.8.42.219 - - [11/Feb/2025:00:25:17 +0100] "GET /ticket2/opencms/system/modules/com.gridnine.opencms.ticketbrokerage.site/resources/js/calendar-setup.js HTTP/1.1" 200 4923
202.8.42.219 - - [11/Feb/2025:00:25:17 +0100] "GET /ticket2/opencms/system/modules/com.gridnine.opencms.ticketbrokerage.site/resources/js/jquery.fancybox.pack.js HTTP/1.1" 200 23187
202.8.42.219 - - [11/Feb/2025:00:25:17 +0100] "GET /ticket2/opencms/system/modules/com.gridnine.opencms.ticketbrokerage.site/resources/js/stickyfill.min.js HTTP/1.1" 200 5672
202.8.42.219 - - [11/Feb/2025:00:25:17 +0100] "GET /ticket2/opencms/system/modules/com.gridnine.opencms.ticketbrokerage.site/resources/js/standard.js HTTP/1.1" 200 3983
202.8.42.219 - - [11/Feb/2025:00:25:18 +0100] "GET /ticket2/opencms/system/modules/com.gridnine.opencms.ticketbrokerage.site/resources/js/jquery.placeholder.min.js HTTP/1.1" 200 1737
202.8.42.219 - - [11/Feb/2025:00:25:18 +0100] "GET /ticket2/opencms/system/modules/com.gridnine.opencms.ticketbrokerage.site/resources/js/common-ajax.js HTTP/1.1" 200 20175
202.8.42.219 - - [11/Feb/2025:00:25:18 +0100] "GET /ticket2/opencms/sl/ask-form.html HTTP/1.1" 200 3156
193.70.81.116 - - [11/Feb/2025:00:25:18 +0100] "GET /ticket2/opencms/en/buy/?page=1&edid=192B2692-9E9C-E45B-C641-B3FED8E2B94F HTTP/1.1" 200 114162
202.8.42.219 - - [11/Feb/2025:00:25:18 +0100] "GET /ticket2/opencms/system/modules/com.gridnine.opencms.ticketbrokerage.site/resources/css/ticketbrokerage.css HTTP/1.1" 200 39339
114.119.129.189 - - [11/Feb/2025:00:25:19 +0100] "GET /ticket2/opencms/en/venue/?venueid=F948084C-F7DA-FF17-09AE-6FAF87CBA934 HTTP/1.1" 200 83254
64.227.150.86 - - [11/Feb/2025:00:25:23 +0100] "GET /aaa9 HTTP/1.1" 404 -
192.99.15.34 - - [11/Feb/2025:00:25:23 +0100] "GET /ticket2/opencms/no/buy/?page=1&edid=2C27CD3A-A31B-5A64-67EB-C166F9C4D37C&sortorder=asc&column=row HTTP/1.1" 200 110205
193.70.81.116 - - [11/Feb/2025:00:25:23 +0100] "GET /ticket2/opencms/en/buy/?page=1&edid=1C663B38-AAE8-15E5-78AB-F7247D2C67D4 HTTP/1.1" 200 130063
66.249.76.45 - - [11/Feb/2025:00:25:24 +0100] "GET /ticket2/opencms/fr/buy/?page=1&edid=552202FE-6CC9-18FE-8F33-9429723BB7EB HTTP/1.1" 200 117671
40.77.167.51 - - [11/Feb/2025:00:25:24 +0100] "GET /ticket2/opencms/dk/magazine/article?title=chelsea HTTP/1.1" 200 85969
52.167.144.221 - - [11/Feb/2025:00:25:24 +0100] "GET /ticket2/opencms/en/buy/?page=1&edid=835E757B-ED79-62EC-2A84-7FEB1EAD27AF HTTP/1.1" 200 107886
85.208.96.194 - - [11/Feb/2025:00:25:25 +0100] "GET /ticket2/opencms/no/konsertbilletter/coldplay/ HTTP/1.1" 200 86076
66.249.68.6 - - [11/Feb/2025:00:25:25 +0100] "GET /ticket2/opencms/sv/sport/fotbollsbiljetter/premier_league/manchester_united/restips_old_trafford/ HTTP/1.1" 200 90621
64.227.150.86 - - [11/Feb/2025:00:25:27 +0100] "GET /aab8 HTTP/1.1" 404 -
54.36.149.48 - - [11/Feb/2025:00:25:27 +0100] "GET /ticket2/opencms/sv/sport/fotbollsbiljetter/la_liga/espanyol/ HTTP/1.1" 200 96106
192.99.15.34 - - [11/Feb/2025:00:25:27 +0100] "GET /ticket2/opencms/no/buy/?page=1&edid=2C5B4BC7-7B7C-230E-CA97-0EFE5DF51234&sortorder=asc&column=price HTTP/1.1" 200 106886
193.70.81.116 - - [11/Feb/2025:00:25:28 +0100] "GET /ticket2/opencms/en/buy/?page=1&edid=1DC40ECC-FC78-CDB2-9510-7E73DAAD0489 HTTP/1.1" 200 113986
45.135.148.41 - - [11/Feb/2025:00:25:29 +0100] "GET /ticket2/opencms/de/.git/logs/refs/remotes/origin/HEAD HTTP/1.1" 404 -
52.167.144.202 - - [11/Feb/2025:00:25:31 +0100] "GET /ticket2/opencms/is/buy?page=1&edid=53AAD1DD-DAB5-D05E-8DAD-A50F40AC9A87 HTTP/1.1" 200 109776
52.167.144.202 - - [11/Feb/2025:00:25:31 +0100] "GET /ticket2/opencms/lt/buy?page=1&edid=D8C045E7-DE27-5265-3CED-6B7D0A1ACD90 HTTP/1.1" 200 110132
193.70.81.116 - - [11/Feb/2025:00:25:32 +0100] "GET /ticket2/opencms/en/buy/?page=1&edid=21B44A76-F6AD-9457-4190-937757888EEA HTTP/1.1" 200 110707
67.144.2.241 - - [11/Feb/2025:00:25:33 +0100] "GET /ticket2/opencms/sv/buy/?page=1&edid=1F908A3A-B7C8-1ADB-3565-9A1E3C2E8619 HTTP/1.1" 200 106059
193.70.81.116 - - [11/Feb/2025:00:25:36 +0100] "GET /ticket2/opencms/en/buy/?page=1&edid=21D2AFB5-938E-EEAC-97B2-16852695CE24 HTTP/1.1" 200 104701
64.227.150.86 - - [11/Feb/2025:00:25:38 +0100] "GET / HTTP/1.1" 404 -
54.36.148.137 - - [11/Feb/2025:00:25:38 +0100] "GET /ticket2/opencms/bs/buy?page=1&edid=66A41D1B-B106-948F-4ECF-7F8A993B5B86 HTTP/1.1" 200 106300
192.99.15.34 - - [11/Feb/2025:00:25:38 +0100] "GET /ticket2/opencms/no/buy/?page=1&edid=2C71E7BD-CB87-D4AB-FF92-C8306AEAEEF3&sortorder=desc&column=price HTTP/1.1" 200 109659
216.244.66.196 - - [11/Feb/2025:00:25:38 +0100] "GET /ticket2/opencms/robots.txt HTTP/1.1" 200 773
202.8.42.128 - - [11/Feb/2025:00:25:39 +0100] "GET /ticket2/opencms/system/modules/com.gridnine.opencms.ticketbrokerage.site/resources/css/jquery-ui.css HTTP/1.1" 200 33221
202.8.42.128 - - [11/Feb/2025:00:25:39 +0100] "GET /ticket2/opencms/system/modules/com.gridnine.opencms.ticketbrokerage.site/resources/css/standard.css HTTP/1.1" 200 73904
202.8.42.128 - - [11/Feb/2025:00:25:39 +0100] "GET /ticket2/opencms/system/modules/com.gridnine.opencms.ticketbrokerage.site/resources/css/jquery.fancybox.css HTTP/1.1" 200 4939
202.8.42.128 - - [11/Feb/2025:00:25:39 +0100] "GET /ticket2/opencms/system/modules/com.gridnine.opencms.ticketbrokerage.site/resources/css/calendar.css HTTP/1.1" 200 6871
202.8.42.128 - - [11/Feb/2025:00:25:39 +0100] "GET /ticket2/opencms/system/modules/com.gridnine.opencms.ticketbrokerage.site/resources/css/ticketbrokerage.css HTTP/1.1" 200 39339
202.8.42.128 - - [11/Feb/2025:00:25:39 +0100] "GET /ticket2/opencms/system/modules/com.gridnine.opencms.ticketbrokerage.site/resources/js/jquery/jquery.js HTTP/1.1" 200 93868
202.8.42.128 - - [11/Feb/2025:00:25:40 +0100] "GET /ticket2/opencms/system/modules/com.gridnine.opencms.ticketbrokerage.site/resources/js/jquery/jquery-ui.js HTTP/1.1" 200 228088
202.8.42.128 - - [11/Feb/2025:00:25:40 +0100] "GET /ticket2/opencms/system/modules/com.gridnine.opencms.ticketbrokerage.site/resources/js/functions.js HTTP/1.1" 200 1583
202.8.42.128 - - [11/Feb/2025:00:25:40 +0100] "GET /ticket2/opencms/system/modules/com.gridnine.opencms.ticketbrokerage.site/resources/js/calendar.js HTTP/1.1" 200 49229
202.8.42.128 - - [11/Feb/2025:00:25:40 +0100] "GET /ticket2/opencms/system/modules/com.gridnine.opencms.ticketbrokerage.site/resources/js/calendar-en.js HTTP/1.1" 200 3338
202.8.42.128 - - [11/Feb/2025:00:25:40 +0100] "GET /ticket2/opencms/system/modules/com.gridnine.opencms.ticketbrokerage.site/resources/js/calendar-setup.js HTTP/1.1" 200 4923
202.8.42.128 - - [11/Feb/2025:00:25:40 +0100] "GET /ticket2/opencms/system/modules/com.gridnine.opencms.ticketbrokerage.site/resources/js/jquery.fancybox.pack.js HTTP/1.1" 200 23187
202.8.42.128 - - [11/Feb/2025:00:25:40 +0100] "GET /ticket2/opencms/system/modules/com.gridnine.opencms.ticketbrokerage.site/resources/js/stickyfill.min.js HTTP/1.1" 200 5672
202.8.42.128 - - [11/Feb/2025:00:25:40 +0100] "GET /ticket2/opencms/system/modules/com.gridnine.opencms.ticketbrokerage.site/resources/js/standard.js HTTP/1.1" 200 3983
202.8.42.128 - - [11/Feb/2025:00:25:40 +0100] "GET /ticket2/opencms/system/modules/com.gridnine.opencms.ticketbrokerage.site/resources/js/jquery.placeholder.min.js HTTP/1.1" 200 1737
202.8.42.128 - - [11/Feb/2025:00:25:40 +0100] "GET /ticket2/opencms/system/modules/com.gridnine.opencms.ticketbrokerage.site/resources/js/common-ajax.js HTTP/1.1" 200 20175
202.8.42.128 - - [11/Feb/2025:00:25:40 +0100] "GET /ticket2/opencms/bs/ask-form.html HTTP/1.1" 200 3156
202.8.42.128 - - [11/Feb/2025:00:25:40 +0100] "GET /ticket2/opencms/system/modules/com.gridnine.opencms.ticketbrokerage.site/resources/css/ticketbrokerage.css HTTP/1.1" 200 39339
193.70.81.116 - - [11/Feb/2025:00:25:41 +0100] "GET /ticket2/opencms/en/buy/?page=1&edid=24658CB7-0503-4139-A73F-444B9F961692 HTTP/1.1" 200 104718
54.36.149.14 - - [11/Feb/2025:00:25:41 +0100] "GET /ticket2/opencms/sr/buy/?page=1&edid=076411AC-E16D-03B5-E9C0-15F71C5D24A8 HTTP/1.1" 200 106971
52.167.144.173 - - [11/Feb/2025:00:25:43 +0100] "GET /ticket2/opencms/lt/buy/?page=6&comcatid=A17713B6-D984-201A-4143-ED4DB5ED5C2E&catid=061607E6-22B7-6FFA-03FD-A4B8B13A943F HTTP/1.1" 200 101917
193.70.81.116 - - [11/Feb/2025:00:25:45 +0100] "GET /ticket2/opencms/en/buy/?page=1&edid=24A843F5-AE99-1BDD-5A34-93381BE14187 HTTP/1.1" 200 110713
192.99.15.34 - - [11/Feb/2025:00:25:46 +0100] "GET /ticket2/opencms/no/buy/?page=1&edid=2C71E7BD-CB87-D4AB-FF92-C8306AEAEEF3&sortorder=desc&column=row HTTP/1.1" 200 109593
67.144.2.241 - - [11/Feb/2025:00:25:47 +0100] "GET /ticket2/opencms/sv/buy/?page=1&edid=2096BE1D-48B0-E2D6-CB01-069EE7823190 HTTP/1.1" 200 106028
192.99.15.34 - - [11/Feb/2025:00:25:49 +0100] "GET /ticket2/opencms/no/buy/?page=1&edid=2C71E7BD-CB87-D4AB-FF92-C8306AEAEEF3&sortorder=desc&column=section HTTP/1.1" 200 109725
114.119.150.22 - - [11/Feb/2025:00:25:50 +0100] "GET /ticket2/opencms/en/venue/?venueid=38FFD183-CF6A-3217-EBBF-18C6D52232E9 HTTP/1.1" 200 83248
193.70.81.116 - - [11/Feb/2025:00:25:50 +0100] "GET /ticket2/opencms/en/buy/?page=1&edid=26467E66-E432-3709-0425-A75E81B5021A HTTP/1.1" 200 136895
47.128.122.106 - - [11/Feb/2025:00:25:53 +0100] "GET /ticket2/opencms/sk/buy/?edid=601F2318-7477-7FC8-2487-EFF4A82C960F HTTP/1.1" 200 89537
66.249.76.134 - - [11/Feb/2025:00:25:53 +0100] "GET /ticket2/opencms/pl/buy/?page=1&edid=1E92A8C8-B0AD-5FE7-B7EF-0C8AA0F43370 HTTP/1.1" 200 88192
216.244.66.245 - - [11/Feb/2025:00:25:54 +0100] "GET /ticket2/opencms/se/robots.txt HTTP/1.1" 404 -
193.70.81.116 - - [11/Feb/2025:00:25:55 +0100] "GET /ticket2/opencms/en/buy/?page=1&edid=27182C30-0424-098E-A8DB-2AA3B88A1ABD HTTP/1.1" 200 130116
66.249.79.193 - - [11/Feb/2025:00:25:55 +0100] "GET /ticket2/opencms/sv/venue/?venueid=C73E0DCE-5592-ED9B-E2AF-FE9E3C67E821 HTTP/1.1" 200 84709
54.36.148.219 - - [11/Feb/2025:00:25:56 +0100] "GET /ticket2/opencms/lv/buy?page=1&edid=AAD8B8EA-9AED-21A9-2967-40D5EB8A5581 HTTP/1.1" 200 106564
202.8.42.84 - - [11/Feb/2025:00:25:57 +0100] "GET /ticket2/opencms/system/modules/com.gridnine.opencms.ticketbrokerage.site/resources/css/ticketbrokerage.css HTTP/1.1" 200 39339
202.8.42.84 - - [11/Feb/2025:00:25:57 +0100] "GET /ticket2/opencms/system/modules/com.gridnine.opencms.ticketbrokerage.site/resources/css/standard.css HTTP/1.1" 200 73904
202.8.42.84 - - [11/Feb/2025:00:25:57 +0100] "GET /ticket2/opencms/system/modules/com.gridnine.opencms.ticketbrokerage.site/resources/css/jquery-ui.css HTTP/1.1" 200 33221
202.8.42.84 - - [11/Feb/2025:00:25:57 +0100] "GET /ticket2/opencms/system/modules/com.gridnine.opencms.ticketbrokerage.site/resources/css/calendar.css HTTP/1.1" 200 6871
202.8.42.84 - - [11/Feb/2025:00:25:57 +0100] "GET /ticket2/opencms/system/modules/com.gridnine.opencms.ticketbrokerage.site/resources/css/jquery.fancybox.css HTTP/1.1" 200 4939
202.8.42.84 - - [11/Feb/2025:00:25:57 +0100] "GET /ticket2/opencms/system/modules/com.gridnine.opencms.ticketbrokerage.site/resources/js/stickyfill.min.js HTTP/1.1" 200 5672
202.8.42.84 - - [11/Feb/2025:00:25:57 +0100] "GET /ticket2/opencms/system/modules/com.gridnine.opencms.ticketbrokerage.site/resources/js/jquery/jquery.js HTTP/1.1" 200 93868
202.8.42.84 - - [11/Feb/2025:00:25:57 +0100] "GET /ticket2/opencms/system/modules/com.gridnine.opencms.ticketbrokerage.site/resources/js/jquery/jquery-ui.js HTTP/1.1" 200 228088
202.8.42.84 - - [11/Feb/2025:00:25:57 +0100] "GET /ticket2/opencms/system/modules/com.gridnine.opencms.ticketbrokerage.site/resources/js/functions.js HTTP/1.1" 200 1583
202.8.42.84 - - [11/Feb/2025:00:25:57 +0100] "GET /ticket2/opencms/system/modules/com.gridnine.opencms.ticketbrokerage.site/resources/js/calendar.js HTTP/1.1" 200 49229
202.8.42.84 - - [11/Feb/2025:00:25:57 +0100] "GET /ticket2/opencms/system/modules/com.gridnine.opencms.ticketbrokerage.site/resources/js/calendar-en.js HTTP/1.1" 200 3338
202.8.42.84 - - [11/Feb/2025:00:25:57 +0100] "GET /ticket2/opencms/system/modules/com.gridnine.opencms.ticketbrokerage.site/resources/js/calendar-setup.js HTTP/1.1" 200 4923
202.8.42.84 - - [11/Feb/2025:00:25:57 +0100] "GET /ticket2/opencms/system/modules/com.gridnine.opencms.ticketbrokerage.site/resources/js/jquery.fancybox.pack.js HTTP/1.1" 200 23187
202.8.42.84 - - [11/Feb/2025:00:25:57 +0100] "GET /ticket2/opencms/system/modules/com.gridnine.opencms.ticketbrokerage.site/resources/js/standard.js HTTP/1.1" 200 3983
202.8.42.84 - - [11/Feb/2025:00:25:57 +0100] "GET /ticket2/opencms/system/modules/com.gridnine.opencms.ticketbrokerage.site/resources/js/jquery.placeholder.min.js HTTP/1.1" 200 1737
202.8.42.84 - - [11/Feb/2025:00:25:57 +0100] "GET /ticket2/opencms/system/modules/com.gridnine.opencms.ticketbrokerage.site/resources/js/common-ajax.js HTTP/1.1" 200 20175
67.144.2.241 - - [11/Feb/2025:00:25:57 +0100] "GET /ticket2/opencms/sv/buy/?page=1&edid=22052BBE-C8C3-5D33-161E-882003E3A527 HTTP/1.1" 200 109771
202.8.42.84 - - [11/Feb/2025:00:25:57 +0100] "GET /ticket2/opencms/lv/ask-form.html HTTP/1.1" 200 3156
192.99.15.34 - - [11/Feb/2025:00:25:57 +0100] "GET /ticket2/opencms/no/buy/?page=1&edid=2DC06F61-5D5D-7D55-527B-266122082029&sortorder=asc&column=price HTTP/1.1" 200 109989
202.8.42.84 - - [11/Feb/2025:00:25:57 +0100] "GET /ticket2/opencms/system/modules/com.gridnine.opencms.ticketbrokerage.site/resources/css/ticketbrokerage.css HTTP/1.1" 200 39339
17.241.75.166 - - [11/Feb/2025:00:25:58 +0100] "GET /ticket2/opencms/en/buy/?page=1&edid=E8847AD1-35CC-3C72-3A90-470EF1CAF178 HTTP/1.1" 200 108471
85.208.96.196 - - [11/Feb/2025:00:25:58 +0100] "GET /ticket2/opencms/sl/magazine/article?title=crystal-palace-najboljsi-navijaci-premier-lige HTTP/1.1" 200 87035
193.70.81.116 - - [11/Feb/2025:00:25:59 +0100] "GET /ticket2/opencms/en/buy/?page=1&edid=2887ECB1-AF21-0A67-0C3C-54D013C4C3B1 HTTP/1.1" 200 104756
54.36.148.96 - - [11/Feb/2025:00:26:00 +0100] "GET /ticket2/opencms/en/buy?page=1&edid=41CD7066-237A-B852-387D-3D5D7B688DF9 HTTP/1.1" 200 131364
85.208.96.198 - - [11/Feb/2025:00:26:04 +0100] "GET /ticket2/opencms/no/sport/fotballsbilletter/serie_a/lazio/ HTTP/1.1" 200 94395
193.70.81.116 - - [11/Feb/2025:00:26:04 +0100] "GET /ticket2/opencms/en/buy/?page=1&edid=2ACCB388-CC5F-1368-2FF5-1F1630B8D295 HTTP/1.1" 200 114166
85.208.96.210 - - [11/Feb/2025:00:26:06 +0100] "GET /ticket2/opencms/en/magazine/article?title=fc-liverpool-season-reflection HTTP/1.1" 200 85527
52.167.144.229 - - [11/Feb/2025:00:26:07 +0100] "GET /ticket2/opencms/hr/buy?page=1&edid=7A146577-8F65-06C8-4C0F-1812EF8BCA1F HTTP/1.1" 200 110103
67.144.2.241 - - [11/Feb/2025:00:26:07 +0100] "GET /ticket2/opencms/sv/buy/?page=1&edid=253EFE5E-B772-30AA-3BC0-539514B70DC9 HTTP/1.1" 200 109192
193.70.81.116 - - [11/Feb/2025:00:26:08 +0100] "GET /ticket2/opencms/en/buy/?page=1&edid=2B9FDAA5-4F91-9556-CB1B-77F0011A2F02 HTTP/1.1" 200 132190
192.99.15.34 - - [11/Feb/2025:00:26:08 +0100] "GET /ticket2/opencms/no/buy/?page=1&edid=2DC06F61-5D5D-7D55-527B-266122082029&sortorder=asc&column=row HTTP/1.1" 200 109923
192.99.15.34 - - [11/Feb/2025:00:26:12 +0100] "GET /ticket2/opencms/no/buy/?page=1&edid=2DC06F61-5D5D-7D55-527B-266122082029&sortorder=asc&column=section HTTP/1.1" 200 110055
193.70.81.116 - - [11/Feb/2025:00:26:13 +0100] "GET /ticket2/opencms/en/buy/?page=1&edid=2C2E9185-38A8-EBBD-403B-609372D69EE0 HTTP/1.1" 200 130071
66.249.79.172 - - [11/Feb/2025:00:26:15 +0100] "GET /ticket2/opencms/fr/buy?page=1&edid=C64002B7-B7A3-A646-1770-7E79C914EDA5 HTTP/1.1" 200 133290
193.70.81.116 - - [11/Feb/2025:00:26:17 +0100] "GET /ticket2/opencms/en/buy/?page=1&edid=2DF71579-8539-9953-A2E8-0E8B3100119A HTTP/1.1" 200 104753
192.99.15.34 - - [11/Feb/2025:00:26:19 +0100] "GET /ticket2/opencms/no/buy/?page=1&edid=2E0934E6-9E3C-7A47-42D4-B750533274AD&sortorder=asc&column=price HTTP/1.1" 200 106884
47.128.29.225 - - [11/Feb/2025:00:26:19 +0100] "GET /ticket2/opencms/nl/buy?edid=3B08D010-5B8B-9EB2-11D9-1E378DBE6B4C HTTP/1.1" 200 87204
193.70.81.116 - - [11/Feb/2025:00:26:22 +0100] "GET /ticket2/opencms/en/buy/?page=1&edid=2E10707D-C051-6138-1E62-3BA0A6C4D8EB HTTP/1.1" 200 130768
52.167.144.202 - - [11/Feb/2025:00:26:22 +0100] "GET /ticket2/opencms/ka/buy?page=1&edid=00BF24A8-B574-FBFD-89A8-C3542359D5CF HTTP/1.1" 200 114329
67.144.2.241 - - [11/Feb/2025:00:26:23 +0100] "GET /ticket2/opencms/sv/buy/?page=1&edid=2FB70CE5-901D-FB66-7FC4-208504D406B6 HTTP/1.1" 200 112059
54.36.148.72 - - [11/Feb/2025:00:26:24 +0100] "GET /ticket2/opencms/is/buy/?page=1&edid=B26325D5-7C37-90D0-9866-C127BDE9586D HTTP/1.1" 200 106486
114.119.130.23 - - [11/Feb/2025:00:26:25 +0100] "GET /ticket2/opencms/en/venue/?venueid=4F62933B-9DDF-0985-7B84-96B1AE723370 HTTP/1.1" 200 83263
193.70.81.116 - - [11/Feb/2025:00:26:26 +0100] "GET /ticket2/opencms/en/buy/?page=1&edid=2EB15005-07E4-0DB7-1EF8-52C1740D2595 HTTP/1.1" 200 114170
54.36.148.122 - - [11/Feb/2025:00:26:27 +0100] "GET /ticket2/opencms/sr/buy?page=1&edid=76EAECA7-64F4-2580-38CA-B14BCC95A1C5 HTTP/1.1" 200 116876
202.8.42.9 - - [11/Feb/2025:00:26:28 +0100] "GET /ticket2/opencms/system/modules/com.gridnine.opencms.ticketbrokerage.site/resources/css/jquery-ui.css HTTP/1.1" 200 33221
202.8.42.9 - - [11/Feb/2025:00:26:28 +0100] "GET /ticket2/opencms/system/modules/com.gridnine.opencms.ticketbrokerage.site/resources/css/ticketbrokerage.css HTTP/1.1" 200 39339
202.8.42.9 - - [11/Feb/2025:00:26:28 +0100] "GET /ticket2/opencms/system/modules/com.gridnine.opencms.ticketbrokerage.site/resources/css/standard.css HTTP/1.1" 200 73904
202.8.42.9 - - [11/Feb/2025:00:26:28 +0100] "GET /ticket2/opencms/system/modules/com.gridnine.opencms.ticketbrokerage.site/resources/css/jquery.fancybox.css HTTP/1.1" 200 4939
202.8.42.9 - - [11/Feb/2025:00:26:28 +0100] "GET /ticket2/opencms/system/modules/com.gridnine.opencms.ticketbrokerage.site/resources/js/jquery/jquery.js HTTP/1.1" 200 93868
202.8.42.9 - - [11/Feb/2025:00:26:28 +0100] "GET /ticket2/opencms/system/modules/com.gridnine.opencms.ticketbrokerage.site/resources/css/calendar.css HTTP/1.1" 200 6871
202.8.42.9 - - [11/Feb/2025:00:26:28 +0100] "GET /ticket2/opencms/system/modules/com.gridnine.opencms.ticketbrokerage.site/resources/js/calendar.js HTTP/1.1" 200 49229
202.8.42.9 - - [11/Feb/2025:00:26:28 +0100] "GET /ticket2/opencms/system/modules/com.gridnine.opencms.ticketbrokerage.site/resources/js/functions.js HTTP/1.1" 200 1583
202.8.42.9 - - [11/Feb/2025:00:26:28 +0100] "GET /ticket2/opencms/system/modules/com.gridnine.opencms.ticketbrokerage.site/resources/js/calendar-setup.js HTTP/1.1" 200 4923
202.8.42.9 - - [11/Feb/2025:00:26:28 +0100] "GET /ticket2/opencms/system/modules/com.gridnine.opencms.ticketbrokerage.site/resources/js/calendar-en.js HTTP/1.1" 200 3338
202.8.42.9 - - [11/Feb/2025:00:26:28 +0100] "GET /ticket2/opencms/system/modules/com.gridnine.opencms.ticketbrokerage.site/resources/js/jquery/jquery-ui.js HTTP/1.1" 200 228088
202.8.42.9 - - [11/Feb/2025:00:26:29 +0100] "GET /ticket2/opencms/system/modules/com.gridnine.opencms.ticketbrokerage.site/resources/js/jquery.fancybox.pack.js HTTP/1.1" 200 23187
202.8.42.9 - - [11/Feb/2025:00:26:29 +0100] "GET /ticket2/opencms/system/modules/com.gridnine.opencms.ticketbrokerage.site/resources/js/stickyfill.min.js HTTP/1.1" 200 5672
202.8.42.9 - - [11/Feb/2025:00:26:29 +0100] "GET /ticket2/opencms/system/modules/com.gridnine.opencms.ticketbrokerage.site/resources/js/standard.js HTTP/1.1" 200 3983
202.8.42.9 - - [11/Feb/2025:00:26:29 +0100] "GET /ticket2/opencms/system/modules/com.gridnine.opencms.ticketbrokerage.site/resources/js/jquery.placeholder.min.js HTTP/1.1" 200 1737
202.8.42.9 - - [11/Feb/2025:00:26:29 +0100] "GET /ticket2/opencms/system/modules/com.gridnine.opencms.ticketbrokerage.site/resources/js/common-ajax.js HTTP/1.1" 200 20175
202.8.42.9 - - [11/Feb/2025:00:26:29 +0100] "GET /ticket2/opencms/sr/ask-form.html HTTP/1.1" 200 3156
185.191.171.13 - - [11/Feb/2025:00:26:29 +0100] "GET /ticket2/opencms/sr/magazine/article?title=kakva-je-buducnost-za-aleksandra-isaka HTTP/1.1" 200 87550
202.8.42.9 - - [11/Feb/2025:00:26:29 +0100] "GET /ticket2/opencms/system/modules/com.gridnine.opencms.ticketbrokerage.site/resources/css/ticketbrokerage.css HTTP/1.1" 200 39339
192.99.15.34 - - [11/Feb/2025:00:26:29 +0100] "GET /ticket2/opencms/no/buy/?page=1&edid=523E9F78-BACB-2166-034C-D68028D3EC00&sortorder=desc&column=row HTTP/1.1" 200 109601
193.70.81.116 - - [11/Feb/2025:00:26:30 +0100] "GET /ticket2/opencms/en/buy/?page=1&edid=2F903B76-B444-9E06-66EB-768066A106B0 HTTP/1.1" 200 104742
192.99.9.92 - - [11/Feb/2025:00:26:34 +0100] "GET /ticket2/opencms/robots.txt HTTP/1.1" 200 773
193.70.81.116 - - [11/Feb/2025:00:26:34 +0100] "GET /ticket2/opencms/en/buy/?page=1&edid=2F959FEF-0277-463A-7AA1-8B479CA506D8 HTTP/1.1" 200 104720
54.36.148.64 - - [11/Feb/2025:00:26:35 +0100] "GET /ticket2/opencms/fr/buy/?page=1&edid=68509658-F432-C2D3-40D1-EAC6A14AC448 HTTP/1.1" 200 106149
54.36.149.86 - - [11/Feb/2025:00:26:36 +0100] "GET /ticket2/opencms/venue/villa_park.png HTTP/1.1" 200 73376
192.99.9.92 - - [11/Feb/2025:00:26:38 +0100] "GET /ticket2/opencms/fi/login/?edid=A457FF13-7A37-0365-AFA9-2CC7C635642A HTTP/1.1" 200 89654
193.70.81.116 - - [11/Feb/2025:00:26:39 +0100] "GET /ticket2/opencms/en/buy/?page=1&edid=2FB70CE5-901D-FB66-7FC4-208504D406B6 HTTP/1.1" 200 110710
192.99.15.34 - - [11/Feb/2025:00:26:39 +0100] "GET /ticket2/opencms/no/buy/?page=1&edid=7B13364F-9EE2-FFC9-44E1-6055539DCB61&sortorder=asc&column=price HTTP/1.1" 200 106896
192.99.9.92 - - [11/Feb/2025:00:26:42 +0100] "GET /ticket2/opencms/fi/login/?edid=A85AAD81-C23E-3428-F159-8CE3E0081F64 HTTP/1.1" 200 89654
193.70.81.116 - - [11/Feb/2025:00:26:42 +0100] "GET /ticket2/opencms/en/buy/?page=1&edid=312E2B30-1BE8-80F9-5587-64D580752ED3 HTTP/1.1" 200 114142
52.167.144.179 - - [11/Feb/2025:00:26:44 +0100] "GET /ticket2/opencms/hr/login/?url=/hr/sell/ HTTP/1.1" 200 89674
67.144.2.241 - - [11/Feb/2025:00:26:44 +0100] "GET /ticket2/opencms/sv/buy/?page=1&edid=40C3ED99-E6BB-89D7-48FF-8438F2E26DCE HTTP/1.1" 200 106039
54.36.148.54 - - [11/Feb/2025:00:26:46 +0100] "GET /ticket2/opencms/no/buy?page=1&edid=DB16C9C1-2F89-7DF4-5EE2-407CA7C9B4ED HTTP/1.1" 200 105959
192.99.15.34 - - [11/Feb/2025:00:26:47 +0100] "GET /ticket2/opencms/no/buy/?page=1&edid=7D0FDED0-7BC4-4EA6-3DAA-20D3EE07613E&sortorder=asc&column=row HTTP/1.1" 200 109563
202.8.40.125 - - [11/Feb/2025:00:26:47 +0100] "GET /ticket2/opencms/system/modules/com.gridnine.opencms.ticketbrokerage.site/resources/css/calendar.css HTTP/1.1" 200 6871
202.8.40.125 - - [11/Feb/2025:00:26:47 +0100] "GET /ticket2/opencms/system/modules/com.gridnine.opencms.ticketbrokerage.site/resources/css/standard.css HTTP/1.1" 200 73904
202.8.40.125 - - [11/Feb/2025:00:26:47 +0100] "GET /ticket2/opencms/system/modules/com.gridnine.opencms.ticketbrokerage.site/resources/css/jquery-ui.css HTTP/1.1" 200 33221
202.8.40.125 - - [11/Feb/2025:00:26:47 +0100] "GET /ticket2/opencms/system/modules/com.gridnine.opencms.ticketbrokerage.site/resources/js/jquery/jquery.js HTTP/1.1" 200 93868
202.8.40.125 - - [11/Feb/2025:00:26:47 +0100] "GET /ticket2/opencms/system/modules/com.gridnine.opencms.ticketbrokerage.site/resources/css/ticketbrokerage.css HTTP/1.1" 200 39339
202.8.40.125 - - [11/Feb/2025:00:26:47 +0100] "GET /ticket2/opencms/system/modules/com.gridnine.opencms.ticketbrokerage.site/resources/js/jquery/jquery-ui.js HTTP/1.1" 200 228088
193.70.81.116 - - [11/Feb/2025:00:26:47 +0100] "GET /ticket2/opencms/en/buy/?page=1&edid=3289C097-2261-9433-8644-DF033A9EE354 HTTP/1.1" 200 136890
202.8.40.125 - - [11/Feb/2025:00:26:47 +0100] "GET /ticket2/opencms/system/modules/com.gridnine.opencms.ticketbrokerage.site/resources/js/calendar.js HTTP/1.1" 200 49229
202.8.40.125 - - [11/Feb/2025:00:26:47 +0100] "GET /ticket2/opencms/system/modules/com.gridnine.opencms.ticketbrokerage.site/resources/js/jquery.fancybox.pack.js HTTP/1.1" 200 23187
202.8.40.125 - - [11/Feb/2025:00:26:47 +0100] "GET /ticket2/opencms/system/modules/com.gridnine.opencms.ticketbrokerage.site/resources/js/functions.js HTTP/1.1" 200 1583
202.8.40.125 - - [11/Feb/2025:00:26:47 +0100] "GET /ticket2/opencms/system/modules/com.gridnine.opencms.ticketbrokerage.site/resources/js/calendar-en.js HTTP/1.1" 200 3338
202.8.40.125 - - [11/Feb/2025:00:26:47 +0100] "GET /ticket2/opencms/system/modules/com.gridnine.opencms.ticketbrokerage.site/resources/js/standard.js HTTP/1.1" 200 3983
202.8.40.125 - - [11/Feb/2025:00:26:47 +0100] "GET /ticket2/opencms/system/modules/com.gridnine.opencms.ticketbrokerage.site/resources/js/calendar-setup.js HTTP/1.1" 200 4923
202.8.40.125 - - [11/Feb/2025:00:26:47 +0100] "GET /ticket2/opencms/system/modules/com.gridnine.opencms.ticketbrokerage.site/resources/js/common-ajax.js HTTP/1.1" 200 20175
202.8.40.125 - - [11/Feb/2025:00:26:47 +0100] "GET /ticket2/opencms/no/ask-form.html HTTP/1.1" 200 2919
202.8.40.125 - - [11/Feb/2025:00:26:48 +0100] "GET /ticket2/opencms/system/modules/com.gridnine.opencms.ticketbrokerage.site/resources/css/ticketbrokerage.css HTTP/1.1" 200 39339
192.99.9.92 - - [11/Feb/2025:00:26:48 +0100] "GET /ticket2/opencms/fi/login/?edid=AA8C5089-9B5D-0C1A-1662-169B0C579120 HTTP/1.1" 200 89654
54.36.148.206 - - [11/Feb/2025:00:26:50 +0100] "GET /ticket2/opencms/en/buy?page=1&edid=57C8D150-DCBD-4911-196A-160A37952FA8 HTTP/1.1" 200 131340
193.70.81.116 - - [11/Feb/2025:00:26:52 +0100] "GET /ticket2/opencms/en/buy/?page=1&edid=32C765D3-F869-7E5E-98A4-5E68576F52A5 HTTP/1.1" 200 131200
66.249.68.67 - - [11/Feb/2025:00:26:52 +0100] "GET /ticket2/opencms/mt/buy?page=1&edid=7B357C96-D15A-7330-3CD7-9115EBD86CB2&hlv=666dc006-a888-4193-b45e-51dc0a01000f HTTP/1.1" 200 133753
66.249.76.43 - - [11/Feb/2025:00:26:53 +0100] "GET /ticket2/opencms/fr/buy/?page=1&edid=6DC3E8B1-EB9E-3B74-1E36-CDC7B60DF336 HTTP/1.1" 200 106160
192.99.9.92 - - [11/Feb/2025:00:26:53 +0100] "GET /ticket2/opencms/fi/login/?edid=B26C271A-4A1F-5110-8308-CDC3FD5965DB HTTP/1.1" 200 89654
193.70.81.116 - - [11/Feb/2025:00:26:55 +0100] "GET /ticket2/opencms/en/buy/?page=1&edid=3396D07B-AC6D-141E-71F3-9DE65C0FEDF0 HTTP/1.1" 200 111167
192.99.15.34 - - [11/Feb/2025:00:26:56 +0100] "GET /ticket2/opencms/no/buy/?page=1&edid=7D0FDED0-7BC4-4EA6-3DAA-20D3EE07613E&sortorder=asc&column=section HTTP/1.1" 200 109695
192.99.9.92 - - [11/Feb/2025:00:26:57 +0100] "GET /ticket2/opencms/fi/login/?edid=B37AA1BF-8757-3784-2FC6-212DE9498BDD HTTP/1.1" 200 89654
192.99.15.34 - - [11/Feb/2025:00:26:59 +0100] "GET /ticket2/opencms/no/buy/?page=1&edid=7D0FDED0-7BC4-4EA6-3DAA-20D3EE07613E&sortorder=desc&column=price HTTP/1.1" 200 109661
193.70.81.116 - - [11/Feb/2025:00:27:00 +0100] "GET /ticket2/opencms/en/buy/?page=1&edid=348C0D4F-C07E-3755-DFEC-416D881A5AC9 HTTP/1.1" 200 117817
67.144.2.241 - - [11/Feb/2025:00:27:00 +0100] "GET /ticket2/opencms/sv/buy/?page=1&edid=44FC0F35-729C-B6B5-1943-4B8F07E31C3F HTTP/1.1" 200 109264
80.135.59.81 - - [11/Feb/2025:00:27:01 +0100] "GET /ticket2/opencms/de/ HTTP/1.1" 200 105843
80.135.59.81 - - [11/Feb/2025:00:27:01 +0100] "GET /ticket2/opencms/system/modules/com.gridnine.opencms.ticketbrokerage.site/resources/css/ticketbrokerage.css HTTP/1.1" 200 39339
80.135.59.81 - - [11/Feb/2025:00:27:01 +0100] "GET /ticket2/opencms/system/modules/com.gridnine.opencms.ticketbrokerage.site/resources/css/calendar.css HTTP/1.1" 200 6871
80.135.59.81 - - [11/Feb/2025:00:27:01 +0100] "GET /ticket2/opencms/system/modules/com.gridnine.opencms.ticketbrokerage.site/resources/css/jquery-ui.css HTTP/1.1" 200 33221
80.135.59.81 - - [11/Feb/2025:00:27:01 +0100] "GET /ticket2/opencms/system/modules/com.gridnine.opencms.ticketbrokerage.site/resources/css/jquery.fancybox.css HTTP/1.1" 200 4939
80.135.59.81 - - [11/Feb/2025:00:27:01 +0100] "GET /ticket2/opencms/system/modules/com.gridnine.opencms.ticketbrokerage.site/resources/css/standard.css HTTP/1.1" 200 73904
80.135.59.81 - - [11/Feb/2025:00:27:01 +0100] "GET /ticket2/opencms/system/modules/com.gridnine.opencms.ticketbrokerage.site/resources/js/jquery/jquery.js HTTP/1.1" 200 93868
80.135.59.81 - - [11/Feb/2025:00:27:01 +0100] "GET /ticket2/opencms/system/modules/com.gridnine.opencms.ticketbrokerage.site/resources/js/jquery/jquery-ui.js HTTP/1.1" 200 228088
80.135.59.81 - - [11/Feb/2025:00:27:01 +0100] "GET /ticket2/opencms/system/modules/com.gridnine.opencms.ticketbrokerage.site/resources/js/functions.js HTTP/1.1" 200 1583
80.135.59.81 - - [11/Feb/2025:00:27:01 +0100] "GET /ticket2/opencms/system/modules/com.gridnine.opencms.ticketbrokerage.site/resources/js/calendar.js HTTP/1.1" 200 49229
80.135.59.81 - - [11/Feb/2025:00:27:01 +0100] "GET /ticket2/opencms/system/modules/com.gridnine.opencms.ticketbrokerage.site/resources/js/calendar-en.js HTTP/1.1" 200 3338
80.135.59.81 - - [11/Feb/2025:00:27:01 +0100] "GET /ticket2/opencms/system/modules/com.gridnine.opencms.ticketbrokerage.site/resources/js/calendar-setup.js HTTP/1.1" 200 4923
80.135.59.81 - - [11/Feb/2025:00:27:01 +0100] "GET /ticket2/opencms/system/modules/com.gridnine.opencms.ticketbrokerage.site/resources/js/jquery.fancybox.pack.js HTTP/1.1" 200 23187
80.135.59.81 - - [11/Feb/2025:00:27:01 +0100] "GET /ticket2/opencms/system/modules/com.gridnine.opencms.ticketbrokerage.site/resources/js/stickyfill.min.js HTTP/1.1" 200 5672
80.135.59.81 - - [11/Feb/2025:00:27:02 +0100] "GET /ticket2/opencms/img/icons/se.png HTTP/1.1" 200 1258
80.135.59.81 - - [11/Feb/2025:00:27:02 +0100] "GET /ticket2/opencms/img/icons/en.png HTTP/1.1" 200 2415
192.99.9.92 - - [11/Feb/2025:00:27:02 +0100] "GET /ticket2/opencms/fi/login/?edid=B566C61B-5438-BBCE-B4D3-8DE9C2913E81 HTTP/1.1" 200 89654
80.135.59.81 - - [11/Feb/2025:00:27:02 +0100] "GET /ticket2/opencms/system/modules/com.gridnine.opencms.ticketbrokerage.site/resources/js/jquery.placeholder.min.js HTTP/1.1" 200 1737
80.135.59.81 - - [11/Feb/2025:00:27:02 +0100] "GET /ticket2/opencms/system/modules/com.gridnine.opencms.ticketbrokerage.site/resources/js/common-ajax.js HTTP/1.1" 200 20175
80.135.59.81 - - [11/Feb/2025:00:27:02 +0100] "GET /ticket2/opencms/system/modules/com.gridnine.opencms.ticketbrokerage.site/resources/js/standard.js HTTP/1.1" 200 3983
80.135.59.81 - - [11/Feb/2025:00:27:02 +0100] "GET /ticket2/opencms/system/modules/com.gridnine.opencms.ticketbrokerage.site/resources/pics/logo-new.png HTTP/1.1" 200 13541
80.135.59.81 - - [11/Feb/2025:00:27:02 +0100] "GET /ticket2/opencms/img/fb.png HTTP/1.1" 200 1269
80.135.59.81 - - [11/Feb/2025:00:27:02 +0100] "GET /ticket2/opencms/img/insta.png HTTP/1.1" 200 3967
80.135.59.81 - - [11/Feb/2025:00:27:02 +0100] "GET /ticket2/opencms/img/mail.png HTTP/1.1" 200 403
80.135.59.81 - - [11/Feb/2025:00:27:02 +0100] "GET /ticket2/opencms/img/check.png HTTP/1.1" 200 548
80.135.59.81 - - [11/Feb/2025:00:27:02 +0100] "GET /ticket2/opencms/img/chat.png HTTP/1.1" 200 416
80.135.59.81 - - [11/Feb/2025:00:27:02 +0100] "GET /ticket2/opencms/img/arrow.png HTTP/1.1" 200 753
80.135.59.81 - - [11/Feb/2025:00:27:02 +0100] "GET /ticket2/opencms/system/modules/com.gridnine.opencms.ticketbrokerage.site/resources/pics/footer-img.jpg HTTP/1.1" 200 67642
80.135.59.81 - - [11/Feb/2025:00:27:02 +0100] "GET /ticket2/opencms/img/banner-pl.jpeg HTTP/1.1" 200 41818
80.135.59.81 - - [11/Feb/2025:00:27:02 +0100] "GET /ticket2/opencms/img/banner-ll.jpeg HTTP/1.1" 200 41825
80.135.59.81 - - [11/Feb/2025:00:27:02 +0100] "GET /ticket2/opencms/img/banner-sa.jpeg HTTP/1.1" 200 41270
80.135.59.81 - - [11/Feb/2025:00:27:03 +0100] "GET /ticket2/opencms/img/icons/globe-white.png HTTP/1.1" 200 947
80.135.59.81 - - [11/Feb/2025:00:27:03 +0100] "GET /ticket2/opencms/img/icons/fi.png HTTP/1.1" 200 1785
80.135.59.81 - - [11/Feb/2025:00:27:03 +0100] "GET /ticket2/opencms/img/icons/no.png HTTP/1.1" 200 1958
80.135.59.81 - - [11/Feb/2025:00:27:03 +0100] "GET /ticket2/opencms/img/icons/it.png HTTP/1.1" 200 2040
80.135.59.81 - - [11/Feb/2025:00:27:03 +0100] "GET /ticket2/opencms/img/icons/dk.png HTTP/1.1" 200 1706
80.135.59.81 - - [11/Feb/2025:00:27:03 +0100] "GET /ticket2/opencms/img/icons/de.png HTTP/1.1" 200 1124
80.135.59.81 - - [11/Feb/2025:00:27:03 +0100] "GET /ticket2/opencms/img/icons/nl.png HTTP/1.1" 200 1255
80.135.59.81 - - [11/Feb/2025:00:27:03 +0100] "GET /ticket2/opencms/img/icons/fr.png HTTP/1.1" 200 1764
80.135.59.81 - - [11/Feb/2025:00:27:03 +0100] "GET /ticket2/opencms/img/icons/es.png HTTP/1.1" 200 1005
80.135.59.81 - - [11/Feb/2025:00:27:03 +0100] "GET /ticket2/opencms/img/icons/pl.png HTTP/1.1" 200 1578
80.135.59.81 - - [11/Feb/2025:00:27:03 +0100] "GET /ticket2/opencms/img/icons/sq.png HTTP/1.1" 200 1619
80.135.59.81 - - [11/Feb/2025:00:27:03 +0100] "GET /ticket2/opencms/img/icons/be.png HTTP/1.1" 200 1663
80.135.59.81 - - [11/Feb/2025:00:27:03 +0100] "GET /ticket2/opencms/img/icons/az.png HTTP/1.1" 200 1445
80.135.59.81 - - [11/Feb/2025:00:27:03 +0100] "GET /ticket2/opencms/img/icons/bs.png HTTP/1.1" 200 1014
80.135.59.81 - - [11/Feb/2025:00:27:03 +0100] "GET /ticket2/opencms/img/icons/bg.png HTTP/1.1" 200 788
80.135.59.81 - - [11/Feb/2025:00:27:03 +0100] "GET /ticket2/opencms/img/icons/hr.png HTTP/1.1" 200 2024
80.135.59.81 - - [11/Feb/2025:00:27:03 +0100] "GET /ticket2/opencms/img/icons/cs.png HTTP/1.1" 200 1883
80.135.59.81 - - [11/Feb/2025:00:27:03 +0100] "GET /ticket2/opencms/img/icons/hu.png HTTP/1.1" 200 733
80.135.59.81 - - [11/Feb/2025:00:27:03 +0100] "GET /ticket2/opencms/img/icons/el.png HTTP/1.1" 200 1637
80.135.59.81 - - [11/Feb/2025:00:27:03 +0100] "GET /ticket2/opencms/img/icons/ka.png HTTP/1.1" 200 860
80.135.59.81 - - [11/Feb/2025:00:27:03 +0100] "GET /ticket2/opencms/img/icons/et.png HTTP/1.1" 200 754
80.135.59.81 - - [11/Feb/2025:00:27:04 +0100] "GET /ticket2/opencms/img/icons/ga.png HTTP/1.1" 200 1759
80.135.59.81 - - [11/Feb/2025:00:27:04 +0100] "GET /ticket2/opencms/img/icons/lv.png HTTP/1.1" 200 716
80.135.59.81 - - [11/Feb/2025:00:27:04 +0100] "GET /ticket2/opencms/img/icons/mo.png HTTP/1.1" 200 1468
80.135.59.81 - - [11/Feb/2025:00:27:04 +0100] "GET /ticket2/opencms/img/icons/mt.png HTTP/1.1" 200 920
80.135.59.81 - - [11/Feb/2025:00:27:04 +0100] "GET /ticket2/opencms/img/icons/is.png HTTP/1.1" 200 1884
80.135.59.81 - - [11/Feb/2025:00:27:04 +0100] "GET /ticket2/opencms/img/icons/lt.png HTTP/1.1" 200 733
192.99.15.34 - - [11/Feb/2025:00:27:04 +0100] "GET /ticket2/opencms/no/buy/?page=1&edid=7D0FDED0-7BC4-4EA6-3DAA-20D3EE07613E&sortorder=desc&column=row HTTP/1.1" 200 109595
80.135.59.81 - - [11/Feb/2025:00:27:04 +0100] "GET /ticket2/opencms/img/icons/sr.png HTTP/1.1" 200 1602
80.135.59.81 - - [11/Feb/2025:00:27:04 +0100] "GET /ticket2/opencms/img/icons/sl.png HTTP/1.1" 200 966
80.135.59.81 - - [11/Feb/2025:00:27:04 +0100] "GET /ticket2/opencms/img/icons/ro.png HTTP/1.1" 200 1393
80.135.59.81 - - [11/Feb/2025:00:27:04 +0100] "GET /ticket2/opencms/img/icons/tr.png HTTP/1.1" 200 1636
80.135.59.81 - - [11/Feb/2025:00:27:04 +0100] "GET /ticket2/opencms/img/icons/sk.png HTTP/1.1" 200 1283
80.135.59.81 - - [11/Feb/2025:00:27:04 +0100] "GET /ticket2/opencms/img/icons/uk.png HTTP/1.1" 200 1272
193.70.81.116 - - [11/Feb/2025:00:27:04 +0100] "GET /ticket2/opencms/en/buy/?page=1&edid=355D3270-70A4-08B0-6A25-52C4305F40B2 HTTP/1.1" 200 104722
80.135.59.81 - - [11/Feb/2025:00:27:04 +0100] "GET /ticket2/opencms/img/icons/ticket2.thumbnail.png HTTP/1.1" 200 21519
80.135.59.81 - - [11/Feb/2025:00:27:04 +0100] "GET /ticket2/opencms/system/modules/com.gridnine.opencms.ticketbrokerage.site/resources/js/standard.js HTTP/1.1" 200 3983
192.99.9.92 - - [11/Feb/2025:00:27:06 +0100] "GET /ticket2/opencms/fi/login/?edid=B77FE1E7-5650-33DC-BECF-5C05072625BA HTTP/1.1" 200 89654
193.70.81.116 - - [11/Feb/2025:00:27:08 +0100] "GET /ticket2/opencms/en/buy/?page=1&edid=3583D5C7-607A-E528-A709-844E6A72DC1B HTTP/1.1" 200 139161
192.99.9.92 - - [11/Feb/2025:00:27:11 +0100] "GET /ticket2/opencms/fi/login/?edid=CCC5617F-257E-D2AC-C3EC-1D14BF51F54A HTTP/1.1" 200 89654
54.36.148.33 - - [11/Feb/2025:00:27:11 +0100] "GET /ticket2/opencms/be/buy?page=1&edid=AAD8B8EA-9AED-21A9-2967-40D5EB8A5581 HTTP/1.1" 200 108659
202.8.41.181 - - [11/Feb/2025:00:27:12 +0100] "GET /ticket2/opencms/system/modules/com.gridnine.opencms.ticketbrokerage.site/resources/css/ticketbrokerage.css HTTP/1.1" 200 39339
202.8.41.181 - - [11/Feb/2025:00:27:12 +0100] "GET /ticket2/opencms/system/modules/com.gridnine.opencms.ticketbrokerage.site/resources/css/jquery-ui.css HTTP/1.1" 200 33221
202.8.41.181 - - [11/Feb/2025:00:27:12 +0100] "GET /ticket2/opencms/system/modules/com.gridnine.opencms.ticketbrokerage.site/resources/css/calendar.css HTTP/1.1" 200 6871
