20.171.207.55 - - [27/Feb/2025:00:01:40 +0100] "GET /ticket2/opencms/set_aff_cookie.jsp?partner=6F250EA7-4505-FA01-D601-8847F2573405&url=%252Fsv%252Fbuy%252Findex.html%253Fpage%253D1%2526edid%253DA27091AD-1422-96A9-33A7-74A8DECA25F3%2526hlv%253D666ddc7a-7a48-46dc-a963-6a850a01000f%2523v_190034075 HTTP/1.1" 200 246
20.171.207.55 - - [27/Feb/2025:00:01:41 +0100] "GET /ticket2/opencms/set_aff_cookie.jsp?partner=8F6DE15D-D831-5787-AE7E-FEFF53476F85&url=%252Fnl%252Fbuy%252Findex.html%253Fpage%253D1%2526edid%253D3583D5C7-607A-E528-A709-844E6A72DC1B%2526hlv%253D666c7e95-f310-4716-9629-698f0a01000f%2523v_565515704 HTTP/1.1" 200 246
20.171.207.55 - - [27/Feb/2025:00:01:43 +0100] "GET /ticket2/opencms/set_aff_cookie.jsp?partner=6F250EA7-4505-FA01-D601-8847F2573405&url=%252Fsv%252Fbuy%252Findex.html%253Fpage%253D1%2526edid%253DA587FC63-4A93-6097-3B29-C1C51786267C%2526hlv%253D6693ad27-db34-4147-b204-07f70a01000f%2523v1079302575 HTTP/1.1" 200 246
20.171.207.55 - - [27/Feb/2025:00:01:44 +0100] "GET /ticket2/opencms/set_aff_cookie.jsp?partner=57601924-FB09-5BB2-867F-08B4EB522BA8&url=%252Fdk%252Fbuy%252Findex.html%253Fpage%253D1%2526edid%253D57C8D150-DCBD-4911-196A-160A37952FA8%2526hlv%253D666cb314-bc30-4770-aefd-45220a01000f%2523v_1938717338 HTTP/1.1" 200 247
66.249.68.36 - - [27/Feb/2025:00:01:44 +0100] "GET /ticket2/opencms/sk/?page=6&comcatid=A17713B6-D984-201A-4143-ED4DB5ED5C2E&catid=06324577-7173-BAB0-146D-E644C912F7C1&eventid=2B77360C-773A-8230-F965-6A3D913481EC HTTP/1.1" 200 106439
20.171.207.55 - - [27/Feb/2025:00:01:45 +0100] "GET /ticket2/opencms/set_aff_cookie.jsp?partner=2E02071B-A8C3-4CBA-3097-C27D61C02ED8&url=%252Fen%252Fbuy%252Findex.html%253Fpage%253D1%2526edid%253D5C16C231-B966-190F-EDF0-005493349D4E%2526hlv%253D66924207-cdd0-4977-a9b8-068d0a01000f%2523v_2096214782 HTTP/1.1" 200 247
216.244.66.238 - - [27/Feb/2025:00:01:45 +0100] "GET /ticket2/opencms/sl/buy?page=1&edid=0A9A92DD-C9BE-E94C-2EB9-3124FCA7591C HTTP/1.1" 200 108531
66.249.79.170 - - [27/Feb/2025:00:01:46 +0100] "GET /ticket2/opencms/tr/magazine/article?title=crystal-palace-premier-leaguein-en-iyi-taraftarlari-mi HTTP/1.1" 200 94736
20.171.207.55 - - [27/Feb/2025:00:01:46 +0100] "GET /ticket2/opencms/set_aff_cookie.jsp?partner=6F250EA7-4505-FA01-D601-8847F2573405&url=%252Fdk%252Fbuy%252Findex.html%253Fpage%253D1%2526edid%253DBC781D5C-058D-8CA8-2F4E-240C11D0769A%2526hlv%253D66884648-d584-4470-97f4-35a40a01000f%2523v1267178563 HTTP/1.1" 200 246
20.171.207.55 - - [27/Feb/2025:00:01:47 +0100] "GET /ticket2/opencms/set_aff_cookie.jsp?partner=6F250EA7-4505-FA01-D601-8847F2573405&url=%252Fno%252Fbuy%252Findex.html%253Fpage%253D1%2526edid%253D77EEF94B-7B3D-9F35-9811-078E0E2474CF%2526hlv%253D669388b8-86e4-42f3-8d77-703e0a01000f%2523v_428430283 HTTP/1.1" 200 246
20.171.207.55 - - [27/Feb/2025:00:01:48 +0100] "GET /ticket2/opencms/set_aff_cookie.jsp?partner=6F250EA7-4505-FA01-D601-8847F2573405&url=%252Fnl%252Fbuy%252Findex.html%253Fpage%253D1%2526edid%253D47C0370F-9915-7673-E038-7AD65907592C%2526hlv%253D666d50d2-9fac-4b28-99c9-70d60a01000f%2523v1423581049 HTTP/1.1" 200 246
20.171.207.55 - - [27/Feb/2025:00:01:49 +0100] "GET /ticket2/opencms/set_aff_cookie.jsp?partner=2E02071B-A8C3-4CBA-3097-C27D61C02ED8&url=%252Ffi%252Fbuy%252Findex.html%253Fpage%253D1%2526edid%253D2F89DE74-66D3-F2EE-BBA0-20A3C149309A%2526hlv%253D66924884-5648-4255-8927-19b40a01000f%2523v_1544367026 HTTP/1.1" 200 247
20.171.207.55 - - [27/Feb/2025:00:01:51 +0100] "GET /ticket2/opencms/set_aff_cookie.jsp?partner=57601924-FB09-5BB2-867F-08B4EB522BA8&url=%252Fru%252Fbuy%252Findex.html%253Fpage%253D1%2526edid%253DA11B886E-58FD-585E-C844-3A5188D11667%2526hlv%253D6149f42b-8eec-434a-acf2-258b0a01000f%2523v_1167082458 HTTP/1.1" 200 247
20.171.207.55 - - [27/Feb/2025:00:01:52 +0100] "GET /ticket2/opencms/set_aff_cookie.jsp?partner=6F250EA7-4505-FA01-D601-8847F2573405&url=%252Fno%252Fbuy%252Findex.html%253Fpage%253D1%2526edid%253D81B38BC2-1B10-C00A-7953-DB579F5D53A3%2526hlv%253D66924221-6390-4a45-89dc-073b0a01000f%2523v_269592594 HTTP/1.1" 200 246
20.171.207.55 - - [27/Feb/2025:00:01:53 +0100] "GET /ticket2/opencms/set_aff_cookie.jsp?partner=57601924-FB09-5BB2-867F-08B4EB522BA8&url=%252Fru%252Fbuy%252Findex.html%253Fpage%253D1%2526edid%253D28F0825C-19F9-7A9A-47A6-29D256059C0C%2526hlv%253D611cd235-2594-4b65-83e8-5ec50a01000f%2523v_104443320 HTTP/1.1" 200 246
46.250.162.115 - - [27/Feb/2025:00:01:53 +0100] "GET /ticket2/opencms/it/buy/?page=1&edid=601F2318-7477-7FC8-2487-EFF4A82C960F HTTP/1.1" 200 108374
20.171.207.55 - - [27/Feb/2025:00:01:54 +0100] "GET /ticket2/opencms/set_aff_cookie.jsp?partner=6F250EA7-4505-FA01-D601-8847F2573405&url=%252Fen%252Fbuy%252Findex.html%253Fpage%253D1%2526edid%253D7F2B1FEA-20FE-7448-32AC-111154CA401B%2526hlv%253D666d4534-3680-4035-b724-64610a01000f%2523v1810817885 HTTP/1.1" 200 246
20.171.207.55 - - [27/Feb/2025:00:01:55 +0100] "GET /ticket2/opencms/set_aff_cookie.jsp?partner=6F250EA7-4505-FA01-D601-8847F2573405&url=%252Fdk%252Fbuy%252Findex.html%253Fpage%253D1%2526edid%253D77EEF94B-7B3D-9F35-9811-078E0E2474CF%2526hlv%253D669388b6-9f54-4577-8084-703e0a01000f%2523v356000194 HTTP/1.1" 200 245
47.128.45.219 - - [27/Feb/2025:00:01:56 +0100] "GET /ticket2/opencms/no/buy/?edid=812FD49D-304A-7328-3A5E-992562A1F44A HTTP/1.1" 200 91106
20.171.207.55 - - [27/Feb/2025:00:01:56 +0100] "GET /ticket2/opencms/set_aff_cookie.jsp?partner=2E02071B-A8C3-4CBA-3097-C27D61C02ED8&url=%252Fen%252Fbuy%252Findex.html%253Fpage%253D1%2526edid%253D86A7D428-8E42-C0D0-846E-90C83426D4AE%2526hlv%253D6686653e-f9cc-4b57-98cc-67400a01000f%2523v_560436718 HTTP/1.1" 200 246
185.191.171.19 - - [27/Feb/2025:00:01:57 +0100] "GET /ticket2/opencms/sq/magazine/article?title=viktor-gyokeres-tek-manchester-united HTTP/1.1" 200 93492
20.171.207.55 - - [27/Feb/2025:00:01:58 +0100] "GET /ticket2/opencms/set_aff_cookie.jsp?partner=57601924-FB09-5BB2-867F-08B4EB522BA8&url=%252Fdk%252Fbuy%252Findex.html%253Fpage%253D1%2526edid%253D8A787324-CD72-C476-64CB-87071CD71C2F%2526hlv%253D666dbd40-7684-4cd6-a81a-50150a01000f%2523v_1382864718 HTTP/1.1" 200 247
20.171.207.55 - - [27/Feb/2025:00:01:59 +0100] "GET /ticket2/opencms/set_aff_cookie.jsp?partner=6F250EA7-4505-FA01-D601-8847F2573405&url=%252Fnl%252Fbuy%252Findex.html%253Fpage%253D1%2526edid%253D86A7D428-8E42-C0D0-846E-90C83426D4AE%2526hlv%253D6686653e-4f04-452c-9e21-67400a01000f%2523v669096389 HTTP/1.1" 200 245
20.171.207.55 - - [27/Feb/2025:00:02:00 +0100] "GET /ticket2/opencms/set_aff_cookie.jsp?partner=2E02071B-A8C3-4CBA-3097-C27D61C02ED8&url=%252Ffi%252Fbuy%252Findex.html%253Fpage%253D1%2526edid%253D47C0370F-9915-7673-E038-7AD65907592C%2526hlv%253D666d50d5-1138-4947-ad28-70d60a01000f%2523v_174454329 HTTP/1.1" 200 246
159.138.0.224 - - [27/Feb/2025:00:02:00 +0100] "GET /ticket2/opencms/fr/buy?page=1&edid=86016FCC-B629-DB25-1B97-EF7601F07523 HTTP/1.1" 200 108480
20.171.207.55 - - [27/Feb/2025:00:02:01 +0100] "GET /ticket2/opencms/set_aff_cookie.jsp?partner=6F250EA7-4505-FA01-D601-8847F2573405&url=%252Fnl%252Fbuy%252Findex.html%253Fpage%253D1%2526edid%253D719E6B6D-707F-E825-E3AA-0E552980E1EB%2526hlv%253D66869493-7fac-4779-9313-3fc50a01000f%2523v368694712 HTTP/1.1" 200 245
20.171.207.55 - - [27/Feb/2025:00:02:02 +0100] "GET /ticket2/opencms/set_aff_cookie.jsp?partner=2E02071B-A8C3-4CBA-3097-C27D61C02ED8&url=%252Fdk%252Fbuy%252Findex.html%253Fpage%253D1%2526edid%253D0918B947-793A-2AE6-89D7-3BA5603B1356%2526hlv%253D61476ea7-8fe0-46df-8e23-15980a01000f%2523v_568029525 HTTP/1.1" 200 246
152.53.110.98 - - [27/Feb/2025:00:02:03 +0100] "GET /ticket2/opencms/fr/sport/billets-football/premier_league/west_ham_united/ HTTP/1.1" 200 100188
20.171.207.55 - - [27/Feb/2025:00:02:03 +0100] "GET /ticket2/opencms/set_aff_cookie.jsp?partner=6F250EA7-4505-FA01-D601-8847F2573405&url=%252Fdk%252Fbuy%252Findex.html%253Fpage%253D1%2526edid%253DFCEB71A3-C27D-C49F-469F-2CB5939452EE%2526hlv%253D666dc046-ee60-4a6b-9a34-52210a01000f%2523v_1929758185 HTTP/1.1" 200 247
40.77.167.36 - - [27/Feb/2025:00:02:04 +0100] "GET /ticket2/opencms/et/buy/?page=1&edid=9D2DFDC9-4BC5-EECE-32CF-AF6FA9041457 HTTP/1.1" 200 110655
20.171.207.55 - - [27/Feb/2025:00:02:04 +0100] "GET /ticket2/opencms/set_aff_cookie.jsp?partner=2E02071B-A8C3-4CBA-3097-C27D61C02ED8&url=%252Ffi%252Fbuy%252Findex.html%253Fpage%253D1%2526edid%253DEC2D4B4A-A0C7-0522-F532-8706D9BB8618%2526hlv%253D669384b4-5658-4d55-9d60-6d2d0a01000f%2523v_1681524009 HTTP/1.1" 200 247
20.171.207.55 - - [27/Feb/2025:00:02:06 +0100] "GET /ticket2/opencms/set_aff_cookie.jsp?partner=2E02071B-A8C3-4CBA-3097-C27D61C02ED8&url=%252Fsv%252Fbuy%252Findex.html%253Fpage%253D1%2526edid%253D26467E66-E432-3709-0425-A75E81B5021A%2526hlv%253D666c5d2a-a24c-4b7e-9d34-4e220a01000f%2523v_448612684 HTTP/1.1" 200 246
20.171.207.55 - - [27/Feb/2025:00:02:07 +0100] "GET /ticket2/opencms/set_aff_cookie.jsp?partner=57601924-FB09-5BB2-867F-08B4EB522BA8&url=%252Fru%252Fbuy%252Findex.html%253Fpage%253D1%2526edid%253D5C16C231-B966-190F-EDF0-005493349D4E%2526hlv%253D66924209-f320-4700-bb21-068d0a01000f%2523v_1306273677 HTTP/1.1" 200 247
20.171.207.55 - - [27/Feb/2025:00:02:08 +0100] "GET /ticket2/opencms/set_aff_cookie.jsp?partner=6F250EA7-4505-FA01-D601-8847F2573405&url=%252Fno%252Fbuy%252Findex.html%253Fpage%253D1%2526edid%253D463B85F1-158C-B9D0-587B-5FBBABC2ECA2%2526hlv%253D6693848b-94d4-4c7c-9699-6c6f0a01000f%2523v_1267657384 HTTP/1.1" 200 247
20.171.207.55 - - [27/Feb/2025:00:02:09 +0100] "GET /ticket2/opencms/set_aff_cookie.jsp?partner=2E02071B-A8C3-4CBA-3097-C27D61C02ED8&url=%252Fdk%252Fbuy%252Findex.html%253Fpage%253D1%2526edid%253D3F2482EE-6B7A-310D-17CE-1C7E3CC58C7F%2526hlv%253D66902851-9560-4ba9-87a8-27770a01000f%2523v_1187593440 HTTP/1.1" 200 247
20.171.207.55 - - [27/Feb/2025:00:02:10 +0100] "GET /ticket2/opencms/set_aff_cookie.jsp?partner=6F250EA7-4505-FA01-D601-8847F2573405&url=%252Fru%252Fbuy%252Findex.html%253Fpage%253D1%2526edid%253D2AA1FF96-18BA-5A96-CBE6-7F35F0406D7B%2526hlv%253D615c45fd-79cc-4fc7-8863-24980a01000f%2523v_1937627688 HTTP/1.1" 200 247
216.244.66.238 - - [27/Feb/2025:00:02:11 +0100] "GET /ticket2/opencms/sr/buy?page=1&edid=AD14D102-9A59-3E48-721F-B8412449464B HTTP/1.1" 200 111407
20.171.207.55 - - [27/Feb/2025:00:02:11 +0100] "GET /ticket2/opencms/set_aff_cookie.jsp?partner=6F250EA7-4505-FA01-D601-8847F2573405&url=%252Fno%252Fbuy%252Findex.html%253Fpage%253D1%2526edid%253D86A7D428-8E42-C0D0-846E-90C83426D4AE%2526hlv%253D6686653e-5420-461d-bf72-67400a01000f%2523v2141820621 HTTP/1.1" 200 246
52.167.144.17 - - [27/Feb/2025:00:02:12 +0100] "GET /ticket2/opencms/fi/magazine/article?title=chelsea HTTP/1.1" 200 94428
188.239.47.22 - - [27/Feb/2025:00:02:12 +0100] "GET /ticket2/opencms/it/buy?comcatid=97ECA65A-72DA-F9AF-9DBB-245D3CFED1BE&catid=9457695E-36ED-A63E-7A88-32963954E2C7 HTTP/1.1" 200 98080
20.171.207.55 - - [27/Feb/2025:00:02:12 +0100] "GET /ticket2/opencms/set_aff_cookie.jsp?partner=6F250EA7-4505-FA01-D601-8847F2573405&url=%252Fnl%252Fbuy%252Findex.html%253Fpage%253D1%2526edid%253D3583D5C7-607A-E528-A709-844E6A72DC1B%2526hlv%253D666c7e96-5980-46a5-8768-698f0a01000f%2523v1645044074 HTTP/1.1" 200 246
40.77.167.65 - - [27/Feb/2025:00:02:14 +0100] "GET /ticket2/opencms/is/sport/fotbolti/premier-league/ipswich HTTP/1.1" 404 -
20.171.207.55 - - [27/Feb/2025:00:02:14 +0100] "GET /ticket2/opencms/set_aff_cookie.jsp?partner=2E02071B-A8C3-4CBA-3097-C27D61C02ED8&url=%252Ffi%252Fbuy%252Findex.html%253Fpage%253D1%2526edid%253D47C0370F-9915-7673-E038-7AD65907592C%2526hlv%253D666d50d4-1e54-4633-864f-70d60a01000f%2523v_690369781 HTTP/1.1" 200 246
40.77.167.65 - - [27/Feb/2025:00:02:15 +0100] "GET /ticket2/opencms/lv/buy/?page=1&edid=D3ED59F6-69C7-E5EC-F202-69DF5BFAD162 HTTP/1.1" 200 108707
20.171.207.55 - - [27/Feb/2025:00:02:15 +0100] "GET /ticket2/opencms/set_aff_cookie.jsp?partner=6F250EA7-4505-FA01-D601-8847F2573405&url=%252Fru%252Fbuy%252Findex.html%253Fpage%253D1%2526edid%253D0859B3F5-666A-8459-68A2-BF0A731BAF06%2526hlv%253D6693849f-3168-4738-93db-6c6f0a01000f%2523v2004741400 HTTP/1.1" 200 246
44.215.210.112 - - [27/Feb/2025:00:02:15 +0100] "GET /ticket2/opencms/ka/sport/pekhburti-biletebi/english-championship/hull-city HTTP/1.1" 404 -
20.171.207.55 - - [27/Feb/2025:00:02:16 +0100] "GET /ticket2/opencms/set_aff_cookie.jsp?partner=23A6AD98-906E-5BDD-600E-EC4EC8A45F97&url=%252Fen%252Fbuy%252Findex.html%253Fpage%253D1%2526edid%253D5C16C231-B966-190F-EDF0-005493349D4E%2526hlv%253D66924209-4f00-4bb1-8ad6-068d0a01000f%2523v_672109654 HTTP/1.1" 200 246
20.171.207.55 - - [27/Feb/2025:00:02:17 +0100] "GET /ticket2/opencms/set_aff_cookie.jsp?partner=2E02071B-A8C3-4CBA-3097-C27D61C02ED8&url=%252Fen%252Fbuy%252Findex.html%253Fpage%253D1%2526edid%253D3F6A8792-7548-F993-C348-52429B326F12%2526hlv%253D612b58e1-9754-41b4-aa9c-3fbc0a01000f%2523v_157117122 HTTP/1.1" 200 246
20.171.207.55 - - [27/Feb/2025:00:02:18 +0100] "GET /ticket2/opencms/set_aff_cookie.jsp?partner=6F250EA7-4505-FA01-D601-8847F2573405&url=%252Fsv%252Fbuy%252Findex.html%253Fpage%253D1%2526edid%253DFA7D6BC6-E757-B554-9DC3-402FA5982C97%2526hlv%253D60c9e9b2-1360-48d8-9cc0-272c0a01000f%2523v_1126321353 HTTP/1.1" 200 247
63.32.98.162 - - [27/Feb/2025:00:02:19 +0100] "GET /ticket2/opencms/ HTTP/1.1" 302 -
20.171.207.55 - - [27/Feb/2025:00:02:19 +0100] "GET /ticket2/opencms/set_aff_cookie.jsp?partner=6F250EA7-4505-FA01-D601-8847F2573405&url=%252Fen%252Fbuy%252Findex.html%253Fpage%253D1%2526edid%253D86A7D428-8E42-C0D0-846E-90C83426D4AE%2526hlv%253D6686653e-910c-4bb2-a890-67400a01000f%2523v_144087879 HTTP/1.1" 200 246
185.191.171.12 - - [27/Feb/2025:00:02:20 +0100] "GET /ticket2/opencms/sk/magazine/article?title=vitaz-zlatej-lopty-2024 HTTP/1.1" 200 93927
20.171.207.55 - - [27/Feb/2025:00:02:21 +0100] "GET /ticket2/opencms/set_aff_cookie.jsp?partner=6F250EA7-4505-FA01-D601-8847F2573405&url=%252Fno%252Fbuy%252Findex.html%253Fpage%253D1%2526edid%253D0859B3F5-666A-8459-68A2-BF0A731BAF06%2526hlv%253D6693849f-1358-4808-839d-6c6f0a01000f%2523v893940617 HTTP/1.1" 200 245
63.32.98.162 - - [27/Feb/2025:00:02:21 +0100] "GET /ticket2/opencms/en/ HTTP/1.1" 200 104611
20.171.207.55 - - [27/Feb/2025:00:02:22 +0100] "GET /ticket2/opencms/set_aff_cookie.jsp?partner=57601924-FB09-5BB2-867F-08B4EB522BA8&url=%252Fru%252Fbuy%252Findex.html%253Fpage%253D1%2526edid%253D7568E602-7C67-35D2-952F-D243F8930169%2526hlv%253D666dbc74-3444-4151-89c4-4cf60a01000f%2523v_572517991 HTTP/1.1" 200 246
34.242.136.188 - - [27/Feb/2025:00:02:22 +0100] "GET /ticket2/opencms/ HTTP/1.1" 302 -
34.242.136.188 - - [27/Feb/2025:00:02:22 +0100] "GET /ticket2/opencms/en/ HTTP/1.1" 200 104592
20.171.207.55 - - [27/Feb/2025:00:02:23 +0100] "GET /ticket2/opencms/set_aff_cookie.jsp?partner=6F250EA7-4505-FA01-D601-8847F2573405&url=%252Fen%252Fbuy%252Findex.html%253Fpage%253D1%2526edid%253DBE18676F-AB94-E65E-A849-408190E75353%2526hlv%253D6693ad5f-4090-4493-916b-07f70a01000f%2523v1056888817 HTTP/1.1" 200 246
66.249.79.194 - - [27/Feb/2025:00:02:24 +0100] "GET /ticket2/opencms/nl/buy/?page=1&edid=3AAD2194-7D27-1E14-1F37-DA3A90110F57 HTTP/1.1" 200 106297
124.243.188.54 - - [27/Feb/2025:00:02:24 +0100] "GET /ticket2/opencms/bs/buy?page=1&edid=A4C26F4F-71A9-352B-54F5-F6F1C67259BB HTTP/1.1" 200 108395
20.171.207.55 - - [27/Feb/2025:00:02:24 +0100] "GET /ticket2/opencms/set_aff_cookie.jsp?partner=8F6DE15D-D831-5787-AE7E-FEFF53476F85&url=%252Fru%252Fbuy%252Findex.html%253Fpage%253D1%2526edid%253D3950061E-10D0-1370-F4D5-47E1041A5F57%2526hlv%253D60c9ec04-1ac4-4094-9367-286f0a01000f%2523v_1830661781 HTTP/1.1" 200 247
20.171.207.55 - - [27/Feb/2025:00:02:25 +0100] "GET /ticket2/opencms/set_aff_cookie.jsp?partner=6F250EA7-4505-FA01-D601-8847F2573405&url=%252Fsv%252Fbuy%252Findex.html%253Fpage%253D1%2526edid%253D7C302FE7-A282-8674-91A5-C39354E6B4F5%2526hlv%253D6698cf73-8044-4249-8b92-3c4e0a01000f%2523v1416110319 HTTP/1.1" 200 246
20.171.207.55 - - [27/Feb/2025:00:02:26 +0100] "GET /ticket2/opencms/set_aff_cookie.jsp?partner=6F250EA7-4505-FA01-D601-8847F2573405&url=%252Fen%252Fbuy%252Findex.html%253Fpage%253D1%2526edid%253D4F823A18-A71D-F820-FD7B-2CC78F9C9CC8%2526hlv%253D6692486d-8748-4841-b8bb-16d80a01000f%2523v_615310220 HTTP/1.1" 200 246
20.171.207.55 - - [27/Feb/2025:00:02:28 +0100] "GET /ticket2/opencms/set_aff_cookie.jsp?partner=6F250EA7-4505-FA01-D601-8847F2573405&url=%252Ffi%252Fbuy%252Findex.html%253Fpage%253D1%2526edid%253DFCEB71A3-C27D-C49F-469F-2CB5939452EE%2526hlv%253D666dc049-93bc-4e33-b6cb-52210a01000f%2523v_284275225 HTTP/1.1" 200 246
114.119.141.178 - - [27/Feb/2025:00:02:28 +0100] "GET /ticket2/opencms/fr/buy?page=1&edid=8E8E9404-172C-6C57-7F68-EAFC3F95D1AC HTTP/1.1" 200 112109
20.171.207.55 - - [27/Feb/2025:00:02:29 +0100] "GET /ticket2/opencms/set_aff_cookie.jsp?partner=6F250EA7-4505-FA01-D601-8847F2573405&url=%252Fen%252Fbuy%252Findex.html%253Fpage%253D1%2526edid%253D87B3356E-6F78-7F45-235C-4CD49B95C308%2526hlv%253D669148e1-6e40-4bee-9296-48a80a01000f%2523v1802531768 HTTP/1.1" 200 246
20.171.207.55 - - [27/Feb/2025:00:02:30 +0100] "GET /ticket2/opencms/set_aff_cookie.jsp?partner=6F250EA7-4505-FA01-D601-8847F2573405&url=%252Fdk%252Fbuy%252Findex.html%253Fpage%253D1%2526edid%253D77EEF94B-7B3D-9F35-9811-078E0E2474CF%2526hlv%253D669388b7-51e0-4079-b622-703e0a01000f%2523v_753972955 HTTP/1.1" 200 246
20.171.207.55 - - [27/Feb/2025:00:02:31 +0100] "GET /ticket2/opencms/set_aff_cookie.jsp?partner=2E02071B-A8C3-4CBA-3097-C27D61C02ED8&url=%252Fdk%252Fbuy%252Findex.html%253Fpage%253D1%2526edid%253DDF09DA20-E43F-35F9-26B1-56353C7187EA%2526hlv%253D6698d6cb-b490-4584-9533-3ea60a01000f%2523v_892863689 HTTP/1.1" 200 246
20.171.207.55 - - [27/Feb/2025:00:02:32 +0100] "GET /ticket2/opencms/set_aff_cookie.jsp?partner=6F250EA7-4505-FA01-D601-8847F2573405&url=%252Fnl%252Fbuy%252Findex.html%253Fpage%253D1%2526edid%253D5CBB442D-D365-7F4F-B999-AA88D946C632%2526hlv%253D666c5d44-e610-4cec-ba63-4e210a01000f%2523v_1113471211 HTTP/1.1" 200 247
69.171.249.112 - - [27/Feb/2025:00:02:33 +0100] "GET /ticket2/opencms/az/buy/?page=1&edid=9EA39832-649E-4239-074E-B30B49B30833 HTTP/1.1" 200 111444
20.171.207.55 - - [27/Feb/2025:00:02:33 +0100] "GET /ticket2/opencms/set_aff_cookie.jsp?partner=8F6DE15D-D831-5787-AE7E-FEFF53476F85&url=%252Ffi%252Fbuy%252Findex.html%253Fpage%253D1%2526edid%253DE3B128F0-A528-70CF-8C87-E24A1C323D9D%2526hlv%253D615c483f-2970-4a04-95c4-27110a01000f%2523v_1963873135 HTTP/1.1" 200 247
20.171.207.55 - - [27/Feb/2025:00:02:35 +0100] "GET /ticket2/opencms/set_aff_cookie.jsp?partner=2E02071B-A8C3-4CBA-3097-C27D61C02ED8&url=%252Fno%252Fbuy%252Findex.html%253Fpage%253D1%2526edid%253D3289C097-2261-9433-8644-DF033A9EE354%2526hlv%253D666c5d16-3b78-42b6-9258-4e220a01000f%2523v781242592 HTTP/1.1" 200 245
216.244.66.238 - - [27/Feb/2025:00:02:35 +0100] "GET /ticket2/opencms/it/buy?page=1&edid=7BDD513D-C42F-5416-CDF2-0CE1EB8D2C84 HTTP/1.1" 200 90247
20.171.207.55 - - [27/Feb/2025:00:02:36 +0100] "GET /ticket2/opencms/set_aff_cookie.jsp?partner=57601924-FB09-5BB2-867F-08B4EB522BA8&url=%252Fdk%252Fbuy%252Findex.html%253Fpage%253D1%2526edid%253D3289C097-2261-9433-8644-DF033A9EE354%2526hlv%253D666c5d13-56d8-4278-90e5-4e220a01000f%2523v871569882 HTTP/1.1" 200 245
20.171.207.55 - - [27/Feb/2025:00:02:37 +0100] "GET /ticket2/opencms/set_aff_cookie.jsp?partner=6F250EA7-4505-FA01-D601-8847F2573405&url=%252Ffi%252Fbuy%252Findex.html%253Fpage%253D1%2526edid%253D9A8891BD-C3B9-2FD5-1633-7AEF0F073762%2526hlv%253D669390d7-6dc0-4820-9512-75040a01000f%2523v1812972920 HTTP/1.1" 200 246
20.171.207.55 - - [27/Feb/2025:00:02:38 +0100] "GET /ticket2/opencms/set_aff_cookie.jsp?partner=6F250EA7-4505-FA01-D601-8847F2573405&url=%252Fdk%252Fbuy%252Findex.html%253Fpage%253D1%2526edid%253D9F8544B2-CF19-221B-478E-5476FF460535%2526hlv%253D6693ab4c-f600-4364-899f-052e0a01000f%2523v1719493481 HTTP/1.1" 200 246
190.92.205.137 - - [27/Feb/2025:00:02:39 +0100] "GET /ticket2/opencms/cs/buy/?page=1&edid=473B0CA2-5DEF-8724-CEB4-D099FD62177B HTTP/1.1" 200 108577
20.171.207.55 - - [27/Feb/2025:00:02:39 +0100] "GET /ticket2/opencms/set_aff_cookie.jsp?partner=6F250EA7-4505-FA01-D601-8847F2573405&url=%252Ffi%252Fbuy%252Findex.html%253Fpage%253D1%2526edid%253DFCEB71A3-C27D-C49F-469F-2CB5939452EE%2526hlv%253D666dc049-93bc-4e33-b6cb-52210a01000f%2523v_284275225 HTTP/1.1" 200 246
20.171.207.55 - - [27/Feb/2025:00:02:40 +0100] "GET /ticket2/opencms/set_aff_cookie.jsp?partner=2E02071B-A8C3-4CBA-3097-C27D61C02ED8&url=%252Fdk%252Fbuy%252Findex.html%253Fpage%253D1%2526edid%253D750C6040-29F7-425D-A24F-51B977F415A3%2526hlv%253D666c4b7e-6d88-4c79-a7a1-3da20a01000f%2523v_1205702064 HTTP/1.1" 200 247
66.249.68.68 - - [27/Feb/2025:00:02:41 +0100] "GET /ticket2/opencms/hu/buy?page=1&edid=055941D5-AAA9-3559-090F-26D27D65FBDA&hlv=66d04e35-b154-4468-9965-06ff0a01000f HTTP/1.1" 200 123026
20.171.207.55 - - [27/Feb/2025:00:02:42 +0100] "GET /ticket2/opencms/set_aff_cookie.jsp?partner=6F250EA7-4505-FA01-D601-8847F2573405&url=%252Fsv%252Fbuy%252Findex.html%253Fpage%253D1%2526edid%253D779DCE22-7865-5C8E-54FB-44794C9B955F%2526hlv%253D669241c4-3dd8-4851-9a7a-0d450a01000f%2523v_135867603 HTTP/1.1" 200 246
20.171.207.55 - - [27/Feb/2025:00:02:43 +0100] "GET /ticket2/opencms/set_aff_cookie.jsp?partner=6F250EA7-4505-FA01-D601-8847F2573405&url=%252Fsv%252Fbuy%252Findex.html%253Fpage%253D1%2526edid%253D41CD7066-237A-B852-387D-3D5D7B688DF9%2526hlv%253D66a120e3-e478-4792-bd17-08c90a01000f%2523v_1348980506 HTTP/1.1" 200 247
20.171.207.55 - - [27/Feb/2025:00:02:44 +0100] "GET /ticket2/opencms/set_aff_cookie.jsp?partner=57601924-FB09-5BB2-867F-08B4EB522BA8&url=%252Fnl%252Fbuy%252Findex.html%253Fpage%253D1%2526edid%253D0C675B35-F010-2227-D951-9B816929F720%2526hlv%253D6689073e-c57c-45e0-85fa-1a850a01000f%2523v_822702459 HTTP/1.1" 200 246
52.167.144.235 - - [27/Feb/2025:00:02:44 +0100] "GET /ticket2/opencms/de/buy/?page=1&edid=F3AE83BE-C126-C63A-44BE-5000274FDF7A HTTP/1.1" 200 112075
20.171.207.55 - - [27/Feb/2025:00:02:45 +0100] "GET /ticket2/opencms/set_aff_cookie.jsp?partner=57601924-FB09-5BB2-867F-08B4EB522BA8&url=%252Fdk%252Fbuy%252Findex.html%253Fpage%253D1%2526edid%253DB2C09047-47EF-D3CC-C470-1A1DFD8204C6%2526hlv%253D6140e36b-0974-48a2-9f4d-79710a01000f%2523v_2046079705 HTTP/1.1" 200 247
52.167.144.235 - - [27/Feb/2025:00:02:46 +0100] "GET /ticket2/opencms/sl/buy/?page=1&edid=5CEA98CB-80E1-9ACA-6E51-8C7E3E9275D3 HTTP/1.1" 200 120976
20.171.207.55 - - [27/Feb/2025:00:02:46 +0100] "GET /ticket2/opencms/set_aff_cookie.jsp?partner=6F250EA7-4505-FA01-D601-8847F2573405&url=%252Fdk%252Fbuy%252Findex.html%253Fpage%253D1%2526edid%253D7B357C96-D15A-7330-3CD7-9115EBD86CB2%2526hlv%253D666dc007-7acc-4def-a347-51dc0a01000f%2523v_600600521 HTTP/1.1" 200 246
20.171.207.55 - - [27/Feb/2025:00:02:47 +0100] "GET /ticket2/opencms/set_aff_cookie.jsp?partner=6F250EA7-4505-FA01-D601-8847F2573405&url=%252Fsv%252Fbuy%252Findex.html%253Fpage%253D1%2526edid%253D94C5B0A9-45EC-824F-7DFB-E52A893ACA3D%2526hlv%253D666ddcd8-b0c0-40a0-a054-67690a01000f%2523v_1182805905 HTTP/1.1" 200 247
20.171.207.55 - - [27/Feb/2025:00:02:48 +0100] "GET /ticket2/opencms/set_aff_cookie.jsp?partner=6F250EA7-4505-FA01-D601-8847F2573405&url=%252Ffi%252Fbuy%252Findex.html%253Fpage%253D1%2526edid%253D47C0370F-9915-7673-E038-7AD65907592C%2526hlv%253D666d50d3-2eb8-4205-bda5-70d60a01000f%2523v429688463 HTTP/1.1" 200 245
40.77.167.65 - - [27/Feb/2025:00:02:49 +0100] "GET /ticket2/opencms/lv/buy/?page=1&edid=6622D482-9366-79F2-615D-5ED4BBEA7CC7&sortorder=asc&column=section HTTP/1.1" 200 112236
159.138.121.143 - - [27/Feb/2025:00:02:49 +0100] "GET /ticket2/opencms/bs/buy?page=1&edid=CFDE041F-037A-B632-AE94-CAAEED761C09 HTTP/1.1" 200 108449
69.176.88.155 - - [27/Feb/2025:00:02:49 +0100] "GET /ticket2/opencms/en/sport/football-tickets/bundesliga/mainz/ HTTP/1.1" 200 95821
20.171.207.55 - - [27/Feb/2025:00:02:50 +0100] "GET /ticket2/opencms/set_aff_cookie.jsp?partner=6F250EA7-4505-FA01-D601-8847F2573405&url=%252Ffi%252Fbuy%252Findex.html%253Fpage%253D1%2526edid%253D50375D23-8B44-5172-3FB1-755B660EE76F%2526hlv%253D66867186-f448-400a-bbdd-73030a01000f%2523v1762107192 HTTP/1.1" 200 246
20.171.207.55 - - [27/Feb/2025:00:02:51 +0100] "GET /ticket2/opencms/set_aff_cookie.jsp?partner=6F250EA7-4505-FA01-D601-8847F2573405&url=%252Fdk%252Fbuy%252Findex.html%253Fpage%253D1%2526edid%253D459129C1-A0F8-2D8B-54E1-F5067FEFFAF4%2526hlv%253D669241b2-4238-4dea-bfff-0d450a01000f%2523v_1736801336 HTTP/1.1" 200 247
20.171.207.55 - - [27/Feb/2025:00:02:52 +0100] "GET /ticket2/opencms/set_aff_cookie.jsp?partner=6F250EA7-4505-FA01-D601-8847F2573405&url=%252Ffi%252Fbuy%252Findex.html%253Fpage%253D1%2526edid%253D77C4D918-1D56-22F2-EE92-38BD6ED4FF46%2526hlv%253D66d03bb0-a6d8-49d4-98f5-76730a01000f%2523v_1128932662 HTTP/1.1" 200 247
20.171.207.55 - - [27/Feb/2025:00:02:53 +0100] "GET /ticket2/opencms/set_aff_cookie.jsp?partner=6F250EA7-4505-FA01-D601-8847F2573405&url=%252Fsv%252Fbuy%252Findex.html%253Fpage%253D1%2526edid%253D9A8891BD-C3B9-2FD5-1633-7AEF0F073762%2526hlv%253D669390d8-06f8-4085-9fb1-75040a01000f%2523v_529663148 HTTP/1.1" 200 246
20.171.207.55 - - [27/Feb/2025:00:02:54 +0100] "GET /ticket2/opencms/set_aff_cookie.jsp?partner=6F250EA7-4505-FA01-D601-8847F2573405&url=%252Fen%252Fbuy%252Findex.html%253Fpage%253D1%2526edid%253DB089B4B8-933D-AB70-BE65-2A133877E5AC%2526hlv%253D666d444c-a3a0-4c9e-988d-64080a01000f%2523v_1617733286 HTTP/1.1" 200 247
114.119.143.233 - - [27/Feb/2025:00:02:55 +0100] "GET /ticket2/opencms/fi/buy?page=1&edid=D5742773-78DA-401C-AB02-281EE4F8A14C HTTP/1.1" 200 112202
20.171.207.55 - - [27/Feb/2025:00:02:55 +0100] "GET /ticket2/opencms/set_aff_cookie.jsp?partner=6F250EA7-4505-FA01-D601-8847F2573405&url=%252Fno%252Fbuy%252Findex.html%253Fpage%253D1%2526edid%253D3F2D99A8-7547-83C1-C9EB-9D79E7CF5003%2526hlv%253D669390af-3d30-4c46-850c-74300a01000f%2523v_780502133 HTTP/1.1" 200 246
20.171.207.55 - - [27/Feb/2025:00:02:57 +0100] "GET /ticket2/opencms/set_aff_cookie.jsp?partner=6F250EA7-4505-FA01-D601-8847F2573405&url=%252Fdk%252Fbuy%252Findex.html%253Fpage%253D1%2526edid%253D26467E66-E432-3709-0425-A75E81B5021A%2526hlv%253D666c5d29-d3c0-4f61-ba86-4e220a01000f%2523v2127295536 HTTP/1.1" 200 246
20.171.207.55 - - [27/Feb/2025:00:02:58 +0100] "GET /ticket2/opencms/set_aff_cookie.jsp?partner=6F250EA7-4505-FA01-D601-8847F2573405&url=%252Ffi%252Fbuy%252Findex.html%253Fpage%253D1%2526edid%253DABE0D196-5A84-0064-2AAA-8BE846913E3B%2526hlv%253D666cbc57-503c-439f-8881-51ba0a01000f%2523v_1135773445 HTTP/1.1" 200 247
185.191.171.18 - - [27/Feb/2025:00:02:58 +0100] "GET /ticket2/opencms/it/magazine/article?title=emirates-stadium-unarena-iconica HTTP/1.1" 200 95483
216.244.66.238 - - [27/Feb/2025:00:02:58 +0100] "GET /ticket2/opencms/es/magazine/article?title=semifinal-francia-vs-espana HTTP/1.1" 200 95664
20.171.207.55 - - [27/Feb/2025:00:02:59 +0100] "GET /ticket2/opencms/set_aff_cookie.jsp?partner=6F250EA7-4505-FA01-D601-8847F2573405&url=%252Fnl%252Fbuy%252Findex.html%253Fpage%253D1%2526edid%253DC4A85847-D040-EB89-2141-54F1A8B66277%2526hlv%253D66866fb0-1234-4c0b-9ce5-72ff0a01000f%2523v_1465171356 HTTP/1.1" 200 247
20.171.207.55 - - [27/Feb/2025:00:03:00 +0100] "GET /ticket2/opencms/set_aff_cookie.jsp?partner=6F250EA7-4505-FA01-D601-8847F2573405&url=%252Fnl%252Fbuy%252Findex.html%253Fpage%253D1%2526edid%253D28EE235F-C841-C2B4-6721-3F0BBE0DFB17%2526hlv%253D669248df-2fb4-454c-850e-18580a01000f%2523v_1433033911 HTTP/1.1" 200 247
124.243.133.78 - - [27/Feb/2025:00:03:00 +0100] "GET /ticket2/opencms/sr/buy?page=1&edid=38BD011F-E307-1808-7BE3-74470A609319 HTTP/1.1" 200 109147
66.249.79.5 - - [27/Feb/2025:00:03:00 +0100] "GET /ticket2/opencms/hr/sport/nogometne-ulaznice/premier-league/bournemouth HTTP/1.1" 200 100441
20.171.207.55 - - [27/Feb/2025:00:03:01 +0100] "GET /ticket2/opencms/set_aff_cookie.jsp?partner=8F6DE15D-D831-5787-AE7E-FEFF53476F85&url=%252Fen%252Fbuy%252Findex.html%253Fpage%253D1%2526edid%253D3289C097-2261-9433-8644-DF033A9EE354%2526hlv%253D666c5d17-db20-4f16-b0bf-4e220a01000f%2523v_1644461372 HTTP/1.1" 200 247
195.191.219.133 - - [27/Feb/2025:00:03:02 +0100] "GET /ticket2/opencms/robots.txt HTTP/1.1" 200 773
20.171.207.55 - - [27/Feb/2025:00:03:02 +0100] "GET /ticket2/opencms/set_aff_cookie.jsp?partner=6F250EA7-4505-FA01-D601-8847F2573405&url=%252Ffi%252Fbuy%252Findex.html%253Fpage%253D1%2526edid%253D5CBB442D-D365-7F4F-B999-AA88D946C632%2526hlv%253D666c5d45-da04-4d06-93f5-4e210a01000f%2523v_2087651423 HTTP/1.1" 200 247
20.171.207.55 - - [27/Feb/2025:00:03:04 +0100] "GET /ticket2/opencms/set_aff_cookie.jsp?partner=6F250EA7-4505-FA01-D601-8847F2573405&url=%252Ffi%252Fbuy%252Findex.html%253Fpage%253D1%2526edid%253DCA9B3B0E-7FD3-E90E-7799-488AC7DDC244%2526hlv%253D669388c7-0668-4fa0-8bdf-6fc60a01000f%2523v_1270650746 HTTP/1.1" 200 247
195.191.219.133 - - [27/Feb/2025:00:03:04 +0100] "GET /ticket2/opencms/az/magazine/article?title=emirates-stadionu-en-ikonik-arena HTTP/1.1" 200 96551
114.119.148.14 - - [27/Feb/2025:00:03:05 +0100] "GET /ticket2/opencms/es/buy/?page=1&edid=EF89CCE1-4D67-63A5-1697-6B7EBB76F5C8 HTTP/1.1" 200 90465
20.171.207.55 - - [27/Feb/2025:00:03:05 +0100] "GET /ticket2/opencms/set_aff_cookie.jsp?partner=5E0CDF29-E7BE-9F6B-6869-7BF66B04006F&url=%252Fsv%252Fbuy%252Findex.html%253Fpage%253D1%2526edid%253D86A7D428-8E42-C0D0-846E-90C83426D4AE%2526hlv%253D6686653f-8f0c-4566-9ca0-67400a01000f%2523v_862313636 HTTP/1.1" 200 246
20.171.207.55 - - [27/Feb/2025:00:03:06 +0100] "GET /ticket2/opencms/set_aff_cookie.jsp?partner=6F250EA7-4505-FA01-D601-8847F2573405&url=%252Fdk%252Fbuy%252Findex.html%253Fpage%253D1%2526edid%253D8C84F5E0-FA25-C5E3-D5D6-2695128F01FC%2526hlv%253D60d0e0ba-8b0c-456f-bdc8-40f70a01000f%2523v_1779673406 HTTP/1.1" 200 247
195.191.219.133 - - [27/Feb/2025:00:03:06 +0100] "GET /ticket2/opencms/az/magazine/article?title=thomas-tuchel-ingilterenin-yeni-milli-komanda-bas-mesqcisi-olur HTTP/1.1" 200 94057
20.171.207.55 - - [27/Feb/2025:00:03:07 +0100] "GET /ticket2/opencms/set_aff_cookie.jsp?partner=6F250EA7-4505-FA01-D601-8847F2573405&url=%252Fdk%252Fbuy%252Findex.html%253Fpage%253D1%2526edid%253D9F8544B2-CF19-221B-478E-5476FF460535%2526hlv%253D6693ab4b-43b8-4196-b679-052e0a01000f%2523v533047736 HTTP/1.1" 200 245
185.191.171.3 - - [27/Feb/2025:00:03:08 +0100] "GET /ticket2/opencms/cs/magazine/article?title=impozantni-zapas-ve-kterem-sved-kulusevski-pokracuje-ve-skvelych-vykonech HTTP/1.1" 200 95276
20.171.207.55 - - [27/Feb/2025:00:03:08 +0100] "GET /ticket2/opencms/set_aff_cookie.jsp?partner=23A6AD98-906E-5BDD-600E-EC4EC8A45F97&url=%252Fen%252Fbuy%252Findex.html%253Fpage%253D1%2526edid%253D0859B3F5-666A-8459-68A2-BF0A731BAF06%2526hlv%253D6693849d-4344-4ba2-9216-6c6f0a01000f%2523v_1176777560 HTTP/1.1" 200 247
20.171.207.55 - - [27/Feb/2025:00:03:09 +0100] "GET /ticket2/opencms/set_aff_cookie.jsp?partner=6F250EA7-4505-FA01-D601-8847F2573405&url=%252Fru%252Fbuy%252Findex.html%253Fpage%253D1%2526edid%253D4F04B384-F03D-7561-DCF9-2375D49FE618%2526hlv%253D669248ca-8820-4301-8ed1-1a520a01000f%2523v1275211736 HTTP/1.1" 200 246
114.119.133.220 - - [27/Feb/2025:00:03:10 +0100] "GET /ticket2/opencms/en/buy/?page=1&edid=33C93D30-5D5F-70D5-E4DB-10F58238A7ED HTTP/1.1" 200 118994
20.171.207.55 - - [27/Feb/2025:00:03:11 +0100] "GET /ticket2/opencms/set_aff_cookie.jsp?partner=6F250EA7-4505-FA01-D601-8847F2573405&url=%252Fsv%252Fbuy%252Findex.html%253Fpage%253D1%2526edid%253D41CD7066-237A-B852-387D-3D5D7B688DF9%2526hlv%253D66a120e4-b5e4-4422-9593-08c90a01000f%2523v1990587723 HTTP/1.1" 200 246
20.171.207.55 - - [27/Feb/2025:00:03:12 +0100] "GET /ticket2/opencms/set_aff_cookie.jsp?partner=57601924-FB09-5BB2-867F-08B4EB522BA8&url=%252Fno%252Fbuy%252Findex.html%253Fpage%253D1%2526edid%253D497CFADB-43B9-65B9-4674-F7F3D004A91F%2526hlv%253D6145cb3d-c718-45f7-9e6f-68480a01000f%2523v_544259915 HTTP/1.1" 200 246
66.249.68.4 - - [27/Feb/2025:00:03:12 +0100] "GET /ticket2/opencms/fi/buy/?page=1&edid=B6233164-B09D-2F93-ABBA-AC58AB9CD4E2 HTTP/1.1" 200 110682
173.252.69.114 - - [27/Feb/2025:00:03:13 +0100] "GET /ticket2/opencms/en/buy?page=1&edid=E31D9C99-2DE8-8C0A-8D0F-7CBF8922AD94 HTTP/1.1" 200 110084
20.171.207.55 - - [27/Feb/2025:00:03:13 +0100] "GET /ticket2/opencms/set_aff_cookie.jsp?partner=6F250EA7-4505-FA01-D601-8847F2573405&url=%252Fsv%252Fbuy%252Findex.html%253Fpage%253D1%2526edid%253DEFCA122E-EFD5-12F8-6F83-6930A0BC1F37%2526hlv%253D66866726-2784-4892-be6d-6b0b0a01000f%2523v_1453070348 HTTP/1.1" 200 247
52.167.144.176 - - [27/Feb/2025:00:03:13 +0100] "GET /ticket2/opencms/en/buy?page=1&edid=8DA9D1EA-2F7E-8136-071B-749FF836435A HTTP/1.1" 200 109432
20.171.207.55 - - [27/Feb/2025:00:03:14 +0100] "GET /ticket2/opencms/set_aff_cookie.jsp?partner=6F250EA7-4505-FA01-D601-8847F2573405&url=%252Fsv%252Fbuy%252Findex.html%253Fpage%253D1%2526edid%253D3F2D99A8-7547-83C1-C9EB-9D79E7CF5003%2526hlv%253D669390b1-2f38-4167-b427-74300a01000f%2523v1375583152 HTTP/1.1" 200 246
166.108.201.84 - - [27/Feb/2025:00:03:14 +0100] "GET /ticket2/opencms/sr/buy/?page=1&edid=0B61E12F-3357-9D4A-8CE6-56FAB7BA659C HTTP/1.1" 200 111971
40.77.167.36 - - [27/Feb/2025:00:03:14 +0100] "GET /ticket2/opencms/lv/buy?page=1&edid=D6B28B31-052E-A524-B72A-1459FDC705AC HTTP/1.1" 200 108607
85.208.96.194 - - [27/Feb/2025:00:03:14 +0100] "GET /ticket2/opencms/es/magazine/article?title=mohamed-salah-renovar-con-liverpool HTTP/1.1" 200 95753
20.171.207.55 - - [27/Feb/2025:00:03:15 +0100] "GET /ticket2/opencms/set_aff_cookie.jsp?partner=2E02071B-A8C3-4CBA-3097-C27D61C02ED8&url=%252Fsv%252Fbuy%252Findex.html%253Fpage%253D1%2526edid%253DA6F0405B-6F91-7436-17DE-B2C293A2F2A2%2526hlv%253D610a517f-77b0-4389-b78a-07410a01000f%2523v_1157506473 HTTP/1.1" 200 247
20.171.207.55 - - [27/Feb/2025:00:03:16 +0100] "GET /ticket2/opencms/set_aff_cookie.jsp?partner=8F6DE15D-D831-5787-AE7E-FEFF53476F85&url=%252Fsv%252Fbuy%252Findex.html%253Fpage%253D1%2526edid%253D0859B3F5-666A-8459-68A2-BF0A731BAF06%2526hlv%253D6693849d-9124-4fb0-b437-6c6f0a01000f%2523v_1896107754 HTTP/1.1" 200 247
47.128.43.1 - - [27/Feb/2025:00:03:17 +0100] "GET /ticket2/opencms/sv/buy/?edid=BBDCBF15-1B06-DD9F-49B6-3829D3B56DBC HTTP/1.1" 200 91246
20.171.207.55 - - [27/Feb/2025:00:03:17 +0100] "GET /ticket2/opencms/set_aff_cookie.jsp?partner=57601924-FB09-5BB2-867F-08B4EB522BA8&url=%252Fsv%252Fbuy%252Findex.html%253Fpage%253D1%2526edid%253D0C94170C-17F1-0823-E8AC-91EC149F33EC%2526hlv%253D666d6f0f-c09c-4f96-8e57-0c190a01000f%2523v_523191008 HTTP/1.1" 200 246
20.171.207.55 - - [27/Feb/2025:00:03:19 +0100] "GET /ticket2/opencms/set_aff_cookie.jsp?partner=8F6DE15D-D831-5787-AE7E-FEFF53476F85&url=%252Ffi%252Fbuy%252Findex.html%253Fpage%253D1%2526edid%253D26467E66-E432-3709-0425-A75E81B5021A%2526hlv%253D666c5d2d-7450-4b80-a83e-4e220a01000f%2523v_1312759796 HTTP/1.1" 200 247
20.171.207.55 - - [27/Feb/2025:00:03:20 +0100] "GET /ticket2/opencms/set_aff_cookie.jsp?partner=6F250EA7-4505-FA01-D601-8847F2573405&url=%252Fnl%252Fbuy%252Findex.html%253Fpage%253D1%2526edid%253D5053E429-37C6-6922-FE45-2F7B4E327AEF%2526hlv%253D669024b4-8f98-410d-b46f-24d20a01000f%2523v_1137907291 HTTP/1.1" 200 247
85.208.96.208 - - [27/Feb/2025:00:03:20 +0100] "GET /ticket2/opencms/mo/sport/bilete-la-fotbal/premier-league/newcastle-united HTTP/1.1" 200 94509
20.171.207.55 - - [27/Feb/2025:00:03:21 +0100] "GET /ticket2/opencms/set_aff_cookie.jsp?partner=57601924-FB09-5BB2-867F-08B4EB522BA8&url=%252Fnl%252Fbuy%252Findex.html%253Fpage%253D1%2526edid%253D47C0370F-9915-7673-E038-7AD65907592C%2526hlv%253D666d50d2-74b8-4ff6-930f-70d60a01000f%2523v_579026935 HTTP/1.1" 200 246
216.244.66.238 - - [27/Feb/2025:00:03:21 +0100] "GET /ticket2/opencms/is/buy?page=1&edid=808C4AEE-16F2-300A-1DD0-5C4D09E0DA01 HTTP/1.1" 200 108648
20.171.207.55 - - [27/Feb/2025:00:03:22 +0100] "GET /ticket2/opencms/set_aff_cookie.jsp?partner=57601924-FB09-5BB2-867F-08B4EB522BA8&url=%252Fru%252Fbuy%252Findex.html%253Fpage%253D1%2526edid%253D3289C097-2261-9433-8644-DF033A9EE354%2526hlv%253D6752c8d8-fe0c-41c4-a816-77620a01000f%2523v_554408053 HTTP/1.1" 200 246
20.171.207.55 - - [27/Feb/2025:00:03:23 +0100] "GET /ticket2/opencms/set_aff_cookie.jsp?partner=6F250EA7-4505-FA01-D601-8847F2573405&url=%252Fen%252Fbuy%252Findex.html%253Fpage%253D1%2526edid%253DF361BEA1-1935-C288-74DA-DA856858E300%2526hlv%253D60ca15fb-6840-4bd5-80f5-3bec0a01000f%2523v_582464153 HTTP/1.1" 200 246
20.171.207.55 - - [27/Feb/2025:00:03:24 +0100] "GET /ticket2/opencms/set_aff_cookie.jsp?partner=8F6DE15D-D831-5787-AE7E-FEFF53476F85&url=%252Fno%252Fbuy%252Findex.html%253Fpage%253D1%2526edid%253D5A67179D-C7BD-4086-88F3-90FE704053E2%2526hlv%253D614c7a2b-9620-4b0b-ae30-1a270a01000f%2523v_357568859 HTTP/1.1" 200 246
20.171.207.55 - - [27/Feb/2025:00:03:25 +0100] "GET /ticket2/opencms/set_aff_cookie.jsp?partner=6F250EA7-4505-FA01-D601-8847F2573405&url=%252Fdk%252Fbuy%252Findex.html%253Fpage%253D1%2526edid%253DC64002B7-B7A3-A646-1770-7E79C914EDA5%2526hlv%253D66a120d1-0a78-4403-b006-08c90a01000f%2523v1200329598 HTTP/1.1" 200 246
166.108.207.217 - - [27/Feb/2025:00:03:25 +0100] "GET /ticket2/opencms/tr/buy/?page=1&edid=570FD6B1-ED73-103F-2272-3F6F4728ECCF HTTP/1.1" 200 108936
20.171.207.55 - - [27/Feb/2025:00:03:27 +0100] "GET /ticket2/opencms/set_aff_cookie.jsp?partner=6F250EA7-4505-FA01-D601-8847F2573405&url=%252Fsv%252Fbuy%252Findex.html%253Fpage%253D1%2526edid%253D3289C097-2261-9433-8644-DF033A9EE354%2526hlv%253D666c5d14-1dc4-4df7-8ff7-4e220a01000f%2523v_378340394 HTTP/1.1" 200 246
195.191.219.133 - - [27/Feb/2025:00:03:28 +0100] "GET /ticket2/opencms/az/magazine/article?title=tottenham-hotspur-stadionu-haqqinda HTTP/1.1" 200 96929
20.171.207.55 - - [27/Feb/2025:00:03:28 +0100] "GET /ticket2/opencms/set_aff_cookie.jsp?partner=5E0CDF29-E7BE-9F6B-6869-7BF66B04006F&url=%252Fdk%252Fbuy%252Findex.html%253Fpage%253D1%2526edid%253D0C94170C-17F1-0823-E8AC-91EC149F33EC%2526hlv%253D666d6f11-6a44-4174-ad45-0c190a01000f%2523v_1478900756 HTTP/1.1" 200 247
20.171.207.55 - - [27/Feb/2025:00:03:29 +0100] "GET /ticket2/opencms/set_aff_cookie.jsp?partner=2E02071B-A8C3-4CBA-3097-C27D61C02ED8&url=%252Fnl%252Fbuy%252Findex.html%253Fpage%253D1%2526edid%253DDCF22239-47F2-2282-C13B-85FCE1D7C913%2526hlv%253D666c4a69-3938-45e8-a706-3da20a01000f%2523v_1129337196 HTTP/1.1" 200 247
20.171.207.55 - - [27/Feb/2025:00:03:30 +0100] "GET /ticket2/opencms/set_aff_cookie.jsp?partner=6F250EA7-4505-FA01-D601-8847F2573405&url=%252Fen%252Fbuy%252Findex.html%253Fpage%253D1%2526edid%253D3289C097-2261-9433-8644-DF033A9EE354%2526hlv%253D666c5d14-e71c-43af-8b40-4e220a01000f%2523v1077280946 HTTP/1.1" 200 246
20.171.207.55 - - [27/Feb/2025:00:03:31 +0100] "GET /ticket2/opencms/set_aff_cookie.jsp?partner=6F250EA7-4505-FA01-D601-8847F2573405&url=%252Ffi%252Fbuy%252Findex.html%253Fpage%253D1%2526edid%253D3289C097-2261-9433-8644-DF033A9EE354%2526hlv%253D666c5d14-03dc-4a79-9ac5-4e220a01000f%2523v609798219 HTTP/1.1" 200 245
20.171.207.55 - - [27/Feb/2025:00:03:32 +0100] "GET /ticket2/opencms/set_aff_cookie.jsp?partner=6F250EA7-4505-FA01-D601-8847F2573405&url=%252Fsv%252Fbuy%252Findex.html%253Fpage%253D1%2526edid%253D3289C097-2261-9433-8644-DF033A9EE354%2526hlv%253D666c5d17-8e7c-48f5-b80c-4e220a01000f%2523v1347372684 HTTP/1.1" 200 246
20.171.207.55 - - [27/Feb/2025:00:03:33 +0100] "GET /ticket2/opencms/set_aff_cookie.jsp?partner=5E0CDF29-E7BE-9F6B-6869-7BF66B04006F&url=%252Fnl%252Fbuy%252Findex.html%253Fpage%253D1%2526edid%253D312E2B30-1BE8-80F9-5587-64D580752ED3%2526hlv%253D6690088b-e320-4247-9681-14010a01000f%2523v_1726769068 HTTP/1.1" 200 247
185.191.171.2 - - [27/Feb/2025:00:03:34 +0100] "GET /ticket2/opencms/robots.txt HTTP/1.1" 200 773
101.44.24.239 - - [27/Feb/2025:00:03:35 +0100] "GET /ticket2/opencms/bs/buy?page=1&edid=9CCD077D-37B3-9B78-6C00-638D5EF944FD HTTP/1.1" 200 108373
20.171.207.55 - - [27/Feb/2025:00:03:35 +0100] "GET /ticket2/opencms/set_aff_cookie.jsp?partner=6F250EA7-4505-FA01-D601-8847F2573405&url=%252Fdk%252Fbuy%252Findex.html%253Fpage%253D1%2526edid%253D2FB70CE5-901D-FB66-7FC4-208504D406B6%2526hlv%253D6698cf88-1ae0-4192-8092-3c460a01000f%2523v_585625658 HTTP/1.1" 200 246
173.252.83.9 - - [27/Feb/2025:00:03:36 +0100] "GET /ticket2/opencms/bs/buy/?page=1&edid=8D36CAAA-5B35-26C1-11D2-EB825155168E HTTP/1.1" 200 108385
20.171.207.55 - - [27/Feb/2025:00:03:36 +0100] "GET /ticket2/opencms/set_aff_cookie.jsp?partner=6F250EA7-4505-FA01-D601-8847F2573405&url=%252Fnl%252Fbuy%252Findex.html%253Fpage%253D1%2526edid%253D81B38BC2-1B10-C00A-7953-DB579F5D53A3%2526hlv%253D66924221-6d08-4355-8f20-073b0a01000f%2523v1134612689 HTTP/1.1" 200 246
85.208.96.209 - - [27/Feb/2025:00:03:37 +0100] "GET /ticket2/opencms/uk/magazine/article?title=close-the-transfer-window-earlier HTTP/1.1" 200 93392
20.171.207.55 - - [27/Feb/2025:00:03:37 +0100] "GET /ticket2/opencms/set_aff_cookie.jsp?partner=6F250EA7-4505-FA01-D601-8847F2573405&url=%252Fnl%252Fbuy%252Findex.html%253Fpage%253D1%2526edid%253DFF312D4E-5B6B-8FA5-BA69-635DC61A8F79%2526hlv%253D666d505d-390c-4060-a8ef-71710a01000f%2523v_384920167 HTTP/1.1" 200 246
20.171.207.55 - - [27/Feb/2025:00:03:38 +0100] "GET /ticket2/opencms/set_aff_cookie.jsp?partner=6F250EA7-4505-FA01-D601-8847F2573405&url=%252Fru%252Fbuy%252Findex.html%253Fpage%253D1%2526edid%253D9F8544B2-CF19-221B-478E-5476FF460535%2526hlv%253D6693ab4a-f14c-4038-aa32-052e0a01000f%2523v_680095792 HTTP/1.1" 200 246
47.128.114.90 - - [27/Feb/2025:00:03:38 +0100] "GET /ticket2/opencms/ga/?comcatid=0A6B8208-FDA4-E929-9D72-5312FD481B76 HTTP/1.1" 200 106439
20.171.207.55 - - [27/Feb/2025:00:03:39 +0100] "GET /ticket2/opencms/set_aff_cookie.jsp?partner=6F250EA7-4505-FA01-D601-8847F2573405&url=%252Ffi%252Fbuy%252Findex.html%253Fpage%253D1%2526edid%253D33C93D30-5D5F-70D5-E4DB-10F58238A7ED%2526hlv%253D67b89cf8-eb9c-4407-9143-7e5e0a01000f%2523v_2040221758 HTTP/1.1" 200 247
185.191.171.16 - - [27/Feb/2025:00:03:40 +0100] "GET /ticket2/opencms/be/magazine/article?title=pep-guardiolas-football-revolution-a-tactical-masters-influence HTTP/1.1" 200 95868
20.171.207.55 - - [27/Feb/2025:00:03:40 +0100] "GET /ticket2/opencms/set_aff_cookie.jsp?partner=57601924-FB09-5BB2-867F-08B4EB522BA8&url=%252Fdk%252Fbuy%252Findex.html%253Fpage%253D1%2526edid%253D48E72B51-00CE-CE36-D8BB-29D37358C55B%2526hlv%253D666ddbc7-a514-4404-aa79-6a330a01000f%2523v_583520354 HTTP/1.1" 200 246
20.171.207.55 - - [27/Feb/2025:00:03:41 +0100] "GET /ticket2/opencms/set_aff_cookie.jsp?partner=6F250EA7-4505-FA01-D601-8847F2573405&url=%252Fno%252Fbuy%252Findex.html%253Fpage%253D1%2526edid%253D57C8D150-DCBD-4911-196A-160A37952FA8%2526hlv%253D666cb317-4284-4adf-b990-45220a01000f%2523v_274484652 HTTP/1.1" 200 246
216.244.66.238 - - [27/Feb/2025:00:03:42 +0100] "GET /ticket2/opencms/it/buy?page=1&edid=7FD7B983-A676-9DB5-DDC8-EBA42E6C40FA HTTP/1.1" 200 90219
20.171.207.55 - - [27/Feb/2025:00:03:43 +0100] "GET /ticket2/opencms/set_aff_cookie.jsp?partner=6F250EA7-4505-FA01-D601-8847F2573405&url=%252Fsv%252Fbuy%252Findex.html%253Fpage%253D1%2526edid%253D77EEF94B-7B3D-9F35-9811-078E0E2474CF%2526hlv%253D669388b6-cb38-4741-926d-703e0a01000f%2523v_1497372970 HTTP/1.1" 200 247
20.171.207.55 - - [27/Feb/2025:00:03:44 +0100] "GET /ticket2/opencms/set_aff_cookie.jsp?partner=6F250EA7-4505-FA01-D601-8847F2573405&url=%252Fno%252Fbuy%252Findex.html%253Fpage%253D1%2526edid%253D8A787324-CD72-C476-64CB-87071CD71C2F%2526hlv%253D666dbd3f-92e8-4068-90a6-50150a01000f%2523v_1223553264 HTTP/1.1" 200 247
20.171.207.55 - - [27/Feb/2025:00:03:45 +0100] "GET /ticket2/opencms/set_aff_cookie.jsp?partner=6F250EA7-4505-FA01-D601-8847F2573405&url=%252Fsv%252Fbuy%252Findex.html%253Fpage%253D1%2526edid%253D8A787324-CD72-C476-64CB-87071CD71C2F%2526hlv%253D666dbd42-3614-48d7-9ef0-50150a01000f%2523v_1733791536 HTTP/1.1" 200 247
185.191.171.10 - - [27/Feb/2025:00:03:46 +0100] "GET /ticket2/opencms/mo/about/contact/ HTTP/1.1" 200 86453
166.108.228.18 - - [27/Feb/2025:00:03:46 +0100] "GET /ticket2/opencms/es/buy?page=1&edid=F29E626E-0493-93E2-96F6-AC5379D5046E HTTP/1.1" 200 112464
20.171.207.55 - - [27/Feb/2025:00:03:46 +0100] "GET /ticket2/opencms/set_aff_cookie.jsp?partner=6F250EA7-4505-FA01-D601-8847F2573405&url=%252Fsv%252Fbuy%252Findex.html%253Fpage%253D1%2526edid%253DE11E1E12-66BC-E0C5-F313-3E777C16F760%2526hlv%253D66704d52-464c-4527-8d1f-606a0a01000f%2523v_1782618809 HTTP/1.1" 200 247
20.171.207.55 - - [27/Feb/2025:00:03:47 +0100] "GET /ticket2/opencms/set_aff_cookie.jsp?partner=57601924-FB09-5BB2-867F-08B4EB522BA8&url=%252Fdk%252Fbuy%252Findex.html%253Fpage%253D1%2526edid%253D47C0370F-9915-7673-E038-7AD65907592C%2526hlv%253D666d50d4-8830-4586-aee4-70d60a01000f%2523v1773170043 HTTP/1.1" 200 246
20.171.207.55 - - [27/Feb/2025:00:03:48 +0100] "GET /ticket2/opencms/set_aff_cookie.jsp?partner=6F250EA7-4505-FA01-D601-8847F2573405&url=%252Fnl%252Fbuy%252Findex.html%253Fpage%253D1%2526edid%253DAC44825D-2793-0C67-BD3C-7AB6359F86DA%2526hlv%253D66890783-4d24-4870-a854-1ba70a01000f%2523v_983947961 HTTP/1.1" 200 246
20.171.207.55 - - [27/Feb/2025:00:03:50 +0100] "GET /ticket2/opencms/set_aff_cookie.jsp?partner=6F250EA7-4505-FA01-D601-8847F2573405&url=%252Fru%252Fbuy%252Findex.html%253Fpage%253D1%2526edid%253D3583D5C7-607A-E528-A709-844E6A72DC1B%2526hlv%253D666c7e95-9128-4726-93c4-698f0a01000f%2523v942389550 HTTP/1.1" 200 245
20.171.207.55 - - [27/Feb/2025:00:03:52 +0100] "GET /ticket2/opencms/set_aff_cookie.jsp?partner=6F250EA7-4505-FA01-D601-8847F2573405&url=%252Fdk%252Fbuy%252Findex.html%253Fpage%253D1%2526edid%253DD4D8D33D-C874-8F3F-7C90-91B543531027%2526hlv%253D611515ec-f4b8-4a95-a2ca-7ceb0a01000f%2523v_779656984 HTTP/1.1" 200 246
114.119.136.30 - - [27/Feb/2025:00:03:52 +0100] "GET /ticket2/opencms/fi/buy?page=1&edid=C62A5737-C85A-434B-156F-48E8F08160D6 HTTP/1.1" 200 111548
40.77.167.241 - - [27/Feb/2025:00:03:53 +0100] "GET /ticket2/opencms/en/buy?page=1&edid=7F2B1FEA-20FE-7448-32AC-111154CA401B HTTP/1.1" 200 134204
20.171.207.55 - - [27/Feb/2025:00:03:53 +0100] "GET /ticket2/opencms/set_aff_cookie.jsp?partner=2E02071B-A8C3-4CBA-3097-C27D61C02ED8&url=%252Fno%252Fbuy%252Findex.html%253Fpage%253D1%2526edid%253D3950061E-10D0-1370-F4D5-47E1041A5F57%2526hlv%253D60c9eefb-c558-4faa-b41a-29750a01000f%2523v_1614524716 HTTP/1.1" 200 247
20.171.207.55 - - [27/Feb/2025:00:03:54 +0100] "GET /ticket2/opencms/set_aff_cookie.jsp?partner=57601924-FB09-5BB2-867F-08B4EB522BA8&url=%252Fen%252Fbuy%252Findex.html%253Fpage%253D1%2526edid%253D59510E33-7947-2FED-CC14-F0612B76476A%2526hlv%253D66866f77-5e38-479b-9723-71630a01000f%2523v2131111109 HTTP/1.1" 200 246
20.171.207.55 - - [27/Feb/2025:00:03:55 +0100] "GET /ticket2/opencms/set_aff_cookie.jsp?partner=23A6AD98-906E-5BDD-600E-EC4EC8A45F97&url=%252Fen%252Fbuy%252Findex.html%253Fpage%253D1%2526edid%253DD55BD468-305A-E062-3975-F5912C8D3F1B%2526hlv%253D615c4915-f9b0-4967-a2cb-27140a01000f%2523v_1238686537 HTTP/1.1" 200 247
20.171.207.55 - - [27/Feb/2025:00:03:56 +0100] "GET /ticket2/opencms/set_aff_cookie.jsp?partner=6F250EA7-4505-FA01-D601-8847F2573405&url=%252Fen%252Fbuy%252Findex.html%253Fpage%253D1%2526edid%253DA11B886E-58FD-585E-C844-3A5188D11667%2526hlv%253D611cea20-db50-4fa2-91be-6c7e0a01000f%2523v_1587917703 HTTP/1.1" 200 247
185.191.171.1 - - [27/Feb/2025:00:03:56 +0100] "GET /ticket2/opencms/bg/magazine/article?title=bergvall-i-kulushevski-vpechatlyavat HTTP/1.1" 200 96291
20.171.207.55 - - [27/Feb/2025:00:03:57 +0100] "GET /ticket2/opencms/set_aff_cookie.jsp?partner=2E02071B-A8C3-4CBA-3097-C27D61C02ED8&url=%252Fnl%252Fbuy%252Findex.html%253Fpage%253D1%2526edid%253D459129C1-A0F8-2D8B-54E1-F5067FEFFAF4%2526hlv%253D669241b2-8384-4d41-be43-0d450a01000f%2523v_788842025 HTTP/1.1" 200 246
20.171.207.55 - - [27/Feb/2025:00:03:58 +0100] "GET /ticket2/opencms/set_aff_cookie.jsp?partner=2E02071B-A8C3-4CBA-3097-C27D61C02ED8&url=%252Ffi%252Fbuy%252Findex.html%253Fpage%253D1%2526edid%253D3289C097-2261-9433-8644-DF033A9EE354%2526hlv%253D666c5d14-7c74-4692-9608-4e220a01000f%2523v2060828805 HTTP/1.1" 200 246
20.171.207.55 - - [27/Feb/2025:00:03:59 +0100] "GET /ticket2/opencms/set_aff_cookie.jsp?partner=6F250EA7-4505-FA01-D601-8847F2573405&url=%252Fnl%252Fbuy%252Findex.html%253Fpage%253D1%2526edid%253D26467E66-E432-3709-0425-A75E81B5021A%2526hlv%253D666c5d29-d1ac-4427-8fbd-4e220a01000f%2523v_462177630 HTTP/1.1" 200 246
166.108.197.103 - - [27/Feb/2025:00:04:00 +0100] "GET /ticket2/opencms/fr/buy/?page=1&edid=C49A930A-3CDD-7FC6-981C-4D6ED2E66AA8 HTTP/1.1" 200 111585
20.171.207.55 - - [27/Feb/2025:00:04:00 +0100] "GET /ticket2/opencms/set_aff_cookie.jsp?partner=2E02071B-A8C3-4CBA-3097-C27D61C02ED8&url=%252Fnl%252Fbuy%252Findex.html%253Fpage%253D1%2526edid%253DE11E1E12-66BC-E0C5-F313-3E777C16F760%2526hlv%253D66704d52-d650-41cf-9b8e-606a0a01000f%2523v_1420180208 HTTP/1.1" 200 247
20.171.207.55 - - [27/Feb/2025:00:04:01 +0100] "GET /ticket2/opencms/set_aff_cookie.jsp?partner=2E02071B-A8C3-4CBA-3097-C27D61C02ED8&url=%252Fsv%252Fbuy%252Findex.html%253Fpage%253D1%2526edid%253D57C8D150-DCBD-4911-196A-160A37952FA8%2526hlv%253D666cb273-14c4-4644-b3cb-451d0a01000f%2523v_1592978349 HTTP/1.1" 200 247
216.244.66.238 - - [27/Feb/2025:00:04:03 +0100] "GET /ticket2/opencms/sk/buy?page=1&edid=0F4EBC20-B6CB-D4B8-9DF2-9A8170E6E8E0 HTTP/1.1" 200 112678
20.171.207.55 - - [27/Feb/2025:00:04:03 +0100] "GET /ticket2/opencms/set_aff_cookie.jsp?partner=2E02071B-A8C3-4CBA-3097-C27D61C02ED8&url=%252Ffi%252Fbuy%252Findex.html%253Fpage%253D1%2526edid%253DC5BE8910-C31D-1B7A-D498-4C5862D3F5A8%2526hlv%253D6145b70c-72b4-4b87-b004-62e90a01000f%2523v_1823752214 HTTP/1.1" 200 247
52.167.144.235 - - [27/Feb/2025:00:04:03 +0100] "GET /ticket2/opencms/cs/buy/?page=1&edid=2B78C7EB-3ACB-7B0C-704C-97A7371BBF12 HTTP/1.1" 200 108675
20.171.207.55 - - [27/Feb/2025:00:04:04 +0100] "GET /ticket2/opencms/set_aff_cookie.jsp?partner=6F250EA7-4505-FA01-D601-8847F2573405&url=%252Ffi%252Fbuy%252Findex.html%253Fpage%253D1%2526edid%253D2B44308E-1778-CFAE-7385-18758823F6EB%2526hlv%253D66ccb346-6e70-40ba-b510-61300a01000f%2523v_650762124 HTTP/1.1" 200 246
20.171.207.55 - - [27/Feb/2025:00:04:05 +0100] "GET /ticket2/opencms/set_aff_cookie.jsp?partner=5E0CDF29-E7BE-9F6B-6869-7BF66B04006F&url=%252Fdk%252Fbuy%252Findex.html%253Fpage%253D1%2526edid%253D7F2B1FEA-20FE-7448-32AC-111154CA401B%2526hlv%253D666d4534-9134-4468-a4b7-64610a01000f%2523v_246304110 HTTP/1.1" 200 246
