202.8.41.177 - - [27/Feb/2025:01:15:14 +0100] "GET /ticket2/opencms/uk/ask-form.html HTTP/1.1" 200 3156
202.8.41.177 - - [27/Feb/2025:01:15:14 +0100] "GET /ticket2/opencms/system/modules/com.gridnine.opencms.ticketbrokerage.site/resources/css/ticketbrokerage.css HTTP/1.1" 200 39339
62.216.205.186 - - [27/Feb/2025:01:15:15 +0100] "GET /ticket2/opencms/dk/login/?edid=782016FF-6554-96DE-4A09-06440A1EA20B HTTP/1.1" 200 90624
114.119.151.93 - - [27/Feb/2025:01:15:17 +0100] "GET /ticket2/opencms/cs/buy?page=1&=5DBB4F23-1DC6-5854-92A3-8C0AF6152B4D HTTP/1.1" 200 -
119.8.46.4 - - [27/Feb/2025:01:15:18 +0100] "GET /ticket2/opencms/tr/buy/?page=1&edid=94B60579-7540-1D04-4C12-AD3E425B736D HTTP/1.1" 200 112342
62.216.205.186 - - [27/Feb/2025:01:15:18 +0100] "GET /ticket2/opencms/dk/sell/?edid=79FF727E-612E-3C04-A008-7FA1968B75C1 HTTP/1.1" 302 -
114.119.135.171 - - [27/Feb/2025:01:15:19 +0100] "GET /ticket2/opencms/lt/ HTTP/1.1" 200 106446
3.71.102.42 - - [27/Feb/2025:01:15:21 +0100] "GET /ticket2/opencms/robots.txt HTTP/1.1" 200 773
3.71.102.42 - - [27/Feb/2025:01:15:22 +0100] "HEAD /ticket2/opencms/es/buy/?page=1&edid=8085E80D-BC8F-CDCF-7CC8-2F497FE082D3 HTTP/1.1" 200 -
62.216.205.186 - - [27/Feb/2025:01:15:22 +0100] "GET /ticket2/opencms/dk/login/?edid=79FF727E-612E-3C04-A008-7FA1968B75C1 HTTP/1.1" 200 90647
3.71.102.42 - - [27/Feb/2025:01:15:23 +0100] "GET /ticket2/opencms/es/buy/?page=1&edid=8085E80D-BC8F-CDCF-7CC8-2F497FE082D3 HTTP/1.1" 200 138381
20.171.207.168 - - [27/Feb/2025:01:15:25 +0100] "GET /ticket2/opencms/set_aff_cookie.jsp?partner=2E02071B-A8C3-4CBA-3097-C27D61C02ED8&url=%252Fen%252Fbuy%252Findex.html%253Fpage%253D1%2526edid%253D66C22035-E7EA-E10A-4BFC-2C30733037DC%2526hlv%253D666d4a3c-1e20-470c-a659-6bb30a01000f%2523v630274683 HTTP/1.1" 200 245
62.216.205.186 - - [27/Feb/2025:01:15:26 +0100] "GET /ticket2/opencms/dk/sell/?edid=7DFA9706-6B2A-B4CC-5A39-A5C330CC4190 HTTP/1.1" 302 -
54.36.149.88 - - [27/Feb/2025:01:15:26 +0100] "GET /ticket2/opencms/mo/buy?page=1&edid=E6F60BFF-04E2-DA87-AC4B-5DAF020D1574 HTTP/1.1" 200 108681
159.138.99.131 - - [27/Feb/2025:01:15:27 +0100] "GET /ticket2/opencms/es/buy?page=1&edid=FEF01E45-FEE5-DB5B-D058-BDEFBF8946F4 HTTP/1.1" 200 108699
62.216.205.186 - - [27/Feb/2025:01:15:30 +0100] "GET /ticket2/opencms/dk/login/?edid=7DFA9706-6B2A-B4CC-5A39-A5C330CC4190 HTTP/1.1" 200 90599
66.249.68.6 - - [27/Feb/2025:01:15:30 +0100] "GET /ticket2/opencms/sr/sport/fudbalske-karte/champions-league/olympiacos HTTP/1.1" 404 -
62.216.205.186 - - [27/Feb/2025:01:15:33 +0100] "GET /ticket2/opencms/dk/sell/?edid=C5A6B247-9611-1B6E-4486-AED9A8A21180 HTTP/1.1" 302 -
124.243.186.94 - - [27/Feb/2025:01:15:36 +0100] "GET /ticket2/opencms/cs/buy?page=6&comcatid=A17713B6-D984-201A-4143-ED4DB5ED5C2E&catid=70B37487-FE30-D476-CAE7-E6AFEA3153F2 HTTP/1.1" 200 104102
62.216.205.186 - - [27/Feb/2025:01:15:37 +0100] "GET /ticket2/opencms/dk/login/?edid=C5A6B247-9611-1B6E-4486-AED9A8A21180 HTTP/1.1" 200 90734
193.68.89.51 - - [27/Feb/2025:01:15:38 +0100] "GET / HTTP/1.1" 404 -
62.216.205.186 - - [27/Feb/2025:01:15:40 +0100] "GET /ticket2/opencms/dk/sell/?edid=C630CF35-39EC-EFC7-7C54-82A5FE6604FA HTTP/1.1" 302 -
85.208.96.199 - - [27/Feb/2025:01:15:41 +0100] "GET /ticket2/opencms/lt/about/press HTTP/1.1" 200 88947
54.36.148.135 - - [27/Feb/2025:01:15:41 +0100] "GET /ticket2/opencms/sv/buy?page=1&edid=39CE598D-FC19-9CD8-F22D-3F7964FACAB9 HTTP/1.1" 200 124187
62.216.205.186 - - [27/Feb/2025:01:15:44 +0100] "GET /ticket2/opencms/dk/login/?edid=C630CF35-39EC-EFC7-7C54-82A5FE6604FA HTTP/1.1" 200 90593
190.92.210.26 - - [27/Feb/2025:01:15:45 +0100] "GET /ticket2/opencms/tr/buy?page=1&edid=489B0CEB-113D-2614-E16B-9EAAADCDC906 HTTP/1.1" 200 111104
62.216.205.186 - - [27/Feb/2025:01:15:48 +0100] "GET /ticket2/opencms/dk/sell/?edid=D0F26606-9A2B-7F9B-761A-AD94A62F6874 HTTP/1.1" 302 -
69.171.249.10 - - [27/Feb/2025:01:15:50 +0100] "GET /ticket2/opencms/fi/buy?page=1&edid=8D36CAAA-5B35-26C1-11D2-EB825155168E HTTP/1.1" 200 108373
62.216.205.186 - - [27/Feb/2025:01:15:52 +0100] "GET /ticket2/opencms/dk/login/?edid=D0F26606-9A2B-7F9B-761A-AD94A62F6874 HTTP/1.1" 200 90702
85.208.96.196 - - [27/Feb/2025:01:15:52 +0100] "GET /ticket2/opencms/de/magazine/article?title=uber-den-fussballverein-liverpool-fc HTTP/1.1" 200 95099
62.216.205.186 - - [27/Feb/2025:01:15:55 +0100] "GET /ticket2/opencms/dk/sell/?edid=D250BB44-89FC-9315-0681-3F90558EF5A5 HTTP/1.1" 302 -
124.243.180.72 - - [27/Feb/2025:01:15:56 +0100] "GET /ticket2/opencms/tr/buy?page=1&edid=A5EB6D53-71EC-7F86-724F-23D08B5DD399 HTTP/1.1" 200 108828
54.36.148.202 - - [27/Feb/2025:01:15:58 +0100] "GET /ticket2/opencms/de/buy?page=1&edid=FEE25E36-04D3-46C8-6D56-05013D91539C HTTP/1.1" 200 108275
202.8.40.131 - - [27/Feb/2025:01:15:59 +0100] "GET /ticket2/opencms/system/modules/com.gridnine.opencms.ticketbrokerage.site/resources/css/ticketbrokerage.css HTTP/1.1" 200 39339
202.8.40.131 - - [27/Feb/2025:01:15:59 +0100] "GET /ticket2/opencms/system/modules/com.gridnine.opencms.ticketbrokerage.site/resources/css/calendar.css HTTP/1.1" 200 6871
202.8.40.131 - - [27/Feb/2025:01:15:59 +0100] "GET /ticket2/opencms/system/modules/com.gridnine.opencms.ticketbrokerage.site/resources/css/jquery-ui.css HTTP/1.1" 200 33221
202.8.40.131 - - [27/Feb/2025:01:15:59 +0100] "GET /ticket2/opencms/system/modules/com.gridnine.opencms.ticketbrokerage.site/resources/css/jquery.fancybox.css HTTP/1.1" 200 4939
202.8.40.131 - - [27/Feb/2025:01:15:59 +0100] "GET /ticket2/opencms/system/modules/com.gridnine.opencms.ticketbrokerage.site/resources/css/standard.css HTTP/1.1" 200 74207
202.8.40.131 - - [27/Feb/2025:01:15:59 +0100] "GET /ticket2/opencms/system/modules/com.gridnine.opencms.ticketbrokerage.site/resources/js/jquery/jquery.js HTTP/1.1" 200 93868
62.216.205.186 - - [27/Feb/2025:01:15:59 +0100] "GET /ticket2/opencms/dk/login/?edid=D250BB44-89FC-9315-0681-3F90558EF5A5 HTTP/1.1" 200 90646
202.8.40.131 - - [27/Feb/2025:01:15:59 +0100] "GET /ticket2/opencms/system/modules/com.gridnine.opencms.ticketbrokerage.site/resources/js/jquery/jquery-ui.js HTTP/1.1" 200 228088
202.8.40.131 - - [27/Feb/2025:01:15:59 +0100] "GET /ticket2/opencms/system/modules/com.gridnine.opencms.ticketbrokerage.site/resources/js/functions.js HTTP/1.1" 200 1583
202.8.40.131 - - [27/Feb/2025:01:15:59 +0100] "GET /ticket2/opencms/system/modules/com.gridnine.opencms.ticketbrokerage.site/resources/js/calendar.js HTTP/1.1" 200 49229
202.8.40.131 - - [27/Feb/2025:01:15:59 +0100] "GET /ticket2/opencms/system/modules/com.gridnine.opencms.ticketbrokerage.site/resources/js/calendar-en.js HTTP/1.1" 200 3338
202.8.40.131 - - [27/Feb/2025:01:15:59 +0100] "GET /ticket2/opencms/system/modules/com.gridnine.opencms.ticketbrokerage.site/resources/js/calendar-setup.js HTTP/1.1" 200 4923
202.8.40.131 - - [27/Feb/2025:01:15:59 +0100] "GET /ticket2/opencms/system/modules/com.gridnine.opencms.ticketbrokerage.site/resources/js/jquery.fancybox.pack.js HTTP/1.1" 200 23187
202.8.40.131 - - [27/Feb/2025:01:15:59 +0100] "GET /ticket2/opencms/system/modules/com.gridnine.opencms.ticketbrokerage.site/resources/js/stickyfill.min.js HTTP/1.1" 200 5672
202.8.40.131 - - [27/Feb/2025:01:15:59 +0100] "GET /ticket2/opencms/system/modules/com.gridnine.opencms.ticketbrokerage.site/resources/js/standard.js HTTP/1.1" 200 3983
202.8.40.131 - - [27/Feb/2025:01:15:59 +0100] "GET /ticket2/opencms/system/modules/com.gridnine.opencms.ticketbrokerage.site/resources/js/jquery.placeholder.min.js HTTP/1.1" 200 1737
202.8.40.131 - - [27/Feb/2025:01:15:59 +0100] "GET /ticket2/opencms/system/modules/com.gridnine.opencms.ticketbrokerage.site/resources/js/common-ajax.js HTTP/1.1" 200 20175
202.8.40.131 - - [27/Feb/2025:01:15:59 +0100] "GET /ticket2/opencms/de/ask-form.html HTTP/1.1" 200 3156
202.8.40.131 - - [27/Feb/2025:01:15:59 +0100] "GET /ticket2/opencms/system/modules/com.gridnine.opencms.ticketbrokerage.site/resources/css/ticketbrokerage.css HTTP/1.1" 200 39339
62.216.205.186 - - [27/Feb/2025:01:16:02 +0100] "GET /ticket2/opencms/dk/sell/?edid=D5299377-114D-E85A-E06B-1E0425900906 HTTP/1.1" 302 -
20.171.207.168 - - [27/Feb/2025:01:16:04 +0100] "GET /ticket2/opencms/set_aff_cookie.jsp?partner=2E02071B-A8C3-4CBA-3097-C27D61C02ED8&url=%252Fno%252Fbuy%252Findex.html%253Fpage%253D1%2526edid%253DE8BA54CC-B112-3D61-BE02-1B4D1E4F63D1%2526hlv%253D666ddc0c-2058-497d-8092-6a330a01000f%2523v_302050957 HTTP/1.1" 200 246
94.74.99.84 - - [27/Feb/2025:01:16:05 +0100] "GET /ticket2/opencms/sr/buy?page=1&edid=B1C946E8-46C1-25AC-C3AA-CF63E616199F HTTP/1.1" 200 113021
114.119.141.178 - - [27/Feb/2025:01:16:06 +0100] "GET /ticket2/opencms/cs/buy?page=1&=3CCBCD1A-AF19-2EC7-51AF-1D6AF3F1217A HTTP/1.1" 200 -
62.216.205.186 - - [27/Feb/2025:01:16:07 +0100] "GET /ticket2/opencms/dk/login/?edid=D5299377-114D-E85A-E06B-1E0425900906 HTTP/1.1" 200 90615
85.230.105.175 - - [27/Feb/2025:01:16:07 +0100] "GET /ticket2/opencms/sv/ HTTP/1.1" 200 106059
85.230.105.175 - - [27/Feb/2025:01:16:07 +0100] "GET /ticket2/opencms/system/modules/com.gridnine.opencms.ticketbrokerage.site/resources/css/ticketbrokerage.css HTTP/1.1" 200 39339
85.230.105.175 - - [27/Feb/2025:01:16:07 +0100] "GET /ticket2/opencms/system/modules/com.gridnine.opencms.ticketbrokerage.site/resources/css/calendar.css HTTP/1.1" 200 6871
85.230.105.175 - - [27/Feb/2025:01:16:07 +0100] "GET /ticket2/opencms/system/modules/com.gridnine.opencms.ticketbrokerage.site/resources/css/jquery-ui.css HTTP/1.1" 200 33221
85.230.105.175 - - [27/Feb/2025:01:16:07 +0100] "GET /ticket2/opencms/system/modules/com.gridnine.opencms.ticketbrokerage.site/resources/css/standard.css HTTP/1.1" 200 74207
85.230.105.175 - - [27/Feb/2025:01:16:07 +0100] "GET /ticket2/opencms/system/modules/com.gridnine.opencms.ticketbrokerage.site/resources/css/jquery.fancybox.css HTTP/1.1" 200 4939
85.230.105.175 - - [27/Feb/2025:01:16:07 +0100] "GET /ticket2/opencms/system/modules/com.gridnine.opencms.ticketbrokerage.site/resources/js/jquery/jquery.js HTTP/1.1" 200 93868
85.230.105.175 - - [27/Feb/2025:01:16:07 +0100] "GET /ticket2/opencms/system/modules/com.gridnine.opencms.ticketbrokerage.site/resources/js/jquery/jquery-ui.js HTTP/1.1" 200 228088
85.230.105.175 - - [27/Feb/2025:01:16:07 +0100] "GET /ticket2/opencms/system/modules/com.gridnine.opencms.ticketbrokerage.site/resources/js/functions.js HTTP/1.1" 200 1583
85.230.105.175 - - [27/Feb/2025:01:16:07 +0100] "GET /ticket2/opencms/system/modules/com.gridnine.opencms.ticketbrokerage.site/resources/js/calendar.js HTTP/1.1" 200 49229
85.230.105.175 - - [27/Feb/2025:01:16:07 +0100] "GET /ticket2/opencms/system/modules/com.gridnine.opencms.ticketbrokerage.site/resources/js/calendar-en.js HTTP/1.1" 200 3338
85.230.105.175 - - [27/Feb/2025:01:16:07 +0100] "GET /ticket2/opencms/system/modules/com.gridnine.opencms.ticketbrokerage.site/resources/js/calendar-setup.js HTTP/1.1" 200 4923
85.230.105.175 - - [27/Feb/2025:01:16:07 +0100] "GET /ticket2/opencms/system/modules/com.gridnine.opencms.ticketbrokerage.site/resources/js/jquery.fancybox.pack.js HTTP/1.1" 200 23187
85.230.105.175 - - [27/Feb/2025:01:16:07 +0100] "GET /ticket2/opencms/system/modules/com.gridnine.opencms.ticketbrokerage.site/resources/js/stickyfill.min.js HTTP/1.1" 200 5672
85.230.105.175 - - [27/Feb/2025:01:16:07 +0100] "GET /ticket2/opencms/img/icons/en.png HTTP/1.1" 200 2415
85.230.105.175 - - [27/Feb/2025:01:16:07 +0100] "GET /ticket2/opencms/img/icons/se.png HTTP/1.1" 200 1258
85.230.105.175 - - [27/Feb/2025:01:16:07 +0100] "GET /ticket2/opencms/system/modules/com.gridnine.opencms.ticketbrokerage.site/resources/js/jquery.placeholder.min.js HTTP/1.1" 200 1737
85.230.105.175 - - [27/Feb/2025:01:16:07 +0100] "GET /ticket2/opencms/system/modules/com.gridnine.opencms.ticketbrokerage.site/resources/js/common-ajax.js HTTP/1.1" 200 20175
85.230.105.175 - - [27/Feb/2025:01:16:07 +0100] "GET /ticket2/opencms/system/modules/com.gridnine.opencms.ticketbrokerage.site/resources/js/standard.js HTTP/1.1" 200 3983
85.230.105.175 - - [27/Feb/2025:01:16:07 +0100] "GET /ticket2/opencms/img/insta.png HTTP/1.1" 200 3967
85.230.105.175 - - [27/Feb/2025:01:16:07 +0100] "GET /ticket2/opencms/system/modules/com.gridnine.opencms.ticketbrokerage.site/resources/pics/logo-new.png HTTP/1.1" 200 13541
85.230.105.175 - - [27/Feb/2025:01:16:07 +0100] "GET /ticket2/opencms/img/fb.png HTTP/1.1" 200 1269
85.230.105.175 - - [27/Feb/2025:01:16:07 +0100] "GET /ticket2/opencms/system/modules/com.gridnine.opencms.ticketbrokerage.site/resources/pics/footer-img.jpg HTTP/1.1" 200 67642
85.230.105.175 - - [27/Feb/2025:01:16:07 +0100] "GET /ticket2/opencms/img/check.png HTTP/1.1" 200 548
85.230.105.175 - - [27/Feb/2025:01:16:07 +0100] "GET /ticket2/opencms/img/mail.png HTTP/1.1" 200 403
85.230.105.175 - - [27/Feb/2025:01:16:07 +0100] "GET /ticket2/opencms/img/banner-pl.jpeg HTTP/1.1" 200 41818
85.230.105.175 - - [27/Feb/2025:01:16:07 +0100] "GET /ticket2/opencms/img/chat.png HTTP/1.1" 200 416
85.230.105.175 - - [27/Feb/2025:01:16:07 +0100] "GET /ticket2/opencms/img/banner-ll.jpeg HTTP/1.1" 200 41825
85.230.105.175 - - [27/Feb/2025:01:16:07 +0100] "GET /ticket2/opencms/img/arrow.png HTTP/1.1" 200 753
85.230.105.175 - - [27/Feb/2025:01:16:07 +0100] "GET /ticket2/opencms/img/banner-sa.jpeg HTTP/1.1" 200 41270
85.230.105.175 - - [27/Feb/2025:01:16:07 +0100] "GET /ticket2/opencms/img/icons/fi.png HTTP/1.1" 200 1785
85.230.105.175 - - [27/Feb/2025:01:16:07 +0100] "GET /ticket2/opencms/img/icons/globe-white.png HTTP/1.1" 200 947
85.230.105.175 - - [27/Feb/2025:01:16:07 +0100] "GET /ticket2/opencms/img/icons/no.png HTTP/1.1" 200 1958
54.36.148.196 - - [27/Feb/2025:01:16:07 +0100] "GET /ticket2/opencms/ga/buy?page=1&edid=78E4B91C-1F75-6F0B-081E-2F48F65F6C41 HTTP/1.1" 200 111446
85.230.105.175 - - [27/Feb/2025:01:16:08 +0100] "GET /ticket2/opencms/img/icons/dk.png HTTP/1.1" 200 1706
85.230.105.175 - - [27/Feb/2025:01:16:08 +0100] "GET /ticket2/opencms/img/icons/nl.png HTTP/1.1" 200 1255
85.230.105.175 - - [27/Feb/2025:01:16:08 +0100] "GET /ticket2/opencms/img/icons/fr.png HTTP/1.1" 200 1764
85.230.105.175 - - [27/Feb/2025:01:16:08 +0100] "GET /ticket2/opencms/img/icons/de.png HTTP/1.1" 200 1124
85.230.105.175 - - [27/Feb/2025:01:16:08 +0100] "GET /ticket2/opencms/img/icons/es.png HTTP/1.1" 200 1005
85.230.105.175 - - [27/Feb/2025:01:16:08 +0100] "GET /ticket2/opencms/img/icons/it.png HTTP/1.1" 200 2040
85.230.105.175 - - [27/Feb/2025:01:16:08 +0100] "GET /ticket2/opencms/img/icons/pl.png HTTP/1.1" 200 1578
85.230.105.175 - - [27/Feb/2025:01:16:08 +0100] "GET /ticket2/opencms/img/icons/sq.png HTTP/1.1" 200 1619
85.230.105.175 - - [27/Feb/2025:01:16:08 +0100] "GET /ticket2/opencms/img/icons/az.png HTTP/1.1" 200 1445
85.230.105.175 - - [27/Feb/2025:01:16:08 +0100] "GET /ticket2/opencms/img/icons/be.png HTTP/1.1" 200 1663
85.230.105.175 - - [27/Feb/2025:01:16:08 +0100] "GET /ticket2/opencms/img/icons/bs.png HTTP/1.1" 200 1014
85.230.105.175 - - [27/Feb/2025:01:16:08 +0100] "GET /ticket2/opencms/img/icons/bg.png HTTP/1.1" 200 788
85.230.105.175 - - [27/Feb/2025:01:16:08 +0100] "GET /ticket2/opencms/img/icons/cs.png HTTP/1.1" 200 1883
85.230.105.175 - - [27/Feb/2025:01:16:08 +0100] "GET /ticket2/opencms/img/icons/et.png HTTP/1.1" 200 754
85.230.105.175 - - [27/Feb/2025:01:16:08 +0100] "GET /ticket2/opencms/img/icons/hr.png HTTP/1.1" 200 2024
85.230.105.175 - - [27/Feb/2025:01:16:08 +0100] "GET /ticket2/opencms/img/icons/hu.png HTTP/1.1" 200 733
85.230.105.175 - - [27/Feb/2025:01:16:08 +0100] "GET /ticket2/opencms/img/icons/ga.png HTTP/1.1" 200 1759
85.230.105.175 - - [27/Feb/2025:01:16:08 +0100] "GET /ticket2/opencms/img/icons/lv.png HTTP/1.1" 200 716
85.230.105.175 - - [27/Feb/2025:01:16:08 +0100] "GET /ticket2/opencms/img/icons/ka.png HTTP/1.1" 200 860
85.230.105.175 - - [27/Feb/2025:01:16:08 +0100] "GET /ticket2/opencms/img/icons/el.png HTTP/1.1" 200 1637
85.230.105.175 - - [27/Feb/2025:01:16:08 +0100] "GET /ticket2/opencms/img/icons/is.png HTTP/1.1" 200 1884
85.230.105.175 - - [27/Feb/2025:01:16:08 +0100] "GET /ticket2/opencms/img/icons/mo.png HTTP/1.1" 200 1468
85.230.105.175 - - [27/Feb/2025:01:16:08 +0100] "GET /ticket2/opencms/img/icons/lt.png HTTP/1.1" 200 733
85.230.105.175 - - [27/Feb/2025:01:16:08 +0100] "GET /ticket2/opencms/img/icons/ro.png HTTP/1.1" 200 1393
85.230.105.175 - - [27/Feb/2025:01:16:08 +0100] "GET /ticket2/opencms/img/icons/mt.png HTTP/1.1" 200 920
85.230.105.175 - - [27/Feb/2025:01:16:08 +0100] "GET /ticket2/opencms/img/icons/sr.png HTTP/1.1" 200 1602
85.230.105.175 - - [27/Feb/2025:01:16:08 +0100] "GET /ticket2/opencms/img/icons/sk.png HTTP/1.1" 200 1283
85.230.105.175 - - [27/Feb/2025:01:16:08 +0100] "GET /ticket2/opencms/img/icons/sl.png HTTP/1.1" 200 966
85.230.105.175 - - [27/Feb/2025:01:16:08 +0100] "GET /ticket2/opencms/img/icons/tr.png HTTP/1.1" 200 1636
85.230.105.175 - - [27/Feb/2025:01:16:08 +0100] "GET /ticket2/opencms/img/icons/uk.png HTTP/1.1" 200 1272
85.230.105.175 - - [27/Feb/2025:01:16:08 +0100] "GET /ticket2/opencms/img/icons/ticket2.thumbnail.png HTTP/1.1" 200 21519
85.230.105.175 - - [27/Feb/2025:01:16:08 +0100] "GET /ticket2/opencms/system/modules/com.gridnine.opencms.ticketbrokerage.site/resources/js/standard.js HTTP/1.1" 200 3983
202.8.43.208 - - [27/Feb/2025:01:16:09 +0100] "GET /ticket2/opencms/system/modules/com.gridnine.opencms.ticketbrokerage.site/resources/css/ticketbrokerage.css HTTP/1.1" 200 39339
202.8.43.208 - - [27/Feb/2025:01:16:09 +0100] "GET /ticket2/opencms/system/modules/com.gridnine.opencms.ticketbrokerage.site/resources/css/calendar.css HTTP/1.1" 200 6871
202.8.43.208 - - [27/Feb/2025:01:16:09 +0100] "GET /ticket2/opencms/system/modules/com.gridnine.opencms.ticketbrokerage.site/resources/css/jquery-ui.css HTTP/1.1" 200 33221
202.8.43.208 - - [27/Feb/2025:01:16:09 +0100] "GET /ticket2/opencms/system/modules/com.gridnine.opencms.ticketbrokerage.site/resources/css/standard.css HTTP/1.1" 200 74207
202.8.43.208 - - [27/Feb/2025:01:16:09 +0100] "GET /ticket2/opencms/system/modules/com.gridnine.opencms.ticketbrokerage.site/resources/css/jquery.fancybox.css HTTP/1.1" 200 4939
202.8.43.208 - - [27/Feb/2025:01:16:09 +0100] "GET /ticket2/opencms/system/modules/com.gridnine.opencms.ticketbrokerage.site/resources/js/jquery/jquery.js HTTP/1.1" 200 93868
202.8.43.208 - - [27/Feb/2025:01:16:10 +0100] "GET /ticket2/opencms/system/modules/com.gridnine.opencms.ticketbrokerage.site/resources/js/jquery/jquery-ui.js HTTP/1.1" 200 228088
202.8.43.208 - - [27/Feb/2025:01:16:10 +0100] "GET /ticket2/opencms/system/modules/com.gridnine.opencms.ticketbrokerage.site/resources/js/functions.js HTTP/1.1" 200 1583
74.125.150.36 - - [27/Feb/2025:01:16:10 +0100] "GET /ticket2/opencms/dk/buy_safety HTTP/1.1" 200 90256
202.8.43.208 - - [27/Feb/2025:01:16:10 +0100] "GET /ticket2/opencms/system/modules/com.gridnine.opencms.ticketbrokerage.site/resources/js/calendar.js HTTP/1.1" 200 49229
202.8.43.208 - - [27/Feb/2025:01:16:10 +0100] "GET /ticket2/opencms/system/modules/com.gridnine.opencms.ticketbrokerage.site/resources/js/calendar-en.js HTTP/1.1" 200 3338
202.8.43.208 - - [27/Feb/2025:01:16:10 +0100] "GET /ticket2/opencms/system/modules/com.gridnine.opencms.ticketbrokerage.site/resources/js/calendar-setup.js HTTP/1.1" 200 4923
202.8.43.208 - - [27/Feb/2025:01:16:10 +0100] "GET /ticket2/opencms/system/modules/com.gridnine.opencms.ticketbrokerage.site/resources/js/jquery.fancybox.pack.js HTTP/1.1" 200 23187
202.8.43.208 - - [27/Feb/2025:01:16:10 +0100] "GET /ticket2/opencms/system/modules/com.gridnine.opencms.ticketbrokerage.site/resources/js/stickyfill.min.js HTTP/1.1" 200 5672
202.8.43.208 - - [27/Feb/2025:01:16:10 +0100] "GET /ticket2/opencms/system/modules/com.gridnine.opencms.ticketbrokerage.site/resources/js/standard.js HTTP/1.1" 200 3983
202.8.43.208 - - [27/Feb/2025:01:16:10 +0100] "GET /ticket2/opencms/system/modules/com.gridnine.opencms.ticketbrokerage.site/resources/js/jquery.placeholder.min.js HTTP/1.1" 200 1737
202.8.43.208 - - [27/Feb/2025:01:16:10 +0100] "GET /ticket2/opencms/system/modules/com.gridnine.opencms.ticketbrokerage.site/resources/js/common-ajax.js HTTP/1.1" 200 20175
202.8.43.208 - - [27/Feb/2025:01:16:10 +0100] "GET /ticket2/opencms/ga/ask-form.html HTTP/1.1" 200 3156
202.8.43.208 - - [27/Feb/2025:01:16:10 +0100] "GET /ticket2/opencms/system/modules/com.gridnine.opencms.ticketbrokerage.site/resources/css/ticketbrokerage.css HTTP/1.1" 200 39339
62.216.205.186 - - [27/Feb/2025:01:16:11 +0100] "GET /ticket2/opencms/dk/venue/?venueid=8A3E15E6-9EA2-1FB9-3117-432C267C960A HTTP/1.1" 200 85810
47.128.27.208 - - [27/Feb/2025:01:16:15 +0100] "GET /ticket2/opencms/cs/buy_safety/ HTTP/1.1" 200 89675
62.216.205.186 - - [27/Feb/2025:01:16:15 +0100] "GET /ticket2/opencms/dk/venue/?venueid=8B510977-1E58-CA35-22CC-AAAB5ABA441D HTTP/1.1" 200 85743
166.108.192.50 - - [27/Feb/2025:01:16:16 +0100] "GET /ticket2/opencms/sr/buy?page=1&edid=2A0AB201-68D6-81F4-4EF6-313AAEA5E454 HTTP/1.1" 200 112261
114.119.135.251 - - [27/Feb/2025:01:16:16 +0100] "GET /ticket2/opencms/en/venue/?venueid=E1FDA495-A4B3-5F1B-7AE5-E9A07438E5E1 HTTP/1.1" 200 85259
47.128.27.208 - - [27/Feb/2025:01:16:16 +0100] "GET /ticket2/opencms/system/modules/com.gridnine.opencms.ticketbrokerage.site/resources/css/images/event-banner.png HTTP/1.1" 404 -
40.77.167.42 - - [27/Feb/2025:01:16:18 +0100] "GET /ticket2/opencms/sv/konsertbiljetter/ HTTP/1.1" 200 88190
62.216.205.186 - - [27/Feb/2025:01:16:19 +0100] "GET /ticket2/opencms/en/buy/?page=1&edid=01C29CC3-7908-4729-698F-6FD32A0539DC&sortorder=asc&column=price HTTP/1.1" 200 107815
54.36.148.23 - - [27/Feb/2025:01:16:22 +0100] "GET /ticket2/opencms/uk/buy?page=1&edid=E6F60BFF-04E2-DA87-AC4B-5DAF020D1574 HTTP/1.1" 200 110935
62.216.205.186 - - [27/Feb/2025:01:16:24 +0100] "GET /ticket2/opencms/en/buy/?page=1&edid=88A5FA8D-B5B5-F577-3320-20F49E5C73A5&sortorder=asc&column=row HTTP/1.1" 200 111537
47.128.57.41 - - [27/Feb/2025:01:16:25 +0100] "GET /ticket2/opencms/en/magazine/article?title=january-transfer-windows-most-expensive-signings HTTP/1.1" 200 91936
101.44.25.97 - - [27/Feb/2025:01:16:26 +0100] "GET /ticket2/opencms/bs/buy?page=1&edid=8C8B6CAD-0E9C-D59D-F548-EF8ED0013C05 HTTP/1.1" 200 111626
62.216.205.186 - - [27/Feb/2025:01:16:28 +0100] "GET /ticket2/opencms/en/login/?edid=0F0A9175-9B4A-1490-DED8-DDD657ADFE0A HTTP/1.1" 200 90099
66.249.79.102 - - [27/Feb/2025:01:16:32 +0100] "GET /ticket2/opencms/fr/buy/?page=1&edid=5DBB4F23-1DC6-5854-92A3-8C0AF6152B4D HTTP/1.1" 200 124576
47.128.49.230 - - [27/Feb/2025:01:16:32 +0100] "GET /ticket2/opencms/bg/buy/?edid=5013A1E7-6B46-F1F8-6B39-0131EFEB0CDA HTTP/1.1" 200 92481
62.216.205.186 - - [27/Feb/2025:01:16:32 +0100] "GET /ticket2/opencms/en/login/?edid=26A4A561-2996-B362-4637-33397192311F HTTP/1.1" 200 90028
77.74.177.114 - - [27/Feb/2025:01:16:33 +0100] "GET /ticket2/opencms/de/ HTTP/1.1" 200 106045
85.208.96.194 - - [27/Feb/2025:01:16:34 +0100] "GET /ticket2/opencms/sk/about/contact/ HTTP/1.1" 200 86376
189.1.247.111 - - [27/Feb/2025:01:16:35 +0100] "GET /ticket2/opencms/es/buy?page=1&edid=125D8704-4F25-BA08-9A7D-175DE227A1FB HTTP/1.1" 200 108620
216.244.66.238 - - [27/Feb/2025:01:16:35 +0100] "GET /ticket2/opencms/be/buy?page=1&edid=FF6930DF-3497-767B-9FFA-2906DD469574 HTTP/1.1" 200 114272
62.216.205.186 - - [27/Feb/2025:01:16:36 +0100] "GET /ticket2/opencms/en/login/?edid=38106311-64E3-F718-626F-858554A26EE3 HTTP/1.1" 200 90150
54.36.148.85 - - [27/Feb/2025:01:16:37 +0100] "GET /ticket2/opencms/hr/buy?page=1&edid=E6F60BFF-04E2-DA87-AC4B-5DAF020D1574 HTTP/1.1" 200 108648
66.249.79.1 - - [27/Feb/2025:01:16:38 +0100] "GET /ticket2/opencms/sl/buy?page=1&edid=70278AA1-9B36-1074-FC37-E7CD3E0C98CF HTTP/1.1" 200 112302
20.171.207.168 - - [27/Feb/2025:01:16:38 +0100] "GET /ticket2/opencms/set_aff_cookie.jsp?partner=2E02071B-A8C3-4CBA-3097-C27D61C02ED8&url=%252Fru%252Fbuy%252Findex.html%253Fpage%253D1%2526edid%253D18631B4D-241F-1419-AEC9-B2739BCE7CC3%2526hlv%253D66b47e16-bbdc-4527-9c00-1f380a01000f%2523v_1629758524 HTTP/1.1" 200 247
62.216.205.186 - - [27/Feb/2025:01:16:40 +0100] "GET /ticket2/opencms/en/login/?edid=3F305679-4AAA-66B4-15E8-15B88AE2914C HTTP/1.1" 200 90131
114.119.157.43 - - [27/Feb/2025:01:16:42 +0100] "GET /ticket2/opencms/bs/buy?page=1&edid=BCB4C6BC-01F1-9B82-B9A0-788195DE1926 HTTP/1.1" 200 120068
114.119.132.9 - - [27/Feb/2025:01:16:44 +0100] "GET /ticket2/opencms/es/buy/?page=1&edid=FF312D4E-5B6B-8FA5-BA69-635DC61A8F79 HTTP/1.1" 200 134540
62.216.205.186 - - [27/Feb/2025:01:16:44 +0100] "GET /ticket2/opencms/en/login/?edid=4E722101-4569-5A8B-D55C-A65AFE7C34A8 HTTP/1.1" 200 90138
185.191.171.7 - - [27/Feb/2025:01:16:45 +0100] "GET /ticket2/opencms/robots.txt HTTP/1.1" 200 773
216.244.66.238 - - [27/Feb/2025:01:16:46 +0100] "GET /ticket2/opencms/is/buy?page=1&edid=9667EB6B-D73B-BD07-1E55-EFA6F23D8FD6 HTTP/1.1" 200 112494
185.191.171.8 - - [27/Feb/2025:01:16:46 +0100] "GET /ticket2/opencms/ga/sport/ticeid-peile/ HTTP/1.1" 200 94501
62.216.205.186 - - [27/Feb/2025:01:16:48 +0100] "GET /ticket2/opencms/en/login/?edid=68820B87-7695-C244-A291-2DDF7B034AF9 HTTP/1.1" 200 90137
111.119.255.156 - - [27/Feb/2025:01:16:49 +0100] "GET /ticket2/opencms/fr/buy/?page=1&edid=3FB52ADD-0B76-D8A6-EF8F-19BF0AABB668 HTTP/1.1" 200 110749
54.36.149.77 - - [27/Feb/2025:01:16:50 +0100] "GET /ticket2/opencms/tr/buy?page=1&edid=46F37BE7-B2F6-BEA5-12C9-E1FFD36B0DD0 HTTP/1.1" 200 90607
66.249.79.35 - - [27/Feb/2025:01:16:51 +0100] "GET /ticket2/opencms/lt/buy/?page=6&comcatid=A17713B6-D984-201A-4143-ED4DB5ED5C2E&catid=7EF04817-972D-18B1-F941-DE800D088075&eventid=60DD1888-A212-4A9C-E256-57FE4F2AC5DC HTTP/1.1" 200 106369
62.216.205.186 - - [27/Feb/2025:01:16:52 +0100] "GET /ticket2/opencms/en/login/?edid=AE8DF7B2-AA16-49DA-6FF6-26DC8821D0BB HTTP/1.1" 200 90136
85.208.96.211 - - [27/Feb/2025:01:16:53 +0100] "GET /ticket2/opencms/cs/magazine/article?title=liga-mistru-vstupenky-na-ticket2 HTTP/1.1" 200 98011
62.216.205.186 - - [27/Feb/2025:01:16:56 +0100] "GET /ticket2/opencms/en/login/?edid=B21620F0-268B-7708-49EB-0AD4408810AF HTTP/1.1" 200 90189
159.138.151.46 - - [27/Feb/2025:01:16:56 +0100] "GET /ticket2/opencms/sr/buy/?page=1&edid=CA9B3B0E-7FD3-E90E-7799-488AC7DDC244 HTTP/1.1" 200 132484
216.244.66.238 - - [27/Feb/2025:01:16:59 +0100] "GET /ticket2/opencms/lv/buy?page=1&edid=9298EE47-1A7F-20BC-182D-AD5062126FDE HTTP/1.1" 200 111651
85.208.96.210 - - [27/Feb/2025:01:17:00 +0100] "GET /ticket2/opencms/ka/magazine/article?title=rodrigo-bentancur-gamoiketa-shvidi-matchidan-rasistuli-gantskhadebis-gamo HTTP/1.1" 200 98869
62.216.205.186 - - [27/Feb/2025:01:17:01 +0100] "GET /ticket2/opencms/en/login/?edid=D016D4C9-E48F-B368-F9D5-6E105A81A789 HTTP/1.1" 200 90152
185.191.171.8 - - [27/Feb/2025:01:17:02 +0100] "GET /ticket2/opencms/mo/faq HTTP/1.1" 200 90703
62.216.205.186 - - [27/Feb/2025:01:17:04 +0100] "GET /ticket2/opencms/fi/buy/?page=1&edid=018D838D-ECBB-BF11-E5D8-35B0744B0EEA&sortorder=desc&column=row HTTP/1.1" 200 91079
62.216.205.186 - - [27/Feb/2025:01:17:06 +0100] "GET /ticket2/opencms/fi/buy/?page=1&edid=02823846-D9F3-7FA7-0C10-0BC397185B83 HTTP/1.1" 200 112127
54.36.149.38 - - [27/Feb/2025:01:17:06 +0100] "GET /ticket2/opencms/sl/buy?page=1&edid=78E4B91C-1F75-6F0B-081E-2F48F65F6C41 HTTP/1.1" 200 110780
85.208.96.206 - - [27/Feb/2025:01:17:06 +0100] "GET /ticket2/opencms/cs/magazine/article?title=finale-me-2024 HTTP/1.1" 200 95422
183.87.32.159 - - [27/Feb/2025:01:17:07 +0100] "GET /ticket2/opencms/fr/buy/?page=1&edid=5E924D76-6A1B-93BC-75B3-B7AB41EFA9C3 HTTP/1.1" 200 111886
47.128.126.158 - - [27/Feb/2025:01:17:07 +0100] "GET /ticket2/opencms/be/buy/?edid=E9F0B041-BF0A-CE11-045F-89CD49D4FA7D HTTP/1.1" 200 92631
202.8.41.226 - - [27/Feb/2025:01:17:07 +0100] "GET /ticket2/opencms/system/modules/com.gridnine.opencms.ticketbrokerage.site/resources/css/jquery-ui.css HTTP/1.1" 200 33221
202.8.41.226 - - [27/Feb/2025:01:17:07 +0100] "GET /ticket2/opencms/system/modules/com.gridnine.opencms.ticketbrokerage.site/resources/css/calendar.css HTTP/1.1" 200 6871
202.8.41.226 - - [27/Feb/2025:01:17:07 +0100] "GET /ticket2/opencms/system/modules/com.gridnine.opencms.ticketbrokerage.site/resources/css/ticketbrokerage.css HTTP/1.1" 200 39339
202.8.41.226 - - [27/Feb/2025:01:17:07 +0100] "GET /ticket2/opencms/system/modules/com.gridnine.opencms.ticketbrokerage.site/resources/css/standard.css HTTP/1.1" 200 74207
202.8.41.226 - - [27/Feb/2025:01:17:07 +0100] "GET /ticket2/opencms/system/modules/com.gridnine.opencms.ticketbrokerage.site/resources/css/jquery.fancybox.css HTTP/1.1" 200 4939
202.8.41.226 - - [27/Feb/2025:01:17:07 +0100] "GET /ticket2/opencms/system/modules/com.gridnine.opencms.ticketbrokerage.site/resources/js/jquery/jquery.js HTTP/1.1" 200 93868
202.8.41.226 - - [27/Feb/2025:01:17:07 +0100] "GET /ticket2/opencms/system/modules/com.gridnine.opencms.ticketbrokerage.site/resources/js/functions.js HTTP/1.1" 200 1583
202.8.41.226 - - [27/Feb/2025:01:17:07 +0100] "GET /ticket2/opencms/system/modules/com.gridnine.opencms.ticketbrokerage.site/resources/js/calendar.js HTTP/1.1" 200 49229
202.8.41.226 - - [27/Feb/2025:01:17:07 +0100] "GET /ticket2/opencms/system/modules/com.gridnine.opencms.ticketbrokerage.site/resources/js/jquery/jquery-ui.js HTTP/1.1" 200 228088
202.8.41.226 - - [27/Feb/2025:01:17:07 +0100] "GET /ticket2/opencms/system/modules/com.gridnine.opencms.ticketbrokerage.site/resources/js/calendar-en.js HTTP/1.1" 200 3338
202.8.41.226 - - [27/Feb/2025:01:17:07 +0100] "GET /ticket2/opencms/system/modules/com.gridnine.opencms.ticketbrokerage.site/resources/js/calendar-setup.js HTTP/1.1" 200 4923
202.8.41.226 - - [27/Feb/2025:01:17:08 +0100] "GET /ticket2/opencms/system/modules/com.gridnine.opencms.ticketbrokerage.site/resources/js/jquery.fancybox.pack.js HTTP/1.1" 200 23187
202.8.41.226 - - [27/Feb/2025:01:17:08 +0100] "GET /ticket2/opencms/system/modules/com.gridnine.opencms.ticketbrokerage.site/resources/js/stickyfill.min.js HTTP/1.1" 200 5672
202.8.41.226 - - [27/Feb/2025:01:17:08 +0100] "GET /ticket2/opencms/system/modules/com.gridnine.opencms.ticketbrokerage.site/resources/js/standard.js HTTP/1.1" 200 3983
202.8.41.226 - - [27/Feb/2025:01:17:08 +0100] "GET /ticket2/opencms/system/modules/com.gridnine.opencms.ticketbrokerage.site/resources/js/jquery.placeholder.min.js HTTP/1.1" 200 1737
52.167.144.172 - - [27/Feb/2025:01:17:08 +0100] "GET /ticket2/opencms/it/buy?page=1&edid=CEC3CC84-E2A0-FA7E-2440-748B95840967 HTTP/1.1" 200 111619
202.8.41.226 - - [27/Feb/2025:01:17:08 +0100] "GET /ticket2/opencms/system/modules/com.gridnine.opencms.ticketbrokerage.site/resources/js/common-ajax.js HTTP/1.1" 200 20175
202.8.41.226 - - [27/Feb/2025:01:17:08 +0100] "GET /ticket2/opencms/sl/ask-form.html HTTP/1.1" 200 3156
202.8.41.226 - - [27/Feb/2025:01:17:08 +0100] "GET /ticket2/opencms/system/modules/com.gridnine.opencms.ticketbrokerage.site/resources/css/ticketbrokerage.css HTTP/1.1" 200 39339
62.216.205.186 - - [27/Feb/2025:01:17:08 +0100] "GET /ticket2/opencms/fi/buy/?page=1&edid=042B1AE0-B676-9EDF-9B0C-DC5976C2588C HTTP/1.1" 200 111555
62.216.205.186 - - [27/Feb/2025:01:17:11 +0100] "GET /ticket2/opencms/fi/buy/?page=1&edid=0443352F-8BC6-7A25-9546-1FB1F05FC6B0&sortorder=asc&column=price HTTP/1.1" 200 111594
52.167.144.149 - - [27/Feb/2025:01:17:11 +0100] "GET /ticket2/opencms/be/buy?page=1&edid=0F5B2278-CB2B-6519-1D28-92A45D61B015 HTTP/1.1" 200 114919
52.167.144.149 - - [27/Feb/2025:01:17:12 +0100] "GET /ticket2/opencms/fi/magazine/article?title=joao-palhinha-bayern-muncheniin-uusi-keskiakentan-voima-saapuu-allianz-arenalle HTTP/1.1" 200 96392
62.216.205.186 - - [27/Feb/2025:01:17:13 +0100] "GET /ticket2/opencms/fi/buy/?page=1&edid=0443352F-8BC6-7A25-9546-1FB1F05FC6B0&sortorder=asc&column=row HTTP/1.1" 200 111548
216.244.66.238 - - [27/Feb/2025:01:17:15 +0100] "GET /ticket2/opencms/sq/buy?page=1&edid=3834B79A-5D67-764F-EEC4-EB2411D57169 HTTP/1.1" 200 109120
62.216.205.186 - - [27/Feb/2025:01:17:15 +0100] "GET /ticket2/opencms/fi/buy/?page=1&edid=0443352F-8BC6-7A25-9546-1FB1F05FC6B0&sortorder=asc&column=section HTTP/1.1" 200 111631
114.119.185.233 - - [27/Feb/2025:01:17:15 +0100] "GET /ticket2/opencms/bs/buy?page=1&edid=DEDDC6EE-4376-F59A-4CE6-D851E193ECCB HTTP/1.1" 200 111862
62.216.205.186 - - [27/Feb/2025:01:17:17 +0100] "GET /ticket2/opencms/fi/buy/?page=1&edid=0530B04D-A7D8-F1B4-7BA2-ACEFA0B23712 HTTP/1.1" 200 108402
54.36.148.93 - - [27/Feb/2025:01:17:18 +0100] "GET /ticket2/opencms/uk/buy?page=1&edid=78E4B91C-1F75-6F0B-081E-2F48F65F6C41 HTTP/1.1" 200 113348
62.216.205.186 - - [27/Feb/2025:01:17:19 +0100] "GET /ticket2/opencms/fi/buy/?page=1&edid=070471A5-1E92-12B9-6E14-6731F3C1EE15&sortorder=desc&column=price HTTP/1.1" 200 112505
202.8.41.26 - - [27/Feb/2025:01:17:20 +0100] "GET /ticket2/opencms/system/modules/com.gridnine.opencms.ticketbrokerage.site/resources/css/calendar.css HTTP/1.1" 200 6871
202.8.41.26 - - [27/Feb/2025:01:17:20 +0100] "GET /ticket2/opencms/system/modules/com.gridnine.opencms.ticketbrokerage.site/resources/css/ticketbrokerage.css HTTP/1.1" 200 39339
202.8.41.26 - - [27/Feb/2025:01:17:20 +0100] "GET /ticket2/opencms/system/modules/com.gridnine.opencms.ticketbrokerage.site/resources/css/jquery-ui.css HTTP/1.1" 200 33221
202.8.41.26 - - [27/Feb/2025:01:17:20 +0100] "GET /ticket2/opencms/system/modules/com.gridnine.opencms.ticketbrokerage.site/resources/css/jquery.fancybox.css HTTP/1.1" 200 4939
202.8.41.26 - - [27/Feb/2025:01:17:20 +0100] "GET /ticket2/opencms/system/modules/com.gridnine.opencms.ticketbrokerage.site/resources/css/standard.css HTTP/1.1" 200 74207
202.8.41.26 - - [27/Feb/2025:01:17:20 +0100] "GET /ticket2/opencms/system/modules/com.gridnine.opencms.ticketbrokerage.site/resources/js/jquery/jquery.js HTTP/1.1" 200 93868
202.8.41.26 - - [27/Feb/2025:01:17:20 +0100] "GET /ticket2/opencms/system/modules/com.gridnine.opencms.ticketbrokerage.site/resources/js/calendar.js HTTP/1.1" 200 49229
202.8.41.26 - - [27/Feb/2025:01:17:20 +0100] "GET /ticket2/opencms/system/modules/com.gridnine.opencms.ticketbrokerage.site/resources/js/functions.js HTTP/1.1" 200 1583
202.8.41.26 - - [27/Feb/2025:01:17:20 +0100] "GET /ticket2/opencms/system/modules/com.gridnine.opencms.ticketbrokerage.site/resources/js/jquery/jquery-ui.js HTTP/1.1" 200 228088
202.8.41.26 - - [27/Feb/2025:01:17:20 +0100] "GET /ticket2/opencms/system/modules/com.gridnine.opencms.ticketbrokerage.site/resources/js/calendar-en.js HTTP/1.1" 200 3338
202.8.41.26 - - [27/Feb/2025:01:17:20 +0100] "GET /ticket2/opencms/system/modules/com.gridnine.opencms.ticketbrokerage.site/resources/js/calendar-setup.js HTTP/1.1" 200 4923
202.8.41.26 - - [27/Feb/2025:01:17:20 +0100] "GET /ticket2/opencms/system/modules/com.gridnine.opencms.ticketbrokerage.site/resources/js/jquery.fancybox.pack.js HTTP/1.1" 200 23187
202.8.41.26 - - [27/Feb/2025:01:17:20 +0100] "GET /ticket2/opencms/system/modules/com.gridnine.opencms.ticketbrokerage.site/resources/js/stickyfill.min.js HTTP/1.1" 200 5672
202.8.41.26 - - [27/Feb/2025:01:17:20 +0100] "GET /ticket2/opencms/system/modules/com.gridnine.opencms.ticketbrokerage.site/resources/js/standard.js HTTP/1.1" 200 3983
202.8.41.26 - - [27/Feb/2025:01:17:20 +0100] "GET /ticket2/opencms/system/modules/com.gridnine.opencms.ticketbrokerage.site/resources/js/jquery.placeholder.min.js HTTP/1.1" 200 1737
202.8.41.26 - - [27/Feb/2025:01:17:20 +0100] "GET /ticket2/opencms/system/modules/com.gridnine.opencms.ticketbrokerage.site/resources/js/common-ajax.js HTTP/1.1" 200 20175
202.8.41.26 - - [27/Feb/2025:01:17:20 +0100] "GET /ticket2/opencms/uk/ask-form.html HTTP/1.1" 200 3156
202.8.41.26 - - [27/Feb/2025:01:17:20 +0100] "GET /ticket2/opencms/system/modules/com.gridnine.opencms.ticketbrokerage.site/resources/css/ticketbrokerage.css HTTP/1.1" 200 39339
62.216.205.186 - - [27/Feb/2025:01:17:22 +0100] "GET /ticket2/opencms/fi/buy/?page=1&edid=081EE01A-3277-D451-A064-8BE12CA4E327&sortorder=desc&column=row HTTP/1.1" 200 112559
20.171.207.168 - - [27/Feb/2025:01:17:22 +0100] "GET /ticket2/opencms/set_aff_cookie.jsp?partner=8F6DE15D-D831-5787-AE7E-FEFF53476F85&url=%252Fdk%252Fbuy%252Findex.html%253Fpage%253D1%2526edid%253DC68D3A19-7AB1-B0F6-2F8E-E937CB754241%2526hlv%253D669388d5-e090-48ed-9b66-6fc60a01000f%2523v_724348818 HTTP/1.1" 200 246
54.36.148.37 - - [27/Feb/2025:01:17:24 +0100] "GET /ticket2/opencms/no/magazine/article?title=jurgen-klopp-forlater-liverpool-en-suksesshistorie-pa-anfield HTTP/1.1" 200 95711
62.216.205.186 - - [27/Feb/2025:01:17:24 +0100] "GET /ticket2/opencms/fi/buy/?page=1&edid=088A691D-7690-4573-C5FC-C5459481917B&sortorder=desc&column=price HTTP/1.1" 200 113286
66.249.79.169 - - [27/Feb/2025:01:17:24 +0100] "GET /ticket2/opencms/bg/buy/?page=1&edid=0E2185D1-6D42-D80F-0E47-29A01B6B0415 HTTP/1.1" 200 111068
46.250.162.167 - - [27/Feb/2025:01:17:25 +0100] "GET /ticket2/opencms/bs/buy?page=1&edid=885A2607-A223-24CC-17AE-7C8ECDA8D47C HTTP/1.1" 200 133813
114.119.130.154 - - [27/Feb/2025:01:17:26 +0100] "GET /ticket2/opencms/bs/buy?page=1&edid=BC8AFDB6-7EDF-E805-E0A1-B18581E9BD7C HTTP/1.1" 200 111671
66.249.79.201 - - [27/Feb/2025:01:17:26 +0100] "GET /ticket2/opencms/set_aff_cookie.jsp?partner=57601924-FB09-5BB2-867F-08B4EB522BA8&url=%252Fru%252Fbuy%252Findex.html%253Fpage%253D1%2526edid%253DFDE2CB1B-737B-857F-7431-BD450E7D3BBB%2526hlv%253D666d6f2e-a908-44bc-96db-0c190a01000f%2523v2102417562 HTTP/1.1" 200 246
62.216.205.186 - - [27/Feb/2025:01:17:26 +0100] "GET /ticket2/opencms/fi/buy/?page=1&edid=088A691D-7690-4573-C5FC-C5459481917B&sortorder=desc&column=row HTTP/1.1" 200 113171
62.216.205.186 - - [27/Feb/2025:01:17:28 +0100] "GET /ticket2/opencms/fi/buy/?page=1&edid=08E4167A-CF42-A332-17FC-B350C5906CB9&sortorder=desc&column=price HTTP/1.1" 200 112718
216.244.66.238 - - [27/Feb/2025:01:17:28 +0100] "GET /ticket2/opencms/it/buy?page=1&edid=9C142AB0-2A14-1DDC-4371-7642BF95E277 HTTP/1.1" 200 111623
62.216.205.186 - - [27/Feb/2025:01:17:31 +0100] "GET /ticket2/opencms/fi/buy/?page=1&edid=1401AD4A-779C-EB9C-2944-DAE28606BE93&sortorder=desc&column=row HTTP/1.1" 200 109357
62.216.205.186 - - [27/Feb/2025:01:17:33 +0100] "GET /ticket2/opencms/fi/buy/?page=1&edid=14CAB8B2-3317-2424-C56F-1A896DB4982C&sortorder=desc&column=row HTTP/1.1" 200 113107
189.1.243.255 - - [27/Feb/2025:01:17:34 +0100] "GET /ticket2/opencms/es/buy?page=1&edid=2293AEFD-AAFD-FAAC-12C4-CEBEFA65FFBF HTTP/1.1" 200 111805
114.119.136.30 - - [27/Feb/2025:01:17:34 +0100] "GET /ticket2/opencms/de/buy?page=1&=3AC2EA96-52B7-9204-1821-45134415392C HTTP/1.1" 200 -
62.216.205.186 - - [27/Feb/2025:01:17:35 +0100] "GET /ticket2/opencms/fi/buy/?page=1&edid=14CAB8B2-3317-2424-C56F-1A896DB4982C&sortorder=desc&column=section HTTP/1.1" 200 113379
62.216.205.186 - - [27/Feb/2025:01:17:37 +0100] "GET /ticket2/opencms/fi/buy/?page=1&edid=14D7D04C-1BD0-962E-2036-77899BCAD3C5&sortorder=asc&column=row HTTP/1.1" 200 113076
54.36.148.158 - - [27/Feb/2025:01:17:39 +0100] "GET /ticket2/opencms/it/buy?page=1&edid=CCC5617F-257E-D2AC-C3EC-1D14BF51F54A HTTP/1.1" 200 90121
152.53.2.35 - - [27/Feb/2025:01:17:39 +0100] "GET /ticket2/opencms/cs/magazine/article?title=nejdrazsi-prestupy-lednoveho-prestupoveho-obdobi HTTP/1.1" 200 93698
62.216.205.186 - - [27/Feb/2025:01:17:40 +0100] "GET /ticket2/opencms/fi/buy/?page=1&edid=14D7D04C-1BD0-962E-2036-77899BCAD3C5&sortorder=asc&column=section HTTP/1.1" 200 113101
62.216.205.186 - - [27/Feb/2025:01:17:42 +0100] "GET /ticket2/opencms/fi/buy/?page=1&edid=1588A1CD-6C69-C1AB-D2FD-3B0F855D590E&sortorder=desc&column=price HTTP/1.1" 200 113125
85.208.96.209 - - [27/Feb/2025:01:17:43 +0100] "GET /ticket2/opencms/lt/about/press HTTP/1.1" 200 88824
62.216.205.186 - - [27/Feb/2025:01:17:44 +0100] "GET /ticket2/opencms/fi/buy/?page=1&edid=1588A1CD-6C69-C1AB-D2FD-3B0F855D590E&sortorder=desc&column=row HTTP/1.1" 200 113211
119.12.170.59 - - [27/Feb/2025:01:17:45 +0100] "GET /ticket2/opencms/de/buy?page=1&edid=78E4B91C-1F75-6F0B-081E-2F48F65F6C41 HTTP/1.1" 200 110524
62.216.205.186 - - [27/Feb/2025:01:17:46 +0100] "GET /ticket2/opencms/fi/buy/?page=1&edid=1612E381-7260-0090-9248-B71DAF9DCAFF&sortorder=asc&column=price HTTP/1.1" 200 111470
62.216.205.186 - - [27/Feb/2025:01:17:49 +0100] "GET /ticket2/opencms/fi/buy/?page=1&edid=1612E381-7260-0090-9248-B71DAF9DCAFF&sortorder=asc&column=row HTTP/1.1" 200 111479
62.216.205.186 - - [27/Feb/2025:01:17:51 +0100] "GET /ticket2/opencms/fi/buy/?page=1&edid=1612E381-7260-0090-9248-B71DAF9DCAFF&sortorder=asc&column=section HTTP/1.1" 200 111676
185.191.171.4 - - [27/Feb/2025:01:17:51 +0100] "GET /ticket2/opencms/el/magazine/article?title=efialths-gia-thn-manchester-city HTTP/1.1" 200 97598
62.216.205.186 - - [27/Feb/2025:01:17:54 +0100] "GET /ticket2/opencms/fi/buy/?page=1&edid=16A9A71A-AE0E-F130-4150-204C8C05F5E7&sortorder=asc&column=price HTTP/1.1" 200 111429
216.244.66.238 - - [27/Feb/2025:01:17:54 +0100] "GET /ticket2/opencms/et/buy?page=1&edid=C679FB28-6B69-BA52-CE13-F9A24AD8BC7E HTTP/1.1" 200 111250
189.1.216.191 - - [27/Feb/2025:01:17:55 +0100] "GET /ticket2/opencms/tr/buy?page=1&edid=EAB4D324-C6BD-F912-F736-D41B186A54FD HTTP/1.1" 200 111991
114.119.146.220 - - [27/Feb/2025:01:17:56 +0100] "GET /ticket2/opencms/es/buy/?page=1&edid=51B4567B-19F2-A242-D969-4CD8EDBD80C5 HTTP/1.1" 200 118156
62.216.205.186 - - [27/Feb/2025:01:17:56 +0100] "GET /ticket2/opencms/fi/buy/?page=1&edid=16A9A71A-AE0E-F130-4150-204C8C05F5E7&sortorder=asc&column=row HTTP/1.1" 200 111368
47.128.61.214 - - [27/Feb/2025:01:17:57 +0100] "GET /ticket2/opencms/robots.txt HTTP/1.1" 200 773
54.36.148.104 - - [27/Feb/2025:01:17:58 +0100] "GET /ticket2/opencms/ro/buy?page=1&edid=125D8704-4F25-BA08-9A7D-175DE227A1FB HTTP/1.1" 200 108755
69.176.88.57 - - [27/Feb/2025:01:17:58 +0100] "GET /ticket2/opencms/sr/magazine/article?title=majkl-antonio-povredjen-nakon-saobracajne-nesrece HTTP/1.1" 200 94104
62.216.205.186 - - [27/Feb/2025:01:17:58 +0100] "GET /ticket2/opencms/fi/buy/?page=1&edid=187FC877-5CE9-BA78-6BE1-0BD7CB2EF64F&sortorder=asc&column=row HTTP/1.1" 200 112780
185.191.171.12 - - [27/Feb/2025:01:18:00 +0100] "GET /ticket2/opencms/ga/sport/ticeid-peile/serie-a/fiorentina HTTP/1.1" 200 100643
62.216.205.186 - - [27/Feb/2025:01:18:01 +0100] "GET /ticket2/opencms/fi/buy/?page=1&edid=187FC877-5CE9-BA78-6BE1-0BD7CB2EF64F&sortorder=asc&column=section HTTP/1.1" 200 112841
20.171.207.168 - - [27/Feb/2025:01:18:01 +0100] "GET /ticket2/opencms/set_aff_cookie.jsp?partner=2E02071B-A8C3-4CBA-3097-C27D61C02ED8&url=%252Fru%252Fbuy%252Findex.html%253Fpage%253D1%2526edid%253D66C22035-E7EA-E10A-4BFC-2C30733037DC%2526hlv%253D666d4a37-96d0-4273-b8a5-6bb30a01000f%2523v_713968341 HTTP/1.1" 200 246
152.53.64.157 - - [27/Feb/2025:01:18:02 +0100] "GET /ticket2/opencms/de/magazine/article?title=im-sorry-but-i-need-some-text-to-translate-could-you-please-provide-the-text-you-want-translated-into-german HTTP/1.1" 200 93840
62.216.205.186 - - [27/Feb/2025:01:18:03 +0100] "GET /ticket2/opencms/fi/buy/?page=1&edid=187FC877-5CE9-BA78-6BE1-0BD7CB2EF64F&sortorder=desc&column=row HTTP/1.1" 200 112649
62.216.205.186 - - [27/Feb/2025:01:18:06 +0100] "GET /ticket2/opencms/fi/buy/?page=1&edid=1922F4C1-0D89-1ACA-A50D-EFC3C58AA17B&sortorder=desc&column=price HTTP/1.1" 200 91205
189.1.218.87 - - [27/Feb/2025:01:18:06 +0100] "GET /ticket2/opencms/es/buy/?page=1&edid=8E087689-30A7-E7AD-9853-CFBC4F6216DD HTTP/1.1" 200 134093
62.216.205.186 - - [27/Feb/2025:01:18:08 +0100] "GET /ticket2/opencms/fi/buy/?page=1&edid=1922F4C1-0D89-1ACA-A50D-EFC3C58AA17B&sortorder=desc&column=row HTTP/1.1" 200 91110
62.216.205.186 - - [27/Feb/2025:01:18:10 +0100] "GET /ticket2/opencms/fi/buy/?page=1&edid=1922F4C1-0D89-1ACA-A50D-EFC3C58AA17B&sortorder=desc&column=section HTTP/1.1" 200 91293
62.216.205.186 - - [27/Feb/2025:01:18:12 +0100] "GET /ticket2/opencms/fi/buy/?page=1&edid=198C2F20-0889-8E76-8538-95AECBDEF9B0&sortorder=asc&column=section HTTP/1.1" 200 109395
119.13.109.229 - - [27/Feb/2025:01:18:14 +0100] "GET /ticket2/opencms/cs/buy?comcatid=A17713B6-D984-201A-4143-ED4DB5ED5C2E&catid=0A6C99D2-F5BD-7A18-9A5F-5668827042E0&npage=2 HTTP/1.1" 200 189165
185.191.171.7 - - [27/Feb/2025:01:18:14 +0100] "GET /ticket2/opencms/az/magazine/article?title=legendada-azarkesle-qizgin-soz-dalasi HTTP/1.1" 200 94586
62.216.205.186 - - [27/Feb/2025:01:18:15 +0100] "GET /ticket2/opencms/fi/buy/?page=1&edid=19D21418-1AD3-01BB-C4DB-7B9F6EED7692&sortorder=asc&column=price HTTP/1.1" 200 112638
54.36.148.159 - - [27/Feb/2025:01:18:15 +0100] "GET /ticket2/opencms/ka/buy?page=1&edid=E6F60BFF-04E2-DA87-AC4B-5DAF020D1574 HTTP/1.1" 200 114498
62.216.205.186 - - [27/Feb/2025:01:18:17 +0100] "GET /ticket2/opencms/fi/buy/?page=1&edid=19D21418-1AD3-01BB-C4DB-7B9F6EED7692&sortorder=asc&column=row HTTP/1.1" 200 112595
62.216.205.186 - - [27/Feb/2025:01:18:19 +0100] "GET /ticket2/opencms/fi/buy/?page=1&edid=19D21418-1AD3-01BB-C4DB-7B9F6EED7692&sortorder=asc&column=section HTTP/1.1" 200 112775
66.220.149.15 - - [27/Feb/2025:01:18:20 +0100] "GET /ticket2/opencms/is/buy?page=1&edid=B706C05D-BD6B-FE19-B612-CFC9E579BDC9 HTTP/1.1" 200 111759
62.216.205.186 - - [27/Feb/2025:01:18:21 +0100] "GET /ticket2/opencms/fi/buy/?page=1&edid=1A1E9CA0-4FE7-5159-09F3-5BC379767F9B&sortorder=desc&column=price HTTP/1.1" 200 113129
66.249.79.103 - - [27/Feb/2025:01:18:22 +0100] "GET /ticket2/opencms/mk/buy?page=1&edid=BA6A690A-3E4C-7B0E-F103-AC3CC3F63074&hlv=666dbbd8-50d4-4732-a808-4d620a01000f HTTP/1.1" 404 -
216.244.66.238 - - [27/Feb/2025:01:18:23 +0100] "GET /ticket2/opencms/mt/buy?page=1&edid=C679FB28-6B69-BA52-CE13-F9A24AD8BC7E HTTP/1.1" 200 111705
62.216.205.186 - - [27/Feb/2025:01:18:23 +0100] "GET /ticket2/opencms/fi/buy/?page=1&edid=1A1E9CA0-4FE7-5159-09F3-5BC379767F9B&sortorder=desc&column=row HTTP/1.1" 200 113075
119.8.30.136 - - [27/Feb/2025:01:18:24 +0100] "GET /ticket2/opencms/de/buy/?page=1&edid=2F8A1F6C-BB6B-28D1-66EB-00F711E0CBA3 HTTP/1.1" 200 89816
62.216.205.186 - - [27/Feb/2025:01:18:25 +0100] "GET /ticket2/opencms/fi/buy/?page=1&edid=1A1E9CA0-4FE7-5159-09F3-5BC379767F9B&sortorder=desc&column=section HTTP/1.1" 200 113142
62.216.205.186 - - [27/Feb/2025:01:18:28 +0100] "GET /ticket2/opencms/fi/buy/?page=1&edid=1AA7CD1B-6B6C-F0FA-D5DB-82565966E777 HTTP/1.1" 200 111622
54.36.148.49 - - [27/Feb/2025:01:18:28 +0100] "GET /ticket2/opencms/no/buy?page=1&edid=6C755BD2-3E40-1F18-AF57-4283F42FB67F HTTP/1.1" 200 110980
62.216.205.186 - - [27/Feb/2025:01:18:30 +0100] "GET /ticket2/opencms/fi/buy/?page=1&edid=1B0FC5AF-791D-6E6F-819C-41DEAC48E563&sortorder=asc&column=price HTTP/1.1" 200 109342
114.119.151.93 - - [27/Feb/2025:01:18:30 +0100] "GET /ticket2/opencms/bs/buy?page=1&edid=B7610A39-4144-0BE0-019F-B5A48CCD6AC6 HTTP/1.1" 200 108535
51.8.102.17 - - [27/Feb/2025:01:18:31 +0100] "GET /ticket2/opencms/system/modules/com.gridnine.opencms.ticketbrokerage.site/resources/pics/banners/Champions_League.jpg HTTP/1.1" 200 13893
62.216.205.186 - - [27/Feb/2025:01:18:32 +0100] "GET /ticket2/opencms/fi/buy/?page=1&edid=1B0FC5AF-791D-6E6F-819C-41DEAC48E563&sortorder=asc&column=section HTTP/1.1" 200 109451
124.243.146.38 - - [27/Feb/2025:01:18:33 +0100] "GET /ticket2/opencms/es/buy?page=1&edid=815C7155-B6D8-FDB1-64C1-4FB99E909AEE HTTP/1.1" 200 111655
20.171.207.168 - - [27/Feb/2025:01:18:35 +0100] "GET /ticket2/opencms/set_aff_cookie.jsp?partner=2E02071B-A8C3-4CBA-3097-C27D61C02ED8&url=%252Fru%252Fbuy%252Findex.html%253Fpage%253D1%2526edid%253D66C22035-E7EA-E10A-4BFC-2C30733037DC%2526hlv%253D666d4a3a-fed0-4660-8739-6bb30a01000f%2523v756024858 HTTP/1.1" 200 245
62.216.205.186 - - [27/Feb/2025:01:18:36 +0100] "GET /ticket2/opencms/fi/buy/?page=1&edid=1B0FC5AF-791D-6E6F-819C-41DEAC48E563&sortorder=desc&column=section HTTP/1.1" 200 109518
62.216.205.186 - - [27/Feb/2025:01:18:38 +0100] "GET /ticket2/opencms/fi/buy/?page=1&edid=1B4B2DAC-1EF9-0CB4-F9AB-13380E309401&sortorder=asc&column=price HTTP/1.1" 200 111966
62.216.205.186 - - [27/Feb/2025:01:18:40 +0100] "GET /ticket2/opencms/fi/buy/?page=1&edid=1B5229A1-3642-B3BE-C5FD-E41CB0238BCE&sortorder=asc&column=price HTTP/1.1" 200 111348
62.216.205.186 - - [27/Feb/2025:01:18:42 +0100] "GET /ticket2/opencms/fi/buy/?page=1&edid=1B5229A1-3642-B3BE-C5FD-E41CB0238BCE&sortorder=asc&column=row HTTP/1.1" 200 111406
54.36.149.47 - - [27/Feb/2025:01:18:45 +0100] "GET /ticket2/opencms/mt/buy?page=1&edid=78E4B91C-1F75-6F0B-081E-2F48F65F6C41 HTTP/1.1" 200 111184
62.216.205.186 - - [27/Feb/2025:01:18:45 +0100] "GET /ticket2/opencms/fi/buy/?page=1&edid=1B5229A1-3642-B3BE-C5FD-E41CB0238BCE&sortorder=asc&column=section HTTP/1.1" 200 111428
202.8.42.31 - - [27/Feb/2025:01:18:46 +0100] "GET /ticket2/opencms/system/modules/com.gridnine.opencms.ticketbrokerage.site/resources/css/calendar.css HTTP/1.1" 200 6871
202.8.42.31 - - [27/Feb/2025:01:18:46 +0100] "GET /ticket2/opencms/system/modules/com.gridnine.opencms.ticketbrokerage.site/resources/css/jquery-ui.css HTTP/1.1" 200 33221
202.8.42.31 - - [27/Feb/2025:01:18:46 +0100] "GET /ticket2/opencms/system/modules/com.gridnine.opencms.ticketbrokerage.site/resources/css/jquery.fancybox.css HTTP/1.1" 200 4939
202.8.42.31 - - [27/Feb/2025:01:18:46 +0100] "GET /ticket2/opencms/system/modules/com.gridnine.opencms.ticketbrokerage.site/resources/css/standard.css HTTP/1.1" 200 74207
202.8.42.31 - - [27/Feb/2025:01:18:46 +0100] "GET /ticket2/opencms/system/modules/com.gridnine.opencms.ticketbrokerage.site/resources/css/ticketbrokerage.css HTTP/1.1" 200 39339
202.8.42.31 - - [27/Feb/2025:01:18:46 +0100] "GET /ticket2/opencms/system/modules/com.gridnine.opencms.ticketbrokerage.site/resources/js/jquery/jquery.js HTTP/1.1" 200 93868
216.244.66.238 - - [27/Feb/2025:01:18:46 +0100] "GET /ticket2/opencms/hr/buy?page=1&edid=47BA2EA5-F206-8457-9ADF-8F0301D784AE HTTP/1.1" 200 110698
202.8.42.31 - - [27/Feb/2025:01:18:47 +0100] "GET /ticket2/opencms/system/modules/com.gridnine.opencms.ticketbrokerage.site/resources/js/calendar.js HTTP/1.1" 200 49229
202.8.42.31 - - [27/Feb/2025:01:18:47 +0100] "GET /ticket2/opencms/system/modules/com.gridnine.opencms.ticketbrokerage.site/resources/js/calendar-en.js HTTP/1.1" 200 3338
