20.171.207.55 - - [27/Feb/2025:00:00:00 +0100] "GET /ticket2/opencms/set_aff_cookie.jsp?partner=6F250EA7-4505-FA01-D601-8847F2573405&url=%252Fdk%252Fbuy%252Findex.html%253Fpage%253D1%2526edid%253DDD06A750-81DC-2084-5EA7-F99D030C75E7%2526hlv%253D66938474-1ae0-4852-85a5-6d360a01000f%2523v1433807393 HTTP/1.1" 200 246
37.120.185.173 - - [27/Feb/2025:00:00:00 +0100] "GET /ticket2/opencms/hu/sport/focijegyek/bundesliga/freiburg HTTP/1.1" 200 100983
20.171.207.55 - - [27/Feb/2025:00:00:01 +0100] "GET /ticket2/opencms/set_aff_cookie.jsp?partner=2E02071B-A8C3-4CBA-3097-C27D61C02ED8&url=%252Fnl%252Fbuy%252Findex.html%253Fpage%253D1%2526edid%253DB8A6965B-216E-27C8-9A3D-21241346030F%2526hlv%253D66866f91-6534-46b1-b410-73060a01000f%2523v_1683403920 HTTP/1.1" 200 247
20.171.207.55 - - [27/Feb/2025:00:00:02 +0100] "GET /ticket2/opencms/set_aff_cookie.jsp?partner=8F6DE15D-D831-5787-AE7E-FEFF53476F85&url=%252Fru%252Fbuy%252Findex.html%253Fpage%253D1%2526edid%253D32C84788-8258-761B-31DE-9CBA78728125%2526hlv%253D610bcd75-f3a4-40f1-8a1f-15670a01000f%2523v_463584382 HTTP/1.1" 200 246
20.171.207.55 - - [27/Feb/2025:00:00:04 +0100] "GET /ticket2/opencms/set_aff_cookie.jsp?partner=57601924-FB09-5BB2-867F-08B4EB522BA8&url=%252Ffi%252Fbuy%252Findex.html%253Fpage%253D1%2526edid%253D750C6040-29F7-425D-A24F-51B977F415A3%2526hlv%253D678d222e-ca34-4a70-9824-06430a01000f%2523v_2067761165 HTTP/1.1" 200 247
20.171.207.55 - - [27/Feb/2025:00:00:05 +0100] "GET /ticket2/opencms/set_aff_cookie.jsp?partner=6F250EA7-4505-FA01-D601-8847F2573405&url=%252Fno%252Fbuy%252Findex.html%253Fpage%253D1%2526edid%253D4F04B384-F03D-7561-DCF9-2375D49FE618%2526hlv%253D669248cc-4104-4455-9b52-1a520a01000f%2523v1812417003 HTTP/1.1" 200 246
20.171.207.55 - - [27/Feb/2025:00:00:06 +0100] "GET /ticket2/opencms/set_aff_cookie.jsp?partner=6F250EA7-4505-FA01-D601-8847F2573405&url=%252Fru%252Fbuy%252Findex.html%253Fpage%253D1%2526edid%253D0859B3F5-666A-8459-68A2-BF0A731BAF06%2526hlv%253D6693849d-3a0c-4076-9a08-6c6f0a01000f%2523v_1660682352 HTTP/1.1" 200 247
20.171.207.55 - - [27/Feb/2025:00:00:07 +0100] "GET /ticket2/opencms/set_aff_cookie.jsp?partner=6F250EA7-4505-FA01-D601-8847F2573405&url=%252Fno%252Fbuy%252Findex.html%253Fpage%253D1%2526edid%253D26FF4CAE-0AB1-26F3-524A-CA6FA2A5B775%2526hlv%253D60f8213f-d4a8-4cd5-ae57-60390a01000f%2523v_1161094151 HTTP/1.1" 200 247
111.119.221.39 - - [27/Feb/2025:00:00:07 +0100] "GET /ticket2/opencms/sr/buy/?page=1&edid=E0AF4582-F291-60D7-7793-C6DEB6EAEA8A HTTP/1.1" 200 113012
20.171.207.55 - - [27/Feb/2025:00:00:08 +0100] "GET /ticket2/opencms/set_aff_cookie.jsp?partner=6F250EA7-4505-FA01-D601-8847F2573405&url=%252Ffi%252Fbuy%252Findex.html%253Fpage%253D1%2526edid%253D7EE6FDFE-D5C7-871C-1D44-A83A22170314%2526hlv%253D6693ab3c-24c8-490c-b0b6-052e0a01000f%2523v_340722774 HTTP/1.1" 200 246
20.171.207.55 - - [27/Feb/2025:00:00:09 +0100] "GET /ticket2/opencms/set_aff_cookie.jsp?partner=2E02071B-A8C3-4CBA-3097-C27D61C02ED8&url=%252Ffi%252Fbuy%252Findex.html%253Fpage%253D1%2526edid%253DB2C09047-47EF-D3CC-C470-1A1DFD8204C6%2526hlv%253D6140e36b-5484-4a41-880b-79710a01000f%2523v_1695836366 HTTP/1.1" 200 247
20.171.207.55 - - [27/Feb/2025:00:00:10 +0100] "GET /ticket2/opencms/set_aff_cookie.jsp?partner=2E02071B-A8C3-4CBA-3097-C27D61C02ED8&url=%252Fdk%252Fbuy%252Findex.html%253Fpage%253D1%2526edid%253DDD26041B-007D-3EE6-A8F7-303AB350D2E4%2526hlv%253D666dc032-c640-4305-900c-51dc0a01000f%2523v_1862922968 HTTP/1.1" 200 247
20.171.207.55 - - [27/Feb/2025:00:00:12 +0100] "GET /ticket2/opencms/set_aff_cookie.jsp?partner=2E02071B-A8C3-4CBA-3097-C27D61C02ED8&url=%252Fru%252Fbuy%252Findex.html%253Fpage%253D1%2526edid%253D5EDAD7EF-4482-E566-628C-36CFA67969B0%2526hlv%253D6698e83b-34a4-4c83-853d-4b570a01000f%2523v_1352807007 HTTP/1.1" 200 247
85.208.96.199 - - [27/Feb/2025:00:00:12 +0100] "GET /ticket2/opencms/sv/magazine/article?title=brentford-fc HTTP/1.1" 200 88852
20.171.207.55 - - [27/Feb/2025:00:00:13 +0100] "GET /ticket2/opencms/set_aff_cookie.jsp?partner=57601924-FB09-5BB2-867F-08B4EB522BA8&url=%252Fru%252Fbuy%252Findex.html%253Fpage%253D1%2526edid%253D47C0370F-9915-7673-E038-7AD65907592C%2526hlv%253D666d50d5-70c0-4283-8d93-70d60a01000f%2523v1691261402 HTTP/1.1" 200 246
20.171.207.55 - - [27/Feb/2025:00:00:14 +0100] "GET /ticket2/opencms/set_aff_cookie.jsp?partner=8F6DE15D-D831-5787-AE7E-FEFF53476F85&url=%252Fno%252Fbuy%252Findex.html%253Fpage%253D1%2526edid%253D7B357C96-D15A-7330-3CD7-9115EBD86CB2%2526hlv%253D666dc004-94e0-4805-893c-51dc0a01000f%2523v_1378540620 HTTP/1.1" 200 247
95.29.237.98 - - [27/Feb/2025:00:00:14 +0100] "GET /ticket2/opencms/tr/spor/futbol-biletleri/premier-league HTTP/1.1" 200 102879
95.29.237.98 - - [27/Feb/2025:00:00:14 +0100] "GET /ticket2/opencms/system/modules/com.gridnine.opencms.ticketbrokerage.site/resources/css/calendar.css HTTP/1.1" 200 6871
95.29.237.98 - - [27/Feb/2025:00:00:14 +0100] "GET /ticket2/opencms/system/modules/com.gridnine.opencms.ticketbrokerage.site/resources/css/jquery-ui.css HTTP/1.1" 200 33221
95.29.237.98 - - [27/Feb/2025:00:00:14 +0100] "GET /ticket2/opencms/system/modules/com.gridnine.opencms.ticketbrokerage.site/resources/css/standard.css HTTP/1.1" 200 74207
95.29.237.98 - - [27/Feb/2025:00:00:14 +0100] "GET /ticket2/opencms/system/modules/com.gridnine.opencms.ticketbrokerage.site/resources/css/jquery.fancybox.css HTTP/1.1" 200 4939
95.29.237.98 - - [27/Feb/2025:00:00:14 +0100] "GET /ticket2/opencms/system/modules/com.gridnine.opencms.ticketbrokerage.site/resources/js/jquery/jquery.js HTTP/1.1" 200 93868
95.29.237.98 - - [27/Feb/2025:00:00:14 +0100] "GET /ticket2/opencms/system/modules/com.gridnine.opencms.ticketbrokerage.site/resources/js/jquery/jquery-ui.js HTTP/1.1" 200 228088
95.29.237.98 - - [27/Feb/2025:00:00:14 +0100] "GET /ticket2/opencms/system/modules/com.gridnine.opencms.ticketbrokerage.site/resources/js/calendar.js HTTP/1.1" 200 49229
95.29.237.98 - - [27/Feb/2025:00:00:14 +0100] "GET /ticket2/opencms/system/modules/com.gridnine.opencms.ticketbrokerage.site/resources/js/calendar-setup.js HTTP/1.1" 200 4923
95.29.237.98 - - [27/Feb/2025:00:00:15 +0100] "GET /ticket2/opencms/system/modules/com.gridnine.opencms.ticketbrokerage.site/resources/js/jquery.fancybox.pack.js HTTP/1.1" 200 23187
95.29.237.98 - - [27/Feb/2025:00:00:15 +0100] "GET /ticket2/opencms/system/modules/com.gridnine.opencms.ticketbrokerage.site/resources/js/stickyfill.min.js HTTP/1.1" 200 5672
95.29.237.98 - - [27/Feb/2025:00:00:15 +0100] "GET /ticket2/opencms/system/modules/com.gridnine.opencms.ticketbrokerage.site/resources/css/ticketbrokerage.css HTTP/1.1" 200 39339
95.29.237.98 - - [27/Feb/2025:00:00:15 +0100] "GET /ticket2/opencms/img/icons/en.png HTTP/1.1" 200 2415
95.29.237.98 - - [27/Feb/2025:00:00:15 +0100] "GET /ticket2/opencms/system/modules/com.gridnine.opencms.ticketbrokerage.site/resources/js/functions.js HTTP/1.1" 200 1583
95.29.237.98 - - [27/Feb/2025:00:00:15 +0100] "GET /ticket2/opencms/system/modules/com.gridnine.opencms.ticketbrokerage.site/resources/js/calendar-en.js HTTP/1.1" 200 3338
95.29.237.98 - - [27/Feb/2025:00:00:15 +0100] "GET /ticket2/opencms/img/icons/fi.png HTTP/1.1" 200 1785
95.29.237.98 - - [27/Feb/2025:00:00:15 +0100] "GET /ticket2/opencms/img/icons/se.png HTTP/1.1" 200 1258
95.29.237.98 - - [27/Feb/2025:00:00:15 +0100] "GET /ticket2/opencms/img/icons/no.png HTTP/1.1" 200 1958
95.29.237.98 - - [27/Feb/2025:00:00:15 +0100] "GET /ticket2/opencms/img/icons/dk.png HTTP/1.1" 200 1706
95.29.237.98 - - [27/Feb/2025:00:00:15 +0100] "GET /ticket2/opencms/system/modules/com.gridnine.opencms.ticketbrokerage.site/resources/js/standard.js HTTP/1.1" 200 3983
47.128.46.196 - - [27/Feb/2025:00:00:15 +0100] "GET /ticket2/opencms/no/sport/fotballsbilletter/champions_league/bayern_munchen/ HTTP/1.1" 200 88419
95.29.237.98 - - [27/Feb/2025:00:00:15 +0100] "GET /ticket2/opencms/system/modules/com.gridnine.opencms.ticketbrokerage.site/resources/js/jquery.placeholder.min.js HTTP/1.1" 200 1737
20.171.207.55 - - [27/Feb/2025:00:00:15 +0100] "GET /ticket2/opencms/set_aff_cookie.jsp?partner=8F6DE15D-D831-5787-AE7E-FEFF53476F85&url=%252Fdk%252Fbuy%252Findex.html%253Fpage%253D1%2526edid%253D552202FE-6CC9-18FE-8F33-9429723BB7EB%2526hlv%253D66d03918-1598-4ad8-ae44-738e0a01000f%2523v_1011499836 HTTP/1.1" 200 247
95.29.237.98 - - [27/Feb/2025:00:00:15 +0100] "GET /ticket2/opencms/img/insta.png HTTP/1.1" 200 3967
95.29.237.98 - - [27/Feb/2025:00:00:15 +0100] "GET /ticket2/opencms/img/fb.png HTTP/1.1" 200 1269
95.29.237.98 - - [27/Feb/2025:00:00:15 +0100] "GET /ticket2/opencms/system/modules/com.gridnine.opencms.ticketbrokerage.site/resources/pics/logo-new.png HTTP/1.1" 200 13541
95.29.237.98 - - [27/Feb/2025:00:00:15 +0100] "GET /ticket2/opencms/system/modules/com.gridnine.opencms.ticketbrokerage.site/resources/pics/footer-img.jpg HTTP/1.1" 200 67642
95.29.237.98 - - [27/Feb/2025:00:00:15 +0100] "GET /ticket2/opencms/system/modules/com.gridnine.opencms.ticketbrokerage.site/resources/js/common-ajax.js HTTP/1.1" 200 20175
95.29.237.98 - - [27/Feb/2025:00:00:15 +0100] "GET /ticket2/opencms/img/hero-team.jpeg HTTP/1.1" 200 73065
95.29.237.98 - - [27/Feb/2025:00:00:15 +0100] "GET /ticket2/opencms/img/check.png HTTP/1.1" 200 548
95.29.237.98 - - [27/Feb/2025:00:00:15 +0100] "GET /ticket2/opencms/img/mail.png HTTP/1.1" 200 403
95.29.237.98 - - [27/Feb/2025:00:00:15 +0100] "GET /ticket2/opencms/img/chat.png HTTP/1.1" 200 416
95.29.237.98 - - [27/Feb/2025:00:00:15 +0100] "GET /ticket2/opencms/img/arrow.png HTTP/1.1" 200 753
95.29.237.98 - - [27/Feb/2025:00:00:16 +0100] "GET /ticket2/opencms/img/icons/globe-white.png HTTP/1.1" 200 947
95.29.237.98 - - [27/Feb/2025:00:00:16 +0100] "GET /ticket2/opencms/img/icons/nl.png HTTP/1.1" 200 1255
95.29.237.98 - - [27/Feb/2025:00:00:16 +0100] "GET /ticket2/opencms/img/icons/fr.png HTTP/1.1" 200 1764
95.29.237.98 - - [27/Feb/2025:00:00:16 +0100] "GET /ticket2/opencms/img/icons/de.png HTTP/1.1" 200 1124
20.171.207.55 - - [27/Feb/2025:00:00:16 +0100] "GET /ticket2/opencms/set_aff_cookie.jsp?partner=57601924-FB09-5BB2-867F-08B4EB522BA8&url=%252Fnl%252Fbuy%252Findex.html%253Fpage%253D1%2526edid%253D82126C57-17A8-5DFA-CA0B-F524096F6163%2526hlv%253D611bb906-40a0-4cdb-b6bc-4b360a01000f%2523v_601781681 HTTP/1.1" 200 246
95.29.237.98 - - [27/Feb/2025:00:00:16 +0100] "GET /ticket2/opencms/img/icons/es.png HTTP/1.1" 200 1005
95.29.237.98 - - [27/Feb/2025:00:00:16 +0100] "GET /ticket2/opencms/img/icons/sq.png HTTP/1.1" 200 1619
95.29.237.98 - - [27/Feb/2025:00:00:16 +0100] "GET /ticket2/opencms/img/icons/be.png HTTP/1.1" 200 1663
95.29.237.98 - - [27/Feb/2025:00:00:16 +0100] "GET /ticket2/opencms/img/icons/bs.png HTTP/1.1" 200 1014
95.29.237.98 - - [27/Feb/2025:00:00:16 +0100] "GET /ticket2/opencms/img/icons/bg.png HTTP/1.1" 200 788
95.29.237.98 - - [27/Feb/2025:00:00:16 +0100] "GET /ticket2/opencms/img/icons/hr.png HTTP/1.1" 200 2024
95.29.237.98 - - [27/Feb/2025:00:00:16 +0100] "GET /ticket2/opencms/img/icons/it.png HTTP/1.1" 200 2040
95.29.237.98 - - [27/Feb/2025:00:00:17 +0100] "GET /ticket2/opencms/img/icons/cs.png HTTP/1.1" 200 1883
95.29.237.98 - - [27/Feb/2025:00:00:17 +0100] "GET /ticket2/opencms/img/icons/el.png HTTP/1.1" 200 1637
95.29.237.98 - - [27/Feb/2025:00:00:17 +0100] "GET /ticket2/opencms/img/icons/ka.png HTTP/1.1" 200 860
95.29.237.98 - - [27/Feb/2025:00:00:17 +0100] "GET /ticket2/opencms/img/icons/hu.png HTTP/1.1" 200 733
95.29.237.98 - - [27/Feb/2025:00:00:17 +0100] "GET /ticket2/opencms/img/icons/is.png HTTP/1.1" 200 1884
95.29.237.98 - - [27/Feb/2025:00:00:17 +0100] "GET /ticket2/opencms/img/icons/ga.png HTTP/1.1" 200 1759
95.29.237.98 - - [27/Feb/2025:00:00:17 +0100] "GET /ticket2/opencms/img/icons/lv.png HTTP/1.1" 200 716
95.29.237.98 - - [27/Feb/2025:00:00:17 +0100] "GET /ticket2/opencms/img/icons/lt.png HTTP/1.1" 200 733
95.29.237.98 - - [27/Feb/2025:00:00:17 +0100] "GET /ticket2/opencms/img/icons/mo.png HTTP/1.1" 200 1468
95.29.237.98 - - [27/Feb/2025:00:00:17 +0100] "GET /ticket2/opencms/img/icons/az.png HTTP/1.1" 200 1445
95.29.237.98 - - [27/Feb/2025:00:00:17 +0100] "GET /ticket2/opencms/img/icons/et.png HTTP/1.1" 200 754
95.29.237.98 - - [27/Feb/2025:00:00:17 +0100] "GET /ticket2/opencms/img/icons/sr.png HTTP/1.1" 200 1602
95.29.237.98 - - [27/Feb/2025:00:00:17 +0100] "GET /ticket2/opencms/img/icons/pl.png HTTP/1.1" 200 1578
95.29.237.98 - - [27/Feb/2025:00:00:17 +0100] "GET /ticket2/opencms/img/icons/sk.png HTTP/1.1" 200 1283
95.29.237.98 - - [27/Feb/2025:00:00:17 +0100] "GET /ticket2/opencms/img/icons/sl.png HTTP/1.1" 200 966
95.29.237.98 - - [27/Feb/2025:00:00:17 +0100] "GET /ticket2/opencms/img/icons/uk.png HTTP/1.1" 200 1272
95.29.237.98 - - [27/Feb/2025:00:00:17 +0100] "GET /ticket2/opencms/img/icons/tr.png HTTP/1.1" 200 1636
95.29.237.98 - - [27/Feb/2025:00:00:17 +0100] "GET /ticket2/opencms/img/icons/mt.png HTTP/1.1" 200 920
95.29.237.98 - - [27/Feb/2025:00:00:17 +0100] "GET /ticket2/opencms/img/icons/ro.png HTTP/1.1" 200 1393
95.29.237.98 - - [27/Feb/2025:00:00:18 +0100] "GET /ticket2/opencms/system/modules/com.gridnine.opencms.ticketbrokerage.site/resources/js/standard.js HTTP/1.1" 200 3983
20.171.207.55 - - [27/Feb/2025:00:00:18 +0100] "GET /ticket2/opencms/set_aff_cookie.jsp?partner=57601924-FB09-5BB2-867F-08B4EB522BA8&url=%252Fsv%252Fbuy%252Findex.html%253Fpage%253D1%2526edid%253D206775FB-5EFC-40BC-11F8-888FF769B2A9%2526hlv%253D66d04b36-cfcc-46d5-a070-07010a01000f%2523v_1908251403 HTTP/1.1" 200 247
20.171.207.55 - - [27/Feb/2025:00:00:19 +0100] "GET /ticket2/opencms/set_aff_cookie.jsp?partner=6F250EA7-4505-FA01-D601-8847F2573405&url=%252Fdk%252Fbuy%252Findex.html%253Fpage%253D1%2526edid%253D36B8587B-9BD4-1599-9368-E59F9780F9A9%2526hlv%253D666c8a21-5d10-4561-a5ba-7e6f0a01000f%2523v_959868554 HTTP/1.1" 200 246
40.77.167.7 - - [27/Feb/2025:00:00:19 +0100] "GET /ticket2/opencms/el/buy?page=1&edid=C4E65DA1-C892-4947-4AE7-08FF89A9ED3F HTTP/1.1" 200 115049
122.8.180.31 - - [27/Feb/2025:00:00:19 +0100] "GET /ticket2/opencms/sr/buy/?page=1&edid=0ABF5308-5A84-07C0-4649-8691D025AC4F HTTP/1.1" 200 113228
109.58.164.125 - - [27/Feb/2025:00:00:20 +0100] "GET /ticket2/opencms/dk/sport/fodboldbilletter/premier-league/arsenal/?gad_source=1&gbraid=0AAAAADlS-t_sWrcf7bGqkIKAb2Nzj8YQG&gclid=Cj0KCQiA8fW9BhC8ARIsACwHqYqvTHyz3PrEAWApKAF-P29695314j8mmo1sziMIhUx4PPNIZuIUIogaAvCREALw_wcB HTTP/1.1" 200 92994
20.171.207.55 - - [27/Feb/2025:00:00:20 +0100] "GET /ticket2/opencms/set_aff_cookie.jsp?partner=6F250EA7-4505-FA01-D601-8847F2573405&url=%252Fru%252Fbuy%252Findex.html%253Fpage%253D1%2526edid%253D86A7D428-8E42-C0D0-846E-90C83426D4AE%2526hlv%253D6686653e-20d8-48f8-800d-67400a01000f%2523v166025420 HTTP/1.1" 200 245
109.58.164.125 - - [27/Feb/2025:00:00:20 +0100] "GET /ticket2/opencms/system/modules/com.gridnine.opencms.ticketbrokerage.site/resources/css/ticketbrokerage.css HTTP/1.1" 200 39339
109.58.164.125 - - [27/Feb/2025:00:00:20 +0100] "GET /ticket2/opencms/system/modules/com.gridnine.opencms.ticketbrokerage.site/resources/js/jquery/jquery-ui.js HTTP/1.1" 200 228088
109.58.164.125 - - [27/Feb/2025:00:00:20 +0100] "GET /ticket2/opencms/system/modules/com.gridnine.opencms.ticketbrokerage.site/resources/css/calendar.css HTTP/1.1" 200 6871
109.58.164.125 - - [27/Feb/2025:00:00:20 +0100] "GET /ticket2/opencms/system/modules/com.gridnine.opencms.ticketbrokerage.site/resources/css/jquery-ui.css HTTP/1.1" 200 33221
109.58.164.125 - - [27/Feb/2025:00:00:20 +0100] "GET /ticket2/opencms/system/modules/com.gridnine.opencms.ticketbrokerage.site/resources/css/standard.css HTTP/1.1" 200 74207
109.58.164.125 - - [27/Feb/2025:00:00:20 +0100] "GET /ticket2/opencms/system/modules/com.gridnine.opencms.ticketbrokerage.site/resources/css/jquery.fancybox.css HTTP/1.1" 200 4939
109.58.164.125 - - [27/Feb/2025:00:00:20 +0100] "GET /ticket2/opencms/system/modules/com.gridnine.opencms.ticketbrokerage.site/resources/js/functions.js HTTP/1.1" 200 1583
109.58.164.125 - - [27/Feb/2025:00:00:20 +0100] "GET /ticket2/opencms/system/modules/com.gridnine.opencms.ticketbrokerage.site/resources/js/jquery/jquery.js HTTP/1.1" 200 93868
109.58.164.125 - - [27/Feb/2025:00:00:20 +0100] "GET /ticket2/opencms/system/modules/com.gridnine.opencms.ticketbrokerage.site/resources/js/calendar.js HTTP/1.1" 200 49229
109.58.164.125 - - [27/Feb/2025:00:00:20 +0100] "GET /ticket2/opencms/system/modules/com.gridnine.opencms.ticketbrokerage.site/resources/js/calendar-en.js HTTP/1.1" 200 3338
109.58.164.125 - - [27/Feb/2025:00:00:20 +0100] "GET /ticket2/opencms/system/modules/com.gridnine.opencms.ticketbrokerage.site/resources/js/calendar-setup.js HTTP/1.1" 200 4923
109.58.164.125 - - [27/Feb/2025:00:00:20 +0100] "GET /ticket2/opencms/system/modules/com.gridnine.opencms.ticketbrokerage.site/resources/js/jquery.fancybox.pack.js HTTP/1.1" 200 23187
109.58.164.125 - - [27/Feb/2025:00:00:20 +0100] "GET /ticket2/opencms/system/modules/com.gridnine.opencms.ticketbrokerage.site/resources/js/stickyfill.min.js HTTP/1.1" 200 5672
109.58.164.125 - - [27/Feb/2025:00:00:20 +0100] "GET /ticket2/opencms/system/modules/com.gridnine.opencms.ticketbrokerage.site/resources/js/standard.js HTTP/1.1" 200 3983
109.58.164.125 - - [27/Feb/2025:00:00:20 +0100] "GET /ticket2/opencms/system/modules/com.gridnine.opencms.ticketbrokerage.site/resources/js/jquery.placeholder.min.js HTTP/1.1" 200 1737
109.58.164.125 - - [27/Feb/2025:00:00:20 +0100] "GET /ticket2/opencms/system/modules/com.gridnine.opencms.ticketbrokerage.site/resources/js/common-ajax.js HTTP/1.1" 200 20175
109.58.164.125 - - [27/Feb/2025:00:00:20 +0100] "GET /ticket2/opencms/system/modules/com.gridnine.opencms.ticketbrokerage.site/resources/pics/logo-new.png HTTP/1.1" 200 13541
109.58.164.125 - - [27/Feb/2025:00:00:20 +0100] "GET /ticket2/opencms/img/insta.png HTTP/1.1" 200 3967
109.58.164.125 - - [27/Feb/2025:00:00:20 +0100] "GET /ticket2/opencms/img/fb.png HTTP/1.1" 200 1269
109.58.164.125 - - [27/Feb/2025:00:00:20 +0100] "GET /ticket2/opencms/system/modules/com.gridnine.opencms.ticketbrokerage.site/resources/pics/banners/arsenal.png HTTP/1.1" 200 13545
109.58.164.125 - - [27/Feb/2025:00:00:20 +0100] "GET /ticket2/opencms/system/modules/com.gridnine.opencms.ticketbrokerage.site/resources/pics/footer-img.jpg HTTP/1.1" 200 67642
109.58.164.125 - - [27/Feb/2025:00:00:20 +0100] "GET /ticket2/opencms/img/check.png HTTP/1.1" 200 548
109.58.164.125 - - [27/Feb/2025:00:00:20 +0100] "GET /ticket2/opencms/img/icons/globe-white.png HTTP/1.1" 200 947
109.58.164.125 - - [27/Feb/2025:00:00:20 +0100] "GET /ticket2/opencms/img/mail.png HTTP/1.1" 200 403
109.58.164.125 - - [27/Feb/2025:00:00:21 +0100] "GET /ticket2/opencms/img/chat.png HTTP/1.1" 200 416
109.58.164.125 - - [27/Feb/2025:00:00:21 +0100] "GET /ticket2/opencms/img/arrow.png HTTP/1.1" 200 753
109.58.164.125 - - [27/Feb/2025:00:00:21 +0100] "GET /ticket2/opencms/img/icons/se.png HTTP/1.1" 200 1258
109.58.164.125 - - [27/Feb/2025:00:00:21 +0100] "GET /ticket2/opencms/img/icons/en.png HTTP/1.1" 200 2415
109.58.164.125 - - [27/Feb/2025:00:00:21 +0100] "GET /ticket2/opencms/img/icons/fi.png HTTP/1.1" 200 1785
20.171.207.55 - - [27/Feb/2025:00:00:21 +0100] "GET /ticket2/opencms/set_aff_cookie.jsp?partner=6F250EA7-4505-FA01-D601-8847F2573405&url=%252Fdk%252Fbuy%252Findex.html%253Fpage%253D1%2526edid%253D5C16C231-B966-190F-EDF0-005493349D4E%2526hlv%253D66924209-f020-4b0c-b986-068d0a01000f%2523v660044318 HTTP/1.1" 200 245
109.58.164.125 - - [27/Feb/2025:00:00:21 +0100] "GET /ticket2/opencms/img/icons/no.png HTTP/1.1" 200 1958
109.58.164.125 - - [27/Feb/2025:00:00:21 +0100] "GET /ticket2/opencms/img/icons/dk.png HTTP/1.1" 200 1706
109.58.164.125 - - [27/Feb/2025:00:00:21 +0100] "GET /ticket2/opencms/img/icons/nl.png HTTP/1.1" 200 1255
109.58.164.125 - - [27/Feb/2025:00:00:21 +0100] "GET /ticket2/opencms/img/icons/de.png HTTP/1.1" 200 1124
109.58.164.125 - - [27/Feb/2025:00:00:21 +0100] "GET /ticket2/opencms/img/icons/es.png HTTP/1.1" 200 1005
109.58.164.125 - - [27/Feb/2025:00:00:21 +0100] "GET /ticket2/opencms/img/icons/fr.png HTTP/1.1" 200 1764
109.58.164.125 - - [27/Feb/2025:00:00:21 +0100] "GET /ticket2/opencms/img/icons/it.png HTTP/1.1" 200 2040
109.58.164.125 - - [27/Feb/2025:00:00:21 +0100] "GET /ticket2/opencms/img/icons/pl.png HTTP/1.1" 200 1578
109.58.164.125 - - [27/Feb/2025:00:00:21 +0100] "GET /ticket2/opencms/img/icons/bg.png HTTP/1.1" 200 788
109.58.164.125 - - [27/Feb/2025:00:00:21 +0100] "GET /ticket2/opencms/img/icons/bs.png HTTP/1.1" 200 1014
109.58.164.125 - - [27/Feb/2025:00:00:21 +0100] "GET /ticket2/opencms/img/icons/et.png HTTP/1.1" 200 754
109.58.164.125 - - [27/Feb/2025:00:00:21 +0100] "GET /ticket2/opencms/img/icons/az.png HTTP/1.1" 200 1445
109.58.164.125 - - [27/Feb/2025:00:00:21 +0100] "GET /ticket2/opencms/img/icons/hu.png HTTP/1.1" 200 733
109.58.164.125 - - [27/Feb/2025:00:00:22 +0100] "GET /ticket2/opencms/img/icons/sq.png HTTP/1.1" 200 1619
109.58.164.125 - - [27/Feb/2025:00:00:22 +0100] "GET /ticket2/opencms/img/icons/hr.png HTTP/1.1" 200 2024
109.58.164.125 - - [27/Feb/2025:00:00:22 +0100] "GET /ticket2/opencms/img/icons/be.png HTTP/1.1" 200 1663
109.58.164.125 - - [27/Feb/2025:00:00:22 +0100] "GET /ticket2/opencms/img/icons/cs.png HTTP/1.1" 200 1883
109.58.164.125 - - [27/Feb/2025:00:00:22 +0100] "GET /ticket2/opencms/img/icons/is.png HTTP/1.1" 200 1884
109.58.164.125 - - [27/Feb/2025:00:00:22 +0100] "GET /ticket2/opencms/img/icons/ga.png HTTP/1.1" 200 1759
109.58.164.125 - - [27/Feb/2025:00:00:22 +0100] "GET /ticket2/opencms/img/icons/el.png HTTP/1.1" 200 1637
109.58.164.125 - - [27/Feb/2025:00:00:22 +0100] "GET /ticket2/opencms/img/icons/lv.png HTTP/1.1" 200 716
109.58.164.125 - - [27/Feb/2025:00:00:22 +0100] "GET /ticket2/opencms/img/icons/ka.png HTTP/1.1" 200 860
109.58.164.125 - - [27/Feb/2025:00:00:22 +0100] "GET /ticket2/opencms/img/icons/lt.png HTTP/1.1" 200 733
109.58.164.125 - - [27/Feb/2025:00:00:22 +0100] "GET /ticket2/opencms/img/icons/mt.png HTTP/1.1" 200 920
109.58.164.125 - - [27/Feb/2025:00:00:22 +0100] "GET /ticket2/opencms/img/icons/mo.png HTTP/1.1" 200 1468
109.58.164.125 - - [27/Feb/2025:00:00:22 +0100] "GET /ticket2/opencms/img/icons/ro.png HTTP/1.1" 200 1393
109.58.164.125 - - [27/Feb/2025:00:00:22 +0100] "GET /ticket2/opencms/img/icons/sr.png HTTP/1.1" 200 1602
109.58.164.125 - - [27/Feb/2025:00:00:22 +0100] "GET /ticket2/opencms/img/icons/sl.png HTTP/1.1" 200 966
109.58.164.125 - - [27/Feb/2025:00:00:22 +0100] "GET /ticket2/opencms/img/icons/uk.png HTTP/1.1" 200 1272
109.58.164.125 - - [27/Feb/2025:00:00:22 +0100] "GET /ticket2/opencms/img/icons/sk.png HTTP/1.1" 200 1283
109.58.164.125 - - [27/Feb/2025:00:00:22 +0100] "GET /ticket2/opencms/img/icons/tr.png HTTP/1.1" 200 1636
109.58.164.125 - - [27/Feb/2025:00:00:22 +0100] "GET /ticket2/opencms/system/modules/com.gridnine.opencms.ticketbrokerage.site/resources/js/standard.js HTTP/1.1" 200 3983
20.171.207.55 - - [27/Feb/2025:00:00:22 +0100] "GET /ticket2/opencms/set_aff_cookie.jsp?partner=6F250EA7-4505-FA01-D601-8847F2573405&url=%252Fsv%252Fbuy%252Findex.html%253Fpage%253D1%2526edid%253D7C302FE7-A282-8674-91A5-C39354E6B4F5%2526hlv%253D6698cf73-1500-4042-a911-3c4e0a01000f%2523v753675845 HTTP/1.1" 200 245
173.252.83.12 - - [27/Feb/2025:00:00:22 +0100] "GET /ticket2/opencms/mo/buy/?page=1&edid=4E121EC7-87EA-ACE7-3E61-53A747B52A04 HTTP/1.1" 200 108030
216.244.66.238 - - [27/Feb/2025:00:00:23 +0100] "GET /ticket2/opencms/lv/buy?page=1&edid=8002875D-E399-25EC-C7DC-8B3FB3E1B048 HTTP/1.1" 200 111908
20.171.207.55 - - [27/Feb/2025:00:00:24 +0100] "GET /ticket2/opencms/set_aff_cookie.jsp?partner=8F6DE15D-D831-5787-AE7E-FEFF53476F85&url=%252Fru%252Fbuy%252Findex.html%253Fpage%253D1%2526edid%253D7FDF6738-46F0-83D2-E4B3-7A04EE20150B%2526hlv%253D61151489-a838-4b21-bcc1-7c370a01000f%2523v_2117721443 HTTP/1.1" 200 247
20.171.207.55 - - [27/Feb/2025:00:00:25 +0100] "GET /ticket2/opencms/set_aff_cookie.jsp?partner=6F250EA7-4505-FA01-D601-8847F2573405&url=%252Fen%252Fbuy%252Findex.html%253Fpage%253D1%2526edid%253DE929D76A-4B90-77D0-40D9-CD97C2AEF58C%2526hlv%253D6691487d-498c-42b8-b8ff-47ce0a01000f%2523v_1956735100 HTTP/1.1" 200 247
114.119.151.93 - - [27/Feb/2025:00:00:25 +0100] "GET /ticket2/opencms/is/buy?page=1&edid=23770E06-A1F8-76AF-8450-3A3BE236B915 HTTP/1.1" 200 111447
47.128.54.245 - - [27/Feb/2025:00:00:25 +0100] "GET /ticket2/opencms/sr/ HTTP/1.1" 200 107385
20.171.207.55 - - [27/Feb/2025:00:00:26 +0100] "GET /ticket2/opencms/set_aff_cookie.jsp?partner=2E02071B-A8C3-4CBA-3097-C27D61C02ED8&url=%252Fnl%252Fbuy%252Findex.html%253Fpage%253D1%2526edid%253D459129C1-A0F8-2D8B-54E1-F5067FEFFAF4%2526hlv%253D669241b1-0818-4ac0-b845-0d450a01000f%2523v_378651754 HTTP/1.1" 200 246
20.171.207.55 - - [27/Feb/2025:00:00:27 +0100] "GET /ticket2/opencms/set_aff_cookie.jsp?partner=6F250EA7-4505-FA01-D601-8847F2573405&url=%252Fen%252Fbuy%252Findex.html%253Fpage%253D1%2526edid%253DA2A4078E-C8E8-C113-199B-69C1FEB231B0%2526hlv%253D666c4bd7-dce0-475d-af91-3ee40a01000f%2523v_1855106206 HTTP/1.1" 200 247
111.119.197.180 - - [27/Feb/2025:00:00:27 +0100] "GET /ticket2/opencms/el/athlitismos/eisitiria-podosfairou/ HTTP/1.1" 200 97098
20.171.207.55 - - [27/Feb/2025:00:00:28 +0100] "GET /ticket2/opencms/set_aff_cookie.jsp?partner=6F250EA7-4505-FA01-D601-8847F2573405&url=%252Fnl%252Fbuy%252Findex.html%253Fpage%253D1%2526edid%253D26467E66-E432-3709-0425-A75E81B5021A%2526hlv%253D666c5d2b-aa60-4d2a-8708-4e220a01000f%2523v411057955 HTTP/1.1" 200 245
20.171.207.55 - - [27/Feb/2025:00:00:29 +0100] "GET /ticket2/opencms/set_aff_cookie.jsp?partner=6F250EA7-4505-FA01-D601-8847F2573405&url=%252Fen%252Fbuy%252Findex.html%253Fpage%253D1%2526edid%253D32221081-B4D2-47EE-3316-CF1A694236FC%2526hlv%253D67b8a03c-3740-4c7d-9f88-04910a01000f%2523v1963255177 HTTP/1.1" 200 246
20.171.207.55 - - [27/Feb/2025:00:00:30 +0100] "GET /ticket2/opencms/set_aff_cookie.jsp?partner=8F6DE15D-D831-5787-AE7E-FEFF53476F85&url=%252Fen%252Fbuy%252Findex.html%253Fpage%253D1%2526edid%253D5C16C231-B966-190F-EDF0-005493349D4E%2526hlv%253D66924209-1c2c-4d0e-8ee9-068d0a01000f%2523v_1961920837 HTTP/1.1" 200 247
20.171.207.55 - - [27/Feb/2025:00:00:32 +0100] "GET /ticket2/opencms/set_aff_cookie.jsp?partner=6F250EA7-4505-FA01-D601-8847F2573405&url=%252Fen%252Fbuy%252Findex.html%253Fpage%253D1%2526edid%253D59EE7C1E-928C-0B67-F8CD-0935739262E0%2526hlv%253D66883a0d-1d8c-42df-93b8-2d260a01000f%2523v_993104910 HTTP/1.1" 200 246
20.171.207.55 - - [27/Feb/2025:00:00:33 +0100] "GET /ticket2/opencms/set_aff_cookie.jsp?partner=57601924-FB09-5BB2-867F-08B4EB522BA8&url=%252Fen%252Fbuy%252Findex.html%253Fpage%253D1%2526edid%253D26467E66-E432-3709-0425-A75E81B5021A%2526hlv%253D666c5d2b-1900-4322-a04d-4e220a01000f%2523v_999608995 HTTP/1.1" 200 246
20.171.207.55 - - [27/Feb/2025:00:00:34 +0100] "GET /ticket2/opencms/set_aff_cookie.jsp?partner=6F250EA7-4505-FA01-D601-8847F2573405&url=%252Fno%252Fbuy%252Findex.html%253Fpage%253D1%2526edid%253D463B85F1-158C-B9D0-587B-5FBBABC2ECA2%2526hlv%253D6693848c-9af0-4810-83b6-6c6f0a01000f%2523v_1911789464 HTTP/1.1" 200 247
40.77.167.36 - - [27/Feb/2025:00:00:34 +0100] "GET /ticket2/opencms/lt/buy/?page=1&edid=7F2B1FEA-20FE-7448-32AC-111154CA401B HTTP/1.1" 200 136473
20.171.207.55 - - [27/Feb/2025:00:00:35 +0100] "GET /ticket2/opencms/set_aff_cookie.jsp?partner=2E02071B-A8C3-4CBA-3097-C27D61C02ED8&url=%252Fdk%252Fbuy%252Findex.html%253Fpage%253D1%2526edid%253D8A787324-CD72-C476-64CB-87071CD71C2F%2526hlv%253D666dbd40-19f8-4eae-82c5-50150a01000f%2523v_1231191678 HTTP/1.1" 200 247
47.128.112.142 - - [27/Feb/2025:00:00:35 +0100] "GET /ticket2/opencms/pl/buy/?edid=2CEA0497-8D50-22F6-0E98-33BE3EC14F1E HTTP/1.1" 200 91588
85.208.96.197 - - [27/Feb/2025:00:00:36 +0100] "GET /ticket2/opencms/uk/magazine/article?title=allsvenskan-the-swedish-footballs-premier-league HTTP/1.1" 200 94046
20.171.207.55 - - [27/Feb/2025:00:00:36 +0100] "GET /ticket2/opencms/set_aff_cookie.jsp?partner=6F250EA7-4505-FA01-D601-8847F2573405&url=%252Fen%252Fbuy%252Findex.html%253Fpage%253D1%2526edid%253D7624E370-717C-E67C-7863-0581645F3814%2526hlv%253D6698ea36-7e30-4141-b8ec-4dfb0a01000f%2523v759124589 HTTP/1.1" 200 245
20.171.207.55 - - [27/Feb/2025:00:00:37 +0100] "GET /ticket2/opencms/set_aff_cookie.jsp?partner=6F250EA7-4505-FA01-D601-8847F2573405&url=%252Fnl%252Fbuy%252Findex.html%253Fpage%253D1%2526edid%253D8551F24F-7E36-E365-707B-96D4F958640A%2526hlv%253D66b39a53-4d08-4937-80f8-0ed00a01000f%2523v1298900935 HTTP/1.1" 200 246
20.171.207.55 - - [27/Feb/2025:00:00:38 +0100] "GET /ticket2/opencms/set_aff_cookie.jsp?partner=6F250EA7-4505-FA01-D601-8847F2573405&url=%252Fsv%252Fbuy%252Findex.html%253Fpage%253D1%2526edid%253D47C0370F-9915-7673-E038-7AD65907592C%2526hlv%253D666d50d3-4bf4-4263-b2ce-70d60a01000f%2523v2025010872 HTTP/1.1" 200 246
20.171.207.55 - - [27/Feb/2025:00:00:39 +0100] "GET /ticket2/opencms/set_aff_cookie.jsp?partner=57601924-FB09-5BB2-867F-08B4EB522BA8&url=%252Fnl%252Fbuy%252Findex.html%253Fpage%253D1%2526edid%253D50375D23-8B44-5172-3FB1-755B660EE76F%2526hlv%253D66867186-cd54-4c3f-9b00-73030a01000f%2523v_623029962 HTTP/1.1" 200 246
20.171.207.55 - - [27/Feb/2025:00:00:40 +0100] "GET /ticket2/opencms/set_aff_cookie.jsp?partner=6F250EA7-4505-FA01-D601-8847F2573405&url=%252Fno%252Fbuy%252Findex.html%253Fpage%253D1%2526edid%253D0859B3F5-666A-8459-68A2-BF0A731BAF06%2526hlv%253D669384a0-a7a0-4593-88e3-6c6f0a01000f%2523v_789575630 HTTP/1.1" 200 246
52.167.144.17 - - [27/Feb/2025:00:00:40 +0100] "GET /ticket2/opencms/en/magazine/article?title=cole-palmer-decides-the-match-and-alexander-isak-is-back HTTP/1.1" 200 91909
52.167.144.196 - - [27/Feb/2025:00:00:41 +0100] "GET /ticket2/opencms/bs/buy/?page=1&edid=D5FAB6ED-DF67-5E42-E533-2987B8B26208 HTTP/1.1" 200 111084
20.171.207.55 - - [27/Feb/2025:00:00:41 +0100] "GET /ticket2/opencms/set_aff_cookie.jsp?partner=5E0CDF29-E7BE-9F6B-6869-7BF66B04006F&url=%252Fdk%252Fbuy%252Findex.html%253Fpage%253D1%2526edid%253D26946324-80EA-5BC2-A081-74A9001A9422%2526hlv%253D60f6996b-419c-4d8a-829d-644f0a01000f%2523v_1836256837 HTTP/1.1" 200 247
20.171.207.55 - - [27/Feb/2025:00:00:43 +0100] "GET /ticket2/opencms/set_aff_cookie.jsp?partner=6F250EA7-4505-FA01-D601-8847F2573405&url=%252Fnl%252Fbuy%252Findex.html%253Fpage%253D1%2526edid%253D26467E66-E432-3709-0425-A75E81B5021A%2526hlv%253D666c5d2b-9020-46ec-92ad-4e220a01000f%2523v595617204 HTTP/1.1" 200 245
101.44.185.98 - - [27/Feb/2025:00:00:43 +0100] "GET /ticket2/opencms/sr/buy/?page=1&edid=6C967880-E08B-3121-25D0-F145A5542A49 HTTP/1.1" 200 127666
20.171.207.55 - - [27/Feb/2025:00:00:44 +0100] "GET /ticket2/opencms/set_aff_cookie.jsp?partner=6F250EA7-4505-FA01-D601-8847F2573405&url=%252Fsv%252Fbuy%252Findex.html%253Fpage%253D1%2526edid%253D77EEF94B-7B3D-9F35-9811-078E0E2474CF%2526hlv%253D669388b7-b398-42e4-9953-703e0a01000f%2523v1856288577 HTTP/1.1" 200 246
20.171.207.55 - - [27/Feb/2025:00:00:45 +0100] "GET /ticket2/opencms/set_aff_cookie.jsp?partner=6F250EA7-4505-FA01-D601-8847F2573405&url=%252Fen%252Fbuy%252Findex.html%253Fpage%253D1%2526edid%253D86A7D428-8E42-C0D0-846E-90C83426D4AE%2526hlv%253D6686653f-89a0-4724-b30a-67400a01000f%2523v435867912 HTTP/1.1" 200 245
20.171.207.55 - - [27/Feb/2025:00:00:46 +0100] "GET /ticket2/opencms/set_aff_cookie.jsp?partner=6F250EA7-4505-FA01-D601-8847F2573405&url=%252Fsv%252Fbuy%252Findex.html%253Fpage%253D1%2526edid%253D5C16C231-B966-190F-EDF0-005493349D4E%2526hlv%253D66924208-899c-4d73-a86d-068d0a01000f%2523v575680021 HTTP/1.1" 200 245
20.171.207.55 - - [27/Feb/2025:00:00:47 +0100] "GET /ticket2/opencms/set_aff_cookie.jsp?partner=57601924-FB09-5BB2-867F-08B4EB522BA8&url=%252Fsv%252Fbuy%252Findex.html%253Fpage%253D1%2526edid%253D9F8544B2-CF19-221B-478E-5476FF460535%2526hlv%253D6693ab49-79d8-48b0-9278-052e0a01000f%2523v_1926774270 HTTP/1.1" 200 247
20.171.207.55 - - [27/Feb/2025:00:00:48 +0100] "GET /ticket2/opencms/set_aff_cookie.jsp?partner=57601924-FB09-5BB2-867F-08B4EB522BA8&url=%252Fen%252Fbuy%252Findex.html%253Fpage%253D1%2526edid%253DC40B04F3-522D-9ED3-C6F9-40FD85E2C8C7%2526hlv%253D61127dd6-4464-4f56-98e6-2fdb0a01000f%2523v_966748582 HTTP/1.1" 200 246
20.171.207.55 - - [27/Feb/2025:00:00:49 +0100] "GET /ticket2/opencms/set_aff_cookie.jsp?partner=57601924-FB09-5BB2-867F-08B4EB522BA8&url=%252Ffi%252Fbuy%252Findex.html%253Fpage%253D1%2526edid%253DF6846B21-DFB1-3342-F8E4-3CC69EE92178%2526hlv%253D60d0e4d4-323c-4a90-a25e-40a20a01000f%2523v_1057260178 HTTP/1.1" 200 247
154.54.249.216 - - [27/Feb/2025:00:00:50 +0100] "GET /ticket2/opencms/de/buy?page=1&edid=1B66F7E9-6D68-7258-D0DB-383034F8302F HTTP/1.1" 200 111588
20.171.207.55 - - [27/Feb/2025:00:00:51 +0100] "GET /ticket2/opencms/set_aff_cookie.jsp?partner=6F250EA7-4505-FA01-D601-8847F2573405&url=%252Fru%252Fbuy%252Findex.html%253Fpage%253D1%2526edid%253DEC2D4B4A-A0C7-0522-F532-8706D9BB8618%2526hlv%253D669384b7-8274-484d-95d6-6d2d0a01000f%2523v_1949176830 HTTP/1.1" 200 247
216.244.66.238 - - [27/Feb/2025:00:00:51 +0100] "GET /ticket2/opencms/sl/buy?page=1&edid=8002875D-E399-25EC-C7DC-8B3FB3E1B048 HTTP/1.1" 200 111774
20.171.207.55 - - [27/Feb/2025:00:00:52 +0100] "GET /ticket2/opencms/set_aff_cookie.jsp?partner=57601924-FB09-5BB2-867F-08B4EB522BA8&url=%252Fno%252Fbuy%252Findex.html%253Fpage%253D1%2526edid%253D590EDDB9-B981-09D2-E0FC-F6E1B491368A%2526hlv%253D614495b7-e1b4-4b2a-918d-78940a01000f%2523v_2136091733 HTTP/1.1" 200 247
20.171.207.55 - - [27/Feb/2025:00:00:53 +0100] "GET /ticket2/opencms/set_aff_cookie.jsp?partner=6F250EA7-4505-FA01-D601-8847F2573405&url=%252Fnl%252Fbuy%252Findex.html%253Fpage%253D1%2526edid%253D7F2B1FEA-20FE-7448-32AC-111154CA401B%2526hlv%253D666d4532-7318-4c55-9319-64610a01000f%2523v729535897 HTTP/1.1" 200 245
124.243.176.205 - - [27/Feb/2025:00:00:54 +0100] "GET /ticket2/opencms/cs/buy/?page=1&edid=1B836A42-4F20-7A0F-05D1-08388A470666 HTTP/1.1" 200 111005
20.171.207.55 - - [27/Feb/2025:00:00:54 +0100] "GET /ticket2/opencms/set_aff_cookie.jsp?partner=6F250EA7-4505-FA01-D601-8847F2573405&url=%252Fru%252Fbuy%252Findex.html%253Fpage%253D1%2526edid%253D36B8587B-9BD4-1599-9368-E59F9780F9A9%2526hlv%253D66ccb382-0ee0-4519-8a07-61a10a01000f%2523v1001637271 HTTP/1.1" 200 246
20.171.207.55 - - [27/Feb/2025:00:00:55 +0100] "GET /ticket2/opencms/set_aff_cookie.jsp?partner=2E02071B-A8C3-4CBA-3097-C27D61C02ED8&url=%252Ffi%252Fbuy%252Findex.html%253Fpage%253D1%2526edid%253D8B3B84C5-3DC0-B667-5464-4096542A8D78%2526hlv%253D60f80cce-5d64-45fb-80a5-57a80a01000f%2523v_2089325178 HTTP/1.1" 200 247
20.171.207.55 - - [27/Feb/2025:00:00:56 +0100] "GET /ticket2/opencms/set_aff_cookie.jsp?partner=5E0CDF29-E7BE-9F6B-6869-7BF66B04006F&url=%252Fnl%252Fbuy%252Findex.html%253Fpage%253D1%2526edid%253D7C302FE7-A282-8674-91A5-C39354E6B4F5%2526hlv%253D6698cf73-57c0-4d7b-97f9-3c4e0a01000f%2523v_1927740222 HTTP/1.1" 200 247
20.171.207.55 - - [27/Feb/2025:00:00:58 +0100] "GET /ticket2/opencms/set_aff_cookie.jsp?partner=57601924-FB09-5BB2-867F-08B4EB522BA8&url=%252Fru%252Fbuy%252Findex.html%253Fpage%253D1%2526edid%253D26467E66-E432-3709-0425-A75E81B5021A%2526hlv%253D66cb7327-c710-41b0-91c4-04690a01000f%2523v1038485278 HTTP/1.1" 200 246
52.167.144.67 - - [27/Feb/2025:00:00:58 +0100] "GET /ticket2/opencms/robots.txt HTTP/1.1" 200 773
52.167.144.67 - - [27/Feb/2025:00:00:58 +0100] "GET /ticket2/opencms/robots.txt HTTP/1.1" 200 773
69.171.249.115 - - [27/Feb/2025:00:00:59 +0100] "GET /ticket2/opencms/it/sport/biglietti-calcio/bundesliga/borussia-monchengladbach/ HTTP/1.1" 200 100810
20.171.207.55 - - [27/Feb/2025:00:00:59 +0100] "GET /ticket2/opencms/set_aff_cookie.jsp?partner=8F6DE15D-D831-5787-AE7E-FEFF53476F85&url=%252Fru%252Fbuy%252Findex.html%253Fpage%253D1%2526edid%253D9A8891BD-C3B9-2FD5-1633-7AEF0F073762%2526hlv%253D669390d9-ea48-49ed-976c-75040a01000f%2523v_1836652439 HTTP/1.1" 200 247
20.171.207.55 - - [27/Feb/2025:00:01:00 +0100] "GET /ticket2/opencms/set_aff_cookie.jsp?partner=57601924-FB09-5BB2-867F-08B4EB522BA8&url=%252Fru%252Fbuy%252Findex.html%253Fpage%253D1%2526edid%253D3289C097-2261-9433-8644-DF033A9EE354%2526hlv%253D666c5d12-a990-4776-87a1-4e220a01000f%2523v1695225178 HTTP/1.1" 200 246
20.171.207.55 - - [27/Feb/2025:00:01:01 +0100] "GET /ticket2/opencms/set_aff_cookie.jsp?partner=6F250EA7-4505-FA01-D601-8847F2573405&url=%252Fru%252Fbuy%252Findex.html%253Fpage%253D1%2526edid%253D25666712-CB7E-CDDD-4626-F1CD96C38316%2526hlv%253D666c88ac-0104-4519-b0b3-78140a01000f%2523v_521893248 HTTP/1.1" 200 246
185.191.171.13 - - [27/Feb/2025:00:01:01 +0100] "GET /ticket2/opencms/robots.txt HTTP/1.1" 200 773
20.171.207.55 - - [27/Feb/2025:00:01:02 +0100] "GET /ticket2/opencms/set_aff_cookie.jsp?partner=8F6DE15D-D831-5787-AE7E-FEFF53476F85&url=%252Fru%252Fbuy%252Findex.html%253Fpage%253D1%2526edid%253D36B8587B-9BD4-1599-9368-E59F9780F9A9%2526hlv%253D666c8a20-f524-4680-92f8-7e6f0a01000f%2523v_1121420040 HTTP/1.1" 200 247
124.243.176.255 - - [27/Feb/2025:00:01:03 +0100] "GET /ticket2/opencms/cs/buy?page=1&edid=F70FF3E6-2D68-06C1-2E1B-CFF8AEEA395A HTTP/1.1" 200 123523
157.55.39.16 - - [27/Feb/2025:00:01:03 +0100] "GET /ticket2/opencms/de/buy/?page=1&edid=F1463EBE-6C18-CF49-B2AE-F79868BCA4F5 HTTP/1.1" 200 140667
185.191.171.16 - - [27/Feb/2025:00:01:03 +0100] "GET /ticket2/opencms/ka/magazine/article?title=dramatiuli-matchi-totenhemsa-da-chelsis-shoris HTTP/1.1" 200 97862
185.191.171.10 - - [27/Feb/2025:00:01:03 +0100] "GET /ticket2/opencms/de/sport/fussball-tickets/bundesliga/bayern-munchen/ HTTP/1.1" 200 100473
20.171.207.55 - - [27/Feb/2025:00:01:03 +0100] "GET /ticket2/opencms/set_aff_cookie.jsp?partner=6F250EA7-4505-FA01-D601-8847F2573405&url=%252Fno%252Fbuy%252Findex.html%253Fpage%253D1%2526edid%253D5C16C231-B966-190F-EDF0-005493349D4E%2526hlv%253D66924207-74dc-4b0d-9212-068d0a01000f%2523v385556228 HTTP/1.1" 200 245
114.119.130.154 - - [27/Feb/2025:00:01:04 +0100] "GET /ticket2/opencms/hy/buy?page=1&=2B9FDAA5-4F91-9556-CB1B-77F0011A2F02 HTTP/1.1" 404 -
54.36.149.71 - - [27/Feb/2025:00:01:04 +0100] "GET /ticket2/opencms/no/magazine/article?title=arsenal-fc-refleksjon HTTP/1.1" 200 92866
20.171.207.55 - - [27/Feb/2025:00:01:04 +0100] "GET /ticket2/opencms/set_aff_cookie.jsp?partner=2E02071B-A8C3-4CBA-3097-C27D61C02ED8&url=%252Fnl%252Fbuy%252Findex.html%253Fpage%253D1%2526edid%253D3289C097-2261-9433-8644-DF033A9EE354%2526hlv%253D666c5d15-4fb4-4822-ab82-4e220a01000f%2523v_656026498 HTTP/1.1" 200 246
40.77.167.36 - - [27/Feb/2025:00:01:05 +0100] "GET /ticket2/opencms/bg/buy/?page=1&edid=62370AB9-0CBA-CC14-E7E4-93595D77D918 HTTP/1.1" 200 111014
20.171.207.55 - - [27/Feb/2025:00:01:06 +0100] "GET /ticket2/opencms/set_aff_cookie.jsp?partner=6F250EA7-4505-FA01-D601-8847F2573405&url=%252Ffi%252Fbuy%252Findex.html%253Fpage%253D1%2526edid%253D85FEE197-56BE-9C34-A3B3-D08AF509D2AB%2526hlv%253D666dde10-37c8-40aa-b0d6-67690a01000f%2523v_825073987 HTTP/1.1" 200 246
20.171.207.55 - - [27/Feb/2025:00:01:07 +0100] "GET /ticket2/opencms/set_aff_cookie.jsp?partner=2E02071B-A8C3-4CBA-3097-C27D61C02ED8&url=%252Fru%252Fbuy%252Findex.html%253Fpage%253D1%2526edid%253D5CBB442D-D365-7F4F-B999-AA88D946C632%2526hlv%253D666c5d44-610c-48d7-9f18-4e210a01000f%2523v_1531641527 HTTP/1.1" 200 247
40.77.167.36 - - [27/Feb/2025:00:01:07 +0100] "GET /ticket2/opencms/cs/buy/?page=1&edid=61E4CAF7-EB2B-0139-97B9-4A22565135E3 HTTP/1.1" 200 111659
20.171.207.55 - - [27/Feb/2025:00:01:08 +0100] "GET /ticket2/opencms/set_aff_cookie.jsp?partner=57601924-FB09-5BB2-867F-08B4EB522BA8&url=%252Fsv%252Fbuy%252Findex.html%253Fpage%253D1%2526edid%253D4850D7A2-1335-E7AC-9D3F-41B304FBAA4C%2526hlv%253D669241e4-752c-419d-89f6-0d220a01000f%2523v_1544607607 HTTP/1.1" 200 247
20.171.207.55 - - [27/Feb/2025:00:01:09 +0100] "GET /ticket2/opencms/set_aff_cookie.jsp?partner=6F250EA7-4505-FA01-D601-8847F2573405&url=%252Fno%252Fbuy%252Findex.html%253Fpage%253D1%2526edid%253D7568E602-7C67-35D2-952F-D243F8930169%2526hlv%253D666dbc72-d37c-4175-b283-4cf60a01000f%2523v1876637862 HTTP/1.1" 200 246
20.171.207.55 - - [27/Feb/2025:00:01:10 +0100] "GET /ticket2/opencms/set_aff_cookie.jsp?partner=6F250EA7-4505-FA01-D601-8847F2573405&url=%252Fen%252Fbuy%252Findex.html%253Fpage%253D1%2526edid%253D9A8891BD-C3B9-2FD5-1633-7AEF0F073762%2526hlv%253D669390d6-4e70-4635-939d-75040a01000f%2523v360096226 HTTP/1.1" 200 245
20.171.207.55 - - [27/Feb/2025:00:01:12 +0100] "GET /ticket2/opencms/set_aff_cookie.jsp?partner=6F250EA7-4505-FA01-D601-8847F2573405&url=%252Fen%252Fbuy%252Findex.html%253Fpage%253D1%2526edid%253DB12376C6-BA7F-3D61-F970-EF51106430AB%2526hlv%253D66704e96-f014-4977-9f68-6c860a01000f%2523v1256911075 HTTP/1.1" 200 246
20.171.207.55 - - [27/Feb/2025:00:01:13 +0100] "GET /ticket2/opencms/set_aff_cookie.jsp?partner=6F250EA7-4505-FA01-D601-8847F2573405&url=%252Fdk%252Fbuy%252Findex.html%253Fpage%253D1%2526edid%253D9A8891BD-C3B9-2FD5-1633-7AEF0F073762%2526hlv%253D669390d8-7608-4389-9fd3-75040a01000f%2523v1666974124 HTTP/1.1" 200 246
114.119.139.202 - - [27/Feb/2025:00:01:13 +0100] "GET /ticket2/opencms/es/magazine/article?title=fulham-fc HTTP/1.1" 200 92832
20.171.207.55 - - [27/Feb/2025:00:01:14 +0100] "GET /ticket2/opencms/set_aff_cookie.jsp?partner=6F250EA7-4505-FA01-D601-8847F2573405&url=%252Fnl%252Fbuy%252Findex.html%253Fpage%253D1%2526edid%253D81B38BC2-1B10-C00A-7953-DB579F5D53A3%2526hlv%253D66924222-99b0-44d0-a848-073b0a01000f%2523v1868873304 HTTP/1.1" 200 246
20.171.207.55 - - [27/Feb/2025:00:01:15 +0100] "GET /ticket2/opencms/set_aff_cookie.jsp?partner=57601924-FB09-5BB2-867F-08B4EB522BA8&url=%252Fno%252Fbuy%252Findex.html%253Fpage%253D1%2526edid%253D04B0DB48-8735-9FEB-09F8-41C9C1D4D32E%2526hlv%253D66901006-b388-4700-8507-18280a01000f%2523v1023749535 HTTP/1.1" 200 246
159.138.107.159 - - [27/Feb/2025:00:01:16 +0100] "GET /ticket2/opencms/de/buy?page=1&edid=BC781D5C-058D-8CA8-2F4E-240C11D0769A HTTP/1.1" 200 117582
20.171.207.55 - - [27/Feb/2025:00:01:16 +0100] "GET /ticket2/opencms/set_aff_cookie.jsp?partner=6F250EA7-4505-FA01-D601-8847F2573405&url=%252Fnl%252Fbuy%252Findex.html%253Fpage%253D1%2526edid%253D41CD7066-237A-B852-387D-3D5D7B688DF9%2526hlv%253D66a120e4-f29c-4900-825c-08c90a01000f%2523v_1282980310 HTTP/1.1" 200 247
20.171.207.55 - - [27/Feb/2025:00:01:17 +0100] "GET /ticket2/opencms/set_aff_cookie.jsp?partner=8F6DE15D-D831-5787-AE7E-FEFF53476F85&url=%252Fno%252Fbuy%252Findex.html%253Fpage%253D1%2526edid%253D7568E602-7C67-35D2-952F-D243F8930169%2526hlv%253D666dbc73-cc38-4568-9831-4cf60a01000f%2523v_527920589 HTTP/1.1" 200 246
85.208.96.195 - - [27/Feb/2025:00:01:18 +0100] "GET /ticket2/opencms/it/magazine/article?title=petas-kylian-mbappe HTTP/1.1" 200 92940
20.171.207.55 - - [27/Feb/2025:00:01:18 +0100] "GET /ticket2/opencms/set_aff_cookie.jsp?partner=5E0CDF29-E7BE-9F6B-6869-7BF66B04006F&url=%252Fsv%252Fbuy%252Findex.html%253Fpage%253D1%2526edid%253DE633D85E-2631-44B3-2B1B-38B280DE86F7%2526hlv%253D60f84b64-4124-4116-87ce-72280a01000f%2523v_438788093 HTTP/1.1" 200 246
216.244.66.238 - - [27/Feb/2025:00:01:19 +0100] "GET /ticket2/opencms/sk/buy?page=1&edid=9736BC78-EE45-C04A-9E90-03DE4F387842 HTTP/1.1" 200 111836
47.128.31.201 - - [27/Feb/2025:00:01:19 +0100] "GET /ticket2/opencms/sk/buy/?edid=CBDF47AD-F7D8-A677-7E8E-783C31186D97 HTTP/1.1" 200 91689
20.171.207.55 - - [27/Feb/2025:00:01:20 +0100] "GET /ticket2/opencms/set_aff_cookie.jsp?partner=6F250EA7-4505-FA01-D601-8847F2573405&url=%252Fsv%252Fbuy%252Findex.html%253Fpage%253D1%2526edid%253D9F8544B2-CF19-221B-478E-5476FF460535%2526hlv%253D6693ab4c-0f48-4354-ba7d-052e0a01000f%2523v_1266289566 HTTP/1.1" 200 247
20.171.207.55 - - [27/Feb/2025:00:01:21 +0100] "GET /ticket2/opencms/set_aff_cookie.jsp?partner=5E0CDF29-E7BE-9F6B-6869-7BF66B04006F&url=%252Fdk%252Fbuy%252Findex.html%253Fpage%253D1%2526edid%253D312E2B30-1BE8-80F9-5587-64D580752ED3%2526hlv%253D6690088b-e320-4247-9681-14010a01000f%2523v_1726769068 HTTP/1.1" 200 247
20.171.207.55 - - [27/Feb/2025:00:01:22 +0100] "GET /ticket2/opencms/set_aff_cookie.jsp?partner=6F250EA7-4505-FA01-D601-8847F2573405&url=%252Ffi%252Fbuy%252Findex.html%253Fpage%253D1%2526edid%253DC64002B7-B7A3-A646-1770-7E79C914EDA5%2526hlv%253D66a120d5-a6b8-4cbb-83b2-08c90a01000f%2523v_2011234626 HTTP/1.1" 200 247
20.171.207.55 - - [27/Feb/2025:00:01:23 +0100] "GET /ticket2/opencms/set_aff_cookie.jsp?partner=5E0CDF29-E7BE-9F6B-6869-7BF66B04006F&url=%252Fdk%252Fbuy%252Findex.html%253Fpage%253D1%2526edid%253D87B3356E-6F78-7F45-235C-4CD49B95C308%2526hlv%253D669148e3-82c8-4630-9b81-48a80a01000f%2523v_2092016901 HTTP/1.1" 200 247
20.171.207.55 - - [27/Feb/2025:00:01:24 +0100] "GET /ticket2/opencms/set_aff_cookie.jsp?partner=6F250EA7-4505-FA01-D601-8847F2573405&url=%252Fen%252Fbuy%252Findex.html%253Fpage%253D1%2526edid%253D3289C097-2261-9433-8644-DF033A9EE354%2526hlv%253D6752c8d8-c38c-41ef-b8e1-77620a01000f%2523v444770508 HTTP/1.1" 200 245
20.171.207.55 - - [27/Feb/2025:00:01:25 +0100] "GET /ticket2/opencms/set_aff_cookie.jsp?partner=6F250EA7-4505-FA01-D601-8847F2573405&url=%252Fno%252Fbuy%252Findex.html%253Fpage%253D1%2526edid%253D59510E33-7947-2FED-CC14-F0612B76476A%2526hlv%253D66866f77-0dc0-4976-90bc-71630a01000f%2523v1073453336 HTTP/1.1" 200 246
52.167.144.193 - - [27/Feb/2025:00:01:25 +0100] "GET /ticket2/opencms/sv/buy/?page=1&edid=7C42EA11-98ED-FE3B-C61D-8A61C7F14A1C HTTP/1.1" 200 108139
166.108.200.53 - - [27/Feb/2025:00:01:26 +0100] "GET /ticket2/opencms/bs/buy?page=1&edid=78DAC12B-37C2-8767-69E1-3ACF75009F29 HTTP/1.1" 200 111649
20.171.207.55 - - [27/Feb/2025:00:01:26 +0100] "GET /ticket2/opencms/set_aff_cookie.jsp?partner=6F250EA7-4505-FA01-D601-8847F2573405&url=%252Ffi%252Fbuy%252Findex.html%253Fpage%253D1%2526edid%253D7624E370-717C-E67C-7863-0581645F3814%2526hlv%253D6698ea37-5d70-4c3f-94f8-4dfb0a01000f%2523v225957632 HTTP/1.1" 200 245
85.208.96.204 - - [27/Feb/2025:00:01:27 +0100] "GET /ticket2/opencms/be/magazine/article?title=estadio-emirates HTTP/1.1" 200 95854
20.171.207.55 - - [27/Feb/2025:00:01:28 +0100] "GET /ticket2/opencms/set_aff_cookie.jsp?partner=6F250EA7-4505-FA01-D601-8847F2573405&url=%252Fnl%252Fbuy%252Findex.html%253Fpage%253D1%2526edid%253D7F2B1FEA-20FE-7448-32AC-111154CA401B%2526hlv%253D666d4535-1940-4470-893c-64610a01000f%2523v1020751990 HTTP/1.1" 200 246
20.171.207.55 - - [27/Feb/2025:00:01:29 +0100] "GET /ticket2/opencms/set_aff_cookie.jsp?partner=6F250EA7-4505-FA01-D601-8847F2573405&url=%252Ffi%252Fbuy%252Findex.html%253Fpage%253D1%2526edid%253D4F04B384-F03D-7561-DCF9-2375D49FE618%2526hlv%253D669248cb-74b0-4181-9647-1a520a01000f%2523v2054676188 HTTP/1.1" 200 246
85.208.96.199 - - [27/Feb/2025:00:01:29 +0100] "GET /ticket2/opencms/sq/sport/bileta-per-futboll/la-liga/girona/ HTTP/1.1" 200 97374
20.171.207.55 - - [27/Feb/2025:00:01:30 +0100] "GET /ticket2/opencms/set_aff_cookie.jsp?partner=8F6DE15D-D831-5787-AE7E-FEFF53476F85&url=%252Fen%252Fbuy%252Findex.html%253Fpage%253D1%2526edid%253D81B38BC2-1B10-C00A-7953-DB579F5D53A3%2526hlv%253D66924221-7180-473d-895f-073b0a01000f%2523v_1858394812 HTTP/1.1" 200 247
20.171.207.55 - - [27/Feb/2025:00:01:31 +0100] "GET /ticket2/opencms/set_aff_cookie.jsp?partner=6F250EA7-4505-FA01-D601-8847F2573405&url=%252Fdk%252Fbuy%252Findex.html%253Fpage%253D1%2526edid%253D50E84B3D-9D0C-3B92-7082-59B92FD223D3%2526hlv%253D66867021-4958-49f4-850c-72ff0a01000f%2523v2063018004 HTTP/1.1" 200 246
20.171.207.55 - - [27/Feb/2025:00:01:32 +0100] "GET /ticket2/opencms/set_aff_cookie.jsp?partner=8F6DE15D-D831-5787-AE7E-FEFF53476F85&url=%252Fdk%252Fbuy%252Findex.html%253Fpage%253D1%2526edid%253D552202FE-6CC9-18FE-8F33-9429723BB7EB%2526hlv%253D66d03918-b928-488e-9b29-738e0a01000f%2523v_280102418 HTTP/1.1" 200 246
20.171.207.55 - - [27/Feb/2025:00:01:33 +0100] "GET /ticket2/opencms/set_aff_cookie.jsp?partner=6F250EA7-4505-FA01-D601-8847F2573405&url=%252Fno%252Fbuy%252Findex.html%253Fpage%253D1%2526edid%253D7568E602-7C67-35D2-952F-D243F8930169%2526hlv%253D666dbc73-4854-42e7-9eb6-4cf60a01000f%2523v1174565503 HTTP/1.1" 200 246
20.171.207.55 - - [27/Feb/2025:00:01:34 +0100] "GET /ticket2/opencms/set_aff_cookie.jsp?partner=6F250EA7-4505-FA01-D601-8847F2573405&url=%252Fdk%252Fbuy%252Findex.html%253Fpage%253D1%2526edid%253D47C0370F-9915-7673-E038-7AD65907592C%2526hlv%253D666d50d3-4bf4-4263-b2ce-70d60a01000f%2523v2025010872 HTTP/1.1" 200 246
35.171.117.160 - - [27/Feb/2025:00:01:35 +0100] "GET /ticket2/opencms/fr/sport/billets-football/english_championship/plymouth-argyle HTTP/1.1" 404 -
20.171.207.55 - - [27/Feb/2025:00:01:36 +0100] "GET /ticket2/opencms/set_aff_cookie.jsp?partner=5E0CDF29-E7BE-9F6B-6869-7BF66B04006F&url=%252Fru%252Fbuy%252Findex.html%253Fpage%253D1%2526edid%253D312E2B30-1BE8-80F9-5587-64D580752ED3%2526hlv%253D6690088b-9288-4f63-9802-14010a01000f%2523v_1270095798 HTTP/1.1" 200 247
20.171.207.55 - - [27/Feb/2025:00:01:37 +0100] "GET /ticket2/opencms/set_aff_cookie.jsp?partner=6F250EA7-4505-FA01-D601-8847F2573405&url=%252Fnl%252Fbuy%252Findex.html%253Fpage%253D1%2526edid%253D0859B3F5-666A-8459-68A2-BF0A731BAF06%2526hlv%253D6693849f-f5c8-4b5b-beca-6c6f0a01000f%2523v_1888961506 HTTP/1.1" 200 247
114.119.140.111 - - [27/Feb/2025:00:01:38 +0100] "GET /ticket2/opencms/en/venue/?venueid=BF7CF0C6-184F-C149-0464-300615C1A80F HTTP/1.1" 200 85324
124.243.179.17 - - [27/Feb/2025:00:01:39 +0100] "GET /ticket2/opencms/sr/buy?page=1&edid=1C109B19-215B-025B-D9B8-6D4E44843BBC HTTP/1.1" 200 109098
20.171.207.55 - - [27/Feb/2025:00:01:39 +0100] "GET /ticket2/opencms/set_aff_cookie.jsp?partner=6F250EA7-4505-FA01-D601-8847F2573405&url=%252Fru%252Fbuy%252Findex.html%253Fpage%253D1%2526edid%253D3F2D99A8-7547-83C1-C9EB-9D79E7CF5003%2526hlv%253D669390b1-76b8-44b8-b498-74300a01000f%2523v1993697490 HTTP/1.1" 200 246
66.249.79.199 - - [27/Feb/2025:00:01:39 +0100] "GET /ticket2/opencms/bg/buy?page=1&edid=055941D5-AAA9-3559-090F-26D27D65FBDA&hlv=66d04e35-b154-4468-9965-06ff0a01000f HTTP/1.1" 200 125380
20.171.207.55 - - [27/Feb/2025:00:01:39 +0100] "GET /ticket2/opencms/set_aff_cookie.jsp?partner=2E02071B-A8C3-4CBA-3097-C27D61C02ED8&url=%252Fdk%252Fbuy%252Findex.html%253Fpage%253D1%2526edid%253DDD26041B-007D-3EE6-A8F7-303AB350D2E4%2526hlv%253D666dc034-1c94-4516-94f0-51dc0a01000f%2523v_741686509 HTTP/1.1" 200 246
