20.171.207.230 - - [27/Feb/2025:03:18:43 +0100] "GET /ticket2/opencms/set_aff_cookie.jsp?partner=5E0CDF29-E7BE-9F6B-6869-7BF66B04006F&url=%252Fdk%252Fbuy%252Findex.html%253Fpage%253D1%2526edid%253D0918B947-793A-2AE6-89D7-3BA5603B1356%2526hlv%253D61476ea7-9154-4c6b-9b99-15980a01000f%2523v_1447348535 HTTP/1.1" 200 247
66.249.68.4 - - [27/Feb/2025:03:18:43 +0100] "GET /ticket2/opencms/sl/?page=6&comcatid=97ECA65A-72DA-F9AF-9DBB-245D3CFED1BE&catid=9457695E-36ED-A63E-7A88-32963954E2C7 HTTP/1.1" 200 106361
20.171.207.230 - - [27/Feb/2025:03:18:44 +0100] "GET /ticket2/opencms/set_aff_cookie.jsp?partner=2E02071B-A8C3-4CBA-3097-C27D61C02ED8&url=%252Fno%252Fbuy%252Findex.html%253Fpage%253D1%2526edid%253D81B38BC2-1B10-C00A-7953-DB579F5D53A3%2526hlv%253D66924224-a5e4-4b0f-a377-073b0a01000f%2523v_2008462362 HTTP/1.1" 200 247
85.208.96.206 - - [27/Feb/2025:03:18:44 +0100] "GET /ticket2/opencms/es/magazine/article?title=final-de-la-em-2024 HTTP/1.1" 200 94720
74.80.208.143 - - [27/Feb/2025:03:18:45 +0100] "GET /ticket2/opencms/lv/sport/futbola-biletes/serie-a HTTP/1.1" 200 101373
20.171.207.230 - - [27/Feb/2025:03:18:45 +0100] "GET /ticket2/opencms/set_aff_cookie.jsp?partner=57601924-FB09-5BB2-867F-08B4EB522BA8&url=%252Fno%252Fbuy%252Findex.html%253Fpage%253D1%2526edid%253D26467E66-E432-3709-0425-A75E81B5021A%2526hlv%253D666c5d2b-1900-4322-a04d-4e220a01000f%2523v_999608995 HTTP/1.1" 200 246
20.171.207.230 - - [27/Feb/2025:03:18:46 +0100] "GET /ticket2/opencms/set_aff_cookie.jsp?partner=6F250EA7-4505-FA01-D601-8847F2573405&url=%252Fno%252Fbuy%252Findex.html%253Fpage%253D1%2526edid%253D3289C097-2261-9433-8644-DF033A9EE354%2526hlv%253D666c5d12-ece4-463e-8aa9-4e220a01000f%2523v1749994012 HTTP/1.1" 200 246
20.171.207.230 - - [27/Feb/2025:03:18:47 +0100] "GET /ticket2/opencms/set_aff_cookie.jsp?partner=6F250EA7-4505-FA01-D601-8847F2573405&url=%252Fru%252Fbuy%252Findex.html%253Fpage%253D1%2526edid%253D59EE7C1E-928C-0B67-F8CD-0935739262E0%2526hlv%253D66883a0d-9430-470c-9872-2d260a01000f%2523v994067044 HTTP/1.1" 200 245
20.171.207.230 - - [27/Feb/2025:03:18:48 +0100] "GET /ticket2/opencms/set_aff_cookie.jsp?partner=57601924-FB09-5BB2-867F-08B4EB522BA8&url=%252Fsv%252Fbuy%252Findex.html%253Fpage%253D1%2526edid%253D3289C097-2261-9433-8644-DF033A9EE354%2526hlv%253D666c5d14-2b14-4e15-bd03-4e220a01000f%2523v_949990219 HTTP/1.1" 200 246
159.138.123.109 - - [27/Feb/2025:03:18:49 +0100] "GET /ticket2/opencms/fr/buy?page=1&edid=14427B33-9BB8-BBB7-1EBA-73EE86A692A4 HTTP/1.1" 200 117624
20.171.207.230 - - [27/Feb/2025:03:18:50 +0100] "GET /ticket2/opencms/set_aff_cookie.jsp?partner=6F250EA7-4505-FA01-D601-8847F2573405&url=%252Fnl%252Fbuy%252Findex.html%253Fpage%253D1%2526edid%253D86A7D428-8E42-C0D0-846E-90C83426D4AE%2526hlv%253D6686653f-5c60-4112-9bf7-67400a01000f%2523v494828337 HTTP/1.1" 200 245
47.128.32.199 - - [27/Feb/2025:03:18:51 +0100] "GET /ticket2/opencms/de/buy/?edid=411D3DBB-027B-B862-22E5-46D3DA36810A HTTP/1.1" 200 91175
20.171.207.230 - - [27/Feb/2025:03:18:51 +0100] "GET /ticket2/opencms/set_aff_cookie.jsp?partner=2E02071B-A8C3-4CBA-3097-C27D61C02ED8&url=%252Ffi%252Fbuy%252Findex.html%253Fpage%253D1%2526edid%253DF93A2292-3F60-7656-2C0B-2AB157A0BB0B%2526hlv%253D666d4f50-4998-4e55-ac8a-70d60a01000f%2523v_1731209392 HTTP/1.1" 200 247
47.128.98.139 - - [27/Feb/2025:03:18:52 +0100] "GET /ticket2/opencms/sr/magazine/article?title=liga-nacija-je-u-punom-jeku HTTP/1.1" 200 94728
20.171.207.230 - - [27/Feb/2025:03:18:52 +0100] "GET /ticket2/opencms/set_aff_cookie.jsp?partner=8F6DE15D-D831-5787-AE7E-FEFF53476F85&url=%252Fdk%252Fbuy%252Findex.html%253Fpage%253D1%2526edid%253D9F8544B2-CF19-221B-478E-5476FF460535%2526hlv%253D6693ab4a-6238-44b3-a981-052e0a01000f%2523v_1760536121 HTTP/1.1" 200 247
47.128.98.139 - - [27/Feb/2025:03:18:53 +0100] "GET /ticket2/opencms/img/check.png HTTP/1.1" 200 548
20.171.207.230 - - [27/Feb/2025:03:18:53 +0100] "GET /ticket2/opencms/set_aff_cookie.jsp?partner=6F250EA7-4505-FA01-D601-8847F2573405&url=%252Ffi%252Fbuy%252Findex.html%253Fpage%253D1%2526edid%253D33C93D30-5D5F-70D5-E4DB-10F58238A7ED%2526hlv%253D67b89dc3-5200-4bd9-a500-017f0a01000f%2523v_523885732 HTTP/1.1" 200 246
85.208.96.195 - - [27/Feb/2025:03:18:53 +0100] "GET /ticket2/opencms/bg/magazine/article?title=manchester-city-7-macha-bez-pobeda HTTP/1.1" 200 97658
47.128.98.139 - - [27/Feb/2025:03:18:53 +0100] "GET /ticket2/opencms/img/chat.png HTTP/1.1" 200 416
20.171.207.230 - - [27/Feb/2025:03:18:54 +0100] "GET /ticket2/opencms/set_aff_cookie.jsp?partner=6F250EA7-4505-FA01-D601-8847F2573405&url=%252Ffi%252Fbuy%252Findex.html%253Fpage%253D1%2526edid%253D4F04B384-F03D-7561-DCF9-2375D49FE618%2526hlv%253D669248cb-4274-412f-8411-1a520a01000f%2523v1084487467 HTTP/1.1" 200 246
20.171.207.230 - - [27/Feb/2025:03:18:55 +0100] "GET /ticket2/opencms/set_aff_cookie.jsp?partner=5E0CDF29-E7BE-9F6B-6869-7BF66B04006F&url=%252Fsv%252Fbuy%252Findex.html%253Fpage%253D1%2526edid%253D7568E602-7C67-35D2-952F-D243F8930169%2526hlv%253D666dbc73-c0c0-410c-8611-4cf60a01000f%2523v_1893065430 HTTP/1.1" 200 247
20.171.207.230 - - [27/Feb/2025:03:18:57 +0100] "GET /ticket2/opencms/set_aff_cookie.jsp?partner=6F250EA7-4505-FA01-D601-8847F2573405&url=%252Fsv%252Fbuy%252Findex.html%253Fpage%253D1%2526edid%253DCA9B3B0E-7FD3-E90E-7799-488AC7DDC244%2526hlv%253D669388c7-a14c-45b8-a88c-6fc60a01000f%2523v_1391472241 HTTP/1.1" 200 247
66.220.149.4 - - [27/Feb/2025:03:18:57 +0100] "GET /ticket2/opencms/hr/buy/?page=1&edid=2FC0C730-CDF2-92B9-F11A-5B4B69410553 HTTP/1.1" 200 112333
66.249.76.170 - - [27/Feb/2025:03:18:57 +0100] "GET /ticket2/opencms/el/buy/?page=1&edid=8C2C2F28-BFF2-2815-74C0-8C7CF9869A34 HTTP/1.1" 200 116001
20.171.207.230 - - [27/Feb/2025:03:18:58 +0100] "GET /ticket2/opencms/set_aff_cookie.jsp?partner=57601924-FB09-5BB2-867F-08B4EB522BA8&url=%252Fdk%252Fbuy%252Findex.html%253Fpage%253D1%2526edid%253D3289C097-2261-9433-8644-DF033A9EE354%2526hlv%253D666c5d12-a990-4776-87a1-4e220a01000f%2523v1695225178 HTTP/1.1" 200 246
154.54.249.216 - - [27/Feb/2025:03:18:58 +0100] "GET /ticket2/opencms/az/buy?page=1&edid=2B877732-5277-2CC6-D9D2-67E5CDEA4143 HTTP/1.1" 200 112787
101.44.70.125 - - [27/Feb/2025:03:18:58 +0100] "GET /ticket2/opencms/sr/buy?page=1&edid=674F234C-D4CA-999E-97DA-0BB9782A36CC HTTP/1.1" 200 109129
20.171.207.230 - - [27/Feb/2025:03:18:59 +0100] "GET /ticket2/opencms/set_aff_cookie.jsp?partner=2E02071B-A8C3-4CBA-3097-C27D61C02ED8&url=%252Fru%252Fbuy%252Findex.html%253Fpage%253D1%2526edid%253D25666712-CB7E-CDDD-4626-F1CD96C38316%2526hlv%253D666c8744-a838-4221-b3bc-75cf0a01000f%2523v_640008668 HTTP/1.1" 200 246
20.171.207.230 - - [27/Feb/2025:03:19:00 +0100] "GET /ticket2/opencms/set_aff_cookie.jsp?partner=8F6DE15D-D831-5787-AE7E-FEFF53476F85&url=%252Fsv%252Fbuy%252Findex.html%253Fpage%253D1%2526edid%253D742CE524-9C3D-91F4-FC16-F3903E8D84E4%2526hlv%253D60f81583-647c-4a42-97c6-5c120a01000f%2523v_2111195726 HTTP/1.1" 200 247
20.171.207.230 - - [27/Feb/2025:03:19:01 +0100] "GET /ticket2/opencms/set_aff_cookie.jsp?partner=2E02071B-A8C3-4CBA-3097-C27D61C02ED8&url=%252Fen%252Fbuy%252Findex.html%253Fpage%253D1%2526edid%253D72DAABB5-5728-E783-69FF-77938E46CA8B%2526hlv%253D6690082e-f130-4ed7-86d2-14a30a01000f%2523v_1457994273 HTTP/1.1" 200 247
20.171.207.230 - - [27/Feb/2025:03:19:02 +0100] "GET /ticket2/opencms/set_aff_cookie.jsp?partner=6F250EA7-4505-FA01-D601-8847F2573405&url=%252Fen%252Fbuy%252Findex.html%253Fpage%253D1%2526edid%253D2B9FDAA5-4F91-9556-CB1B-77F0011A2F02%2526hlv%253D666ddcf8-c9a4-43b5-b4df-6a330a01000f%2523v_1999764377 HTTP/1.1" 200 247
20.171.207.230 - - [27/Feb/2025:03:19:03 +0100] "GET /ticket2/opencms/set_aff_cookie.jsp?partner=6F250EA7-4505-FA01-D601-8847F2573405&url=%252Fru%252Fbuy%252Findex.html%253Fpage%253D1%2526edid%253D2C2E9185-38A8-EBBD-403B-609372D69EE0%2526hlv%253D666ddc23-9b24-4847-9543-6a330a01000f%2523v_1877581438 HTTP/1.1" 200 247
54.36.149.61 - - [27/Feb/2025:03:19:04 +0100] "GET /ticket2/opencms/sq/magazine/article?title=si-duhet-te-menaxhoje-manchester-united-krizen HTTP/1.1" 200 93570
20.171.207.230 - - [27/Feb/2025:03:19:04 +0100] "GET /ticket2/opencms/set_aff_cookie.jsp?partner=57601924-FB09-5BB2-867F-08B4EB522BA8&url=%252Fen%252Fbuy%252Findex.html%253Fpage%253D1%2526edid%253D32221081-B4D2-47EE-3316-CF1A694236FC%2526hlv%253D67b89ed1-1434-40a8-9948-03490a01000f%2523v_481310677 HTTP/1.1" 200 246
20.171.207.230 - - [27/Feb/2025:03:19:07 +0100] "GET /ticket2/opencms/&kid_directed_site=if(now()=sysdate(),sleep(15),0)&plugin=page&return_params= HTTP/1.1" 404 -
173.252.83.115 - - [27/Feb/2025:03:19:07 +0100] "GET /ticket2/opencms/ga/buy/?page=1&edid=5B1EBD64-AC5B-1705-53F4-E0FEF8B73423 HTTP/1.1" 200 112373
114.119.151.93 - - [27/Feb/2025:03:19:08 +0100] "GET /ticket2/opencms/es/buy?page=1&edid=CCDA29B0-07D8-8856-B626-F621E13D91E3 HTTP/1.1" 200 110782
52.167.144.226 - - [27/Feb/2025:03:19:10 +0100] "GET /ticket2/opencms/dk/sell/?edid=D11D82D4-28DA-1768-D317-EF521A2F97E6 HTTP/1.1" 302 -
111.119.237.111 - - [27/Feb/2025:03:19:11 +0100] "GET /ticket2/opencms/cs/buy/?page=1&edid=51B4378F-6A88-5221-C69B-C34E0BB6A16E HTTP/1.1" 200 117839
20.171.207.230 - - [27/Feb/2025:03:19:15 +0100] "GET /ticket2/opencms/set_aff_cookie.jsp?partner=8F6DE15D-D831-5787-AE7E-FEFF53476F85&url=%252Ffi%252Fbuy%252Findex.html%253Fpage%253D1%2526edid%253DE2BA261D-8AA4-C0D3-44EE-1FFEB3ECFAE6%2526hlv%253D666cbb90-493c-4ec1-8c9f-4d470a01000f%2523v_1407600943 HTTP/1.1" 200 247
20.171.207.230 - - [27/Feb/2025:03:19:16 +0100] "GET /ticket2/opencms/set_aff_cookie.jsp?partner=692E2C6A-EC6F-1C93-AFCC-C5ACC23A93EA&url=%252Fno%252Fbuy%252Findex.html%253Fpage%253D1%2526edid%253DC5829853-4CA4-0095-2A28-946BA91BD80E%2526hlv%253D615c4636-deac-4d05-a176-258c0a01000f%2523v_588966137 HTTP/1.1" 200 246
20.171.207.230 - - [27/Feb/2025:03:19:17 +0100] "GET /ticket2/opencms/set_aff_cookie.jsp?partner=2E02071B-A8C3-4CBA-3097-C27D61C02ED8&url=%252Fno%252Fbuy%252Findex.html%253Fpage%253D1%2526edid%253DFCEB71A3-C27D-C49F-469F-2CB5939452EE%2526hlv%253D666dc045-f5b8-4ec1-ba5c-52210a01000f%2523v2138224973 HTTP/1.1" 200 246
66.249.76.161 - - [27/Feb/2025:03:19:18 +0100] "GET /ticket2/opencms/cs/buy?page=1&edid=84A5FE5E-FE66-D83A-8A7D-B9483A93F0F3&hlv=666cb73f-28bc-4da6-bb95-4bcf0a01000f HTTP/1.1" 200 113117
20.171.207.230 - - [27/Feb/2025:03:19:18 +0100] "GET /ticket2/opencms/set_aff_cookie.jsp?partner=8F6DE15D-D831-5787-AE7E-FEFF53476F85&url=%252Fru%252Fbuy%252Findex.html%253Fpage%253D1%2526edid%253D7EE6FDFE-D5C7-871C-1D44-A83A22170314%2526hlv%253D6693ab3d-cdb8-4e77-8edf-052e0a01000f%2523v_1927035689 HTTP/1.1" 200 247
111.119.207.4 - - [27/Feb/2025:03:19:19 +0100] "GET /ticket2/opencms/sr/buy/?page=1&edid=5EDAD7EF-4482-E566-628C-36CFA67969B0 HTTP/1.1" 200 115170
172.69.136.174 - - [27/Feb/2025:03:19:22 +0100] "GET /ticket2/opencms/de/wordpress/wp-admin/setup-config.php HTTP/1.1" 404 -
185.191.171.9 - - [27/Feb/2025:03:19:23 +0100] "GET /ticket2/opencms/az/magazine/article?title=la-liga-ni-canli-kesf-edin-ticket2-de-biletleri-alin HTTP/1.1" 200 94702
74.80.208.143 - - [27/Feb/2025:03:19:26 +0100] "GET /ticket2/opencms/nl/sport/voetbal-tickets/bundesliga/mainz HTTP/1.1" 200 95368
52.167.144.199 - - [27/Feb/2025:03:19:26 +0100] "GET /ticket2/opencms/no/ HTTP/1.1" 200 105821
20.171.207.230 - - [27/Feb/2025:03:19:26 +0100] "GET /ticket2/opencms/set_aff_cookie.jsp?partner=692E2C6A-EC6F-1C93-AFCC-C5ACC23A93EA&url=%252Ffi%252Fbuy%252Findex.html%253Fpage%253D1%2526edid%253DFF044A10-2C50-BB65-1971-B8ACD409FE02%2526hlv%253D61126fdd-e3d4-4124-bf84-29ad0a01000f%2523v_1587093985 HTTP/1.1" 200 247
159.138.120.150 - - [27/Feb/2025:03:19:27 +0100] "GET /ticket2/opencms/it/buy?page=1&edid=578ABCE9-06EA-4939-3CFF-C4F189A950CC HTTP/1.1" 200 108392
20.171.207.230 - - [27/Feb/2025:03:19:28 +0100] "GET /ticket2/opencms/set_aff_cookie.jsp?partner=23A6AD98-906E-5BDD-600E-EC4EC8A45F97&url=%252Fen%252Fbuy%252Findex.html%253Fpage%253D1%2526edid%253D87DA8067-258E-93BF-F8B0-6A2011EF3D80%2526hlv%253D666ddfc3-f35c-403b-a180-6dca0a01000f%2523v_1021504772 HTTP/1.1" 200 247
66.249.76.160 - - [27/Feb/2025:03:19:28 +0100] "GET /ticket2/opencms/mk/buy?page=1&edid=F096D1AD-EE12-C298-2137-D6BD382A6C8C&hlv=66d9751a-5278-488f-bb17-58180a01000f HTTP/1.1" 404 -
20.171.207.230 - - [27/Feb/2025:03:19:29 +0100] "GET /ticket2/opencms/set_aff_cookie.jsp?partner=5E0CDF29-E7BE-9F6B-6869-7BF66B04006F&url=%252Fsv%252Fbuy%252Findex.html%253Fpage%253D1%2526edid%253DE210EA08-C305-62F6-445A-64FC62365EF4%2526hlv%253D60d0db7c-2bb0-4ce4-bc7f-3e170a01000f%2523v_1208237120 HTTP/1.1" 200 247
20.171.207.230 - - [27/Feb/2025:03:19:30 +0100] "GET /ticket2/opencms/set_aff_cookie.jsp?partner=2E02071B-A8C3-4CBA-3097-C27D61C02ED8&url=%252Fsv%252Fbuy%252Findex.html%253Fpage%253D1%2526edid%253DF1463EBE-6C18-CF49-B2AE-F79868BCA4F5%2526hlv%253D666c820f-1a24-4fdc-ace1-6dca0a01000f%2523v_462071326 HTTP/1.1" 200 246
185.191.171.6 - - [27/Feb/2025:03:19:30 +0100] "GET /ticket2/opencms/bs/magazine/article?title=polufinale-francuska-vs-spanija HTTP/1.1" 200 95418
20.171.207.230 - - [27/Feb/2025:03:19:31 +0100] "GET /ticket2/opencms/set_aff_cookie.jsp?partner=23A6AD98-906E-5BDD-600E-EC4EC8A45F97&url=%252Fen%252Fbuy%252Findex.html%253Fpage%253D1%2526edid%253DF26F7624-B3C7-3F2B-5F3B-CAEEB7F1CB7F%2526hlv%253D666dbbea-6214-46a1-acc2-4e800a01000f%2523v1240100061 HTTP/1.1" 200 246
20.171.207.230 - - [27/Feb/2025:03:19:32 +0100] "GET /ticket2/opencms/set_aff_cookie.jsp?partner=2E02071B-A8C3-4CBA-3097-C27D61C02ED8&url=%252Ffi%252Fbuy%252Findex.html%253Fpage%253D1%2526edid%253DF1463EBE-6C18-CF49-B2AE-F79868BCA4F5%2526hlv%253D666c80dd-b938-4924-9cff-6dcd0a01000f%2523v_1239520867 HTTP/1.1" 200 247
20.171.207.230 - - [27/Feb/2025:03:19:33 +0100] "GET /ticket2/opencms/set_aff_cookie.jsp?partner=8F6DE15D-D831-5787-AE7E-FEFF53476F85&url=%252Fen%252Fbuy%252Findex.html%253Fpage%253D1%2526edid%253D5CA212A9-5EDB-CCAD-DF13-49AC99A9E66C%2526hlv%253D66cf0d21-4a94-444e-b184-29010a01000f%2523v_398107644 HTTP/1.1" 200 246
85.208.96.205 - - [27/Feb/2025:03:19:34 +0100] "GET /ticket2/opencms/robots.txt HTTP/1.1" 200 773
20.171.207.230 - - [27/Feb/2025:03:19:34 +0100] "GET /ticket2/opencms/set_aff_cookie.jsp?partner=692E2C6A-EC6F-1C93-AFCC-C5ACC23A93EA&url=%252Fnl%252Fbuy%252Findex.html%253Fpage%253D1%2526edid%253DC48EAFD0-8BA3-4D86-9F12-42C6F4555C84%2526hlv%253D60f816f5-636c-4601-b926-5d3b0a01000f%2523v_1099833820 HTTP/1.1" 200 247
85.208.96.207 - - [27/Feb/2025:03:19:35 +0100] "GET /ticket2/opencms/de/magazine/article?title=kylian-mbappe HTTP/1.1" 200 94296
20.171.207.230 - - [27/Feb/2025:03:19:36 +0100] "GET /ticket2/opencms/set_aff_cookie.jsp?partner=8F6DE15D-D831-5787-AE7E-FEFF53476F85&url=%252Fen%252Fbuy%252Findex.html%253Fpage%253D1%2526edid%253D7D93CEA8-790B-90BC-58EC-CA5B0CB3CBFB%2526hlv%253D67ab54ea-2624-4db9-85b4-57fb0a01000f%2523v_1652814539 HTTP/1.1" 200 247
54.36.149.20 - - [27/Feb/2025:03:19:36 +0100] "GET /ticket2/opencms/mo/magazine/article?title=ipswichs-22 HTTP/1.1" 200 92029
20.171.207.230 - - [27/Feb/2025:03:19:37 +0100] "GET /ticket2/opencms/set_aff_cookie.jsp?partner=692E2C6A-EC6F-1C93-AFCC-C5ACC23A93EA&url=%252Fno%252Fbuy%252Findex.html%253Fpage%253D1%2526edid%253D58849721-189F-D09B-851E-CCAD1153A6C9%2526hlv%253D60c9ddb8-6b24-4bcc-a6ff-20f20a01000f%2523v_1957807741 HTTP/1.1" 200 247
20.171.207.230 - - [27/Feb/2025:03:19:38 +0100] "GET /ticket2/opencms/set_aff_cookie.jsp?partner=692E2C6A-EC6F-1C93-AFCC-C5ACC23A93EA&url=%252Fru%252Fbuy%252Findex.html%253Fpage%253D1%2526edid%253DD28674D7-BD38-712E-389D-3A2C16C5CDF5%2526hlv%253D60f811e2-5b24-46df-939c-5a1d0a01000f%2523v_1197563439 HTTP/1.1" 200 247
110.238.107.138 - - [27/Feb/2025:03:19:38 +0100] "GET /ticket2/opencms/sq/sport/bileta-per-futboll/bundesliga/mainz/ HTTP/1.1" 200 100272
85.208.96.205 - - [27/Feb/2025:03:19:39 +0100] "GET /ticket2/opencms/lt/magazine/article?title=michail-antonio-suzeistas-po-automobilio-avarijos HTTP/1.1" 200 93570
20.171.207.230 - - [27/Feb/2025:03:19:39 +0100] "GET /ticket2/opencms/set_aff_cookie.jsp?partner=692E2C6A-EC6F-1C93-AFCC-C5ACC23A93EA&url=%252Fsv%252Fbuy%252Findex.html%253Fpage%253D1%2526edid%253D4D091DAA-A6FD-9335-E2FA-E89697CE58C9%2526hlv%253D60c9ea87-c120-4c3d-964b-27dc0a01000f%2523v_1617514528 HTTP/1.1" 200 247
20.171.207.230 - - [27/Feb/2025:03:19:40 +0100] "GET /ticket2/opencms/set_aff_cookie.jsp?partner=8F6DE15D-D831-5787-AE7E-FEFF53476F85&url=%252Fru%252Fbuy%252Findex.html%253Fpage%253D1%2526edid%253DF9D480C8-CC9A-5C4B-D090-F29D97AF622B%2526hlv%253D60d0e101-92e4-4efa-a193-407f0a01000f%2523v_2111672192 HTTP/1.1" 200 247
20.171.207.230 - - [27/Feb/2025:03:19:41 +0100] "GET /ticket2/opencms/set_aff_cookie.jsp?partner=692E2C6A-EC6F-1C93-AFCC-C5ACC23A93EA&url=%252Fno%252Fbuy%252Findex.html%253Fpage%253D1%2526edid%253DE29699DA-9795-6903-EBDA-496D57340F6C%2526hlv%253D61127ada-8fdc-44ee-819b-2e510a01000f%2523v_1899553045 HTTP/1.1" 200 247
20.171.207.230 - - [27/Feb/2025:03:19:42 +0100] "GET /ticket2/opencms/set_aff_cookie.jsp?partner=2E02071B-A8C3-4CBA-3097-C27D61C02ED8&url=%252Fsv%252Fbuy%252Findex.html%253Fpage%253D1%2526edid%253DAD1489BC-D85F-F906-30B7-DAF56FC0FE6B%2526hlv%253D60f81709-65dc-43fc-8179-5d1e0a01000f%2523v_321032119 HTTP/1.1" 200 246
20.171.207.230 - - [27/Feb/2025:03:19:44 +0100] "GET /ticket2/opencms/set_aff_cookie.jsp?partner=692E2C6A-EC6F-1C93-AFCC-C5ACC23A93EA&url=%252Fen%252Fbuy%252Findex.html%253Fpage%253D1%2526edid%253DFD59DED4-6E14-E085-382D-C3619CCA9FA8%2526hlv%253D611519b5-40c4-4f06-9ef8-7eaa0a01000f%2523v_190825283 HTTP/1.1" 200 246
20.171.207.230 - - [27/Feb/2025:03:19:45 +0100] "GET /ticket2/opencms/set_aff_cookie.jsp?partner=8F6DE15D-D831-5787-AE7E-FEFF53476F85&url=%252Fru%252Fbuy%252Findex.html%253Fpage%253D1%2526edid%253DE2BA261D-8AA4-C0D3-44EE-1FFEB3ECFAE6%2526hlv%253D666cbb91-7318-459f-80fc-4d470a01000f%2523v_2037028938 HTTP/1.1" 200 247
74.80.208.143 - - [27/Feb/2025:03:19:45 +0100] "GET /ticket2/opencms/nl/sport/voetbal-tickets/premier_league/liverpool HTTP/1.1" 200 90228
66.249.79.103 - - [27/Feb/2025:03:19:46 +0100] "GET /ticket2/opencms/mo/buy/?page=1&edid=23EAA0FB-D53B-B405-9176-C7B4F068B16E HTTP/1.1" 200 111876
20.171.207.230 - - [27/Feb/2025:03:19:46 +0100] "GET /ticket2/opencms/set_aff_cookie.jsp?partner=5E0CDF29-E7BE-9F6B-6869-7BF66B04006F&url=%252Ffi%252Fbuy%252Findex.html%253Fpage%253D1%2526edid%253DF1463EBE-6C18-CF49-B2AE-F79868BCA4F5%2526hlv%253D666c820f-1a24-4fdc-ace1-6dca0a01000f%2523v_462071326 HTTP/1.1" 200 246
185.191.171.9 - - [27/Feb/2025:03:19:46 +0100] "GET /ticket2/opencms/sv/sport/fotbollsbiljetter/serie_a/inter/lazio.html HTTP/1.1" 200 92523
20.171.207.230 - - [27/Feb/2025:03:19:47 +0100] "GET /ticket2/opencms/set_aff_cookie.jsp?partner=57601924-FB09-5BB2-867F-08B4EB522BA8&url=%252Fsv%252Fbuy%252Findex.html%253Fpage%253D1%2526edid%253DDC067A0C-CE36-3D9C-899A-867F582FFC90%2526hlv%253D666dbfc8-92cc-43cc-b0cd-51a90a01000f%2523v841506842 HTTP/1.1" 200 245
110.238.107.138 - - [27/Feb/2025:03:19:47 +0100] "GET /ticket2/opencms/sr/buy?page=1&edid=C783769A-8791-6C10-D63E-BC165049D2D0 HTTP/1.1" 200 112396
20.171.207.230 - - [27/Feb/2025:03:19:48 +0100] "GET /ticket2/opencms/set_aff_cookie.jsp?partner=692E2C6A-EC6F-1C93-AFCC-C5ACC23A93EA&url=%252Fdk%252Fbuy%252Findex.html%253Fpage%253D1%2526edid%253DF26F7624-B3C7-3F2B-5F3B-CAEEB7F1CB7F%2526hlv%253D666dbbea-cfcc-44ae-9c93-4e800a01000f%2523v163914040 HTTP/1.1" 200 245
20.171.207.230 - - [27/Feb/2025:03:19:49 +0100] "GET /ticket2/opencms/set_aff_cookie.jsp?partner=5E0CDF29-E7BE-9F6B-6869-7BF66B04006F&url=%252Fdk%252Fbuy%252Findex.html%253Fpage%253D1%2526edid%253DE0F35E65-B71B-01E9-E92D-AC386E0ACF66%2526hlv%253D66890776-0f90-4fb5-b8ef-1ba70a01000f%2523v_2089444073 HTTP/1.1" 200 247
20.171.207.230 - - [27/Feb/2025:03:19:51 +0100] "GET /ticket2/opencms/set_aff_cookie.jsp?partner=8F6DE15D-D831-5787-AE7E-FEFF53476F85&url=%252Fnl%252Fbuy%252Findex.html%253Fpage%253D1%2526edid%253DD96122AD-C3AA-80F5-DDA8-935E03AE952D%2526hlv%253D666ddc59-c9b0-45f2-aa8a-6ab50a01000f%2523v_253177385 HTTP/1.1" 200 246
20.171.207.230 - - [27/Feb/2025:03:19:52 +0100] "GET /ticket2/opencms/set_aff_cookie.jsp?partner=2E02071B-A8C3-4CBA-3097-C27D61C02ED8&url=%252Ffi%252Fbuy%252Findex.html%253Fpage%253D1%2526edid%253D7F8DD7AE-C02D-DBD7-A437-1943525E7DF2%2526hlv%253D666dbd05-fccc-4593-80be-4fe50a01000f%2523v_127168574 HTTP/1.1" 200 246
20.171.207.230 - - [27/Feb/2025:03:19:53 +0100] "GET /ticket2/opencms/set_aff_cookie.jsp?partner=2E02071B-A8C3-4CBA-3097-C27D61C02ED8&url=%252Fdk%252Fbuy%252Findex.html%253Fpage%253D1%2526edid%253DBB439D2C-76B4-AD0C-0FC4-79A0CD539AA0%2526hlv%253D666ddf59-ab44-4bfa-9dd5-6d8b0a01000f%2523v_1782683104 HTTP/1.1" 200 247
20.171.207.230 - - [27/Feb/2025:03:19:54 +0100] "GET /ticket2/opencms/set_aff_cookie.jsp?partner=6F250EA7-4505-FA01-D601-8847F2573405&url=%252Fsv%252Fbuy%252Findex.html%253Fpage%253D1%2526edid%253DE7560AB3-0BA2-E806-DEFE-5D8CC4C6CAA3%2526hlv%253D610bcffc-cfe4-45ea-a8a3-16270a01000f%2523v_1389300511 HTTP/1.1" 200 247
66.249.79.103 - - [27/Feb/2025:03:19:54 +0100] "GET /ticket2/opencms/set_aff_cookie.jsp?partner=8F6DE15D-D831-5787-AE7E-FEFF53476F85&url=%252Fno%252Fbuy%252Findex.html%253Fpage%253D1%2526edid%253DFF079107-CBD4-B70B-EC76-A896DEC733A2%2526hlv%253D66d03a93-e05c-4b12-85fe-74840a01000f%2523v_124904913 HTTP/1.1" 200 246
20.171.207.230 - - [27/Feb/2025:03:19:55 +0100] "GET /ticket2/opencms/set_aff_cookie.jsp?partner=692E2C6A-EC6F-1C93-AFCC-C5ACC23A93EA&url=%252Fnl%252Fbuy%252Findex.html%253Fpage%253D1%2526edid%253D8C776A0E-9619-6DFE-D301-BC749D0D0DB6%2526hlv%253D610bcfed-e298-4aa6-a4df-16270a01000f%2523v_1498887294 HTTP/1.1" 200 247
20.171.207.230 - - [27/Feb/2025:03:19:56 +0100] "GET /ticket2/opencms/set_aff_cookie.jsp?partner=2E02071B-A8C3-4CBA-3097-C27D61C02ED8&url=%252Fdk%252Fbuy%252Findex.html%253Fpage%253D1%2526edid%253D87DA8067-258E-93BF-F8B0-6A2011EF3D80%2526hlv%253D666ddfc1-b8d0-487a-a31e-6dca0a01000f%2523v_340162312 HTTP/1.1" 200 246
74.80.208.143 - - [27/Feb/2025:03:19:57 +0100] "GET /ticket2/opencms/sk/sport/futbalove-listky/la-liga/getafe HTTP/1.1" 200 100337
66.249.79.33 - - [27/Feb/2025:03:19:57 +0100] "GET /ticket2/opencms/de/buy?page=1&edid=C64002B7-B7A3-A646-1770-7E79C914EDA5 HTTP/1.1" 200 134830
20.171.207.230 - - [27/Feb/2025:03:19:58 +0100] "GET /ticket2/opencms/set_aff_cookie.jsp?partner=6F250EA7-4505-FA01-D601-8847F2573405&url=%252Fno%252Fbuy%252Findex.html%253Fpage%253D1%2526edid%253D2E411FE0-1373-6C6F-7ECE-3BF98DA0CFAB%2526hlv%253D6698e90c-4cdc-4edc-b8ee-4ab90a01000f%2523v_1720671682 HTTP/1.1" 200 247
114.119.139.78 - - [27/Feb/2025:03:19:58 +0100] "GET /ticket2/opencms/en/venue/?venueid=058EF548-7E59-A9A1-FFD1-52D7BA231E9F HTTP/1.1" 200 85336
20.171.207.230 - - [27/Feb/2025:03:19:59 +0100] "GET /ticket2/opencms/set_aff_cookie.jsp?partner=2E02071B-A8C3-4CBA-3097-C27D61C02ED8&url=%252Fru%252Fbuy%252Findex.html%253Fpage%253D1%2526edid%253DE53C8E7A-C1C8-80DF-ED27-96FEFF6B5147%2526hlv%253D666dbd2c-e72c-476e-ab0b-4d610a01000f%2523v_1901052304 HTTP/1.1" 200 247
74.80.208.143 - - [27/Feb/2025:03:19:59 +0100] "GET /ticket2/opencms/nl/buy_safety/leverantie/ HTTP/1.1" 200 85950
124.243.181.154 - - [27/Feb/2025:03:20:00 +0100] "GET /ticket2/opencms/tr/buy/?page=1&edid=047E0311-281A-A7AE-E87D-50033F4F70CA HTTP/1.1" 200 112631
20.171.207.230 - - [27/Feb/2025:03:20:00 +0100] "GET /ticket2/opencms/set_aff_cookie.jsp?partner=8F6DE15D-D831-5787-AE7E-FEFF53476F85&url=%252Fsv%252Fbuy%252Findex.html%253Fpage%253D1%2526edid%253D5704F8FD-9CBB-9159-7288-CA17B9D0D4E2%2526hlv%253D60f5cbca-6de0-4cd0-98c9-20310a01000f%2523v_998342185 HTTP/1.1" 200 246
66.249.76.170 - - [27/Feb/2025:03:20:00 +0100] "GET /ticket2/opencms/ro/?comcatid=97ECA65A-72DA-F9AF-9DBB-245D3CFED1BE&catid=F7FF413B-5FDF-82CF-E5BB-CD4AB6027974 HTTP/1.1" 200 106597
114.119.141.178 - - [27/Feb/2025:03:20:00 +0100] "GET /ticket2/opencms/cs/buy?page=1&edid=18631B4D-241F-1419-AEC9-B2739BCE7CC3 HTTP/1.1" 200 124714
20.171.207.230 - - [27/Feb/2025:03:20:01 +0100] "GET /ticket2/opencms/set_aff_cookie.jsp?partner=57601924-FB09-5BB2-867F-08B4EB522BA8&url=%252Fen%252Fbuy%252Findex.html%253Fpage%253D1%2526edid%253D66C22035-E7EA-E10A-4BFC-2C30733037DC%2526hlv%253D666d4a39-f9c8-408d-b37e-6bb30a01000f%2523v_58507641 HTTP/1.1" 200 245
172.69.136.174 - - [27/Feb/2025:03:20:01 +0100] "GET /ticket2/opencms/de/wordpress/wp-admin/setup-config.php HTTP/1.1" 404 -
66.249.79.103 - - [27/Feb/2025:03:20:01 +0100] "GET /ticket2/opencms/sk/buy/?page=6&comcatid=97ECA65A-72DA-F9AF-9DBB-245D3CFED1BE&catid=F7F89B9B-6697-7881-54AE-4C39276BF1B8%2525252525252525252525252525252525252525252525252525252525252525252525252525252525252525253Fpartner=5DA1B85A-5A44-4C00-C2EF-3DFF7E687A1D HTTP/1.1" 200 103112
185.191.171.12 - - [27/Feb/2025:03:20:02 +0100] "GET /ticket2/opencms/mo/magazine/article?title=alexander-isak-bate-record HTTP/1.1" 200 93904
20.171.207.230 - - [27/Feb/2025:03:20:02 +0100] "GET /ticket2/opencms/set_aff_cookie.jsp?partner=57601924-FB09-5BB2-867F-08B4EB522BA8&url=%252Fno%252Fbuy%252Findex.html%253Fpage%253D1%2526edid%253D66C22035-E7EA-E10A-4BFC-2C30733037DC%2526hlv%253D666d4a39-f9c8-408d-b37e-6bb30a01000f%2523v_58507641 HTTP/1.1" 200 245
66.249.76.8 - - [27/Feb/2025:03:20:02 +0100] "GET /ticket2/opencms/bs/magazine/article?title=manchester-united-je-odlucio-otpustiti-erika-ten-haga HTTP/1.1" 200 96854
20.171.207.230 - - [27/Feb/2025:03:20:03 +0100] "GET /ticket2/opencms/set_aff_cookie.jsp?partner=2E02071B-A8C3-4CBA-3097-C27D61C02ED8&url=%252Fnl%252Fbuy%252Findex.html%253Fpage%253D1%2526edid%253D66FFE717-0C93-3F01-2AC8-8E7FC5F9BAB1%2526hlv%253D6689076b-86d8-43d8-849c-1ba70a01000f%2523v_20253794 HTTP/1.1" 200 245
66.249.79.33 - - [27/Feb/2025:03:20:04 +0100] "GET /ticket2/opencms/uk/buy?page=1&edid=C51DC9BA-8ED0-8D5F-A005-77B2B61DA7C9&hlv=666dbb67-e6c4-4049-a313-4d610a01000f HTTP/1.1" 200 115178
20.171.207.230 - - [27/Feb/2025:03:20:04 +0100] "GET /ticket2/opencms/set_aff_cookie.jsp?partner=2E02071B-A8C3-4CBA-3097-C27D61C02ED8&url=%252Fsv%252Fbuy%252Findex.html%253Fpage%253D1%2526edid%253D66FFE717-0C93-3F01-2AC8-8E7FC5F9BAB1%2526hlv%253D6689076b-8154-40e4-b5b7-1ba70a01000f%2523v_78967986 HTTP/1.1" 200 245
20.171.207.230 - - [27/Feb/2025:03:20:06 +0100] "GET /ticket2/opencms/set_aff_cookie.jsp?partner=8F6DE15D-D831-5787-AE7E-FEFF53476F85&url=%252Fsv%252Fbuy%252Findex.html%253Fpage%253D1%2526edid%253D66C22035-E7EA-E10A-4BFC-2C30733037DC%2526hlv%253D66d09331-7580-4ce3-8a42-4af70a01000f%2523v_43511190 HTTP/1.1" 200 245
74.80.208.143 - - [27/Feb/2025:03:20:07 +0100] "GET /ticket2/opencms/fr/sport/billets-football/la_liga/leganes/ HTTP/1.1" 200 101181
20.171.207.230 - - [27/Feb/2025:03:20:07 +0100] "GET /ticket2/opencms/set_aff_cookie.jsp?partner=57601924-FB09-5BB2-867F-08B4EB522BA8&url=%252Fru%252Fbuy%252Findex.html%253Fpage%253D1%2526edid%253D66C22035-E7EA-E10A-4BFC-2C30733037DC%2526hlv%253D666d4a3b-a7ac-4595-b094-6bb30a01000f%2523v_70412917 HTTP/1.1" 200 245
49.0.206.48 - - [27/Feb/2025:03:20:08 +0100] "GET /ticket2/opencms/bs/buy?page=1&edid=EB31C882-2BE6-C517-726C-D721EBC90088 HTTP/1.1" 200 111663
20.171.207.230 - - [27/Feb/2025:03:20:08 +0100] "GET /ticket2/opencms/set_aff_cookie.jsp?partner=57601924-FB09-5BB2-867F-08B4EB522BA8&url=%252Fnl%252Fbuy%252Findex.html%253Fpage%253D1%2526edid%253D66C22035-E7EA-E10A-4BFC-2C30733037DC%2526hlv%253D666d4a39-f9c8-408d-b37e-6bb30a01000f%2523v_58507641 HTTP/1.1" 200 245
20.171.207.230 - - [27/Feb/2025:03:20:09 +0100] "GET /ticket2/opencms/set_aff_cookie.jsp?partner=57601924-FB09-5BB2-867F-08B4EB522BA8&url=%252Ffi%252Fbuy%252Findex.html%253Fpage%253D1%2526edid%253D66C22035-E7EA-E10A-4BFC-2C30733037DC%2526hlv%253D666d4a39-f9c8-408d-b37e-6bb30a01000f%2523v_58507641 HTTP/1.1" 200 245
20.171.207.230 - - [27/Feb/2025:03:20:10 +0100] "GET /ticket2/opencms/set_aff_cookie.jsp?partner=57601924-FB09-5BB2-867F-08B4EB522BA8&url=%252Fru%252Fbuy%252Findex.html%253Fpage%253D1%2526edid%253D66C22035-E7EA-E10A-4BFC-2C30733037DC%2526hlv%253D666d4a39-f9c8-408d-b37e-6bb30a01000f%2523v_58507641 HTTP/1.1" 200 245
52.167.144.226 - - [27/Feb/2025:03:20:11 +0100] "GET /ticket2/opencms/lt/buy/?page=1&edid=0704BD6D-31E9-BB79-1A42-1B64AF5D31BB HTTP/1.1" 200 112380
20.171.207.230 - - [27/Feb/2025:03:20:11 +0100] "GET /ticket2/opencms/set_aff_cookie.jsp?partner=57601924-FB09-5BB2-867F-08B4EB522BA8&url=%252Fsv%252Fbuy%252Findex.html%253Fpage%253D1%2526edid%253D66C22035-E7EA-E10A-4BFC-2C30733037DC%2526hlv%253D666d4a39-f9c8-408d-b37e-6bb30a01000f%2523v_58507641 HTTP/1.1" 200 245
52.167.144.226 - - [27/Feb/2025:03:20:12 +0100] "GET /ticket2/opencms/tr/buy/?page=1&edid=FEE25E36-04D3-46C8-6D56-05013D91539C HTTP/1.1" 200 108915
20.171.207.230 - - [27/Feb/2025:03:20:13 +0100] "GET /ticket2/opencms/set_aff_cookie.jsp?partner=2E02071B-A8C3-4CBA-3097-C27D61C02ED8&url=%252Fru%252Fbuy%252Findex.html%253Fpage%253D1%2526edid%253D66FFE717-0C93-3F01-2AC8-8E7FC5F9BAB1%2526hlv%253D6689076b-86d8-43d8-849c-1ba70a01000f%2523v_20253794 HTTP/1.1" 200 245
47.128.60.209 - - [27/Feb/2025:03:20:13 +0100] "GET /ticket2/opencms/bg/buy/?edid=285C029F-0136-4458-3DAC-D4899E4F1B96 HTTP/1.1" 200 92537
20.171.207.230 - - [27/Feb/2025:03:20:14 +0100] "GET /ticket2/opencms/set_aff_cookie.jsp?partner=2E02071B-A8C3-4CBA-3097-C27D61C02ED8&url=%252Fdk%252Fbuy%252Findex.html%253Fpage%253D1%2526edid%253D66FFE717-0C93-3F01-2AC8-8E7FC5F9BAB1%2526hlv%253D6689076b-8154-40e4-b5b7-1ba70a01000f%2523v_78967986 HTTP/1.1" 200 245
69.171.249.2 - - [27/Feb/2025:03:20:14 +0100] "GET /ticket2/opencms/hu/buy/?page=1&edid=C019DBB8-FF11-8C7C-90B0-E1EB2510B252 HTTP/1.1" 200 112065
54.36.149.9 - - [27/Feb/2025:03:20:14 +0100] "GET /ticket2/opencms/ro/buy?page=1&edid=32221081-B4D2-47EE-3316-CF1A694236FC HTTP/1.1" 200 121920
47.128.58.89 - - [27/Feb/2025:03:20:15 +0100] "GET /ticket2/opencms/de/sport/fussball-tickets/bundesliga/hoffenheim/ HTTP/1.1" 200 100371
20.171.207.230 - - [27/Feb/2025:03:20:15 +0100] "GET /ticket2/opencms/set_aff_cookie.jsp?partner=23A6AD98-906E-5BDD-600E-EC4EC8A45F97&url=%252Fen%252Fbuy%252Findex.html%253Fpage%253D1%2526edid%253D66C22035-E7EA-E10A-4BFC-2C30733037DC%2526hlv%253D66d09331-7580-4ce3-8a42-4af70a01000f%2523v_43511190 HTTP/1.1" 200 245
20.171.207.230 - - [27/Feb/2025:03:20:16 +0100] "GET /ticket2/opencms/set_aff_cookie.jsp?partner=2E02071B-A8C3-4CBA-3097-C27D61C02ED8&url=%252Ffi%252Fbuy%252Findex.html%253Fpage%253D1%2526edid%253D66FFE717-0C93-3F01-2AC8-8E7FC5F9BAB1%2526hlv%253D6689076b-8154-40e4-b5b7-1ba70a01000f%2523v_78967986 HTTP/1.1" 200 245
20.171.207.230 - - [27/Feb/2025:03:20:17 +0100] "GET /ticket2/opencms/set_aff_cookie.jsp?partner=5E0CDF29-E7BE-9F6B-6869-7BF66B04006F&url=%252Fsv%252Fbuy%252Findex.html%253Fpage%253D1%2526edid%253D66C22035-E7EA-E10A-4BFC-2C30733037DC%2526hlv%253D66d09331-7580-4ce3-8a42-4af70a01000f%2523v_43511190 HTTP/1.1" 200 245
119.8.59.58 - - [27/Feb/2025:03:20:18 +0100] "GET /ticket2/opencms/es/buy?page=1&edid=D318DF84-DE52-191F-E568-28FCD260221B HTTP/1.1" 200 90431
20.171.207.230 - - [27/Feb/2025:03:20:18 +0100] "GET /ticket2/opencms/set_aff_cookie.jsp?partner=5E0CDF29-E7BE-9F6B-6869-7BF66B04006F&url=%252Fno%252Fbuy%252Findex.html%253Fpage%253D1%2526edid%253D66C22035-E7EA-E10A-4BFC-2C30733037DC%2526hlv%253D66d09331-7580-4ce3-8a42-4af70a01000f%2523v_43511190 HTTP/1.1" 200 245
20.171.207.230 - - [27/Feb/2025:03:20:20 +0100] "GET /ticket2/opencms/set_aff_cookie.jsp?partner=2E02071B-A8C3-4CBA-3097-C27D61C02ED8&url=%252Ffi%252Fbuy%252Findex.html%253Fpage%253D1%2526edid%253D66FFE717-0C93-3F01-2AC8-8E7FC5F9BAB1%2526hlv%253D6689076b-86d8-43d8-849c-1ba70a01000f%2523v_20253794 HTTP/1.1" 200 245
20.171.207.230 - - [27/Feb/2025:03:20:21 +0100] "GET /ticket2/opencms/set_aff_cookie.jsp?partner=2E02071B-A8C3-4CBA-3097-C27D61C02ED8&url=%252Fru%252Fbuy%252Findex.html%253Fpage%253D1%2526edid%253D66FFE717-0C93-3F01-2AC8-8E7FC5F9BAB1%2526hlv%253D6689076b-8154-40e4-b5b7-1ba70a01000f%2523v_78967986 HTTP/1.1" 200 245
20.171.207.230 - - [27/Feb/2025:03:20:22 +0100] "GET /ticket2/opencms/set_aff_cookie.jsp?partner=23A6AD98-906E-5BDD-600E-EC4EC8A45F97&url=%252Fen%252Fbuy%252Findex.html%253Fpage%253D1%2526edid%253D66C22035-E7EA-E10A-4BFC-2C30733037DC%2526hlv%253D666d4a39-7558-4b98-8897-6bb30a01000f%2523v_56719372 HTTP/1.1" 200 245
20.171.207.230 - - [27/Feb/2025:03:20:23 +0100] "GET /ticket2/opencms/set_aff_cookie.jsp?partner=2E02071B-A8C3-4CBA-3097-C27D61C02ED8&url=%252Fen%252Fbuy%252Findex.html%253Fpage%253D1%2526edid%253D66FFE717-0C93-3F01-2AC8-8E7FC5F9BAB1%2526hlv%253D6689076b-8154-40e4-b5b7-1ba70a01000f%2523v_78967986 HTTP/1.1" 200 245
20.171.207.230 - - [27/Feb/2025:03:20:24 +0100] "GET /ticket2/opencms/set_aff_cookie.jsp?partner=2E02071B-A8C3-4CBA-3097-C27D61C02ED8&url=%252Fno%252Fbuy%252Findex.html%253Fpage%253D1%2526edid%253D66FFE717-0C93-3F01-2AC8-8E7FC5F9BAB1%2526hlv%253D6689076b-8154-40e4-b5b7-1ba70a01000f%2523v_78967986 HTTP/1.1" 200 245
47.128.38.110 - - [27/Feb/2025:03:20:24 +0100] "GET /ticket2/opencms/fi/venue/?venueid=92B1EF2C-B01A-5498-4DA0-D832A3A798A5 HTTP/1.1" 200 86989
20.171.207.230 - - [27/Feb/2025:03:20:25 +0100] "GET /ticket2/opencms/set_aff_cookie.jsp?partner=5E0CDF29-E7BE-9F6B-6869-7BF66B04006F&url=%252Ffi%252Fbuy%252Findex.html%253Fpage%253D1%2526edid%253D66C22035-E7EA-E10A-4BFC-2C30733037DC%2526hlv%253D66d09331-7580-4ce3-8a42-4af70a01000f%2523v_43511190 HTTP/1.1" 200 245
66.249.76.160 - - [27/Feb/2025:03:20:25 +0100] "GET /ticket2/opencms/img/icons/ga.png HTTP/1.1" 200 1759
20.171.207.230 - - [27/Feb/2025:03:20:26 +0100] "GET /ticket2/opencms/set_aff_cookie.jsp?partner=8F6DE15D-D831-5787-AE7E-FEFF53476F85&url=%252Fnl%252Fbuy%252Findex.html%253Fpage%253D1%2526edid%253D66C22035-E7EA-E10A-4BFC-2C30733037DC%2526hlv%253D66d09331-7580-4ce3-8a42-4af70a01000f%2523v_43511190 HTTP/1.1" 200 245
111.119.198.208 - - [27/Feb/2025:03:20:28 +0100] "GET /ticket2/opencms/cs/buy?page=1&edid=B7C31852-4938-05B8-A23C-0248E7A3D5BA HTTP/1.1" 200 112512
20.171.207.230 - - [27/Feb/2025:03:20:28 +0100] "GET /ticket2/opencms/set_aff_cookie.jsp?partner=5E0CDF29-E7BE-9F6B-6869-7BF66B04006F&url=%252Fdk%252Fbuy%252Findex.html%253Fpage%253D1%2526edid%253D66C22035-E7EA-E10A-4BFC-2C30733037DC%2526hlv%253D66d09331-7580-4ce3-8a42-4af70a01000f%2523v_43511190 HTTP/1.1" 200 245
54.36.148.194 - - [27/Feb/2025:03:20:28 +0100] "GET /ticket2/opencms/ro/buy?page=1&edid=33C93D30-5D5F-70D5-E4DB-10F58238A7ED HTTP/1.1" 200 121062
20.171.207.230 - - [27/Feb/2025:03:20:29 +0100] "GET /ticket2/opencms/set_aff_cookie.jsp?partner=2E02071B-A8C3-4CBA-3097-C27D61C02ED8&url=%252Fsv%252Fbuy%252Findex.html%253Fpage%253D1%2526edid%253D66FFE717-0C93-3F01-2AC8-8E7FC5F9BAB1%2526hlv%253D6689076b-86d8-43d8-849c-1ba70a01000f%2523v_20253794 HTTP/1.1" 200 245
185.191.171.19 - - [27/Feb/2025:03:20:30 +0100] "GET /ticket2/opencms/be/magazine/article/ HTTP/1.1" 200 89963
20.171.207.230 - - [27/Feb/2025:03:20:30 +0100] "GET /ticket2/opencms/set_aff_cookie.jsp?partner=57601924-FB09-5BB2-867F-08B4EB522BA8&url=%252Fno%252Fbuy%252Findex.html%253Fpage%253D1%2526edid%253D66C22035-E7EA-E10A-4BFC-2C30733037DC%2526hlv%253D666d4a3b-a7ac-4595-b094-6bb30a01000f%2523v_70412917 HTTP/1.1" 200 245
185.191.171.4 - - [27/Feb/2025:03:20:30 +0100] "GET /ticket2/opencms/lv/magazine/article?title=liverpool-tottenham HTTP/1.1" 200 92445
85.208.96.209 - - [27/Feb/2025:03:20:31 +0100] "GET /ticket2/opencms/lv/magazine/article?title=michail-antonio-ievainots-pec-autoavarijas HTTP/1.1" 200 93293
20.171.207.230 - - [27/Feb/2025:03:20:31 +0100] "GET /ticket2/opencms/set_aff_cookie.jsp?partner=8F6DE15D-D831-5787-AE7E-FEFF53476F85&url=%252Fdk%252Fbuy%252Findex.html%253Fpage%253D1%2526edid%253D66C22035-E7EA-E10A-4BFC-2C30733037DC%2526hlv%253D66d09331-7580-4ce3-8a42-4af70a01000f%2523v_43511190 HTTP/1.1" 200 245
20.171.207.230 - - [27/Feb/2025:03:20:32 +0100] "GET /ticket2/opencms/set_aff_cookie.jsp?partner=57601924-FB09-5BB2-867F-08B4EB522BA8&url=%252Fnl%252Fbuy%252Findex.html%253Fpage%253D1%2526edid%253D66C22035-E7EA-E10A-4BFC-2C30733037DC%2526hlv%253D666d4a3b-a7ac-4595-b094-6bb30a01000f%2523v_70412917 HTTP/1.1" 200 245
20.171.207.230 - - [27/Feb/2025:03:20:33 +0100] "GET /ticket2/opencms/set_aff_cookie.jsp?partner=2E02071B-A8C3-4CBA-3097-C27D61C02ED8&url=%252Fnl%252Fbuy%252Findex.html%253Fpage%253D1%2526edid%253D66FFE717-0C93-3F01-2AC8-8E7FC5F9BAB1%2526hlv%253D6689076b-8154-40e4-b5b7-1ba70a01000f%2523v_78967986 HTTP/1.1" 200 245
20.171.207.230 - - [27/Feb/2025:03:20:35 +0100] "GET /ticket2/opencms/set_aff_cookie.jsp?partner=5E0CDF29-E7BE-9F6B-6869-7BF66B04006F&url=%252Fnl%252Fbuy%252Findex.html%253Fpage%253D1%2526edid%253D66C22035-E7EA-E10A-4BFC-2C30733037DC%2526hlv%253D66d09331-7580-4ce3-8a42-4af70a01000f%2523v_43511190 HTTP/1.1" 200 245
20.171.207.230 - - [27/Feb/2025:03:20:36 +0100] "GET /ticket2/opencms/set_aff_cookie.jsp?partner=57601924-FB09-5BB2-867F-08B4EB522BA8&url=%252Ffi%252Fbuy%252Findex.html%253Fpage%253D1%2526edid%253D66C22035-E7EA-E10A-4BFC-2C30733037DC%2526hlv%253D666d4a3b-a7ac-4595-b094-6bb30a01000f%2523v_70412917 HTTP/1.1" 200 245
20.171.207.230 - - [27/Feb/2025:03:20:37 +0100] "GET /ticket2/opencms/set_aff_cookie.jsp?partner=5E0CDF29-E7BE-9F6B-6869-7BF66B04006F&url=%252Fru%252Fbuy%252Findex.html%253Fpage%253D1%2526edid%253D66C22035-E7EA-E10A-4BFC-2C30733037DC%2526hlv%253D66d09331-7580-4ce3-8a42-4af70a01000f%2523v_43511190 HTTP/1.1" 200 245
101.44.185.111 - - [27/Feb/2025:03:20:37 +0100] "GET /ticket2/opencms/bs/buy?page=1&edid=BE0412F3-5D89-5ECE-29EF-356E5B914A7D HTTP/1.1" 200 108343
20.171.207.230 - - [27/Feb/2025:03:20:38 +0100] "GET /ticket2/opencms/set_aff_cookie.jsp?partner=2E02071B-A8C3-4CBA-3097-C27D61C02ED8&url=%252Fdk%252Fbuy%252Findex.html%253Fpage%253D1%2526edid%253D66FFE717-0C93-3F01-2AC8-8E7FC5F9BAB1%2526hlv%253D6689076b-86d8-43d8-849c-1ba70a01000f%2523v_20253794 HTTP/1.1" 200 245
85.208.96.196 - - [27/Feb/2025:03:20:38 +0100] "GET /ticket2/opencms/no/sport/fotballsbilletter/la_liga/leganes/ HTTP/1.1" 200 91644
20.171.207.230 - - [27/Feb/2025:03:20:39 +0100] "GET /ticket2/opencms/set_aff_cookie.jsp?partner=57601924-FB09-5BB2-867F-08B4EB522BA8&url=%252Fen%252Fbuy%252Findex.html%253Fpage%253D1%2526edid%253D66C22035-E7EA-E10A-4BFC-2C30733037DC%2526hlv%253D666d4a3b-a7ac-4595-b094-6bb30a01000f%2523v_70412917 HTTP/1.1" 200 245
20.171.207.230 - - [27/Feb/2025:03:20:40 +0100] "GET /ticket2/opencms/set_aff_cookie.jsp?partner=2E02071B-A8C3-4CBA-3097-C27D61C02ED8&url=%252Fen%252Fbuy%252Findex.html%253Fpage%253D1%2526edid%253D66FFE717-0C93-3F01-2AC8-8E7FC5F9BAB1%2526hlv%253D6689076b-86d8-43d8-849c-1ba70a01000f%2523v_20253794 HTTP/1.1" 200 245
85.208.96.208 - - [27/Feb/2025:03:20:41 +0100] "GET /ticket2/opencms/sv/magazine/article?title=framtida-stjarnor HTTP/1.1" 200 92910
20.171.207.230 - - [27/Feb/2025:03:20:42 +0100] "GET /ticket2/opencms/set_aff_cookie.jsp?partner=8F6DE15D-D831-5787-AE7E-FEFF53476F85&url=%252Ffi%252Fbuy%252Findex.html%253Fpage%253D1%2526edid%253D66C22035-E7EA-E10A-4BFC-2C30733037DC%2526hlv%253D66d09331-7580-4ce3-8a42-4af70a01000f%2523v_43511190 HTTP/1.1" 200 245
54.36.148.107 - - [27/Feb/2025:03:20:42 +0100] "GET /ticket2/opencms/dk/sport/fodboldbilletter/premier-league/brighton HTTP/1.1" 200 96971
20.171.207.230 - - [27/Feb/2025:03:20:43 +0100] "GET /ticket2/opencms/set_aff_cookie.jsp?partner=57601924-FB09-5BB2-867F-08B4EB522BA8&url=%252Fsv%252Fbuy%252Findex.html%253Fpage%253D1%2526edid%253D66C22035-E7EA-E10A-4BFC-2C30733037DC%2526hlv%253D666d4a3b-a7ac-4595-b094-6bb30a01000f%2523v_70412917 HTTP/1.1" 200 245
66.249.68.67 - - [27/Feb/2025:03:20:43 +0100] "GET /ticket2/opencms/uk/buy?page=1&edid=F096D1AD-EE12-C298-2137-D6BD382A6C8C&hlv=66d9751a-5278-488f-bb17-58180a01000f HTTP/1.1" 200 115673
202.8.41.243 - - [27/Feb/2025:03:20:43 +0100] "GET /ticket2/opencms/system/modules/com.gridnine.opencms.ticketbrokerage.site/resources/css/jquery-ui.css HTTP/1.1" 200 33221
202.8.41.243 - - [27/Feb/2025:03:20:43 +0100] "GET /ticket2/opencms/system/modules/com.gridnine.opencms.ticketbrokerage.site/resources/css/calendar.css HTTP/1.1" 200 6871
202.8.41.243 - - [27/Feb/2025:03:20:43 +0100] "GET /ticket2/opencms/system/modules/com.gridnine.opencms.ticketbrokerage.site/resources/css/jquery.fancybox.css HTTP/1.1" 200 4939
202.8.41.243 - - [27/Feb/2025:03:20:43 +0100] "GET /ticket2/opencms/system/modules/com.gridnine.opencms.ticketbrokerage.site/resources/css/standard.css HTTP/1.1" 200 74207
202.8.41.243 - - [27/Feb/2025:03:20:43 +0100] "GET /ticket2/opencms/system/modules/com.gridnine.opencms.ticketbrokerage.site/resources/css/ticketbrokerage.css HTTP/1.1" 200 39339
202.8.41.243 - - [27/Feb/2025:03:20:43 +0100] "GET /ticket2/opencms/system/modules/com.gridnine.opencms.ticketbrokerage.site/resources/js/jquery/jquery.js HTTP/1.1" 200 93868
202.8.41.243 - - [27/Feb/2025:03:20:43 +0100] "GET /ticket2/opencms/system/modules/com.gridnine.opencms.ticketbrokerage.site/resources/js/jquery/jquery-ui.js HTTP/1.1" 200 228088
202.8.41.243 - - [27/Feb/2025:03:20:43 +0100] "GET /ticket2/opencms/system/modules/com.gridnine.opencms.ticketbrokerage.site/resources/js/functions.js HTTP/1.1" 200 1583
202.8.41.243 - - [27/Feb/2025:03:20:43 +0100] "GET /ticket2/opencms/system/modules/com.gridnine.opencms.ticketbrokerage.site/resources/js/calendar.js HTTP/1.1" 200 49229
202.8.41.243 - - [27/Feb/2025:03:20:43 +0100] "GET /ticket2/opencms/system/modules/com.gridnine.opencms.ticketbrokerage.site/resources/js/calendar-en.js HTTP/1.1" 200 3338
202.8.41.243 - - [27/Feb/2025:03:20:43 +0100] "GET /ticket2/opencms/system/modules/com.gridnine.opencms.ticketbrokerage.site/resources/js/calendar-setup.js HTTP/1.1" 200 4923
202.8.41.243 - - [27/Feb/2025:03:20:44 +0100] "GET /ticket2/opencms/system/modules/com.gridnine.opencms.ticketbrokerage.site/resources/js/jquery.fancybox.pack.js HTTP/1.1" 200 23187
202.8.41.243 - - [27/Feb/2025:03:20:44 +0100] "GET /ticket2/opencms/system/modules/com.gridnine.opencms.ticketbrokerage.site/resources/js/stickyfill.min.js HTTP/1.1" 200 5672
202.8.41.243 - - [27/Feb/2025:03:20:44 +0100] "GET /ticket2/opencms/system/modules/com.gridnine.opencms.ticketbrokerage.site/resources/js/standard.js HTTP/1.1" 200 3983
202.8.41.243 - - [27/Feb/2025:03:20:44 +0100] "GET /ticket2/opencms/system/modules/com.gridnine.opencms.ticketbrokerage.site/resources/js/jquery.placeholder.min.js HTTP/1.1" 200 1737
202.8.41.243 - - [27/Feb/2025:03:20:44 +0100] "GET /ticket2/opencms/system/modules/com.gridnine.opencms.ticketbrokerage.site/resources/js/common-ajax.js HTTP/1.1" 200 20175
20.171.207.230 - - [27/Feb/2025:03:20:44 +0100] "GET /ticket2/opencms/set_aff_cookie.jsp?partner=57601924-FB09-5BB2-867F-08B4EB522BA8&url=%252Fdk%252Fbuy%252Findex.html%253Fpage%253D1%2526edid%253D66C22035-E7EA-E10A-4BFC-2C30733037DC%2526hlv%253D666d4a39-f9c8-408d-b37e-6bb30a01000f%2523v_58507641 HTTP/1.1" 200 245
173.252.107.7 - - [27/Feb/2025:03:20:44 +0100] "GET /ticket2/opencms/az/buy?page=1&edid=57541A2A-A7DE-A07B-2484-0E25ED563C4B HTTP/1.1" 200 112807
20.171.207.230 - - [27/Feb/2025:03:20:45 +0100] "GET /ticket2/opencms/set_aff_cookie.jsp?partner=5E0CDF29-E7BE-9F6B-6869-7BF66B04006F&url=%252Fen%252Fbuy%252Findex.html%253Fpage%253D1%2526edid%253D66C22035-E7EA-E10A-4BFC-2C30733037DC%2526hlv%253D66d09331-7580-4ce3-8a42-4af70a01000f%2523v_43511190 HTTP/1.1" 200 245
20.171.207.230 - - [27/Feb/2025:03:20:46 +0100] "GET /ticket2/opencms/set_aff_cookie.jsp?partner=2E02071B-A8C3-4CBA-3097-C27D61C02ED8&url=%252Fno%252Fbuy%252Findex.html%253Fpage%253D1%2526edid%253D66FFE717-0C93-3F01-2AC8-8E7FC5F9BAB1%2526hlv%253D6689076b-86d8-43d8-849c-1ba70a01000f%2523v_20253794 HTTP/1.1" 200 245
20.171.207.230 - - [27/Feb/2025:03:20:47 +0100] "GET /ticket2/opencms/set_aff_cookie.jsp?partner=57601924-FB09-5BB2-867F-08B4EB522BA8&url=%252Fdk%252Fbuy%252Findex.html%253Fpage%253D1%2526edid%253D66C22035-E7EA-E10A-4BFC-2C30733037DC%2526hlv%253D666d4a3b-a7ac-4595-b094-6bb30a01000f%2523v_70412917 HTTP/1.1" 200 245
111.119.199.241 - - [27/Feb/2025:03:20:48 +0100] "GET /ticket2/opencms/bs/buy?page=1&edid=D09C9861-7426-A328-53B1-A881873601B3 HTTP/1.1" 200 108410
20.171.207.230 - - [27/Feb/2025:03:20:48 +0100] "GET /ticket2/opencms/set_aff_cookie.jsp?partner=8F6DE15D-D831-5787-AE7E-FEFF53476F85&url=%252Fno%252Fbuy%252Findex.html%253Fpage%253D1%2526edid%253D66C22035-E7EA-E10A-4BFC-2C30733037DC%2526hlv%253D66d09331-7580-4ce3-8a42-4af70a01000f%2523v_43511190 HTTP/1.1" 200 245
66.249.79.199 - - [27/Feb/2025:03:20:49 +0100] "GET /ticket2/opencms/set_aff_cookie.jsp?partner=6F250EA7-4505-FA01-D601-8847F2573405&url=%252Fdk%252Fbuy%252Findex.html%253Fpage%253D1%2526edid%253D2000B814-5798-93BD-839A-CF4F349DB54F%2526hlv%253D66d04b09-b3c0-468e-b851-06fd0a01000f%2523v66879022 HTTP/1.1" 200 244
20.171.207.230 - - [27/Feb/2025:03:20:50 +0100] "GET /ticket2/opencms/set_aff_cookie.jsp?partner=8F6DE15D-D831-5787-AE7E-FEFF53476F85&url=%252Fru%252Fbuy%252Findex.html%253Fpage%253D1%2526edid%253D66C22035-E7EA-E10A-4BFC-2C30733037DC%2526hlv%253D66d09331-7580-4ce3-8a42-4af70a01000f%2523v_43511190 HTTP/1.1" 200 245
20.171.207.230 - - [27/Feb/2025:03:20:51 +0100] "GET /ticket2/opencms/&kid_directed_site=false&plugin=page%C0%A7%C0%A2%252527%252522%5C HTTP/1.1" 400 -
185.191.171.19 - - [27/Feb/2025:03:20:54 +0100] "GET /ticket2/opencms/sv/sport/fotbollsbiljetter/english-championship/ HTTP/1.1" 200 95137
20.171.207.230 - - [27/Feb/2025:03:20:55 +0100] "GET /ticket2/opencms/&kid_directed_site=false&plugin=page HTTP/1.1" 404 -
54.36.148.46 - - [27/Feb/2025:03:20:55 +0100] "GET /ticket2/opencms/it/buy/?page=1&edid=71BCEC0A-D8F2-3C62-D68C-0DCA751BB9B9 HTTP/1.1" 200 90271
173.252.87.1 - - [27/Feb/2025:03:20:57 +0100] "GET /ticket2/opencms/bs/buy?page=1&edid=79B5950A-8F2F-84F8-FCAC-0BA8722B353B HTTP/1.1" 200 112228
183.87.43.209 - - [27/Feb/2025:03:20:57 +0100] "GET /ticket2/opencms/fr/buy?page=1&edid=BA0F8DEE-5B47-CEE4-147B-0950F10B9786 HTTP/1.1" 200 111687
141.255.166.90 - - [27/Feb/2025:03:20:58 +0100] "GET /ticket2/opencms/de/cgi-bin/luci/;stok=/locale HTTP/1.1" 404 -
20.171.207.230 - - [27/Feb/2025:03:21:02 +0100] "GET /ticket2/opencms/dk/sport/fodboldbilletter/premier-league/manchester-city/ HTTP/1.1" 200 97727
47.238.13.11 - - [27/Feb/2025:03:21:08 +0100] "GET /ticket2/opencms/fi/buy?page=1&edid=1B6F6A2B-A0DA-FF91-EC4E-3DCAA442C25B HTTP/1.1" 200 136248
85.208.96.208 - - [27/Feb/2025:03:21:08 +0100] "GET /ticket2/opencms/et/sport/jalgpallipiletid/la-liga/real-sociedad/ HTTP/1.1" 200 100789
47.128.21.168 - - [27/Feb/2025:03:21:08 +0100] "GET /ticket2/opencms/lv/buy/?edid=48068E02-4FA3-02E2-3D63-5475325BD481 HTTP/1.1" 200 91632
94.74.91.39 - - [27/Feb/2025:03:21:08 +0100] "GET /ticket2/opencms/bs/buy?page=1&edid=579B49FD-6D7C-4BF3-CF9E-91183D7BCE4C HTTP/1.1" 200 108392
20.171.207.230 - - [27/Feb/2025:03:21:09 +0100] "GET /ticket2/opencms/set_aff_cookie.jsp?partner=57601924-FB09-5BB2-867F-08B4EB522BA8&url=%252Fnl%252Fbuy%252Findex.html%253Fpage%253D1%2526edid%253D47C0370F-9915-7673-E038-7AD65907592C%2526hlv%253D666d50d4-5650-4c25-a73a-70d60a01000f%2523v1767749214 HTTP/1.1" 200 246
20.171.207.230 - - [27/Feb/2025:03:21:10 +0100] "GET /ticket2/opencms/set_aff_cookie.jsp?partner=6F250EA7-4505-FA01-D601-8847F2573405&url=%252Fno%252Fbuy%252Findex.html%253Fpage%253D1%2526edid%253DDD06A750-81DC-2084-5EA7-F99D030C75E7%2526hlv%253D66938475-9864-4dd5-b80c-6d360a01000f%2523v102169032 HTTP/1.1" 200 245
20.171.207.230 - - [27/Feb/2025:03:21:11 +0100] "GET /ticket2/opencms/set_aff_cookie.jsp?partner=8F6DE15D-D831-5787-AE7E-FEFF53476F85&url=%252Fen%252Fbuy%252Findex.html%253Fpage%253D1%2526edid%253D50F18BFF-700E-1E6F-C17F-C358E206F903%2526hlv%253D61449282-f808-4fc4-a34a-77330a01000f%2523v_1961250560 HTTP/1.1" 200 247
54.36.148.68 - - [27/Feb/2025:03:21:12 +0100] "GET /ticket2/opencms/lv/buy?page=1&edid=F2971CC3-8714-3DC4-0355-85018375B4CB HTTP/1.1" 200 110844
114.119.153.152 - - [27/Feb/2025:03:21:12 +0100] "GET /ticket2/opencms/bs/buy?page=1&edid=FD52E00C-3C9A-0A2F-BAA0-089F0A591CCF HTTP/1.1" 200 111379
20.171.207.230 - - [27/Feb/2025:03:21:12 +0100] "GET /ticket2/opencms/set_aff_cookie.jsp?partner=6F250EA7-4505-FA01-D601-8847F2573405&url=%252Fnl%252Fbuy%252Findex.html%253Fpage%253D1%2526edid%253D7568E602-7C67-35D2-952F-D243F8930169%2526hlv%253D666dbc73-20ec-4564-a90d-4cf60a01000f%2523v_428160343 HTTP/1.1" 200 246
114.119.139.202 - - [27/Feb/2025:03:21:12 +0100] "GET /ticket2/opencms/es/buy/?page=1&edid=959254C8-9F5F-6179-1CA1-062F7936CA77 HTTP/1.1" 200 108628
20.171.207.230 - - [27/Feb/2025:03:21:13 +0100] "GET /ticket2/opencms/set_aff_cookie.jsp?partner=5E0CDF29-E7BE-9F6B-6869-7BF66B04006F&url=%252Fnl%252Fbuy%252Findex.html%253Fpage%253D1%2526edid%253D59EE7C1E-928C-0B67-F8CD-0935739262E0%2526hlv%253D66883a0e-7138-47de-91eb-2d260a01000f%2523v_928471503 HTTP/1.1" 200 246
20.171.207.230 - - [27/Feb/2025:03:21:14 +0100] "GET /ticket2/opencms/set_aff_cookie.jsp?partner=57601924-FB09-5BB2-867F-08B4EB522BA8&url=%252Fsv%252Fbuy%252Findex.html%253Fpage%253D1%2526edid%253D864966C0-6945-AA58-A6C7-9273AE6642E0%2526hlv%253D611bcafb-b854-4925-a0cb-529e0a01000f%2523v_246969124 HTTP/1.1" 200 246
20.171.207.230 - - [27/Feb/2025:03:21:16 +0100] "GET /ticket2/opencms/nl/buy/?page=6 HTTP/1.1" 200 88347
20.171.207.230 - - [27/Feb/2025:03:21:17 +0100] "GET /ticket2/opencms/set_aff_cookie.jsp?partner=57601924-FB09-5BB2-867F-08B4EB522BA8&url=%252Fno%252Fbuy%252Findex.html%253Fpage%253D1%2526edid%253D3289C097-2261-9433-8644-DF033A9EE354%2526hlv%253D666c5d13-56d8-4278-90e5-4e220a01000f%2523v871569882 HTTP/1.1" 200 245
166.108.197.125 - - [27/Feb/2025:03:21:17 +0100] "GET /ticket2/opencms/es/buy?page=1&edid=37459553-F765-6A83-58BB-25CA313B1325 HTTP/1.1" 200 111085
20.171.207.230 - - [27/Feb/2025:03:21:18 +0100] "GET /ticket2/opencms/set_aff_cookie.jsp?partner=6F250EA7-4505-FA01-D601-8847F2573405&url=%252Fru%252Fbuy%252Findex.html%253Fpage%253D1%2526edid%253DD4B1E319-6F48-1B90-FA7F-FABAA1246B5E%2526hlv%253D610bcb94-ef88-48e1-9252-12a00a01000f%2523v_1576266280 HTTP/1.1" 200 247
20.171.207.230 - - [27/Feb/2025:03:21:20 +0100] "GET /ticket2/opencms/sv/buy/?page=6 HTTP/1.1" 200 90061
114.119.153.152 - - [27/Feb/2025:03:21:20 +0100] "GET /ticket2/opencms/bs/buy?page=1&edid=6EA2D348-88C2-3D24-490F-B5624CA04074 HTTP/1.1" 200 110554
