20.171.207.55 - - [27/Feb/2025:00:08:07 +0100] "GET /ticket2/opencms/set_aff_cookie.jsp?partner=6F250EA7-4505-FA01-D601-8847F2573405&url=%252Ffi%252Fbuy%252Findex.html%253Fpage%253D1%2526edid%253D74430233-0066-0F2D-297C-6BDDB67075CE%2526hlv%253D66d03ad5-6864-4f97-97d7-75040a01000f%2523v1637512372 HTTP/1.1" 200 246
20.171.207.55 - - [27/Feb/2025:00:08:08 +0100] "GET /ticket2/opencms/set_aff_cookie.jsp?partner=6F250EA7-4505-FA01-D601-8847F2573405&url=%252Fdk%252Fbuy%252Findex.html%253Fpage%253D1%2526edid%253D496CD62B-3F1C-D34A-3597-57C5C053F18F%2526hlv%253D66cf0b77-0d68-48bb-b569-240c0a01000f%2523v_290159414 HTTP/1.1" 200 246
20.171.207.55 - - [27/Feb/2025:00:08:09 +0100] "GET /ticket2/opencms/set_aff_cookie.jsp?partner=5E0CDF29-E7BE-9F6B-6869-7BF66B04006F&url=%252Fsv%252Fbuy%252Findex.html%253Fpage%253D1%2526edid%253DE812DC98-AE38-97F5-2101-8A924E9CC5AE%2526hlv%253D66cf0b83-6680-45e1-9259-240c0a01000f%2523v_1090023163 HTTP/1.1" 200 247
20.171.207.55 - - [27/Feb/2025:00:08:10 +0100] "GET /ticket2/opencms/set_aff_cookie.jsp?partner=6F250EA7-4505-FA01-D601-8847F2573405&url=%252Ffi%252Fbuy%252Findex.html%253Fpage%253D1%2526edid%253D3590293B-3580-7B39-A58A-6ECDB1E34543%2526hlv%253D666ddf92-bbb8-4116-a6fb-6dbe0a01000f%2523v_1027464099 HTTP/1.1" 200 247
20.171.207.55 - - [27/Feb/2025:00:08:11 +0100] "GET /ticket2/opencms/set_aff_cookie.jsp?partner=6F250EA7-4505-FA01-D601-8847F2573405&url=%252Fsv%252Fbuy%252Findex.html%253Fpage%253D1%2526edid%253DC64002B7-B7A3-A646-1770-7E79C914EDA5%2526hlv%253D66a120d5-2460-4c2e-98a1-08c90a01000f%2523v_576617252 HTTP/1.1" 200 246
52.167.144.232 - - [27/Feb/2025:00:08:12 +0100] "GET /ticket2/opencms/fi/magazine/article?title=alexander-isak-rikkoo-ennatyksia HTTP/1.1" 200 92836
20.171.207.55 - - [27/Feb/2025:00:08:12 +0100] "GET /ticket2/opencms/set_aff_cookie.jsp?partner=6F250EA7-4505-FA01-D601-8847F2573405&url=%252Fno%252Fbuy%252Findex.html%253Fpage%253D1%2526edid%253D36B8587B-9BD4-1599-9368-E59F9780F9A9%2526hlv%253D666c8a20-acc8-49f6-afd6-7e6f0a01000f%2523v_1132717247 HTTP/1.1" 200 247
54.36.149.6 - - [27/Feb/2025:00:08:13 +0100] "GET /ticket2/opencms/en/venue/?countryid=8858D171-8914-8DFD-A2E4-50FE56A44627 HTTP/1.1" 200 114735
20.171.207.55 - - [27/Feb/2025:00:08:14 +0100] "GET /ticket2/opencms/set_aff_cookie.jsp?partner=57601924-FB09-5BB2-867F-08B4EB522BA8&url=%252Fsv%252Fbuy%252Findex.html%253Fpage%253D1%2526edid%253DE0DCB6F1-32E5-4B69-7659-12DFC9BB0380%2526hlv%253D67be0b4d-73a8-4107-bb09-4d990a01000f%2523v_301171514 HTTP/1.1" 200 246
47.128.40.172 - - [27/Feb/2025:00:08:14 +0100] "GET /ticket2/opencms/is/?comcatid=66708183-7480-3365-06BF-DBF60280AB45 HTTP/1.1" 200 105724
20.171.207.55 - - [27/Feb/2025:00:08:15 +0100] "GET /ticket2/opencms/set_aff_cookie.jsp?partner=57601924-FB09-5BB2-867F-08B4EB522BA8&url=%252Fru%252Fbuy%252Findex.html%253Fpage%253D1%2526edid%253D2B44308E-1778-CFAE-7385-18758823F6EB%2526hlv%253D67ac8533-95f8-4488-8711-02a70a01000f%2523v_1749770701 HTTP/1.1" 200 247
47.128.39.228 - - [27/Feb/2025:00:08:15 +0100] "GET /ticket2/opencms/fr/magazine/article?title=em-joueurs-qui-se-distinguent HTTP/1.1" 200 93173
190.92.219.147 - - [27/Feb/2025:00:08:16 +0100] "GET /ticket2/opencms/fr/buy?page=1&edid=E2770D18-E952-4B89-3A99-F864CC9397CA HTTP/1.1" 200 111567
20.171.207.55 - - [27/Feb/2025:00:08:16 +0100] "GET /ticket2/opencms/set_aff_cookie.jsp?partner=6F250EA7-4505-FA01-D601-8847F2573405&url=%252Fdk%252Fbuy%252Findex.html%253Fpage%253D1%2526edid%253DF8093B0F-0671-8BAD-4914-C12550D964A6%2526hlv%253D66b37ff9-d378-4774-9b35-74430a01000f%2523v1421539036 HTTP/1.1" 200 246
85.208.96.205 - - [27/Feb/2025:00:08:17 +0100] "GET /ticket2/opencms/cs/magazine/article?title=raphael-varane-ukoncuje-svou-karieru-ve-veku-31-let HTTP/1.1" 200 93567
20.171.207.55 - - [27/Feb/2025:00:08:17 +0100] "GET /ticket2/opencms/set_aff_cookie.jsp?partner=8F6DE15D-D831-5787-AE7E-FEFF53476F85&url=%252Ffi%252Fbuy%252Findex.html%253Fpage%253D1%2526edid%253DD402E731-16BD-6054-BEC0-D195836DBFA5%2526hlv%253D668839ee-3a98-4473-b090-2d260a01000f%2523v_1497601554 HTTP/1.1" 200 247
20.171.207.55 - - [27/Feb/2025:00:08:18 +0100] "GET /ticket2/opencms/set_aff_cookie.jsp?partner=2E02071B-A8C3-4CBA-3097-C27D61C02ED8&url=%252Fru%252Fbuy%252Findex.html%253Fpage%253D1%2526edid%253D31B9C446-A8DC-95DD-A849-35A34B746A74%2526hlv%253D6693ab2d-62a4-4e11-a775-052e0a01000f%2523v_994149061 HTTP/1.1" 200 246
20.171.207.55 - - [27/Feb/2025:00:08:19 +0100] "GET /ticket2/opencms/set_aff_cookie.jsp?partner=8F6DE15D-D831-5787-AE7E-FEFF53476F85&url=%252Fnl%252Fbuy%252Findex.html%253Fpage%253D1%2526edid%253D31B9C446-A8DC-95DD-A849-35A34B746A74%2526hlv%253D6693ab2b-2304-4495-9890-052e0a01000f%2523v_582003316 HTTP/1.1" 200 246
188.68.38.34 - - [27/Feb/2025:00:08:20 +0100] "GET /ticket2/opencms/en/buy/?page=1&edid=1B836A42-4F20-7A0F-05D1-08388A470666 HTTP/1.1" 200 109119
47.128.39.228 - - [27/Feb/2025:00:08:20 +0100] "GET /ticket2/opencms/img/peri_spain.jpg HTTP/1.1" 200 126679
20.171.207.55 - - [27/Feb/2025:00:08:21 +0100] "GET /ticket2/opencms/set_aff_cookie.jsp?partner=57601924-FB09-5BB2-867F-08B4EB522BA8&url=%252Fnl%252Fbuy%252Findex.html%253Fpage%253D1%2526edid%253D26467E66-E432-3709-0425-A75E81B5021A%2526hlv%253D666c5d28-6514-49f7-a784-4e220a01000f%2523v508846429 HTTP/1.1" 200 245
20.171.207.55 - - [27/Feb/2025:00:08:22 +0100] "GET /ticket2/opencms/set_aff_cookie.jsp?partner=8F6DE15D-D831-5787-AE7E-FEFF53476F85&url=%252Fno%252Fbuy%252Findex.html%253Fpage%253D1%2526edid%253D0AF722C7-398C-BD7F-56C9-079824699138%2526hlv%253D60f81a7b-0450-47a0-8a0e-5d1e0a01000f%2523v_2040084025 HTTP/1.1" 200 247
20.171.207.55 - - [27/Feb/2025:00:08:23 +0100] "GET /ticket2/opencms/set_aff_cookie.jsp?partner=8F6DE15D-D831-5787-AE7E-FEFF53476F85&url=%252Ffi%252Fbuy%252Findex.html%253Fpage%253D1%2526edid%253DC9919F63-312E-C4DF-29D6-DA1CE80EC9A2%2526hlv%253D668687a1-88b8-4461-8357-0d840a01000f%2523v_283980563 HTTP/1.1" 200 246
114.119.150.86 - - [27/Feb/2025:00:08:24 +0100] "GET /ticket2/opencms/tr/buy?page=1&edid=3057AE90-BB1D-FEC9-121D-20C3678F7EBA HTTP/1.1" 200 108959
20.171.207.55 - - [27/Feb/2025:00:08:24 +0100] "GET /ticket2/opencms/set_aff_cookie.jsp?partner=6F250EA7-4505-FA01-D601-8847F2573405&url=%252Fdk%252Fbuy%252Findex.html%253Fpage%253D1%2526edid%253DABE0D196-5A84-0064-2AAA-8BE846913E3B%2526hlv%253D666cbc55-0ef4-4e00-ad9d-51ba0a01000f%2523v_1224950159 HTTP/1.1" 200 247
47.128.16.253 - - [27/Feb/2025:00:08:24 +0100] "GET /ticket2/opencms/en/ HTTP/1.1" 200 104622
20.171.207.55 - - [27/Feb/2025:00:08:25 +0100] "GET /ticket2/opencms/set_aff_cookie.jsp?partner=2E02071B-A8C3-4CBA-3097-C27D61C02ED8&url=%252Fsv%252Fbuy%252Findex.html%253Fpage%253D1%2526edid%253D9A8891BD-C3B9-2FD5-1633-7AEF0F073762%2526hlv%253D669390d8-c4c0-46b8-8a52-75040a01000f%2523v_298891197 HTTP/1.1" 200 246
20.171.207.55 - - [27/Feb/2025:00:08:26 +0100] "GET /ticket2/opencms/set_aff_cookie.jsp?partner=6F250EA7-4505-FA01-D601-8847F2573405&url=%252Fru%252Fbuy%252Findex.html%253Fpage%253D1%2526edid%253D87B3356E-6F78-7F45-235C-4CD49B95C308%2526hlv%253D669148e1-c798-473f-8a21-48a80a01000f%2523v1271380646 HTTP/1.1" 200 246
20.171.207.55 - - [27/Feb/2025:00:08:27 +0100] "GET /ticket2/opencms/set_aff_cookie.jsp?partner=6F250EA7-4505-FA01-D601-8847F2573405&url=%252Ffi%252Fbuy%252Findex.html%253Fpage%253D1%2526edid%253D87B3356E-6F78-7F45-235C-4CD49B95C308%2526hlv%253D669148e4-4df0-47d4-9363-48a80a01000f%2523v264908816 HTTP/1.1" 200 245
37.120.162.214 - - [27/Feb/2025:00:08:28 +0100] "GET /ticket2/opencms/en/sport/football-tickets/serie_a/genoa/ HTTP/1.1" 200 96312
190.92.208.247 - - [27/Feb/2025:00:08:28 +0100] "GET /ticket2/opencms/tr/buy?page=1&edid=150C2B47-38EB-0C0E-C664-5F863E9426DB HTTP/1.1" 200 135575
20.171.207.55 - - [27/Feb/2025:00:08:29 +0100] "GET /ticket2/opencms/set_aff_cookie.jsp?partner=6F250EA7-4505-FA01-D601-8847F2573405&url=%252Ffi%252Fbuy%252Findex.html%253Fpage%253D1%2526edid%253D76EAECA7-64F4-2580-38CA-B14BCC95A1C5%2526hlv%253D66901f66-0f08-4ea4-aec6-210c0a01000f%2523v_1258156747 HTTP/1.1" 200 247
185.191.171.1 - - [27/Feb/2025:00:08:29 +0100] "GET /ticket2/opencms/lv/buy_safety/ HTTP/1.1" 200 89512
20.171.207.55 - - [27/Feb/2025:00:08:30 +0100] "GET /ticket2/opencms/set_aff_cookie.jsp?partner=8F6DE15D-D831-5787-AE7E-FEFF53476F85&url=%252Fsv%252Fbuy%252Findex.html%253Fpage%253D1%2526edid%253D0859B3F5-666A-8459-68A2-BF0A731BAF06%2526hlv%253D6693849f-062c-46f7-a0e8-6c6f0a01000f%2523v_1533874110 HTTP/1.1" 200 247
52.167.144.235 - - [27/Feb/2025:00:08:30 +0100] "GET /ticket2/opencms/en/sport/football-tickets/serie_a/genoa/ HTTP/1.1" 200 96320
20.171.207.55 - - [27/Feb/2025:00:08:31 +0100] "GET /ticket2/opencms/set_aff_cookie.jsp?partner=6F250EA7-4505-FA01-D601-8847F2573405&url=%252Fno%252Fbuy%252Findex.html%253Fpage%253D1%2526edid%253DDD06A750-81DC-2084-5EA7-F99D030C75E7%2526hlv%253D66938474-9b1c-4334-b9a9-6d360a01000f%2523v1393109730 HTTP/1.1" 200 246
44.218.170.184 - - [27/Feb/2025:00:08:32 +0100] "GET /ticket2/opencms/sv/buy/?edid=7D93CEA8-790B-90BC-58EC-CA5B0CB3CBFB&page=1 HTTP/1.1" 200 123986
20.171.207.55 - - [27/Feb/2025:00:08:32 +0100] "GET /ticket2/opencms/set_aff_cookie.jsp?partner=2E02071B-A8C3-4CBA-3097-C27D61C02ED8&url=%252Fru%252Fbuy%252Findex.html%253Fpage%253D1%2526edid%253D59EE7C1E-928C-0B67-F8CD-0935739262E0%2526hlv%253D66883a0c-6858-4036-acd3-2d260a01000f%2523v_1190292888 HTTP/1.1" 200 247
20.171.207.55 - - [27/Feb/2025:00:08:33 +0100] "GET /ticket2/opencms/set_aff_cookie.jsp?partner=6F250EA7-4505-FA01-D601-8847F2573405&url=%252Ffi%252Fbuy%252Findex.html%253Fpage%253D1%2526edid%253D9F8544B2-CF19-221B-478E-5476FF460535%2526hlv%253D6693ab4b-62d8-4922-910f-052e0a01000f%2523v1569652784 HTTP/1.1" 200 246
20.171.207.55 - - [27/Feb/2025:00:08:35 +0100] "GET /ticket2/opencms/set_aff_cookie.jsp?partner=6F250EA7-4505-FA01-D601-8847F2573405&url=%252Fnl%252Fbuy%252Findex.html%253Fpage%253D1%2526edid%253DD017627D-6895-48D5-7AF6-3326E738EE9B%2526hlv%253D61127aff-5c90-4fd5-bb19-2e4e0a01000f%2523v_636057976 HTTP/1.1" 200 246
52.70.209.13 - - [27/Feb/2025:00:08:35 +0100] "GET /ticket2/opencms/sv/buy/?edid=F17C9A03-9EE8-3021-F3ED-C1A41F2235FA&page=1 HTTP/1.1" 200 125796
20.171.207.55 - - [27/Feb/2025:00:08:36 +0100] "GET /ticket2/opencms/set_aff_cookie.jsp?partner=6F250EA7-4505-FA01-D601-8847F2573405&url=%252Fen%252Fbuy%252Findex.html%253Fpage%253D1%2526edid%253DEEE973BA-8DC4-78CF-0AA2-8C97FEFEA03F%2526hlv%253D66914895-f76c-4558-8e69-483a0a01000f%2523v_556127704 HTTP/1.1" 200 246
20.171.207.55 - - [27/Feb/2025:00:08:37 +0100] "GET /ticket2/opencms/set_aff_cookie.jsp?partner=6F250EA7-4505-FA01-D601-8847F2573405&url=%252Fen%252Fbuy%252Findex.html%253Fpage%253D1%2526edid%253D81B38BC2-1B10-C00A-7953-DB579F5D53A3%2526hlv%253D66924224-b49c-4210-a5a9-073b0a01000f%2523v_1180764820 HTTP/1.1" 200 247
20.171.207.55 - - [27/Feb/2025:00:08:38 +0100] "GET /ticket2/opencms/set_aff_cookie.jsp?partner=2E02071B-A8C3-4CBA-3097-C27D61C02ED8&url=%252Ffi%252Fbuy%252Findex.html%253Fpage%253D1%2526edid%253D291216E9-A94A-205B-7C67-5C0727287644%2526hlv%253D61154e4c-da38-49bf-8e56-159f0a01000f%2523v_1553803855 HTTP/1.1" 200 247
152.53.108.222 - - [27/Feb/2025:00:08:39 +0100] "GET /ticket2/opencms/en/sport/football-tickets/serie_a/sassuolo/ HTTP/1.1" 200 93305
20.171.207.55 - - [27/Feb/2025:00:08:39 +0100] "GET /ticket2/opencms/set_aff_cookie.jsp?partner=57601924-FB09-5BB2-867F-08B4EB522BA8&url=%252Ffi%252Fbuy%252Findex.html%253Fpage%253D1%2526edid%253D3289C097-2261-9433-8644-DF033A9EE354%2526hlv%253D666c5d19-eb48-4854-888f-4e220a01000f%2523v_457115023 HTTP/1.1" 200 246
3.212.86.97 - - [27/Feb/2025:00:08:40 +0100] "GET /ticket2/opencms/sites/ticketbrokerage/sv/buy/?catid=D8B345C9-F7A5-E620-4B43-C34EB0D6885B&comcatid=A17713B6-D984-201A-4143-ED4DB5ED5C2E&page=6 HTTP/1.1" 404 -
20.171.207.55 - - [27/Feb/2025:00:08:40 +0100] "GET /ticket2/opencms/set_aff_cookie.jsp?partner=6F250EA7-4505-FA01-D601-8847F2573405&url=%252Ffi%252Fbuy%252Findex.html%253Fpage%253D1%2526edid%253DDD06A750-81DC-2084-5EA7-F99D030C75E7%2526hlv%253D66938476-7904-430f-99cc-6d360a01000f%2523v1778772349 HTTP/1.1" 200 246
47.128.34.18 - - [27/Feb/2025:00:08:40 +0100] "GET /ticket2/opencms/bg/buy/?edid=E3251761-EB52-79D3-066B-585D4F470E3B HTTP/1.1" 200 92591
188.239.41.7 - - [27/Feb/2025:00:08:41 +0100] "GET /ticket2/opencms/cs/buy/?page=1&edid=FC797166-D971-D25F-0FB0-A6DA82828914 HTTP/1.1" 200 90523
20.171.207.55 - - [27/Feb/2025:00:08:41 +0100] "GET /ticket2/opencms/set_aff_cookie.jsp?partner=8F6DE15D-D831-5787-AE7E-FEFF53476F85&url=%252Fsv%252Fbuy%252Findex.html%253Fpage%253D1%2526edid%253D9F8544B2-CF19-221B-478E-5476FF460535%2526hlv%253D6693ab4a-1af8-4612-aec1-052e0a01000f%2523v_142926793 HTTP/1.1" 200 246
185.191.171.16 - - [27/Feb/2025:00:08:42 +0100] "GET /ticket2/opencms/ro/magazine/article?title=michail-antonio-ranit-dupa-un-accident-de-masina HTTP/1.1" 200 93907
20.171.207.55 - - [27/Feb/2025:00:08:43 +0100] "GET /ticket2/opencms/set_aff_cookie.jsp?partner=8F6DE15D-D831-5787-AE7E-FEFF53476F85&url=%252Fru%252Fbuy%252Findex.html%253Fpage%253D1%2526edid%253D7568E602-7C67-35D2-952F-D243F8930169%2526hlv%253D666dbc73-24d4-4ac4-bb0c-4cf60a01000f%2523v_1773400789 HTTP/1.1" 200 247
20.171.207.55 - - [27/Feb/2025:00:08:44 +0100] "GET /ticket2/opencms/set_aff_cookie.jsp?partner=2E02071B-A8C3-4CBA-3097-C27D61C02ED8&url=%252Ffi%252Fbuy%252Findex.html%253Fpage%253D1%2526edid%253D5C16C231-B966-190F-EDF0-005493349D4E%2526hlv%253D66924209-8630-4485-9039-068d0a01000f%2523v2046733023 HTTP/1.1" 200 246
20.171.207.55 - - [27/Feb/2025:00:08:45 +0100] "GET /ticket2/opencms/set_aff_cookie.jsp?partner=6F250EA7-4505-FA01-D601-8847F2573405&url=%252Fdk%252Fbuy%252Findex.html%253Fpage%253D1%2526edid%253D77EEF94B-7B3D-9F35-9811-078E0E2474CF%2526hlv%253D669388b6-cb38-4741-926d-703e0a01000f%2523v_1497372970 HTTP/1.1" 200 247
20.171.207.55 - - [27/Feb/2025:00:08:46 +0100] "GET /ticket2/opencms/set_aff_cookie.jsp?partner=2E02071B-A8C3-4CBA-3097-C27D61C02ED8&url=%252Fno%252Fbuy%252Findex.html%253Fpage%253D1%2526edid%253D8934C2AC-6876-4053-807F-3C9624A74CB0%2526hlv%253D611bc81b-3acc-4670-810f-502f0a01000f%2523v_289086553 HTTP/1.1" 200 246
20.171.207.55 - - [27/Feb/2025:00:08:47 +0100] "GET /ticket2/opencms/set_aff_cookie.jsp?partner=6F250EA7-4505-FA01-D601-8847F2573405&url=%252Fdk%252Fbuy%252Findex.html%253Fpage%253D1%2526edid%253DD402E731-16BD-6054-BEC0-D195836DBFA5%2526hlv%253D668839ef-9794-4956-98f1-2d260a01000f%2523v_1849233336 HTTP/1.1" 200 247
85.208.96.205 - - [27/Feb/2025:00:08:47 +0100] "GET /ticket2/opencms/ka/magazine/article?title=fekhburtis-gundze-liverpool-fc HTTP/1.1" 200 97357
20.171.207.55 - - [27/Feb/2025:00:08:48 +0100] "GET /ticket2/opencms/set_aff_cookie.jsp?partner=57601924-FB09-5BB2-867F-08B4EB522BA8&url=%252Fdk%252Fbuy%252Findex.html%253Fpage%253D1%2526edid%253D89FE7505-90F7-E10A-4E29-615C9B572E94%2526hlv%253D614d718a-5f34-4fcd-9707-773b0a01000f%2523v_881802591 HTTP/1.1" 200 246
54.36.148.137 - - [27/Feb/2025:00:08:49 +0100] "GET /ticket2/opencms/no/magazine/article?title=arsenal-og-tottenham-deler-i-en-episk-4-4-kamp-den-29-oktober-2008 HTTP/1.1" 200 94725
185.191.171.7 - - [27/Feb/2025:00:08:49 +0100] "GET /ticket2/opencms/lv/magazine/article?title=dramatiska-spele-starp-tottenham-un-chelsea HTTP/1.1" 200 94203
20.171.207.55 - - [27/Feb/2025:00:08:50 +0100] "GET /ticket2/opencms/set_aff_cookie.jsp?partner=6F250EA7-4505-FA01-D601-8847F2573405&url=%252Fno%252Fbuy%252Findex.html%253Fpage%253D1%2526edid%253D81B38BC2-1B10-C00A-7953-DB579F5D53A3%2526hlv%253D66924223-469c-43e3-8570-073b0a01000f%2523v803751713 HTTP/1.1" 200 245
20.171.207.55 - - [27/Feb/2025:00:08:51 +0100] "GET /ticket2/opencms/set_aff_cookie.jsp?partner=2E02071B-A8C3-4CBA-3097-C27D61C02ED8&url=%252Fdk%252Fbuy%252Findex.html%253Fpage%253D1%2526edid%253D4850D7A2-1335-E7AC-9D3F-41B304FBAA4C%2526hlv%253D669241e3-c85c-4038-9953-0d220a01000f%2523v_1961924768 HTTP/1.1" 200 247
20.171.207.55 - - [27/Feb/2025:00:08:52 +0100] "GET /ticket2/opencms/set_aff_cookie.jsp?partner=6F250EA7-4505-FA01-D601-8847F2573405&url=%252Fnl%252Fbuy%252Findex.html%253Fpage%253D1%2526edid%253D750C6040-29F7-425D-A24F-51B977F415A3%2526hlv%253D666c4b80-6768-40a5-a153-3da20a01000f%2523v531984764 HTTP/1.1" 200 245
122.8.182.33 - - [27/Feb/2025:00:08:52 +0100] "GET /ticket2/opencms/tr/buy?page=1&edid=2C4B9446-424B-066B-918D-EBEB23C16CCA HTTP/1.1" 200 112084
20.171.207.55 - - [27/Feb/2025:00:08:53 +0100] "GET /ticket2/opencms/set_aff_cookie.jsp?partner=57601924-FB09-5BB2-867F-08B4EB522BA8&url=%252Fnl%252Fbuy%252Findex.html%253Fpage%253D1%2526edid%253D47C0370F-9915-7673-E038-7AD65907592C%2526hlv%253D666d50d3-8424-4be9-b32e-70d60a01000f%2523v_1827660917 HTTP/1.1" 200 247
20.171.207.55 - - [27/Feb/2025:00:08:54 +0100] "GET /ticket2/opencms/set_aff_cookie.jsp?partner=6F250EA7-4505-FA01-D601-8847F2573405&url=%252Ffi%252Fbuy%252Findex.html%253Fpage%253D1%2526edid%253D87DA8067-258E-93BF-F8B0-6A2011EF3D80%2526hlv%253D666ddfc2-a340-449d-b57b-6dca0a01000f%2523v_1734147246 HTTP/1.1" 200 247
20.171.207.55 - - [27/Feb/2025:00:08:55 +0100] "GET /ticket2/opencms/set_aff_cookie.jsp?partner=57601924-FB09-5BB2-867F-08B4EB522BA8&url=%252Fno%252Fbuy%252Findex.html%253Fpage%253D1%2526edid%253D7EF10304-98E0-2B58-2938-76F08ACE3694%2526hlv%253D60f81f20-6d54-4b7b-81d5-5dba0a01000f%2523v_810602793 HTTP/1.1" 200 246
20.171.207.55 - - [27/Feb/2025:00:08:56 +0100] "GET /ticket2/opencms/set_aff_cookie.jsp?partner=57601924-FB09-5BB2-867F-08B4EB522BA8&url=%252Fsv%252Fbuy%252Findex.html%253Fpage%253D1%2526edid%253DC64002B7-B7A3-A646-1770-7E79C914EDA5%2526hlv%253D66a120d6-1aa4-4dcb-878e-08c90a01000f%2523v_1992807386 HTTP/1.1" 200 247
66.220.149.20 - - [27/Feb/2025:00:08:57 +0100] "GET /ticket2/opencms/uk/buy/?page=1&edid=B12376C6-BA7F-3D61-F970-EF51106430AB HTTP/1.1" 200 132355
20.171.207.55 - - [27/Feb/2025:00:08:58 +0100] "GET /ticket2/opencms/set_aff_cookie.jsp?partner=6F250EA7-4505-FA01-D601-8847F2573405&url=%252Fsv%252Fbuy%252Findex.html%253Fpage%253D1%2526edid%253D552202FE-6CC9-18FE-8F33-9429723BB7EB%2526hlv%253D66d03918-0424-4546-a039-738e0a01000f%2523v595751314 HTTP/1.1" 200 245
20.171.207.55 - - [27/Feb/2025:00:08:59 +0100] "GET /ticket2/opencms/set_aff_cookie.jsp?partner=6F250EA7-4505-FA01-D601-8847F2573405&url=%252Fen%252Fbuy%252Findex.html%253Fpage%253D1%2526edid%253D2F89DE74-66D3-F2EE-BBA0-20A3C149309A%2526hlv%253D66924887-3498-4c57-b305-19b40a01000f%2523v_1105474183 HTTP/1.1" 200 247
69.171.230.6 - - [27/Feb/2025:00:08:59 +0100] "GET /ticket2/opencms/sk/buy?page=1&edid=3DA4D4F8-D0E8-FA39-BB7D-9FB474CBAB05 HTTP/1.1" 200 111076
20.171.207.55 - - [27/Feb/2025:00:09:00 +0100] "GET /ticket2/opencms/set_aff_cookie.jsp?partner=2E02071B-A8C3-4CBA-3097-C27D61C02ED8&url=%252Fnl%252Fbuy%252Findex.html%253Fpage%253D1%2526edid%253D0859B3F5-666A-8459-68A2-BF0A731BAF06%2526hlv%253D6693849e-f160-46fc-965a-6c6f0a01000f%2523v_1055235848 HTTP/1.1" 200 247
185.191.171.8 - - [27/Feb/2025:00:09:00 +0100] "GET /ticket2/opencms/sk/sport/futbalove-listky/serie-a/salernitana/ HTTP/1.1" 200 96931
20.171.207.55 - - [27/Feb/2025:00:09:01 +0100] "GET /ticket2/opencms/set_aff_cookie.jsp?partner=6F250EA7-4505-FA01-D601-8847F2573405&url=%252Fnl%252Fbuy%252Findex.html%253Fpage%253D1%2526edid%253D9F8544B2-CF19-221B-478E-5476FF460535%2526hlv%253D6693ab4c-349c-4778-99b1-052e0a01000f%2523v339274260 HTTP/1.1" 200 245
20.171.207.55 - - [27/Feb/2025:00:09:02 +0100] "GET /ticket2/opencms/set_aff_cookie.jsp?partner=57601924-FB09-5BB2-867F-08B4EB522BA8&url=%252Fno%252Fbuy%252Findex.html%253Fpage%253D1%2526edid%253D7568E602-7C67-35D2-952F-D243F8930169%2526hlv%253D666dbc70-853c-4839-8791-4cf60a01000f%2523v_391535371 HTTP/1.1" 200 246
20.171.207.55 - - [27/Feb/2025:00:09:03 +0100] "GET /ticket2/opencms/set_aff_cookie.jsp?partner=57601924-FB09-5BB2-867F-08B4EB522BA8&url=%252Fdk%252Fbuy%252Findex.html%253Fpage%253D1%2526edid%253D9A8891BD-C3B9-2FD5-1633-7AEF0F073762%2526hlv%253D669390d7-64d4-4bac-b7e6-75040a01000f%2523v_1901602358 HTTP/1.1" 200 247
20.171.207.55 - - [27/Feb/2025:00:09:04 +0100] "GET /ticket2/opencms/set_aff_cookie.jsp?partner=6F250EA7-4505-FA01-D601-8847F2573405&url=%252Fru%252Fbuy%252Findex.html%253Fpage%253D1%2526edid%253D59510E33-7947-2FED-CC14-F0612B76476A%2526hlv%253D66866f77-4ee8-40ce-ac94-71630a01000f%2523v_553892758 HTTP/1.1" 200 246
111.119.236.73 - - [27/Feb/2025:00:09:05 +0100] "GET /ticket2/opencms/sr/buy/?page=1&edid=380D9DCE-9F52-6635-EF3F-C6491C4BBEEF HTTP/1.1" 200 135804
20.171.207.55 - - [27/Feb/2025:00:09:06 +0100] "GET /ticket2/opencms/set_aff_cookie.jsp?partner=6F250EA7-4505-FA01-D601-8847F2573405&url=%252Fdk%252Fbuy%252Findex.html%253Fpage%253D1%2526edid%253D5C16C231-B966-190F-EDF0-005493349D4E%2526hlv%253D66924209-0a4c-4411-b60d-068d0a01000f%2523v1118755634 HTTP/1.1" 200 246
216.244.66.238 - - [27/Feb/2025:00:09:06 +0100] "GET /ticket2/opencms/es/buy?page=1&edid=5D321DC0-F322-723C-4DDF-C824F908AD14 HTTP/1.1" 200 111944
20.171.207.55 - - [27/Feb/2025:00:09:07 +0100] "GET /ticket2/opencms/set_aff_cookie.jsp?partner=57601924-FB09-5BB2-867F-08B4EB522BA8&url=%252Fru%252Fbuy%252Findex.html%253Fpage%253D1%2526edid%253D3289C097-2261-9433-8644-DF033A9EE354%2526hlv%253D66cb7337-5df4-4049-9d5d-04690a01000f%2523v1187207160 HTTP/1.1" 200 246
20.171.207.55 - - [27/Feb/2025:00:09:08 +0100] "GET /ticket2/opencms/set_aff_cookie.jsp?partner=8F6DE15D-D831-5787-AE7E-FEFF53476F85&url=%252Fsv%252Fbuy%252Findex.html%253Fpage%253D1%2526edid%253D31B9C446-A8DC-95DD-A849-35A34B746A74%2526hlv%253D6693ab2a-a148-4e70-8489-052e0a01000f%2523v_1935340349 HTTP/1.1" 200 247
20.171.207.55 - - [27/Feb/2025:00:09:09 +0100] "GET /ticket2/opencms/set_aff_cookie.jsp?partner=57601924-FB09-5BB2-867F-08B4EB522BA8&url=%252Fen%252Fbuy%252Findex.html%253Fpage%253D1%2526edid%253D47C0370F-9915-7673-E038-7AD65907592C%2526hlv%253D666d50d5-25c8-4b58-a755-70d60a01000f%2523v2055160496 HTTP/1.1" 200 246
20.171.207.55 - - [27/Feb/2025:00:09:10 +0100] "GET /ticket2/opencms/set_aff_cookie.jsp?partner=6F250EA7-4505-FA01-D601-8847F2573405&url=%252Ffi%252Fbuy%252Findex.html%253Fpage%253D1%2526edid%253D7568E602-7C67-35D2-952F-D243F8930169%2526hlv%253D666dbc70-f0b4-4571-923a-4cf60a01000f%2523v1597781031 HTTP/1.1" 200 246
52.167.144.235 - - [27/Feb/2025:00:09:11 +0100] "GET /ticket2/opencms/fr/buy?page=1&edid=BB3F8D1C-F850-FE7D-2AC5-9536E18D91DF HTTP/1.1" 200 108394
20.171.207.55 - - [27/Feb/2025:00:09:11 +0100] "GET /ticket2/opencms/set_aff_cookie.jsp?partner=57601924-FB09-5BB2-867F-08B4EB522BA8&url=%252Fsv%252Fbuy%252Findex.html%253Fpage%253D1%2526edid%253D3F2D99A8-7547-83C1-C9EB-9D79E7CF5003%2526hlv%253D669390b2-18e8-4e3c-96bb-74300a01000f%2523v_1859663411 HTTP/1.1" 200 247
85.208.96.193 - - [27/Feb/2025:00:09:11 +0100] "GET /ticket2/opencms/ka/sport/pekhburti-biletebi/premier-league/chelsea/ HTTP/1.1" 200 101436
66.249.79.35 - - [27/Feb/2025:00:09:12 +0100] "GET /ticket2/opencms/be/buy/?page=1&edid=8E60715C-679D-D409-2BE9-46EB77599BF4 HTTP/1.1" 200 113980
20.171.207.55 - - [27/Feb/2025:00:09:12 +0100] "GET /ticket2/opencms/set_aff_cookie.jsp?partner=2E02071B-A8C3-4CBA-3097-C27D61C02ED8&url=%252Fru%252Fbuy%252Findex.html%253Fpage%253D1%2526edid%253DB12376C6-BA7F-3D61-F970-EF51106430AB%2526hlv%253D66704e95-3d14-4145-b562-6c860a01000f%2523v_760348076 HTTP/1.1" 200 246
20.171.207.55 - - [27/Feb/2025:00:09:14 +0100] "GET /ticket2/opencms/set_aff_cookie.jsp?partner=6F250EA7-4505-FA01-D601-8847F2573405&url=%252Fno%252Fbuy%252Findex.html%253Fpage%253D1%2526edid%253D87B3356E-6F78-7F45-235C-4CD49B95C308%2526hlv%253D669148e2-ce88-40f5-944f-48a80a01000f%2523v_703727000 HTTP/1.1" 200 246
20.171.207.55 - - [27/Feb/2025:00:09:15 +0100] "GET /ticket2/opencms/set_aff_cookie.jsp?partner=6F250EA7-4505-FA01-D601-8847F2573405&url=%252Fru%252Fbuy%252Findex.html%253Fpage%253D1%2526edid%253D41CD7066-237A-B852-387D-3D5D7B688DF9%2526hlv%253D66a120e7-1598-4875-a005-08c90a01000f%2523v554486289 HTTP/1.1" 200 245
20.171.207.55 - - [27/Feb/2025:00:09:16 +0100] "GET /ticket2/opencms/set_aff_cookie.jsp?partner=6F250EA7-4505-FA01-D601-8847F2573405&url=%252Fsv%252Fbuy%252Findex.html%253Fpage%253D1%2526edid%253D4850D7A2-1335-E7AC-9D3F-41B304FBAA4C%2526hlv%253D669241e3-e1e0-4db6-b489-0d220a01000f%2523v_602741702 HTTP/1.1" 200 246
66.249.79.169 - - [27/Feb/2025:00:09:17 +0100] "GET /ticket2/opencms/system/modules/com.gridnine.opencms.ticketbrokerage.site/resources/css/ticketbrokerage.css HTTP/1.1" 200 39339
20.171.207.55 - - [27/Feb/2025:00:09:17 +0100] "GET /ticket2/opencms/set_aff_cookie.jsp?partner=57601924-FB09-5BB2-867F-08B4EB522BA8&url=%252Fsv%252Fbuy%252Findex.html%253Fpage%253D1%2526edid%253DCFB75162-A11D-70BF-58DA-F01E13735B85%2526hlv%253D610bd018-58f8-4598-b3f5-16280a01000f%2523v_860634722 HTTP/1.1" 200 246
111.119.234.78 - - [27/Feb/2025:00:09:17 +0100] "GET /ticket2/opencms/es/buy/?page=1&edid=0B8FB8B2-1ADA-9758-EA1A-28D2373F0ADF HTTP/1.1" 200 111067
52.167.144.190 - - [27/Feb/2025:00:09:18 +0100] "GET /ticket2/opencms/az/?comcatid=A17713B6-D984-201A-4143-ED4DB5ED5C2E&catid=08F27F2A-1872-A39F-A97C-63093E77B18A HTTP/1.1" 200 106626
20.171.207.55 - - [27/Feb/2025:00:09:18 +0100] "GET /ticket2/opencms/set_aff_cookie.jsp?partner=2E02071B-A8C3-4CBA-3097-C27D61C02ED8&url=%252Fen%252Fbuy%252Findex.html%253Fpage%253D1%2526edid%253D3289C097-2261-9433-8644-DF033A9EE354%2526hlv%253D666c5d14-2b14-4e15-bd03-4e220a01000f%2523v_949990219 HTTP/1.1" 200 246
114.119.141.178 - - [27/Feb/2025:00:09:19 +0100] "GET /ticket2/opencms/ro/buy?page=1&edid=1046C14E-D95C-B350-CBCD-2ECE5F3DCC46 HTTP/1.1" 200 124186
20.171.207.55 - - [27/Feb/2025:00:09:20 +0100] "GET /ticket2/opencms/set_aff_cookie.jsp?partner=57601924-FB09-5BB2-867F-08B4EB522BA8&url=%252Fdk%252Fbuy%252Findex.html%253Fpage%253D1%2526edid%253DB8A6965B-216E-27C8-9A3D-21241346030F%2526hlv%253D66866f91-0ab0-483c-8092-73060a01000f%2523v2015936724 HTTP/1.1" 200 246
85.208.96.194 - - [27/Feb/2025:00:09:20 +0100] "GET /ticket2/opencms/de/magazine/article?title=manchester-united HTTP/1.1" 200 91698
20.171.207.55 - - [27/Feb/2025:00:09:21 +0100] "GET /ticket2/opencms/set_aff_cookie.jsp?partner=57601924-FB09-5BB2-867F-08B4EB522BA8&url=%252Fnl%252Fbuy%252Findex.html%253Fpage%253D1%2526edid%253D47C0370F-9915-7673-E038-7AD65907592C%2526hlv%253D666d50d4-8698-446c-b88d-70d60a01000f%2523v_498297062 HTTP/1.1" 200 246
20.171.207.55 - - [27/Feb/2025:00:09:22 +0100] "GET /ticket2/opencms/set_aff_cookie.jsp?partner=6F250EA7-4505-FA01-D601-8847F2573405&url=%252Ffi%252Fbuy%252Findex.html%253Fpage%253D1%2526edid%253D3583D5C7-607A-E528-A709-844E6A72DC1B%2526hlv%253D666c7e95-9128-4726-93c4-698f0a01000f%2523v942389550 HTTP/1.1" 200 245
20.171.207.55 - - [27/Feb/2025:00:09:23 +0100] "GET /ticket2/opencms/set_aff_cookie.jsp?partner=6F250EA7-4505-FA01-D601-8847F2573405&url=%252Fno%252Fbuy%252Findex.html%253Fpage%253D1%2526edid%253DE86F0F7D-1756-1185-7E08-E94436C5DD8E%2526hlv%253D6724ba60-36d8-4335-8b80-2e9a0a01000f%2523v_1217515385 HTTP/1.1" 200 247
20.171.207.55 - - [27/Feb/2025:00:09:24 +0100] "GET /ticket2/opencms/set_aff_cookie.jsp?partner=6F250EA7-4505-FA01-D601-8847F2573405&url=%252Fen%252Fbuy%252Findex.html%253Fpage%253D1%2526edid%253D59EE7C1E-928C-0B67-F8CD-0935739262E0%2526hlv%253D66883a0d-2760-46f1-ab04-2d260a01000f%2523v_878863735 HTTP/1.1" 200 246
111.119.246.197 - - [27/Feb/2025:00:09:25 +0100] "GET /ticket2/opencms/tr/buy?page=1&edid=9ACCA59E-E458-FD29-63EB-B5BB3CFD89B6 HTTP/1.1" 200 108917
20.171.207.55 - - [27/Feb/2025:00:09:26 +0100] "GET /ticket2/opencms/set_aff_cookie.jsp?partner=6F250EA7-4505-FA01-D601-8847F2573405&url=%252Fru%252Fbuy%252Findex.html%253Fpage%253D1%2526edid%253D57C8D150-DCBD-4911-196A-160A37952FA8%2526hlv%253D666cb314-83b4-4005-b108-45220a01000f%2523v279158759 HTTP/1.1" 200 245
20.171.207.55 - - [27/Feb/2025:00:09:26 +0100] "GET /ticket2/opencms/set_aff_cookie.jsp?partner=6F250EA7-4505-FA01-D601-8847F2573405&url=%252Fsv%252Fbuy%252Findex.html%253Fpage%253D1%2526edid%253D94C5B0A9-45EC-824F-7DFB-E52A893ACA3D%2526hlv%253D666ddcd5-d810-42c2-9069-67690a01000f%2523v_1711417174 HTTP/1.1" 200 247
20.171.207.55 - - [27/Feb/2025:00:09:28 +0100] "GET /ticket2/opencms/set_aff_cookie.jsp?partner=6F250EA7-4505-FA01-D601-8847F2573405&url=%252Fen%252Fbuy%252Findex.html%253Fpage%253D1%2526edid%253D5C16C231-B966-190F-EDF0-005493349D4E%2526hlv%253D6692420b-9588-4a81-a537-068d0a01000f%2523v52562965 HTTP/1.1" 200 244
20.171.207.55 - - [27/Feb/2025:00:09:29 +0100] "GET /ticket2/opencms/set_aff_cookie.jsp?partner=6F250EA7-4505-FA01-D601-8847F2573405&url=%252Fsv%252Fbuy%252Findex.html%253Fpage%253D1%2526edid%253D32221081-B4D2-47EE-3316-CF1A694236FC%2526hlv%253D67b89f65-b15c-4828-9b88-03ab0a01000f%2523v_741504941 HTTP/1.1" 200 246
69.176.90.98 - - [27/Feb/2025:00:09:30 +0100] "GET /ticket2/opencms/es/buy?edid=D96122AD-C3AA-80F5-DDA8-935E03AE952D&page=1 HTTP/1.1" 200 134665
20.171.207.55 - - [27/Feb/2025:00:09:30 +0100] "GET /ticket2/opencms/set_aff_cookie.jsp?partner=6F250EA7-4505-FA01-D601-8847F2573405&url=%252Fen%252Fbuy%252Findex.html%253Fpage%253D1%2526edid%253D779DCE22-7865-5C8E-54FB-44794C9B955F%2526hlv%253D669241c4-6554-42bb-b8a3-0d450a01000f%2523v_729398980 HTTP/1.1" 200 246
20.171.207.55 - - [27/Feb/2025:00:09:31 +0100] "GET /ticket2/opencms/set_aff_cookie.jsp?partner=6F250EA7-4505-FA01-D601-8847F2573405&url=%252Ffi%252Fbuy%252Findex.html%253Fpage%253D1%2526edid%253DCC748805-AA77-5D07-7352-96CD97D4F5AC%2526hlv%253D66a12174-e654-41b5-b866-096f0a01000f%2523v_557380585 HTTP/1.1" 200 246
20.171.207.55 - - [27/Feb/2025:00:09:32 +0100] "GET /ticket2/opencms/set_aff_cookie.jsp?partner=6F250EA7-4505-FA01-D601-8847F2573405&url=%252Ffi%252Fbuy%252Findex.html%253Fpage%253D1%2526edid%253D496CD62B-3F1C-D34A-3597-57C5C053F18F%2526hlv%253D66cf0b77-b5c0-41d0-9df0-240c0a01000f%2523v_657622042 HTTP/1.1" 200 246
20.171.207.55 - - [27/Feb/2025:00:09:33 +0100] "GET /ticket2/opencms/set_aff_cookie.jsp?partner=6F250EA7-4505-FA01-D601-8847F2573405&url=%252Fdk%252Fbuy%252Findex.html%253Fpage%253D1%2526edid%253D87B3356E-6F78-7F45-235C-4CD49B95C308%2526hlv%253D669148e3-0930-4c6e-9df6-48a80a01000f%2523v_258941206 HTTP/1.1" 200 246
20.171.207.55 - - [27/Feb/2025:00:09:34 +0100] "GET /ticket2/opencms/set_aff_cookie.jsp?partner=5E0CDF29-E7BE-9F6B-6869-7BF66B04006F&url=%252Fnl%252Fbuy%252Findex.html%253Fpage%253D1%2526edid%253DEC2D4B4A-A0C7-0522-F532-8706D9BB8618%2526hlv%253D669384b7-4a9c-4447-87c8-6d2d0a01000f%2523v_853491093 HTTP/1.1" 200 246
20.171.207.55 - - [27/Feb/2025:00:09:36 +0100] "GET /ticket2/opencms/set_aff_cookie.jsp?partner=6F250EA7-4505-FA01-D601-8847F2573405&url=%252Fnl%252Fbuy%252Findex.html%253Fpage%253D1%2526edid%253D81B38BC2-1B10-C00A-7953-DB579F5D53A3%2526hlv%253D66924221-6400-431a-ad11-073b0a01000f%2523v1974036866 HTTP/1.1" 200 246
20.171.207.55 - - [27/Feb/2025:00:09:37 +0100] "GET /ticket2/opencms/set_aff_cookie.jsp?partner=6F250EA7-4505-FA01-D601-8847F2573405&url=%252Fdk%252Fbuy%252Findex.html%253Fpage%253D1%2526edid%253D57C8D150-DCBD-4911-196A-160A37952FA8%2526hlv%253D666cb297-0614-4e3c-9f05-45760a01000f%2523v_353864311 HTTP/1.1" 200 246
20.171.207.55 - - [27/Feb/2025:00:09:38 +0100] "GET /ticket2/opencms/set_aff_cookie.jsp?partner=2E02071B-A8C3-4CBA-3097-C27D61C02ED8&url=%252Fen%252Fbuy%252Findex.html%253Fpage%253D1%2526edid%253D3F2482EE-6B7A-310D-17CE-1C7E3CC58C7F%2526hlv%253D66902894-4b68-4c04-ba75-27030a01000f%2523v_638642514 HTTP/1.1" 200 246
166.108.207.225 - - [27/Feb/2025:00:09:38 +0100] "GET /ticket2/opencms/tr/buy?page=1&edid=2E8924E6-28D0-1DDA-A1D1-EAAA09293C64 HTTP/1.1" 200 90651
185.191.171.9 - - [27/Feb/2025:00:09:39 +0100] "GET /ticket2/opencms/cs/magazine/article?title=cesky-talent-lucas-bergvall-prestupuje-do-tottenhamu-hotspur HTTP/1.1" 200 96655
20.171.207.55 - - [27/Feb/2025:00:09:39 +0100] "GET /ticket2/opencms/set_aff_cookie.jsp?partner=6F250EA7-4505-FA01-D601-8847F2573405&url=%252Fno%252Fbuy%252Findex.html%253Fpage%253D1%2526edid%253DD9B6DEA1-0C13-FA80-469E-162654611A15%2526hlv%253D6690100e-1644-4de6-aff5-18280a01000f%2523v620766824 HTTP/1.1" 200 245
20.171.207.55 - - [27/Feb/2025:00:09:40 +0100] "GET /ticket2/opencms/set_aff_cookie.jsp?partner=57601924-FB09-5BB2-867F-08B4EB522BA8&url=%252Fno%252Fbuy%252Findex.html%253Fpage%253D1%2526edid%253D47C0370F-9915-7673-E038-7AD65907592C%2526hlv%253D666d50d5-9170-4de7-a1b0-70d60a01000f%2523v1051262336 HTTP/1.1" 200 246
20.171.207.55 - - [27/Feb/2025:00:09:41 +0100] "GET /ticket2/opencms/set_aff_cookie.jsp?partner=6F250EA7-4505-FA01-D601-8847F2573405&url=%252Fen%252Fbuy%252Findex.html%253Fpage%253D1%2526edid%253D5CBB442D-D365-7F4F-B999-AA88D946C632%2526hlv%253D666c5d47-1280-43a5-9166-4e210a01000f%2523v_1438704007 HTTP/1.1" 200 247
20.171.207.55 - - [27/Feb/2025:00:09:43 +0100] "GET /ticket2/opencms/set_aff_cookie.jsp?partner=2E02071B-A8C3-4CBA-3097-C27D61C02ED8&url=%252Fru%252Fbuy%252Findex.html%253Fpage%253D1%2526edid%253D0C94170C-17F1-0823-E8AC-91EC149F33EC%2526hlv%253D666d6f10-a76c-4894-80ac-0c190a01000f%2523v_365785726 HTTP/1.1" 200 246
20.171.207.55 - - [27/Feb/2025:00:09:44 +0100] "GET /ticket2/opencms/set_aff_cookie.jsp?partner=6F250EA7-4505-FA01-D601-8847F2573405&url=%252Ffi%252Fbuy%252Findex.html%253Fpage%253D1%2526edid%253D5C16C231-B966-190F-EDF0-005493349D4E%2526hlv%253D66924209-0a4c-4411-b60d-068d0a01000f%2523v1118755634 HTTP/1.1" 200 246
20.171.207.55 - - [27/Feb/2025:00:09:45 +0100] "GET /ticket2/opencms/set_aff_cookie.jsp?partner=6F250EA7-4505-FA01-D601-8847F2573405&url=%252Fdk%252Fbuy%252Findex.html%253Fpage%253D1%2526edid%253D0859B3F5-666A-8459-68A2-BF0A731BAF06%2526hlv%253D6693849f-3168-4738-93db-6c6f0a01000f%2523v2004741400 HTTP/1.1" 200 246
20.171.207.55 - - [27/Feb/2025:00:09:46 +0100] "GET /ticket2/opencms/set_aff_cookie.jsp?partner=8F6DE15D-D831-5787-AE7E-FEFF53476F85&url=%252Fnl%252Fbuy%252Findex.html%253Fpage%253D1%2526edid%253D32C84788-8258-761B-31DE-9CBA78728125%2526hlv%253D610bcd75-e948-40ce-96bb-15670a01000f%2523v_1844053662 HTTP/1.1" 200 247
20.171.207.55 - - [27/Feb/2025:00:09:47 +0100] "GET /ticket2/opencms/set_aff_cookie.jsp?partner=6F250EA7-4505-FA01-D601-8847F2573405&url=%252Fdk%252Fbuy%252Findex.html%253Fpage%253D1%2526edid%253D86A7D428-8E42-C0D0-846E-90C83426D4AE%2526hlv%253D6686653f-94a0-4e64-b553-67400a01000f%2523v446909769 HTTP/1.1" 200 245
20.171.207.55 - - [27/Feb/2025:00:09:48 +0100] "GET /ticket2/opencms/set_aff_cookie.jsp?partner=57601924-FB09-5BB2-867F-08B4EB522BA8&url=%252Fno%252Fbuy%252Findex.html%253Fpage%253D1%2526edid%253D50375D23-8B44-5172-3FB1-755B660EE76F%2526hlv%253D66867186-5d88-4dd7-b630-73030a01000f%2523v_555538720 HTTP/1.1" 200 246
66.249.79.172 - - [27/Feb/2025:00:09:49 +0100] "GET /ticket2/opencms/fr/buy/?page=1&edid=294968E7-670E-500D-EF6F-F776CC397F5A HTTP/1.1" 200 89971
111.119.216.45 - - [27/Feb/2025:00:09:49 +0100] "GET /ticket2/opencms/cs/buy?page=1&edid=7AB34CAD-A4AA-AF21-0381-DCC4282D2AA3 HTTP/1.1" 200 111850
20.171.207.55 - - [27/Feb/2025:00:09:49 +0100] "GET /ticket2/opencms/set_aff_cookie.jsp?partner=6F250EA7-4505-FA01-D601-8847F2573405&url=%252Fnl%252Fbuy%252Findex.html%253Fpage%253D1%2526edid%253D866ED0B0-A67C-9147-4D6A-B6162F21CEF8%2526hlv%253D6698ea23-c458-43b3-8f18-4bc90a01000f%2523v_1041582833 HTTP/1.1" 200 247
20.171.207.55 - - [27/Feb/2025:00:09:51 +0100] "GET /ticket2/opencms/set_aff_cookie.jsp?partner=6F250EA7-4505-FA01-D601-8847F2573405&url=%252Fno%252Fbuy%252Findex.html%253Fpage%253D1%2526edid%253DD9B6DEA1-0C13-FA80-469E-162654611A15%2526hlv%253D6690100e-1644-4de6-aff5-18280a01000f%2523v620766824 HTTP/1.1" 200 245
20.171.207.55 - - [27/Feb/2025:00:09:52 +0100] "GET /ticket2/opencms/set_aff_cookie.jsp?partner=6F250EA7-4505-FA01-D601-8847F2573405&url=%252Fsv%252Fbuy%252Findex.html%253Fpage%253D1%2526edid%253D32221081-B4D2-47EE-3316-CF1A694236FC%2526hlv%253D67b89ecd-00a8-4873-b03b-03490a01000f%2523v_1626515072 HTTP/1.1" 200 247
20.171.207.55 - - [27/Feb/2025:00:09:53 +0100] "GET /ticket2/opencms/set_aff_cookie.jsp?partner=57601924-FB09-5BB2-867F-08B4EB522BA8&url=%252Fen%252Fbuy%252Findex.html%253Fpage%253D1%2526edid%253D3289C097-2261-9433-8644-DF033A9EE354%2526hlv%253D666c5d12-2f78-4531-b7f5-4e220a01000f%2523v_761662468 HTTP/1.1" 200 246
66.249.68.68 - - [27/Feb/2025:00:09:53 +0100] "GET /ticket2/opencms/is/buy?page=1&edid=055941D5-AAA9-3559-090F-26D27D65FBDA&hlv=66d04e35-b154-4468-9965-06ff0a01000f HTTP/1.1" 200 122691
20.171.207.55 - - [27/Feb/2025:00:09:54 +0100] "GET /ticket2/opencms/set_aff_cookie.jsp?partner=6F250EA7-4505-FA01-D601-8847F2573405&url=%252Fen%252Fbuy%252Findex.html%253Fpage%253D1%2526edid%253D9F8544B2-CF19-221B-478E-5476FF460535%2526hlv%253D6693ab4b-b110-4241-937d-052e0a01000f%2523v499868879 HTTP/1.1" 200 245
20.171.207.55 - - [27/Feb/2025:00:09:55 +0100] "GET /ticket2/opencms/set_aff_cookie.jsp?partner=6F250EA7-4505-FA01-D601-8847F2573405&url=%252Fno%252Fbuy%252Findex.html%253Fpage%253D1%2526edid%253D885A2607-A223-24CC-17AE-7C8ECDA8D47C%2526hlv%253D666dc09a-ed7c-4041-b73e-54780a01000f%2523v_1022007054 HTTP/1.1" 200 247
20.171.207.55 - - [27/Feb/2025:00:09:56 +0100] "GET /ticket2/opencms/set_aff_cookie.jsp?partner=6F250EA7-4505-FA01-D601-8847F2573405&url=%252Ffi%252Fbuy%252Findex.html%253Fpage%253D1%2526edid%253D380D9DCE-9F52-6635-EF3F-C6491C4BBEEF%2526hlv%253D6693845f-28b8-4381-945b-6d1d0a01000f%2523v_1106552700 HTTP/1.1" 200 247
20.171.207.55 - - [27/Feb/2025:00:09:57 +0100] "GET /ticket2/opencms/set_aff_cookie.jsp?partner=2E02071B-A8C3-4CBA-3097-C27D61C02ED8&url=%252Fsv%252Fbuy%252Findex.html%253Fpage%253D1%2526edid%253D206775FB-5EFC-40BC-11F8-888FF769B2A9%2526hlv%253D66d04b35-663c-4f80-8a7c-07010a01000f%2523v_111942703 HTTP/1.1" 200 246
20.171.207.55 - - [27/Feb/2025:00:09:59 +0100] "GET /ticket2/opencms/set_aff_cookie.jsp?partner=6F250EA7-4505-FA01-D601-8847F2573405&url=%252Fnl%252Fbuy%252Findex.html%253Fpage%253D1%2526edid%253D750C6040-29F7-425D-A24F-51B977F415A3%2526hlv%253D666c4b7f-4104-4a67-a105-3da20a01000f%2523v1843403404 HTTP/1.1" 200 246
154.54.249.216 - - [27/Feb/2025:00:09:59 +0100] "GET /ticket2/opencms/de/buy?page=1&edid=B706C05D-BD6B-FE19-B612-CFC9E579BDC9 HTTP/1.1" 200 111431
114.119.157.43 - - [27/Feb/2025:00:09:59 +0100] "GET /ticket2/opencms/lv/buy?page=1&edid=29EFBFCC-B83C-5AD9-CA78-B89CD9BC3287 HTTP/1.1" 200 112426
20.171.207.55 - - [27/Feb/2025:00:10:00 +0100] "GET /ticket2/opencms/set_aff_cookie.jsp?partner=8F6DE15D-D831-5787-AE7E-FEFF53476F85&url=%252Fdk%252Fbuy%252Findex.html%253Fpage%253D1%2526edid%253D77EEF94B-7B3D-9F35-9811-078E0E2474CF%2526hlv%253D669388b6-76f4-467b-b1e0-703e0a01000f%2523v_1864935033 HTTP/1.1" 200 247
20.171.207.55 - - [27/Feb/2025:00:10:01 +0100] "GET /ticket2/opencms/set_aff_cookie.jsp?partner=57601924-FB09-5BB2-867F-08B4EB522BA8&url=%252Fru%252Fbuy%252Findex.html%253Fpage%253D1%2526edid%253D5C16C231-B966-190F-EDF0-005493349D4E%2526hlv%253D66924209-82b8-47a6-94d4-068d0a01000f%2523v_204050985 HTTP/1.1" 200 246
66.249.68.39 - - [27/Feb/2025:00:10:01 +0100] "GET /ticket2/opencms/ka/buy/?page=1&edid=076317A2-E374-F6BE-C2AE-88F75CAA72F3 HTTP/1.1" 200 114540
190.92.236.187 - - [27/Feb/2025:00:10:01 +0100] "GET /ticket2/opencms/it/buy?comcatid=A17713B6-D984-201A-4143-ED4DB5ED5C2E&catid=0A6C99D2-F5BD-7A18-9A5F-5668827042E0&npage=1 HTTP/1.1" 200 188841
47.128.16.2 - - [27/Feb/2025:00:10:02 +0100] "GET /ticket2/opencms/sv/buy/?edid=74430233-0066-0F2D-297C-6BDDB67075CE HTTP/1.1" 200 91186
20.171.207.55 - - [27/Feb/2025:00:10:02 +0100] "GET /ticket2/opencms/set_aff_cookie.jsp?partner=2E02071B-A8C3-4CBA-3097-C27D61C02ED8&url=%252Fdk%252Fbuy%252Findex.html%253Fpage%253D1%2526edid%253D87B3356E-6F78-7F45-235C-4CD49B95C308%2526hlv%253D669148e2-5440-490c-b523-48a80a01000f%2523v_506344747 HTTP/1.1" 200 246
20.171.207.55 - - [27/Feb/2025:00:10:03 +0100] "GET /ticket2/opencms/set_aff_cookie.jsp?partner=6F250EA7-4505-FA01-D601-8847F2573405&url=%252Fnl%252Fbuy%252Findex.html%253Fpage%253D1%2526edid%253D87A2E0C8-FB06-9F72-D01C-6586D722A374%2526hlv%253D614c76fa-5fac-46fb-92e7-17c60a01000f%2523v_277775739 HTTP/1.1" 200 246
20.171.207.55 - - [27/Feb/2025:00:10:04 +0100] "GET /ticket2/opencms/set_aff_cookie.jsp?partner=6F250EA7-4505-FA01-D601-8847F2573405&url=%252Fen%252Fbuy%252Findex.html%253Fpage%253D1%2526edid%253D57C8D150-DCBD-4911-196A-160A37952FA8%2526hlv%253D666cb297-40c4-4745-9f34-45760a01000f%2523v1908436396 HTTP/1.1" 200 246
20.171.207.55 - - [27/Feb/2025:00:10:05 +0100] "GET /ticket2/opencms/set_aff_cookie.jsp?partner=6F250EA7-4505-FA01-D601-8847F2573405&url=%252Fru%252Fbuy%252Findex.html%253Fpage%253D1%2526edid%253D2B069145-96C4-9DB2-7920-56A0B5CF95BF%2526hlv%253D60c9f3d8-6194-49cf-8fde-2b7a0a01000f%2523v_2113751690 HTTP/1.1" 200 247
20.171.207.55 - - [27/Feb/2025:00:10:06 +0100] "GET /ticket2/opencms/set_aff_cookie.jsp?partner=6F250EA7-4505-FA01-D601-8847F2573405&url=%252Fno%252Fbuy%252Findex.html%253Fpage%253D1%2526edid%253D885A2607-A223-24CC-17AE-7C8ECDA8D47C%2526hlv%253D666dc09a-ed7c-4041-b73e-54780a01000f%2523v_1022007054 HTTP/1.1" 200 247
20.171.207.55 - - [27/Feb/2025:00:10:08 +0100] "GET /ticket2/opencms/set_aff_cookie.jsp?partner=6F250EA7-4505-FA01-D601-8847F2573405&url=%252Fru%252Fbuy%252Findex.html%253Fpage%253D1%2526edid%253DBD28444D-8483-F179-3965-1E8A674294B4%2526hlv%253D66c38da3-6e1c-4b45-83b5-6f2f0a01000f%2523v_414014822 HTTP/1.1" 200 246
173.252.107.14 - - [27/Feb/2025:00:10:08 +0100] "GET /ticket2/opencms/mo/buy/?page=1&edid=C5541103-512C-D651-87BB-185D7BE93A66 HTTP/1.1" 200 111367
20.171.207.55 - - [27/Feb/2025:00:10:09 +0100] "GET /ticket2/opencms/set_aff_cookie.jsp?partner=6F250EA7-4505-FA01-D601-8847F2573405&url=%252Fno%252Fbuy%252Findex.html%253Fpage%253D1%2526edid%253DBA7B077D-41E0-093C-1E58-FE5BDBAE9EE8%2526hlv%253D66d04b66-afd4-4570-9470-07840a01000f%2523v_536647498 HTTP/1.1" 200 246
20.171.207.55 - - [27/Feb/2025:00:10:10 +0100] "GET /ticket2/opencms/set_aff_cookie.jsp?partner=57601924-FB09-5BB2-867F-08B4EB522BA8&url=%252Fsv%252Fbuy%252Findex.html%253Fpage%253D1%2526edid%253D47C0370F-9915-7673-E038-7AD65907592C%2526hlv%253D666d50d5-70c0-4283-8d93-70d60a01000f%2523v1691261402 HTTP/1.1" 200 246
20.171.207.55 - - [27/Feb/2025:00:10:11 +0100] "GET /ticket2/opencms/set_aff_cookie.jsp?partner=2E02071B-A8C3-4CBA-3097-C27D61C02ED8&url=%252Ffi%252Fbuy%252Findex.html%253Fpage%253D1%2526edid%253D0B7E5CA2-F588-894B-B701-64E6B9532C54%2526hlv%253D67a5ed0f-69f8-4492-8fb6-40240a01000f%2523v_789373486 HTTP/1.1" 200 246
20.171.207.55 - - [27/Feb/2025:00:10:12 +0100] "GET /ticket2/opencms/set_aff_cookie.jsp?partner=6F250EA7-4505-FA01-D601-8847F2573405&url=%252Fnl%252Fbuy%252Findex.html%253Fpage%253D1%2526edid%253DC781C90E-2A4A-BE38-23EB-6039DE2F5FA8%2526hlv%253D666c4b69-cf90-4396-8cc4-3f5b0a01000f%2523v_1886128148 HTTP/1.1" 200 247
20.171.207.55 - - [27/Feb/2025:00:10:13 +0100] "GET /ticket2/opencms/set_aff_cookie.jsp?partner=57601924-FB09-5BB2-867F-08B4EB522BA8&url=%252Fno%252Fbuy%252Findex.html%253Fpage%253D1%2526edid%253D932CFDF1-C8A9-5F7B-5BD7-A07313354469%2526hlv%253D60ca1533-66b8-478a-b09a-369c0a01000f%2523v_595409999 HTTP/1.1" 200 246
20.171.207.55 - - [27/Feb/2025:00:10:15 +0100] "GET /ticket2/opencms/set_aff_cookie.jsp?partner=6F250EA7-4505-FA01-D601-8847F2573405&url=%252Fen%252Fbuy%252Findex.html%253Fpage%253D1%2526edid%253DE210EA08-C305-62F6-445A-64FC62365EF4%2526hlv%253D60c9eeab-9ffc-467a-8426-29a40a01000f%2523v_2122586283 HTTP/1.1" 200 247
154.54.249.216 - - [27/Feb/2025:00:10:15 +0100] "GET /ticket2/opencms/de/buy?page=1&edid=F884FEFF-C45C-1CDF-A963-092F452C875D HTTP/1.1" 200 89799
124.243.182.168 - - [27/Feb/2025:00:10:15 +0100] "GET /ticket2/opencms/at/magazine HTTP/1.1" 200 160601
20.171.207.55 - - [27/Feb/2025:00:10:16 +0100] "GET /ticket2/opencms/set_aff_cookie.jsp?partner=2E02071B-A8C3-4CBA-3097-C27D61C02ED8&url=%252Fen%252Fbuy%252Findex.html%253Fpage%253D1%2526edid%253D8E087689-30A7-E7AD-9853-CFBC4F6216DD%2526hlv%253D666dc08b-5598-465b-b7e3-54780a01000f%2523v_1977974150 HTTP/1.1" 200 247
20.171.207.55 - - [27/Feb/2025:00:10:17 +0100] "GET /ticket2/opencms/set_aff_cookie.jsp?partner=6F250EA7-4505-FA01-D601-8847F2573405&url=%252Ffi%252Fbuy%252Findex.html%253Fpage%253D1%2526edid%253D9A8891BD-C3B9-2FD5-1633-7AEF0F073762%2526hlv%253D669390d7-f234-44f4-83f7-75040a01000f%2523v_152958205 HTTP/1.1" 200 246
69.171.230.7 - - [27/Feb/2025:00:10:17 +0100] "GET /ticket2/opencms/en/buy/?page=1&edid=65C03F06-B4E6-0D65-D535-E007A0321D02 HTTP/1.1" 200 109991
20.171.207.55 - - [27/Feb/2025:00:10:18 +0100] "GET /ticket2/opencms/set_aff_cookie.jsp?partner=6F250EA7-4505-FA01-D601-8847F2573405&url=%252Fdk%252Fbuy%252Findex.html%253Fpage%253D1%2526edid%253D9A8891BD-C3B9-2FD5-1633-7AEF0F073762%2526hlv%253D669390d6-0888-4b54-a236-75040a01000f%2523v1964580286 HTTP/1.1" 200 246
20.171.207.55 - - [27/Feb/2025:00:10:19 +0100] "GET /ticket2/opencms/set_aff_cookie.jsp?partner=6F250EA7-4505-FA01-D601-8847F2573405&url=%252Fru%252Fbuy%252Findex.html%253Fpage%253D1%2526edid%253D0859B3F5-666A-8459-68A2-BF0A731BAF06%2526hlv%253D6693849d-0398-4753-80a5-6c6f0a01000f%2523v489692089 HTTP/1.1" 200 245
20.171.207.55 - - [27/Feb/2025:00:10:20 +0100] "GET /ticket2/opencms/set_aff_cookie.jsp?partner=2E02071B-A8C3-4CBA-3097-C27D61C02ED8&url=%252Fru%252Fbuy%252Findex.html%253Fpage%253D1%2526edid%253D81CB16E1-41EB-DE22-295B-27386E73C454%2526hlv%253D60f80b00-7f68-47c3-8288-57a80a01000f%2523v_912870713 HTTP/1.1" 200 246
185.191.171.16 - - [27/Feb/2025:00:10:21 +0100] "GET /ticket2/opencms/ka/login/ HTTP/1.1" 200 94017
20.171.207.55 - - [27/Feb/2025:00:10:21 +0100] "GET /ticket2/opencms/set_aff_cookie.jsp?partner=6F250EA7-4505-FA01-D601-8847F2573405&url=%252Fnl%252Fbuy%252Findex.html%253Fpage%253D1%2526edid%253D57C8D150-DCBD-4911-196A-160A37952FA8%2526hlv%253D666cb271-8b18-48c0-94a7-451d0a01000f%2523v250429026 HTTP/1.1" 200 245
20.171.207.55 - - [27/Feb/2025:00:10:23 +0100] "GET /ticket2/opencms/set_aff_cookie.jsp?partner=6F250EA7-4505-FA01-D601-8847F2573405&url=%252Ffi%252Fbuy%252Findex.html%253Fpage%253D1%2526edid%253D81B38BC2-1B10-C00A-7953-DB579F5D53A3%2526hlv%253D66924224-8ad4-4489-9a90-073b0a01000f%2523v1852342080 HTTP/1.1" 200 246
185.191.171.1 - - [27/Feb/2025:00:10:23 +0100] "GET /ticket2/opencms/sv/magazine/article?title=chelsea-vs-tottenham-2-0 HTTP/1.1" 200 93511
20.171.207.55 - - [27/Feb/2025:00:10:24 +0100] "GET /ticket2/opencms/set_aff_cookie.jsp?partner=6F250EA7-4505-FA01-D601-8847F2573405&url=%252Fsv%252Fbuy%252Findex.html%253Fpage%253D1%2526edid%253DA587FC63-4A93-6097-3B29-C1C51786267C%2526hlv%253D6693ad27-6144-4ddd-8823-07f70a01000f%2523v344282742 HTTP/1.1" 200 245
85.208.96.209 - - [27/Feb/2025:00:10:24 +0100] "GET /ticket2/opencms/it/magazine/article?title=hugo-larsson-il-ventenne-che-va-di-successo-in-successo HTTP/1.1" 200 95915
111.119.196.80 - - [27/Feb/2025:00:10:24 +0100] "GET /ticket2/opencms/es/buy?page=1&edid=402D4ADF-F1A8-8EDD-0E47-FAEC0616E1C7 HTTP/1.1" 200 90392
20.171.207.55 - - [27/Feb/2025:00:10:25 +0100] "GET /ticket2/opencms/set_aff_cookie.jsp?partner=2E02071B-A8C3-4CBA-3097-C27D61C02ED8&url=%252Fdk%252Fbuy%252Findex.html%253Fpage%253D1%2526edid%253D312E2B30-1BE8-80F9-5587-64D580752ED3%2526hlv%253D6690088b-8b1c-421d-9b89-14010a01000f%2523v_790155872 HTTP/1.1" 200 246
66.249.79.104 - - [27/Feb/2025:00:10:26 +0100] "GET /ticket2/opencms/de/buy/?page=1&edid=C5944089-4BA1-6638-58B6-EE4373B33715 HTTP/1.1" 200 111744
20.171.207.55 - - [27/Feb/2025:00:10:26 +0100] "GET /ticket2/opencms/set_aff_cookie.jsp?partner=2E02071B-A8C3-4CBA-3097-C27D61C02ED8&url=%252Fnl%252Fbuy%252Findex.html%253Fpage%253D1%2526edid%253D20146FB3-A7AB-AA61-9E1A-7C70A530633D%2526hlv%253D66c711e6-7114-48e9-9d75-3e820a01000f%2523v_542934389 HTTP/1.1" 200 246
20.171.207.55 - - [27/Feb/2025:00:10:27 +0100] "GET /ticket2/opencms/set_aff_cookie.jsp?partner=6F250EA7-4505-FA01-D601-8847F2573405&url=%252Fsv%252Fbuy%252Findex.html%253Fpage%253D1%2526edid%253D3289C097-2261-9433-8644-DF033A9EE354%2526hlv%253D666c5d14-e71c-43af-8b40-4e220a01000f%2523v1077280946 HTTP/1.1" 200 246
20.171.207.55 - - [27/Feb/2025:00:10:28 +0100] "GET /ticket2/opencms/set_aff_cookie.jsp?partner=6F250EA7-4505-FA01-D601-8847F2573405&url=%252Ffi%252Fbuy%252Findex.html%253Fpage%253D1%2526edid%253DAC44825D-2793-0C67-BD3C-7AB6359F86DA%2526hlv%253D66890783-4d24-4870-a854-1ba70a01000f%2523v_983947961 HTTP/1.1" 200 246
216.244.66.238 - - [27/Feb/2025:00:10:30 +0100] "GET /ticket2/opencms/is/buy?page=1&edid=C0049B49-8D01-C9A0-52E0-C8086FED93CE HTTP/1.1" 200 111783
20.171.207.55 - - [27/Feb/2025:00:10:30 +0100] "GET /ticket2/opencms/set_aff_cookie.jsp?partner=6F250EA7-4505-FA01-D601-8847F2573405&url=%252Fdk%252Fbuy%252Findex.html%253Fpage%253D1%2526edid%253D719E6B6D-707F-E825-E3AA-0E552980E1EB%2526hlv%253D66869493-4c18-4630-8203-3fc50a01000f%2523v_722184820 HTTP/1.1" 200 246
20.171.207.55 - - [27/Feb/2025:00:10:31 +0100] "GET /ticket2/opencms/set_aff_cookie.jsp?partner=6F250EA7-4505-FA01-D601-8847F2573405&url=%252Fdk%252Fbuy%252Findex.html%253Fpage%253D1%2526edid%253D3F2D99A8-7547-83C1-C9EB-9D79E7CF5003%2526hlv%253D669390b0-5c5c-44d4-8629-74300a01000f%2523v_761672528 HTTP/1.1" 200 246
47.128.112.55 - - [27/Feb/2025:00:10:32 +0100] "GET /ticket2/opencms/it/?comcatid=97ECA65A-72DA-F9AF-9DBB-245D3CFED1BE HTTP/1.1" 200 106349
20.171.207.55 - - [27/Feb/2025:00:10:32 +0100] "GET /ticket2/opencms/set_aff_cookie.jsp?partner=6F250EA7-4505-FA01-D601-8847F2573405&url=%252Fsv%252Fbuy%252Findex.html%253Fpage%253D1%2526edid%253DA9C35541-ABB7-0662-52F4-8AD61BAC9B1C%2526hlv%253D666cbcd8-4018-4b9c-8f2e-539f0a01000f%2523v_1813190071 HTTP/1.1" 200 247
20.171.207.55 - - [27/Feb/2025:00:10:33 +0100] "GET /ticket2/opencms/set_aff_cookie.jsp?partner=57601924-FB09-5BB2-867F-08B4EB522BA8&url=%252Ffi%252Fbuy%252Findex.html%253Fpage%253D1%2526edid%253D74430233-0066-0F2D-297C-6BDDB67075CE%2526hlv%253D66d03ad1-e004-4449-8508-75040a01000f%2523v1192938050 HTTP/1.1" 200 246
20.171.207.55 - - [27/Feb/2025:00:10:34 +0100] "GET /ticket2/opencms/set_aff_cookie.jsp?partner=57601924-FB09-5BB2-867F-08B4EB522BA8&url=%252Fno%252Fbuy%252Findex.html%253Fpage%253D1%2526edid%253D7568E602-7C67-35D2-952F-D243F8930169%2526hlv%253D666dbc70-49f4-4244-b762-4cf60a01000f%2523v_1006440887 HTTP/1.1" 200 247
