52.167.144.235 - - [27/Feb/2025:00:04:05 +0100] "GET /ticket2/opencms/mt/buy?page=1&edid=56B38CDE-C52C-9D5C-A997-D65F4CB742AB HTTP/1.1" 200 112537
20.171.207.55 - - [27/Feb/2025:00:04:06 +0100] "GET /ticket2/opencms/set_aff_cookie.jsp?partner=6F250EA7-4505-FA01-D601-8847F2573405&url=%252Fdk%252Fbuy%252Findex.html%253Fpage%253D1%2526edid%253D85FEE197-56BE-9C34-A3B3-D08AF509D2AB%2526hlv%253D666dde12-e680-4c5c-9b63-67690a01000f%2523v_477898006 HTTP/1.1" 200 246
20.171.207.55 - - [27/Feb/2025:00:04:07 +0100] "GET /ticket2/opencms/set_aff_cookie.jsp?partner=5E0CDF29-E7BE-9F6B-6869-7BF66B04006F&url=%252Fno%252Fbuy%252Findex.html%253Fpage%253D1%2526edid%253DE3B46C02-527F-BFED-1199-3D6C38556545%2526hlv%253D60c9e543-da10-42ad-9795-237d0a01000f%2523v_503896352 HTTP/1.1" 200 246
173.252.69.116 - - [27/Feb/2025:00:04:08 +0100] "GET /ticket2/opencms/mo/buy/?page=1&edid=1499F703-DFC9-3CEE-AC19-8B22C17A288A HTTP/1.1" 200 108737
20.171.207.55 - - [27/Feb/2025:00:04:08 +0100] "GET /ticket2/opencms/set_aff_cookie.jsp?partner=6F250EA7-4505-FA01-D601-8847F2573405&url=%252Fru%252Fbuy%252Findex.html%253Fpage%253D1%2526edid%253D750C6040-29F7-425D-A24F-51B977F415A3%2526hlv%253D666c4b80-4340-4005-b1f9-3da20a01000f%2523v908253313 HTTP/1.1" 200 245
20.171.207.55 - - [27/Feb/2025:00:04:09 +0100] "GET /ticket2/opencms/set_aff_cookie.jsp?partner=57601924-FB09-5BB2-867F-08B4EB522BA8&url=%252Fru%252Fbuy%252Findex.html%253Fpage%253D1%2526edid%253D26467E66-E432-3709-0425-A75E81B5021A%2526hlv%253D666c5d2b-a43c-4786-8241-4e220a01000f%2523v_354912884 HTTP/1.1" 200 246
20.171.207.55 - - [27/Feb/2025:00:04:11 +0100] "GET /ticket2/opencms/set_aff_cookie.jsp?partner=2E02071B-A8C3-4CBA-3097-C27D61C02ED8&url=%252Fsv%252Fbuy%252Findex.html%253Fpage%253D1%2526edid%253D750C6040-29F7-425D-A24F-51B977F415A3%2526hlv%253D666c4b7e-20f4-4d60-af91-3da20a01000f%2523v_1931888428 HTTP/1.1" 200 247
66.220.149.112 - - [27/Feb/2025:00:04:12 +0100] "GET /ticket2/opencms/ga/buy/?page=1&edid=38D3E8DB-58C1-6EB0-5381-C6ED5AE10DA5 HTTP/1.1" 200 109078
20.171.207.55 - - [27/Feb/2025:00:04:12 +0100] "GET /ticket2/opencms/set_aff_cookie.jsp?partner=57601924-FB09-5BB2-867F-08B4EB522BA8&url=%252Fnl%252Fbuy%252Findex.html%253Fpage%253D1%2526edid%253D47C0370F-9915-7673-E038-7AD65907592C%2526hlv%253D666d50d5-e7cc-4777-902d-70d60a01000f%2523v_970895019 HTTP/1.1" 200 246
20.171.207.55 - - [27/Feb/2025:00:04:13 +0100] "GET /ticket2/opencms/set_aff_cookie.jsp?partner=8F6DE15D-D831-5787-AE7E-FEFF53476F85&url=%252Fnl%252Fbuy%252Findex.html%253Fpage%253D1%2526edid%253D9239880C-C5C0-5076-4AD5-4881F5EBAC4A%2526hlv%253D666cbc6c-3448-4b82-947a-54810a01000f%2523v_450443399 HTTP/1.1" 200 246
111.119.198.64 - - [27/Feb/2025:00:04:13 +0100] "GET /ticket2/opencms/sr/buy/?page=1&edid=F470DBBF-86C7-739C-C511-DD5626B6BC19 HTTP/1.1" 200 111600
66.249.76.8 - - [27/Feb/2025:00:04:14 +0100] "GET /ticket2/opencms/en/venue/?countryid=0A131296-8532-77F1-DA6B-5BEC9CE9B834 HTTP/1.1" 200 114752
20.171.207.55 - - [27/Feb/2025:00:04:14 +0100] "GET /ticket2/opencms/set_aff_cookie.jsp?partner=6F250EA7-4505-FA01-D601-8847F2573405&url=%252Fsv%252Fbuy%252Findex.html%253Fpage%253D1%2526edid%253D87B3356E-6F78-7F45-235C-4CD49B95C308%2526hlv%253D669148e1-3a70-40c4-b827-48a80a01000f%2523v1130768726 HTTP/1.1" 200 246
47.128.40.173 - - [27/Feb/2025:00:04:15 +0100] "GET /ticket2/opencms/sv/buy?edid=8A85BC4C-55E2-1DEE-BB03-89089B34386E HTTP/1.1" 200 91291
20.171.207.55 - - [27/Feb/2025:00:04:15 +0100] "GET /ticket2/opencms/set_aff_cookie.jsp?partner=6F250EA7-4505-FA01-D601-8847F2573405&url=%252Ffi%252Fbuy%252Findex.html%253Fpage%253D1%2526edid%253D3F2482EE-6B7A-310D-17CE-1C7E3CC58C7F%2526hlv%253D66902857-8328-4868-a828-27770a01000f%2523v_907417260 HTTP/1.1" 200 246
85.208.96.212 - - [27/Feb/2025:00:04:16 +0100] "GET /ticket2/opencms/hu/magazine/article?title=chelsea-fc-es-a-stabilitasert-folytatott-kuzdelmuk HTTP/1.1" 200 95125
20.171.207.55 - - [27/Feb/2025:00:04:16 +0100] "GET /ticket2/opencms/set_aff_cookie.jsp?partner=6F250EA7-4505-FA01-D601-8847F2573405&url=%252Fru%252Fbuy%252Findex.html%253Fpage%253D1%2526edid%253D5C16C231-B966-190F-EDF0-005493349D4E%2526hlv%253D6692420b-0524-43cd-817d-068d0a01000f%2523v1035132502 HTTP/1.1" 200 246
185.191.171.6 - - [27/Feb/2025:00:04:17 +0100] "GET /ticket2/opencms/mo/magazine/article?title=nio-vitorias-em-dez-jogos HTTP/1.1" 200 93695
20.171.207.55 - - [27/Feb/2025:00:04:17 +0100] "GET /ticket2/opencms/set_aff_cookie.jsp?partner=6F250EA7-4505-FA01-D601-8847F2573405&url=%252Fdk%252Fbuy%252Findex.html%253Fpage%253D1%2526edid%253DDCF22239-47F2-2282-C13B-85FCE1D7C913%2526hlv%253D666c5825-9dfc-42ea-8be8-4a2b0a01000f%2523v_230754835 HTTP/1.1" 200 246
92.34.110.133 - - [27/Feb/2025:00:04:18 +0100] "GET /ticket2/opencms/sv/sport/fotbollsbiljetter/serie_a/ HTTP/1.1" 200 97027
20.171.207.55 - - [27/Feb/2025:00:04:19 +0100] "GET /ticket2/opencms/set_aff_cookie.jsp?partner=6F250EA7-4505-FA01-D601-8847F2573405&url=%252Ffi%252Fbuy%252Findex.html%253Fpage%253D1%2526edid%253D8A787324-CD72-C476-64CB-87071CD71C2F%2526hlv%253D666dbd40-f710-4060-8c81-50150a01000f%2523v_937406283 HTTP/1.1" 200 246
20.171.207.55 - - [27/Feb/2025:00:04:20 +0100] "GET /ticket2/opencms/set_aff_cookie.jsp?partner=57601924-FB09-5BB2-867F-08B4EB522BA8&url=%252Fsv%252Fbuy%252Findex.html%253Fpage%253D1%2526edid%253D26467E66-E432-3709-0425-A75E81B5021A%2526hlv%253D666c5d2d-7450-4b80-a83e-4e220a01000f%2523v_1312759796 HTTP/1.1" 200 247
159.138.137.68 - - [27/Feb/2025:00:04:21 +0100] "GET /ticket2/opencms/tr/buy?page=1&edid=C8C840D6-311D-B766-15D7-39B5A0F3C6FE HTTP/1.1" 200 112077
20.171.207.55 - - [27/Feb/2025:00:04:21 +0100] "GET /ticket2/opencms/set_aff_cookie.jsp?partner=5E0CDF29-E7BE-9F6B-6869-7BF66B04006F&url=%252Fno%252Fbuy%252Findex.html%253Fpage%253D1%2526edid%253D8F381869-E5D9-0711-5F43-47D1B58D17C6%2526hlv%253D60f81b42-53c8-454d-b252-5dba0a01000f%2523v_1830172158 HTTP/1.1" 200 247
20.171.207.55 - - [27/Feb/2025:00:04:22 +0100] "GET /ticket2/opencms/set_aff_cookie.jsp?partner=6F250EA7-4505-FA01-D601-8847F2573405&url=%252Fen%252Fbuy%252Findex.html%253Fpage%253D1%2526edid%253D7989D951-D5D2-7F28-EC94-576AD8E37318%2526hlv%253D6686713c-e4b4-47b1-b8c3-71630a01000f%2523v1049891730 HTTP/1.1" 200 246
216.244.66.238 - - [27/Feb/2025:00:04:23 +0100] "GET /ticket2/opencms/tr/buy?page=1&edid=7A4CE546-AC14-D210-0A29-FC904D915BD3 HTTP/1.1" 200 112771
20.171.207.55 - - [27/Feb/2025:00:04:23 +0100] "GET /ticket2/opencms/set_aff_cookie.jsp?partner=2E02071B-A8C3-4CBA-3097-C27D61C02ED8&url=%252Ffi%252Fbuy%252Findex.html%253Fpage%253D1%2526edid%253D81B38BC2-1B10-C00A-7953-DB579F5D53A3%2526hlv%253D66924221-9188-4c7b-b3d8-073b0a01000f%2523v_314046927 HTTP/1.1" 200 246
40.77.167.65 - - [27/Feb/2025:00:04:24 +0100] "GET /ticket2/opencms/lt/buy?page=1&edid=697D8C0F-8F0F-01B2-F64B-49E5C273E510 HTTP/1.1" 200 110923
47.128.126.192 - - [27/Feb/2025:00:04:24 +0100] "GET /ticket2/opencms/dk/sport/fodboldbilletter/premier-league/west_ham_united/ HTTP/1.1" 200 96438
20.171.207.55 - - [27/Feb/2025:00:04:25 +0100] "GET /ticket2/opencms/set_aff_cookie.jsp?partner=6F250EA7-4505-FA01-D601-8847F2573405&url=%252Fen%252Fbuy%252Findex.html%253Fpage%253D1%2526edid%253D77EEF94B-7B3D-9F35-9811-078E0E2474CF%2526hlv%253D669388b5-c074-4a8a-a5c6-703e0a01000f%2523v_163418043 HTTP/1.1" 200 246
40.77.167.65 - - [27/Feb/2025:00:04:25 +0100] "GET /ticket2/opencms/sk/buy?page=10&eventid=95E8846F-148F-9D89-2E4D-7714EAEAF9EE&venueid=6F35A585-C7A7-198F-956D-F8F0D81EEC09 HTTP/1.1" 200 98518
47.128.126.192 - - [27/Feb/2025:00:04:25 +0100] "GET /ticket2/opencms/system/modules/com.gridnine.opencms.ticketbrokerage.site/resources/pics/banners/West_Ham.jpg HTTP/1.1" 200 13687
20.171.207.55 - - [27/Feb/2025:00:04:26 +0100] "GET /ticket2/opencms/set_aff_cookie.jsp?partner=6F250EA7-4505-FA01-D601-8847F2573405&url=%252Fno%252Fbuy%252Findex.html%253Fpage%253D1%2526edid%253D50F18BFF-700E-1E6F-C17F-C358E206F903%2526hlv%253D60ca0cbd-b4d0-48e4-8527-36280a01000f%2523v_857423375 HTTP/1.1" 200 246
173.252.83.3 - - [27/Feb/2025:00:04:26 +0100] "GET /ticket2/opencms/dk/buy/?page=1&edid=063774E2-DE1A-6A46-E97B-D379290B879E HTTP/1.1" 200 110883
20.171.207.55 - - [27/Feb/2025:00:04:27 +0100] "GET /ticket2/opencms/set_aff_cookie.jsp?partner=6F250EA7-4505-FA01-D601-8847F2573405&url=%252Ffi%252Fbuy%252Findex.html%253Fpage%253D1%2526edid%253D77EEF94B-7B3D-9F35-9811-078E0E2474CF%2526hlv%253D669388b6-9f54-4577-8084-703e0a01000f%2523v356000194 HTTP/1.1" 200 245
20.171.207.55 - - [27/Feb/2025:00:04:28 +0100] "GET /ticket2/opencms/set_aff_cookie.jsp?partner=5E0CDF29-E7BE-9F6B-6869-7BF66B04006F&url=%252Fdk%252Fbuy%252Findex.html%253Fpage%253D1%2526edid%253DC64002B7-B7A3-A646-1770-7E79C914EDA5%2526hlv%253D66a120d3-04c8-492e-b32a-08c90a01000f%2523v_2122721278 HTTP/1.1" 200 247
40.77.167.36 - - [27/Feb/2025:00:04:29 +0100] "GET /ticket2/opencms/mo/buy?page=1&edid=0ABF5308-5A84-07C0-4649-8691D025AC4F HTTP/1.1" 200 112648
20.171.207.55 - - [27/Feb/2025:00:04:29 +0100] "GET /ticket2/opencms/set_aff_cookie.jsp?partner=6F250EA7-4505-FA01-D601-8847F2573405&url=%252Fru%252Fbuy%252Findex.html%253Fpage%253D1%2526edid%253D76EAECA7-64F4-2580-38CA-B14BCC95A1C5%2526hlv%253D66901f66-0f08-4ea4-aec6-210c0a01000f%2523v_1258156747 HTTP/1.1" 200 247
20.171.207.55 - - [27/Feb/2025:00:04:30 +0100] "GET /ticket2/opencms/set_aff_cookie.jsp?partner=6F250EA7-4505-FA01-D601-8847F2573405&url=%252Fdk%252Fbuy%252Findex.html%253Fpage%253D1%2526edid%253D87B3356E-6F78-7F45-235C-4CD49B95C308%2526hlv%253D669148e4-68e0-4b05-9d99-48a80a01000f%2523v286146185 HTTP/1.1" 200 245
20.171.207.55 - - [27/Feb/2025:00:04:31 +0100] "GET /ticket2/opencms/set_aff_cookie.jsp?partner=6F250EA7-4505-FA01-D601-8847F2573405&url=%252Ffi%252Fbuy%252Findex.html%253Fpage%253D1%2526edid%253D779DCE22-7865-5C8E-54FB-44794C9B955F%2526hlv%253D669241c4-8644-4bd5-8229-0d450a01000f%2523v275810116 HTTP/1.1" 200 245
20.171.207.55 - - [27/Feb/2025:00:04:33 +0100] "GET /ticket2/opencms/set_aff_cookie.jsp?partner=6F250EA7-4505-FA01-D601-8847F2573405&url=%252Fru%252Fbuy%252Findex.html%253Fpage%253D1%2526edid%253DC64002B7-B7A3-A646-1770-7E79C914EDA5%2526hlv%253D66a120d4-4a08-4352-a868-08c90a01000f%2523v1377330002 HTTP/1.1" 200 246
92.34.110.133 - - [27/Feb/2025:00:04:34 +0100] "GET /ticket2/opencms/sv/sport/fotbollsbiljetter/serie_a/ HTTP/1.1" 200 96933
20.171.207.55 - - [27/Feb/2025:00:04:34 +0100] "GET /ticket2/opencms/set_aff_cookie.jsp?partner=6F250EA7-4505-FA01-D601-8847F2573405&url=%252Fru%252Fbuy%252Findex.html%253Fpage%253D1%2526edid%253D32221081-B4D2-47EE-3316-CF1A694236FC%2526hlv%253D67b8a03c-9ef8-4384-ad08-04910a01000f%2523v_687810772 HTTP/1.1" 200 246
94.74.95.166 - - [27/Feb/2025:00:04:34 +0100] "GET /ticket2/opencms/es/buy?page=1&edid=EFCA122E-EFD5-12F8-6F83-6930A0BC1F37 HTTP/1.1" 200 90340
20.171.207.55 - - [27/Feb/2025:00:04:35 +0100] "GET /ticket2/opencms/set_aff_cookie.jsp?partner=57601924-FB09-5BB2-867F-08B4EB522BA8&url=%252Fru%252Fbuy%252Findex.html%253Fpage%253D1%2526edid%253D3289C097-2261-9433-8644-DF033A9EE354%2526hlv%253D666c5d15-a894-4837-a8fb-4e220a01000f%2523v_731463748 HTTP/1.1" 200 246
20.171.207.55 - - [27/Feb/2025:00:04:36 +0100] "GET /ticket2/opencms/set_aff_cookie.jsp?partner=57601924-FB09-5BB2-867F-08B4EB522BA8&url=%252Fru%252Fbuy%252Findex.html%253Fpage%253D1%2526edid%253D3571A1A0-959E-2767-C9C5-76572809AC2B%2526hlv%253D66cf0d03-30f8-4248-9259-29010a01000f%2523v_467632160 HTTP/1.1" 200 246
47.128.60.106 - - [27/Feb/2025:00:04:37 +0100] "GET /ticket2/opencms/it/buy?edid=DB78564C-15B8-80D7-4417-3A2B0F9689F8 HTTP/1.1" 200 91426
20.171.207.55 - - [27/Feb/2025:00:04:37 +0100] "GET /ticket2/opencms/set_aff_cookie.jsp?partner=2E02071B-A8C3-4CBA-3097-C27D61C02ED8&url=%252Fno%252Fbuy%252Findex.html%253Fpage%253D1%2526edid%253DBEA9D3E5-A93E-146C-1904-24495F6A8B39%2526hlv%253D66704d8c-b578-4bb0-8b94-6a910a01000f%2523v_2032379774 HTTP/1.1" 200 247
114.119.136.30 - - [27/Feb/2025:00:04:38 +0100] "GET /ticket2/opencms/fi/buy?page=1&edid=7E220B35-85A5-A2FD-5BA1-267E725AAC4D HTTP/1.1" 200 111580
20.171.207.55 - - [27/Feb/2025:00:04:38 +0100] "GET /ticket2/opencms/set_aff_cookie.jsp?partner=6F250EA7-4505-FA01-D601-8847F2573405&url=%252Fru%252Fbuy%252Findex.html%253Fpage%253D1%2526edid%253DBD28444D-8483-F179-3965-1E8A674294B4%2526hlv%253D66c38da3-c644-4f31-b549-6f2f0a01000f%2523v1629007167 HTTP/1.1" 200 246
20.171.207.55 - - [27/Feb/2025:00:04:40 +0100] "GET /ticket2/opencms/set_aff_cookie.jsp?partner=6F250EA7-4505-FA01-D601-8847F2573405&url=%252Fru%252Fbuy%252Findex.html%253Fpage%253D1%2526edid%253D47C0370F-9915-7673-E038-7AD65907592C%2526hlv%253D666d50d2-e028-4655-aadf-70d60a01000f%2523v1016706905 HTTP/1.1" 200 246
66.249.79.33 - - [27/Feb/2025:00:04:40 +0100] "GET /ticket2/opencms/en/buy?page=1&edid=6491C4B6-5C45-20F3-BDEC-54EE4BA903D5&hlv=66d595d1-4188-425b-9c1d-4fd00a01000f HTTP/1.1" 200 111196
20.171.207.55 - - [27/Feb/2025:00:04:41 +0100] "GET /ticket2/opencms/set_aff_cookie.jsp?partner=6F250EA7-4505-FA01-D601-8847F2573405&url=%252Fdk%252Fbuy%252Findex.html%253Fpage%253D1%2526edid%253D86A7D428-8E42-C0D0-846E-90C83426D4AE%2526hlv%253D6686653f-a570-4cb8-ba48-67400a01000f%2523v588167402 HTTP/1.1" 200 245
216.244.66.238 - - [27/Feb/2025:00:04:42 +0100] "GET /ticket2/opencms/et/buy?page=1&edid=150C2B47-38EB-0C0E-C664-5F863E9426DB HTTP/1.1" 200 135123
20.171.207.55 - - [27/Feb/2025:00:04:42 +0100] "GET /ticket2/opencms/set_aff_cookie.jsp?partner=6F250EA7-4505-FA01-D601-8847F2573405&url=%252Fno%252Fbuy%252Findex.html%253Fpage%253D1%2526edid%253D4DE3EC8A-357C-4B99-65AF-B4A313132CD8%2526hlv%253D6114014e-8c40-43dd-973e-18ed0a01000f%2523v_308554618 HTTP/1.1" 200 246
52.167.144.235 - - [27/Feb/2025:00:04:43 +0100] "GET /ticket2/opencms/de/buy/?page=1&edid=C4C2A65A-40AE-982E-2427-F232C3866A5D HTTP/1.1" 200 110626
20.171.207.55 - - [27/Feb/2025:00:04:43 +0100] "GET /ticket2/opencms/set_aff_cookie.jsp?partner=6F250EA7-4505-FA01-D601-8847F2573405&url=%252Ffi%252Fbuy%252Findex.html%253Fpage%253D1%2526edid%253DE3251761-EB52-79D3-066B-585D4F470E3B%2526hlv%253D66884199-0178-47d8-be94-31cf0a01000f%2523v1282100701 HTTP/1.1" 200 246
20.171.207.55 - - [27/Feb/2025:00:04:44 +0100] "GET /ticket2/opencms/set_aff_cookie.jsp?partner=57601924-FB09-5BB2-867F-08B4EB522BA8&url=%252Fsv%252Fbuy%252Findex.html%253Fpage%253D1%2526edid%253DAC44825D-2793-0C67-BD3C-7AB6359F86DA%2526hlv%253D66890783-1e34-4f1b-9fa7-1ba70a01000f%2523v_1520201795 HTTP/1.1" 200 247
101.44.161.209 - - [27/Feb/2025:00:04:44 +0100] "GET /ticket2/opencms/es/buy?page=1&edid=5841328A-911D-5943-EBD4-7800C7848F54 HTTP/1.1" 200 90320
20.171.207.55 - - [27/Feb/2025:00:04:45 +0100] "GET /ticket2/opencms/set_aff_cookie.jsp?partner=6F250EA7-4505-FA01-D601-8847F2573405&url=%252Fsv%252Fbuy%252Findex.html%253Fpage%253D1%2526edid%253D9A8891BD-C3B9-2FD5-1633-7AEF0F073762%2526hlv%253D669390d8-d91c-4967-8081-75040a01000f%2523v448268477 HTTP/1.1" 200 245
66.249.76.160 - - [27/Feb/2025:00:04:46 +0100] "GET /ticket2/opencms/dk/buy?page=1&edid=055941D5-AAA9-3559-090F-26D27D65FBDA&hlv=66d04e35-b154-4468-9965-06ff0a01000f HTTP/1.1" 200 121388
20.171.207.55 - - [27/Feb/2025:00:04:46 +0100] "GET /ticket2/opencms/set_aff_cookie.jsp?partner=6F250EA7-4505-FA01-D601-8847F2573405&url=%252Fno%252Fbuy%252Findex.html%253Fpage%253D1%2526edid%253DC5BE8910-C31D-1B7A-D498-4C5862D3F5A8%2526hlv%253D60ca1ba7-8b90-4601-a36d-3f300a01000f%2523v_1075340359 HTTP/1.1" 200 247
20.171.207.55 - - [27/Feb/2025:00:04:48 +0100] "GET /ticket2/opencms/set_aff_cookie.jsp?partner=6F250EA7-4505-FA01-D601-8847F2573405&url=%252Fsv%252Fbuy%252Findex.html%253Fpage%253D1%2526edid%253D77EEF94B-7B3D-9F35-9811-078E0E2474CF%2526hlv%253D669388b8-6ae8-4a44-8612-703e0a01000f%2523v_2033187181 HTTP/1.1" 200 247
20.171.207.55 - - [27/Feb/2025:00:04:49 +0100] "GET /ticket2/opencms/set_aff_cookie.jsp?partner=6F250EA7-4505-FA01-D601-8847F2573405&url=%252Fru%252Fbuy%252Findex.html%253Fpage%253D1%2526edid%253D5C16C231-B966-190F-EDF0-005493349D4E%2526hlv%253D66924208-0df0-4f6c-b3a0-068d0a01000f%2523v_1869117670 HTTP/1.1" 200 247
20.171.207.55 - - [27/Feb/2025:00:04:50 +0100] "GET /ticket2/opencms/set_aff_cookie.jsp?partner=57601924-FB09-5BB2-867F-08B4EB522BA8&url=%252Fno%252Fbuy%252Findex.html%253Fpage%253D1%2526edid%253D0C675B35-F010-2227-D951-9B816929F720%2526hlv%253D6689073e-c57c-45e0-85fa-1a850a01000f%2523v_822702459 HTTP/1.1" 200 246
66.249.79.199 - - [27/Feb/2025:00:04:50 +0100] "GET /ticket2/opencms/sv/sport/fotbollsbiljetter/bundesliga/eintracht_frankfurt/ HTTP/1.1" 200 98524
20.171.207.55 - - [27/Feb/2025:00:04:51 +0100] "GET /ticket2/opencms/set_aff_cookie.jsp?partner=6F250EA7-4505-FA01-D601-8847F2573405&url=%252Fnl%252Fbuy%252Findex.html%253Fpage%253D1%2526edid%253D9A8891BD-C3B9-2FD5-1633-7AEF0F073762%2526hlv%253D669390d6-6148-4407-abcf-75040a01000f%2523v_860212111 HTTP/1.1" 200 246
20.171.207.55 - - [27/Feb/2025:00:04:52 +0100] "GET /ticket2/opencms/set_aff_cookie.jsp?partner=6F250EA7-4505-FA01-D601-8847F2573405&url=%252Fsv%252Fbuy%252Findex.html%253Fpage%253D1%2526edid%253D2F89DE74-66D3-F2EE-BBA0-20A3C149309A%2526hlv%253D66924885-8598-427e-9295-19b40a01000f%2523v1114979159 HTTP/1.1" 200 246
85.208.96.208 - - [27/Feb/2025:00:04:52 +0100] "GET /ticket2/opencms/es/magazine/article?title=la-nations-league-esta-en-pleno-desarrollo HTTP/1.1" 200 94662
20.171.207.55 - - [27/Feb/2025:00:04:53 +0100] "GET /ticket2/opencms/set_aff_cookie.jsp?partner=2E02071B-A8C3-4CBA-3097-C27D61C02ED8&url=%252Ffi%252Fbuy%252Findex.html%253Fpage%253D1%2526edid%253D3F822738-BD55-10B1-3185-42149CD278B9%2526hlv%253D610bcfd5-957c-4bae-85f7-15e90a01000f%2523v_950835651 HTTP/1.1" 200 246
20.171.207.55 - - [27/Feb/2025:00:04:55 +0100] "GET /ticket2/opencms/set_aff_cookie.jsp?partner=6F250EA7-4505-FA01-D601-8847F2573405&url=%252Fnl%252Fbuy%252Findex.html%253Fpage%253D1%2526edid%253D750C6040-29F7-425D-A24F-51B977F415A3%2526hlv%253D666c4b7e-4860-485d-b06e-3da20a01000f%2523v_1723768629 HTTP/1.1" 200 247
40.77.167.36 - - [27/Feb/2025:00:04:55 +0100] "GET /ticket2/opencms/tr/buy?page=1&edid=3DF4291F-04C2-AD3A-CB04-5D1401F45049 HTTP/1.1" 200 112004
20.171.207.55 - - [27/Feb/2025:00:04:56 +0100] "GET /ticket2/opencms/set_aff_cookie.jsp?partner=6F250EA7-4505-FA01-D601-8847F2573405&url=%252Fnl%252Fbuy%252Findex.html%253Fpage%253D1%2526edid%253DDD06A750-81DC-2084-5EA7-F99D030C75E7%2526hlv%253D66938476-2388-4caf-889b-6d360a01000f%2523v846226104 HTTP/1.1" 200 245
101.46.6.82 - - [27/Feb/2025:00:04:56 +0100] "GET /ticket2/opencms/bs/buy?page=1&edid=20F87A8A-06D8-8F92-A22B-FA3C785DF454 HTTP/1.1" 200 108398
20.171.207.55 - - [27/Feb/2025:00:04:57 +0100] "GET /ticket2/opencms/set_aff_cookie.jsp?partner=6F250EA7-4505-FA01-D601-8847F2573405&url=%252Fnl%252Fbuy%252Findex.html%253Fpage%253D1%2526edid%253D50375D23-8B44-5172-3FB1-755B660EE76F%2526hlv%253D66867187-6d44-44e0-bdce-73030a01000f%2523v1347180215 HTTP/1.1" 200 246
20.171.207.55 - - [27/Feb/2025:00:04:58 +0100] "GET /ticket2/opencms/set_aff_cookie.jsp?partner=57601924-FB09-5BB2-867F-08B4EB522BA8&url=%252Fnl%252Fbuy%252Findex.html%253Fpage%253D1%2526edid%253D26467E66-E432-3709-0425-A75E81B5021A%2526hlv%253D666c5d2a-4154-4e73-a5b2-4e220a01000f%2523v_152817807 HTTP/1.1" 200 246
20.171.207.55 - - [27/Feb/2025:00:04:59 +0100] "GET /ticket2/opencms/set_aff_cookie.jsp?partner=6F250EA7-4505-FA01-D601-8847F2573405&url=%252Fno%252Fbuy%252Findex.html%253Fpage%253D1%2526edid%253DB8A6965B-216E-27C8-9A3D-21241346030F%2526hlv%253D66866f91-497c-455e-bab8-73060a01000f%2523v1889058811 HTTP/1.1" 200 246
216.244.66.238 - - [27/Feb/2025:00:05:00 +0100] "GET /ticket2/opencms/uk/buy?page=1&edid=02717DFD-516F-F288-43FD-93598E319E97 HTTP/1.1" 200 110989
20.171.207.55 - - [27/Feb/2025:00:05:00 +0100] "GET /ticket2/opencms/set_aff_cookie.jsp?partner=8F6DE15D-D831-5787-AE7E-FEFF53476F85&url=%252Fen%252Fbuy%252Findex.html%253Fpage%253D1%2526edid%253D23462A4C-8725-82B5-7A63-462FC0C8A36E%2526hlv%253D60c9e50e-3e30-4e2f-93a5-237e0a01000f%2523v_1216500332 HTTP/1.1" 200 247
20.171.207.55 - - [27/Feb/2025:00:05:01 +0100] "GET /ticket2/opencms/set_aff_cookie.jsp?partner=57601924-FB09-5BB2-867F-08B4EB522BA8&url=%252Fru%252Fbuy%252Findex.html%253Fpage%253D1%2526edid%253D47C0370F-9915-7673-E038-7AD65907592C%2526hlv%253D666d50d3-147c-4dc5-978d-70d60a01000f%2523v_1028540748 HTTP/1.1" 200 247
20.171.207.55 - - [27/Feb/2025:00:05:03 +0100] "GET /ticket2/opencms/set_aff_cookie.jsp?partner=5E0CDF29-E7BE-9F6B-6869-7BF66B04006F&url=%252Fno%252Fbuy%252Findex.html%253Fpage%253D1%2526edid%253D312E2B30-1BE8-80F9-5587-64D580752ED3%2526hlv%253D6690088b-e320-4247-9681-14010a01000f%2523v_1726769068 HTTP/1.1" 200 247
20.171.207.55 - - [27/Feb/2025:00:05:04 +0100] "GET /ticket2/opencms/set_aff_cookie.jsp?partner=6F250EA7-4505-FA01-D601-8847F2573405&url=%252Fen%252Fbuy%252Findex.html%253Fpage%253D1%2526edid%253D7F2B1FEA-20FE-7448-32AC-111154CA401B%2526hlv%253D666d4532-7318-4c55-9319-64610a01000f%2523v729535897 HTTP/1.1" 200 245
20.171.207.55 - - [27/Feb/2025:00:05:05 +0100] "GET /ticket2/opencms/set_aff_cookie.jsp?partner=8F6DE15D-D831-5787-AE7E-FEFF53476F85&url=%252Fno%252Fbuy%252Findex.html%253Fpage%253D1%2526edid%253D383B78D7-9494-2298-4876-E7F35CEDFAD4%2526hlv%253D60c9e18b-b738-4954-b575-23000a01000f%2523v_273557432 HTTP/1.1" 200 246
20.171.207.55 - - [27/Feb/2025:00:05:06 +0100] "GET /ticket2/opencms/set_aff_cookie.jsp?partner=6F250EA7-4505-FA01-D601-8847F2573405&url=%252Fno%252Fbuy%252Findex.html%253Fpage%253D1%2526edid%253D4F04B384-F03D-7561-DCF9-2375D49FE618%2526hlv%253D669248cb-74b0-4181-9647-1a520a01000f%2523v2054676188 HTTP/1.1" 200 246
66.220.149.11 - - [27/Feb/2025:00:05:07 +0100] "GET /ticket2/opencms/bs/buy?page=1&edid=3DA4D4F8-D0E8-FA39-BB7D-9FB474CBAB05 HTTP/1.1" 200 110672
54.91.122.193 - - [27/Feb/2025:00:05:07 +0100] "GET /ticket2/opencms/lt/sport/futbolo-bilietai/english-championship/hull-city HTTP/1.1" 404 -
20.171.207.55 - - [27/Feb/2025:00:05:07 +0100] "GET /ticket2/opencms/set_aff_cookie.jsp?partner=6F250EA7-4505-FA01-D601-8847F2573405&url=%252Fsv%252Fbuy%252Findex.html%253Fpage%253D1%2526edid%253D7C302FE7-A282-8674-91A5-C39354E6B4F5%2526hlv%253D6698cf73-d058-42f0-8c98-3c4e0a01000f%2523v_772763402 HTTP/1.1" 200 246
185.191.171.13 - - [27/Feb/2025:00:05:08 +0100] "GET /ticket2/opencms/ka/magazine/article?title=rodrigo-bentancur-gamoiketa-shvidi-matchidan-rasistuli-gantskhadebis-gamo HTTP/1.1" 200 98945
31.13.127.18 - - [27/Feb/2025:00:05:08 +0100] "GET /ticket2/opencms/ HTTP/1.1" 302 -
31.13.127.17 - - [27/Feb/2025:00:05:08 +0100] "GET /ticket2/opencms/meta.json HTTP/1.1" 404 -
31.13.127.12 - - [27/Feb/2025:00:05:08 +0100] "GET /ticket2/opencms/ HTTP/1.1" 302 -
20.171.207.55 - - [27/Feb/2025:00:05:08 +0100] "GET /ticket2/opencms/set_aff_cookie.jsp?partner=6F250EA7-4505-FA01-D601-8847F2573405&url=%252Fno%252Fbuy%252Findex.html%253Fpage%253D1%2526edid%253D77EEF94B-7B3D-9F35-9811-078E0E2474CF%2526hlv%253D669388b8-6718-460a-9790-703e0a01000f%2523v124703417 HTTP/1.1" 200 245
124.243.172.72 - - [27/Feb/2025:00:05:09 +0100] "GET /ticket2/opencms/bs/buy?page=1&edid=35B3B189-F0EE-D44E-696E-524503E0038E HTTP/1.1" 200 108450
20.171.207.55 - - [27/Feb/2025:00:05:10 +0100] "GET /ticket2/opencms/set_aff_cookie.jsp?partner=6F250EA7-4505-FA01-D601-8847F2573405&url=%252Ffi%252Fbuy%252Findex.html%253Fpage%253D1%2526edid%253D81B38BC2-1B10-C00A-7953-DB579F5D53A3%2526hlv%253D66924221-5928-44ce-a351-073b0a01000f%2523v_379284034 HTTP/1.1" 200 246
85.208.96.196 - - [27/Feb/2025:00:05:10 +0100] "GET /ticket2/opencms/sr/about/contact/ HTTP/1.1" 200 86913
31.13.127.2 - - [27/Feb/2025:00:05:10 +0100] "GET /ticket2/opencms/en/ HTTP/1.1" 200 104602
31.13.127.1 - - [27/Feb/2025:00:05:10 +0100] "GET /ticket2/opencms/en/ HTTP/1.1" 200 104522
20.171.207.55 - - [27/Feb/2025:00:05:11 +0100] "GET /ticket2/opencms/set_aff_cookie.jsp?partner=6F250EA7-4505-FA01-D601-8847F2573405&url=%252Fsv%252Fbuy%252Findex.html%253Fpage%253D1%2526edid%253DACFE5269-826A-FF79-28D4-8876A969800F%2526hlv%253D66867728-3b40-44b8-8450-7b0d0a01000f%2523v1363972863 HTTP/1.1" 200 246
20.171.207.55 - - [27/Feb/2025:00:05:12 +0100] "GET /ticket2/opencms/set_aff_cookie.jsp?partner=23A6AD98-906E-5BDD-600E-EC4EC8A45F97&url=%252Fen%252Fbuy%252Findex.html%253Fpage%253D1%2526edid%253D26467E66-E432-3709-0425-A75E81B5021A%2526hlv%253D666c5d2d-d768-4c8f-890d-4e220a01000f%2523v_1539282214 HTTP/1.1" 200 247
20.171.207.55 - - [27/Feb/2025:00:05:13 +0100] "GET /ticket2/opencms/set_aff_cookie.jsp?partner=6F250EA7-4505-FA01-D601-8847F2573405&url=%252Fru%252Fbuy%252Findex.html%253Fpage%253D1%2526edid%253D26467E66-E432-3709-0425-A75E81B5021A%2526hlv%253D666c5d29-d3c0-4f61-ba86-4e220a01000f%2523v2127295536 HTTP/1.1" 200 246
20.171.207.55 - - [27/Feb/2025:00:05:14 +0100] "GET /ticket2/opencms/set_aff_cookie.jsp?partner=8F6DE15D-D831-5787-AE7E-FEFF53476F85&url=%252Fnl%252Fbuy%252Findex.html%253Fpage%253D1%2526edid%253D3590293B-3580-7B39-A58A-6ECDB1E34543%2526hlv%253D666ddf92-1334-43e3-b537-6dbe0a01000f%2523v_1817799019 HTTP/1.1" 200 247
20.171.207.55 - - [27/Feb/2025:00:05:15 +0100] "GET /ticket2/opencms/set_aff_cookie.jsp?partner=57601924-FB09-5BB2-867F-08B4EB522BA8&url=%252Fen%252Fbuy%252Findex.html%253Fpage%253D1%2526edid%253D7568E602-7C67-35D2-952F-D243F8930169%2526hlv%253D666dbc72-8388-41a0-b138-4cf60a01000f%2523v_2004031794 HTTP/1.1" 200 247
216.244.66.238 - - [27/Feb/2025:00:05:16 +0100] "GET /ticket2/opencms/es/deporte/entradas-futbol/english-championship/ HTTP/1.1" 200 105719
152.53.21.148 - - [27/Feb/2025:00:05:16 +0100] "GET /ticket2/opencms/en/sport/football-tickets/serie_a/udinese/ HTTP/1.1" 200 93004
20.171.207.55 - - [27/Feb/2025:00:05:17 +0100] "GET /ticket2/opencms/set_aff_cookie.jsp?partner=57601924-FB09-5BB2-867F-08B4EB522BA8&url=%252Fno%252Fbuy%252Findex.html%253Fpage%253D1%2526edid%253D9A8891BD-C3B9-2FD5-1633-7AEF0F073762%2526hlv%253D669390d6-5110-4f61-8088-75040a01000f%2523v_1861124761 HTTP/1.1" 200 247
20.171.207.55 - - [27/Feb/2025:00:05:18 +0100] "GET /ticket2/opencms/set_aff_cookie.jsp?partner=2E02071B-A8C3-4CBA-3097-C27D61C02ED8&url=%252Ffi%252Fbuy%252Findex.html%253Fpage%253D1%2526edid%253D26B722A8-A37B-F70B-4316-1551E2D204EA%2526hlv%253D60f68d14-735c-40e1-990e-5ad30a01000f%2523v_226367515 HTTP/1.1" 200 246
20.171.207.55 - - [27/Feb/2025:00:05:19 +0100] "GET /ticket2/opencms/set_aff_cookie.jsp?partner=6F250EA7-4505-FA01-D601-8847F2573405&url=%252Fdk%252Fbuy%252Findex.html%253Fpage%253D1%2526edid%253D0859B3F5-666A-8459-68A2-BF0A731BAF06%2526hlv%253D6693849c-3e38-4a75-936b-6c6f0a01000f%2523v_262824301 HTTP/1.1" 200 246
54.36.148.32 - - [27/Feb/2025:00:05:19 +0100] "GET /ticket2/opencms/en/venue/?countryid=C83BD7D3-147E-EEE7-3AB4-19E8D9E56196 HTTP/1.1" 200 114766
159.138.136.138 - - [27/Feb/2025:00:05:20 +0100] "GET /ticket2/opencms/tr/buy?page=1&edid=FE4DBC25-F1BC-497D-822F-4B54B98D6608 HTTP/1.1" 200 132083
20.171.207.55 - - [27/Feb/2025:00:05:20 +0100] "GET /ticket2/opencms/set_aff_cookie.jsp?partner=2E02071B-A8C3-4CBA-3097-C27D61C02ED8&url=%252Fnl%252Fbuy%252Findex.html%253Fpage%253D1%2526edid%253DA27091AD-1422-96A9-33A7-74A8DECA25F3%2526hlv%253D666ddc7d-7408-4726-b59f-6a850a01000f%2523v_1948982164 HTTP/1.1" 200 247
20.171.207.55 - - [27/Feb/2025:00:05:21 +0100] "GET /ticket2/opencms/set_aff_cookie.jsp?partner=57601924-FB09-5BB2-867F-08B4EB522BA8&url=%252Fru%252Fbuy%252Findex.html%253Fpage%253D1%2526edid%253D3289C097-2261-9433-8644-DF033A9EE354%2526hlv%253D666c5d15-02d4-4282-b338-4e220a01000f%2523v786323177 HTTP/1.1" 200 245
20.171.207.55 - - [27/Feb/2025:00:05:22 +0100] "GET /ticket2/opencms/set_aff_cookie.jsp?partner=57601924-FB09-5BB2-867F-08B4EB522BA8&url=%252Fnl%252Fbuy%252Findex.html%253Fpage%253D1%2526edid%253DB8A6965B-216E-27C8-9A3D-21241346030F%2526hlv%253D66866f91-8e48-431e-a40a-73060a01000f%2523v_1224291090 HTTP/1.1" 200 247
20.171.207.55 - - [27/Feb/2025:00:05:23 +0100] "GET /ticket2/opencms/set_aff_cookie.jsp?partner=5E0CDF29-E7BE-9F6B-6869-7BF66B04006F&url=%252Fsv%252Fbuy%252Findex.html%253Fpage%253D1%2526edid%253D2DC06F61-5D5D-7D55-527B-266122082029%2526hlv%253D60f5c54d-bd20-4c60-930c-1e9c0a01000f%2523v_1818508307 HTTP/1.1" 200 247
40.77.167.36 - - [27/Feb/2025:00:05:24 +0100] "GET /ticket2/opencms/ro/buy/?page=6&comcatid=97ECA65A-72DA-F9AF-9DBB-245D3CFED1BE&catid=4C4DADF0-07CC-9B24-D2D9-940EF378BE99 HTTP/1.1" 200 98445
85.208.96.211 - - [27/Feb/2025:00:05:24 +0100] "GET /ticket2/opencms/sr/login HTTP/1.1" 200 92250
154.54.249.216 - - [27/Feb/2025:00:05:24 +0100] "GET /ticket2/opencms/de/buy?page=1&edid=F6B1A5E6-3A8E-2702-C092-0318528F1CAF HTTP/1.1" 200 90056
20.171.207.55 - - [27/Feb/2025:00:05:25 +0100] "GET /ticket2/opencms/set_aff_cookie.jsp?partner=6F250EA7-4505-FA01-D601-8847F2573405&url=%252Fnl%252Fbuy%252Findex.html%253Fpage%253D1%2526edid%253D32221081-B4D2-47EE-3316-CF1A694236FC%2526hlv%253D67b89ecd-00a8-4873-b03b-03490a01000f%2523v_1626515072 HTTP/1.1" 200 247
20.171.207.55 - - [27/Feb/2025:00:05:26 +0100] "GET /ticket2/opencms/set_aff_cookie.jsp?partner=57601924-FB09-5BB2-867F-08B4EB522BA8&url=%252Fdk%252Fbuy%252Findex.html%253Fpage%253D1%2526edid%253D7C302FE7-A282-8674-91A5-C39354E6B4F5%2526hlv%253D6698cf73-8834-4df1-98e6-3c4e0a01000f%2523v1830031793 HTTP/1.1" 200 246
20.171.207.55 - - [27/Feb/2025:00:05:27 +0100] "GET /ticket2/opencms/set_aff_cookie.jsp?partner=6F250EA7-4505-FA01-D601-8847F2573405&url=%252Fen%252Fbuy%252Findex.html%253Fpage%253D1%2526edid%253D48F110A0-CF55-13C3-BFB3-A057F2A6E27A%2526hlv%253D669148c9-7e98-45c0-8958-48240a01000f%2523v_729033603 HTTP/1.1" 200 246
66.249.76.1 - - [27/Feb/2025:00:05:27 +0100] "GET /ticket2/opencms/mt/magazine/article?title=l-ewwel-reba-ta-ipswich-fil-premier-league-f22-sena HTTP/1.1" 200 93819
20.171.207.55 - - [27/Feb/2025:00:05:28 +0100] "GET /ticket2/opencms/set_aff_cookie.jsp?partner=5E0CDF29-E7BE-9F6B-6869-7BF66B04006F&url=%252Fdk%252Fbuy%252Findex.html%253Fpage%253D1%2526edid%253D3289C097-2261-9433-8644-DF033A9EE354%2526hlv%253D67b330e3-e644-4f5a-b0b9-7e040a01000f%2523v_913133121 HTTP/1.1" 200 246
66.249.68.2 - - [27/Feb/2025:00:05:28 +0100] "GET /ticket2/opencms/mt/magazine/article?title=l-ewwel-reba-ta-ipswich-fil-premier-league-f22-sena HTTP/1.1" 200 93820
20.171.207.55 - - [27/Feb/2025:00:05:29 +0100] "GET /ticket2/opencms/set_aff_cookie.jsp?partner=6F250EA7-4505-FA01-D601-8847F2573405&url=%252Ffi%252Fbuy%252Findex.html%253Fpage%253D1%2526edid%253D26467E66-E432-3709-0425-A75E81B5021A%2526hlv%253D666c5d2c-d9c8-40b2-a934-4e220a01000f%2523v298458255 HTTP/1.1" 200 245
20.171.207.55 - - [27/Feb/2025:00:05:30 +0100] "GET /ticket2/opencms/set_aff_cookie.jsp?partner=6F250EA7-4505-FA01-D601-8847F2573405&url=%252Fru%252Fbuy%252Findex.html%253Fpage%253D1%2526edid%253DACFE5269-826A-FF79-28D4-8876A969800F%2526hlv%253D66867728-3b40-44b8-8450-7b0d0a01000f%2523v1363972863 HTTP/1.1" 200 246
85.208.96.196 - - [27/Feb/2025:00:05:31 +0100] "GET /ticket2/opencms/cs/search.html HTTP/1.1" 200 97042
216.244.66.238 - - [27/Feb/2025:00:05:31 +0100] "GET /ticket2/opencms/be/buy?page=1&edid=61644994-7205-3A56-DFEA-D9B2F07D2210 HTTP/1.1" 200 91257
66.249.76.1 - - [27/Feb/2025:00:05:31 +0100] "GET /ticket2/opencms/system/modules/com.gridnine.opencms.ticketbrokerage.site/resources/css/calendar.css HTTP/1.1" 200 6871
20.171.207.55 - - [27/Feb/2025:00:05:32 +0100] "GET /ticket2/opencms/set_aff_cookie.jsp?partner=6F250EA7-4505-FA01-D601-8847F2573405&url=%252Fno%252Fbuy%252Findex.html%253Fpage%253D1%2526edid%253DE929D76A-4B90-77D0-40D9-CD97C2AEF58C%2526hlv%253D6691487b-c400-4134-bc29-47ce0a01000f%2523v_2071344583 HTTP/1.1" 200 247
114.119.136.30 - - [27/Feb/2025:00:05:32 +0100] "GET /ticket2/opencms/el/buy?page=1&edid=23F1E85E-708D-D2AE-21D5-FAE0E54B224E HTTP/1.1" 200 115289
111.119.238.241 - - [27/Feb/2025:00:05:32 +0100] "GET /ticket2/opencms/cs/buy?page=1&edid=5BA11D18-AC24-6566-FBBA-BF6AFADFC113 HTTP/1.1" 200 111957
20.171.207.55 - - [27/Feb/2025:00:05:33 +0100] "GET /ticket2/opencms/set_aff_cookie.jsp?partner=6F250EA7-4505-FA01-D601-8847F2573405&url=%252Fru%252Fbuy%252Findex.html%253Fpage%253D1%2526edid%253D779DCE22-7865-5C8E-54FB-44794C9B955F%2526hlv%253D669241c6-2d08-4337-8c52-0d450a01000f%2523v1110359687 HTTP/1.1" 200 246
37.120.185.161 - - [27/Feb/2025:00:05:33 +0100] "GET /ticket2/opencms/pl/buy/?page=1&edid=10597F35-2AC7-31D2-FB61-15A36BB6D73B HTTP/1.1" 200 136178
20.171.207.55 - - [27/Feb/2025:00:05:34 +0100] "GET /ticket2/opencms/set_aff_cookie.jsp?partner=2E02071B-A8C3-4CBA-3097-C27D61C02ED8&url=%252Ffi%252Fbuy%252Findex.html%253Fpage%253D1%2526edid%253DFB5480CB-FDB3-16C8-62C0-C378411EBA39%2526hlv%253D66938900-0728-4895-ba12-6fc60a01000f%2523v_1731814535 HTTP/1.1" 200 247
20.171.207.55 - - [27/Feb/2025:00:05:35 +0100] "GET /ticket2/opencms/set_aff_cookie.jsp?partner=6F250EA7-4505-FA01-D601-8847F2573405&url=%252Fsv%252Fbuy%252Findex.html%253Fpage%253D1%2526edid%253DF7607B70-C7D1-859A-AF1D-90ACBF6F99CC%2526hlv%253D66884189-8500-4268-b472-32170a01000f%2523v_1009062847 HTTP/1.1" 200 247
69.171.249.6 - - [27/Feb/2025:00:05:35 +0100] "GET /ticket2/opencms/es/magazine/article?title=fulham-fc HTTP/1.1" 200 92732
20.171.207.55 - - [27/Feb/2025:00:05:36 +0100] "GET /ticket2/opencms/set_aff_cookie.jsp?partner=6F250EA7-4505-FA01-D601-8847F2573405&url=%252Fnl%252Fbuy%252Findex.html%253Fpage%253D1%2526edid%253DCC748805-AA77-5D07-7352-96CD97D4F5AC%2526hlv%253D66a1216e-dfac-452f-a9e7-096f0a01000f%2523v_165626138 HTTP/1.1" 200 246
20.171.207.55 - - [27/Feb/2025:00:05:37 +0100] "GET /ticket2/opencms/set_aff_cookie.jsp?partner=2E02071B-A8C3-4CBA-3097-C27D61C02ED8&url=%252Fnl%252Fbuy%252Findex.html%253Fpage%253D1%2526edid%253DFB5480CB-FDB3-16C8-62C0-C378411EBA39%2526hlv%253D66938900-2b38-4de9-9318-6fc60a01000f%2523v_408494284 HTTP/1.1" 200 246
20.171.207.55 - - [27/Feb/2025:00:05:38 +0100] "GET /ticket2/opencms/set_aff_cookie.jsp?partner=6F250EA7-4505-FA01-D601-8847F2573405&url=%252Ffi%252Fbuy%252Findex.html%253Fpage%253D1%2526edid%253D0859B3F5-666A-8459-68A2-BF0A731BAF06%2526hlv%253D6693849c-0330-45a4-ad67-6c6f0a01000f%2523v_407790827 HTTP/1.1" 200 246
20.171.207.55 - - [27/Feb/2025:00:05:40 +0100] "GET /ticket2/opencms/set_aff_cookie.jsp?partner=5E0CDF29-E7BE-9F6B-6869-7BF66B04006F&url=%252Fdk%252Fbuy%252Findex.html%253Fpage%253D1%2526edid%253D0C94170C-17F1-0823-E8AC-91EC149F33EC%2526hlv%253D666d6f0e-a118-4805-943d-0c190a01000f%2523v_1088447172 HTTP/1.1" 200 247
154.54.249.216 - - [27/Feb/2025:00:05:40 +0100] "GET /ticket2/opencms/de/buy?page=1&edid=C1C161ED-392A-057B-99A1-EFB930A82112 HTTP/1.1" 200 111438
20.171.207.55 - - [27/Feb/2025:00:05:41 +0100] "GET /ticket2/opencms/set_aff_cookie.jsp?partner=57601924-FB09-5BB2-867F-08B4EB522BA8&url=%252Fru%252Fbuy%252Findex.html%253Fpage%253D1%2526edid%253D36B8587B-9BD4-1599-9368-E59F9780F9A9%2526hlv%253D666c8a20-4550-4963-a142-7e6f0a01000f%2523v_934308942 HTTP/1.1" 200 246
20.171.207.55 - - [27/Feb/2025:00:05:42 +0100] "GET /ticket2/opencms/set_aff_cookie.jsp?partner=6F250EA7-4505-FA01-D601-8847F2573405&url=%252Fen%252Fbuy%252Findex.html%253Fpage%253D1%2526edid%253DC64002B7-B7A3-A646-1770-7E79C914EDA5%2526hlv%253D66a120d5-4600-4295-8d3e-08c90a01000f%2523v_955241921 HTTP/1.1" 200 246
20.171.207.55 - - [27/Feb/2025:00:05:43 +0100] "GET /ticket2/opencms/set_aff_cookie.jsp?partner=6F250EA7-4505-FA01-D601-8847F2573405&url=%252Fno%252Fbuy%252Findex.html%253Fpage%253D1%2526edid%253D57C8D150-DCBD-4911-196A-160A37952FA8%2526hlv%253D666cb3b7-2a70-4699-820c-460a0a01000f%2523v_1469457989 HTTP/1.1" 200 247
93.45.74.13 - - [27/Feb/2025:00:05:44 +0100] "GET /ticket2/opencms/it/buy/?page=1&edid=151755CC-6470-A9AF-4FE7-BAC9FAA3C886 HTTP/1.1" 200 90251
93.45.74.13 - - [27/Feb/2025:00:05:44 +0100] "GET /ticket2/opencms/system/modules/com.gridnine.opencms.ticketbrokerage.site/resources/css/ticketbrokerage.css HTTP/1.1" 200 39339
93.45.74.13 - - [27/Feb/2025:00:05:44 +0100] "GET /ticket2/opencms/system/modules/com.gridnine.opencms.ticketbrokerage.site/resources/js/jquery/jquery.js HTTP/1.1" 200 93868
93.45.74.13 - - [27/Feb/2025:00:05:44 +0100] "GET /ticket2/opencms/system/modules/com.gridnine.opencms.ticketbrokerage.site/resources/js/jquery/jquery-ui.js HTTP/1.1" 200 228088
93.45.74.13 - - [27/Feb/2025:00:05:44 +0100] "GET /ticket2/opencms/system/modules/com.gridnine.opencms.ticketbrokerage.site/resources/css/calendar.css HTTP/1.1" 200 6871
93.45.74.13 - - [27/Feb/2025:00:05:44 +0100] "GET /ticket2/opencms/system/modules/com.gridnine.opencms.ticketbrokerage.site/resources/js/functions.js HTTP/1.1" 200 1583
93.45.74.13 - - [27/Feb/2025:00:05:44 +0100] "GET /ticket2/opencms/system/modules/com.gridnine.opencms.ticketbrokerage.site/resources/js/jquery.placeholder.min.js HTTP/1.1" 200 1737
93.45.74.13 - - [27/Feb/2025:00:05:44 +0100] "GET /ticket2/opencms/system/modules/com.gridnine.opencms.ticketbrokerage.site/resources/css/jquery-ui.css HTTP/1.1" 200 33221
93.45.74.13 - - [27/Feb/2025:00:05:44 +0100] "GET /ticket2/opencms/system/modules/com.gridnine.opencms.ticketbrokerage.site/resources/js/calendar.js HTTP/1.1" 200 49229
93.45.74.13 - - [27/Feb/2025:00:05:44 +0100] "GET /ticket2/opencms/system/modules/com.gridnine.opencms.ticketbrokerage.site/resources/css/jquery.fancybox.css HTTP/1.1" 200 4939
93.45.74.13 - - [27/Feb/2025:00:05:44 +0100] "GET /ticket2/opencms/system/modules/com.gridnine.opencms.ticketbrokerage.site/resources/css/standard.css HTTP/1.1" 200 74207
20.171.207.55 - - [27/Feb/2025:00:05:44 +0100] "GET /ticket2/opencms/set_aff_cookie.jsp?partner=57601924-FB09-5BB2-867F-08B4EB522BA8&url=%252Fnl%252Fbuy%252Findex.html%253Fpage%253D1%2526edid%253D86A7D428-8E42-C0D0-846E-90C83426D4AE%2526hlv%253D6686653e-c6f4-4784-9235-67400a01000f%2523v_315838025 HTTP/1.1" 200 246
93.45.74.13 - - [27/Feb/2025:00:05:44 +0100] "GET /ticket2/opencms/system/modules/com.gridnine.opencms.ticketbrokerage.site/resources/js/calendar-en.js HTTP/1.1" 200 3338
93.45.74.13 - - [27/Feb/2025:00:05:44 +0100] "GET /ticket2/opencms/system/modules/com.gridnine.opencms.ticketbrokerage.site/resources/js/calendar-setup.js HTTP/1.1" 200 4923
93.45.74.13 - - [27/Feb/2025:00:05:44 +0100] "GET /ticket2/opencms/system/modules/com.gridnine.opencms.ticketbrokerage.site/resources/js/common-ajax.js HTTP/1.1" 200 20175
93.45.74.13 - - [27/Feb/2025:00:05:44 +0100] "GET /ticket2/opencms/system/modules/com.gridnine.opencms.ticketbrokerage.site/resources/js/stickyfill.min.js HTTP/1.1" 200 5672
93.45.74.13 - - [27/Feb/2025:00:05:44 +0100] "GET /ticket2/opencms/system/modules/com.gridnine.opencms.ticketbrokerage.site/resources/js/jquery.fancybox.pack.js HTTP/1.1" 200 23187
93.45.74.13 - - [27/Feb/2025:00:05:44 +0100] "GET /ticket2/opencms/system/modules/com.gridnine.opencms.ticketbrokerage.site/resources/js/standard.js HTTP/1.1" 200 3983
93.45.74.13 - - [27/Feb/2025:00:05:44 +0100] "GET /ticket2/opencms/img/icons/globe-white.png HTTP/1.1" 200 947
93.45.74.13 - - [27/Feb/2025:00:05:44 +0100] "GET /ticket2/opencms/system/modules/com.gridnine.opencms.ticketbrokerage.site/resources/pics/logo-new.png HTTP/1.1" 200 13541
111.119.254.121 - - [27/Feb/2025:00:05:44 +0100] "GET /ticket2/opencms/bs/buy?page=1&edid=10404C2E-90F1-82CF-4642-1D2B3FC97049 HTTP/1.1" 200 117664
93.45.74.13 - - [27/Feb/2025:00:05:44 +0100] "GET /ticket2/opencms/img/insta.png HTTP/1.1" 200 3967
93.45.74.13 - - [27/Feb/2025:00:05:44 +0100] "GET /ticket2/opencms/img/fb.png HTTP/1.1" 200 1269
93.45.74.13 - - [27/Feb/2025:00:05:44 +0100] "GET /ticket2/opencms/system/modules/com.gridnine.opencms.ticketbrokerage.site/resources/pics/footer-img.jpg HTTP/1.1" 200 67642
93.45.74.13 - - [27/Feb/2025:00:05:44 +0100] "GET /ticket2/opencms/img/check.png HTTP/1.1" 200 548
93.45.74.13 - - [27/Feb/2025:00:05:44 +0100] "GET /ticket2/opencms/img/chat.png HTTP/1.1" 200 416
93.45.74.13 - - [27/Feb/2025:00:05:44 +0100] "GET /ticket2/opencms/img/arrow.png HTTP/1.1" 200 753
93.45.74.13 - - [27/Feb/2025:00:05:44 +0100] "GET /ticket2/opencms/img/mail.png HTTP/1.1" 200 403
93.45.74.13 - - [27/Feb/2025:00:05:45 +0100] "GET /ticket2/opencms/img/icons/se.png HTTP/1.1" 200 1258
93.45.74.13 - - [27/Feb/2025:00:05:45 +0100] "GET /ticket2/opencms/img/icons/en.png HTTP/1.1" 200 2415
93.45.74.13 - - [27/Feb/2025:00:05:45 +0100] "GET /ticket2/opencms/img/icons/fi.png HTTP/1.1" 200 1785
93.45.74.13 - - [27/Feb/2025:00:05:45 +0100] "GET /ticket2/opencms/img/icons/no.png HTTP/1.1" 200 1958
93.45.74.13 - - [27/Feb/2025:00:05:45 +0100] "GET /ticket2/opencms/img/icons/dk.png HTTP/1.1" 200 1706
93.45.74.13 - - [27/Feb/2025:00:05:45 +0100] "GET /ticket2/opencms/img/icons/nl.png HTTP/1.1" 200 1255
93.45.74.13 - - [27/Feb/2025:00:05:45 +0100] "GET /ticket2/opencms/img/icons/de.png HTTP/1.1" 200 1124
93.45.74.13 - - [27/Feb/2025:00:05:45 +0100] "GET /ticket2/opencms/img/icons/fr.png HTTP/1.1" 200 1764
93.45.74.13 - - [27/Feb/2025:00:05:45 +0100] "GET /ticket2/opencms/img/icons/es.png HTTP/1.1" 200 1005
93.45.74.13 - - [27/Feb/2025:00:05:45 +0100] "GET /ticket2/opencms/img/icons/be.png HTTP/1.1" 200 1663
93.45.74.13 - - [27/Feb/2025:00:05:45 +0100] "GET /ticket2/opencms/img/icons/bs.png HTTP/1.1" 200 1014
93.45.74.13 - - [27/Feb/2025:00:05:45 +0100] "GET /ticket2/opencms/img/icons/bg.png HTTP/1.1" 200 788
93.45.74.13 - - [27/Feb/2025:00:05:45 +0100] "GET /ticket2/opencms/img/icons/hr.png HTTP/1.1" 200 2024
20.171.207.55 - - [27/Feb/2025:00:05:45 +0100] "GET /ticket2/opencms/set_aff_cookie.jsp?partner=2E02071B-A8C3-4CBA-3097-C27D61C02ED8&url=%252Fru%252Fbuy%252Findex.html%253Fpage%253D1%2526edid%253DC4308E58-152A-45A7-B817-E9967A70F7B2%2526hlv%253D611bae15-28ac-4afa-9d81-47790a01000f%2523v_915843619 HTTP/1.1" 200 246
93.45.74.13 - - [27/Feb/2025:00:05:45 +0100] "GET /ticket2/opencms/img/icons/cs.png HTTP/1.1" 200 1883
93.45.74.13 - - [27/Feb/2025:00:05:45 +0100] "GET /ticket2/opencms/img/icons/et.png HTTP/1.1" 200 754
93.45.74.13 - - [27/Feb/2025:00:05:45 +0100] "GET /ticket2/opencms/img/icons/el.png HTTP/1.1" 200 1637
93.45.74.13 - - [27/Feb/2025:00:05:45 +0100] "GET /ticket2/opencms/img/icons/ka.png HTTP/1.1" 200 860
93.45.74.13 - - [27/Feb/2025:00:05:46 +0100] "GET /ticket2/opencms/img/icons/hu.png HTTP/1.1" 200 733
93.45.74.13 - - [27/Feb/2025:00:05:46 +0100] "GET /ticket2/opencms/img/icons/is.png HTTP/1.1" 200 1884
93.45.74.13 - - [27/Feb/2025:00:05:46 +0100] "GET /ticket2/opencms/img/icons/ga.png HTTP/1.1" 200 1759
93.45.74.13 - - [27/Feb/2025:00:05:46 +0100] "GET /ticket2/opencms/img/icons/lv.png HTTP/1.1" 200 716
93.45.74.13 - - [27/Feb/2025:00:05:46 +0100] "GET /ticket2/opencms/img/icons/pl.png HTTP/1.1" 200 1578
93.45.74.13 - - [27/Feb/2025:00:05:46 +0100] "GET /ticket2/opencms/img/icons/lt.png HTTP/1.1" 200 733
93.45.74.13 - - [27/Feb/2025:00:05:46 +0100] "GET /ticket2/opencms/img/icons/mt.png HTTP/1.1" 200 920
93.45.74.13 - - [27/Feb/2025:00:05:46 +0100] "GET /ticket2/opencms/img/icons/mo.png HTTP/1.1" 200 1468
93.45.74.13 - - [27/Feb/2025:00:05:46 +0100] "GET /ticket2/opencms/img/icons/sq.png HTTP/1.1" 200 1619
216.244.66.238 - - [27/Feb/2025:00:05:46 +0100] "GET /ticket2/opencms/sk/buy?page=1&edid=E736C9F8-9994-137E-6A67-CF3119BB4296 HTTP/1.1" 200 110841
66.249.68.4 - - [27/Feb/2025:00:05:46 +0100] "GET /ticket2/opencms/lt/buy?page=1&edid=BA6A690A-3E4C-7B0E-F103-AC3CC3F63074&hlv=666dbbd8-50d4-4732-a808-4d620a01000f HTTP/1.1" 200 112758
93.45.74.13 - - [27/Feb/2025:00:05:46 +0100] "GET /ticket2/opencms/img/icons/ro.png HTTP/1.1" 200 1393
93.45.74.13 - - [27/Feb/2025:00:05:46 +0100] "GET /ticket2/opencms/img/icons/sr.png HTTP/1.1" 200 1602
93.45.74.13 - - [27/Feb/2025:00:05:46 +0100] "GET /ticket2/opencms/img/icons/sk.png HTTP/1.1" 200 1283
93.45.74.13 - - [27/Feb/2025:00:05:46 +0100] "GET /ticket2/opencms/img/icons/sl.png HTTP/1.1" 200 966
93.45.74.13 - - [27/Feb/2025:00:05:46 +0100] "GET /ticket2/opencms/img/icons/uk.png HTTP/1.1" 200 1272
93.45.74.13 - - [27/Feb/2025:00:05:46 +0100] "GET /ticket2/opencms/img/icons/tr.png HTTP/1.1" 200 1636
20.171.207.55 - - [27/Feb/2025:00:05:47 +0100] "GET /ticket2/opencms/set_aff_cookie.jsp?partner=6F250EA7-4505-FA01-D601-8847F2573405&url=%252Ffi%252Fbuy%252Findex.html%253Fpage%253D1%2526edid%253DFF312D4E-5B6B-8FA5-BA69-635DC61A8F79%2526hlv%253D666d505f-8fcc-46bb-9332-71710a01000f%2523v_646407023 HTTP/1.1" 200 246
3.230.224.6 - - [27/Feb/2025:00:05:47 +0100] "GET /ticket2/opencms/robots.txt HTTP/1.1" 200 773
93.45.74.13 - - [27/Feb/2025:00:05:47 +0100] "GET /ticket2/opencms/img/icons/it.png HTTP/1.1" 200 2040
93.45.74.13 - - [27/Feb/2025:00:05:47 +0100] "GET /ticket2/opencms/img/icons/az.png HTTP/1.1" 200 1445
93.45.74.13 - - [27/Feb/2025:00:05:47 +0100] "GET /ticket2/opencms/img/icons/ticket2.thumbnail.png HTTP/1.1" 200 21519
93.45.74.13 - - [27/Feb/2025:00:05:47 +0100] "GET /ticket2/opencms/system/modules/com.gridnine.opencms.ticketbrokerage.site/resources/js/standard.js HTTP/1.1" 200 3983
20.171.207.55 - - [27/Feb/2025:00:05:48 +0100] "GET /ticket2/opencms/set_aff_cookie.jsp?partner=8F6DE15D-D831-5787-AE7E-FEFF53476F85&url=%252Fdk%252Fbuy%252Findex.html%253Fpage%253D1%2526edid%253DDD06A750-81DC-2084-5EA7-F99D030C75E7%2526hlv%253D66938476-9030-4fc6-b224-6d360a01000f%2523v_1781320115 HTTP/1.1" 200 247
18.205.127.11 - - [27/Feb/2025:00:05:48 +0100] "GET /ticket2/opencms/de/buy?edid=32221081-B4D2-47EE-3316-CF1A694236FC&page=1 HTTP/1.1" 200 121125
20.171.207.55 - - [27/Feb/2025:00:05:49 +0100] "GET /ticket2/opencms/set_aff_cookie.jsp?partner=6F250EA7-4505-FA01-D601-8847F2573405&url=%252Ffi%252Fbuy%252Findex.html%253Fpage%253D1%2526edid%253D47C0370F-9915-7673-E038-7AD65907592C%2526hlv%253D666d50d4-1a8c-475d-8a5d-70d60a01000f%2523v1399329835 HTTP/1.1" 200 246
20.171.207.55 - - [27/Feb/2025:00:05:50 +0100] "GET /ticket2/opencms/set_aff_cookie.jsp?partner=6F250EA7-4505-FA01-D601-8847F2573405&url=%252Fnl%252Fbuy%252Findex.html%253Fpage%253D1%2526edid%253D8EE24D2F-4BF0-A103-6944-36103BCA6278%2526hlv%253D6672f659-7814-4bdb-9854-29e00a01000f%2523v_730202285 HTTP/1.1" 200 246
20.171.207.55 - - [27/Feb/2025:00:05:51 +0100] "GET /ticket2/opencms/set_aff_cookie.jsp?partner=6F250EA7-4505-FA01-D601-8847F2573405&url=%252Ffi%252Fbuy%252Findex.html%253Fpage%253D1%2526edid%253D28EE235F-C841-C2B4-6721-3F0BBE0DFB17%2526hlv%253D669248dc-046c-4137-bf20-18580a01000f%2523v_774563876 HTTP/1.1" 200 246
52.3.156.186 - - [27/Feb/2025:00:05:51 +0100] "GET /ticket2/opencms/de/buy?edid=33C93D30-5D5F-70D5-E4DB-10F58238A7ED&page=1 HTTP/1.1" 200 120496
20.171.207.55 - - [27/Feb/2025:00:05:52 +0100] "GET /ticket2/opencms/set_aff_cookie.jsp?partner=6F250EA7-4505-FA01-D601-8847F2573405&url=%252Fen%252Fbuy%252Findex.html%253Fpage%253D1%2526edid%253D885A2607-A223-24CC-17AE-7C8ECDA8D47C%2526hlv%253D666dc09b-a544-4b1c-8562-54780a01000f%2523v_654108225 HTTP/1.1" 200 246
20.171.207.55 - - [27/Feb/2025:00:05:54 +0100] "GET /ticket2/opencms/set_aff_cookie.jsp?partner=6F250EA7-4505-FA01-D601-8847F2573405&url=%252Fen%252Fbuy%252Findex.html%253Fpage%253D1%2526edid%253DC64002B7-B7A3-A646-1770-7E79C914EDA5%2526hlv%253D66a120d4-0334-4423-85ea-08c90a01000f%2523v_208448248 HTTP/1.1" 200 246
40.77.167.65 - - [27/Feb/2025:00:05:54 +0100] "GET /ticket2/opencms/bg/buy/?page=1&edid=B49A3C92-0FD0-483E-6FCF-DC1896F93DB8 HTTP/1.1" 200 111069
20.171.207.55 - - [27/Feb/2025:00:05:55 +0100] "GET /ticket2/opencms/set_aff_cookie.jsp?partner=57601924-FB09-5BB2-867F-08B4EB522BA8&url=%252Fdk%252Fbuy%252Findex.html%253Fpage%253D1%2526edid%253DBD48505E-E559-55E9-6DFD-077C302A0A13%2526hlv%253D6724bb67-564c-40e3-bf89-2f390a01000f%2523v_884616773 HTTP/1.1" 200 246
47.128.24.236 - - [27/Feb/2025:00:05:55 +0100] "GET /ticket2/opencms/mt/buy/?edid=FDE2CB1B-737B-857F-7431-BD450E7D3BBB HTTP/1.1" 200 91679
20.171.207.55 - - [27/Feb/2025:00:05:56 +0100] "GET /ticket2/opencms/set_aff_cookie.jsp?partner=6F250EA7-4505-FA01-D601-8847F2573405&url=%252Fno%252Fbuy%252Findex.html%253Fpage%253D1%2526edid%253D59510E33-7947-2FED-CC14-F0612B76476A%2526hlv%253D66866f77-c3f8-485a-a2a1-71630a01000f%2523v1399443034 HTTP/1.1" 200 246
40.77.167.65 - - [27/Feb/2025:00:05:56 +0100] "GET /ticket2/opencms/uk/buy?page=1&edid=9EA39832-649E-4239-074E-B30B49B30833 HTTP/1.1" 200 113353
183.87.47.151 - - [27/Feb/2025:00:05:56 +0100] "GET /ticket2/opencms/cs/buy/?page=1&edid=24658CB7-0503-4139-A73F-444B9F961692 HTTP/1.1" 200 108646
20.171.207.55 - - [27/Feb/2025:00:05:57 +0100] "GET /ticket2/opencms/set_aff_cookie.jsp?partner=57601924-FB09-5BB2-867F-08B4EB522BA8&url=%252Fsv%252Fbuy%252Findex.html%253Fpage%253D1%2526edid%253D71F61C60-1B72-E1B9-AF4A-A83A1072B2A6%2526hlv%253D60f81a16-a4c0-4739-a60f-5d200a01000f%2523v_378864396 HTTP/1.1" 200 246
20.171.207.55 - - [27/Feb/2025:00:05:58 +0100] "GET /ticket2/opencms/set_aff_cookie.jsp?partner=6F250EA7-4505-FA01-D601-8847F2573405&url=%252Ffi%252Fbuy%252Findex.html%253Fpage%253D1%2526edid%253D51218E22-B416-8A45-FFDA-8364D5067E03%2526hlv%253D6698d633-9644-4ff2-a1c4-40b20a01000f%2523v1499763141 HTTP/1.1" 200 246
47.128.52.135 - - [27/Feb/2025:00:05:59 +0100] "GET /ticket2/opencms/bg/buy/?edid=9F80D7E4-C3CD-1252-256F-CE7A7B9BF210 HTTP/1.1" 200 92554
35.170.205.140 - - [27/Feb/2025:00:05:59 +0100] "GET /ticket2/opencms/hr/buy?edid=32221081-B4D2-47EE-3316-CF1A694236FC&page=1 HTTP/1.1" 200 121571
20.171.207.55 - - [27/Feb/2025:00:05:59 +0100] "GET /ticket2/opencms/set_aff_cookie.jsp?partner=6F250EA7-4505-FA01-D601-8847F2573405&url=%252Fdk%252Fbuy%252Findex.html%253Fpage%253D1%2526edid%253D098D538E-CDF4-9B35-6974-D784A58EF2F5%2526hlv%253D60f81a82-7b08-465c-b3d5-5d200a01000f%2523v_222138618 HTTP/1.1" 200 246
20.171.207.55 - - [27/Feb/2025:00:06:00 +0100] "GET /ticket2/opencms/set_aff_cookie.jsp?partner=6F250EA7-4505-FA01-D601-8847F2573405&url=%252Fsv%252Fbuy%252Findex.html%253Fpage%253D1%2526edid%253D36B8587B-9BD4-1599-9368-E59F9780F9A9%2526hlv%253D666c8a21-272c-4c92-8515-7e6f0a01000f%2523v1474034764 HTTP/1.1" 200 246
20.171.207.55 - - [27/Feb/2025:00:06:02 +0100] "GET /ticket2/opencms/set_aff_cookie.jsp?partner=6F250EA7-4505-FA01-D601-8847F2573405&url=%252Ffi%252Fbuy%252Findex.html%253Fpage%253D1%2526edid%253D459129C1-A0F8-2D8B-54E1-F5067FEFFAF4%2526hlv%253D669241b2-9240-4668-8937-0d450a01000f%2523v1606873485 HTTP/1.1" 200 246
