20.171.207.168 - - [27/Feb/2025:00:46:05 +0100] "GET /ticket2/opencms/set_aff_cookie.jsp?partner=2E02071B-A8C3-4CBA-3097-C27D61C02ED8&url=%252Fsv%252Fbuy%252Findex.html%253Fpage%253D1%2526edid%253D66C22035-E7EA-E10A-4BFC-2C30733037DC%2526hlv%253D666d4a3a-d358-43bc-8746-6bb30a01000f%2523v1348696827 HTTP/1.1" 200 246
20.171.207.168 - - [27/Feb/2025:00:46:06 +0100] "GET /ticket2/opencms/set_aff_cookie.jsp?partner=6F250EA7-4505-FA01-D601-8847F2573405&url=%252Fsv%252Fbuy%252Findex.html%253Fpage%253D1%2526edid%253DE8BA54CC-B112-3D61-BE02-1B4D1E4F63D1%2526hlv%253D666ddc0e-d15c-4c0a-9e4b-6a330a01000f%2523v_1218035776 HTTP/1.1" 200 247
20.171.207.168 - - [27/Feb/2025:00:46:07 +0100] "GET /ticket2/opencms/set_aff_cookie.jsp?partner=57601924-FB09-5BB2-867F-08B4EB522BA8&url=%252Fnl%252Fbuy%252Findex.html%253Fpage%253D1%2526edid%253D66C22035-E7EA-E10A-4BFC-2C30733037DC%2526hlv%253D666d4a38-27c0-48a2-aab1-6bb30a01000f%2523v197305305 HTTP/1.1" 200 245
111.119.233.50 - - [27/Feb/2025:00:46:07 +0100] "GET /ticket2/opencms/tr/buy?page=1&edid=4BA78F1B-E48D-30C2-5D4F-CB6F294B5082 HTTP/1.1" 200 111137
20.171.207.168 - - [27/Feb/2025:00:46:08 +0100] "GET /ticket2/opencms/set_aff_cookie.jsp?partner=5E0CDF29-E7BE-9F6B-6869-7BF66B04006F&url=%252Fsv%252Fbuy%252Findex.html%253Fpage%253D1%2526edid%253D66C22035-E7EA-E10A-4BFC-2C30733037DC%2526hlv%253D666d4a37-64f4-4e97-8d15-6bb30a01000f%2523v1453889687 HTTP/1.1" 200 246
114.119.151.93 - - [27/Feb/2025:00:46:09 +0100] "GET /ticket2/opencms/nl/buy?page=1&edid=6B1C747D-2234-E897-0F34-AC6F796C34A5 HTTP/1.1" 200 109129
20.171.207.168 - - [27/Feb/2025:00:46:09 +0100] "GET /ticket2/opencms/set_aff_cookie.jsp?partner=23A6AD98-906E-5BDD-600E-EC4EC8A45F97&url=%252Fen%252Fbuy%252Findex.html%253Fpage%253D1%2526edid%253D76AC12AC-4686-41BA-93AB-CDA5668851B1%2526hlv%253D66900fc6-7858-45c2-beb2-18030a01000f%2523v_1600480501 HTTP/1.1" 200 247
20.171.207.168 - - [27/Feb/2025:00:46:10 +0100] "GET /ticket2/opencms/set_aff_cookie.jsp?partner=2E02071B-A8C3-4CBA-3097-C27D61C02ED8&url=%252Fsv%252Fbuy%252Findex.html%253Fpage%253D1%2526edid%253D66C22035-E7EA-E10A-4BFC-2C30733037DC%2526hlv%253D666d4a38-c268-473d-ba18-6bb30a01000f%2523v1760284418 HTTP/1.1" 200 246
185.191.171.8 - - [27/Feb/2025:00:46:11 +0100] "GET /ticket2/opencms/es/magazine/article?title=kylian-mbappe-al-real-madrid HTTP/1.1" 200 93160
173.252.87.14 - - [27/Feb/2025:00:46:11 +0100] "GET /ticket2/opencms/mt/buy/?page=1&edid=4BF6A542-B6C8-E36E-90B2-447AC159728B HTTP/1.1" 200 108777
20.171.207.168 - - [27/Feb/2025:00:46:12 +0100] "GET /ticket2/opencms/set_aff_cookie.jsp?partner=6F250EA7-4505-FA01-D601-8847F2573405&url=%252Fno%252Fbuy%252Findex.html%253Fpage%253D1%2526edid%253D66C22035-E7EA-E10A-4BFC-2C30733037DC%2526hlv%253D666d4a3a-d0a8-4bae-8bde-6bb30a01000f%2523v994636402 HTTP/1.1" 200 245
20.171.207.168 - - [27/Feb/2025:00:46:13 +0100] "GET /ticket2/opencms/set_aff_cookie.jsp?partner=57601924-FB09-5BB2-867F-08B4EB522BA8&url=%252Fsv%252Fbuy%252Findex.html%253Fpage%253D1%2526edid%253DE8BA54CC-B112-3D61-BE02-1B4D1E4F63D1%2526hlv%253D666ddc0d-df48-4920-961d-6a330a01000f%2523v_997094303 HTTP/1.1" 200 246
20.171.207.168 - - [27/Feb/2025:00:46:14 +0100] "GET /ticket2/opencms/set_aff_cookie.jsp?partner=57601924-FB09-5BB2-867F-08B4EB522BA8&url=%252Fnl%252Fbuy%252Findex.html%253Fpage%253D1%2526edid%253D66C22035-E7EA-E10A-4BFC-2C30733037DC%2526hlv%253D666d4a3a-7be0-462d-88ef-6bb30a01000f%2523v1884280715 HTTP/1.1" 200 246
20.171.207.168 - - [27/Feb/2025:00:46:15 +0100] "GET /ticket2/opencms/set_aff_cookie.jsp?partner=8F6DE15D-D831-5787-AE7E-FEFF53476F85&url=%252Fno%252Fbuy%252Findex.html%253Fpage%253D1%2526edid%253D1C663B38-AAE8-15E5-78AB-F7247D2C67D4%2526hlv%253D666d70a0-6be8-4652-89fe-0e670a01000f%2523v_1343344780 HTTP/1.1" 200 247
20.171.207.168 - - [27/Feb/2025:00:46:16 +0100] "GET /ticket2/opencms/set_aff_cookie.jsp?partner=8F6DE15D-D831-5787-AE7E-FEFF53476F85&url=%252Fdk%252Fbuy%252Findex.html%253Fpage%253D1%2526edid%253D66C22035-E7EA-E10A-4BFC-2C30733037DC%2526hlv%253D666d4a39-2130-4ba6-89f6-6bb30a01000f%2523v1332827068 HTTP/1.1" 200 246
49.0.240.147 - - [27/Feb/2025:00:46:17 +0100] "GET /ticket2/opencms/ru/sell/?edid=DA2AFD28-6AA1-4222-20E5-CCCE4BF9B981 HTTP/1.1" 302 -
20.171.207.168 - - [27/Feb/2025:00:46:17 +0100] "GET /ticket2/opencms/set_aff_cookie.jsp?partner=2E02071B-A8C3-4CBA-3097-C27D61C02ED8&url=%252Fen%252Fbuy%252Findex.html%253Fpage%253D1%2526edid%253D6F379414-70C4-400F-51D2-AFD37C8F2BC7%2526hlv%253D666d6ed2-17e8-4ab6-b0e3-0c140a01000f%2523v_1730722507 HTTP/1.1" 200 247
185.191.171.17 - - [27/Feb/2025:00:46:18 +0100] "GET /ticket2/opencms/bg/login/?url=%25252Fbg%25252Fsell%25252F HTTP/1.1" 200 92654
185.191.171.16 - - [27/Feb/2025:00:46:19 +0100] "GET /ticket2/opencms/it/magazine/article?title=the-provided-text-fotboll-is-already-in-swedish-which-translates-to-football-in-english-since-youve-requested-a-translation-into-it-assuming-you-meant-italian-the-translation-would-be-calcio HTTP/1.1" 200 94742
20.171.207.168 - - [27/Feb/2025:00:46:19 +0100] "GET /ticket2/opencms/set_aff_cookie.jsp?partner=5E0CDF29-E7BE-9F6B-6869-7BF66B04006F&url=%252Fen%252Fbuy%252Findex.html%253Fpage%253D1%2526edid%253D66FFE717-0C93-3F01-2AC8-8E7FC5F9BAB1%2526hlv%253D6689076b-7138-4102-a53a-1ba70a01000f%2523v1691558017 HTTP/1.1" 200 246
49.0.240.147 - - [27/Feb/2025:00:46:19 +0100] "GET /ticket2/opencms/ru/login/?url=/ru/sell/ HTTP/1.1" 200 87724
20.171.207.168 - - [27/Feb/2025:00:46:20 +0100] "GET /ticket2/opencms/set_aff_cookie.jsp?partner=5E0CDF29-E7BE-9F6B-6869-7BF66B04006F&url=%252Fdk%252Fbuy%252Findex.html%253Fpage%253D1%2526edid%253D66C22035-E7EA-E10A-4BFC-2C30733037DC%2526hlv%253D666d4a3b-0d90-42c0-9034-6bb30a01000f%2523v1253496087 HTTP/1.1" 200 246
20.171.207.168 - - [27/Feb/2025:00:46:21 +0100] "GET /ticket2/opencms/set_aff_cookie.jsp?partner=57601924-FB09-5BB2-867F-08B4EB522BA8&url=%252Ffi%252Fbuy%252Findex.html%253Fpage%253D1%2526edid%253D1922F4C1-0D89-1ACA-A50D-EFC3C58AA17B%2526hlv%253D6149ea82-22e8-40be-9373-1dc50a01000f%2523v_1929069447 HTTP/1.1" 200 247
20.171.207.168 - - [27/Feb/2025:00:46:22 +0100] "GET /ticket2/opencms/set_aff_cookie.jsp?partner=57601924-FB09-5BB2-867F-08B4EB522BA8&url=%252Ffi%252Fbuy%252Findex.html%253Fpage%253D1%2526edid%253D66C22035-E7EA-E10A-4BFC-2C30733037DC%2526hlv%253D666d4a3b-dfa0-41f9-8a17-6bb30a01000f%2523v1306200607 HTTP/1.1" 200 246
20.171.207.168 - - [27/Feb/2025:00:46:23 +0100] "GET /ticket2/opencms/set_aff_cookie.jsp?partner=57601924-FB09-5BB2-867F-08B4EB522BA8&url=%252Fdk%252Fbuy%252Findex.html%253Fpage%253D1%2526edid%253D1ABC406A-92BD-FDCF-3BD6-80A52E60B34F%2526hlv%253D666c88f2-d138-4997-bc65-79b60a01000f%2523v_1296682424 HTTP/1.1" 200 247
20.171.207.168 - - [27/Feb/2025:00:46:24 +0100] "GET /ticket2/opencms/set_aff_cookie.jsp?partner=2E02071B-A8C3-4CBA-3097-C27D61C02ED8&url=%252Fnl%252Fbuy%252Findex.html%253Fpage%253D1%2526edid%253D150C2B47-38EB-0C0E-C664-5F863E9426DB%2526hlv%253D66cafa7e-20b8-4bf0-8ee1-33480a01000f%2523v_1232465506 HTTP/1.1" 200 247
20.171.207.168 - - [27/Feb/2025:00:46:25 +0100] "GET /ticket2/opencms/set_aff_cookie.jsp?partner=5E0CDF29-E7BE-9F6B-6869-7BF66B04006F&url=%252Ffi%252Fbuy%252Findex.html%253Fpage%253D1%2526edid%253D66C22035-E7EA-E10A-4BFC-2C30733037DC%2526hlv%253D666d4a38-ca4c-428f-8119-6bb30a01000f%2523v1222337187 HTTP/1.1" 200 246
20.171.207.168 - - [27/Feb/2025:00:46:27 +0100] "GET /ticket2/opencms/set_aff_cookie.jsp?partner=57601924-FB09-5BB2-867F-08B4EB522BA8&url=%252Ffi%252Fbuy%252Findex.html%253Fpage%253D1%2526edid%253DE8BA54CC-B112-3D61-BE02-1B4D1E4F63D1%2526hlv%253D666ddc0d-e594-4407-a47f-6a330a01000f%2523v_1880870162 HTTP/1.1" 200 247
47.128.24.105 - - [27/Feb/2025:00:46:28 +0100] "GET /ticket2/opencms/pl/buy/?edid=B8A6965B-216E-27C8-9A3D-21241346030F HTTP/1.1" 200 91652
20.171.207.168 - - [27/Feb/2025:00:46:28 +0100] "GET /ticket2/opencms/set_aff_cookie.jsp?partner=2E02071B-A8C3-4CBA-3097-C27D61C02ED8&url=%252Fen%252Fbuy%252Findex.html%253Fpage%253D1%2526edid%253D18631B4D-241F-1419-AEC9-B2739BCE7CC3%2526hlv%253D66b47e16-c0cc-40d4-b122-1f380a01000f%2523v_514592361 HTTP/1.1" 200 246
114.119.130.178 - - [27/Feb/2025:00:46:28 +0100] "GET /ticket2/opencms/es/buy/?page=1&edid=7F8DD7AE-C02D-DBD7-A437-1943525E7DF2 HTTP/1.1" 200 135028
20.171.207.168 - - [27/Feb/2025:00:46:29 +0100] "GET /ticket2/opencms/set_aff_cookie.jsp?partner=5E0CDF29-E7BE-9F6B-6869-7BF66B04006F&url=%252Ffi%252Fbuy%252Findex.html%253Fpage%253D1%2526edid%253D66C22035-E7EA-E10A-4BFC-2C30733037DC%2526hlv%253D666d4a37-7a40-4078-96b8-6bb30a01000f%2523v629183656 HTTP/1.1" 200 245
20.171.207.168 - - [27/Feb/2025:00:46:30 +0100] "GET /ticket2/opencms/set_aff_cookie.jsp?partner=57601924-FB09-5BB2-867F-08B4EB522BA8&url=%252Ffi%252Fbuy%252Findex.html%253Fpage%253D1%2526edid%253DE8BA54CC-B112-3D61-BE02-1B4D1E4F63D1%2526hlv%253D666ddc10-dca0-4379-9e42-6a330a01000f%2523v_2021499160 HTTP/1.1" 200 247
94.74.90.68 - - [27/Feb/2025:00:46:31 +0100] "GET /ticket2/opencms/de/buy/?page=1&edid=47897DF9-E5EE-B446-181C-40A80CD54BEB HTTP/1.1" 200 131532
20.171.207.168 - - [27/Feb/2025:00:46:31 +0100] "GET /ticket2/opencms/set_aff_cookie.jsp?partner=2E02071B-A8C3-4CBA-3097-C27D61C02ED8&url=%252Fdk%252Fbuy%252Findex.html%253Fpage%253D1%2526edid%253DE8BA54CC-B112-3D61-BE02-1B4D1E4F63D1%2526hlv%253D666ddc10-1ba8-4033-994f-6a330a01000f%2523v_2143716927 HTTP/1.1" 200 247
20.171.207.168 - - [27/Feb/2025:00:46:33 +0100] "GET /ticket2/opencms/set_aff_cookie.jsp?partner=5E0CDF29-E7BE-9F6B-6869-7BF66B04006F&url=%252Fno%252Fbuy%252Findex.html%253Fpage%253D1%2526edid%253DC2910EC2-9592-90B0-A42D-A344DFC6DED1%2526hlv%253D60c9f1c2-c7a4-4475-b67e-29630a01000f%2523v1826345483 HTTP/1.1" 200 246
20.171.207.168 - - [27/Feb/2025:00:46:34 +0100] "GET /ticket2/opencms/set_aff_cookie.jsp?partner=5E0CDF29-E7BE-9F6B-6869-7BF66B04006F&url=%252Fsv%252Fbuy%252Findex.html%253Fpage%253D1%2526edid%253D66C22035-E7EA-E10A-4BFC-2C30733037DC%2526hlv%253D666d4a3a-2348-4547-8d3e-6bb30a01000f%2523v2142444335 HTTP/1.1" 200 246
20.171.207.168 - - [27/Feb/2025:00:46:35 +0100] "GET /ticket2/opencms/set_aff_cookie.jsp?partner=8F6DE15D-D831-5787-AE7E-FEFF53476F85&url=%252Ffi%252Fbuy%252Findex.html%253Fpage%253D1%2526edid%253D63D25C1E-F945-3D8C-F981-1BC33FDCD607%2526hlv%253D668677c7-2984-4709-aa4d-7b160a01000f%2523v_476933693 HTTP/1.1" 200 246
20.171.207.168 - - [27/Feb/2025:00:46:36 +0100] "GET /ticket2/opencms/set_aff_cookie.jsp?partner=8F6DE15D-D831-5787-AE7E-FEFF53476F85&url=%252Fsv%252Fbuy%252Findex.html%253Fpage%253D1%2526edid%253D76AC12AC-4686-41BA-93AB-CDA5668851B1%2526hlv%253D66900fc6-3a28-416d-bbf0-18030a01000f%2523v_1157574625 HTTP/1.1" 200 247
111.119.234.142 - - [27/Feb/2025:00:46:37 +0100] "GET /ticket2/opencms/fr/buy?page=1&edid=38D3E8DB-58C1-6EB0-5381-C6ED5AE10DA5 HTTP/1.1" 200 108338
20.171.207.168 - - [27/Feb/2025:00:46:37 +0100] "GET /ticket2/opencms/set_aff_cookie.jsp?partner=2E02071B-A8C3-4CBA-3097-C27D61C02ED8&url=%252Fdk%252Fbuy%252Findex.html%253Fpage%253D1%2526edid%253D66FFE717-0C93-3F01-2AC8-8E7FC5F9BAB1%2526hlv%253D6689076b-026c-4a6a-862c-1ba70a01000f%2523v_1555603875 HTTP/1.1" 200 247
173.252.83.7 - - [27/Feb/2025:00:46:37 +0100] "GET /ticket2/opencms/en/buy/?page=1&edid=B64E0F34-8F38-7972-6429-A3CAB0BC032F HTTP/1.1" 200 109989
20.171.207.168 - - [27/Feb/2025:00:46:38 +0100] "GET /ticket2/opencms/set_aff_cookie.jsp?partner=2E02071B-A8C3-4CBA-3097-C27D61C02ED8&url=%252Fen%252Fbuy%252Findex.html%253Fpage%253D1%2526edid%253D1C663B38-AAE8-15E5-78AB-F7247D2C67D4%2526hlv%253D666d70a1-52ac-4ee8-8612-0e670a01000f%2523v_590805989 HTTP/1.1" 200 246
185.191.171.8 - - [27/Feb/2025:00:46:39 +0100] "GET /ticket2/opencms/mo/magazine/article?title=nations-league HTTP/1.1" 200 96983
20.171.207.168 - - [27/Feb/2025:00:46:39 +0100] "GET /ticket2/opencms/set_aff_cookie.jsp?partner=5E0CDF29-E7BE-9F6B-6869-7BF66B04006F&url=%252Fnl%252Fbuy%252Findex.html%253Fpage%253D1%2526edid%253D6ED08D04-7263-AC79-DA04-AFB97DC97A00%2526hlv%253D6693908f-0cec-4e80-9039-74840a01000f%2523v_234841797 HTTP/1.1" 200 246
185.191.171.3 - - [27/Feb/2025:00:46:40 +0100] "GET /ticket2/opencms/sv/search.html?searchQuery=group%252Bb&submit HTTP/1.1" 200 98456
20.171.207.168 - - [27/Feb/2025:00:46:41 +0100] "GET /ticket2/opencms/set_aff_cookie.jsp?partner=8F6DE15D-D831-5787-AE7E-FEFF53476F85&url=%252Fen%252Fbuy%252Findex.html%253Fpage%253D1%2526edid%253D6C1ED87B-DDA5-3BB2-3EDA-87860E37D5E0%2526hlv%253D66884500-8070-42b0-84cc-34030a01000f%2523v_359361460 HTTP/1.1" 200 246
20.171.207.168 - - [27/Feb/2025:00:46:42 +0100] "GET /ticket2/opencms/set_aff_cookie.jsp?partner=57601924-FB09-5BB2-867F-08B4EB522BA8&url=%252Fnl%252Fbuy%252Findex.html%253Fpage%253D1%2526edid%253D66C22035-E7EA-E10A-4BFC-2C30733037DC%2526hlv%253D666d4a37-7a2c-4b6b-8f25-6bb30a01000f%2523v429132370 HTTP/1.1" 200 245
85.208.96.202 - - [27/Feb/2025:00:46:42 +0100] "GET /ticket2/opencms/lt/sport/futbolo-bilietai/la-liga/getafe/ HTTP/1.1" 200 99247
20.171.207.168 - - [27/Feb/2025:00:46:43 +0100] "GET /ticket2/opencms/set_aff_cookie.jsp?partner=57601924-FB09-5BB2-867F-08B4EB522BA8&url=%252Fnl%252Fbuy%252Findex.html%253Fpage%253D1%2526edid%253DE8BA54CC-B112-3D61-BE02-1B4D1E4F63D1%2526hlv%253D666ddc0d-df48-4920-961d-6a330a01000f%2523v_997094303 HTTP/1.1" 200 246
54.36.148.46 - - [27/Feb/2025:00:46:44 +0100] "GET /ticket2/opencms/en/venue/?countryid=40378634-F839-FEF7-110F-40EAA530AB1D HTTP/1.1" 200 114697
20.171.207.168 - - [27/Feb/2025:00:46:44 +0100] "GET /ticket2/opencms/set_aff_cookie.jsp?partner=6F250EA7-4505-FA01-D601-8847F2573405&url=%252Ffi%252Fbuy%252Findex.html%253Fpage%253D1%2526edid%253D1046C14E-D95C-B350-CBCD-2ECE5F3DCC46%2526hlv%253D668668ae-79ec-4c32-9e64-6ca00a01000f%2523v_479499732 HTTP/1.1" 200 246
20.171.207.168 - - [27/Feb/2025:00:46:45 +0100] "GET /ticket2/opencms/set_aff_cookie.jsp?partner=8F6DE15D-D831-5787-AE7E-FEFF53476F85&url=%252Ffi%252Fbuy%252Findex.html%253Fpage%253D1%2526edid%253D6619AF23-B82A-4933-7AAB-7FCD989DC8B0%2526hlv%253D614c76cd-a474-447a-af94-18980a01000f%2523v_2092144622 HTTP/1.1" 200 247
114.119.157.43 - - [27/Feb/2025:00:46:46 +0100] "GET /ticket2/opencms/mo/buy?page=1&edid=C490C3F8-A066-4B69-2FBB-6512C409277B HTTP/1.1" 200 111094
20.171.207.168 - - [27/Feb/2025:00:46:46 +0100] "GET /ticket2/opencms/set_aff_cookie.jsp?partner=2E02071B-A8C3-4CBA-3097-C27D61C02ED8&url=%252Fen%252Fbuy%252Findex.html%253Fpage%253D1%2526edid%253D66C22035-E7EA-E10A-4BFC-2C30733037DC%2526hlv%253D666d4a38-9d5c-434e-a439-6bb30a01000f%2523v1330847715 HTTP/1.1" 200 246
110.238.109.214 - - [27/Feb/2025:00:46:47 +0100] "GET /ticket2/opencms/bs/buy?page=1&edid=0F75B18C-E221-E332-009D-FADB7D439839 HTTP/1.1" 200 111469
114.119.154.81 - - [27/Feb/2025:00:46:47 +0100] "GET /ticket2/opencms/en/venue/?venueid=17AD70CD-06E0-2606-B2B4-860C9CBEAC08 HTTP/1.1" 200 85387
20.171.207.168 - - [27/Feb/2025:00:46:47 +0100] "GET /ticket2/opencms/set_aff_cookie.jsp?partner=2E02071B-A8C3-4CBA-3097-C27D61C02ED8&url=%252Ffi%252Fbuy%252Findex.html%253Fpage%253D1%2526edid%253D150C2B47-38EB-0C0E-C664-5F863E9426DB%2526hlv%253D66cafa7d-41c0-4efa-b170-33480a01000f%2523v_1942779956 HTTP/1.1" 200 247
20.171.207.168 - - [27/Feb/2025:00:46:49 +0100] "GET /ticket2/opencms/set_aff_cookie.jsp?partner=8F6DE15D-D831-5787-AE7E-FEFF53476F85&url=%252Fnl%252Fbuy%252Findex.html%253Fpage%253D1%2526edid%253D1C663B38-AAE8-15E5-78AB-F7247D2C67D4%2526hlv%253D666d70a3-b564-4eb1-8b5f-0e670a01000f%2523v_2033377653 HTTP/1.1" 200 247
40.77.167.23 - - [27/Feb/2025:00:46:49 +0100] "GET /ticket2/opencms/mt/buying_tickets HTTP/1.1" 200 89277
20.171.207.168 - - [27/Feb/2025:00:46:50 +0100] "GET /ticket2/opencms/set_aff_cookie.jsp?partner=2E02071B-A8C3-4CBA-3097-C27D61C02ED8&url=%252Fsv%252Fbuy%252Findex.html%253Fpage%253D1%2526edid%253D66C22035-E7EA-E10A-4BFC-2C30733037DC%2526hlv%253D666d4a37-a9e4-4793-9b67-6bb30a01000f%2523v347725872 HTTP/1.1" 200 245
85.208.96.206 - - [27/Feb/2025:00:46:50 +0100] "GET /ticket2/opencms/sq/magazine/article?title=declan-rice HTTP/1.1" 200 94391
20.171.207.168 - - [27/Feb/2025:00:46:51 +0100] "GET /ticket2/opencms/set_aff_cookie.jsp?partner=8F6DE15D-D831-5787-AE7E-FEFF53476F85&url=%252Fru%252Fbuy%252Findex.html%253Fpage%253D1%2526edid%253DC68D3A19-7AB1-B0F6-2F8E-E937CB754241%2526hlv%253D669388d7-d01c-4f32-b626-6fc60a01000f%2523v_1707278125 HTTP/1.1" 200 247
20.171.207.168 - - [27/Feb/2025:00:46:52 +0100] "GET /ticket2/opencms/set_aff_cookie.jsp?partner=6F250EA7-4505-FA01-D601-8847F2573405&url=%252Fru%252Fbuy%252Findex.html%253Fpage%253D1%2526edid%253D1291CD6B-4651-52CC-8D36-B0FB58FEEDFA%2526hlv%253D66704ae9-0eec-4f72-ac90-69a10a01000f%2523v_304976106 HTTP/1.1" 200 246
85.208.96.200 - - [27/Feb/2025:00:46:53 +0100] "GET /ticket2/opencms/lt/magazine/article?title=la-liga-real-madrid-laimejo-daugiausiai-titulu HTTP/1.1" 200 94791
20.171.207.168 - - [27/Feb/2025:00:46:53 +0100] "GET /ticket2/opencms/set_aff_cookie.jsp?partner=2E02071B-A8C3-4CBA-3097-C27D61C02ED8&url=%252Fnl%252Fbuy%252Findex.html%253Fpage%253D1%2526edid%253D14427B33-9BB8-BBB7-1EBA-73EE86A692A4%2526hlv%253D6693ad33-14a4-46b8-a0a3-07f70a01000f%2523v_2058606370 HTTP/1.1" 200 247
20.171.207.168 - - [27/Feb/2025:00:46:54 +0100] "GET /ticket2/opencms/set_aff_cookie.jsp?partner=57601924-FB09-5BB2-867F-08B4EB522BA8&url=%252Fen%252Fbuy%252Findex.html%253Fpage%253D1%2526edid%253DE8BA54CC-B112-3D61-BE02-1B4D1E4F63D1%2526hlv%253D666ddc0f-8a88-447f-89f4-6a330a01000f%2523v_2101020435 HTTP/1.1" 200 247
20.171.207.168 - - [27/Feb/2025:00:46:56 +0100] "GET /ticket2/opencms/set_aff_cookie.jsp?partner=23A6AD98-906E-5BDD-600E-EC4EC8A45F97&url=%252Fen%252Fbuy%252Findex.html%253Fpage%253D1%2526edid%253D10597F35-2AC7-31D2-FB61-15A36BB6D73B%2526hlv%253D666d4520-bfd0-4cd9-a322-64610a01000f%2523v_782165424 HTTP/1.1" 200 246
20.171.207.168 - - [27/Feb/2025:00:46:57 +0100] "GET /ticket2/opencms/set_aff_cookie.jsp?partner=57601924-FB09-5BB2-867F-08B4EB522BA8&url=%252Fno%252Fbuy%252Findex.html%253Fpage%253D1%2526edid%253DE8BA54CC-B112-3D61-BE02-1B4D1E4F63D1%2526hlv%253D666ddc11-6b90-46a2-bd65-6a330a01000f%2523v_1535236369 HTTP/1.1" 200 247
124.243.174.47 - - [27/Feb/2025:00:46:57 +0100] "GET /ticket2/opencms/fr/buy?page=1&edid=60CC2C09-82B0-47D4-2A40-416D054D80D9 HTTP/1.1" 200 110560
20.171.207.168 - - [27/Feb/2025:00:46:58 +0100] "GET /ticket2/opencms/set_aff_cookie.jsp?partner=5E0CDF29-E7BE-9F6B-6869-7BF66B04006F&url=%252Fdk%252Fbuy%252Findex.html%253Fpage%253D1%2526edid%253D66C22035-E7EA-E10A-4BFC-2C30733037DC%2526hlv%253D666d4a37-9720-40cd-ba14-6bb30a01000f%2523v2138207299 HTTP/1.1" 200 246
20.171.207.168 - - [27/Feb/2025:00:46:59 +0100] "GET /ticket2/opencms/set_aff_cookie.jsp?partner=57601924-FB09-5BB2-867F-08B4EB522BA8&url=%252Fnl%252Fbuy%252Findex.html%253Fpage%253D1%2526edid%253DAEE686B1-0F06-BE3A-CE07-98C2BAFB7F71%2526hlv%253D611515d7-6b24-4341-a14c-7cee0a01000f%2523v_1287374023 HTTP/1.1" 200 247
185.191.171.14 - - [27/Feb/2025:00:47:00 +0100] "GET /ticket2/opencms/lv/magazine/article?title=murgs-sapnis-manchester-city HTTP/1.1" 200 94568
20.171.207.168 - - [27/Feb/2025:00:47:00 +0100] "GET /ticket2/opencms/set_aff_cookie.jsp?partner=2E02071B-A8C3-4CBA-3097-C27D61C02ED8&url=%252Fru%252Fbuy%252Findex.html%253Fpage%253D1%2526edid%253D66C22035-E7EA-E10A-4BFC-2C30733037DC%2526hlv%253D666d4a37-bcb8-4778-811f-6bb30a01000f%2523v1829879747 HTTP/1.1" 200 246
20.171.207.168 - - [27/Feb/2025:00:47:01 +0100] "GET /ticket2/opencms/set_aff_cookie.jsp?partner=8F6DE15D-D831-5787-AE7E-FEFF53476F85&url=%252Fen%252Fbuy%252Findex.html%253Fpage%253D1%2526edid%253DE8BA54CC-B112-3D61-BE02-1B4D1E4F63D1%2526hlv%253D666ddc10-a298-4088-8806-6a330a01000f%2523v_698423835 HTTP/1.1" 200 246
20.171.207.168 - - [27/Feb/2025:00:47:03 +0100] "GET /ticket2/opencms/set_aff_cookie.jsp?partner=5E0CDF29-E7BE-9F6B-6869-7BF66B04006F&url=%252Fsv%252Fbuy%252Findex.html%253Fpage%253D1%2526edid%253D17ABEF83-A306-7DC9-F266-4B55FF85626E%2526hlv%253D60f80e52-256c-458c-9bb0-595f0a01000f%2523v_461318016 HTTP/1.1" 200 246
20.171.207.168 - - [27/Feb/2025:00:47:04 +0100] "GET /ticket2/opencms/set_aff_cookie.jsp?partner=8F6DE15D-D831-5787-AE7E-FEFF53476F85&url=%252Fru%252Fbuy%252Findex.html%253Fpage%253D1%2526edid%253D6ED08D04-7263-AC79-DA04-AFB97DC97A00%2526hlv%253D6693908e-ea2c-4f56-a5f6-74840a01000f%2523v_1202077759 HTTP/1.1" 200 247
114.119.157.112 - - [27/Feb/2025:00:47:04 +0100] "GET /ticket2/opencms/en/venue/?countryid=23D31018-1DE6-5792-AB05-50B75604BF40 HTTP/1.1" 200 114728
20.171.207.168 - - [27/Feb/2025:00:47:05 +0100] "GET /ticket2/opencms/set_aff_cookie.jsp?partner=5E0CDF29-E7BE-9F6B-6869-7BF66B04006F&url=%252Fdk%252Fbuy%252Findex.html%253Fpage%253D1%2526edid%253D66C22035-E7EA-E10A-4BFC-2C30733037DC%2526hlv%253D666d4a39-3894-4a88-a6d2-6bb30a01000f%2523v536684080 HTTP/1.1" 200 245
20.171.207.168 - - [27/Feb/2025:00:47:06 +0100] "GET /ticket2/opencms/set_aff_cookie.jsp?partner=2E02071B-A8C3-4CBA-3097-C27D61C02ED8&url=%252Fen%252Fbuy%252Findex.html%253Fpage%253D1%2526edid%253D1AD4E11C-C792-1721-4D1A-2229101A30FD%2526hlv%253D666c8a13-3cec-4ff3-b49f-7e6f0a01000f%2523v_1717750864 HTTP/1.1" 200 247
20.171.207.168 - - [27/Feb/2025:00:47:07 +0100] "GET /ticket2/opencms/set_aff_cookie.jsp?partner=2E02071B-A8C3-4CBA-3097-C27D61C02ED8&url=%252Fsv%252Fbuy%252Findex.html%253Fpage%253D1%2526edid%253DEC2BC309-3510-AA04-CA0C-F3088D5C1D31%2526hlv%253D6686686c-d8d4-4cbe-980e-6b040a01000f%2523v_1339476673 HTTP/1.1" 200 247
185.191.171.13 - - [27/Feb/2025:00:47:07 +0100] "GET /ticket2/opencms/sk/sport/futbalove-listky/serie-a/torino HTTP/1.1" 200 96695
101.44.185.111 - - [27/Feb/2025:00:47:08 +0100] "GET /ticket2/opencms/sr/buy/?page=1&edid=C019DBB8-FF11-8C7C-90B0-E1EB2510B252 HTTP/1.1" 200 112487
20.171.207.168 - - [27/Feb/2025:00:47:08 +0100] "GET /ticket2/opencms/set_aff_cookie.jsp?partner=57601924-FB09-5BB2-867F-08B4EB522BA8&url=%252Fsv%252Fbuy%252Findex.html%253Fpage%253D1%2526edid%253D6E64EF54-063D-0F55-A1E7-7781348B9C83%2526hlv%253D60f5cbdc-63c4-4e8c-9cf6-1efe0a01000f%2523v_959261834 HTTP/1.1" 200 246
20.171.207.168 - - [27/Feb/2025:00:47:10 +0100] "GET /ticket2/opencms/set_aff_cookie.jsp?partner=8F6DE15D-D831-5787-AE7E-FEFF53476F85&url=%252Fsv%252Fbuy%252Findex.html%253Fpage%253D1%2526edid%253DC68D3A19-7AB1-B0F6-2F8E-E937CB754241%2526hlv%253D669388d7-9e9c-4130-b37f-6fc60a01000f%2523v_1136034276 HTTP/1.1" 200 247
66.249.79.170 - - [27/Feb/2025:00:47:10 +0100] "GET /ticket2/opencms/tr/buy?page=1&edid=92DF4928-935F-6F67-3394-E1ED2A861E35&hlv=66d974f0-8ce8-4560-8b87-588e0a01000f HTTP/1.1" 200 113394
154.54.249.216 - - [27/Feb/2025:00:47:10 +0100] "GET /ticket2/opencms/no/buy?page=1&edid=57541A2A-A7DE-A07B-2484-0E25ED563C4B HTTP/1.1" 200 111632
20.171.207.168 - - [27/Feb/2025:00:47:11 +0100] "GET /ticket2/opencms/set_aff_cookie.jsp?partner=57601924-FB09-5BB2-867F-08B4EB522BA8&url=%252Fno%252Fbuy%252Findex.html%253Fpage%253D1%2526edid%253DE8BA54CC-B112-3D61-BE02-1B4D1E4F63D1%2526hlv%253D666ddc0d-df48-4920-961d-6a330a01000f%2523v_997094303 HTTP/1.1" 200 246
20.171.207.168 - - [27/Feb/2025:00:47:12 +0100] "GET /ticket2/opencms/set_aff_cookie.jsp?partner=5E0CDF29-E7BE-9F6B-6869-7BF66B04006F&url=%252Fno%252Fbuy%252Findex.html%253Fpage%253D1%2526edid%253D66C22035-E7EA-E10A-4BFC-2C30733037DC%2526hlv%253D666d4a37-4034-449c-a643-6bb30a01000f%2523v601423485 HTTP/1.1" 200 245
20.171.207.168 - - [27/Feb/2025:00:47:13 +0100] "GET /ticket2/opencms/set_aff_cookie.jsp?partner=2E02071B-A8C3-4CBA-3097-C27D61C02ED8&url=%252Fno%252Fbuy%252Findex.html%253Fpage%253D1%2526edid%253D76AC12AC-4686-41BA-93AB-CDA5668851B1%2526hlv%253D66900fc6-c414-4b9a-b5dd-18030a01000f%2523v_257340799 HTTP/1.1" 200 246
20.171.207.168 - - [27/Feb/2025:00:47:14 +0100] "GET /ticket2/opencms/set_aff_cookie.jsp?partner=5E0CDF29-E7BE-9F6B-6869-7BF66B04006F&url=%252Ffi%252Fbuy%252Findex.html%253Fpage%253D1%2526edid%253D66C22035-E7EA-E10A-4BFC-2C30733037DC%2526hlv%253D666d4a39-e9c4-406c-85f7-6bb30a01000f%2523v_1494123844 HTTP/1.1" 200 247
47.128.44.154 - - [27/Feb/2025:00:47:15 +0100] "GET /ticket2/opencms/sk/buy/?edid=E0D6851F-40BC-0E9D-F3C3-0714A83BDBF3 HTTP/1.1" 200 91685
20.171.207.168 - - [27/Feb/2025:00:47:15 +0100] "GET /ticket2/opencms/set_aff_cookie.jsp?partner=2E02071B-A8C3-4CBA-3097-C27D61C02ED8&url=%252Fnl%252Fbuy%252Findex.html%253Fpage%253D1%2526edid%253DCD9CCE5B-E45C-7CA4-806C-47052D704B01%2526hlv%253D60f82071-1df4-4f93-86ab-60b10a01000f%2523v_1809221919 HTTP/1.1" 200 247
66.249.76.170 - - [27/Feb/2025:00:47:16 +0100] "GET /ticket2/opencms/lt/buy?page=1&edid=230CADCB-DB49-F1F9-9B0E-24AB279FB9A0&hlv=66d601a8-b42c-4b38-b351-38380a01000f HTTP/1.1" 200 113310
20.171.207.168 - - [27/Feb/2025:00:47:17 +0100] "GET /ticket2/opencms/set_aff_cookie.jsp?partner=2E02071B-A8C3-4CBA-3097-C27D61C02ED8&url=%252Ffi%252Fbuy%252Findex.html%253Fpage%253D1%2526edid%253D160DAC9A-2A77-6FDC-52B8-296352B1ABF1%2526hlv%253D666c4b55-2920-42de-b73a-3e290a01000f%2523v_1083585005 HTTP/1.1" 200 247
20.171.207.168 - - [27/Feb/2025:00:47:18 +0100] "GET /ticket2/opencms/set_aff_cookie.jsp?partner=57601924-FB09-5BB2-867F-08B4EB522BA8&url=%252Fsv%252Fbuy%252Findex.html%253Fpage%253D1%2526edid%253DE8BA54CC-B112-3D61-BE02-1B4D1E4F63D1%2526hlv%253D666ddc0d-887c-471d-965c-6a330a01000f%2523v_1044276397 HTTP/1.1" 200 247
20.171.207.168 - - [27/Feb/2025:00:47:19 +0100] "GET /ticket2/opencms/set_aff_cookie.jsp?partner=2E02071B-A8C3-4CBA-3097-C27D61C02ED8&url=%252Fen%252Fbuy%252Findex.html%253Fpage%253D1%2526edid%253D66C22035-E7EA-E10A-4BFC-2C30733037DC%2526hlv%253D666d4a3b-de38-4b42-9b51-6bb30a01000f%2523v1171879376 HTTP/1.1" 200 246
188.239.33.219 - - [27/Feb/2025:00:47:19 +0100] "GET /ticket2/opencms/tr/buy/?page=1&edid=C3C88BDA-1CC3-8611-4BC9-911B22C7161C HTTP/1.1" 200 111233
216.244.66.196 - - [27/Feb/2025:00:47:20 +0100] "GET /ticket2/opencms/en/magazine/article?title=please-provide-the-text-you-would-like-to-be-translated-into-english HTTP/1.1" 200 91915
20.171.207.168 - - [27/Feb/2025:00:47:20 +0100] "GET /ticket2/opencms/set_aff_cookie.jsp?partner=8F6DE15D-D831-5787-AE7E-FEFF53476F85&url=%252Ffi%252Fbuy%252Findex.html%253Fpage%253D1%2526edid%253D150C2B47-38EB-0C0E-C664-5F863E9426DB%2526hlv%253D66cafa7c-09e0-4112-b483-33480a01000f%2523v_216415826 HTTP/1.1" 200 246
20.171.207.168 - - [27/Feb/2025:00:47:21 +0100] "GET /ticket2/opencms/set_aff_cookie.jsp?partner=57601924-FB09-5BB2-867F-08B4EB522BA8&url=%252Fru%252Fbuy%252Findex.html%253Fpage%253D1%2526edid%253DE8BA54CC-B112-3D61-BE02-1B4D1E4F63D1%2526hlv%253D666ddc0c-7b00-441a-8763-6a330a01000f%2523v_578138564 HTTP/1.1" 200 246
20.171.207.168 - - [27/Feb/2025:00:47:22 +0100] "GET /ticket2/opencms/set_aff_cookie.jsp?partner=57601924-FB09-5BB2-867F-08B4EB522BA8&url=%252Fnl%252Fbuy%252Findex.html%253Fpage%253D1%2526edid%253DE8BA54CC-B112-3D61-BE02-1B4D1E4F63D1%2526hlv%253D666ddc0e-2fa8-469c-8313-6a330a01000f%2523v_263578919 HTTP/1.1" 200 246
20.171.207.168 - - [27/Feb/2025:00:47:24 +0100] "GET /ticket2/opencms/set_aff_cookie.jsp?partner=8F6DE15D-D831-5787-AE7E-FEFF53476F85&url=%252Fru%252Fbuy%252Findex.html%253Fpage%253D1%2526edid%253D1C663B38-AAE8-15E5-78AB-F7247D2C67D4%2526hlv%253D666d70a0-5d4c-476b-b1a1-0e670a01000f%2523v_1837458202 HTTP/1.1" 200 247
20.171.207.168 - - [27/Feb/2025:00:47:25 +0100] "GET /ticket2/opencms/set_aff_cookie.jsp?partner=8F6DE15D-D831-5787-AE7E-FEFF53476F85&url=%252Ffi%252Fbuy%252Findex.html%253Fpage%253D1%2526edid%253D66C22035-E7EA-E10A-4BFC-2C30733037DC%2526hlv%253D666d4a39-2130-4ba6-89f6-6bb30a01000f%2523v1332827068 HTTP/1.1" 200 246
20.171.207.168 - - [27/Feb/2025:00:47:26 +0100] "GET /ticket2/opencms/set_aff_cookie.jsp?partner=57601924-FB09-5BB2-867F-08B4EB522BA8&url=%252Fnl%252Fbuy%252Findex.html%253Fpage%253D1%2526edid%253DE8BA54CC-B112-3D61-BE02-1B4D1E4F63D1%2526hlv%253D666ddc0d-70dc-43c4-9802-6a330a01000f%2523v_137347029 HTTP/1.1" 200 246
66.249.76.4 - - [27/Feb/2025:00:47:26 +0100] "GET /ticket2/opencms/lv/buy/?page=1&edid=601F2318-7477-7FC8-2487-EFF4A82C960F HTTP/1.1" 200 108714
20.171.207.168 - - [27/Feb/2025:00:47:27 +0100] "GET /ticket2/opencms/set_aff_cookie.jsp?partner=2E02071B-A8C3-4CBA-3097-C27D61C02ED8&url=%252Fnl%252Fbuy%252Findex.html%253Fpage%253D1%2526edid%253D2D210BFD-73B3-FBB7-71E1-6587B60103F1%2526hlv%253D66cf0b4b-112c-4a46-bf3e-25050a01000f%2523v_371994405 HTTP/1.1" 200 246
20.171.207.168 - - [27/Feb/2025:00:47:28 +0100] "GET /ticket2/opencms/set_aff_cookie.jsp?partner=8F6DE15D-D831-5787-AE7E-FEFF53476F85&url=%252Fru%252Fbuy%252Findex.html%253Fpage%253D1%2526edid%253D66FFE717-0C93-3F01-2AC8-8E7FC5F9BAB1%2526hlv%253D6689076b-2d08-491c-8581-1ba70a01000f%2523v1048405130 HTTP/1.1" 200 246
66.249.76.2 - - [27/Feb/2025:00:47:29 +0100] "GET /ticket2/opencms/lv/ask-form.html HTTP/1.1" 200 3156
20.171.207.168 - - [27/Feb/2025:00:47:29 +0100] "GET /ticket2/opencms/set_aff_cookie.jsp?partner=2E02071B-A8C3-4CBA-3097-C27D61C02ED8&url=%252Ffi%252Fbuy%252Findex.html%253Fpage%253D1%2526edid%253D1A8318F4-54FD-CF28-6FE4-70A4EF1323B0%2526hlv%253D610a55e9-b724-4e7a-a1c6-083c0a01000f%2523v_2037284927 HTTP/1.1" 200 247
122.8.187.218 - - [27/Feb/2025:00:47:30 +0100] "GET /ticket2/opencms/fr/buy/?page=1&edid=42C5D83C-45F5-510D-23C9-7B4CE8796C8F HTTP/1.1" 200 112292
20.171.207.168 - - [27/Feb/2025:00:47:30 +0100] "GET /ticket2/opencms/set_aff_cookie.jsp?partner=8F6DE15D-D831-5787-AE7E-FEFF53476F85&url=%252Fru%252Fbuy%252Findex.html%253Fpage%253D1%2526edid%253D66C22035-E7EA-E10A-4BFC-2C30733037DC%2526hlv%253D666d4a38-91e0-40d3-99cc-6bb30a01000f%2523v1474455949 HTTP/1.1" 200 246
20.171.207.168 - - [27/Feb/2025:00:47:31 +0100] "GET /ticket2/opencms/set_aff_cookie.jsp?partner=8F6DE15D-D831-5787-AE7E-FEFF53476F85&url=%252Fno%252Fbuy%252Findex.html%253Fpage%253D1%2526edid%253D66C22035-E7EA-E10A-4BFC-2C30733037DC%2526hlv%253D666d4a39-9118-4359-a6ca-6bb30a01000f%2523v714830775 HTTP/1.1" 200 245
20.171.207.168 - - [27/Feb/2025:00:47:33 +0100] "GET /ticket2/opencms/set_aff_cookie.jsp?partner=5E0CDF29-E7BE-9F6B-6869-7BF66B04006F&url=%252Fno%252Fbuy%252Findex.html%253Fpage%253D1%2526edid%253D50F7AB81-6A9C-C90F-2794-DEB00B53E681%2526hlv%253D612aadc9-a434-4a62-84a3-73000a01000f%2523v_291797906 HTTP/1.1" 200 246
66.249.79.171 - - [27/Feb/2025:00:47:34 +0100] "GET /ticket2/opencms/en/buy?page=1&edid=0B7E5CA2-F588-894B-B701-64E6B9532C54 HTTP/1.1" 200 125834
20.171.207.168 - - [27/Feb/2025:00:47:34 +0100] "GET /ticket2/opencms/set_aff_cookie.jsp?partner=2E02071B-A8C3-4CBA-3097-C27D61C02ED8&url=%252Fdk%252Fbuy%252Findex.html%253Fpage%253D1%2526edid%253DE8BA54CC-B112-3D61-BE02-1B4D1E4F63D1%2526hlv%253D666ddc0c-2058-497d-8092-6a330a01000f%2523v_302050957 HTTP/1.1" 200 246
20.171.207.168 - - [27/Feb/2025:00:47:35 +0100] "GET /ticket2/opencms/set_aff_cookie.jsp?partner=5E0CDF29-E7BE-9F6B-6869-7BF66B04006F&url=%252Fdk%252Fbuy%252Findex.html%253Fpage%253D1%2526edid%253DE8BA54CC-B112-3D61-BE02-1B4D1E4F63D1%2526hlv%253D666ddc0c-1570-4405-9d02-6a330a01000f%2523v_1994171442 HTTP/1.1" 200 247
94.74.102.114 - - [27/Feb/2025:00:47:35 +0100] "GET /ticket2/opencms/bs/buy?page=1&edid=FEF01E45-FEE5-DB5B-D058-BDEFBF8946F4 HTTP/1.1" 200 108376
20.171.207.168 - - [27/Feb/2025:00:47:36 +0100] "GET /ticket2/opencms/set_aff_cookie.jsp?partner=6F250EA7-4505-FA01-D601-8847F2573405&url=%252Fdk%252Fbuy%252Findex.html%253Fpage%253D1%2526edid%253DE8BA54CC-B112-3D61-BE02-1B4D1E4F63D1%2526hlv%253D666ddc10-3eb8-42a7-ba9a-6a330a01000f%2523v_310692636 HTTP/1.1" 200 246
20.171.207.168 - - [27/Feb/2025:00:47:37 +0100] "GET /ticket2/opencms/set_aff_cookie.jsp?partner=57601924-FB09-5BB2-867F-08B4EB522BA8&url=%252Ffi%252Fbuy%252Findex.html%253Fpage%253D1%2526edid%253D0D33199C-853B-C4DC-F1E2-6CF75BE0B211%2526hlv%253D6145d6bc-74dc-4d7a-a319-6c4b0a01000f%2523v_2075720938 HTTP/1.1" 200 247
20.171.207.168 - - [27/Feb/2025:00:47:38 +0100] "GET /ticket2/opencms/set_aff_cookie.jsp?partner=57601924-FB09-5BB2-867F-08B4EB522BA8&url=%252Fdk%252Fbuy%252Findex.html%253Fpage%253D1%2526edid%253DE8BA54CC-B112-3D61-BE02-1B4D1E4F63D1%2526hlv%253D666ddc0c-5f78-4203-8c8b-6a330a01000f%2523v_356797395 HTTP/1.1" 200 246
20.171.207.168 - - [27/Feb/2025:00:47:40 +0100] "GET /ticket2/opencms/set_aff_cookie.jsp?partner=8F6DE15D-D831-5787-AE7E-FEFF53476F85&url=%252Fdk%252Fbuy%252Findex.html%253Fpage%253D1%2526edid%253DE8BA54CC-B112-3D61-BE02-1B4D1E4F63D1%2526hlv%253D666ddc11-1160-4063-be55-6a330a01000f%2523v_1067772516 HTTP/1.1" 200 247
20.171.207.168 - - [27/Feb/2025:00:47:41 +0100] "GET /ticket2/opencms/set_aff_cookie.jsp?partner=2E02071B-A8C3-4CBA-3097-C27D61C02ED8&url=%252Fdk%252Fbuy%252Findex.html%253Fpage%253D1%2526edid%253D66FFE717-0C93-3F01-2AC8-8E7FC5F9BAB1%2526hlv%253D6689076b-a7e8-4e2d-9965-1ba70a01000f%2523v1500765822 HTTP/1.1" 200 246
20.171.207.168 - - [27/Feb/2025:00:47:42 +0100] "GET /ticket2/opencms/set_aff_cookie.jsp?partner=57601924-FB09-5BB2-867F-08B4EB522BA8&url=%252Fnl%252Fbuy%252Findex.html%253Fpage%253D1%2526edid%253D66C22035-E7EA-E10A-4BFC-2C30733037DC%2526hlv%253D666d4a3c-43ac-49c7-8a44-6bb30a01000f%2523v142735615 HTTP/1.1" 200 245
20.171.207.168 - - [27/Feb/2025:00:47:43 +0100] "GET /ticket2/opencms/set_aff_cookie.jsp?partner=8F6DE15D-D831-5787-AE7E-FEFF53476F85&url=%252Fdk%252Fbuy%252Findex.html%253Fpage%253D1%2526edid%253D66C22035-E7EA-E10A-4BFC-2C30733037DC%2526hlv%253D666d4a38-79c8-453d-a154-6bb30a01000f%2523v53271697 HTTP/1.1" 200 244
20.171.207.168 - - [27/Feb/2025:00:47:44 +0100] "GET /ticket2/opencms/set_aff_cookie.jsp?partner=6F250EA7-4505-FA01-D601-8847F2573405&url=%252Fno%252Fbuy%252Findex.html%253Fpage%253D1%2526edid%253D1046C14E-D95C-B350-CBCD-2ECE5F3DCC46%2526hlv%253D668668af-38d8-466d-bc84-6ca00a01000f%2523v_734296541 HTTP/1.1" 200 246
85.208.96.196 - - [27/Feb/2025:00:47:44 +0100] "GET /ticket2/opencms/de/en/sport/football-tickets/premier_league/ HTTP/1.1" 404 -
52.167.144.199 - - [27/Feb/2025:00:47:45 +0100] "GET /ticket2/opencms/sk/buy?page=1&edid=56B38CDE-C52C-9D5C-A997-D65F4CB742AB HTTP/1.1" 200 112396
20.171.207.168 - - [27/Feb/2025:00:47:45 +0100] "GET /ticket2/opencms/set_aff_cookie.jsp?partner=6F250EA7-4505-FA01-D601-8847F2573405&url=%252Fru%252Fbuy%252Findex.html%253Fpage%253D1%2526edid%253D135439EE-24C6-CFFE-A3F6-AD08F6CB1A03%2526hlv%253D60d0e4c5-edac-49b6-a71d-404c0a01000f%2523v_1168797367 HTTP/1.1" 200 247
66.220.149.9 - - [27/Feb/2025:00:47:46 +0100] "GET /ticket2/opencms/dk/buy?page=1&edid=79B5950A-8F2F-84F8-FCAC-0BA8722B353B HTTP/1.1" 200 111220
20.171.207.168 - - [27/Feb/2025:00:47:46 +0100] "GET /ticket2/opencms/set_aff_cookie.jsp?partner=5E0CDF29-E7BE-9F6B-6869-7BF66B04006F&url=%252Fen%252Fbuy%252Findex.html%253Fpage%253D1%2526edid%253D50F7AB81-6A9C-C90F-2794-DEB00B53E681%2526hlv%253D612aadca-1a7c-45c8-8509-73000a01000f%2523v_1525798909 HTTP/1.1" 200 247
114.119.152.77 - - [27/Feb/2025:00:47:47 +0100] "GET /ticket2/opencms/en/magazine/article?title=analysis-how-much-premier-league-ticket-prices-have-increased-liverpool-and-arsenal-are-the-most-expensive HTTP/1.1" 200 99869
111.119.198.120 - - [27/Feb/2025:00:47:47 +0100] "GET /ticket2/opencms/bs/sport/fudbalske-karte/champions-league/ajax HTTP/1.1" 200 96100
20.171.207.168 - - [27/Feb/2025:00:47:48 +0100] "GET /ticket2/opencms/set_aff_cookie.jsp?partner=57601924-FB09-5BB2-867F-08B4EB522BA8&url=%252Fnl%252Fbuy%252Findex.html%253Fpage%253D1%2526edid%253DE8BA54CC-B112-3D61-BE02-1B4D1E4F63D1%2526hlv%253D666ddc0f-341c-4d64-97b1-6a330a01000f%2523v_1842273372 HTTP/1.1" 200 247
47.128.34.160 - - [27/Feb/2025:00:47:48 +0100] "GET /ticket2/opencms/pl/buy/?edid=6B023766-ECB3-24CC-F992-263AD5C5EB2E HTTP/1.1" 200 91609
20.171.207.168 - - [27/Feb/2025:00:47:49 +0100] "GET /ticket2/opencms/set_aff_cookie.jsp?partner=8F6DE15D-D831-5787-AE7E-FEFF53476F85&url=%252Fen%252Fbuy%252Findex.html%253Fpage%253D1%2526edid%253D150C2B47-38EB-0C0E-C664-5F863E9426DB%2526hlv%253D66cafa7d-11f0-461f-9d45-33480a01000f%2523v_1926494317 HTTP/1.1" 200 247
20.171.207.168 - - [27/Feb/2025:00:47:50 +0100] "GET /ticket2/opencms/set_aff_cookie.jsp?partner=5E0CDF29-E7BE-9F6B-6869-7BF66B04006F&url=%252Fsv%252Fbuy%252Findex.html%253Fpage%253D1%2526edid%253D66C22035-E7EA-E10A-4BFC-2C30733037DC%2526hlv%253D666d4a38-79c8-453d-a154-6bb30a01000f%2523v53271697 HTTP/1.1" 200 244
173.252.83.1 - - [27/Feb/2025:00:47:51 +0100] "GET /ticket2/opencms/en/buy/?comcatid=0A6B8208-FDA4-E929-9D72-5312FD481B76 HTTP/1.1" 200 104324
20.171.207.168 - - [27/Feb/2025:00:47:51 +0100] "GET /ticket2/opencms/set_aff_cookie.jsp?partner=2E02071B-A8C3-4CBA-3097-C27D61C02ED8&url=%252Fdk%252Fbuy%252Findex.html%253Fpage%253D1%2526edid%253D1A8318F4-54FD-CF28-6FE4-70A4EF1323B0%2526hlv%253D610a55e9-b724-4e7a-a1c6-083c0a01000f%2523v_2037284927 HTTP/1.1" 200 247
20.171.207.168 - - [27/Feb/2025:00:47:52 +0100] "GET /ticket2/opencms/set_aff_cookie.jsp?partner=57601924-FB09-5BB2-867F-08B4EB522BA8&url=%252Fnl%252Fbuy%252Findex.html%253Fpage%253D1%2526edid%253D66C22035-E7EA-E10A-4BFC-2C30733037DC%2526hlv%253D666d4a37-f7ac-4b6f-8b41-6bb30a01000f%2523v1934515048 HTTP/1.1" 200 246
20.171.207.168 - - [27/Feb/2025:00:47:53 +0100] "GET /ticket2/opencms/set_aff_cookie.jsp?partner=5E0CDF29-E7BE-9F6B-6869-7BF66B04006F&url=%252Fno%252Fbuy%252Findex.html%253Fpage%253D1%2526edid%253DE8BA54CC-B112-3D61-BE02-1B4D1E4F63D1%2526hlv%253D666ddc0d-01a0-4492-8392-6a330a01000f%2523v_2005118999 HTTP/1.1" 200 247
20.171.207.168 - - [27/Feb/2025:00:47:55 +0100] "GET /ticket2/opencms/set_aff_cookie.jsp?partner=5E0CDF29-E7BE-9F6B-6869-7BF66B04006F&url=%252Fen%252Fbuy%252Findex.html%253Fpage%253D1%2526edid%253D6E64EF54-063D-0F55-A1E7-7781348B9C83%2526hlv%253D60f5cbdc-3700-4d16-8b88-1efe0a01000f%2523v_1078388311 HTTP/1.1" 200 247
101.44.24.253 - - [27/Feb/2025:00:47:56 +0100] "GET /ticket2/opencms/sr/buy?page=1&edid=9F0345A6-D15A-0100-D9B9-6EC7F0C4DCD6 HTTP/1.1" 200 111566
20.171.207.168 - - [27/Feb/2025:00:47:56 +0100] "GET /ticket2/opencms/set_aff_cookie.jsp?partner=8F6DE15D-D831-5787-AE7E-FEFF53476F85&url=%252Fsv%252Fbuy%252Findex.html%253Fpage%253D1%2526edid%253D13FD52ED-2424-BEB8-F194-ACEDB9434F70%2526hlv%253D66902398-01cc-461a-a39b-23300a01000f%2523v_1702379917 HTTP/1.1" 200 247
54.36.148.77 - - [27/Feb/2025:00:47:57 +0100] "GET /ticket2/opencms/no/magazine/article?title=erling-braut-haaland HTTP/1.1" 200 93157
20.171.207.168 - - [27/Feb/2025:00:47:57 +0100] "GET /ticket2/opencms/set_aff_cookie.jsp?partner=2E02071B-A8C3-4CBA-3097-C27D61C02ED8&url=%252Fdk%252Fbuy%252Findex.html%253Fpage%253D1%2526edid%253DE8BA54CC-B112-3D61-BE02-1B4D1E4F63D1%2526hlv%253D666ddc0f-626c-4691-9b05-6a330a01000f%2523v_1209394279 HTTP/1.1" 200 247
114.119.130.91 - - [27/Feb/2025:00:47:57 +0100] "GET /ticket2/opencms/en/venue/?venueid=8F226E17-13FE-CC18-B0C6-2591DA99778F HTTP/1.1" 200 85386
20.171.207.168 - - [27/Feb/2025:00:47:58 +0100] "GET /ticket2/opencms/set_aff_cookie.jsp?partner=5E0CDF29-E7BE-9F6B-6869-7BF66B04006F&url=%252Fru%252Fbuy%252Findex.html%253Fpage%253D1%2526edid%253D66FFE717-0C93-3F01-2AC8-8E7FC5F9BAB1%2526hlv%253D6689076b-7138-4102-a53a-1ba70a01000f%2523v1691558017 HTTP/1.1" 200 246
20.171.207.168 - - [27/Feb/2025:00:47:59 +0100] "GET /ticket2/opencms/set_aff_cookie.jsp?partner=5E0CDF29-E7BE-9F6B-6869-7BF66B04006F&url=%252Fnl%252Fbuy%252Findex.html%253Fpage%253D1%2526edid%253DE8BA54CC-B112-3D61-BE02-1B4D1E4F63D1%2526hlv%253D666ddc11-1160-4063-be55-6a330a01000f%2523v_1067772516 HTTP/1.1" 200 247
20.171.207.168 - - [27/Feb/2025:00:48:00 +0100] "GET /ticket2/opencms/set_aff_cookie.jsp?partner=8F6DE15D-D831-5787-AE7E-FEFF53476F85&url=%252Fnl%252Fbuy%252Findex.html%253Fpage%253D1%2526edid%253D66C22035-E7EA-E10A-4BFC-2C30733037DC%2526hlv%253D666d4a38-79c8-453d-a154-6bb30a01000f%2523v53271697 HTTP/1.1" 200 244
20.171.207.168 - - [27/Feb/2025:00:48:02 +0100] "GET /ticket2/opencms/set_aff_cookie.jsp?partner=8F6DE15D-D831-5787-AE7E-FEFF53476F85&url=%252Fru%252Fbuy%252Findex.html%253Fpage%253D1%2526edid%253D6F379414-70C4-400F-51D2-AFD37C8F2BC7%2526hlv%253D666d6ecf-b344-4a18-83d4-0c140a01000f%2523v_428655690 HTTP/1.1" 200 246
20.171.207.168 - - [27/Feb/2025:00:48:03 +0100] "GET /ticket2/opencms/set_aff_cookie.jsp?partner=23A6AD98-906E-5BDD-600E-EC4EC8A45F97&url=%252Fen%252Fbuy%252Findex.html%253Fpage%253D1%2526edid%253D66C22035-E7EA-E10A-4BFC-2C30733037DC%2526hlv%253D666d4a3a-2348-4547-8d3e-6bb30a01000f%2523v2142444335 HTTP/1.1" 200 246
20.171.207.168 - - [27/Feb/2025:00:48:04 +0100] "GET /ticket2/opencms/set_aff_cookie.jsp?partner=5E0CDF29-E7BE-9F6B-6869-7BF66B04006F&url=%252Fno%252Fbuy%252Findex.html%253Fpage%253D1%2526edid%253D66C22035-E7EA-E10A-4BFC-2C30733037DC%2526hlv%253D666d4a3a-d358-43bc-8746-6bb30a01000f%2523v1348696827 HTTP/1.1" 200 246
20.171.207.168 - - [27/Feb/2025:00:48:05 +0100] "GET /ticket2/opencms/set_aff_cookie.jsp?partner=57601924-FB09-5BB2-867F-08B4EB522BA8&url=%252Fru%252Fbuy%252Findex.html%253Fpage%253D1%2526edid%253DE8BA54CC-B112-3D61-BE02-1B4D1E4F63D1%2526hlv%253D666ddc0d-8c74-4740-9f0a-6a330a01000f%2523v_2087194163 HTTP/1.1" 200 247
20.171.207.168 - - [27/Feb/2025:00:48:06 +0100] "GET /ticket2/opencms/set_aff_cookie.jsp?partner=2E02071B-A8C3-4CBA-3097-C27D61C02ED8&url=%252Ffi%252Fbuy%252Findex.html%253Fpage%253D1%2526edid%253D150C2B47-38EB-0C0E-C664-5F863E9426DB%2526hlv%253D66cafa7b-83f4-4d39-9b76-33480a01000f%2523v_678068939 HTTP/1.1" 200 246
111.119.242.85 - - [27/Feb/2025:00:48:06 +0100] "GET /ticket2/opencms/tr/buy?page=1&edid=F4C7EFF8-C5DC-C540-AEBA-14F365BADAA9 HTTP/1.1" 200 108856
20.171.207.168 - - [27/Feb/2025:00:48:07 +0100] "GET /ticket2/opencms/set_aff_cookie.jsp?partner=57601924-FB09-5BB2-867F-08B4EB522BA8&url=%252Fnl%252Fbuy%252Findex.html%253Fpage%253D1%2526edid%253DE8BA54CC-B112-3D61-BE02-1B4D1E4F63D1%2526hlv%253D666ddc10-dca0-4379-9e42-6a330a01000f%2523v_2021499160 HTTP/1.1" 200 247
20.171.207.168 - - [27/Feb/2025:00:48:09 +0100] "GET /ticket2/opencms/set_aff_cookie.jsp?partner=5E0CDF29-E7BE-9F6B-6869-7BF66B04006F&url=%252Fru%252Fbuy%252Findex.html%253Fpage%253D1%2526edid%253D66C22035-E7EA-E10A-4BFC-2C30733037DC%2526hlv%253D666d4a3a-d358-43bc-8746-6bb30a01000f%2523v1348696827 HTTP/1.1" 200 246
20.171.207.168 - - [27/Feb/2025:00:48:10 +0100] "GET /ticket2/opencms/set_aff_cookie.jsp?partner=8F6DE15D-D831-5787-AE7E-FEFF53476F85&url=%252Fsv%252Fbuy%252Findex.html%253Fpage%253D1%2526edid%253D0CBED0CE-AD48-5853-8CA7-767C378C5971%2526hlv%253D6690089c-d760-4b10-a2cc-14010a01000f%2523v_243997788 HTTP/1.1" 200 246
85.208.96.204 - - [27/Feb/2025:00:48:10 +0100] "GET /ticket2/opencms/de/sport/fussball-tickets/bundesliga/bochum/ HTTP/1.1" 200 96413
66.249.76.41 - - [27/Feb/2025:00:48:11 +0100] "GET /ticket2/opencms/pl/buy/?page=1&edid=4100BC31-B21E-692B-10F2-5632E9B20F37 HTTP/1.1" 200 111785
20.171.207.168 - - [27/Feb/2025:00:48:11 +0100] "GET /ticket2/opencms/set_aff_cookie.jsp?partner=8F6DE15D-D831-5787-AE7E-FEFF53476F85&url=%252Fsv%252Fbuy%252Findex.html%253Fpage%253D1%2526edid%253D66C22035-E7EA-E10A-4BFC-2C30733037DC%2526hlv%253D666d4a37-4034-449c-a643-6bb30a01000f%2523v601423485 HTTP/1.1" 200 245
154.54.249.216 - - [27/Feb/2025:00:48:11 +0100] "GET /ticket2/opencms/no/buy?page=1&edid=305631E2-33D7-D561-07F3-8C2ECFC3A6C2 HTTP/1.1" 200 110028
66.249.79.4 - - [27/Feb/2025:00:48:11 +0100] "GET /ticket2/opencms/set_aff_cookie.jsp?partner=5E0CDF29-E7BE-9F6B-6869-7BF66B04006F&url=%252Fdk%252Fbuy%252Findex.html%253Fpage%253D1%2526edid%253D096598FE-DA35-4351-DFEE-DC9ACA0F0EF9%2526hlv%253D666ddb9f-b0f4-4e98-ab07-6a320a01000f%2523v_1110155401 HTTP/1.1" 200 247
20.171.207.168 - - [27/Feb/2025:00:48:12 +0100] "GET /ticket2/opencms/set_aff_cookie.jsp?partner=2E02071B-A8C3-4CBA-3097-C27D61C02ED8&url=%252Fru%252Fbuy%252Findex.html%253Fpage%253D1%2526edid%253D66C22035-E7EA-E10A-4BFC-2C30733037DC%2526hlv%253D666d4a38-a758-4e96-a8fb-6bb30a01000f%2523v1875591079 HTTP/1.1" 200 246
20.171.207.168 - - [27/Feb/2025:00:48:13 +0100] "GET /ticket2/opencms/set_aff_cookie.jsp?partner=2E02071B-A8C3-4CBA-3097-C27D61C02ED8&url=%252Ffi%252Fbuy%252Findex.html%253Fpage%253D1%2526edid%253D150C2B47-38EB-0C0E-C664-5F863E9426DB%2526hlv%253D66cafa7b-029c-47c9-bef4-33480a01000f%2523v_1779730836 HTTP/1.1" 200 247
20.171.207.168 - - [27/Feb/2025:00:48:14 +0100] "GET /ticket2/opencms/set_aff_cookie.jsp?partner=6F250EA7-4505-FA01-D601-8847F2573405&url=%252Fnl%252Fbuy%252Findex.html%253Fpage%253D1%2526edid%253DE8BA54CC-B112-3D61-BE02-1B4D1E4F63D1%2526hlv%253D666ddc10-18cc-44cd-a69a-6a330a01000f%2523v_615028836 HTTP/1.1" 200 246
47.128.30.163 - - [27/Feb/2025:00:48:15 +0100] "GET /ticket2/opencms/de/buy_safety HTTP/1.1" 200 92313
173.252.83.11 - - [27/Feb/2025:00:48:15 +0100] "GET /ticket2/opencms/fr/buy?page=1&edid=57541A2A-A7DE-A07B-2484-0E25ED563C4B HTTP/1.1" 200 112252
188.239.14.62 - - [27/Feb/2025:00:48:16 +0100] "GET /ticket2/opencms/de/buy?page=1&edid=8085E80D-BC8F-CDCF-7CC8-2F497FE082D3 HTTP/1.1" 200 137886
20.171.207.168 - - [27/Feb/2025:00:48:16 +0100] "GET /ticket2/opencms/set_aff_cookie.jsp?partner=5E0CDF29-E7BE-9F6B-6869-7BF66B04006F&url=%252Fno%252Fbuy%252Findex.html%253Fpage%253D1%2526edid%253D681ED521-EBC9-E1AB-D0B9-DB2B7375D564%2526hlv%253D60f81639-f594-4456-b27b-5b6e0a01000f%2523v_1777416201 HTTP/1.1" 200 247
20.171.207.168 - - [27/Feb/2025:00:48:17 +0100] "GET /ticket2/opencms/set_aff_cookie.jsp?partner=2E02071B-A8C3-4CBA-3097-C27D61C02ED8&url=%252Fnl%252Fbuy%252Findex.html%253Fpage%253D1%2526edid%253D160DAC9A-2A77-6FDC-52B8-296352B1ABF1%2526hlv%253D666c5800-bcc8-4957-94cd-4a2b0a01000f%2523v_2141000886 HTTP/1.1" 200 247
20.171.207.168 - - [27/Feb/2025:00:48:18 +0100] "GET /ticket2/opencms/set_aff_cookie.jsp?partner=2E02071B-A8C3-4CBA-3097-C27D61C02ED8&url=%252Fdk%252Fbuy%252Findex.html%253Fpage%253D1%2526edid%253D66C22035-E7EA-E10A-4BFC-2C30733037DC%2526hlv%253D666d4a3c-1e20-470c-a659-6bb30a01000f%2523v630274683 HTTP/1.1" 200 245
20.171.207.168 - - [27/Feb/2025:00:48:19 +0100] "GET /ticket2/opencms/set_aff_cookie.jsp?partner=8F6DE15D-D831-5787-AE7E-FEFF53476F85&url=%252Fno%252Fbuy%252Findex.html%253Fpage%253D1%2526edid%253D6A920F16-DD42-2262-3AA2-B83D5743F13A%2526hlv%253D666cb1c9-02d4-4b0b-81de-44290a01000f%2523v_510206411 HTTP/1.1" 200 246
173.252.83.112 - - [27/Feb/2025:00:48:20 +0100] "GET /ticket2/opencms/bs/buy?page=1&edid=92A56E78-70A5-4E7F-4A0E-86D90A27FA9E HTTP/1.1" 200 117660
20.171.207.168 - - [27/Feb/2025:00:48:20 +0100] "GET /ticket2/opencms/set_aff_cookie.jsp?partner=2E02071B-A8C3-4CBA-3097-C27D61C02ED8&url=%252Fen%252Fbuy%252Findex.html%253Fpage%253D1%2526edid%253D1E25B326-4F8F-7BA0-5AB1-018D89AC8C22%2526hlv%253D60f80e45-5ea8-495e-ae6d-59350a01000f%2523v_1072791028 HTTP/1.1" 200 247
185.191.171.16 - - [27/Feb/2025:00:48:21 +0100] "GET /ticket2/opencms/ka/magazine/article?title=legendas-tskheli-saubrebi-fantan HTTP/1.1" 200 97895
20.171.207.168 - - [27/Feb/2025:00:48:21 +0100] "GET /ticket2/opencms/set_aff_cookie.jsp?partner=2E02071B-A8C3-4CBA-3097-C27D61C02ED8&url=%252Fru%252Fbuy%252Findex.html%253Fpage%253D1%2526edid%253D66C22035-E7EA-E10A-4BFC-2C30733037DC%2526hlv%253D666d4a38-79c8-453d-a154-6bb30a01000f%2523v53271697 HTTP/1.1" 200 244
20.171.207.168 - - [27/Feb/2025:00:48:23 +0100] "GET /ticket2/opencms/set_aff_cookie.jsp?partner=57601924-FB09-5BB2-867F-08B4EB522BA8&url=%252Fen%252Fbuy%252Findex.html%253Fpage%253D1%2526edid%253D66C22035-E7EA-E10A-4BFC-2C30733037DC%2526hlv%253D666d4a37-f550-41dd-b4ea-6bb30a01000f%2523v1572174025 HTTP/1.1" 200 246
20.171.207.168 - - [27/Feb/2025:00:48:24 +0100] "GET /ticket2/opencms/set_aff_cookie.jsp?partner=2E02071B-A8C3-4CBA-3097-C27D61C02ED8&url=%252Fdk%252Fbuy%252Findex.html%253Fpage%253D1%2526edid%253D160DAC9A-2A77-6FDC-52B8-296352B1ABF1%2526hlv%253D666c4b55-2920-42de-b73a-3e290a01000f%2523v_1083585005 HTTP/1.1" 200 247
47.128.50.150 - - [27/Feb/2025:00:48:25 +0100] "GET /ticket2/opencms/fi/venue/?venueid=5F3FADB8-66EC-9738-DC48-75D75041C425 HTTP/1.1" 200 86917
166.108.205.179 - - [27/Feb/2025:00:48:25 +0100] "GET /ticket2/opencms/es/buy?page=1&edid=9219490E-57C2-9B65-4F03-B2B5521A5479 HTTP/1.1" 200 108672
20.171.207.168 - - [27/Feb/2025:00:48:25 +0100] "GET /ticket2/opencms/set_aff_cookie.jsp?partner=8F6DE15D-D831-5787-AE7E-FEFF53476F85&url=%252Fsv%252Fbuy%252Findex.html%253Fpage%253D1%2526edid%253D66C22035-E7EA-E10A-4BFC-2C30733037DC%2526hlv%253D666d4a37-a9e4-4793-9b67-6bb30a01000f%2523v347725872 HTTP/1.1" 200 245
114.119.130.154 - - [27/Feb/2025:00:48:25 +0100] "GET /ticket2/opencms/it/buy?page=1&=E75F519F-3FCF-E7A1-39FC-E5EA40E785C7 HTTP/1.1" 200 -
20.171.207.168 - - [27/Feb/2025:00:48:26 +0100] "GET /ticket2/opencms/set_aff_cookie.jsp?partner=5E0CDF29-E7BE-9F6B-6869-7BF66B04006F&url=%252Fru%252Fbuy%252Findex.html%253Fpage%253D1%2526edid%253D0FD8C94D-BC20-A9A1-B75F-6B50E0D9D5B1%2526hlv%253D60f951c1-1320-40d7-930d-56980a01000f%2523v_809162592 HTTP/1.1" 200 246
20.171.207.168 - - [27/Feb/2025:00:48:27 +0100] "GET /ticket2/opencms/set_aff_cookie.jsp?partner=6F250EA7-4505-FA01-D601-8847F2573405&url=%252Fno%252Fbuy%252Findex.html%253Fpage%253D1%2526edid%253D1704DC47-D333-EEEA-B66A-BC4C3DDB8A1C%2526hlv%253D60d0e4fc-92d8-4d27-9877-407f0a01000f%2523v_276843282 HTTP/1.1" 200 246
20.171.207.168 - - [27/Feb/2025:00:48:28 +0100] "GET /ticket2/opencms/set_aff_cookie.jsp?partner=57601924-FB09-5BB2-867F-08B4EB522BA8&url=%252Fsv%252Fbuy%252Findex.html%253Fpage%253D1%2526edid%253D150C2B47-38EB-0C0E-C664-5F863E9426DB%2526hlv%253D66cafa7b-5a34-48be-bf9b-33480a01000f%2523v_669623491 HTTP/1.1" 200 246
66.249.76.170 - - [27/Feb/2025:00:48:28 +0100] "GET /ticket2/opencms/ro/buy?page=1&edid=230CADCB-DB49-F1F9-9B0E-24AB279FB9A0&hlv=66d601a8-b42c-4b38-b351-38380a01000f HTTP/1.1" 200 113588
20.171.207.168 - - [27/Feb/2025:00:48:29 +0100] "GET /ticket2/opencms/set_aff_cookie.jsp?partner=57601924-FB09-5BB2-867F-08B4EB522BA8&url=%252Fnl%252Fbuy%252Findex.html%253Fpage%253D1%2526edid%253DE8BA54CC-B112-3D61-BE02-1B4D1E4F63D1%2526hlv%253D666ddc0c-1540-4900-a00f-6a330a01000f%2523v_516822349 HTTP/1.1" 200 246
20.171.207.168 - - [27/Feb/2025:00:48:31 +0100] "GET /ticket2/opencms/set_aff_cookie.jsp?partner=5E0CDF29-E7BE-9F6B-6869-7BF66B04006F&url=%252Fnl%252Fbuy%252Findex.html%253Fpage%253D1%2526edid%253D697BE447-74B7-A748-152F-A1818DA4BEC9%2526hlv%253D666d6f1d-e150-47cc-a308-0c190a01000f%2523v_1828740938 HTTP/1.1" 200 247
