202.8.41.0 - - [27/Feb/2025:01:05:59 +0100] "GET /ticket2/opencms/system/modules/com.gridnine.opencms.ticketbrokerage.site/resources/js/jquery/jquery.js HTTP/1.1" 200 93868
202.8.41.0 - - [27/Feb/2025:01:05:59 +0100] "GET /ticket2/opencms/system/modules/com.gridnine.opencms.ticketbrokerage.site/resources/js/jquery/jquery-ui.js HTTP/1.1" 200 228088
202.8.41.0 - - [27/Feb/2025:01:05:59 +0100] "GET /ticket2/opencms/system/modules/com.gridnine.opencms.ticketbrokerage.site/resources/js/functions.js HTTP/1.1" 200 1583
202.8.41.0 - - [27/Feb/2025:01:05:59 +0100] "GET /ticket2/opencms/system/modules/com.gridnine.opencms.ticketbrokerage.site/resources/js/calendar-en.js HTTP/1.1" 200 3338
202.8.41.0 - - [27/Feb/2025:01:05:59 +0100] "GET /ticket2/opencms/system/modules/com.gridnine.opencms.ticketbrokerage.site/resources/js/calendar.js HTTP/1.1" 200 49229
202.8.41.0 - - [27/Feb/2025:01:05:59 +0100] "GET /ticket2/opencms/system/modules/com.gridnine.opencms.ticketbrokerage.site/resources/js/calendar-setup.js HTTP/1.1" 200 4923
202.8.41.0 - - [27/Feb/2025:01:05:59 +0100] "GET /ticket2/opencms/system/modules/com.gridnine.opencms.ticketbrokerage.site/resources/js/jquery.fancybox.pack.js HTTP/1.1" 200 23187
202.8.41.0 - - [27/Feb/2025:01:05:59 +0100] "GET /ticket2/opencms/system/modules/com.gridnine.opencms.ticketbrokerage.site/resources/js/stickyfill.min.js HTTP/1.1" 200 5672
202.8.41.0 - - [27/Feb/2025:01:05:59 +0100] "GET /ticket2/opencms/system/modules/com.gridnine.opencms.ticketbrokerage.site/resources/js/standard.js HTTP/1.1" 200 3983
202.8.41.0 - - [27/Feb/2025:01:05:59 +0100] "GET /ticket2/opencms/system/modules/com.gridnine.opencms.ticketbrokerage.site/resources/js/jquery.placeholder.min.js HTTP/1.1" 200 1737
66.249.79.192 - - [27/Feb/2025:01:05:59 +0100] "GET /ticket2/opencms/no/buy/?page=1&edid=C5541103-512C-D651-87BB-185D7BE93A66 HTTP/1.1" 200 110575
202.8.41.0 - - [27/Feb/2025:01:05:59 +0100] "GET /ticket2/opencms/system/modules/com.gridnine.opencms.ticketbrokerage.site/resources/js/common-ajax.js HTTP/1.1" 200 20175
202.8.41.0 - - [27/Feb/2025:01:05:59 +0100] "GET /ticket2/opencms/sk/ask-form.html HTTP/1.1" 200 3156
202.8.41.0 - - [27/Feb/2025:01:05:59 +0100] "GET /ticket2/opencms/system/modules/com.gridnine.opencms.ticketbrokerage.site/resources/css/ticketbrokerage.css HTTP/1.1" 200 39339
85.208.96.207 - - [27/Feb/2025:01:06:00 +0100] "GET /ticket2/opencms/lv/magazine/article?title=emirates-stadium-ikoniska-arena HTTP/1.1" 200 95353
62.216.205.186 - - [27/Feb/2025:01:06:00 +0100] "GET /ticket2/opencms/dk/buy/?page=1&edid=E8031708-E41C-1608-FAE1-137C89B30DDC HTTP/1.1" 200 110331
94.74.91.39 - - [27/Feb/2025:01:06:04 +0100] "GET /ticket2/opencms/es/buy?page=1&edid=E04C51A7-B254-2AD8-B75D-C7B1DB52808F HTTP/1.1" 200 111937
66.249.68.4 - - [27/Feb/2025:01:06:04 +0100] "GET /ticket2/opencms/bs/buy?page=1&edid=848957BE-8671-4A4D-3A5C-F9117B76047A&hlv=666dbba3-9ce4-449c-8e67-4e550a01000f HTTP/1.1" 200 112479
62.216.205.186 - - [27/Feb/2025:01:06:04 +0100] "GET /ticket2/opencms/dk/buy/?page=1&edid=E8031708-E41C-1608-FAE1-137C89B30DDC&sortorder=desc&column=price HTTP/1.1" 200 111259
114.119.153.152 - - [27/Feb/2025:01:06:06 +0100] "GET /ticket2/opencms/de/buy?page=1&edid=7B64FDD7-1A7C-DFA0-9FD2-325C6BB97A63 HTTP/1.1" 200 111448
62.216.205.186 - - [27/Feb/2025:01:06:08 +0100] "GET /ticket2/opencms/dk/buy/?page=1&edid=E8D37283-D56B-FD6C-F174-24BB3094D0C7&sortorder=asc&column=row HTTP/1.1" 200 111322
54.36.148.223 - - [27/Feb/2025:01:06:08 +0100] "GET /ticket2/opencms/es/buy?page=1&edid=68B485F7-9483-6E4F-656D-602EE2AC621D HTTP/1.1" 200 136152
202.8.40.209 - - [27/Feb/2025:01:06:09 +0100] "GET /ticket2/opencms/system/modules/com.gridnine.opencms.ticketbrokerage.site/resources/css/calendar.css HTTP/1.1" 200 6871
202.8.40.209 - - [27/Feb/2025:01:06:09 +0100] "GET /ticket2/opencms/system/modules/com.gridnine.opencms.ticketbrokerage.site/resources/css/jquery-ui.css HTTP/1.1" 200 33221
202.8.40.209 - - [27/Feb/2025:01:06:09 +0100] "GET /ticket2/opencms/system/modules/com.gridnine.opencms.ticketbrokerage.site/resources/css/jquery.fancybox.css HTTP/1.1" 200 4939
202.8.40.209 - - [27/Feb/2025:01:06:09 +0100] "GET /ticket2/opencms/system/modules/com.gridnine.opencms.ticketbrokerage.site/resources/css/standard.css HTTP/1.1" 200 74207
202.8.40.209 - - [27/Feb/2025:01:06:09 +0100] "GET /ticket2/opencms/system/modules/com.gridnine.opencms.ticketbrokerage.site/resources/css/ticketbrokerage.css HTTP/1.1" 200 39339
202.8.40.209 - - [27/Feb/2025:01:06:09 +0100] "GET /ticket2/opencms/system/modules/com.gridnine.opencms.ticketbrokerage.site/resources/js/jquery/jquery.js HTTP/1.1" 200 93868
202.8.40.209 - - [27/Feb/2025:01:06:09 +0100] "GET /ticket2/opencms/system/modules/com.gridnine.opencms.ticketbrokerage.site/resources/js/functions.js HTTP/1.1" 200 1583
202.8.40.209 - - [27/Feb/2025:01:06:09 +0100] "GET /ticket2/opencms/system/modules/com.gridnine.opencms.ticketbrokerage.site/resources/js/jquery/jquery-ui.js HTTP/1.1" 200 228088
202.8.40.209 - - [27/Feb/2025:01:06:09 +0100] "GET /ticket2/opencms/system/modules/com.gridnine.opencms.ticketbrokerage.site/resources/js/calendar.js HTTP/1.1" 200 49229
202.8.40.209 - - [27/Feb/2025:01:06:09 +0100] "GET /ticket2/opencms/system/modules/com.gridnine.opencms.ticketbrokerage.site/resources/js/calendar-en.js HTTP/1.1" 200 3338
202.8.40.209 - - [27/Feb/2025:01:06:09 +0100] "GET /ticket2/opencms/system/modules/com.gridnine.opencms.ticketbrokerage.site/resources/js/calendar-setup.js HTTP/1.1" 200 4923
202.8.40.209 - - [27/Feb/2025:01:06:09 +0100] "GET /ticket2/opencms/system/modules/com.gridnine.opencms.ticketbrokerage.site/resources/js/jquery.fancybox.pack.js HTTP/1.1" 200 23187
202.8.40.209 - - [27/Feb/2025:01:06:09 +0100] "GET /ticket2/opencms/system/modules/com.gridnine.opencms.ticketbrokerage.site/resources/js/stickyfill.min.js HTTP/1.1" 200 5672
202.8.40.209 - - [27/Feb/2025:01:06:09 +0100] "GET /ticket2/opencms/system/modules/com.gridnine.opencms.ticketbrokerage.site/resources/js/standard.js HTTP/1.1" 200 3983
202.8.40.209 - - [27/Feb/2025:01:06:09 +0100] "GET /ticket2/opencms/system/modules/com.gridnine.opencms.ticketbrokerage.site/resources/js/jquery.placeholder.min.js HTTP/1.1" 200 1737
202.8.40.209 - - [27/Feb/2025:01:06:09 +0100] "GET /ticket2/opencms/system/modules/com.gridnine.opencms.ticketbrokerage.site/resources/js/common-ajax.js HTTP/1.1" 200 20175
202.8.40.209 - - [27/Feb/2025:01:06:09 +0100] "GET /ticket2/opencms/es/ask-form.html HTTP/1.1" 200 3156
202.8.40.209 - - [27/Feb/2025:01:06:10 +0100] "GET /ticket2/opencms/system/modules/com.gridnine.opencms.ticketbrokerage.site/resources/css/ticketbrokerage.css HTTP/1.1" 200 39339
20.171.207.168 - - [27/Feb/2025:01:06:10 +0100] "GET /ticket2/opencms/set_aff_cookie.jsp?partner=2E02071B-A8C3-4CBA-3097-C27D61C02ED8&url=%252Fsv%252Fbuy%252Findex.html%253Fpage%253D1%2526edid%253DE8BA54CC-B112-3D61-BE02-1B4D1E4F63D1%2526hlv%253D666ddc0f-1624-43d7-925f-6a330a01000f%2523v_1854594505 HTTP/1.1" 200 247
62.216.205.186 - - [27/Feb/2025:01:06:11 +0100] "GET /ticket2/opencms/dk/buy/?page=1&edid=E8FE2A15-0338-AD03-E820-3464EC7EA1F7&sortorder=desc&column=price HTTP/1.1" 200 90062
159.138.120.150 - - [27/Feb/2025:01:06:13 +0100] "GET /ticket2/opencms/tr/buy?page=6&comcatid=A17713B6-D984-201A-4143-ED4DB5ED5C2E&catid=36394212-F82E-F845-399B-42BED55969CC HTTP/1.1" 200 131235
40.77.167.60 - - [27/Feb/2025:01:06:15 +0100] "GET /ticket2/opencms/bg/buy?page=1&edid=07DEB2A3-DF25-51E6-57DE-19F2D68F0F1B HTTP/1.1" 200 110973
62.216.205.186 - - [27/Feb/2025:01:06:16 +0100] "GET /ticket2/opencms/dk/buy/?page=1&edid=E8FE2A15-0338-AD03-E820-3464EC7EA1F7&sortorder=desc&column=section HTTP/1.1" 200 90102
62.216.205.186 - - [27/Feb/2025:01:06:19 +0100] "GET /ticket2/opencms/dk/buy/?page=1&edid=E9273ADB-397B-8C66-EF24-3A92BD3295EC HTTP/1.1" 200 110950
85.208.96.195 - - [27/Feb/2025:01:06:19 +0100] "GET /ticket2/opencms/ga/magazine/article?title=cole-palmer-by-adwuma-a-de-baako-so-na-alexander-isak-aba-bio HTTP/1.1" 200 93809
62.216.205.186 - - [27/Feb/2025:01:06:23 +0100] "GET /ticket2/opencms/dk/buy/?page=1&edid=E927BEFD-9C6C-9D6C-18AA-81A3176DBF51 HTTP/1.1" 200 109570
166.108.230.162 - - [27/Feb/2025:01:06:24 +0100] "GET /ticket2/opencms/fr/buy/?page=1&edid=FF78E5AF-B575-E137-254B-7D951914395E HTTP/1.1" 200 111604
185.191.171.13 - - [27/Feb/2025:01:06:26 +0100] "GET /ticket2/opencms/sv/sport/fotbollsbiljetter/uefa-champions-league/olympiacos/ HTTP/1.1" 200 88297
62.216.205.186 - - [27/Feb/2025:01:06:27 +0100] "GET /ticket2/opencms/dk/buy/?page=1&edid=EA0BB108-1C0E-CBF5-8F96-A048E809CFD0&sortorder=asc&column=price HTTP/1.1" 200 111458
54.36.148.233 - - [27/Feb/2025:01:06:27 +0100] "GET /ticket2/opencms/sk/buy?page=1&edid=D96122AD-C3AA-80F5-DDA8-935E03AE952D HTTP/1.1" 200 135046
114.119.130.23 - - [27/Feb/2025:01:06:28 +0100] "GET /ticket2/opencms/es/buy?page=1&edid=5E608C7A-903B-E4BB-4868-5D83917347B8 HTTP/1.1" 200 111914
202.8.41.0 - - [27/Feb/2025:01:06:29 +0100] "GET /ticket2/opencms/system/modules/com.gridnine.opencms.ticketbrokerage.site/resources/css/ticketbrokerage.css HTTP/1.1" 200 39339
202.8.41.0 - - [27/Feb/2025:01:06:29 +0100] "GET /ticket2/opencms/system/modules/com.gridnine.opencms.ticketbrokerage.site/resources/css/calendar.css HTTP/1.1" 200 6871
202.8.41.0 - - [27/Feb/2025:01:06:29 +0100] "GET /ticket2/opencms/system/modules/com.gridnine.opencms.ticketbrokerage.site/resources/js/calendar-en.js HTTP/1.1" 200 3338
202.8.41.0 - - [27/Feb/2025:01:06:29 +0100] "GET /ticket2/opencms/system/modules/com.gridnine.opencms.ticketbrokerage.site/resources/js/calendar-setup.js HTTP/1.1" 200 4923
202.8.41.0 - - [27/Feb/2025:01:06:29 +0100] "GET /ticket2/opencms/system/modules/com.gridnine.opencms.ticketbrokerage.site/resources/css/standard.css HTTP/1.1" 200 74207
202.8.41.0 - - [27/Feb/2025:01:06:29 +0100] "GET /ticket2/opencms/system/modules/com.gridnine.opencms.ticketbrokerage.site/resources/js/functions.js HTTP/1.1" 200 1583
202.8.41.0 - - [27/Feb/2025:01:06:29 +0100] "GET /ticket2/opencms/system/modules/com.gridnine.opencms.ticketbrokerage.site/resources/js/standard.js HTTP/1.1" 200 3983
202.8.41.0 - - [27/Feb/2025:01:06:29 +0100] "GET /ticket2/opencms/system/modules/com.gridnine.opencms.ticketbrokerage.site/resources/js/calendar.js HTTP/1.1" 200 49229
202.8.41.0 - - [27/Feb/2025:01:06:29 +0100] "GET /ticket2/opencms/sk/ask-form.html HTTP/1.1" 200 3156
202.8.41.0 - - [27/Feb/2025:01:06:29 +0100] "GET /ticket2/opencms/system/modules/com.gridnine.opencms.ticketbrokerage.site/resources/css/ticketbrokerage.css HTTP/1.1" 200 39339
114.119.130.178 - - [27/Feb/2025:01:06:30 +0100] "GET /ticket2/opencms/en/venue/?venueid=FFA115B2-38B9-DF68-21D2-8F2E64EF271D HTTP/1.1" 200 85327
173.252.87.11 - - [27/Feb/2025:01:06:30 +0100] "GET /ticket2/opencms/en/sport/football-tickets/la-liga/villarreal/ HTTP/1.1" 200 91514
62.216.205.186 - - [27/Feb/2025:01:06:31 +0100] "GET /ticket2/opencms/dk/buy/?page=1&edid=EA0BB108-1C0E-CBF5-8F96-A048E809CFD0&sortorder=asc&column=section HTTP/1.1" 200 111549
159.138.24.199 - - [27/Feb/2025:01:06:33 +0100] "GET /ticket2/opencms/bs/buy?page=1&edid=84A5FE5E-FE66-D83A-8A7D-B9483A93F0F3 HTTP/1.1" 200 111361
62.216.205.186 - - [27/Feb/2025:01:06:35 +0100] "GET /ticket2/opencms/dk/buy/?page=1&edid=EA1E6ECE-423D-F005-AB70-0EA4DE8B6848&sortorder=desc&column=section HTTP/1.1" 200 112105
85.208.96.202 - - [27/Feb/2025:01:06:38 +0100] "GET /ticket2/opencms/ka/magazine/article?title=bornmuti HTTP/1.1" 200 96469
62.216.205.186 - - [27/Feb/2025:01:06:39 +0100] "GET /ticket2/opencms/dk/buy/?page=1&edid=ED0B0AFE-E29E-359A-1516-7F5D86EFE840&sortorder=desc&column=row HTTP/1.1" 200 111324
54.36.149.34 - - [27/Feb/2025:01:06:40 +0100] "GET /ticket2/opencms/ka/buy?page=1&edid=D96122AD-C3AA-80F5-DDA8-935E03AE952D HTTP/1.1" 200 141617
114.119.130.154 - - [27/Feb/2025:01:06:41 +0100] "GET /ticket2/opencms/de/buy?page=1&edid=79F212CD-FC40-B2A4-D854-08D44B487350 HTTP/1.1" 200 108187
202.8.40.245 - - [27/Feb/2025:01:06:42 +0100] "GET /ticket2/opencms/system/modules/com.gridnine.opencms.ticketbrokerage.site/resources/css/jquery.fancybox.css HTTP/1.1" 200 4939
202.8.40.245 - - [27/Feb/2025:01:06:42 +0100] "GET /ticket2/opencms/system/modules/com.gridnine.opencms.ticketbrokerage.site/resources/css/jquery-ui.css HTTP/1.1" 200 33221
202.8.40.245 - - [27/Feb/2025:01:06:42 +0100] "GET /ticket2/opencms/system/modules/com.gridnine.opencms.ticketbrokerage.site/resources/css/calendar.css HTTP/1.1" 200 6871
202.8.40.245 - - [27/Feb/2025:01:06:42 +0100] "GET /ticket2/opencms/system/modules/com.gridnine.opencms.ticketbrokerage.site/resources/css/standard.css HTTP/1.1" 200 74207
202.8.40.245 - - [27/Feb/2025:01:06:42 +0100] "GET /ticket2/opencms/system/modules/com.gridnine.opencms.ticketbrokerage.site/resources/css/ticketbrokerage.css HTTP/1.1" 200 39339
202.8.40.245 - - [27/Feb/2025:01:06:42 +0100] "GET /ticket2/opencms/system/modules/com.gridnine.opencms.ticketbrokerage.site/resources/js/jquery/jquery-ui.js HTTP/1.1" 200 228088
202.8.40.245 - - [27/Feb/2025:01:06:42 +0100] "GET /ticket2/opencms/system/modules/com.gridnine.opencms.ticketbrokerage.site/resources/js/functions.js HTTP/1.1" 200 1583
202.8.40.245 - - [27/Feb/2025:01:06:42 +0100] "GET /ticket2/opencms/system/modules/com.gridnine.opencms.ticketbrokerage.site/resources/js/calendar.js HTTP/1.1" 200 49229
202.8.40.245 - - [27/Feb/2025:01:06:42 +0100] "GET /ticket2/opencms/system/modules/com.gridnine.opencms.ticketbrokerage.site/resources/js/jquery.fancybox.pack.js HTTP/1.1" 200 23187
202.8.40.245 - - [27/Feb/2025:01:06:42 +0100] "GET /ticket2/opencms/system/modules/com.gridnine.opencms.ticketbrokerage.site/resources/js/jquery/jquery.js HTTP/1.1" 200 93868
202.8.40.245 - - [27/Feb/2025:01:06:42 +0100] "GET /ticket2/opencms/system/modules/com.gridnine.opencms.ticketbrokerage.site/resources/js/stickyfill.min.js HTTP/1.1" 200 5672
202.8.40.245 - - [27/Feb/2025:01:06:42 +0100] "GET /ticket2/opencms/system/modules/com.gridnine.opencms.ticketbrokerage.site/resources/js/calendar-en.js HTTP/1.1" 200 3338
202.8.40.245 - - [27/Feb/2025:01:06:42 +0100] "GET /ticket2/opencms/system/modules/com.gridnine.opencms.ticketbrokerage.site/resources/js/calendar-setup.js HTTP/1.1" 200 4923
202.8.40.245 - - [27/Feb/2025:01:06:42 +0100] "GET /ticket2/opencms/system/modules/com.gridnine.opencms.ticketbrokerage.site/resources/js/standard.js HTTP/1.1" 200 3983
202.8.40.245 - - [27/Feb/2025:01:06:42 +0100] "GET /ticket2/opencms/system/modules/com.gridnine.opencms.ticketbrokerage.site/resources/js/jquery.placeholder.min.js HTTP/1.1" 200 1737
202.8.40.245 - - [27/Feb/2025:01:06:42 +0100] "GET /ticket2/opencms/system/modules/com.gridnine.opencms.ticketbrokerage.site/resources/js/common-ajax.js HTTP/1.1" 200 20175
202.8.40.245 - - [27/Feb/2025:01:06:42 +0100] "GET /ticket2/opencms/ka/ask-form.html HTTP/1.1" 200 3156
202.8.40.245 - - [27/Feb/2025:01:06:42 +0100] "GET /ticket2/opencms/system/modules/com.gridnine.opencms.ticketbrokerage.site/resources/css/ticketbrokerage.css HTTP/1.1" 200 39339
159.138.102.159 - - [27/Feb/2025:01:06:43 +0100] "GET /ticket2/opencms/bs/buy?page=1&edid=BBF51855-649C-7AAC-A9CD-362F8BD9BD25 HTTP/1.1" 200 90299
62.216.205.186 - - [27/Feb/2025:01:06:43 +0100] "GET /ticket2/opencms/dk/buy/?page=1&edid=ED0B0AFE-E29E-359A-1516-7F5D86EFE840&sortorder=desc&column=section HTTP/1.1" 200 111462
94.16.116.158 - - [27/Feb/2025:01:06:44 +0100] "GET /ticket2/opencms/fr/sport/billets-football/bundesliga/freiburg HTTP/1.1" 200 100687
66.249.76.160 - - [27/Feb/2025:01:06:47 +0100] "GET /ticket2/opencms/mt/buy/?page=1&edid=A65992FA-C69F-7F2B-140A-AAB5DFE65FDB HTTP/1.1" 200 111469
62.216.205.186 - - [27/Feb/2025:01:06:47 +0100] "GET /ticket2/opencms/dk/buy/?page=1&edid=ED305914-B6BB-AB1C-137C-67B416FC2C70&sortorder=asc&column=price HTTP/1.1" 200 108118
62.216.205.186 - - [27/Feb/2025:01:06:51 +0100] "GET /ticket2/opencms/dk/buy/?page=1&edid=EDC6531C-1D87-59BE-8981-D6C9B8904194 HTTP/1.1" 200 110472
66.249.76.170 - - [27/Feb/2025:01:06:51 +0100] "GET /ticket2/opencms/en/sport/football-tickets/serie_a/bologna HTTP/1.1" 200 92967
66.249.68.1 - - [27/Feb/2025:01:06:53 +0100] "GET /ticket2/opencms/mt/buy?page=2&sodvid= HTTP/1.1" 200 112364
66.249.79.103 - - [27/Feb/2025:01:06:54 +0100] "GET /ticket2/opencms/set_aff_cookie.jsp?partner=5E0CDF29-E7BE-9F6B-6869-7BF66B04006F&url=%252Ffi%252Fbuy%252Findex.html%253Fpage%253D1%2526edid%253DD0922091-3F02-A1A0-C882-D45382E227D8%2526hlv%253D60f816e3-a938-4d05-969c-5b6e0a01000f%2523v_1189128652 HTTP/1.1" 200 247
85.208.96.210 - - [27/Feb/2025:01:06:55 +0100] "GET /ticket2/opencms/sk/magazine/article?title=pep-guardiolova-futbalova-revolucia-vplyv-taktickeho-majstra HTTP/1.1" 200 95274
62.216.205.186 - - [27/Feb/2025:01:06:55 +0100] "GET /ticket2/opencms/dk/buy/?page=1&edid=EDE40E3C-1BEA-97F4-2BA1-104758225B1E HTTP/1.1" 200 109820
188.239.34.163 - - [27/Feb/2025:01:06:55 +0100] "GET /ticket2/opencms/fr/buy/?page=1&edid=CF2C35CE-5AC3-0A68-0351-E449F3D5EA03 HTTP/1.1" 200 108344
54.36.149.73 - - [27/Feb/2025:01:06:56 +0100] "GET /ticket2/opencms/de/buy?page=1&edid=CCC5617F-257E-D2AC-C3EC-1D14BF51F54A HTTP/1.1" 200 89816
185.191.171.11 - - [27/Feb/2025:01:06:57 +0100] "GET /ticket2/opencms/sv/magazine/article?title=newcastle-upon-tyne HTTP/1.1" 200 92726
62.216.205.186 - - [27/Feb/2025:01:06:59 +0100] "GET /ticket2/opencms/dk/buy/?page=1&edid=F02C7F98-D962-4F16-67CC-B88BF13049A1&sortorder=asc&column=price HTTP/1.1" 200 107502
20.171.207.168 - - [27/Feb/2025:01:07:01 +0100] "GET /ticket2/opencms/set_aff_cookie.jsp?partner=2E02071B-A8C3-4CBA-3097-C27D61C02ED8&url=%252Fnl%252Fbuy%252Findex.html%253Fpage%253D1%2526edid%253D3365A2FF-D272-1DCA-3F68-9640C946FBC1%2526hlv%253D61151f6f-1fb0-454c-ab29-05ee0a01000f%2523v_1532639306 HTTP/1.1" 200 247
122.8.182.33 - - [27/Feb/2025:01:07:02 +0100] "GET /ticket2/opencms/tr/buy?page=1&edid=E1CACBEB-5FB5-F359-D95F-1110648BB53A HTTP/1.1" 200 112569
62.216.205.186 - - [27/Feb/2025:01:07:03 +0100] "GET /ticket2/opencms/dk/buy/?page=1&edid=F183060F-6A15-5007-8907-73C9E4E5CC0A HTTP/1.1" 200 110487
47.128.48.126 - - [27/Feb/2025:01:07:05 +0100] "GET /ticket2/opencms/es/buy?edid=5D7AF932-9046-B540-398E-21D39A8B4BC0 HTTP/1.1" 200 91446
54.36.148.128 - - [27/Feb/2025:01:07:07 +0100] "GET /ticket2/opencms/ka/buy?page=1&edid=5E608C7A-903B-E4BB-4868-5D83917347B8 HTTP/1.1" 200 118130
62.216.205.186 - - [27/Feb/2025:01:07:07 +0100] "GET /ticket2/opencms/dk/buy/?page=1&edid=F218326B-C4E9-349D-002A-260E15490CC6&sortorder=asc&column=price HTTP/1.1" 200 108023
66.249.76.170 - - [27/Feb/2025:01:07:08 +0100] "GET /ticket2/opencms/az/buy?page=1&edid=BA6A690A-3E4C-7B0E-F103-AC3CC3F63074&hlv=666dbbd8-50d4-4732-a808-4d620a01000f HTTP/1.1" 200 113181
202.8.40.225 - - [27/Feb/2025:01:07:08 +0100] "GET /ticket2/opencms/system/modules/com.gridnine.opencms.ticketbrokerage.site/resources/css/jquery.fancybox.css HTTP/1.1" 200 4939
202.8.40.225 - - [27/Feb/2025:01:07:08 +0100] "GET /ticket2/opencms/system/modules/com.gridnine.opencms.ticketbrokerage.site/resources/css/jquery-ui.css HTTP/1.1" 200 33221
202.8.40.225 - - [27/Feb/2025:01:07:08 +0100] "GET /ticket2/opencms/system/modules/com.gridnine.opencms.ticketbrokerage.site/resources/css/ticketbrokerage.css HTTP/1.1" 200 39339
202.8.40.225 - - [27/Feb/2025:01:07:08 +0100] "GET /ticket2/opencms/system/modules/com.gridnine.opencms.ticketbrokerage.site/resources/css/calendar.css HTTP/1.1" 200 6871
202.8.40.225 - - [27/Feb/2025:01:07:08 +0100] "GET /ticket2/opencms/system/modules/com.gridnine.opencms.ticketbrokerage.site/resources/css/standard.css HTTP/1.1" 200 74207
202.8.40.225 - - [27/Feb/2025:01:07:08 +0100] "GET /ticket2/opencms/system/modules/com.gridnine.opencms.ticketbrokerage.site/resources/js/functions.js HTTP/1.1" 200 1583
202.8.40.225 - - [27/Feb/2025:01:07:08 +0100] "GET /ticket2/opencms/system/modules/com.gridnine.opencms.ticketbrokerage.site/resources/js/calendar-en.js HTTP/1.1" 200 3338
202.8.40.225 - - [27/Feb/2025:01:07:08 +0100] "GET /ticket2/opencms/system/modules/com.gridnine.opencms.ticketbrokerage.site/resources/js/jquery/jquery.js HTTP/1.1" 200 93868
202.8.40.225 - - [27/Feb/2025:01:07:08 +0100] "GET /ticket2/opencms/system/modules/com.gridnine.opencms.ticketbrokerage.site/resources/js/jquery/jquery-ui.js HTTP/1.1" 200 228088
202.8.40.225 - - [27/Feb/2025:01:07:08 +0100] "GET /ticket2/opencms/system/modules/com.gridnine.opencms.ticketbrokerage.site/resources/js/calendar.js HTTP/1.1" 200 49229
202.8.40.225 - - [27/Feb/2025:01:07:08 +0100] "GET /ticket2/opencms/system/modules/com.gridnine.opencms.ticketbrokerage.site/resources/js/calendar-setup.js HTTP/1.1" 200 4923
202.8.40.225 - - [27/Feb/2025:01:07:08 +0100] "GET /ticket2/opencms/system/modules/com.gridnine.opencms.ticketbrokerage.site/resources/js/jquery.fancybox.pack.js HTTP/1.1" 200 23187
202.8.40.225 - - [27/Feb/2025:01:07:08 +0100] "GET /ticket2/opencms/system/modules/com.gridnine.opencms.ticketbrokerage.site/resources/js/stickyfill.min.js HTTP/1.1" 200 5672
202.8.40.225 - - [27/Feb/2025:01:07:08 +0100] "GET /ticket2/opencms/system/modules/com.gridnine.opencms.ticketbrokerage.site/resources/js/standard.js HTTP/1.1" 200 3983
202.8.40.225 - - [27/Feb/2025:01:07:09 +0100] "GET /ticket2/opencms/system/modules/com.gridnine.opencms.ticketbrokerage.site/resources/js/jquery.placeholder.min.js HTTP/1.1" 200 1737
202.8.40.225 - - [27/Feb/2025:01:07:09 +0100] "GET /ticket2/opencms/system/modules/com.gridnine.opencms.ticketbrokerage.site/resources/js/common-ajax.js HTTP/1.1" 200 20175
202.8.40.225 - - [27/Feb/2025:01:07:09 +0100] "GET /ticket2/opencms/ka/ask-form.html HTTP/1.1" 200 3156
202.8.40.225 - - [27/Feb/2025:01:07:09 +0100] "GET /ticket2/opencms/system/modules/com.gridnine.opencms.ticketbrokerage.site/resources/css/ticketbrokerage.css HTTP/1.1" 200 39339
62.216.205.186 - - [27/Feb/2025:01:07:11 +0100] "GET /ticket2/opencms/dk/buy/?page=1&edid=F218326B-C4E9-349D-002A-260E15490CC6&sortorder=asc&column=row HTTP/1.1" 200 107996
119.8.25.150 - - [27/Feb/2025:01:07:13 +0100] "GET /ticket2/opencms/bs/buy/?page=1&edid=C448ACCE-4E2F-44DD-92FC-D2C00A7DD0E5 HTTP/1.1" 200 110479
85.208.96.195 - - [27/Feb/2025:01:07:14 +0100] "GET /ticket2/opencms/sk/search.html HTTP/1.1" 200 97068
62.216.205.186 - - [27/Feb/2025:01:07:15 +0100] "GET /ticket2/opencms/dk/buy/?page=1&edid=F2F72A5D-AEDF-B085-FF89-F56AF347F607&sortorder=desc&column=price HTTP/1.1" 200 108237
54.36.148.84 - - [27/Feb/2025:01:07:18 +0100] "GET /ticket2/opencms/sk/buy?page=1&edid=3289C097-2261-9433-8644-DF033A9EE354 HTTP/1.1" 200 141337
62.216.205.186 - - [27/Feb/2025:01:07:19 +0100] "GET /ticket2/opencms/dk/buy/?page=1&edid=F32982F9-8DBA-9119-12C3-8C280A2BFA84&sortorder=asc&column=section HTTP/1.1" 200 110529
202.8.41.26 - - [27/Feb/2025:01:07:19 +0100] "GET /ticket2/opencms/system/modules/com.gridnine.opencms.ticketbrokerage.site/resources/css/ticketbrokerage.css HTTP/1.1" 200 39339
202.8.41.26 - - [27/Feb/2025:01:07:19 +0100] "GET /ticket2/opencms/system/modules/com.gridnine.opencms.ticketbrokerage.site/resources/css/calendar.css HTTP/1.1" 200 6871
202.8.41.26 - - [27/Feb/2025:01:07:19 +0100] "GET /ticket2/opencms/system/modules/com.gridnine.opencms.ticketbrokerage.site/resources/css/standard.css HTTP/1.1" 200 74207
202.8.41.26 - - [27/Feb/2025:01:07:19 +0100] "GET /ticket2/opencms/system/modules/com.gridnine.opencms.ticketbrokerage.site/resources/css/jquery-ui.css HTTP/1.1" 200 33221
202.8.41.26 - - [27/Feb/2025:01:07:19 +0100] "GET /ticket2/opencms/system/modules/com.gridnine.opencms.ticketbrokerage.site/resources/css/jquery.fancybox.css HTTP/1.1" 200 4939
202.8.41.26 - - [27/Feb/2025:01:07:19 +0100] "GET /ticket2/opencms/system/modules/com.gridnine.opencms.ticketbrokerage.site/resources/js/calendar-setup.js HTTP/1.1" 200 4923
202.8.41.26 - - [27/Feb/2025:01:07:19 +0100] "GET /ticket2/opencms/system/modules/com.gridnine.opencms.ticketbrokerage.site/resources/js/jquery.fancybox.pack.js HTTP/1.1" 200 23187
202.8.41.26 - - [27/Feb/2025:01:07:19 +0100] "GET /ticket2/opencms/system/modules/com.gridnine.opencms.ticketbrokerage.site/resources/js/stickyfill.min.js HTTP/1.1" 200 5672
202.8.41.26 - - [27/Feb/2025:01:07:19 +0100] "GET /ticket2/opencms/system/modules/com.gridnine.opencms.ticketbrokerage.site/resources/js/jquery/jquery.js HTTP/1.1" 200 93868
202.8.41.26 - - [27/Feb/2025:01:07:19 +0100] "GET /ticket2/opencms/system/modules/com.gridnine.opencms.ticketbrokerage.site/resources/js/jquery/jquery-ui.js HTTP/1.1" 200 228088
202.8.41.26 - - [27/Feb/2025:01:07:19 +0100] "GET /ticket2/opencms/system/modules/com.gridnine.opencms.ticketbrokerage.site/resources/js/functions.js HTTP/1.1" 200 1583
202.8.41.26 - - [27/Feb/2025:01:07:19 +0100] "GET /ticket2/opencms/system/modules/com.gridnine.opencms.ticketbrokerage.site/resources/js/calendar.js HTTP/1.1" 200 49229
202.8.41.26 - - [27/Feb/2025:01:07:20 +0100] "GET /ticket2/opencms/system/modules/com.gridnine.opencms.ticketbrokerage.site/resources/js/calendar-en.js HTTP/1.1" 200 3338
202.8.41.26 - - [27/Feb/2025:01:07:20 +0100] "GET /ticket2/opencms/system/modules/com.gridnine.opencms.ticketbrokerage.site/resources/js/standard.js HTTP/1.1" 200 3983
202.8.41.26 - - [27/Feb/2025:01:07:20 +0100] "GET /ticket2/opencms/system/modules/com.gridnine.opencms.ticketbrokerage.site/resources/js/jquery.placeholder.min.js HTTP/1.1" 200 1737
202.8.41.26 - - [27/Feb/2025:01:07:20 +0100] "GET /ticket2/opencms/system/modules/com.gridnine.opencms.ticketbrokerage.site/resources/js/common-ajax.js HTTP/1.1" 200 20175
202.8.41.26 - - [27/Feb/2025:01:07:20 +0100] "GET /ticket2/opencms/sk/ask-form.html HTTP/1.1" 200 3156
202.8.41.26 - - [27/Feb/2025:01:07:20 +0100] "GET /ticket2/opencms/system/modules/com.gridnine.opencms.ticketbrokerage.site/resources/css/ticketbrokerage.css HTTP/1.1" 200 39339
166.108.194.105 - - [27/Feb/2025:01:07:22 +0100] "GET /ticket2/opencms/fr/buy?page=1&edid=A620D022-5219-9DCB-7997-7E9BB198AD86 HTTP/1.1" 200 111588
62.216.205.186 - - [27/Feb/2025:01:07:23 +0100] "GET /ticket2/opencms/dk/buy/?page=1&edid=F32982F9-8DBA-9119-12C3-8C280A2BFA84&sortorder=desc&column=section HTTP/1.1" 200 110590
62.216.205.186 - - [27/Feb/2025:01:07:27 +0100] "GET /ticket2/opencms/dk/buy/?page=1&edid=F503AB1D-5285-4EFD-342F-0CC2D9705E49&sortorder=desc&column=price HTTP/1.1" 200 111158
72.14.199.41 - - [27/Feb/2025:01:07:28 +0100] "GET /ticket2/opencms/system/modules/com.gridnine.opencms.ticketbrokerage.site/resources/js/functions.js HTTP/1.1" 200 1583
74.125.150.36 - - [27/Feb/2025:01:07:28 +0100] "GET /ticket2/opencms/system/modules/com.gridnine.opencms.ticketbrokerage.site/resources/js/calendar-en.js HTTP/1.1" 200 3338
54.36.149.85 - - [27/Feb/2025:01:07:29 +0100] "GET /ticket2/opencms/bs/buy?page=1&edid=FCEB71A3-C27D-C49F-469F-2CB5939452EE HTTP/1.1" 200 133725
114.119.150.86 - - [27/Feb/2025:01:07:30 +0100] "GET /ticket2/opencms/de/buy?page=1&edid=1C6DA568-ABB1-19DD-6002-053E60181C9F HTTP/1.1" 200 111601
202.8.42.107 - - [27/Feb/2025:01:07:30 +0100] "GET /ticket2/opencms/system/modules/com.gridnine.opencms.ticketbrokerage.site/resources/css/jquery-ui.css HTTP/1.1" 200 33221
202.8.42.107 - - [27/Feb/2025:01:07:30 +0100] "GET /ticket2/opencms/system/modules/com.gridnine.opencms.ticketbrokerage.site/resources/css/ticketbrokerage.css HTTP/1.1" 200 39339
202.8.42.107 - - [27/Feb/2025:01:07:30 +0100] "GET /ticket2/opencms/system/modules/com.gridnine.opencms.ticketbrokerage.site/resources/css/calendar.css HTTP/1.1" 200 6871
202.8.42.107 - - [27/Feb/2025:01:07:30 +0100] "GET /ticket2/opencms/system/modules/com.gridnine.opencms.ticketbrokerage.site/resources/css/standard.css HTTP/1.1" 200 74207
202.8.42.107 - - [27/Feb/2025:01:07:30 +0100] "GET /ticket2/opencms/system/modules/com.gridnine.opencms.ticketbrokerage.site/resources/css/jquery.fancybox.css HTTP/1.1" 200 4939
202.8.42.107 - - [27/Feb/2025:01:07:30 +0100] "GET /ticket2/opencms/system/modules/com.gridnine.opencms.ticketbrokerage.site/resources/js/jquery/jquery.js HTTP/1.1" 200 93868
72.14.199.42 - - [27/Feb/2025:01:07:30 +0100] "GET /ticket2/opencms/system/modules/com.gridnine.opencms.ticketbrokerage.site/resources/js/calendar-setup.js HTTP/1.1" 200 4923
202.8.42.107 - - [27/Feb/2025:01:07:30 +0100] "GET /ticket2/opencms/system/modules/com.gridnine.opencms.ticketbrokerage.site/resources/js/functions.js HTTP/1.1" 200 1583
202.8.42.107 - - [27/Feb/2025:01:07:30 +0100] "GET /ticket2/opencms/system/modules/com.gridnine.opencms.ticketbrokerage.site/resources/js/jquery/jquery-ui.js HTTP/1.1" 200 228088
202.8.42.107 - - [27/Feb/2025:01:07:30 +0100] "GET /ticket2/opencms/system/modules/com.gridnine.opencms.ticketbrokerage.site/resources/js/calendar.js HTTP/1.1" 200 49229
202.8.42.107 - - [27/Feb/2025:01:07:30 +0100] "GET /ticket2/opencms/system/modules/com.gridnine.opencms.ticketbrokerage.site/resources/js/calendar-en.js HTTP/1.1" 200 3338
202.8.42.107 - - [27/Feb/2025:01:07:30 +0100] "GET /ticket2/opencms/system/modules/com.gridnine.opencms.ticketbrokerage.site/resources/js/calendar-setup.js HTTP/1.1" 200 4923
202.8.42.107 - - [27/Feb/2025:01:07:30 +0100] "GET /ticket2/opencms/system/modules/com.gridnine.opencms.ticketbrokerage.site/resources/js/jquery.fancybox.pack.js HTTP/1.1" 200 23187
202.8.42.107 - - [27/Feb/2025:01:07:30 +0100] "GET /ticket2/opencms/system/modules/com.gridnine.opencms.ticketbrokerage.site/resources/js/stickyfill.min.js HTTP/1.1" 200 5672
202.8.42.107 - - [27/Feb/2025:01:07:30 +0100] "GET /ticket2/opencms/system/modules/com.gridnine.opencms.ticketbrokerage.site/resources/js/standard.js HTTP/1.1" 200 3983
202.8.42.107 - - [27/Feb/2025:01:07:30 +0100] "GET /ticket2/opencms/system/modules/com.gridnine.opencms.ticketbrokerage.site/resources/js/jquery.placeholder.min.js HTTP/1.1" 200 1737
202.8.42.107 - - [27/Feb/2025:01:07:30 +0100] "GET /ticket2/opencms/system/modules/com.gridnine.opencms.ticketbrokerage.site/resources/js/common-ajax.js HTTP/1.1" 200 20175
202.8.42.107 - - [27/Feb/2025:01:07:30 +0100] "GET /ticket2/opencms/bs/ask-form.html HTTP/1.1" 200 3156
202.8.42.107 - - [27/Feb/2025:01:07:30 +0100] "GET /ticket2/opencms/system/modules/com.gridnine.opencms.ticketbrokerage.site/resources/css/ticketbrokerage.css HTTP/1.1" 200 39339
72.14.199.162 - - [27/Feb/2025:01:07:31 +0100] "GET /ticket2/opencms/img/icons/en.png HTTP/1.1" 200 2415
190.92.244.194 - - [27/Feb/2025:01:07:31 +0100] "GET /ticket2/opencms/de/buy?page=1&edid=E6BF5AD1-BE0F-B988-8995-E2E5D8BDCA2A HTTP/1.1" 200 111758
62.216.205.186 - - [27/Feb/2025:01:07:31 +0100] "GET /ticket2/opencms/dk/buy/?page=1&edid=F97C1826-5392-3CE0-1ADA-E9A2A8C4A192&sortorder=asc&column=price HTTP/1.1" 200 110868
74.125.150.35 - - [27/Feb/2025:01:07:31 +0100] "GET /ticket2/opencms/system/modules/com.gridnine.opencms.ticketbrokerage.site/resources/css/jquery-ui.css HTTP/1.1" 200 33221
66.249.68.36 - - [27/Feb/2025:01:07:33 +0100] "GET /ticket2/opencms/el/buy/?page=1&edid=AADDCD78-DE28-F8AE-4D11-4F1E8CBEB1E9 HTTP/1.1" 200 116441
72.14.199.9 - - [27/Feb/2025:01:07:34 +0100] "GET /ticket2/opencms/system/modules/com.gridnine.opencms.ticketbrokerage.site/resources/css/standard.css HTTP/1.1" 200 74207
62.216.205.186 - - [27/Feb/2025:01:07:35 +0100] "GET /ticket2/opencms/dk/login/?edid=1B4751CF-7EC8-0480-D476-44B919D20500 HTTP/1.1" 200 90634
72.14.199.8 - - [27/Feb/2025:01:07:36 +0100] "GET /ticket2/opencms/system/modules/com.gridnine.opencms.ticketbrokerage.site/resources/js/jquery.fancybox.pack.js HTTP/1.1" 200 23187
72.14.199.41 - - [27/Feb/2025:01:07:37 +0100] "GET /ticket2/opencms/system/modules/com.gridnine.opencms.ticketbrokerage.site/resources/css/calendar.css HTTP/1.1" 200 6871
72.14.199.8 - - [27/Feb/2025:01:07:37 +0100] "GET /ticket2/opencms/system/modules/com.gridnine.opencms.ticketbrokerage.site/resources/js/calendar.js HTTP/1.1" 200 49229
72.14.199.199 - - [27/Feb/2025:01:07:39 +0100] "GET /ticket2/opencms/system/modules/com.gridnine.opencms.ticketbrokerage.site/resources/css/jquery.fancybox.css HTTP/1.1" 200 4939
72.14.199.41 - - [27/Feb/2025:01:07:39 +0100] "GET /ticket2/opencms/system/modules/com.gridnine.opencms.ticketbrokerage.site/resources/css/ticketbrokerage.css HTTP/1.1" 200 39339
62.216.205.186 - - [27/Feb/2025:01:07:39 +0100] "GET /ticket2/opencms/dk/login/?edid=28EEA809-83B7-F20D-974C-7AF203EF7720 HTTP/1.1" 200 90658
74.125.150.67 - - [27/Feb/2025:01:07:40 +0100] "GET /ticket2/opencms/system/modules/com.gridnine.opencms.ticketbrokerage.site/resources/js/jquery/jquery-ui.js HTTP/1.1" 200 228088
54.36.148.132 - - [27/Feb/2025:01:07:40 +0100] "GET /ticket2/opencms/cs/buy?page=1&edid=11EFBC55-130A-2310-B776-C5D86878BDAB HTTP/1.1" 200 111582
190.92.214.171 - - [27/Feb/2025:01:07:41 +0100] "GET /ticket2/opencms/bs/buy?page=1&edid=7BAEEA3D-18C2-CB24-B052-7EDDE423375B HTTP/1.1" 200 111562
72.14.199.161 - - [27/Feb/2025:01:07:41 +0100] "GET /ticket2/opencms/system/modules/com.gridnine.opencms.ticketbrokerage.site/resources/js/stickyfill.min.js HTTP/1.1" 200 5672
74.125.150.4 - - [27/Feb/2025:01:07:43 +0100] "GET /ticket2/opencms/system/modules/com.gridnine.opencms.ticketbrokerage.site/resources/js/jquery/jquery.js HTTP/1.1" 200 93868
72.14.199.161 - - [27/Feb/2025:01:07:43 +0100] "GET /ticket2/opencms/system/modules/com.gridnine.opencms.ticketbrokerage.site/resources/js/standard.js HTTP/1.1" 200 3983
62.216.205.186 - - [27/Feb/2025:01:07:43 +0100] "GET /ticket2/opencms/dk/login/?edid=5D6BAFEE-C7E8-3FFE-C335-869AB5ECAAC9 HTTP/1.1" 200 90670
20.171.207.168 - - [27/Feb/2025:01:07:44 +0100] "GET /ticket2/opencms/set_aff_cookie.jsp?partner=5E0CDF29-E7BE-9F6B-6869-7BF66B04006F&url=%252Fsv%252Fbuy%252Findex.html%253Fpage%253D1%2526edid%253D1A8318F4-54FD-CF28-6FE4-70A4EF1323B0%2526hlv%253D610a55e9-fc58-48a9-87ed-083c0a01000f%2523v_2003197826 HTTP/1.1" 200 247
74.125.150.35 - - [27/Feb/2025:01:07:45 +0100] "GET /ticket2/opencms/system/modules/com.gridnine.opencms.ticketbrokerage.site/resources/js/jquery.placeholder.min.js HTTP/1.1" 200 1737
74.125.150.4 - - [27/Feb/2025:01:07:45 +0100] "GET /ticket2/opencms/system/modules/com.gridnine.opencms.ticketbrokerage.site/resources/js/common-ajax.js HTTP/1.1" 200 20175
66.249.79.32 - - [27/Feb/2025:01:07:47 +0100] "GET /ticket2/opencms/bs/magazine/article?title=neymar-se-vraca-kuci HTTP/1.1" 200 92232
62.216.205.186 - - [27/Feb/2025:01:07:47 +0100] "GET /ticket2/opencms/dk/login/?edid=716A6FB5-7B3E-71F6-C180-A55BAFEF55F2 HTTP/1.1" 200 90613
62.216.205.186 - - [27/Feb/2025:01:07:51 +0100] "GET /ticket2/opencms/dk/login/?edid=79FF727E-612E-3C04-A008-7FA1968B75C1 HTTP/1.1" 200 90659
66.249.79.33 - - [27/Feb/2025:01:07:52 +0100] "GET /ticket2/opencms/set_aff_cookie.jsp?partner=6F250EA7-4505-FA01-D601-8847F2573405&url=%252Fdk%252Fbuy%252Findex.html%253Fpage%253D1%2526edid%253D2C4B6786-0F6F-C1FA-478C-3E015D58BCA8%2526hlv%253D615c4665-af2c-4ff1-b3b7-25e30a01000f%2523v_1226236508 HTTP/1.1" 200 247
159.138.45.52 - - [27/Feb/2025:01:07:53 +0100] "GET /ticket2/opencms/fr/buy/?page=1&edid=DD4ED7B0-6874-818C-31D5-2601C6F792DC HTTP/1.1" 200 108329
44.211.29.236 - - [27/Feb/2025:01:07:54 +0100] "GET /ticket2/opencms/ HTTP/1.1" 302 -
185.191.171.12 - - [27/Feb/2025:01:07:54 +0100] "GET /ticket2/opencms/ro/about/contact HTTP/1.1" 200 86577
62.216.205.186 - - [27/Feb/2025:01:07:56 +0100] "GET /ticket2/opencms/dk/login/?edid=866FFC50-DF27-5378-DBAB-F17893C3BF22 HTTP/1.1" 200 90599
44.211.29.236 - - [27/Feb/2025:01:07:56 +0100] "GET /ticket2/opencms/en/ HTTP/1.1" 200 104632
47.128.25.119 - - [27/Feb/2025:01:07:56 +0100] "GET /ticket2/opencms/mo/buy/?edid=2FB70CE5-901D-FB66-7FC4-208504D406B6 HTTP/1.1" 200 91687
69.176.90.219 - - [27/Feb/2025:01:07:58 +0100] "GET /ticket2/opencms/es/about/contact HTTP/1.1" 200 89473
62.216.205.186 - - [27/Feb/2025:01:07:59 +0100] "GET /ticket2/opencms/dk/login/?edid=C630CF35-39EC-EFC7-7C54-82A5FE6604FA HTTP/1.1" 200 90573
85.208.96.196 - - [27/Feb/2025:01:08:00 +0100] "GET /ticket2/opencms/fi/urheilu/jalkapallo/la-liga/real_betis/ HTTP/1.1" 200 92820
54.36.149.85 - - [27/Feb/2025:01:08:00 +0100] "GET /ticket2/opencms/sv/magazine/article?title=villa-park-med-en-kapacitet-pa-over-42000-askadare HTTP/1.1" 200 92310
202.8.40.108 - - [27/Feb/2025:01:08:01 +0100] "GET /ticket2/opencms/system/modules/com.gridnine.opencms.ticketbrokerage.site/resources/css/ticketbrokerage.css HTTP/1.1" 200 39339
202.8.40.108 - - [27/Feb/2025:01:08:01 +0100] "GET /ticket2/opencms/system/modules/com.gridnine.opencms.ticketbrokerage.site/resources/css/calendar.css HTTP/1.1" 200 6871
202.8.40.108 - - [27/Feb/2025:01:08:01 +0100] "GET /ticket2/opencms/system/modules/com.gridnine.opencms.ticketbrokerage.site/resources/css/jquery-ui.css HTTP/1.1" 200 33221
202.8.40.108 - - [27/Feb/2025:01:08:01 +0100] "GET /ticket2/opencms/system/modules/com.gridnine.opencms.ticketbrokerage.site/resources/css/standard.css HTTP/1.1" 200 74207
202.8.40.108 - - [27/Feb/2025:01:08:01 +0100] "GET /ticket2/opencms/system/modules/com.gridnine.opencms.ticketbrokerage.site/resources/css/jquery.fancybox.css HTTP/1.1" 200 4939
202.8.40.108 - - [27/Feb/2025:01:08:01 +0100] "GET /ticket2/opencms/system/modules/com.gridnine.opencms.ticketbrokerage.site/resources/js/jquery/jquery.js HTTP/1.1" 200 93868
202.8.40.108 - - [27/Feb/2025:01:08:02 +0100] "GET /ticket2/opencms/system/modules/com.gridnine.opencms.ticketbrokerage.site/resources/js/jquery/jquery-ui.js HTTP/1.1" 200 228088
202.8.40.108 - - [27/Feb/2025:01:08:02 +0100] "GET /ticket2/opencms/system/modules/com.gridnine.opencms.ticketbrokerage.site/resources/js/functions.js HTTP/1.1" 200 1583
202.8.40.108 - - [27/Feb/2025:01:08:02 +0100] "GET /ticket2/opencms/system/modules/com.gridnine.opencms.ticketbrokerage.site/resources/js/calendar.js HTTP/1.1" 200 49229
202.8.40.108 - - [27/Feb/2025:01:08:02 +0100] "GET /ticket2/opencms/system/modules/com.gridnine.opencms.ticketbrokerage.site/resources/js/calendar-setup.js HTTP/1.1" 200 4923
202.8.40.108 - - [27/Feb/2025:01:08:02 +0100] "GET /ticket2/opencms/system/modules/com.gridnine.opencms.ticketbrokerage.site/resources/js/calendar-en.js HTTP/1.1" 200 3338
202.8.40.108 - - [27/Feb/2025:01:08:02 +0100] "GET /ticket2/opencms/system/modules/com.gridnine.opencms.ticketbrokerage.site/resources/js/jquery.fancybox.pack.js HTTP/1.1" 200 23187
202.8.40.108 - - [27/Feb/2025:01:08:02 +0100] "GET /ticket2/opencms/system/modules/com.gridnine.opencms.ticketbrokerage.site/resources/js/standard.js HTTP/1.1" 200 3983
202.8.40.108 - - [27/Feb/2025:01:08:02 +0100] "GET /ticket2/opencms/system/modules/com.gridnine.opencms.ticketbrokerage.site/resources/js/stickyfill.min.js HTTP/1.1" 200 5672
202.8.40.108 - - [27/Feb/2025:01:08:02 +0100] "GET /ticket2/opencms/system/modules/com.gridnine.opencms.ticketbrokerage.site/resources/js/jquery.placeholder.min.js HTTP/1.1" 200 1737
202.8.40.108 - - [27/Feb/2025:01:08:02 +0100] "GET /ticket2/opencms/system/modules/com.gridnine.opencms.ticketbrokerage.site/resources/js/common-ajax.js HTTP/1.1" 200 20175
110.238.110.66 - - [27/Feb/2025:01:08:03 +0100] "GET /ticket2/opencms/fr/buy/?page=1&edid=8E10E53D-20CB-D950-05F1-34EA3BA03F55 HTTP/1.1" 200 108421
62.216.205.186 - - [27/Feb/2025:01:08:04 +0100] "GET /ticket2/opencms/dk/login/?edid=D250BB44-89FC-9315-0681-3F90558EF5A5 HTTP/1.1" 200 90729
114.119.148.14 - - [27/Feb/2025:01:08:07 +0100] "GET /ticket2/opencms/es/buy/?page=1&edid=A587FC63-4A93-6097-3B29-C1C51786267C HTTP/1.1" 200 117969
85.208.96.201 - - [27/Feb/2025:01:08:07 +0100] "GET /ticket2/opencms/lv/magazine/article?title=luton HTTP/1.1" 200 92202
54.36.149.3 - - [27/Feb/2025:01:08:07 +0100] "GET /ticket2/opencms/it/buy?page=1&edid=03ACD253-26FD-D5DA-1042-959F5F219816 HTTP/1.1" 200 111599
62.216.205.186 - - [27/Feb/2025:01:08:08 +0100] "GET /ticket2/opencms/dk/login/?edid=1EF4E706-5097-0A86-8C15-17846FC7046D HTTP/1.1" 200 90592
20.171.207.168 - - [27/Feb/2025:01:08:11 +0100] "GET /ticket2/opencms/set_aff_cookie.jsp?partner=2E02071B-A8C3-4CBA-3097-C27D61C02ED8&url=%252Fnl%252Fbuy%252Findex.html%253Fpage%253D1%2526edid%253D6F379414-70C4-400F-51D2-AFD37C8F2BC7%2526hlv%253D666d6ed0-eeb4-4280-ba26-0c140a01000f%2523v_1940729528 HTTP/1.1" 200 247
166.108.204.124 - - [27/Feb/2025:01:08:12 +0100] "GET /ticket2/opencms/bs/buy?page=1&edid=78389174-E892-6AC2-A01D-F4A0A4AFE0D2 HTTP/1.1" 200 108446
62.216.205.186 - - [27/Feb/2025:01:08:13 +0100] "GET /ticket2/opencms/dk/login/?edid=31FC80C3-F408-0E0C-5F3A-C941F4BFE838 HTTP/1.1" 200 90615
62.216.205.186 - - [27/Feb/2025:01:08:15 +0100] "GET /ticket2/opencms/dk/sell/?edid=11D46144-F349-CB22-9CEE-1A3F6393757D HTTP/1.1" 302 -
185.191.171.3 - - [27/Feb/2025:01:08:15 +0100] "GET /ticket2/opencms/no/buying_tickets/ HTTP/1.1" 200 90820
47.128.49.202 - - [27/Feb/2025:01:08:15 +0100] "GET /ticket2/opencms/nl/sport/voetbal-tickets/bundesliga/frankfurt/ HTTP/1.1" 200 97222
85.208.96.207 - - [27/Feb/2025:01:08:18 +0100] "GET /ticket2/opencms/sl/magazine/article?title=slovenski-talent-lucas-bergvall-pripravljen-za-tottenham-hotspur HTTP/1.1" 200 95611
62.216.205.186 - - [27/Feb/2025:01:08:19 +0100] "GET /ticket2/opencms/dk/login/?edid=11D46144-F349-CB22-9CEE-1A3F6393757D HTTP/1.1" 200 90646
114.119.150.86 - - [27/Feb/2025:01:08:20 +0100] "GET /ticket2/opencms/no/buy?page=1&edid=56E5054E-5548-B4B2-3B06-69861919F409 HTTP/1.1" 200 111611
54.36.149.76 - - [27/Feb/2025:01:08:20 +0100] "GET /ticket2/opencms/uk/buy?page=1&edid=CCC5617F-257E-D2AC-C3EC-1D14BF51F54A HTTP/1.1" 200 91052
62.216.205.186 - - [27/Feb/2025:01:08:21 +0100] "GET /ticket2/opencms/dk/sell/?edid=149E4898-886E-801A-DF9C-A6639D44D86F HTTP/1.1" 302 -
49.0.205.13 - - [27/Feb/2025:01:08:22 +0100] "GET /ticket2/opencms/bs/buy?page=1&edid=2D2A6F4D-211F-8E0A-3D6E-1E0E85606D0F HTTP/1.1" 200 111184
66.249.76.161 - - [27/Feb/2025:01:08:23 +0100] "GET /ticket2/opencms/set_aff_cookie.jsp?partner=5E0CDF29-E7BE-9F6B-6869-7BF66B04006F&url=%252Fdk%252Fbuy%252Findex.html%253Fpage%253D1%2526edid%253DDC4F64BB-84C6-452C-2BFD-138DC45E79DD%2526hlv%253D666de068-f6d8-47a2-a4f9-6d8a0a01000f%2523v_1569116956 HTTP/1.1" 200 247
47.128.120.107 - - [27/Feb/2025:01:08:25 +0100] "GET /ticket2/opencms/fi/venue/?venueid=99F8FC28-ADC0-8A59-A6AB-B3C3E1D36A77 HTTP/1.1" 200 86805
62.216.205.186 - - [27/Feb/2025:01:08:25 +0100] "GET /ticket2/opencms/dk/login/?edid=149E4898-886E-801A-DF9C-A6639D44D86F HTTP/1.1" 200 90646
47.128.42.133 - - [27/Feb/2025:01:08:26 +0100] "GET /ticket2/opencms/be/buy/?edid=533C9666-8CEC-6A87-EB2B-BCF155BFF94A HTTP/1.1" 200 92594
62.216.205.186 - - [27/Feb/2025:01:08:27 +0100] "GET /ticket2/opencms/dk/sell/?edid=1641B98B-A297-1D9C-65B8-EC5F1450DCFE HTTP/1.1" 302 -
216.244.66.238 - - [27/Feb/2025:01:08:28 +0100] "GET /ticket2/opencms/es/deporte/entradas-futbol/premier-league/wolverhampton HTTP/1.1" 200 101391
66.249.76.160 - - [27/Feb/2025:01:08:28 +0100] "GET /ticket2/opencms/ga/buy/?page=6&comcatid=A17713B6-D984-201A-4143-ED4DB5ED5C2E&catid=7EF04817-972D-18B1-F941-DE800D088075&eventid=60DD1888-A212-4A9C-E256-57FE4F2AC5DC HTTP/1.1" 200 106542
54.36.148.231 - - [27/Feb/2025:01:08:30 +0100] "GET /ticket2/opencms/lt/buy?page=1&edid=FEE25E36-04D3-46C8-6D56-05013D91539C HTTP/1.1" 200 108705
62.216.205.186 - - [27/Feb/2025:01:08:30 +0100] "GET /ticket2/opencms/dk/login/?edid=1641B98B-A297-1D9C-65B8-EC5F1450DCFE HTTP/1.1" 200 90631
202.8.42.179 - - [27/Feb/2025:01:08:31 +0100] "GET /ticket2/opencms/system/modules/com.gridnine.opencms.ticketbrokerage.site/resources/css/jquery.fancybox.css HTTP/1.1" 200 4939
202.8.42.179 - - [27/Feb/2025:01:08:31 +0100] "GET /ticket2/opencms/system/modules/com.gridnine.opencms.ticketbrokerage.site/resources/css/ticketbrokerage.css HTTP/1.1" 200 39339
202.8.42.179 - - [27/Feb/2025:01:08:31 +0100] "GET /ticket2/opencms/system/modules/com.gridnine.opencms.ticketbrokerage.site/resources/css/jquery-ui.css HTTP/1.1" 200 33221
202.8.42.179 - - [27/Feb/2025:01:08:31 +0100] "GET /ticket2/opencms/system/modules/com.gridnine.opencms.ticketbrokerage.site/resources/css/standard.css HTTP/1.1" 200 74207
202.8.42.179 - - [27/Feb/2025:01:08:31 +0100] "GET /ticket2/opencms/system/modules/com.gridnine.opencms.ticketbrokerage.site/resources/css/calendar.css HTTP/1.1" 200 6871
202.8.42.179 - - [27/Feb/2025:01:08:31 +0100] "GET /ticket2/opencms/system/modules/com.gridnine.opencms.ticketbrokerage.site/resources/js/jquery/jquery.js HTTP/1.1" 200 93868
202.8.42.179 - - [27/Feb/2025:01:08:31 +0100] "GET /ticket2/opencms/system/modules/com.gridnine.opencms.ticketbrokerage.site/resources/js/jquery/jquery-ui.js HTTP/1.1" 200 228088
202.8.42.179 - - [27/Feb/2025:01:08:31 +0100] "GET /ticket2/opencms/system/modules/com.gridnine.opencms.ticketbrokerage.site/resources/js/functions.js HTTP/1.1" 200 1583
202.8.42.179 - - [27/Feb/2025:01:08:31 +0100] "GET /ticket2/opencms/system/modules/com.gridnine.opencms.ticketbrokerage.site/resources/js/calendar-en.js HTTP/1.1" 200 3338
202.8.42.179 - - [27/Feb/2025:01:08:31 +0100] "GET /ticket2/opencms/system/modules/com.gridnine.opencms.ticketbrokerage.site/resources/js/calendar.js HTTP/1.1" 200 49229
202.8.42.179 - - [27/Feb/2025:01:08:31 +0100] "GET /ticket2/opencms/system/modules/com.gridnine.opencms.ticketbrokerage.site/resources/js/calendar-setup.js HTTP/1.1" 200 4923
202.8.42.179 - - [27/Feb/2025:01:08:31 +0100] "GET /ticket2/opencms/system/modules/com.gridnine.opencms.ticketbrokerage.site/resources/js/jquery.fancybox.pack.js HTTP/1.1" 200 23187
202.8.42.179 - - [27/Feb/2025:01:08:31 +0100] "GET /ticket2/opencms/system/modules/com.gridnine.opencms.ticketbrokerage.site/resources/js/stickyfill.min.js HTTP/1.1" 200 5672
202.8.42.179 - - [27/Feb/2025:01:08:31 +0100] "GET /ticket2/opencms/system/modules/com.gridnine.opencms.ticketbrokerage.site/resources/js/standard.js HTTP/1.1" 200 3983
202.8.42.179 - - [27/Feb/2025:01:08:31 +0100] "GET /ticket2/opencms/system/modules/com.gridnine.opencms.ticketbrokerage.site/resources/js/jquery.placeholder.min.js HTTP/1.1" 200 1737
202.8.42.179 - - [27/Feb/2025:01:08:31 +0100] "GET /ticket2/opencms/system/modules/com.gridnine.opencms.ticketbrokerage.site/resources/js/common-ajax.js HTTP/1.1" 200 20175
202.8.42.179 - - [27/Feb/2025:01:08:31 +0100] "GET /ticket2/opencms/lt/ask-form.html HTTP/1.1" 200 3156
202.8.42.179 - - [27/Feb/2025:01:08:31 +0100] "GET /ticket2/opencms/system/modules/com.gridnine.opencms.ticketbrokerage.site/resources/css/ticketbrokerage.css HTTP/1.1" 200 39339
54.36.148.54 - - [27/Feb/2025:01:08:32 +0100] "GET /ticket2/opencms/en/venue/?countryid=B54C3B27-273E-C131-E997-905F5C2CDDC3 HTTP/1.1" 200 114697
62.216.205.186 - - [27/Feb/2025:01:08:32 +0100] "GET /ticket2/opencms/dk/sell/?edid=1B4751CF-7EC8-0480-D476-44B919D20500 HTTP/1.1" 302 -
154.54.249.216 - - [27/Feb/2025:01:08:33 +0100] "GET /ticket2/opencms/no/buy?comcatid=0A6B8208-FDA4-E929-9D72-5312FD481B76 HTTP/1.1" 200 105801
66.249.76.170 - - [27/Feb/2025:01:08:34 +0100] "GET /ticket2/opencms/set_aff_cookie.jsp?partner=6F250EA7-4505-FA01-D601-8847F2573405&url=%252Fdk%252Fbuy%252Findex.html%253Fpage%253D1%2526edid%253DDB8E6B8B-D5E6-2798-B4FA-A83F6B0F61B9%2526hlv%253D615c4868-9334-433d-b740-26db0a01000f%2523v_1479828611 HTTP/1.1" 200 247
111.119.216.83 - - [27/Feb/2025:01:08:34 +0100] "GET /ticket2/opencms/cs/buy/?page=1&edid=C5E6BD6B-6997-F99C-5497-F6687FA84598 HTTP/1.1" 200 108643
62.216.205.186 - - [27/Feb/2025:01:08:37 +0100] "GET /ticket2/opencms/dk/login/?edid=1B4751CF-7EC8-0480-D476-44B919D20500 HTTP/1.1" 200 90534
66.249.76.42 - - [27/Feb/2025:01:08:38 +0100] "GET /ticket2/opencms/it/sell/ HTTP/1.1" 302 -
62.216.205.186 - - [27/Feb/2025:01:08:39 +0100] "GET /ticket2/opencms/dk/sell/?edid=1BF80C33-B195-62CF-DC0D-7E03BCB8BD2C HTTP/1.1" 302 -
114.119.130.61 - - [27/Feb/2025:01:08:39 +0100] "GET /ticket2/opencms/en/sell/?edid=02D14F2A-B5DB-D9FE-94AA-3042D8CC378C HTTP/1.1" 302 -
85.208.96.195 - - [27/Feb/2025:01:08:40 +0100] "GET /ticket2/opencms/robots.txt HTTP/1.1" 200 773
85.208.96.195 - - [27/Feb/2025:01:08:41 +0100] "GET /ticket2/opencms/de/sport/fussball-tickets/la_liga/almeria/ HTTP/1.1" 200 91264
66.249.68.5 - - [27/Feb/2025:01:08:41 +0100] "GET /ticket2/opencms/it/login/?url=/it/sell/ HTTP/1.1" 200 91729
190.92.210.26 - - [27/Feb/2025:01:08:43 +0100] "GET /ticket2/opencms/de/buy?page=1&edid=B10F38F7-87F0-E53A-A47F-6CB91094C01A HTTP/1.1" 200 108342
62.216.205.186 - - [27/Feb/2025:01:08:43 +0100] "GET /ticket2/opencms/dk/login/?edid=1BF80C33-B195-62CF-DC0D-7E03BCB8BD2C HTTP/1.1" 200 90647
66.249.68.4 - - [27/Feb/2025:01:08:44 +0100] "GET /ticket2/opencms/it/buy/?page=1&edid=9CB422E7-7809-8163-0C70-A6355650353B HTTP/1.1" 200 108439
54.36.148.65 - - [27/Feb/2025:01:08:44 +0100] "GET /ticket2/opencms/dk/buy?page=1&edid=FEE25E36-04D3-46C8-6D56-05013D91539C HTTP/1.1" 200 107266
62.216.205.186 - - [27/Feb/2025:01:08:45 +0100] "GET /ticket2/opencms/dk/sell/?edid=1E4491F9-AF0C-74BE-85D7-1954F8C349B8 HTTP/1.1" 302 -
66.249.76.170 - - [27/Feb/2025:01:08:45 +0100] "GET /ticket2/opencms/set_aff_cookie.jsp?partner=5E0CDF29-E7BE-9F6B-6869-7BF66B04006F&url=%252Fdk%252Fbuy%252Findex.html%253Fpage%253D1%2526edid%253D8551F24F-7E36-E365-707B-96D4F958640A%2526hlv%253D66b39a53-8094-40e8-9b9a-0ed00a01000f%2523v_499650197 HTTP/1.1" 200 246
202.8.40.4 - - [27/Feb/2025:01:08:45 +0100] "GET /ticket2/opencms/system/modules/com.gridnine.opencms.ticketbrokerage.site/resources/css/jquery-ui.css HTTP/1.1" 200 33221
202.8.40.4 - - [27/Feb/2025:01:08:45 +0100] "GET /ticket2/opencms/system/modules/com.gridnine.opencms.ticketbrokerage.site/resources/css/calendar.css HTTP/1.1" 200 6871
202.8.40.4 - - [27/Feb/2025:01:08:45 +0100] "GET /ticket2/opencms/system/modules/com.gridnine.opencms.ticketbrokerage.site/resources/css/ticketbrokerage.css HTTP/1.1" 200 39339
202.8.40.4 - - [27/Feb/2025:01:08:45 +0100] "GET /ticket2/opencms/system/modules/com.gridnine.opencms.ticketbrokerage.site/resources/css/jquery.fancybox.css HTTP/1.1" 200 4939
202.8.40.4 - - [27/Feb/2025:01:08:45 +0100] "GET /ticket2/opencms/system/modules/com.gridnine.opencms.ticketbrokerage.site/resources/css/standard.css HTTP/1.1" 200 74207
202.8.40.4 - - [27/Feb/2025:01:08:45 +0100] "GET /ticket2/opencms/system/modules/com.gridnine.opencms.ticketbrokerage.site/resources/js/jquery/jquery.js HTTP/1.1" 200 93868
