20.171.207.246 - - [28/Feb/2025:00:41:51 +0100] "GET /ticket2/opencms/set_aff_cookie.jsp?partner=2E02071B-A8C3-4CBA-3097-C27D61C02ED8&url=%252Fdk%252Fbuy%252Findex.html%253Fpage%253D1%2526edid%253D1AD4E11C-C792-1721-4D1A-2229101A30FD%2526hlv%253D666c8a12-deb8-45ea-8919-7e6f0a01000f%2523v_662165830 HTTP/1.1" 200 246
47.128.18.65 - - [28/Feb/2025:00:41:51 +0100] "GET /ticket2/opencms/bs/buy_safety HTTP/1.1" 200 89456
20.171.207.246 - - [28/Feb/2025:00:41:52 +0100] "GET /ticket2/opencms/set_aff_cookie.jsp?partner=5E0CDF29-E7BE-9F6B-6869-7BF66B04006F&url=%252Fsv%252Fbuy%252Findex.html%253Fpage%253D1%2526edid%253D160DAC9A-2A77-6FDC-52B8-296352B1ABF1%2526hlv%253D666c4b55-52b0-49d4-9d08-3e290a01000f%2523v_1553722349 HTTP/1.1" 200 247
47.128.18.65 - - [28/Feb/2025:00:41:52 +0100] "GET /ticket2/opencms/system/modules/com.gridnine.opencms.ticketbrokerage.site/resources/css/images/event-banner.png HTTP/1.1" 404 -
20.171.207.246 - - [28/Feb/2025:00:41:53 +0100] "GET /ticket2/opencms/set_aff_cookie.jsp?partner=57601924-FB09-5BB2-867F-08B4EB522BA8&url=%252Fru%252Fbuy%252Findex.html%253Fpage%253D1%2526edid%253DE8BA54CC-B112-3D61-BE02-1B4D1E4F63D1%2526hlv%253D666ddc10-f1d8-44cb-b398-6a330a01000f%2523v_1070195281 HTTP/1.1" 200 247
20.171.207.246 - - [28/Feb/2025:00:41:54 +0100] "GET /ticket2/opencms/set_aff_cookie.jsp?partner=2E02071B-A8C3-4CBA-3097-C27D61C02ED8&url=%252Fsv%252Fbuy%252Findex.html%253Fpage%253D1%2526edid%253D68B485F7-9483-6E4F-656D-602EE2AC621D%2526hlv%253D666d4b7a-8724-4fbf-b07a-68b70a01000f%2523v_157865886 HTTP/1.1" 200 246
20.171.207.246 - - [28/Feb/2025:00:41:55 +0100] "GET /ticket2/opencms/set_aff_cookie.jsp?partner=8F6DE15D-D831-5787-AE7E-FEFF53476F85&url=%252Ffi%252Fbuy%252Findex.html%253Fpage%253D1%2526edid%253D697BE447-74B7-A748-152F-A1818DA4BEC9%2526hlv%253D666d6f1c-f860-40f4-9cc6-0c190a01000f%2523v_1537557676 HTTP/1.1" 200 247
20.171.207.246 - - [28/Feb/2025:00:41:57 +0100] "GET /ticket2/opencms/set_aff_cookie.jsp?partner=5E0CDF29-E7BE-9F6B-6869-7BF66B04006F&url=%252Fnl%252Fbuy%252Findex.html%253Fpage%253D1%2526edid%253D1A8318F4-54FD-CF28-6FE4-70A4EF1323B0%2526hlv%253D610a55e9-fc58-48a9-87ed-083c0a01000f%2523v_2003197826 HTTP/1.1" 200 247
54.36.148.118 - - [28/Feb/2025:00:41:57 +0100] "GET /ticket2/opencms/cs/buy?page=1&edid=AA408C72-2073-316B-FBC7-E94200A17373 HTTP/1.1" 200 108680
20.171.207.246 - - [28/Feb/2025:00:41:58 +0100] "GET /ticket2/opencms/set_aff_cookie.jsp?partner=8F6DE15D-D831-5787-AE7E-FEFF53476F85&url=%252Fsv%252Fbuy%252Findex.html%253Fpage%253D1%2526edid%253D1D655237-217E-C5C5-21D7-85A16C37AFF4%2526hlv%253D611cd264-1bec-44b0-9bfd-5e520a01000f%2523v_1251847994 HTTP/1.1" 200 247
20.171.207.246 - - [28/Feb/2025:00:41:59 +0100] "GET /ticket2/opencms/set_aff_cookie.jsp?partner=8F6DE15D-D831-5787-AE7E-FEFF53476F85&url=%252Fnl%252Fbuy%252Findex.html%253Fpage%253D1%2526edid%253D97B6F388-41F1-ECE1-6945-6F81F9384D51%2526hlv%253D60f81c15-d194-485e-9ecd-5dc90a01000f%2523v_264168434 HTTP/1.1" 200 246
66.249.76.43 - - [28/Feb/2025:00:42:00 +0100] "GET /ticket2/opencms/ga/buy/?page=1&edid=23688B8D-8D21-EBA0-1897-8BC6CFFE57DE HTTP/1.1" 200 111135
20.171.207.246 - - [28/Feb/2025:00:42:00 +0100] "GET /ticket2/opencms/set_aff_cookie.jsp?partner=8F6DE15D-D831-5787-AE7E-FEFF53476F85&url=%252Fsv%252Fbuy%252Findex.html%253Fpage%253D1%2526edid%253D66C22035-E7EA-E10A-4BFC-2C30733037DC%2526hlv%253D666d4a3a-d358-43bc-8746-6bb30a01000f%2523v1348696827 HTTP/1.1" 200 246
20.171.207.246 - - [28/Feb/2025:00:42:01 +0100] "GET /ticket2/opencms/set_aff_cookie.jsp?partner=5E0CDF29-E7BE-9F6B-6869-7BF66B04006F&url=%252Fsv%252Fbuy%252Findex.html%253Fpage%253D1%2526edid%253DDD7009E0-BEDD-5FDF-FBEC-9803C9276491%2526hlv%253D61449252-b828-44d4-9eb3-77240a01000f%2523v_1049466702 HTTP/1.1" 200 247
20.171.207.246 - - [28/Feb/2025:00:42:02 +0100] "GET /ticket2/opencms/set_aff_cookie.jsp?partner=5E0CDF29-E7BE-9F6B-6869-7BF66B04006F&url=%252Ffi%252Fbuy%252Findex.html%253Fpage%253D1%2526edid%253D52F83580-0FD4-F06F-050A-AE1CCE4A20C1%2526hlv%253D66d04b4e-d458-44a5-81e1-07480a01000f%2523v_115502150 HTTP/1.1" 200 246
114.119.147.32 - - [28/Feb/2025:00:42:03 +0100] "GET /ticket2/opencms/en/venue/?venueid=A003754C-3E1C-9E13-64E9-6F827A08D00B HTTP/1.1" 200 85296
20.171.207.246 - - [28/Feb/2025:00:42:03 +0100] "GET /ticket2/opencms/set_aff_cookie.jsp?partner=2E02071B-A8C3-4CBA-3097-C27D61C02ED8&url=%252Fen%252Fbuy%252Findex.html%253Fpage%253D1%2526edid%253D66FFE717-0C93-3F01-2AC8-8E7FC5F9BAB1%2526hlv%253D6689076b-a7e8-4e2d-9965-1ba70a01000f%2523v1500765822 HTTP/1.1" 200 246
20.171.207.246 - - [28/Feb/2025:00:42:05 +0100] "GET /ticket2/opencms/set_aff_cookie.jsp?partner=2E02071B-A8C3-4CBA-3097-C27D61C02ED8&url=%252Fdk%252Fbuy%252Findex.html%253Fpage%253D1%2526edid%253D160DAC9A-2A77-6FDC-52B8-296352B1ABF1%2526hlv%253D666c4b57-04e8-4c98-b39a-3e290a01000f%2523v_1160349956 HTTP/1.1" 200 247
23.23.103.31 - - [28/Feb/2025:00:42:05 +0100] "GET /ticket2/opencms/sites/ticketbrokerage/sv/tickets/west-bromwich-albion/bolton_wanderers.html HTTP/1.1" 404 -
20.171.207.246 - - [28/Feb/2025:00:42:06 +0100] "GET /ticket2/opencms/set_aff_cookie.jsp?partner=2E02071B-A8C3-4CBA-3097-C27D61C02ED8&url=%252Fdk%252Fbuy%252Findex.html%253Fpage%253D1%2526edid%253D0FD8C94D-BC20-A9A1-B75F-6B50E0D9D5B1%2526hlv%253D60f951c1-505c-481e-b399-56980a01000f%2523v_936393667 HTTP/1.1" 200 246
20.171.207.246 - - [28/Feb/2025:00:42:07 +0100] "GET /ticket2/opencms/set_aff_cookie.jsp?partner=2E02071B-A8C3-4CBA-3097-C27D61C02ED8&url=%252Fsv%252Fbuy%252Findex.html%253Fpage%253D1%2526edid%253D66C22035-E7EA-E10A-4BFC-2C30733037DC%2526hlv%253D666d4a37-a8a4-44a7-b87b-6bb30a01000f%2523v2007625199 HTTP/1.1" 200 246
66.249.72.128 - - [28/Feb/2025:00:42:08 +0100] "GET /ticket2/opencms/ga/ask-form.html HTTP/1.1" 200 3156
20.171.207.246 - - [28/Feb/2025:00:42:08 +0100] "GET /ticket2/opencms/set_aff_cookie.jsp?partner=8F6DE15D-D831-5787-AE7E-FEFF53476F85&url=%252Fnl%252Fbuy%252Findex.html%253Fpage%253D1%2526edid%253D2E7C3DB6-FDBC-8B55-9268-E31142D44B61%2526hlv%253D612b52fb-c708-40d0-9947-3cac0a01000f%2523v_1865197721 HTTP/1.1" 200 247
20.171.207.246 - - [28/Feb/2025:00:42:09 +0100] "GET /ticket2/opencms/set_aff_cookie.jsp?partner=2E02071B-A8C3-4CBA-3097-C27D61C02ED8&url=%252Fdk%252Fbuy%252Findex.html%253Fpage%253D1%2526edid%253D68B485F7-9483-6E4F-656D-602EE2AC621D%2526hlv%253D666d4b7b-3a6c-4e8c-94d4-68b70a01000f%2523v_528045412 HTTP/1.1" 200 246
44.223.232.55 - - [28/Feb/2025:00:42:09 +0100] "GET /ticket2/opencms/sites/ticketbrokerage/sv/tickets/inter/roma.html HTTP/1.1" 404 -
20.171.207.246 - - [28/Feb/2025:00:42:10 +0100] "GET /ticket2/opencms/set_aff_cookie.jsp?partner=23A6AD98-906E-5BDD-600E-EC4EC8A45F97&url=%252Fen%252Fbuy%252Findex.html%253Fpage%253D1%2526edid%253D1C663B38-AAE8-15E5-78AB-F7247D2C67D4%2526hlv%253D666d70a2-6774-476e-8d2b-0e670a01000f%2523v_321222578 HTTP/1.1" 200 246
114.119.143.233 - - [28/Feb/2025:00:42:11 +0100] "GET /ticket2/opencms/is/buy?page=1&=DB653943-ECFB-7118-47D3-55EBC2A526B9 HTTP/1.1" 200 -
20.171.207.246 - - [28/Feb/2025:00:42:11 +0100] "GET /ticket2/opencms/set_aff_cookie.jsp?partner=57601924-FB09-5BB2-867F-08B4EB522BA8&url=%252Fno%252Fbuy%252Findex.html%253Fpage%253D1%2526edid%253D66FFE717-0C93-3F01-2AC8-8E7FC5F9BAB1%2526hlv%253D6689076a-b340-43f0-98cf-1ba70a01000f%2523v714845692 HTTP/1.1" 200 245
54.36.148.137 - - [28/Feb/2025:00:42:11 +0100] "GET /ticket2/opencms/it/sport/biglietti-calcio/bundesliga/bayern-munchen HTTP/1.1" 200 100191
20.171.207.246 - - [28/Feb/2025:00:42:13 +0100] "GET /ticket2/opencms/set_aff_cookie.jsp?partner=2E02071B-A8C3-4CBA-3097-C27D61C02ED8&url=%252Fno%252Fbuy%252Findex.html%253Fpage%253D1%2526edid%253D0D33199C-853B-C4DC-F1E2-6CF75BE0B211%2526hlv%253D61475aa4-9954-44b2-87bd-0be80a01000f%2523v_1847055782 HTTP/1.1" 200 247
202.8.40.108 - - [28/Feb/2025:00:42:13 +0100] "GET /ticket2/opencms/system/modules/com.gridnine.opencms.ticketbrokerage.site/resources/css/ticketbrokerage.css HTTP/1.1" 200 39339
202.8.40.108 - - [28/Feb/2025:00:42:13 +0100] "GET /ticket2/opencms/system/modules/com.gridnine.opencms.ticketbrokerage.site/resources/css/jquery-ui.css HTTP/1.1" 200 33221
202.8.40.108 - - [28/Feb/2025:00:42:13 +0100] "GET /ticket2/opencms/system/modules/com.gridnine.opencms.ticketbrokerage.site/resources/css/jquery.fancybox.css HTTP/1.1" 200 4939
202.8.40.108 - - [28/Feb/2025:00:42:13 +0100] "GET /ticket2/opencms/system/modules/com.gridnine.opencms.ticketbrokerage.site/resources/css/calendar.css HTTP/1.1" 200 6871
202.8.40.108 - - [28/Feb/2025:00:42:13 +0100] "GET /ticket2/opencms/system/modules/com.gridnine.opencms.ticketbrokerage.site/resources/css/standard.css HTTP/1.1" 200 74207
202.8.40.108 - - [28/Feb/2025:00:42:13 +0100] "GET /ticket2/opencms/system/modules/com.gridnine.opencms.ticketbrokerage.site/resources/js/jquery/jquery.js HTTP/1.1" 200 93868
202.8.40.108 - - [28/Feb/2025:00:42:13 +0100] "GET /ticket2/opencms/system/modules/com.gridnine.opencms.ticketbrokerage.site/resources/js/calendar-setup.js HTTP/1.1" 200 4923
202.8.40.108 - - [28/Feb/2025:00:42:13 +0100] "GET /ticket2/opencms/system/modules/com.gridnine.opencms.ticketbrokerage.site/resources/js/functions.js HTTP/1.1" 200 1583
202.8.40.108 - - [28/Feb/2025:00:42:13 +0100] "GET /ticket2/opencms/system/modules/com.gridnine.opencms.ticketbrokerage.site/resources/js/calendar-en.js HTTP/1.1" 200 3338
202.8.40.108 - - [28/Feb/2025:00:42:13 +0100] "GET /ticket2/opencms/system/modules/com.gridnine.opencms.ticketbrokerage.site/resources/js/calendar.js HTTP/1.1" 200 49229
202.8.40.108 - - [28/Feb/2025:00:42:13 +0100] "GET /ticket2/opencms/system/modules/com.gridnine.opencms.ticketbrokerage.site/resources/js/jquery/jquery-ui.js HTTP/1.1" 200 228088
202.8.40.108 - - [28/Feb/2025:00:42:13 +0100] "GET /ticket2/opencms/system/modules/com.gridnine.opencms.ticketbrokerage.site/resources/js/jquery.fancybox.pack.js HTTP/1.1" 200 23187
202.8.40.108 - - [28/Feb/2025:00:42:13 +0100] "GET /ticket2/opencms/system/modules/com.gridnine.opencms.ticketbrokerage.site/resources/js/stickyfill.min.js HTTP/1.1" 200 5672
202.8.40.108 - - [28/Feb/2025:00:42:13 +0100] "GET /ticket2/opencms/system/modules/com.gridnine.opencms.ticketbrokerage.site/resources/js/standard.js HTTP/1.1" 200 3983
40.77.167.14 - - [28/Feb/2025:00:42:13 +0100] "GET /ticket2/opencms/en/venue/?countryid=1A4DC6D7-7BCB-9C80-4A3B-99ABDC610C14 HTTP/1.1" 200 114895
202.8.40.108 - - [28/Feb/2025:00:42:13 +0100] "GET /ticket2/opencms/system/modules/com.gridnine.opencms.ticketbrokerage.site/resources/js/jquery.placeholder.min.js HTTP/1.1" 200 1737
202.8.40.108 - - [28/Feb/2025:00:42:13 +0100] "GET /ticket2/opencms/system/modules/com.gridnine.opencms.ticketbrokerage.site/resources/js/common-ajax.js HTTP/1.1" 200 20175
20.171.207.246 - - [28/Feb/2025:00:42:14 +0100] "GET /ticket2/opencms/set_aff_cookie.jsp?partner=2E02071B-A8C3-4CBA-3097-C27D61C02ED8&url=%252Fnl%252Fbuy%252Findex.html%253Fpage%253D1%2526edid%253D66C22035-E7EA-E10A-4BFC-2C30733037DC%2526hlv%253D666d4a3b-1b20-4312-b0e7-6bb30a01000f%2523v1795009216 HTTP/1.1" 200 246
20.171.207.246 - - [28/Feb/2025:00:42:15 +0100] "GET /ticket2/opencms/set_aff_cookie.jsp?partner=5E0CDF29-E7BE-9F6B-6869-7BF66B04006F&url=%252Ffi%252Fbuy%252Findex.html%253Fpage%253D1%2526edid%253D11CA2095-DE4E-F08C-CA73-D1F7DF0C2455%2526hlv%253D60c9e833-9bb8-4e29-993f-26430a01000f%2523v_2099574764 HTTP/1.1" 200 247
20.171.207.246 - - [28/Feb/2025:00:42:16 +0100] "GET /ticket2/opencms/set_aff_cookie.jsp?partner=5E0CDF29-E7BE-9F6B-6869-7BF66B04006F&url=%252Fdk%252Fbuy%252Findex.html%253Fpage%253D1%2526edid%253D24A843F5-AE99-1BDD-5A34-93381BE14187%2526hlv%253D6698d3ac-44ac-44a9-b688-3e8f0a01000f%2523v_127199814 HTTP/1.1" 200 246
20.171.207.246 - - [28/Feb/2025:00:42:17 +0100] "GET /ticket2/opencms/set_aff_cookie.jsp?partner=5E0CDF29-E7BE-9F6B-6869-7BF66B04006F&url=%252Fdk%252Fbuy%252Findex.html%253Fpage%253D1%2526edid%253D16BA48F9-E787-F00A-EC7D-F97A99AECBFB%2526hlv%253D66d03934-1290-4e31-864f-72160a01000f%2523v_1009377694 HTTP/1.1" 200 247
20.171.207.246 - - [28/Feb/2025:00:42:18 +0100] "GET /ticket2/opencms/set_aff_cookie.jsp?partner=5E0CDF29-E7BE-9F6B-6869-7BF66B04006F&url=%252Fen%252Fbuy%252Findex.html%253Fpage%253D1%2526edid%253DDD7009E0-BEDD-5FDF-FBEC-9803C9276491%2526hlv%253D6144852c-5e98-4b58-a935-734b0a01000f%2523v_2110918077 HTTP/1.1" 200 247
20.171.207.246 - - [28/Feb/2025:00:42:20 +0100] "GET /ticket2/opencms/set_aff_cookie.jsp?partner=5E0CDF29-E7BE-9F6B-6869-7BF66B04006F&url=%252Ffi%252Fbuy%252Findex.html%253Fpage%253D1%2526edid%253DEC2BC309-3510-AA04-CA0C-F3088D5C1D31%2526hlv%253D6686686d-be88-4b72-ba72-6b040a01000f%2523v_2056521966 HTTP/1.1" 200 247
20.171.207.246 - - [28/Feb/2025:00:42:21 +0100] "GET /ticket2/opencms/set_aff_cookie.jsp?partner=2E02071B-A8C3-4CBA-3097-C27D61C02ED8&url=%252Fdk%252Fbuy%252Findex.html%253Fpage%253D1%2526edid%253D6F6062BE-21E9-FCCC-41A7-E76CFE6D47E3%2526hlv%253D66938921-1bec-4a96-9206-703c0a01000f%2523v_2103207833 HTTP/1.1" 200 247
111.119.199.172 - - [28/Feb/2025:00:42:21 +0100] "GET /ticket2/opencms/bg/buy?page=1&edid=9D7ABF2F-B431-422E-3673-716FB77076E6 HTTP/1.1" 200 113276
20.171.207.246 - - [28/Feb/2025:00:42:22 +0100] "GET /ticket2/opencms/set_aff_cookie.jsp?partner=2E02071B-A8C3-4CBA-3097-C27D61C02ED8&url=%252Fdk%252Fbuy%252Findex.html%253Fpage%253D1%2526edid%253D10597F35-2AC7-31D2-FB61-15A36BB6D73B%2526hlv%253D666d451f-2918-4eed-bcfb-64610a01000f%2523v_1036908374 HTTP/1.1" 200 247
20.171.207.246 - - [28/Feb/2025:00:42:23 +0100] "GET /ticket2/opencms/set_aff_cookie.jsp?partner=2E02071B-A8C3-4CBA-3097-C27D61C02ED8&url=%252Fnl%252Fbuy%252Findex.html%253Fpage%253D1%2526edid%253D150C2B47-38EB-0C0E-C664-5F863E9426DB%2526hlv%253D66cafa7f-e8a8-4d35-9e62-33480a01000f%2523v_2128487148 HTTP/1.1" 200 247
54.36.149.23 - - [28/Feb/2025:00:42:23 +0100] "GET /ticket2/opencms/ka/sport/pekhburti-biletebi/la-liga/barcelona HTTP/1.1" 200 97041
20.171.207.246 - - [28/Feb/2025:00:42:24 +0100] "GET /ticket2/opencms/set_aff_cookie.jsp?partner=8F6DE15D-D831-5787-AE7E-FEFF53476F85&url=%252Ffi%252Fbuy%252Findex.html%253Fpage%253D1%2526edid%253D6F379414-70C4-400F-51D2-AFD37C8F2BC7%2526hlv%253D666d6ed0-eeb4-4280-ba26-0c140a01000f%2523v_1940729528 HTTP/1.1" 200 247
202.8.43.100 - - [28/Feb/2025:00:42:25 +0100] "GET /ticket2/opencms/system/modules/com.gridnine.opencms.ticketbrokerage.site/resources/css/jquery.fancybox.css HTTP/1.1" 200 4939
202.8.43.100 - - [28/Feb/2025:00:42:25 +0100] "GET /ticket2/opencms/system/modules/com.gridnine.opencms.ticketbrokerage.site/resources/css/ticketbrokerage.css HTTP/1.1" 200 39339
202.8.43.100 - - [28/Feb/2025:00:42:25 +0100] "GET /ticket2/opencms/system/modules/com.gridnine.opencms.ticketbrokerage.site/resources/css/calendar.css HTTP/1.1" 200 6871
202.8.43.100 - - [28/Feb/2025:00:42:25 +0100] "GET /ticket2/opencms/system/modules/com.gridnine.opencms.ticketbrokerage.site/resources/css/jquery-ui.css HTTP/1.1" 200 33221
202.8.43.100 - - [28/Feb/2025:00:42:25 +0100] "GET /ticket2/opencms/system/modules/com.gridnine.opencms.ticketbrokerage.site/resources/js/jquery/jquery.js HTTP/1.1" 200 93868
202.8.43.100 - - [28/Feb/2025:00:42:25 +0100] "GET /ticket2/opencms/system/modules/com.gridnine.opencms.ticketbrokerage.site/resources/css/standard.css HTTP/1.1" 200 74207
202.8.43.100 - - [28/Feb/2025:00:42:25 +0100] "GET /ticket2/opencms/system/modules/com.gridnine.opencms.ticketbrokerage.site/resources/js/jquery/jquery-ui.js HTTP/1.1" 200 228088
202.8.43.100 - - [28/Feb/2025:00:42:25 +0100] "GET /ticket2/opencms/system/modules/com.gridnine.opencms.ticketbrokerage.site/resources/js/functions.js HTTP/1.1" 200 1583
202.8.43.100 - - [28/Feb/2025:00:42:25 +0100] "GET /ticket2/opencms/system/modules/com.gridnine.opencms.ticketbrokerage.site/resources/js/calendar.js HTTP/1.1" 200 49229
202.8.43.100 - - [28/Feb/2025:00:42:25 +0100] "GET /ticket2/opencms/system/modules/com.gridnine.opencms.ticketbrokerage.site/resources/js/calendar-en.js HTTP/1.1" 200 3338
202.8.43.100 - - [28/Feb/2025:00:42:25 +0100] "GET /ticket2/opencms/system/modules/com.gridnine.opencms.ticketbrokerage.site/resources/js/calendar-setup.js HTTP/1.1" 200 4923
202.8.43.100 - - [28/Feb/2025:00:42:25 +0100] "GET /ticket2/opencms/system/modules/com.gridnine.opencms.ticketbrokerage.site/resources/js/jquery.fancybox.pack.js HTTP/1.1" 200 23187
202.8.43.100 - - [28/Feb/2025:00:42:25 +0100] "GET /ticket2/opencms/system/modules/com.gridnine.opencms.ticketbrokerage.site/resources/js/stickyfill.min.js HTTP/1.1" 200 5672
202.8.43.100 - - [28/Feb/2025:00:42:25 +0100] "GET /ticket2/opencms/system/modules/com.gridnine.opencms.ticketbrokerage.site/resources/js/standard.js HTTP/1.1" 200 3983
202.8.43.100 - - [28/Feb/2025:00:42:25 +0100] "GET /ticket2/opencms/system/modules/com.gridnine.opencms.ticketbrokerage.site/resources/js/jquery.placeholder.min.js HTTP/1.1" 200 1737
202.8.43.100 - - [28/Feb/2025:00:42:25 +0100] "GET /ticket2/opencms/system/modules/com.gridnine.opencms.ticketbrokerage.site/resources/js/common-ajax.js HTTP/1.1" 200 20175
20.171.207.246 - - [28/Feb/2025:00:42:25 +0100] "GET /ticket2/opencms/set_aff_cookie.jsp?partner=2E02071B-A8C3-4CBA-3097-C27D61C02ED8&url=%252Ffi%252Fbuy%252Findex.html%253Fpage%253D1%2526edid%253D1AD4E11C-C792-1721-4D1A-2229101A30FD%2526hlv%253D666c8a13-de00-443b-b8f8-7e6f0a01000f%2523v_424813596 HTTP/1.1" 200 246
20.171.207.246 - - [28/Feb/2025:00:42:26 +0100] "GET /ticket2/opencms/set_aff_cookie.jsp?partner=2E02071B-A8C3-4CBA-3097-C27D61C02ED8&url=%252Fen%252Fbuy%252Findex.html%253Fpage%253D1%2526edid%253D6F6062BE-21E9-FCCC-41A7-E76CFE6D47E3%2526hlv%253D66938920-1ba8-41de-979b-703c0a01000f%2523v_1530452583 HTTP/1.1" 200 247
66.249.75.227 - - [28/Feb/2025:00:42:27 +0100] "GET /ticket2/opencms/el/buy?page=1&edid=F0845893-AB25-79ED-E273-8681A31846EB&hlv=666d4460-bee4-4b1e-95da-64080a01000f HTTP/1.1" 200 117535
20.171.207.246 - - [28/Feb/2025:00:42:28 +0100] "GET /ticket2/opencms/set_aff_cookie.jsp?partner=5E0CDF29-E7BE-9F6B-6869-7BF66B04006F&url=%252Ffi%252Fbuy%252Findex.html%253Fpage%253D1%2526edid%253D1AD4E11C-C792-1721-4D1A-2229101A30FD%2526hlv%253D666c8a13-6fe4-43f4-8e97-7e6f0a01000f%2523v_883317567 HTTP/1.1" 200 246
20.171.207.246 - - [28/Feb/2025:00:42:29 +0100] "GET /ticket2/opencms/set_aff_cookie.jsp?partner=2E02071B-A8C3-4CBA-3097-C27D61C02ED8&url=%252Fdk%252Fbuy%252Findex.html%253Fpage%253D1%2526edid%253D2D210BFD-73B3-FBB7-71E1-6587B60103F1%2526hlv%253D66cf0ab4-7ac4-4e43-8270-23ca0a01000f%2523v_1640652081 HTTP/1.1" 200 247
20.171.207.246 - - [28/Feb/2025:00:42:30 +0100] "GET /ticket2/opencms/set_aff_cookie.jsp?partner=23A6AD98-906E-5BDD-600E-EC4EC8A45F97&url=%252Fen%252Fbuy%252Findex.html%253Fpage%253D1%2526edid%253D52F83580-0FD4-F06F-050A-AE1CCE4A20C1%2526hlv%253D66d04b4e-ce90-4156-9034-07480a01000f%2523v_1426100693 HTTP/1.1" 200 247
37.120.185.179 - - [28/Feb/2025:00:42:31 +0100] "GET /ticket2/opencms/mo/sport/bilete-la-fotbal/serie-a/lecce HTTP/1.1" 200 96615
20.171.207.246 - - [28/Feb/2025:00:42:31 +0100] "GET /ticket2/opencms/set_aff_cookie.jsp?partner=5E0CDF29-E7BE-9F6B-6869-7BF66B04006F&url=%252Fnl%252Fbuy%252Findex.html%253Fpage%253D1%2526edid%253DE8BA54CC-B112-3D61-BE02-1B4D1E4F63D1%2526hlv%253D666ddc0c-7084-4197-8f56-6a330a01000f%2523v_1586090742 HTTP/1.1" 200 247
20.171.207.246 - - [28/Feb/2025:00:42:32 +0100] "GET /ticket2/opencms/set_aff_cookie.jsp?partner=2E02071B-A8C3-4CBA-3097-C27D61C02ED8&url=%252Fdk%252Fbuy%252Findex.html%253Fpage%253D1%2526edid%253D6ED08D04-7263-AC79-DA04-AFB97DC97A00%2526hlv%253D6693908f-34d4-4fb1-ab32-74840a01000f%2523v_715389424 HTTP/1.1" 200 246
185.247.137.236 - - [28/Feb/2025:00:42:32 +0100] "GET / HTTP/1.1" 404 -
47.128.99.55 - - [28/Feb/2025:00:42:33 +0100] "GET /ticket2/opencms/es/buy?edid=3C740BD7-5418-89D5-329F-E2AA5410EB01 HTTP/1.1" 200 91440
20.171.207.246 - - [28/Feb/2025:00:42:33 +0100] "GET /ticket2/opencms/set_aff_cookie.jsp?partner=8F6DE15D-D831-5787-AE7E-FEFF53476F85&url=%252Fen%252Fbuy%252Findex.html%253Fpage%253D1%2526edid%253D6F379414-70C4-400F-51D2-AFD37C8F2BC7%2526hlv%253D666d6ed2-0600-4452-b8ca-0c140a01000f%2523v_380407604 HTTP/1.1" 200 246
20.171.207.246 - - [28/Feb/2025:00:42:34 +0100] "GET /ticket2/opencms/set_aff_cookie.jsp?partner=5E0CDF29-E7BE-9F6B-6869-7BF66B04006F&url=%252Fno%252Fbuy%252Findex.html%253Fpage%253D1%2526edid%253D6619AF23-B82A-4933-7AAB-7FCD989DC8B0%2526hlv%253D60ca1e3e-0940-4441-a0b8-41190a01000f%2523v_1559040258 HTTP/1.1" 200 247
54.36.148.93 - - [28/Feb/2025:00:42:35 +0100] "GET /ticket2/opencms/et/buy?page=1&edid=AA408C72-2073-316B-FBC7-E94200A17373 HTTP/1.1" 200 108437
20.171.207.246 - - [28/Feb/2025:00:42:36 +0100] "GET /ticket2/opencms/set_aff_cookie.jsp?partner=8F6DE15D-D831-5787-AE7E-FEFF53476F85&url=%252Fno%252Fbuy%252Findex.html%253Fpage%253D1%2526edid%253D150C2B47-38EB-0C0E-C664-5F863E9426DB%2526hlv%253D66cafa7c-8e18-4016-ae19-33480a01000f%2523v_239181582 HTTP/1.1" 200 246
20.171.207.246 - - [28/Feb/2025:00:42:37 +0100] "GET /ticket2/opencms/set_aff_cookie.jsp?partner=8F6DE15D-D831-5787-AE7E-FEFF53476F85&url=%252Fnl%252Fbuy%252Findex.html%253Fpage%253D1%2526edid%253D66FFE717-0C93-3F01-2AC8-8E7FC5F9BAB1%2526hlv%253D6689076b-d9c0-4393-b068-1ba70a01000f%2523v1162475434 HTTP/1.1" 200 246
20.171.207.246 - - [28/Feb/2025:00:42:38 +0100] "GET /ticket2/opencms/set_aff_cookie.jsp?partner=5E0CDF29-E7BE-9F6B-6869-7BF66B04006F&url=%252Fsv%252Fbuy%252Findex.html%253Fpage%253D1%2526edid%253D8EF7EC9D-9BC8-1DEC-C27C-0541D5C5F471%2526hlv%253D66869234-8284-4871-ac1c-37fc0a01000f%2523v_2072103499 HTTP/1.1" 200 247
20.171.207.246 - - [28/Feb/2025:00:42:39 +0100] "GET /ticket2/opencms/set_aff_cookie.jsp?partner=8F6DE15D-D831-5787-AE7E-FEFF53476F85&url=%252Fdk%252Fbuy%252Findex.html%253Fpage%253D1%2526edid%253DC68D3A19-7AB1-B0F6-2F8E-E937CB754241%2526hlv%253D669388d6-8c8c-49a5-9636-6fc60a01000f%2523v_764197862 HTTP/1.1" 200 246
20.171.207.246 - - [28/Feb/2025:00:42:40 +0100] "GET /ticket2/opencms/set_aff_cookie.jsp?partner=5E0CDF29-E7BE-9F6B-6869-7BF66B04006F&url=%252Fnl%252Fbuy%252Findex.html%253Fpage%253D1%2526edid%253D66C22035-E7EA-E10A-4BFC-2C30733037DC%2526hlv%253D666d4a37-7a40-4078-96b8-6bb30a01000f%2523v629183656 HTTP/1.1" 200 245
20.171.207.246 - - [28/Feb/2025:00:42:41 +0100] "GET /ticket2/opencms/set_aff_cookie.jsp?partner=2E02071B-A8C3-4CBA-3097-C27D61C02ED8&url=%252Fnl%252Fbuy%252Findex.html%253Fpage%253D1%2526edid%253D160DAC9A-2A77-6FDC-52B8-296352B1ABF1%2526hlv%253D666c4b57-38a8-47bf-ad32-3e290a01000f%2523v_1978561177 HTTP/1.1" 200 247
47.82.0.153 - - [28/Feb/2025:00:42:41 +0100] "GET /ticket2/opencms/en/buy/?page=6&comcatid=B41CCF2B-5558-7AEE-3602-09BBDE417D65&catid=36DC4BE2-91A2-6146-2BE9-47B6F3C44EDB&eventid=B7F83CF2-A306-A849-C1D3-DB6343BA4B4A HTTP/1.1" 200 94874
20.171.207.246 - - [28/Feb/2025:00:42:42 +0100] "GET /ticket2/opencms/set_aff_cookie.jsp?partner=2E02071B-A8C3-4CBA-3097-C27D61C02ED8&url=%252Fnl%252Fbuy%252Findex.html%253Fpage%253D1%2526edid%253D70EF0ABB-9A80-4CE0-EE48-CC9265C1B361%2526hlv%253D6692485e-7bbc-40f5-92d9-16d80a01000f%2523v_1859743073 HTTP/1.1" 200 247
47.128.41.48 - - [28/Feb/2025:00:42:43 +0100] "GET /ticket2/opencms/lv/buy/?edid=F93A2292-3F60-7656-2C0B-2AB157A0BB0B HTTP/1.1" 200 91570
20.171.207.246 - - [28/Feb/2025:00:42:43 +0100] "GET /ticket2/opencms/set_aff_cookie.jsp?partner=8F6DE15D-D831-5787-AE7E-FEFF53476F85&url=%252Fno%252Fbuy%252Findex.html%253Fpage%253D1%2526edid%253D66870AC2-190A-A6B7-504A-473B5293D621%2526hlv%253D610bcbf4-3b6c-48ce-bb04-14fe0a01000f%2523v_1530232630 HTTP/1.1" 200 247
20.171.207.246 - - [28/Feb/2025:00:42:45 +0100] "GET /ticket2/opencms/set_aff_cookie.jsp?partner=2E02071B-A8C3-4CBA-3097-C27D61C02ED8&url=%252Fru%252Fbuy%252Findex.html%253Fpage%253D1%2526edid%253D6A920F16-DD42-2262-3AA2-B83D5743F13A%2526hlv%253D666cb1c8-15c8-4b4a-aeea-44290a01000f%2523v_1022309054 HTTP/1.1" 200 247
20.171.207.246 - - [28/Feb/2025:00:42:46 +0100] "GET /ticket2/opencms/set_aff_cookie.jsp?partner=2E02071B-A8C3-4CBA-3097-C27D61C02ED8&url=%252Fnl%252Fbuy%252Findex.html%253Fpage%253D1%2526edid%253D8EF7EC9D-9BC8-1DEC-C27C-0541D5C5F471%2526hlv%253D66869142-de00-4711-9209-2fa90a01000f%2523v_807584952 HTTP/1.1" 200 246
185.191.171.13 - - [28/Feb/2025:00:42:46 +0100] "GET /ticket2/opencms/dk/magazine/article?title=svenske-talent-lucas-bergvall-klar-for-tottenham-hotspur HTTP/1.1" 200 94399
114.119.151.93 - - [28/Feb/2025:00:42:46 +0100] "GET /ticket2/opencms/is/buy?page=1&=5DCA3D52-B942-270C-FA38-21AB50709109 HTTP/1.1" 200 -
20.171.207.246 - - [28/Feb/2025:00:42:47 +0100] "GET /ticket2/opencms/set_aff_cookie.jsp?partner=8F6DE15D-D831-5787-AE7E-FEFF53476F85&url=%252Fnl%252Fbuy%252Findex.html%253Fpage%253D1%2526edid%253D66C22035-E7EA-E10A-4BFC-2C30733037DC%2526hlv%253D666d4a3b-1b20-4312-b0e7-6bb30a01000f%2523v1795009216 HTTP/1.1" 200 246
185.191.171.18 - - [28/Feb/2025:00:42:47 +0100] "GET /ticket2/opencms/robots.txt HTTP/1.1" 200 773
40.77.167.30 - - [28/Feb/2025:00:42:48 +0100] "GET /ticket2/opencms/sl/buy?page=10&eventid=29425CD0-51B2-1314-2678-3AB7A21FD119 HTTP/1.1" 200 96934
54.36.148.25 - - [28/Feb/2025:00:42:48 +0100] "GET /ticket2/opencms/lt/sport HTTP/1.1" 200 93234
20.171.207.246 - - [28/Feb/2025:00:42:48 +0100] "GET /ticket2/opencms/set_aff_cookie.jsp?partner=2E02071B-A8C3-4CBA-3097-C27D61C02ED8&url=%252Fsv%252Fbuy%252Findex.html%253Fpage%253D1%2526edid%253D0D33199C-853B-C4DC-F1E2-6CF75BE0B211%2526hlv%253D60c9ec41-6108-4523-ab4a-280b0a01000f%2523v_369374532 HTTP/1.1" 200 246
85.208.96.208 - - [28/Feb/2025:00:42:49 +0100] "GET /ticket2/opencms/mt/magazine/article?title=dwar-arsenal-fc HTTP/1.1" 200 93598
85.208.96.206 - - [28/Feb/2025:00:42:49 +0100] "GET /ticket2/opencms/hr/magazine/article?title=manchester-united-je-odlucio-otpustiti-erika-ten-haga HTTP/1.1" 200 97211
202.8.40.193 - - [28/Feb/2025:00:42:49 +0100] "GET /ticket2/opencms/system/modules/com.gridnine.opencms.ticketbrokerage.site/resources/css/jquery.fancybox.css HTTP/1.1" 200 4939
100.28.118.16 - - [28/Feb/2025:00:42:49 +0100] "GET /ticket2/opencms/sites/ticketbrokerage/sv/tickets/valencia/almeria.html HTTP/1.1" 404 -
202.8.40.193 - - [28/Feb/2025:00:42:49 +0100] "GET /ticket2/opencms/system/modules/com.gridnine.opencms.ticketbrokerage.site/resources/css/standard.css HTTP/1.1" 200 74207
202.8.40.193 - - [28/Feb/2025:00:42:49 +0100] "GET /ticket2/opencms/system/modules/com.gridnine.opencms.ticketbrokerage.site/resources/css/ticketbrokerage.css HTTP/1.1" 200 39339
202.8.40.193 - - [28/Feb/2025:00:42:49 +0100] "GET /ticket2/opencms/system/modules/com.gridnine.opencms.ticketbrokerage.site/resources/css/calendar.css HTTP/1.1" 200 6871
202.8.40.193 - - [28/Feb/2025:00:42:49 +0100] "GET /ticket2/opencms/system/modules/com.gridnine.opencms.ticketbrokerage.site/resources/css/jquery-ui.css HTTP/1.1" 200 33221
202.8.40.193 - - [28/Feb/2025:00:42:49 +0100] "GET /ticket2/opencms/system/modules/com.gridnine.opencms.ticketbrokerage.site/resources/js/jquery/jquery.js HTTP/1.1" 200 93868
202.8.40.193 - - [28/Feb/2025:00:42:49 +0100] "GET /ticket2/opencms/system/modules/com.gridnine.opencms.ticketbrokerage.site/resources/js/calendar.js HTTP/1.1" 200 49229
202.8.40.193 - - [28/Feb/2025:00:42:49 +0100] "GET /ticket2/opencms/system/modules/com.gridnine.opencms.ticketbrokerage.site/resources/js/jquery/jquery-ui.js HTTP/1.1" 200 228088
202.8.40.193 - - [28/Feb/2025:00:42:49 +0100] "GET /ticket2/opencms/system/modules/com.gridnine.opencms.ticketbrokerage.site/resources/js/functions.js HTTP/1.1" 200 1583
202.8.40.193 - - [28/Feb/2025:00:42:49 +0100] "GET /ticket2/opencms/system/modules/com.gridnine.opencms.ticketbrokerage.site/resources/js/calendar-en.js HTTP/1.1" 200 3338
20.171.207.246 - - [28/Feb/2025:00:42:49 +0100] "GET /ticket2/opencms/set_aff_cookie.jsp?partner=8F6DE15D-D831-5787-AE7E-FEFF53476F85&url=%252Fno%252Fbuy%252Findex.html%253Fpage%253D1%2526edid%253D6F6062BE-21E9-FCCC-41A7-E76CFE6D47E3%2526hlv%253D66938922-7198-4458-a06d-703c0a01000f%2523v_352277575 HTTP/1.1" 200 246
202.8.40.193 - - [28/Feb/2025:00:42:49 +0100] "GET /ticket2/opencms/system/modules/com.gridnine.opencms.ticketbrokerage.site/resources/js/jquery.fancybox.pack.js HTTP/1.1" 200 23187
202.8.40.193 - - [28/Feb/2025:00:42:49 +0100] "GET /ticket2/opencms/system/modules/com.gridnine.opencms.ticketbrokerage.site/resources/js/calendar-setup.js HTTP/1.1" 200 4923
202.8.40.193 - - [28/Feb/2025:00:42:49 +0100] "GET /ticket2/opencms/system/modules/com.gridnine.opencms.ticketbrokerage.site/resources/js/stickyfill.min.js HTTP/1.1" 200 5672
202.8.40.193 - - [28/Feb/2025:00:42:49 +0100] "GET /ticket2/opencms/system/modules/com.gridnine.opencms.ticketbrokerage.site/resources/js/standard.js HTTP/1.1" 200 3983
202.8.40.193 - - [28/Feb/2025:00:42:49 +0100] "GET /ticket2/opencms/system/modules/com.gridnine.opencms.ticketbrokerage.site/resources/js/jquery.placeholder.min.js HTTP/1.1" 200 1737
202.8.40.193 - - [28/Feb/2025:00:42:49 +0100] "GET /ticket2/opencms/system/modules/com.gridnine.opencms.ticketbrokerage.site/resources/js/common-ajax.js HTTP/1.1" 200 20175
20.171.207.246 - - [28/Feb/2025:00:42:50 +0100] "GET /ticket2/opencms/set_aff_cookie.jsp?partner=57601924-FB09-5BB2-867F-08B4EB522BA8&url=%252Fno%252Fbuy%252Findex.html%253Fpage%253D1%2526edid%253D49FEC43E-3E83-185B-C185-BAAB3CE353B1%2526hlv%253D60f81bf8-5fd4-4885-b855-5e890a01000f%2523v_433197582 HTTP/1.1" 200 246
85.208.96.197 - - [28/Feb/2025:00:42:51 +0100] "GET /ticket2/opencms/sk/magazine/article?title=jude-bellingham HTTP/1.1" 200 92964
20.171.207.246 - - [28/Feb/2025:00:42:51 +0100] "GET /ticket2/opencms/set_aff_cookie.jsp?partner=8F6DE15D-D831-5787-AE7E-FEFF53476F85&url=%252Fnl%252Fbuy%252Findex.html%253Fpage%253D1%2526edid%253D1B0DA330-38AA-5CD6-6C89-F2963014EF68%2526hlv%253D610bcf9a-5138-45b0-9a7f-16280a01000f%2523v_217922398 HTTP/1.1" 200 246
40.77.167.48 - - [28/Feb/2025:00:42:52 +0100] "GET /ticket2/opencms/sv/buy/?page=1&edid=5CB7C15B-7DAE-E95F-7D37-A833DC753156 HTTP/1.1" 200 108196
149.202.86.139 - - [28/Feb/2025:00:42:52 +0100] "GET /ticket2/opencms/dk/buy/?page=1&edid=4C4B615D-FF13-67D3-7FE2-BFA7E31B5BFA&sortorder=desc&column=price HTTP/1.1" 200 110991
114.119.130.91 - - [28/Feb/2025:00:42:52 +0100] "GET /ticket2/opencms/en/sell/?edid=89B9E8FB-02AC-B2B1-4633-6562ED36330C HTTP/1.1" 302 -
20.171.207.246 - - [28/Feb/2025:00:42:53 +0100] "GET /ticket2/opencms/set_aff_cookie.jsp?partner=57601924-FB09-5BB2-867F-08B4EB522BA8&url=%252Fdk%252Fbuy%252Findex.html%253Fpage%253D1%2526edid%253D8EF7EC9D-9BC8-1DEC-C27C-0541D5C5F471%2526hlv%253D6686913d-d48c-41b0-bd52-2fa90a01000f%2523v_1498906772 HTTP/1.1" 200 247
85.208.96.211 - - [28/Feb/2025:00:42:54 +0100] "GET /ticket2/opencms/el/magazine/article?title=o-jurgen-klopp-afhnei-th-liberpoyl-mia-istoria-epityxias-sto-anfield HTTP/1.1" 200 98774
20.171.207.246 - - [28/Feb/2025:00:42:54 +0100] "GET /ticket2/opencms/set_aff_cookie.jsp?partner=2E02071B-A8C3-4CBA-3097-C27D61C02ED8&url=%252Fen%252Fbuy%252Findex.html%253Fpage%253D1%2526edid%253D18631B4D-241F-1419-AEC9-B2739BCE7CC3%2526hlv%253D66b47e16-95d8-4fa9-9ae5-1f380a01000f%2523v_1789271703 HTTP/1.1" 200 247
20.171.207.246 - - [28/Feb/2025:00:42:55 +0100] "GET /ticket2/opencms/set_aff_cookie.jsp?partner=57601924-FB09-5BB2-867F-08B4EB522BA8&url=%252Fdk%252Fbuy%252Findex.html%253Fpage%253D1%2526edid%253D66FFE717-0C93-3F01-2AC8-8E7FC5F9BAB1%2526hlv%253D6689076b-62cc-412f-a981-1ba70a01000f%2523v_830007449 HTTP/1.1" 200 246
166.108.207.246 - - [28/Feb/2025:00:42:56 +0100] "GET /ticket2/opencms/bg/buy/?page=1&edid=BE18676F-AB94-E65E-A849-408190E75353 HTTP/1.1" 200 120343
20.171.207.246 - - [28/Feb/2025:00:42:56 +0100] "GET /ticket2/opencms/set_aff_cookie.jsp?partner=8F6DE15D-D831-5787-AE7E-FEFF53476F85&url=%252Fen%252Fbuy%252Findex.html%253Fpage%253D1%2526edid%253D52F83580-0FD4-F06F-050A-AE1CCE4A20C1%2526hlv%253D66d04b4e-a270-424a-8b3c-07480a01000f%2523v_1210963515 HTTP/1.1" 200 247
149.202.86.139 - - [28/Feb/2025:00:42:56 +0100] "GET /ticket2/opencms/dk/buy/?page=1&edid=4C6E70D7-2967-0370-D34B-AFEF2F6B8113&sortorder=asc&column=row HTTP/1.1" 200 110412
114.119.130.91 - - [28/Feb/2025:00:42:56 +0100] "GET /ticket2/opencms/en/login/?url=/en/sell/ HTTP/1.1" 200 90109
20.171.207.246 - - [28/Feb/2025:00:42:57 +0100] "GET /ticket2/opencms/set_aff_cookie.jsp?partner=6F250EA7-4505-FA01-D601-8847F2573405&url=%252Fdk%252Fbuy%252Findex.html%253Fpage%253D1%2526edid%253D1046C14E-D95C-B350-CBCD-2ECE5F3DCC46%2526hlv%253D668668af-44e0-4998-ae5e-6ca00a01000f%2523v_837948082 HTTP/1.1" 200 246
20.171.207.246 - - [28/Feb/2025:00:42:58 +0100] "GET /ticket2/opencms/set_aff_cookie.jsp?partner=5E0CDF29-E7BE-9F6B-6869-7BF66B04006F&url=%252Fru%252Fbuy%252Findex.html%253Fpage%253D1%2526edid%253D1922F4C1-0D89-1ACA-A50D-EFC3C58AA17B%2526hlv%253D6149f251-d178-4a28-b176-24390a01000f%2523v_1003298545 HTTP/1.1" 200 247
20.171.207.246 - - [28/Feb/2025:00:42:59 +0100] "GET /ticket2/opencms/set_aff_cookie.jsp?partner=6F250EA7-4505-FA01-D601-8847F2573405&url=%252Fru%252Fbuy%252Findex.html%253Fpage%253D1%2526edid%253DE8BA54CC-B112-3D61-BE02-1B4D1E4F63D1%2526hlv%253D666ddc0d-aad4-41e5-a1e6-6a330a01000f%2523v_1969580464 HTTP/1.1" 200 247
149.202.86.139 - - [28/Feb/2025:00:43:00 +0100] "GET /ticket2/opencms/dk/buy/?page=1&edid=4DAA5E3F-08F2-D085-FD70-1B0082E18DDD&sortorder=asc&column=section HTTP/1.1" 200 110370
20.171.207.246 - - [28/Feb/2025:00:43:01 +0100] "GET /ticket2/opencms/set_aff_cookie.jsp?partner=2E02071B-A8C3-4CBA-3097-C27D61C02ED8&url=%252Fru%252Fbuy%252Findex.html%253Fpage%253D1%2526edid%253D1C663B38-AAE8-15E5-78AB-F7247D2C67D4%2526hlv%253D666d70a0-b104-4c31-bc92-0e670a01000f%2523v_297857324 HTTP/1.1" 200 246
66.249.75.228 - - [28/Feb/2025:00:43:02 +0100] "GET /ticket2/opencms/fi/buy/?page=6&comcatid=97ECA65A-72DA-F9AF-9DBB-245D3CFED1BE&catid=F7F89B9B-6697-7881-54AE-4C39276BF1B8%25252525252525252525252525252525252525252525252525252525252525252525252525252525252525252525252525253Fpartner=5DA1B85A-5A44-4C00-C2EF-3DFF7E687A1D HTTP/1.1" 200 103131
20.171.207.246 - - [28/Feb/2025:00:43:02 +0100] "GET /ticket2/opencms/set_aff_cookie.jsp?partner=57601924-FB09-5BB2-867F-08B4EB522BA8&url=%252Fsv%252Fbuy%252Findex.html%253Fpage%253D1%2526edid%253D66C22035-E7EA-E10A-4BFC-2C30733037DC%2526hlv%253D666d4a3b-dfa0-41f9-8a17-6bb30a01000f%2523v1306200607 HTTP/1.1" 200 246
20.171.207.246 - - [28/Feb/2025:00:43:03 +0100] "GET /ticket2/opencms/set_aff_cookie.jsp?partner=5E0CDF29-E7BE-9F6B-6869-7BF66B04006F&url=%252Fdk%252Fbuy%252Findex.html%253Fpage%253D1%2526edid%253D6A920F16-DD42-2262-3AA2-B83D5743F13A%2526hlv%253D666cb1ca-7240-4dd1-ba10-44290a01000f%2523v_733922959 HTTP/1.1" 200 246
54.36.149.31 - - [28/Feb/2025:00:43:03 +0100] "GET /ticket2/opencms/be/buy?page=1&edid=E5A432C8-DA4B-0B1D-D158-7FE1F332A199 HTTP/1.1" 200 110924
54.36.149.101 - - [28/Feb/2025:00:43:03 +0100] "GET /ticket2/opencms/sk/magazine/article?title=manchester-city-vyhrava-premier-league HTTP/1.1" 200 92937
20.171.207.246 - - [28/Feb/2025:00:43:04 +0100] "GET /ticket2/opencms/set_aff_cookie.jsp?partner=57601924-FB09-5BB2-867F-08B4EB522BA8&url=%252Fsv%252Fbuy%252Findex.html%253Fpage%253D1%2526edid%253D1ABC406A-92BD-FDCF-3BD6-80A52E60B34F%2526hlv%253D666c88f1-6dcc-4166-912f-79b60a01000f%2523v_1452358727 HTTP/1.1" 200 247
202.8.40.127 - - [28/Feb/2025:00:43:04 +0100] "GET /ticket2/opencms/system/modules/com.gridnine.opencms.ticketbrokerage.site/resources/css/ticketbrokerage.css HTTP/1.1" 200 39339
202.8.40.127 - - [28/Feb/2025:00:43:04 +0100] "GET /ticket2/opencms/system/modules/com.gridnine.opencms.ticketbrokerage.site/resources/css/calendar.css HTTP/1.1" 200 6871
202.8.40.127 - - [28/Feb/2025:00:43:04 +0100] "GET /ticket2/opencms/system/modules/com.gridnine.opencms.ticketbrokerage.site/resources/css/jquery-ui.css HTTP/1.1" 200 33221
202.8.40.127 - - [28/Feb/2025:00:43:04 +0100] "GET /ticket2/opencms/system/modules/com.gridnine.opencms.ticketbrokerage.site/resources/css/jquery.fancybox.css HTTP/1.1" 200 4939
202.8.40.127 - - [28/Feb/2025:00:43:04 +0100] "GET /ticket2/opencms/system/modules/com.gridnine.opencms.ticketbrokerage.site/resources/css/standard.css HTTP/1.1" 200 74207
202.8.40.127 - - [28/Feb/2025:00:43:04 +0100] "GET /ticket2/opencms/system/modules/com.gridnine.opencms.ticketbrokerage.site/resources/js/jquery/jquery.js HTTP/1.1" 200 93868
149.202.86.139 - - [28/Feb/2025:00:43:04 +0100] "GET /ticket2/opencms/dk/buy/?page=1&edid=4DC6F9D0-4CFB-1AC2-2B69-BFAEC7725855&sortorder=desc&column=row HTTP/1.1" 200 110188
202.8.40.127 - - [28/Feb/2025:00:43:04 +0100] "GET /ticket2/opencms/system/modules/com.gridnine.opencms.ticketbrokerage.site/resources/js/functions.js HTTP/1.1" 200 1583
202.8.40.127 - - [28/Feb/2025:00:43:04 +0100] "GET /ticket2/opencms/system/modules/com.gridnine.opencms.ticketbrokerage.site/resources/js/jquery/jquery-ui.js HTTP/1.1" 200 228088
202.8.40.127 - - [28/Feb/2025:00:43:04 +0100] "GET /ticket2/opencms/system/modules/com.gridnine.opencms.ticketbrokerage.site/resources/js/calendar.js HTTP/1.1" 200 49229
202.8.40.127 - - [28/Feb/2025:00:43:04 +0100] "GET /ticket2/opencms/system/modules/com.gridnine.opencms.ticketbrokerage.site/resources/js/calendar-setup.js HTTP/1.1" 200 4923
202.8.40.127 - - [28/Feb/2025:00:43:04 +0100] "GET /ticket2/opencms/system/modules/com.gridnine.opencms.ticketbrokerage.site/resources/js/calendar-en.js HTTP/1.1" 200 3338
52.167.144.222 - - [28/Feb/2025:00:43:04 +0100] "GET /ticket2/opencms/de/buy?page=1&edid=93837A52-5045-72D1-9179-18B25275E9E0 HTTP/1.1" 200 89885
185.191.171.2 - - [28/Feb/2025:00:43:04 +0100] "GET /ticket2/opencms/cs/magazine/article?title=bezne-pojmy-ve-fotbale HTTP/1.1" 200 98323
202.8.40.127 - - [28/Feb/2025:00:43:04 +0100] "GET /ticket2/opencms/system/modules/com.gridnine.opencms.ticketbrokerage.site/resources/js/jquery.fancybox.pack.js HTTP/1.1" 200 23187
202.8.40.127 - - [28/Feb/2025:00:43:04 +0100] "GET /ticket2/opencms/system/modules/com.gridnine.opencms.ticketbrokerage.site/resources/js/stickyfill.min.js HTTP/1.1" 200 5672
202.8.40.127 - - [28/Feb/2025:00:43:04 +0100] "GET /ticket2/opencms/system/modules/com.gridnine.opencms.ticketbrokerage.site/resources/js/standard.js HTTP/1.1" 200 3983
202.8.40.127 - - [28/Feb/2025:00:43:05 +0100] "GET /ticket2/opencms/system/modules/com.gridnine.opencms.ticketbrokerage.site/resources/js/jquery.placeholder.min.js HTTP/1.1" 200 1737
202.8.40.127 - - [28/Feb/2025:00:43:05 +0100] "GET /ticket2/opencms/system/modules/com.gridnine.opencms.ticketbrokerage.site/resources/js/common-ajax.js HTTP/1.1" 200 20175
202.8.40.127 - - [28/Feb/2025:00:43:05 +0100] "GET /ticket2/opencms/be/ask-form.html HTTP/1.1" 200 3156
202.8.40.127 - - [28/Feb/2025:00:43:05 +0100] "GET /ticket2/opencms/system/modules/com.gridnine.opencms.ticketbrokerage.site/resources/css/ticketbrokerage.css HTTP/1.1" 200 39339
20.171.207.246 - - [28/Feb/2025:00:43:05 +0100] "GET /ticket2/opencms/set_aff_cookie.jsp?partner=5E0CDF29-E7BE-9F6B-6869-7BF66B04006F&url=%252Fnl%252Fbuy%252Findex.html%253Fpage%253D1%2526edid%253D70EF0ABB-9A80-4CE0-EE48-CC9265C1B361%2526hlv%253D6692485c-0818-4e1f-8772-16d80a01000f%2523v_512138455 HTTP/1.1" 200 246
66.249.76.168 - - [28/Feb/2025:00:43:06 +0100] "GET /ticket2/opencms/sq/buy?page=1&edid=4F0DF82F-544D-E130-A490-9B74F6C2186D HTTP/1.1" 200 112758
20.171.207.246 - - [28/Feb/2025:00:43:06 +0100] "GET /ticket2/opencms/set_aff_cookie.jsp?partner=2E02071B-A8C3-4CBA-3097-C27D61C02ED8&url=%252Fsv%252Fbuy%252Findex.html%253Fpage%253D1%2526edid%253D70EF0ABB-9A80-4CE0-EE48-CC9265C1B361%2526hlv%253D6692485f-6ca4-466b-843d-16d80a01000f%2523v_294562640 HTTP/1.1" 200 246
173.252.69.114 - - [28/Feb/2025:00:43:07 +0100] "GET /ticket2/opencms/es/deporte/entradas-futbol/serie-a/inter HTTP/1.1" 200 98279
20.171.207.246 - - [28/Feb/2025:00:43:08 +0100] "GET /ticket2/opencms/set_aff_cookie.jsp?partner=5E0CDF29-E7BE-9F6B-6869-7BF66B04006F&url=%252Ffi%252Fbuy%252Findex.html%253Fpage%253D1%2526edid%253D66C22035-E7EA-E10A-4BFC-2C30733037DC%2526hlv%253D666d4a3a-d358-43bc-8746-6bb30a01000f%2523v1348696827 HTTP/1.1" 200 246
149.202.86.139 - - [28/Feb/2025:00:43:08 +0100] "GET /ticket2/opencms/dk/buy/?page=1&edid=4E0C3D76-5DC2-7BFB-1A0D-B1E6CECFCF58&sortorder=asc&column=price HTTP/1.1" 200 108104
20.171.207.246 - - [28/Feb/2025:00:43:09 +0100] "GET /ticket2/opencms/set_aff_cookie.jsp?partner=2E02071B-A8C3-4CBA-3097-C27D61C02ED8&url=%252Fdk%252Fbuy%252Findex.html%253Fpage%253D1%2526edid%253D18631B4D-241F-1419-AEC9-B2739BCE7CC3%2526hlv%253D66b47e17-79d4-481b-9d7a-1f380a01000f%2523v_213698666 HTTP/1.1" 200 246
20.171.207.246 - - [28/Feb/2025:00:43:10 +0100] "GET /ticket2/opencms/set_aff_cookie.jsp?partner=2E02071B-A8C3-4CBA-3097-C27D61C02ED8&url=%252Fno%252Fbuy%252Findex.html%253Fpage%253D1%2526edid%253D6BB08CE9-0D81-41FE-EE1F-F84E2D4B4721%2526hlv%253D66cf0d18-c340-4590-a67f-29010a01000f%2523v_1916359210 HTTP/1.1" 200 247
20.171.207.246 - - [28/Feb/2025:00:43:11 +0100] "GET /ticket2/opencms/set_aff_cookie.jsp?partner=6F250EA7-4505-FA01-D601-8847F2573405&url=%252Fnl%252Fbuy%252Findex.html%253Fpage%253D1%2526edid%253D1922F4C1-0D89-1ACA-A50D-EFC3C58AA17B%2526hlv%253D60f5c537-bd8c-4c82-87aa-1de00a01000f%2523v_1964531614 HTTP/1.1" 200 247
149.202.86.139 - - [28/Feb/2025:00:43:12 +0100] "GET /ticket2/opencms/dk/buy/?page=1&edid=589642D0-11F2-5FB7-4A4A-B45CE0E4D872 HTTP/1.1" 200 89101
185.191.171.6 - - [28/Feb/2025:00:43:12 +0100] "GET /ticket2/opencms/hu/magazine/article?title=a-liverpool-fc-futballcsapatarol HTTP/1.1" 200 97616
20.171.207.246 - - [28/Feb/2025:00:43:12 +0100] "GET /ticket2/opencms/set_aff_cookie.jsp?partner=57601924-FB09-5BB2-867F-08B4EB522BA8&url=%252Fno%252Fbuy%252Findex.html%253Fpage%253D1%2526edid%253DE8BA54CC-B112-3D61-BE02-1B4D1E4F63D1%2526hlv%253D666ddc0d-8c74-4740-9f0a-6a330a01000f%2523v_2087194163 HTTP/1.1" 200 247
20.171.207.246 - - [28/Feb/2025:00:43:13 +0100] "GET /ticket2/opencms/set_aff_cookie.jsp?partner=8F6DE15D-D831-5787-AE7E-FEFF53476F85&url=%252Fru%252Fbuy%252Findex.html%253Fpage%253D1%2526edid%253D6619AF23-B82A-4933-7AAB-7FCD989DC8B0%2526hlv%253D60ca1d55-8280-473d-89c1-410b0a01000f%2523v_799073995 HTTP/1.1" 200 246
52.167.144.161 - - [28/Feb/2025:00:43:14 +0100] "GET /ticket2/opencms/en/magazine/article?title=ballon-dor-winner-2024 HTTP/1.1" 200 91855
47.82.10.133 - - [28/Feb/2025:00:43:14 +0100] "GET /ticket2/opencms/en/sport/football-tickets/la-liga/barcelona/ HTTP/1.1" 200 91937
20.171.207.246 - - [28/Feb/2025:00:43:15 +0100] "GET /ticket2/opencms/set_aff_cookie.jsp?partner=8F6DE15D-D831-5787-AE7E-FEFF53476F85&url=%252Fnl%252Fbuy%252Findex.html%253Fpage%253D1%2526edid%253D697BE447-74B7-A748-152F-A1818DA4BEC9%2526hlv%253D666d6f1d-902c-4d26-96a3-0c190a01000f%2523v_322880463 HTTP/1.1" 200 246
85.208.96.197 - - [28/Feb/2025:00:43:15 +0100] "GET /ticket2/opencms/sv/faq/ HTTP/1.1" 200 93114
54.36.149.57 - - [28/Feb/2025:00:43:15 +0100] "GET /ticket2/opencms/sv/buy?page=1&edid=E9B7DED4-B9B3-1D5B-302C-EBD67027CF78 HTTP/1.1" 200 111356
20.171.207.246 - - [28/Feb/2025:00:43:16 +0100] "GET /ticket2/opencms/set_aff_cookie.jsp?partner=5E0CDF29-E7BE-9F6B-6869-7BF66B04006F&url=%252Fdk%252Fbuy%252Findex.html%253Fpage%253D1%2526edid%253D6A920F16-DD42-2262-3AA2-B83D5743F13A%2526hlv%253D666cb1c7-19a0-44bc-a9ff-44290a01000f%2523v_1379629135 HTTP/1.1" 200 247
149.202.86.139 - - [28/Feb/2025:00:43:16 +0100] "GET /ticket2/opencms/dk/buy/?page=1&edid=58B13301-D5DD-C7AE-DE41-C4027698FEEF&sortorder=asc&column=price HTTP/1.1" 200 110310
202.8.41.97 - - [28/Feb/2025:00:43:16 +0100] "GET /ticket2/opencms/system/modules/com.gridnine.opencms.ticketbrokerage.site/resources/css/jquery.fancybox.css HTTP/1.1" 200 4939
202.8.41.97 - - [28/Feb/2025:00:43:16 +0100] "GET /ticket2/opencms/system/modules/com.gridnine.opencms.ticketbrokerage.site/resources/css/ticketbrokerage.css HTTP/1.1" 200 39339
202.8.41.97 - - [28/Feb/2025:00:43:16 +0100] "GET /ticket2/opencms/system/modules/com.gridnine.opencms.ticketbrokerage.site/resources/css/jquery-ui.css HTTP/1.1" 200 33221
202.8.41.97 - - [28/Feb/2025:00:43:16 +0100] "GET /ticket2/opencms/system/modules/com.gridnine.opencms.ticketbrokerage.site/resources/css/calendar.css HTTP/1.1" 200 6871
202.8.41.97 - - [28/Feb/2025:00:43:16 +0100] "GET /ticket2/opencms/system/modules/com.gridnine.opencms.ticketbrokerage.site/resources/js/jquery/jquery.js HTTP/1.1" 200 93868
202.8.41.97 - - [28/Feb/2025:00:43:16 +0100] "GET /ticket2/opencms/system/modules/com.gridnine.opencms.ticketbrokerage.site/resources/css/standard.css HTTP/1.1" 200 74207
202.8.41.97 - - [28/Feb/2025:00:43:16 +0100] "GET /ticket2/opencms/system/modules/com.gridnine.opencms.ticketbrokerage.site/resources/js/jquery/jquery-ui.js HTTP/1.1" 200 228088
202.8.41.97 - - [28/Feb/2025:00:43:16 +0100] "GET /ticket2/opencms/system/modules/com.gridnine.opencms.ticketbrokerage.site/resources/js/functions.js HTTP/1.1" 200 1583
202.8.41.97 - - [28/Feb/2025:00:43:16 +0100] "GET /ticket2/opencms/system/modules/com.gridnine.opencms.ticketbrokerage.site/resources/js/calendar-en.js HTTP/1.1" 200 3338
202.8.41.97 - - [28/Feb/2025:00:43:16 +0100] "GET /ticket2/opencms/system/modules/com.gridnine.opencms.ticketbrokerage.site/resources/js/calendar.js HTTP/1.1" 200 49229
202.8.41.97 - - [28/Feb/2025:00:43:16 +0100] "GET /ticket2/opencms/system/modules/com.gridnine.opencms.ticketbrokerage.site/resources/js/calendar-setup.js HTTP/1.1" 200 4923
202.8.41.97 - - [28/Feb/2025:00:43:16 +0100] "GET /ticket2/opencms/system/modules/com.gridnine.opencms.ticketbrokerage.site/resources/js/jquery.fancybox.pack.js HTTP/1.1" 200 23187
202.8.41.97 - - [28/Feb/2025:00:43:16 +0100] "GET /ticket2/opencms/system/modules/com.gridnine.opencms.ticketbrokerage.site/resources/js/stickyfill.min.js HTTP/1.1" 200 5672
202.8.41.97 - - [28/Feb/2025:00:43:16 +0100] "GET /ticket2/opencms/system/modules/com.gridnine.opencms.ticketbrokerage.site/resources/js/standard.js HTTP/1.1" 200 3983
202.8.41.97 - - [28/Feb/2025:00:43:17 +0100] "GET /ticket2/opencms/system/modules/com.gridnine.opencms.ticketbrokerage.site/resources/js/jquery.placeholder.min.js HTTP/1.1" 200 1737
202.8.41.97 - - [28/Feb/2025:00:43:17 +0100] "GET /ticket2/opencms/system/modules/com.gridnine.opencms.ticketbrokerage.site/resources/js/common-ajax.js HTTP/1.1" 200 20175
202.8.41.97 - - [28/Feb/2025:00:43:17 +0100] "GET /ticket2/opencms/sv/ask-form.html HTTP/1.1" 200 2950
20.171.207.246 - - [28/Feb/2025:00:43:17 +0100] "GET /ticket2/opencms/set_aff_cookie.jsp?partner=57601924-FB09-5BB2-867F-08B4EB522BA8&url=%252Fdk%252Fbuy%252Findex.html%253Fpage%253D1%2526edid%253D1ABC406A-92BD-FDCF-3BD6-80A52E60B34F%2526hlv%253D666c88f1-8300-47f1-b885-79b60a01000f%2523v_486162922 HTTP/1.1" 200 246
202.8.41.97 - - [28/Feb/2025:00:43:17 +0100] "GET /ticket2/opencms/system/modules/com.gridnine.opencms.ticketbrokerage.site/resources/css/ticketbrokerage.css HTTP/1.1" 200 39339
20.171.207.246 - - [28/Feb/2025:00:43:18 +0100] "GET /ticket2/opencms/set_aff_cookie.jsp?partner=8F6DE15D-D831-5787-AE7E-FEFF53476F85&url=%252Fdk%252Fbuy%252Findex.html%253Fpage%253D1%2526edid%253D50F7AB81-6A9C-C90F-2794-DEB00B53E681%2526hlv%253D612aadca-6e00-48a9-81f9-73000a01000f%2523v_1952858480 HTTP/1.1" 200 247
20.171.207.246 - - [28/Feb/2025:00:43:19 +0100] "GET /ticket2/opencms/set_aff_cookie.jsp?partner=2E02071B-A8C3-4CBA-3097-C27D61C02ED8&url=%252Fen%252Fbuy%252Findex.html%253Fpage%253D1%2526edid%253D1C663B38-AAE8-15E5-78AB-F7247D2C67D4%2526hlv%253D666d70a3-e704-45ca-bb8f-0e670a01000f%2523v_2119698862 HTTP/1.1" 200 247
66.249.75.227 - - [28/Feb/2025:00:43:20 +0100] "GET /ticket2/opencms/mo/buy?page=1&edid=F0845893-AB25-79ED-E273-8681A31846EB&hlv=666d4460-bee4-4b1e-95da-64080a01000f HTTP/1.1" 200 113756
149.202.86.139 - - [28/Feb/2025:00:43:20 +0100] "GET /ticket2/opencms/dk/buy/?page=1&edid=5AB08E75-7029-A48B-FC01-E1DA6953C20F&sortorder=asc&column=section HTTP/1.1" 200 111497
20.171.207.246 - - [28/Feb/2025:00:43:20 +0100] "GET /ticket2/opencms/set_aff_cookie.jsp?partner=2E02071B-A8C3-4CBA-3097-C27D61C02ED8&url=%252Fru%252Fbuy%252Findex.html%253Fpage%253D1%2526edid%253D890CCDBB-BBBF-11B0-1E79-EA111E8EF281%2526hlv%253D668839fe-6828-41a3-9766-2d260a01000f%2523v_1033427508 HTTP/1.1" 200 247
20.171.207.246 - - [28/Feb/2025:00:43:21 +0100] "GET /ticket2/opencms/set_aff_cookie.jsp?partner=8F6DE15D-D831-5787-AE7E-FEFF53476F85&url=%252Fno%252Fbuy%252Findex.html%253Fpage%253D1%2526edid%253D70EF0ABB-9A80-4CE0-EE48-CC9265C1B361%2526hlv%253D6692485b-6474-4b01-938c-16d80a01000f%2523v_272327270 HTTP/1.1" 200 246
20.171.207.246 - - [28/Feb/2025:00:43:23 +0100] "GET /ticket2/opencms/set_aff_cookie.jsp?partner=57601924-FB09-5BB2-867F-08B4EB522BA8&url=%252Fnl%252Fbuy%252Findex.html%253Fpage%253D1%2526edid%253D135439EE-24C6-CFFE-A3F6-AD08F6CB1A03%2526hlv%253D60ca0f4d-0ab0-423a-9d38-36280a01000f%2523v_1719509492 HTTP/1.1" 200 247
20.171.207.246 - - [28/Feb/2025:00:43:24 +0100] "GET /ticket2/opencms/set_aff_cookie.jsp?partner=8F6DE15D-D831-5787-AE7E-FEFF53476F85&url=%252Fnl%252Fbuy%252Findex.html%253Fpage%253D1%2526edid%253D6ED08D04-7263-AC79-DA04-AFB97DC97A00%2526hlv%253D6693908f-34d4-4fb1-ab32-74840a01000f%2523v_715389424 HTTP/1.1" 200 246
149.202.86.139 - - [28/Feb/2025:00:43:24 +0100] "GET /ticket2/opencms/dk/buy/?page=1&edid=62BA1B24-FE28-14A9-746C-0509EF670DD2&sortorder=desc&column=price HTTP/1.1" 200 110495
20.171.207.246 - - [28/Feb/2025:00:43:25 +0100] "GET /ticket2/opencms/set_aff_cookie.jsp?partner=2E02071B-A8C3-4CBA-3097-C27D61C02ED8&url=%252Fno%252Fbuy%252Findex.html%253Fpage%253D1%2526edid%253D1B2497C9-50FD-C481-B810-5D82DC9B4FE5%2526hlv%253D6145bf2a-46d4-47c9-aca2-656d0a01000f%2523v_1111400328 HTTP/1.1" 200 247
44.196.118.6 - - [28/Feb/2025:00:43:26 +0100] "GET /ticket2/opencms/sites/ticketbrokerage/sv/sport/fotbollsbiljetter/premier_league/blackburn_rovers/newcastle-united.html HTTP/1.1" 404 -
111.119.237.137 - - [28/Feb/2025:00:43:26 +0100] "GET /ticket2/opencms/es/buy?page=1&edid=7A0C4CE7-DF50-29C3-D447-032204091A27 HTTP/1.1" 200 108616
20.171.207.246 - - [28/Feb/2025:00:43:26 +0100] "GET /ticket2/opencms/set_aff_cookie.jsp?partner=8F6DE15D-D831-5787-AE7E-FEFF53476F85&url=%252Fru%252Fbuy%252Findex.html%253Fpage%253D1%2526edid%253D66C22035-E7EA-E10A-4BFC-2C30733037DC%2526hlv%253D666d4a39-0864-4ffb-a680-6bb30a01000f%2523v1309446337 HTTP/1.1" 200 246
