20.171.207.246 - - [28/Feb/2025:01:19:56 +0100] "GET /ticket2/opencms/set_aff_cookie.jsp?partner=6F250EA7-4505-FA01-D601-8847F2573405&url=%252Ffi%252Fbuy%252Findex.html%253Fpage%253D1%2526edid%253D9A8891BD-C3B9-2FD5-1633-7AEF0F073762%2526hlv%253D669390d9-4370-473d-9080-75040a01000f%2523v607585053 HTTP/1.1" 200 245
20.171.207.246 - - [28/Feb/2025:01:19:58 +0100] "GET /ticket2/opencms/set_aff_cookie.jsp?partner=6F250EA7-4505-FA01-D601-8847F2573405&url=%252Fsv%252Fbuy%252Findex.html%253Fpage%253D1%2526edid%253D9F8544B2-CF19-221B-478E-5476FF460535%2526hlv%253D6693ab49-c340-4425-9e34-052e0a01000f%2523v396758570 HTTP/1.1" 200 245
20.171.207.246 - - [28/Feb/2025:01:19:59 +0100] "GET /ticket2/opencms/set_aff_cookie.jsp?partner=6F250EA7-4505-FA01-D601-8847F2573405&url=%252Ffi%252Fbuy%252Findex.html%253Fpage%253D1%2526edid%253D779DCE22-7865-5C8E-54FB-44794C9B955F%2526hlv%253D669241c3-3634-4657-8a65-0d450a01000f%2523v2020439643 HTTP/1.1" 200 246
66.249.75.227 - - [28/Feb/2025:01:20:00 +0100] "GET /ticket2/opencms/sr/buy?page=1&edid=B5C7399B-C087-FF38-4294-BB861C1DB4F9&hlv=666d3a0d-2798-4fed-bae5-5b2c0a01000f HTTP/1.1" 200 113212
20.171.207.246 - - [28/Feb/2025:01:20:00 +0100] "GET /ticket2/opencms/set_aff_cookie.jsp?partner=6F250EA7-4505-FA01-D601-8847F2573405&url=%252Ffi%252Fbuy%252Findex.html%253Fpage%253D1%2526edid%253D26467E66-E432-3709-0425-A75E81B5021A%2526hlv%253D666c5d29-aa94-479b-8566-4e220a01000f%2523v2009402928 HTTP/1.1" 200 246
20.171.207.246 - - [28/Feb/2025:01:20:01 +0100] "GET /ticket2/opencms/set_aff_cookie.jsp?partner=6F250EA7-4505-FA01-D601-8847F2573405&url=%252Fen%252Fbuy%252Findex.html%253Fpage%253D1%2526edid%253D779DCE22-7865-5C8E-54FB-44794C9B955F%2526hlv%253D669241c4-1624-4061-8f32-0d450a01000f%2523v698773735 HTTP/1.1" 200 245
216.244.66.238 - - [28/Feb/2025:01:20:02 +0100] "GET /ticket2/opencms/sq/buy?page=1&edid=6569E833-F58F-E565-7CC3-4E596C1015F9 HTTP/1.1" 200 109115
20.171.207.246 - - [28/Feb/2025:01:20:02 +0100] "GET /ticket2/opencms/set_aff_cookie.jsp?partner=6F250EA7-4505-FA01-D601-8847F2573405&url=%252Fru%252Fbuy%252Findex.html%253Fpage%253D1%2526edid%253D3289C097-2261-9433-8644-DF033A9EE354%2526hlv%253D6752c976-5044-441f-a7cb-77b50a01000f%2523v1059269811 HTTP/1.1" 200 246
20.171.207.246 - - [28/Feb/2025:01:20:03 +0100] "GET /ticket2/opencms/set_aff_cookie.jsp?partner=6F250EA7-4505-FA01-D601-8847F2573405&url=%252Ffi%252Fbuy%252Findex.html%253Fpage%253D1%2526edid%253D87B3356E-6F78-7F45-235C-4CD49B95C308%2526hlv%253D669148e3-18a4-443d-8051-48a80a01000f%2523v1165525200 HTTP/1.1" 200 246
20.171.207.246 - - [28/Feb/2025:01:20:05 +0100] "GET /ticket2/opencms/set_aff_cookie.jsp?partner=6F250EA7-4505-FA01-D601-8847F2573405&url=%252Ffi%252Fbuy%252Findex.html%253Fpage%253D1%2526edid%253D3289C097-2261-9433-8644-DF033A9EE354%2526hlv%253D666c5d15-9998-49d2-824d-4e220a01000f%2523v840685123 HTTP/1.1" 200 245
54.36.149.22 - - [28/Feb/2025:01:20:05 +0100] "GET /ticket2/opencms/cs/buy/?page=1&edid=C7757F5F-B4AF-8F1E-2F32-08E4F67807FA HTTP/1.1" 200 111835
185.191.171.6 - - [28/Feb/2025:01:20:05 +0100] "GET /ticket2/opencms/az/magazine/article?title=lucas-bergvall-yeni-david-beckham HTTP/1.1" 200 93413
101.46.6.82 - - [28/Feb/2025:01:20:05 +0100] "GET /ticket2/opencms/it/magazine/article?title=arsenal-si-avvicina-a-liverpool HTTP/1.1" 200 92916
20.171.207.246 - - [28/Feb/2025:01:20:06 +0100] "GET /ticket2/opencms/set_aff_cookie.jsp?partner=6F250EA7-4505-FA01-D601-8847F2573405&url=%252Fen%252Fbuy%252Findex.html%253Fpage%253D1%2526edid%253D47C0370F-9915-7673-E038-7AD65907592C%2526hlv%253D666d50d3-66bc-4f53-9563-70d60a01000f%2523v1167137441 HTTP/1.1" 200 246
20.171.207.246 - - [28/Feb/2025:01:20:07 +0100] "GET /ticket2/opencms/set_aff_cookie.jsp?partner=6F250EA7-4505-FA01-D601-8847F2573405&url=%252Fdk%252Fbuy%252Findex.html%253Fpage%253D1%2526edid%253D7624E370-717C-E67C-7863-0581645F3814%2526hlv%253D6698ea36-65c8-4073-8d5b-4dfb0a01000f%2523v1478288509 HTTP/1.1" 200 246
20.171.207.246 - - [28/Feb/2025:01:20:08 +0100] "GET /ticket2/opencms/set_aff_cookie.jsp?partner=6F250EA7-4505-FA01-D601-8847F2573405&url=%252Ffi%252Fbuy%252Findex.html%253Fpage%253D1%2526edid%253D3289C097-2261-9433-8644-DF033A9EE354%2526hlv%253D666c5d16-3b78-42b6-9258-4e220a01000f%2523v781242592 HTTP/1.1" 200 245
20.171.207.246 - - [28/Feb/2025:01:20:09 +0100] "GET /ticket2/opencms/set_aff_cookie.jsp?partner=6F250EA7-4505-FA01-D601-8847F2573405&url=%252Fsv%252Fbuy%252Findex.html%253Fpage%253D1%2526edid%253D3289C097-2261-9433-8644-DF033A9EE354%2526hlv%253D666c5d16-3b78-42b6-9258-4e220a01000f%2523v781242592 HTTP/1.1" 200 245
114.119.146.220 - - [28/Feb/2025:01:20:09 +0100] "GET /ticket2/opencms/en/sell/?edid=85C49B56-0E7B-16F6-66E3-E0CA735F0D13 HTTP/1.1" 302 -
3.219.80.71 - - [28/Feb/2025:01:20:10 +0100] "GET /ticket2/opencms/sites/ticketbrokerage/sv/tickets/valencia/zaragoza.html HTTP/1.1" 404 -
20.171.207.246 - - [28/Feb/2025:01:20:10 +0100] "GET /ticket2/opencms/set_aff_cookie.jsp?partner=6F250EA7-4505-FA01-D601-8847F2573405&url=%252Fnl%252Fbuy%252Findex.html%253Fpage%253D1%2526edid%253D9F8544B2-CF19-221B-478E-5476FF460535%2526hlv%253D6693ab49-c340-4425-9e34-052e0a01000f%2523v396758570 HTTP/1.1" 200 245
185.191.171.12 - - [28/Feb/2025:01:20:11 +0100] "GET /ticket2/opencms/sr/magazine/article?title=da-li-viktor-gyokeres-moze-napustiti-sporting-ranije-nego-sto-je-planirano HTTP/1.1" 200 94366
20.171.207.246 - - [28/Feb/2025:01:20:12 +0100] "GET /ticket2/opencms/set_aff_cookie.jsp?partner=6F250EA7-4505-FA01-D601-8847F2573405&url=%252Fnl%252Fbuy%252Findex.html%253Fpage%253D1%2526edid%253D47C0370F-9915-7673-E038-7AD65907592C%2526hlv%253D666d50d2-b974-4dd0-865a-70d60a01000f%2523v1422000616 HTTP/1.1" 200 246
85.208.96.197 - - [28/Feb/2025:01:20:12 +0100] "GET /ticket2/opencms/hr/magazine/article?title=liga-nacija-je-u-punom-jeku HTTP/1.1" 200 94425
20.171.207.246 - - [28/Feb/2025:01:20:13 +0100] "GET /ticket2/opencms/set_aff_cookie.jsp?partner=6F250EA7-4505-FA01-D601-8847F2573405&url=%252Fru%252Fbuy%252Findex.html%253Fpage%253D1%2526edid%253D9F8544B2-CF19-221B-478E-5476FF460535%2526hlv%253D6693ab4a-31d8-4139-9831-052e0a01000f%2523v513408732 HTTP/1.1" 200 245
114.119.146.220 - - [28/Feb/2025:01:20:13 +0100] "GET /ticket2/opencms/en/login/?url=/en/sell/ HTTP/1.1" 200 90049
20.171.207.246 - - [28/Feb/2025:01:20:14 +0100] "GET /ticket2/opencms/set_aff_cookie.jsp?partner=6F250EA7-4505-FA01-D601-8847F2573405&url=%252Fno%252Fbuy%252Findex.html%253Fpage%253D1%2526edid%253D3289C097-2261-9433-8644-DF033A9EE354%2526hlv%253D6752c976-5044-441f-a7cb-77b50a01000f%2523v1059269811 HTTP/1.1" 200 246
52.167.144.214 - - [28/Feb/2025:01:20:14 +0100] "GET /ticket2/opencms/hu/buy/?page=1&edid=DCAD74C0-E117-C164-2FDB-D5075B4F59DF HTTP/1.1" 200 108847
20.171.207.246 - - [28/Feb/2025:01:20:15 +0100] "GET /ticket2/opencms/set_aff_cookie.jsp?partner=6F250EA7-4505-FA01-D601-8847F2573405&url=%252Fnl%252Fbuy%252Findex.html%253Fpage%253D1%2526edid%253D47C0370F-9915-7673-E038-7AD65907592C%2526hlv%253D666d50d2-5e08-467f-9442-70d60a01000f%2523v142934122 HTTP/1.1" 200 245
20.171.207.246 - - [28/Feb/2025:01:20:16 +0100] "GET /ticket2/opencms/set_aff_cookie.jsp?partner=57601924-FB09-5BB2-867F-08B4EB522BA8&url=%252Ffi%252Fbuy%252Findex.html%253Fpage%253D1%2526edid%253D3289C097-2261-9433-8644-DF033A9EE354%2526hlv%253D666c5d14-7c74-4692-9608-4e220a01000f%2523v2060828805 HTTP/1.1" 200 246
20.171.207.246 - - [28/Feb/2025:01:20:17 +0100] "GET /ticket2/opencms/set_aff_cookie.jsp?partner=6F250EA7-4505-FA01-D601-8847F2573405&url=%252Ffi%252Fbuy%252Findex.html%253Fpage%253D1%2526edid%253D0C675B35-F010-2227-D951-9B816929F720%2526hlv%253D6689073e-8c4c-4a91-9de2-1a850a01000f%2523v131509698 HTTP/1.1" 200 245
20.171.207.246 - - [28/Feb/2025:01:20:19 +0100] "GET /ticket2/opencms/set_aff_cookie.jsp?partner=6F250EA7-4505-FA01-D601-8847F2573405&url=%252Fnl%252Fbuy%252Findex.html%253Fpage%253D1%2526edid%253D26467E66-E432-3709-0425-A75E81B5021A%2526hlv%253D666c5d2d-4584-48c9-b053-4e220a01000f%2523v1892855928 HTTP/1.1" 200 246
20.171.207.246 - - [28/Feb/2025:01:20:20 +0100] "GET /ticket2/opencms/set_aff_cookie.jsp?partner=6F250EA7-4505-FA01-D601-8847F2573405&url=%252Fru%252Fbuy%252Findex.html%253Fpage%253D1%2526edid%253D3289C097-2261-9433-8644-DF033A9EE354%2526hlv%253D666c5d16-2e50-4286-872b-4e220a01000f%2523v701614489 HTTP/1.1" 200 245
20.171.207.246 - - [28/Feb/2025:01:20:21 +0100] "GET /ticket2/opencms/set_aff_cookie.jsp?partner=6F250EA7-4505-FA01-D601-8847F2573405&url=%252Ffi%252Fbuy%252Findex.html%253Fpage%253D1%2526edid%253D0C675B35-F010-2227-D951-9B816929F720%2526hlv%253D6689073e-333c-4cf5-8e5c-1a850a01000f%2523v114770690 HTTP/1.1" 200 245
20.171.207.246 - - [28/Feb/2025:01:20:22 +0100] "GET /ticket2/opencms/set_aff_cookie.jsp?partner=6F250EA7-4505-FA01-D601-8847F2573405&url=%252Fno%252Fbuy%252Findex.html%253Fpage%253D1%2526edid%253D50375D23-8B44-5172-3FB1-755B660EE76F%2526hlv%253D66867187-1328-4a0a-a2ca-73030a01000f%2523v2015616357 HTTP/1.1" 200 246
20.171.207.246 - - [28/Feb/2025:01:20:23 +0100] "GET /ticket2/opencms/set_aff_cookie.jsp?partner=6F250EA7-4505-FA01-D601-8847F2573405&url=%252Fdk%252Fbuy%252Findex.html%253Fpage%253D1%2526edid%253D0C675B35-F010-2227-D951-9B816929F720%2526hlv%253D6689073e-5c94-49b5-8004-1a850a01000f%2523v188605986 HTTP/1.1" 200 245
20.171.207.246 - - [28/Feb/2025:01:20:24 +0100] "GET /ticket2/opencms/set_aff_cookie.jsp?partner=6F250EA7-4505-FA01-D601-8847F2573405&url=%252Fnl%252Fbuy%252Findex.html%253Fpage%253D1%2526edid%253D26467E66-E432-3709-0425-A75E81B5021A%2526hlv%253D66cb7327-c964-45de-8a06-04690a01000f%2523v875777454 HTTP/1.1" 200 245
20.171.207.246 - - [28/Feb/2025:01:20:26 +0100] "GET /ticket2/opencms/set_aff_cookie.jsp?partner=6F250EA7-4505-FA01-D601-8847F2573405&url=%252Fen%252Fbuy%252Findex.html%253Fpage%253D1%2526edid%253D47C0370F-9915-7673-E038-7AD65907592C%2526hlv%253D666d50d2-9200-4b43-ae46-70d60a01000f%2523v2027012408 HTTP/1.1" 200 246
20.171.207.246 - - [28/Feb/2025:01:20:27 +0100] "GET /ticket2/opencms/set_aff_cookie.jsp?partner=6F250EA7-4505-FA01-D601-8847F2573405&url=%252Fen%252Fbuy%252Findex.html%253Fpage%253D1%2526edid%253D3289C097-2261-9433-8644-DF033A9EE354%2526hlv%253D67b330e3-4af4-4030-bc15-7e040a01000f%2523v1383270352 HTTP/1.1" 200 246
185.191.171.5 - - [28/Feb/2025:01:20:27 +0100] "GET /ticket2/opencms/sk/magazine/article?title=manchester-united-sa-rozhodol-prepustit-erika-ten-haga HTTP/1.1" 200 98472
54.36.148.30 - - [28/Feb/2025:01:20:28 +0100] "GET /ticket2/opencms/de/buy?page=1&edid=47EBAE6F-817A-37A2-D93C-48B4FE4F8A77 HTTP/1.1" 200 110922
20.171.207.246 - - [28/Feb/2025:01:20:28 +0100] "GET /ticket2/opencms/set_aff_cookie.jsp?partner=6F250EA7-4505-FA01-D601-8847F2573405&url=%252Fno%252Fbuy%252Findex.html%253Fpage%253D1%2526edid%253D26467E66-E432-3709-0425-A75E81B5021A%2526hlv%253D666c5d28-c8d8-4919-9353-4e220a01000f%2523v324473127 HTTP/1.1" 200 245
20.171.207.246 - - [28/Feb/2025:01:20:29 +0100] "GET /ticket2/opencms/set_aff_cookie.jsp?partner=6F250EA7-4505-FA01-D601-8847F2573405&url=%252Fru%252Fbuy%252Findex.html%253Fpage%253D1%2526edid%253D47C0370F-9915-7673-E038-7AD65907592C%2526hlv%253D666d50d2-6c80-46a0-93dd-70d60a01000f%2523v857299004 HTTP/1.1" 200 245
20.171.207.246 - - [28/Feb/2025:01:20:30 +0100] "GET /ticket2/opencms/set_aff_cookie.jsp?partner=6F250EA7-4505-FA01-D601-8847F2573405&url=%252Ffi%252Fbuy%252Findex.html%253Fpage%253D1%2526edid%253D3289C097-2261-9433-8644-DF033A9EE354%2526hlv%253D666c5d17-f794-4124-a323-4e220a01000f%2523v2060445819 HTTP/1.1" 200 246
20.171.207.246 - - [28/Feb/2025:01:20:31 +0100] "GET /ticket2/opencms/set_aff_cookie.jsp?partner=6F250EA7-4505-FA01-D601-8847F2573405&url=%252Fno%252Fbuy%252Findex.html%253Fpage%253D1%2526edid%253DB8A6965B-216E-27C8-9A3D-21241346030F%2526hlv%253D66866f91-3cb8-48e8-9138-73060a01000f%2523v472021892 HTTP/1.1" 200 245
20.171.207.246 - - [28/Feb/2025:01:20:33 +0100] "GET /ticket2/opencms/set_aff_cookie.jsp?partner=6F250EA7-4505-FA01-D601-8847F2573405&url=%252Fsv%252Fbuy%252Findex.html%253Fpage%253D1%2526edid%253D7568E602-7C67-35D2-952F-D243F8930169%2526hlv%253D666dbc71-3930-478b-84f2-4cf60a01000f%2523v957205362 HTTP/1.1" 200 245
20.171.207.246 - - [28/Feb/2025:01:20:34 +0100] "GET /ticket2/opencms/set_aff_cookie.jsp?partner=6F250EA7-4505-FA01-D601-8847F2573405&url=%252Fdk%252Fbuy%252Findex.html%253Fpage%253D1%2526edid%253D9A8891BD-C3B9-2FD5-1633-7AEF0F073762%2526hlv%253D669390d9-4370-473d-9080-75040a01000f%2523v607585053 HTTP/1.1" 200 245
216.244.66.238 - - [28/Feb/2025:01:20:35 +0100] "GET /ticket2/opencms/be/buy?page=1&edid=E168FE0B-1F7E-AE1E-E452-2AB0F06CA20D HTTP/1.1" 200 111098
20.171.207.246 - - [28/Feb/2025:01:20:35 +0100] "GET /ticket2/opencms/set_aff_cookie.jsp?partner=6F250EA7-4505-FA01-D601-8847F2573405&url=%252Fno%252Fbuy%252Findex.html%253Fpage%253D1%2526edid%253D3289C097-2261-9433-8644-DF033A9EE354%2526hlv%253D666c5d15-3664-4735-8a5d-4e220a01000f%2523v361279013 HTTP/1.1" 200 245
66.249.75.229 - - [28/Feb/2025:01:20:36 +0100] "GET /ticket2/opencms/hr/buy/?page=6&comcatid=97ECA65A-72DA-F9AF-9DBB-245D3CFED1BE&catid=F7F89B9B-6697-7881-54AE-4C39276BF1B8%25252525252525252525252525252525252525252525252525252525252525252525252525252525252525252525252525253Fpartner=5DA1B85A-5A44-4C00-C2EF-3DFF7E687A1D HTTP/1.1" 200 103550
20.171.207.246 - - [28/Feb/2025:01:20:36 +0100] "GET /ticket2/opencms/set_aff_cookie.jsp?partner=6F250EA7-4505-FA01-D601-8847F2573405&url=%252Fnl%252Fbuy%252Findex.html%253Fpage%253D1%2526edid%253D5C16C231-B966-190F-EDF0-005493349D4E%2526hlv%253D6692420a-43e0-4262-8a16-068d0a01000f%2523v110483492 HTTP/1.1" 200 245
20.171.207.246 - - [28/Feb/2025:01:20:37 +0100] "GET /ticket2/opencms/set_aff_cookie.jsp?partner=6F250EA7-4505-FA01-D601-8847F2573405&url=%252Fno%252Fbuy%252Findex.html%253Fpage%253D1%2526edid%253D26467E66-E432-3709-0425-A75E81B5021A%2526hlv%253D666c5d29-1f7c-402e-a040-4e220a01000f%2523v1032742719 HTTP/1.1" 200 246
111.119.206.108 - - [28/Feb/2025:01:20:37 +0100] "GET /ticket2/opencms/bg/buy?comcatid=810BB404-4103-77F2-A6C2-12D5E6C338E2 HTTP/1.1" 200 94409
114.119.150.86 - - [28/Feb/2025:01:20:38 +0100] "GET /ticket2/opencms/fr/buy?page=1&=3C020F40-B35B-0F6F-269D-D2524C7E0922 HTTP/1.1" 200 -
54.36.149.47 - - [28/Feb/2025:01:20:38 +0100] "GET /ticket2/opencms/fr/buy?page=1&edid=47EBAE6F-817A-37A2-D93C-48B4FE4F8A77 HTTP/1.1" 200 111075
20.171.207.246 - - [28/Feb/2025:01:20:38 +0100] "GET /ticket2/opencms/set_aff_cookie.jsp?partner=6F250EA7-4505-FA01-D601-8847F2573405&url=%252Fno%252Fbuy%252Findex.html%253Fpage%253D1%2526edid%253D47C0370F-9915-7673-E038-7AD65907592C%2526hlv%253D666d50d3-94c0-4869-892a-70d60a01000f%2523v400600058 HTTP/1.1" 200 245
20.171.207.246 - - [28/Feb/2025:01:20:39 +0100] "GET /ticket2/opencms/set_aff_cookie.jsp?partner=6F250EA7-4505-FA01-D601-8847F2573405&url=%252Fno%252Fbuy%252Findex.html%253Fpage%253D1%2526edid%253D5C16C231-B966-190F-EDF0-005493349D4E%2526hlv%253D6692420a-b69c-4544-9889-068d0a01000f%2523v293052325 HTTP/1.1" 200 245
54.36.148.176 - - [28/Feb/2025:01:20:40 +0100] "GET /ticket2/opencms/bg/faq HTTP/1.1" 200 92791
20.171.207.246 - - [28/Feb/2025:01:20:41 +0100] "GET /ticket2/opencms/set_aff_cookie.jsp?partner=6F250EA7-4505-FA01-D601-8847F2573405&url=%252Fru%252Fbuy%252Findex.html%253Fpage%253D1%2526edid%253D78F53753-F856-B158-388A-6B70B4CA55C8%2526hlv%253D66b38016-750c-4a21-836f-74430a01000f%2523v738822818 HTTP/1.1" 200 245
20.171.207.246 - - [28/Feb/2025:01:20:42 +0100] "GET /ticket2/opencms/set_aff_cookie.jsp?partner=6F250EA7-4505-FA01-D601-8847F2573405&url=%252Ffi%252Fbuy%252Findex.html%253Fpage%253D1%2526edid%253D750C6040-29F7-425D-A24F-51B977F415A3%2526hlv%253D678d22fc-04d4-4060-8402-079f0a01000f%2523v683788746 HTTP/1.1" 200 245
47.128.33.62 - - [28/Feb/2025:01:20:42 +0100] "GET /ticket2/opencms/es/buy?edid=F2BB5427-1D4A-AECD-9787-90D94712CD18 HTTP/1.1" 200 91478
20.171.207.246 - - [28/Feb/2025:01:20:43 +0100] "GET /ticket2/opencms/set_aff_cookie.jsp?partner=6F250EA7-4505-FA01-D601-8847F2573405&url=%252Fno%252Fbuy%252Findex.html%253Fpage%253D1%2526edid%253D3289C097-2261-9433-8644-DF033A9EE354%2526hlv%253D666c5d14-4c38-4009-a464-4e220a01000f%2523v1218331416 HTTP/1.1" 200 246
20.171.207.246 - - [28/Feb/2025:01:20:44 +0100] "GET /ticket2/opencms/set_aff_cookie.jsp?partner=6F250EA7-4505-FA01-D601-8847F2573405&url=%252Fen%252Fbuy%252Findex.html%253Fpage%253D1%2526edid%253D3289C097-2261-9433-8644-DF033A9EE354%2526hlv%253D666c5d14-5524-47fb-a4f6-4e220a01000f%2523v2049372594 HTTP/1.1" 200 246
20.171.207.246 - - [28/Feb/2025:01:20:45 +0100] "GET /ticket2/opencms/set_aff_cookie.jsp?partner=6F250EA7-4505-FA01-D601-8847F2573405&url=%252Fen%252Fbuy%252Findex.html%253Fpage%253D1%2526edid%253D312E2B30-1BE8-80F9-5587-64D580752ED3%2526hlv%253D6690088b-a6ec-4840-9c98-14010a01000f%2523v482811609 HTTP/1.1" 200 245
173.252.83.12 - - [28/Feb/2025:01:20:46 +0100] "GET /ticket2/opencms/no/buy/?page=1&edid=F83ACB1F-A834-FC8E-AC9B-B9250F8FA653 HTTP/1.1" 200 123760
20.171.207.246 - - [28/Feb/2025:01:20:46 +0100] "GET /ticket2/opencms/set_aff_cookie.jsp?partner=6F250EA7-4505-FA01-D601-8847F2573405&url=%252Fdk%252Fbuy%252Findex.html%253Fpage%253D1%2526edid%253D3289C097-2261-9433-8644-DF033A9EE354%2526hlv%253D666c5d14-d470-41ca-a615-4e220a01000f%2523v432948305 HTTP/1.1" 200 245
69.171.249.6 - - [28/Feb/2025:01:20:47 +0100] "GET /ticket2/opencms/uk/buy/?page=1&edid=E66C4511-572E-0FE6-424C-55176043377C HTTP/1.1" 200 110863
54.36.148.71 - - [28/Feb/2025:01:20:47 +0100] "GET /ticket2/opencms/tr/buy/?page=1&edid=78F53753-F856-B158-388A-6B70B4CA55C8 HTTP/1.1" 200 116847
20.171.207.246 - - [28/Feb/2025:01:20:48 +0100] "GET /ticket2/opencms/set_aff_cookie.jsp?partner=6F250EA7-4505-FA01-D601-8847F2573405&url=%252Ffi%252Fbuy%252Findex.html%253Fpage%253D1%2526edid%253D26467E66-E432-3709-0425-A75E81B5021A%2526hlv%253D666c5d29-87c8-4662-a2ca-4e220a01000f%2523v1257589943 HTTP/1.1" 200 246
20.171.207.246 - - [28/Feb/2025:01:20:49 +0100] "GET /ticket2/opencms/set_aff_cookie.jsp?partner=6F250EA7-4505-FA01-D601-8847F2573405&url=%252Fru%252Fbuy%252Findex.html%253Fpage%253D1%2526edid%253D3289C097-2261-9433-8644-DF033A9EE354%2526hlv%253D6752c976-dce4-4f90-9b67-77b50a01000f%2523v1320197407 HTTP/1.1" 200 246
20.171.207.246 - - [28/Feb/2025:01:20:50 +0100] "GET /ticket2/opencms/set_aff_cookie.jsp?partner=57601924-FB09-5BB2-867F-08B4EB522BA8&url=%252Ffi%252Fbuy%252Findex.html%253Fpage%253D1%2526edid%253D3289C097-2261-9433-8644-DF033A9EE354%2526hlv%253D666c5d13-1344-4280-9021-4e220a01000f%2523v_1674598219 HTTP/1.1" 200 247
20.171.207.246 - - [28/Feb/2025:01:20:51 +0100] "GET /ticket2/opencms/set_aff_cookie.jsp?partner=6F250EA7-4505-FA01-D601-8847F2573405&url=%252Fru%252Fbuy%252Findex.html%253Fpage%253D1%2526edid%253D47C0370F-9915-7673-E038-7AD65907592C%2526hlv%253D666d50d2-5ea8-4646-9b80-70d60a01000f%2523v986962470 HTTP/1.1" 200 245
20.171.207.246 - - [28/Feb/2025:01:20:52 +0100] "GET /ticket2/opencms/set_aff_cookie.jsp?partner=6F250EA7-4505-FA01-D601-8847F2573405&url=%252Ffi%252Fbuy%252Findex.html%253Fpage%253D1%2526edid%253D26467E66-E432-3709-0425-A75E81B5021A%2526hlv%253D666c5d2b-1204-42e2-b93f-4e220a01000f%2523v1758443073 HTTP/1.1" 200 246
66.249.75.227 - - [28/Feb/2025:01:20:53 +0100] "GET /ticket2/opencms/cs/buy?page=1&edid=5F15F12F-96FE-A0D6-26C4-28716D38AA1C&hlv=6693aa6f-d338-4684-8df7-05c60a01000f HTTP/1.1" 200 109991
20.171.207.246 - - [28/Feb/2025:01:20:53 +0100] "GET /ticket2/opencms/set_aff_cookie.jsp?partner=6F250EA7-4505-FA01-D601-8847F2573405&url=%252Fno%252Fbuy%252Findex.html%253Fpage%253D1%2526edid%253D9F8544B2-CF19-221B-478E-5476FF460535%2526hlv%253D6693ab49-1030-4d5b-9914-052e0a01000f%2523v500319614 HTTP/1.1" 200 245
54.36.148.231 - - [28/Feb/2025:01:20:55 +0100] "GET /ticket2/opencms/pl/buy/?page=1&edid=84C1C15E-A3CC-07A1-AA6A-061FC4B03894 HTTP/1.1" 200 111767
173.252.107.18 - - [28/Feb/2025:01:20:55 +0100] "GET /ticket2/opencms/ga/buy/?page=1&edid=3DA4D4F8-D0E8-FA39-BB7D-9FB474CBAB05 HTTP/1.1" 200 111414
20.171.207.246 - - [28/Feb/2025:01:20:55 +0100] "GET /ticket2/opencms/set_aff_cookie.jsp?partner=6F250EA7-4505-FA01-D601-8847F2573405&url=%252Fru%252Fbuy%252Findex.html%253Fpage%253D1%2526edid%253D0C675B35-F010-2227-D951-9B816929F720%2526hlv%253D6689073e-5d20-4ba0-b6f4-1a850a01000f%2523v299531869 HTTP/1.1" 200 245
20.171.207.246 - - [28/Feb/2025:01:20:56 +0100] "GET /ticket2/opencms/set_aff_cookie.jsp?partner=6F250EA7-4505-FA01-D601-8847F2573405&url=%252Fen%252Fbuy%252Findex.html%253Fpage%253D1%2526edid%253D3289C097-2261-9433-8644-DF033A9EE354%2526hlv%253D666c5d17-36bc-4390-a623-4e220a01000f%2523v1518381367 HTTP/1.1" 200 246
20.171.207.246 - - [28/Feb/2025:01:20:57 +0100] "GET /ticket2/opencms/set_aff_cookie.jsp?partner=6F250EA7-4505-FA01-D601-8847F2573405&url=%252Fsv%252Fbuy%252Findex.html%253Fpage%253D1%2526edid%253D312E2B30-1BE8-80F9-5587-64D580752ED3%2526hlv%253D6690088b-241c-4b09-98a3-14010a01000f%2523v610567175 HTTP/1.1" 200 245
20.171.207.246 - - [28/Feb/2025:01:20:58 +0100] "GET /ticket2/opencms/set_aff_cookie.jsp?partner=6F250EA7-4505-FA01-D601-8847F2573405&url=%252Fen%252Fbuy%252Findex.html%253Fpage%253D1%2526edid%253D47C0370F-9915-7673-E038-7AD65907592C%2526hlv%253D666d50d4-0504-430a-8cf0-70d60a01000f%2523v1450904030 HTTP/1.1" 200 246
185.191.171.14 - - [28/Feb/2025:01:20:58 +0100] "GET /ticket2/opencms/de/magazine/article?title=zweiter-platz-das-zweite-jahr-in-folge HTTP/1.1" 200 89172
20.171.207.246 - - [28/Feb/2025:01:20:59 +0100] "GET /ticket2/opencms/set_aff_cookie.jsp?partner=6F250EA7-4505-FA01-D601-8847F2573405&url=%252Fru%252Fbuy%252Findex.html%253Fpage%253D1%2526edid%253D87B3356E-6F78-7F45-235C-4CD49B95C308%2526hlv%253D669148e1-0428-4518-a9f0-48a80a01000f%2523v1808651847 HTTP/1.1" 200 246
66.249.76.168 - - [28/Feb/2025:01:21:00 +0100] "GET /ticket2/opencms/hy/buy?page=1&edid=1A1A8533-36C0-086E-89FE-293895ED39A8 HTTP/1.1" 404 -
20.171.207.246 - - [28/Feb/2025:01:21:00 +0100] "GET /ticket2/opencms/set_aff_cookie.jsp?partner=6F250EA7-4505-FA01-D601-8847F2573405&url=%252Fno%252Fbuy%252Findex.html%253Fpage%253D1%2526edid%253D50375D23-8B44-5172-3FB1-755B660EE76F%2526hlv%253D66867186-55f0-4aa6-b242-73030a01000f%2523v1435698183 HTTP/1.1" 200 246
20.171.207.246 - - [28/Feb/2025:01:21:01 +0100] "GET /ticket2/opencms/set_aff_cookie.jsp?partner=6F250EA7-4505-FA01-D601-8847F2573405&url=%252Fen%252Fbuy%252Findex.html%253Fpage%253D1%2526edid%253D47C0370F-9915-7673-E038-7AD65907592C%2526hlv%253D666d50d4-e778-4dfa-9584-70d60a01000f%2523v892781324 HTTP/1.1" 200 245
20.171.207.246 - - [28/Feb/2025:01:21:02 +0100] "GET /ticket2/opencms/set_aff_cookie.jsp?partner=6F250EA7-4505-FA01-D601-8847F2573405&url=%252Fsv%252Fbuy%252Findex.html%253Fpage%253D1%2526edid%253D3289C097-2261-9433-8644-DF033A9EE354%2526hlv%253D6752c8d8-8cf0-4f8a-8703-77620a01000f%2523v1254446063 HTTP/1.1" 200 246
54.36.148.97 - - [28/Feb/2025:01:21:03 +0100] "GET /ticket2/opencms/cs/buy/?page=1&edid=6C755BD2-3E40-1F18-AF57-4283F42FB67F HTTP/1.1" 200 111744
20.171.207.246 - - [28/Feb/2025:01:21:04 +0100] "GET /ticket2/opencms/set_aff_cookie.jsp?partner=6F250EA7-4505-FA01-D601-8847F2573405&url=%252Fnl%252Fbuy%252Findex.html%253Fpage%253D1%2526edid%253DA587FC63-4A93-6097-3B29-C1C51786267C%2526hlv%253D6693ad27-6968-4549-b586-07f70a01000f%2523v697418226 HTTP/1.1" 200 245
20.171.207.246 - - [28/Feb/2025:01:21:05 +0100] "GET /ticket2/opencms/set_aff_cookie.jsp?partner=6F250EA7-4505-FA01-D601-8847F2573405&url=%252Fen%252Fbuy%252Findex.html%253Fpage%253D1%2526edid%253D3289C097-2261-9433-8644-DF033A9EE354%2526hlv%253D666c5d17-f794-4124-a323-4e220a01000f%2523v2060445819 HTTP/1.1" 200 246
20.171.207.246 - - [28/Feb/2025:01:21:06 +0100] "GET /ticket2/opencms/set_aff_cookie.jsp?partner=6F250EA7-4505-FA01-D601-8847F2573405&url=%252Fno%252Fbuy%252Findex.html%253Fpage%253D1%2526edid%253D3289C097-2261-9433-8644-DF033A9EE354%2526hlv%253D666c5d15-40bc-4225-8c13-4e220a01000f%2523v972823728 HTTP/1.1" 200 245
216.244.66.238 - - [28/Feb/2025:01:21:07 +0100] "GET /ticket2/opencms/dk/buy?page=1&edid=0A9A92DD-C9BE-E94C-2EB9-3124FCA7591C HTTP/1.1" 200 107179
20.171.207.246 - - [28/Feb/2025:01:21:07 +0100] "GET /ticket2/opencms/set_aff_cookie.jsp?partner=6F250EA7-4505-FA01-D601-8847F2573405&url=%252Fdk%252Fbuy%252Findex.html%253Fpage%253D1%2526edid%253D2B44308E-1778-CFAE-7385-18758823F6EB%2526hlv%253D66ccb346-1580-499c-8530-61300a01000f%2523v1370752012 HTTP/1.1" 200 246
20.171.207.246 - - [28/Feb/2025:01:21:08 +0100] "GET /ticket2/opencms/set_aff_cookie.jsp?partner=6F250EA7-4505-FA01-D601-8847F2573405&url=%252Ffi%252Fbuy%252Findex.html%253Fpage%253D1%2526edid%253D81B38BC2-1B10-C00A-7953-DB579F5D53A3%2526hlv%253D66924222-2548-45e4-9006-073b0a01000f%2523v1321735393 HTTP/1.1" 200 246
20.171.207.246 - - [28/Feb/2025:01:21:09 +0100] "GET /ticket2/opencms/set_aff_cookie.jsp?partner=6F250EA7-4505-FA01-D601-8847F2573405&url=%252Fsv%252Fbuy%252Findex.html%253Fpage%253D1%2526edid%253D0C675B35-F010-2227-D951-9B816929F720%2526hlv%253D6689073e-8c00-46a6-a9f6-1a850a01000f%2523v1930373811 HTTP/1.1" 200 246
54.36.148.154 - - [28/Feb/2025:01:21:09 +0100] "GET /ticket2/opencms/tr/buy?page=1&edid=14427B33-9BB8-BBB7-1EBA-73EE86A692A4 HTTP/1.1" 200 118111
46.250.161.214 - - [28/Feb/2025:01:21:10 +0100] "GET /ticket2/opencms/bg/buy?page=1&edid=FEE25E36-04D3-46C8-6D56-05013D91539C HTTP/1.1" 200 110907
20.171.207.246 - - [28/Feb/2025:01:21:10 +0100] "GET /ticket2/opencms/set_aff_cookie.jsp?partner=6F250EA7-4505-FA01-D601-8847F2573405&url=%252Fdk%252Fbuy%252Findex.html%253Fpage%253D1%2526edid%253D3289C097-2261-9433-8644-DF033A9EE354%2526hlv%253D666c5d16-2e50-4286-872b-4e220a01000f%2523v701614489 HTTP/1.1" 200 245
202.8.43.100 - - [28/Feb/2025:01:21:11 +0100] "GET /ticket2/opencms/system/modules/com.gridnine.opencms.ticketbrokerage.site/resources/css/jquery-ui.css HTTP/1.1" 200 33221
202.8.43.100 - - [28/Feb/2025:01:21:11 +0100] "GET /ticket2/opencms/system/modules/com.gridnine.opencms.ticketbrokerage.site/resources/css/ticketbrokerage.css HTTP/1.1" 200 39339
202.8.43.100 - - [28/Feb/2025:01:21:11 +0100] "GET /ticket2/opencms/system/modules/com.gridnine.opencms.ticketbrokerage.site/resources/css/calendar.css HTTP/1.1" 200 6871
202.8.43.100 - - [28/Feb/2025:01:21:11 +0100] "GET /ticket2/opencms/system/modules/com.gridnine.opencms.ticketbrokerage.site/resources/css/jquery.fancybox.css HTTP/1.1" 200 4939
202.8.43.100 - - [28/Feb/2025:01:21:11 +0100] "GET /ticket2/opencms/system/modules/com.gridnine.opencms.ticketbrokerage.site/resources/css/standard.css HTTP/1.1" 200 74207
202.8.43.100 - - [28/Feb/2025:01:21:11 +0100] "GET /ticket2/opencms/system/modules/com.gridnine.opencms.ticketbrokerage.site/resources/js/jquery/jquery.js HTTP/1.1" 200 93868
202.8.43.100 - - [28/Feb/2025:01:21:11 +0100] "GET /ticket2/opencms/system/modules/com.gridnine.opencms.ticketbrokerage.site/resources/js/jquery/jquery-ui.js HTTP/1.1" 200 228088
202.8.43.100 - - [28/Feb/2025:01:21:11 +0100] "GET /ticket2/opencms/system/modules/com.gridnine.opencms.ticketbrokerage.site/resources/js/functions.js HTTP/1.1" 200 1583
202.8.43.100 - - [28/Feb/2025:01:21:11 +0100] "GET /ticket2/opencms/system/modules/com.gridnine.opencms.ticketbrokerage.site/resources/js/calendar-en.js HTTP/1.1" 200 3338
202.8.43.100 - - [28/Feb/2025:01:21:11 +0100] "GET /ticket2/opencms/system/modules/com.gridnine.opencms.ticketbrokerage.site/resources/js/calendar.js HTTP/1.1" 200 49229
202.8.43.100 - - [28/Feb/2025:01:21:11 +0100] "GET /ticket2/opencms/system/modules/com.gridnine.opencms.ticketbrokerage.site/resources/js/calendar-setup.js HTTP/1.1" 200 4923
202.8.43.100 - - [28/Feb/2025:01:21:11 +0100] "GET /ticket2/opencms/system/modules/com.gridnine.opencms.ticketbrokerage.site/resources/js/jquery.fancybox.pack.js HTTP/1.1" 200 23187
202.8.43.100 - - [28/Feb/2025:01:21:11 +0100] "GET /ticket2/opencms/system/modules/com.gridnine.opencms.ticketbrokerage.site/resources/js/stickyfill.min.js HTTP/1.1" 200 5672
202.8.43.100 - - [28/Feb/2025:01:21:11 +0100] "GET /ticket2/opencms/system/modules/com.gridnine.opencms.ticketbrokerage.site/resources/js/standard.js HTTP/1.1" 200 3983
202.8.43.100 - - [28/Feb/2025:01:21:11 +0100] "GET /ticket2/opencms/system/modules/com.gridnine.opencms.ticketbrokerage.site/resources/js/jquery.placeholder.min.js HTTP/1.1" 200 1737
202.8.43.100 - - [28/Feb/2025:01:21:11 +0100] "GET /ticket2/opencms/system/modules/com.gridnine.opencms.ticketbrokerage.site/resources/js/common-ajax.js HTTP/1.1" 200 20175
202.8.43.100 - - [28/Feb/2025:01:21:11 +0100] "GET /ticket2/opencms/es/ask-form.html HTTP/1.1" 200 3156
202.8.43.100 - - [28/Feb/2025:01:21:11 +0100] "GET /ticket2/opencms/system/modules/com.gridnine.opencms.ticketbrokerage.site/resources/css/ticketbrokerage.css HTTP/1.1" 200 39339
20.171.207.246 - - [28/Feb/2025:01:21:12 +0100] "GET /ticket2/opencms/set_aff_cookie.jsp?partner=6F250EA7-4505-FA01-D601-8847F2573405&url=%252Fsv%252Fbuy%252Findex.html%253Fpage%253D1%2526edid%253D26467E66-E432-3709-0425-A75E81B5021A%2526hlv%253D666c5d28-d3a8-4811-b979-4e220a01000f%2523v1886775136 HTTP/1.1" 200 246
20.171.207.246 - - [28/Feb/2025:01:21:13 +0100] "GET /ticket2/opencms/set_aff_cookie.jsp?partner=6F250EA7-4505-FA01-D601-8847F2573405&url=%252Ffi%252Fbuy%252Findex.html%253Fpage%253D1%2526edid%253D26467E66-E432-3709-0425-A75E81B5021A%2526hlv%253D666c5d2d-56b8-4468-ab04-4e220a01000f%2523v1926707565 HTTP/1.1" 200 246
20.171.207.246 - - [28/Feb/2025:01:21:14 +0100] "GET /ticket2/opencms/set_aff_cookie.jsp?partner=6F250EA7-4505-FA01-D601-8847F2573405&url=%252Ffi%252Fbuy%252Findex.html%253Fpage%253D1%2526edid%253D3289C097-2261-9433-8644-DF033A9EE354%2526hlv%253D666c5d15-3664-4735-8a5d-4e220a01000f%2523v361279013 HTTP/1.1" 200 245
20.171.207.246 - - [28/Feb/2025:01:21:15 +0100] "GET /ticket2/opencms/set_aff_cookie.jsp?partner=6F250EA7-4505-FA01-D601-8847F2573405&url=%252Fru%252Fbuy%252Findex.html%253Fpage%253D1%2526edid%253D47C0370F-9915-7673-E038-7AD65907592C%2526hlv%253D666d50d5-e610-43ef-8b90-70d60a01000f%2523v1061718556 HTTP/1.1" 200 246
20.171.207.246 - - [28/Feb/2025:01:21:16 +0100] "GET /ticket2/opencms/set_aff_cookie.jsp?partner=6F250EA7-4505-FA01-D601-8847F2573405&url=%252Fsv%252Fbuy%252Findex.html%253Fpage%253D1%2526edid%253D47C0370F-9915-7673-E038-7AD65907592C%2526hlv%253D666d50d4-377c-4226-b485-70d60a01000f%2523v885460175 HTTP/1.1" 200 245
85.208.96.205 - - [28/Feb/2025:01:21:17 +0100] "GET /ticket2/opencms/sv/search.html?searchQuery=group%2Bc&submit HTTP/1.1" 200 98452
20.171.207.246 - - [28/Feb/2025:01:21:17 +0100] "GET /ticket2/opencms/set_aff_cookie.jsp?partner=6F250EA7-4505-FA01-D601-8847F2573405&url=%252Fru%252Fbuy%252Findex.html%253Fpage%253D1%2526edid%253D47C0370F-9915-7673-E038-7AD65907592C%2526hlv%253D666d50d4-8830-4586-aee4-70d60a01000f%2523v1773170043 HTTP/1.1" 200 246
54.36.149.46 - - [28/Feb/2025:01:21:17 +0100] "GET /ticket2/opencms/uk/buy?page=1&edid=E2BA261D-8AA4-C0D3-44EE-1FFEB3ECFAE6 HTTP/1.1" 200 137583
85.208.96.204 - - [28/Feb/2025:01:21:18 +0100] "GET /ticket2/opencms/az/magazine/article?title=ipswich-in-premier-league-de-22-il-sonra-ilk-qelebesi HTTP/1.1" 200 94080
20.171.207.246 - - [28/Feb/2025:01:21:18 +0100] "GET /ticket2/opencms/set_aff_cookie.jsp?partner=6F250EA7-4505-FA01-D601-8847F2573405&url=%252Ffi%252Fbuy%252Findex.html%253Fpage%253D1%2526edid%253D9F8544B2-CF19-221B-478E-5476FF460535%2526hlv%253D6693ab49-c340-4425-9e34-052e0a01000f%2523v396758570 HTTP/1.1" 200 245
202.8.41.239 - - [28/Feb/2025:01:21:19 +0100] "GET /ticket2/opencms/system/modules/com.gridnine.opencms.ticketbrokerage.site/resources/css/jquery-ui.css HTTP/1.1" 200 33221
202.8.41.239 - - [28/Feb/2025:01:21:19 +0100] "GET /ticket2/opencms/system/modules/com.gridnine.opencms.ticketbrokerage.site/resources/css/calendar.css HTTP/1.1" 200 6871
202.8.41.239 - - [28/Feb/2025:01:21:19 +0100] "GET /ticket2/opencms/system/modules/com.gridnine.opencms.ticketbrokerage.site/resources/css/jquery.fancybox.css HTTP/1.1" 200 4939
202.8.41.239 - - [28/Feb/2025:01:21:19 +0100] "GET /ticket2/opencms/system/modules/com.gridnine.opencms.ticketbrokerage.site/resources/css/standard.css HTTP/1.1" 200 74207
202.8.41.239 - - [28/Feb/2025:01:21:19 +0100] "GET /ticket2/opencms/system/modules/com.gridnine.opencms.ticketbrokerage.site/resources/css/ticketbrokerage.css HTTP/1.1" 200 39339
202.8.41.239 - - [28/Feb/2025:01:21:19 +0100] "GET /ticket2/opencms/system/modules/com.gridnine.opencms.ticketbrokerage.site/resources/js/calendar.js HTTP/1.1" 200 49229
202.8.41.239 - - [28/Feb/2025:01:21:19 +0100] "GET /ticket2/opencms/system/modules/com.gridnine.opencms.ticketbrokerage.site/resources/js/functions.js HTTP/1.1" 200 1583
202.8.41.239 - - [28/Feb/2025:01:21:19 +0100] "GET /ticket2/opencms/system/modules/com.gridnine.opencms.ticketbrokerage.site/resources/js/jquery/jquery.js HTTP/1.1" 200 93868
202.8.41.239 - - [28/Feb/2025:01:21:19 +0100] "GET /ticket2/opencms/system/modules/com.gridnine.opencms.ticketbrokerage.site/resources/js/calendar-en.js HTTP/1.1" 200 3338
202.8.41.239 - - [28/Feb/2025:01:21:19 +0100] "GET /ticket2/opencms/system/modules/com.gridnine.opencms.ticketbrokerage.site/resources/js/jquery/jquery-ui.js HTTP/1.1" 200 228088
202.8.41.239 - - [28/Feb/2025:01:21:19 +0100] "GET /ticket2/opencms/system/modules/com.gridnine.opencms.ticketbrokerage.site/resources/js/calendar-setup.js HTTP/1.1" 200 4923
202.8.41.239 - - [28/Feb/2025:01:21:19 +0100] "GET /ticket2/opencms/system/modules/com.gridnine.opencms.ticketbrokerage.site/resources/js/jquery.fancybox.pack.js HTTP/1.1" 200 23187
202.8.41.239 - - [28/Feb/2025:01:21:19 +0100] "GET /ticket2/opencms/system/modules/com.gridnine.opencms.ticketbrokerage.site/resources/js/stickyfill.min.js HTTP/1.1" 200 5672
202.8.41.239 - - [28/Feb/2025:01:21:19 +0100] "GET /ticket2/opencms/system/modules/com.gridnine.opencms.ticketbrokerage.site/resources/js/standard.js HTTP/1.1" 200 3983
202.8.41.239 - - [28/Feb/2025:01:21:19 +0100] "GET /ticket2/opencms/system/modules/com.gridnine.opencms.ticketbrokerage.site/resources/js/jquery.placeholder.min.js HTTP/1.1" 200 1737
202.8.41.239 - - [28/Feb/2025:01:21:19 +0100] "GET /ticket2/opencms/system/modules/com.gridnine.opencms.ticketbrokerage.site/resources/js/common-ajax.js HTTP/1.1" 200 20175
202.8.41.239 - - [28/Feb/2025:01:21:19 +0100] "GET /ticket2/opencms/uk/ask-form.html HTTP/1.1" 200 3156
202.8.41.239 - - [28/Feb/2025:01:21:19 +0100] "GET /ticket2/opencms/system/modules/com.gridnine.opencms.ticketbrokerage.site/resources/css/ticketbrokerage.css HTTP/1.1" 200 39339
20.171.207.246 - - [28/Feb/2025:01:21:20 +0100] "GET /ticket2/opencms/set_aff_cookie.jsp?partner=6F250EA7-4505-FA01-D601-8847F2573405&url=%252Fnl%252Fbuy%252Findex.html%253Fpage%253D1%2526edid%253D78F53753-F856-B158-388A-6B70B4CA55C8%2526hlv%253D66b38017-160c-4653-8f51-74430a01000f%2523v119436017 HTTP/1.1" 200 245
20.171.207.246 - - [28/Feb/2025:01:21:21 +0100] "GET /ticket2/opencms/set_aff_cookie.jsp?partner=6F250EA7-4505-FA01-D601-8847F2573405&url=%252Fru%252Fbuy%252Findex.html%253Fpage%253D1%2526edid%253D3289C097-2261-9433-8644-DF033A9EE354%2526hlv%253D666c5d18-6634-466b-8f00-4e220a01000f%2523v1201516859 HTTP/1.1" 200 246
20.171.207.246 - - [28/Feb/2025:01:21:22 +0100] "GET /ticket2/opencms/set_aff_cookie.jsp?partner=6F250EA7-4505-FA01-D601-8847F2573405&url=%252Ffi%252Fbuy%252Findex.html%253Fpage%253D1%2526edid%253D5C16C231-B966-190F-EDF0-005493349D4E%2526hlv%253D66924207-3250-4451-9d18-068d0a01000f%2523v1480737960 HTTP/1.1" 200 246
85.208.96.207 - - [28/Feb/2025:01:21:23 +0100] "GET /ticket2/opencms/de/robots.txt HTTP/1.1" 404 -
20.171.207.246 - - [28/Feb/2025:01:21:23 +0100] "GET /ticket2/opencms/set_aff_cookie.jsp?partner=6F250EA7-4505-FA01-D601-8847F2573405&url=%252Fsv%252Fbuy%252Findex.html%253Fpage%253D1%2526edid%253D5C16C231-B966-190F-EDF0-005493349D4E%2526hlv%253D66924207-3250-4451-9d18-068d0a01000f%2523v1480737960 HTTP/1.1" 200 246
20.171.207.246 - - [28/Feb/2025:01:21:24 +0100] "GET /ticket2/opencms/set_aff_cookie.jsp?partner=6F250EA7-4505-FA01-D601-8847F2573405&url=%252Fnl%252Fbuy%252Findex.html%253Fpage%253D1%2526edid%253D47C0370F-9915-7673-E038-7AD65907592C%2526hlv%253D666d50d3-3488-426c-823a-70d60a01000f%2523v220623117 HTTP/1.1" 200 245
185.191.171.6 - - [28/Feb/2025:01:21:25 +0100] "GET /ticket2/opencms/robots.txt HTTP/1.1" 200 773
20.171.207.246 - - [28/Feb/2025:01:21:25 +0100] "GET /ticket2/opencms/set_aff_cookie.jsp?partner=6F250EA7-4505-FA01-D601-8847F2573405&url=%252Fen%252Fbuy%252Findex.html%253Fpage%253D1%2526edid%253D87B3356E-6F78-7F45-235C-4CD49B95C308%2526hlv%253D669148e1-818c-49c3-9770-48a80a01000f%2523v753143397 HTTP/1.1" 200 245
20.171.207.246 - - [28/Feb/2025:01:21:27 +0100] "GET /ticket2/opencms/set_aff_cookie.jsp?partner=6F250EA7-4505-FA01-D601-8847F2573405&url=%252Fdk%252Fbuy%252Findex.html%253Fpage%253D1%2526edid%253D50375D23-8B44-5172-3FB1-755B660EE76F%2526hlv%253D66867187-a680-4356-91b9-73030a01000f%2523v208109602 HTTP/1.1" 200 245
185.191.171.1 - - [28/Feb/2025:01:21:27 +0100] "GET /ticket2/opencms/de/sv/about/press/ HTTP/1.1" 404 -
20.171.207.246 - - [28/Feb/2025:01:21:28 +0100] "GET /ticket2/opencms/set_aff_cookie.jsp?partner=6F250EA7-4505-FA01-D601-8847F2573405&url=%252Fru%252Fbuy%252Findex.html%253Fpage%253D1%2526edid%253D47C0370F-9915-7673-E038-7AD65907592C%2526hlv%253D666d50d3-2f24-4f27-9849-70d60a01000f%2523v1739212040 HTTP/1.1" 200 246
54.36.149.99 - - [28/Feb/2025:01:21:28 +0100] "GET /ticket2/opencms/ga/buy?page=1&edid=76AC12AC-4686-41BA-93AB-CDA5668851B1 HTTP/1.1" 200 118464
20.171.207.246 - - [28/Feb/2025:01:21:29 +0100] "GET /ticket2/opencms/set_aff_cookie.jsp?partner=6F250EA7-4505-FA01-D601-8847F2573405&url=%252Fdk%252Fbuy%252Findex.html%253Fpage%253D1%2526edid%253D3289C097-2261-9433-8644-DF033A9EE354%2526hlv%253D666c5d14-d54c-4279-aa49-4e220a01000f%2523v1444456339 HTTP/1.1" 200 246
114.119.141.178 - - [28/Feb/2025:01:21:30 +0100] "GET /ticket2/opencms/fr/buy?page=1&=196FDF6D-D90B-7D2E-FC13-5AA32A4D4648 HTTP/1.1" 200 -
20.171.207.246 - - [28/Feb/2025:01:21:30 +0100] "GET /ticket2/opencms/set_aff_cookie.jsp?partner=6F250EA7-4505-FA01-D601-8847F2573405&url=%252Fnl%252Fbuy%252Findex.html%253Fpage%253D1%2526edid%253D750C6040-29F7-425D-A24F-51B977F415A3%2526hlv%253D666c4b82-4918-482f-8554-3da20a01000f%2523v655554479 HTTP/1.1" 200 245
20.171.207.246 - - [28/Feb/2025:01:21:31 +0100] "GET /ticket2/opencms/set_aff_cookie.jsp?partner=6F250EA7-4505-FA01-D601-8847F2573405&url=%252Fsv%252Fbuy%252Findex.html%253Fpage%253D1%2526edid%253D47C0370F-9915-7673-E038-7AD65907592C%2526hlv%253D666d50d3-aeb0-4a28-8243-70d60a01000f%2523v1847657811 HTTP/1.1" 200 246
43.153.51.197 - - [28/Feb/2025:01:21:32 +0100] "GET /ticket2/opencms/it/magazine/article?title=everton HTTP/1.1" 200 92230
20.171.207.246 - - [28/Feb/2025:01:21:32 +0100] "GET /ticket2/opencms/set_aff_cookie.jsp?partner=6F250EA7-4505-FA01-D601-8847F2573405&url=%252Fnl%252Fbuy%252Findex.html%253Fpage%253D1%2526edid%253D3289C097-2261-9433-8644-DF033A9EE354%2526hlv%253D666c5d12-8238-46bd-9263-4e220a01000f%2523v1441638821 HTTP/1.1" 200 246
20.171.207.246 - - [28/Feb/2025:01:21:34 +0100] "GET /ticket2/opencms/set_aff_cookie.jsp?partner=6F250EA7-4505-FA01-D601-8847F2573405&url=%252Ffi%252Fbuy%252Findex.html%253Fpage%253D1%2526edid%253D47C0370F-9915-7673-E038-7AD65907592C%2526hlv%253D666d50d5-4480-45b7-b8ff-70d60a01000f%2523v716339701 HTTP/1.1" 200 245
20.171.207.246 - - [28/Feb/2025:01:21:35 +0100] "GET /ticket2/opencms/set_aff_cookie.jsp?partner=6F250EA7-4505-FA01-D601-8847F2573405&url=%252Fen%252Fbuy%252Findex.html%253Fpage%253D1%2526edid%253D47C0370F-9915-7673-E038-7AD65907592C%2526hlv%253D666d50d3-322c-424e-a918-70d60a01000f%2523v1184600907 HTTP/1.1" 200 246
114.119.140.111 - - [28/Feb/2025:01:21:36 +0100] "GET /ticket2/opencms/en/venue/?venueid=D1E3D72D-8E07-9A29-868C-678E69048B2D HTTP/1.1" 200 85390
20.171.207.246 - - [28/Feb/2025:01:21:36 +0100] "GET /ticket2/opencms/set_aff_cookie.jsp?partner=6F250EA7-4505-FA01-D601-8847F2573405&url=%252Fsv%252Fbuy%252Findex.html%253Fpage%253D1%2526edid%253D7568E602-7C67-35D2-952F-D243F8930169%2526hlv%253D666dbc72-5540-4417-999e-4cf60a01000f%2523v924146191 HTTP/1.1" 200 245
20.171.207.246 - - [28/Feb/2025:01:21:37 +0100] "GET /ticket2/opencms/set_aff_cookie.jsp?partner=6F250EA7-4505-FA01-D601-8847F2573405&url=%252Fdk%252Fbuy%252Findex.html%253Fpage%253D1%2526edid%253D3289C097-2261-9433-8644-DF033A9EE354%2526hlv%253D666c5d15-5e0c-4318-8ad6-4e220a01000f%2523v1526622497 HTTP/1.1" 200 246
54.36.148.141 - - [28/Feb/2025:01:21:37 +0100] "GET /ticket2/opencms/bg/buy/?page=1&edid=C7757F5F-B4AF-8F1E-2F32-08E4F67807FA HTTP/1.1" 200 114351
20.171.207.246 - - [28/Feb/2025:01:21:38 +0100] "GET /ticket2/opencms/set_aff_cookie.jsp?partner=6F250EA7-4505-FA01-D601-8847F2573405&url=%252Fnl%252Fbuy%252Findex.html%253Fpage%253D1%2526edid%253D47C0370F-9915-7673-E038-7AD65907592C%2526hlv%253D666d50d2-7df8-4b60-9778-70d60a01000f%2523v967859252 HTTP/1.1" 200 245
216.244.66.238 - - [28/Feb/2025:01:21:39 +0100] "GET /ticket2/opencms/es/buy?page=1&edid=A1049839-1D18-B22B-1DCB-326394C27B2D HTTP/1.1" 200 111632
20.171.207.246 - - [28/Feb/2025:01:21:39 +0100] "GET /ticket2/opencms/set_aff_cookie.jsp?partner=6F250EA7-4505-FA01-D601-8847F2573405&url=%252Fno%252Fbuy%252Findex.html%253Fpage%253D1%2526edid%253D59510E33-7947-2FED-CC14-F0612B76476A%2526hlv%253D66866f77-6148-4c52-a84b-71630a01000f%2523v2143196021 HTTP/1.1" 200 246
20.171.207.246 - - [28/Feb/2025:01:21:41 +0100] "GET /ticket2/opencms/set_aff_cookie.jsp?partner=6F250EA7-4505-FA01-D601-8847F2573405&url=%252Fno%252Fbuy%252Findex.html%253Fpage%253D1%2526edid%253D26467E66-E432-3709-0425-A75E81B5021A%2526hlv%253D666c5d2c-99b8-4768-b264-4e220a01000f%2523v2056729479 HTTP/1.1" 200 246
66.249.75.229 - - [28/Feb/2025:01:21:41 +0100] "GET /ticket2/opencms/mo/buy?page=6&comcatid=A17713B6-D984-201A-4143-ED4DB5ED5C2E&catid=21C3854B-901E-11F9-7B7D-6838CC6AFAA4&eventid=6FF9EBE1-05EE-AA1E-A54F-A9D14CF13922 HTTP/1.1" 200 112405
20.171.207.246 - - [28/Feb/2025:01:21:42 +0100] "GET /ticket2/opencms/set_aff_cookie.jsp?partner=6F250EA7-4505-FA01-D601-8847F2573405&url=%252Fnl%252Fbuy%252Findex.html%253Fpage%253D1%2526edid%253D86A7D428-8E42-C0D0-846E-90C83426D4AE%2526hlv%253D6686653f-833c-4246-b011-67400a01000f%2523v162539036 HTTP/1.1" 200 245
114.119.187.128 - - [28/Feb/2025:01:21:42 +0100] "GET /ticket2/opencms/fr/buy?page=1&edid=B5C73525-3464-86C0-6556-AF81CD6951F1 HTTP/1.1" 200 111500
66.249.76.129 - - [28/Feb/2025:01:21:43 +0100] "GET /ticket2/opencms/bg/buy/?page=1&edid=50E84B3D-9D0C-3B92-7082-59B92FD223D3 HTTP/1.1" 200 116909
20.171.207.246 - - [28/Feb/2025:01:21:43 +0100] "GET /ticket2/opencms/set_aff_cookie.jsp?partner=6F250EA7-4505-FA01-D601-8847F2573405&url=%252Fru%252Fbuy%252Findex.html%253Fpage%253D1%2526edid%253D3289C097-2261-9433-8644-DF033A9EE354%2526hlv%253D666c5d18-667c-4b04-990c-4e220a01000f%2523v230605807 HTTP/1.1" 200 245
85.208.96.210 - - [28/Feb/2025:01:21:43 +0100] "GET /ticket2/opencms/sq/magazine/article?title=bukayo-ayoyinka-t-m-saka HTTP/1.1" 200 94504
20.171.207.246 - - [28/Feb/2025:01:21:44 +0100] "GET /ticket2/opencms/set_aff_cookie.jsp?partner=6F250EA7-4505-FA01-D601-8847F2573405&url=%252Fru%252Fbuy%252Findex.html%253Fpage%253D1%2526edid%253D3F2D99A8-7547-83C1-C9EB-9D79E7CF5003%2526hlv%253D669390b0-2198-495c-9583-74300a01000f%2523v1078638943 HTTP/1.1" 200 246
216.244.66.196 - - [28/Feb/2025:01:21:44 +0100] "GET /ticket2/opencms/sv/buy?page=1&edid=BBAFC2BC-085F-5A58-F761-2463D78A6F36 HTTP/1.1" 200 111839
20.171.207.246 - - [28/Feb/2025:01:21:45 +0100] "GET /ticket2/opencms/set_aff_cookie.jsp?partner=6F250EA7-4505-FA01-D601-8847F2573405&url=%252Fen%252Fbuy%252Findex.html%253Fpage%253D1%2526edid%253D26467E66-E432-3709-0425-A75E81B5021A%2526hlv%253D666c5d28-0374-428b-a98f-4e220a01000f%2523v1353543997 HTTP/1.1" 200 246
54.36.148.29 - - [28/Feb/2025:01:21:45 +0100] "GET /ticket2/opencms/sr/sport/fudbalske-karte/premier-league HTTP/1.1" 200 103068
47.128.124.202 - - [28/Feb/2025:01:21:46 +0100] "GET /ticket2/opencms/az/buy/?edid=F069D68B-E4A8-725C-97EC-77766FEFBA80 HTTP/1.1" 200 91772
20.171.207.246 - - [28/Feb/2025:01:21:46 +0100] "GET /ticket2/opencms/set_aff_cookie.jsp?partner=6F250EA7-4505-FA01-D601-8847F2573405&url=%252Fsv%252Fbuy%252Findex.html%253Fpage%253D1%2526edid%253D0C675B35-F010-2227-D951-9B816929F720%2526hlv%253D6689073e-9b70-4c48-ae2f-1a850a01000f%2523v1085577928 HTTP/1.1" 200 246
202.8.43.13 - - [28/Feb/2025:01:21:47 +0100] "GET /ticket2/opencms/system/modules/com.gridnine.opencms.ticketbrokerage.site/resources/css/calendar.css HTTP/1.1" 200 6871
202.8.43.13 - - [28/Feb/2025:01:21:47 +0100] "GET /ticket2/opencms/system/modules/com.gridnine.opencms.ticketbrokerage.site/resources/css/jquery-ui.css HTTP/1.1" 200 33221
202.8.43.13 - - [28/Feb/2025:01:21:47 +0100] "GET /ticket2/opencms/system/modules/com.gridnine.opencms.ticketbrokerage.site/resources/css/standard.css HTTP/1.1" 200 74207
202.8.43.13 - - [28/Feb/2025:01:21:47 +0100] "GET /ticket2/opencms/system/modules/com.gridnine.opencms.ticketbrokerage.site/resources/css/jquery.fancybox.css HTTP/1.1" 200 4939
202.8.43.13 - - [28/Feb/2025:01:21:47 +0100] "GET /ticket2/opencms/system/modules/com.gridnine.opencms.ticketbrokerage.site/resources/js/jquery/jquery.js HTTP/1.1" 200 93868
202.8.43.13 - - [28/Feb/2025:01:21:47 +0100] "GET /ticket2/opencms/system/modules/com.gridnine.opencms.ticketbrokerage.site/resources/css/ticketbrokerage.css HTTP/1.1" 200 39339
202.8.43.13 - - [28/Feb/2025:01:21:47 +0100] "GET /ticket2/opencms/system/modules/com.gridnine.opencms.ticketbrokerage.site/resources/js/jquery/jquery-ui.js HTTP/1.1" 200 228088
202.8.43.13 - - [28/Feb/2025:01:21:47 +0100] "GET /ticket2/opencms/system/modules/com.gridnine.opencms.ticketbrokerage.site/resources/js/functions.js HTTP/1.1" 200 1583
202.8.43.13 - - [28/Feb/2025:01:21:47 +0100] "GET /ticket2/opencms/system/modules/com.gridnine.opencms.ticketbrokerage.site/resources/js/calendar.js HTTP/1.1" 200 49229
202.8.43.13 - - [28/Feb/2025:01:21:47 +0100] "GET /ticket2/opencms/system/modules/com.gridnine.opencms.ticketbrokerage.site/resources/js/calendar-en.js HTTP/1.1" 200 3338
202.8.43.13 - - [28/Feb/2025:01:21:47 +0100] "GET /ticket2/opencms/system/modules/com.gridnine.opencms.ticketbrokerage.site/resources/js/calendar-setup.js HTTP/1.1" 200 4923
202.8.43.13 - - [28/Feb/2025:01:21:47 +0100] "GET /ticket2/opencms/system/modules/com.gridnine.opencms.ticketbrokerage.site/resources/js/jquery.fancybox.pack.js HTTP/1.1" 200 23187
202.8.43.13 - - [28/Feb/2025:01:21:47 +0100] "GET /ticket2/opencms/system/modules/com.gridnine.opencms.ticketbrokerage.site/resources/js/stickyfill.min.js HTTP/1.1" 200 5672
202.8.43.13 - - [28/Feb/2025:01:21:47 +0100] "GET /ticket2/opencms/system/modules/com.gridnine.opencms.ticketbrokerage.site/resources/js/standard.js HTTP/1.1" 200 3983
202.8.43.13 - - [28/Feb/2025:01:21:47 +0100] "GET /ticket2/opencms/system/modules/com.gridnine.opencms.ticketbrokerage.site/resources/js/jquery.placeholder.min.js HTTP/1.1" 200 1737
202.8.43.13 - - [28/Feb/2025:01:21:47 +0100] "GET /ticket2/opencms/system/modules/com.gridnine.opencms.ticketbrokerage.site/resources/js/common-ajax.js HTTP/1.1" 200 20175
20.171.207.246 - - [28/Feb/2025:01:21:48 +0100] "GET /ticket2/opencms/set_aff_cookie.jsp?partner=57601924-FB09-5BB2-867F-08B4EB522BA8&url=%252Fnl%252Fbuy%252Findex.html%253Fpage%253D1%2526edid%253D47C0370F-9915-7673-E038-7AD65907592C%2526hlv%253D666d50d3-2740-4a31-8759-70d60a01000f%2523v660918162 HTTP/1.1" 200 245
20.171.207.246 - - [28/Feb/2025:01:21:49 +0100] "GET /ticket2/opencms/set_aff_cookie.jsp?partner=6F250EA7-4505-FA01-D601-8847F2573405&url=%252Fsv%252Fbuy%252Findex.html%253Fpage%253D1%2526edid%253D5C16C231-B966-190F-EDF0-005493349D4E%2526hlv%253D66924208-c074-4e21-b457-068d0a01000f%2523v222677739 HTTP/1.1" 200 245
114.119.140.85 - - [28/Feb/2025:01:21:50 +0100] "GET /ticket2/opencms/en/sell/?edid=85385779-A173-A8ED-3AF9-E6282849FAD5 HTTP/1.1" 302 -
20.171.207.246 - - [28/Feb/2025:01:21:50 +0100] "GET /ticket2/opencms/set_aff_cookie.jsp?partner=6F250EA7-4505-FA01-D601-8847F2573405&url=%252Fdk%252Fbuy%252Findex.html%253Fpage%253D1%2526edid%253D3289C097-2261-9433-8644-DF033A9EE354%2526hlv%253D666c5d17-7628-496f-abe0-4e220a01000f%2523v524503455 HTTP/1.1" 200 245
20.171.207.246 - - [28/Feb/2025:01:21:51 +0100] "GET /ticket2/opencms/set_aff_cookie.jsp?partner=6F250EA7-4505-FA01-D601-8847F2573405&url=%252Fno%252Fbuy%252Findex.html%253Fpage%253D1%2526edid%253D78F53753-F856-B158-388A-6B70B4CA55C8%2526hlv%253D66b38017-9934-41b2-8259-74430a01000f%2523v127097729 HTTP/1.1" 200 245
20.171.207.246 - - [28/Feb/2025:01:21:52 +0100] "GET /ticket2/opencms/set_aff_cookie.jsp?partner=6F250EA7-4505-FA01-D601-8847F2573405&url=%252Ffi%252Fbuy%252Findex.html%253Fpage%253D1%2526edid%253D47C0370F-9915-7673-E038-7AD65907592C%2526hlv%253D666d50d2-9200-4b43-ae46-70d60a01000f%2523v2027012408 HTTP/1.1" 200 246
85.208.96.198 - - [28/Feb/2025:01:21:52 +0100] "GET /ticket2/opencms/ro/magazine/article?title=chelsea-vs-tottenham-2-0 HTTP/1.1" 200 94144
54.36.149.106 - - [28/Feb/2025:01:21:53 +0100] "GET /ticket2/opencms/tr/buy/?page=1&edid=F8093B0F-0671-8BAD-4914-C12550D964A6 HTTP/1.1" 200 112195
20.171.207.246 - - [28/Feb/2025:01:21:53 +0100] "GET /ticket2/opencms/set_aff_cookie.jsp?partner=6F250EA7-4505-FA01-D601-8847F2573405&url=%252Fsv%252Fbuy%252Findex.html%253Fpage%253D1%2526edid%253D750C6040-29F7-425D-A24F-51B977F415A3%2526hlv%253D666c4b82-4918-482f-8554-3da20a01000f%2523v655554479 HTTP/1.1" 200 245
114.119.140.85 - - [28/Feb/2025:01:21:54 +0100] "GET /ticket2/opencms/en/login/?url=/en/sell/ HTTP/1.1" 200 90099
114.119.135.251 - - [28/Feb/2025:01:21:54 +0100] "GET /ticket2/opencms/tr/ HTTP/1.1" 200 105484
20.171.207.246 - - [28/Feb/2025:01:21:54 +0100] "GET /ticket2/opencms/set_aff_cookie.jsp?partner=6F250EA7-4505-FA01-D601-8847F2573405&url=%252Fnl%252Fbuy%252Findex.html%253Fpage%253D1%2526edid%253D7624E370-717C-E67C-7863-0581645F3814%2526hlv%253D6698ea36-9648-44ee-a218-4dfb0a01000f%2523v615593209 HTTP/1.1" 200 245
