20.171.207.246 - - [28/Feb/2025:01:03:48 +0100] "GET /ticket2/opencms/de/buy/?catid=3A56B1C2-6FFB-C8D1-B229-B3914D5FF8DF&comcatid=0A6B8208-FDA4-E929-9D72-5312FD481B76&page=6 HTTP/1.1" 200 96257
85.208.96.202 - - [28/Feb/2025:01:03:48 +0100] "GET /ticket2/opencms/lv/magazine/article?title=bournemouth HTTP/1.1" 200 93203
20.171.207.246 - - [28/Feb/2025:01:03:49 +0100] "GET /ticket2/opencms/de/buy/?catid=8E4972FC-6E2C-77A4-BB9D-D67BD270A641&comcatid=0A6B8208-FDA4-E929-9D72-5312FD481B76&page=6 HTTP/1.1" 200 96284
192.95.30.177 - - [28/Feb/2025:01:03:49 +0100] "GET /ticket2/opencms/no/buy/?page=1&edid=1C36F885-B0DA-599D-85B2-4A2C8FCB715F&sortorder=asc&column=price HTTP/1.1" 200 111122
20.171.207.246 - - [28/Feb/2025:01:03:50 +0100] "GET /ticket2/opencms/de/buy/?catid=E92E6B1B-7CD1-74B1-312C-265A7D8125D0&comcatid=A17713B6-D984-201A-4143-ED4DB5ED5C2E&page=6 HTTP/1.1" 200 103367
192.95.30.177 - - [28/Feb/2025:01:03:51 +0100] "GET /ticket2/opencms/no/buy/?page=1&edid=1C36F885-B0DA-599D-85B2-4A2C8FCB715F&sortorder=asc&column=row HTTP/1.1" 200 110977
192.95.30.177 - - [28/Feb/2025:01:03:53 +0100] "GET /ticket2/opencms/no/buy/?page=1&edid=28FE0D80-AF6C-4AA1-8D78-65E3D3DBF7A3&sortorder=asc&column=section HTTP/1.1" 200 112186
111.119.222.145 - - [28/Feb/2025:01:03:55 +0100] "GET /ticket2/opencms/bg/buy?page=1&edid=69C4AD8E-60B2-A255-9B8E-BD4F83D22F14 HTTP/1.1" 200 113297
192.95.30.177 - - [28/Feb/2025:01:03:56 +0100] "GET /ticket2/opencms/no/buy/?page=1&edid=2A02304F-C4E2-CB52-4AFF-BC677386FC96&sortorder=asc&column=row HTTP/1.1" 200 108834
54.36.148.37 - - [28/Feb/2025:01:03:56 +0100] "GET /ticket2/opencms/pl/sport/bilety-futbol/premier-league/arsenal/ HTTP/1.1" 200 100153
192.95.30.177 - - [28/Feb/2025:01:03:58 +0100] "GET /ticket2/opencms/no/buy/?page=1&edid=2C38A8F3-3FDB-4275-5B70-01B082026DE0&sortorder=asc&column=price HTTP/1.1" 200 110119
193.186.4.91 - - [28/Feb/2025:01:03:59 +0100] "GET /ticket2/opencms/no/ HTTP/1.1" 200 105054
88.90.2.254 - - [28/Feb/2025:01:03:59 +0100] "GET /ticket2/opencms/system/modules/com.gridnine.opencms.ticketbrokerage.site/resources/css/calendar.css HTTP/1.1" 200 6871
88.90.2.254 - - [28/Feb/2025:01:03:59 +0100] "GET /ticket2/opencms/system/modules/com.gridnine.opencms.ticketbrokerage.site/resources/css/ticketbrokerage.css HTTP/1.1" 200 39339
88.90.2.254 - - [28/Feb/2025:01:03:59 +0100] "GET /ticket2/opencms/system/modules/com.gridnine.opencms.ticketbrokerage.site/resources/css/jquery-ui.css HTTP/1.1" 200 33221
88.90.2.254 - - [28/Feb/2025:01:03:59 +0100] "GET /ticket2/opencms/system/modules/com.gridnine.opencms.ticketbrokerage.site/resources/css/standard.css HTTP/1.1" 200 74207
88.90.2.254 - - [28/Feb/2025:01:03:59 +0100] "GET /ticket2/opencms/system/modules/com.gridnine.opencms.ticketbrokerage.site/resources/css/jquery.fancybox.css HTTP/1.1" 200 4939
88.90.2.254 - - [28/Feb/2025:01:03:59 +0100] "GET /ticket2/opencms/system/modules/com.gridnine.opencms.ticketbrokerage.site/resources/js/jquery/jquery.js HTTP/1.1" 200 93868
88.90.2.254 - - [28/Feb/2025:01:03:59 +0100] "GET /ticket2/opencms/system/modules/com.gridnine.opencms.ticketbrokerage.site/resources/js/jquery/jquery-ui.js HTTP/1.1" 200 228088
88.90.2.254 - - [28/Feb/2025:01:03:59 +0100] "GET /ticket2/opencms/system/modules/com.gridnine.opencms.ticketbrokerage.site/resources/js/functions.js HTTP/1.1" 200 1583
88.90.2.254 - - [28/Feb/2025:01:03:59 +0100] "GET /ticket2/opencms/system/modules/com.gridnine.opencms.ticketbrokerage.site/resources/js/calendar.js HTTP/1.1" 200 49229
88.90.2.254 - - [28/Feb/2025:01:03:59 +0100] "GET /ticket2/opencms/system/modules/com.gridnine.opencms.ticketbrokerage.site/resources/js/calendar-en.js HTTP/1.1" 200 3338
88.90.2.254 - - [28/Feb/2025:01:03:59 +0100] "GET /ticket2/opencms/system/modules/com.gridnine.opencms.ticketbrokerage.site/resources/js/calendar-setup.js HTTP/1.1" 200 4923
88.90.2.254 - - [28/Feb/2025:01:03:59 +0100] "GET /ticket2/opencms/system/modules/com.gridnine.opencms.ticketbrokerage.site/resources/js/jquery.fancybox.pack.js HTTP/1.1" 200 23187
88.90.2.254 - - [28/Feb/2025:01:04:00 +0100] "GET /ticket2/opencms/system/modules/com.gridnine.opencms.ticketbrokerage.site/resources/js/stickyfill.min.js HTTP/1.1" 200 5672
88.90.2.254 - - [28/Feb/2025:01:04:00 +0100] "GET /ticket2/opencms/img/icons/en.png HTTP/1.1" 200 2415
114.119.141.178 - - [28/Feb/2025:01:04:00 +0100] "GET /ticket2/opencms/hy/buy?page=1&edid=42E8617D-7ECE-B375-F977-D5B4ED32BE05 HTTP/1.1" 404 -
88.90.2.254 - - [28/Feb/2025:01:04:00 +0100] "GET /ticket2/opencms/img/icons/se.png HTTP/1.1" 200 1258
88.90.2.254 - - [28/Feb/2025:01:04:00 +0100] "GET /ticket2/opencms/img/icons/fi.png HTTP/1.1" 200 1785
88.90.2.254 - - [28/Feb/2025:01:04:00 +0100] "GET /ticket2/opencms/system/modules/com.gridnine.opencms.ticketbrokerage.site/resources/js/jquery.placeholder.min.js HTTP/1.1" 200 1737
88.90.2.254 - - [28/Feb/2025:01:04:00 +0100] "GET /ticket2/opencms/system/modules/com.gridnine.opencms.ticketbrokerage.site/resources/js/common-ajax.js HTTP/1.1" 200 20175
88.90.2.254 - - [28/Feb/2025:01:04:00 +0100] "GET /ticket2/opencms/system/modules/com.gridnine.opencms.ticketbrokerage.site/resources/js/standard.js HTTP/1.1" 200 3983
88.90.2.254 - - [28/Feb/2025:01:04:00 +0100] "GET /ticket2/opencms/system/modules/com.gridnine.opencms.ticketbrokerage.site/resources/pics/logo-new.png HTTP/1.1" 200 13541
88.90.2.254 - - [28/Feb/2025:01:04:00 +0100] "GET /ticket2/opencms/img/fb.png HTTP/1.1" 200 1269
88.90.2.254 - - [28/Feb/2025:01:04:00 +0100] "GET /ticket2/opencms/img/insta.png HTTP/1.1" 200 3967
88.90.2.254 - - [28/Feb/2025:01:04:00 +0100] "GET /ticket2/opencms/system/modules/com.gridnine.opencms.ticketbrokerage.site/resources/pics/footer-img.jpg HTTP/1.1" 200 67642
88.90.2.254 - - [28/Feb/2025:01:04:00 +0100] "GET /ticket2/opencms/img/chat.png HTTP/1.1" 200 416
88.90.2.254 - - [28/Feb/2025:01:04:00 +0100] "GET /ticket2/opencms/img/mail.png HTTP/1.1" 200 403
88.90.2.254 - - [28/Feb/2025:01:04:00 +0100] "GET /ticket2/opencms/img/arrow.png HTTP/1.1" 200 753
88.90.2.254 - - [28/Feb/2025:01:04:00 +0100] "GET /ticket2/opencms/img/check.png HTTP/1.1" 200 548
88.90.2.254 - - [28/Feb/2025:01:04:00 +0100] "GET /ticket2/opencms/img/banner-ll.jpeg HTTP/1.1" 200 41825
88.90.2.254 - - [28/Feb/2025:01:04:00 +0100] "GET /ticket2/opencms/img/banner-pl.jpeg HTTP/1.1" 200 41818
88.90.2.254 - - [28/Feb/2025:01:04:00 +0100] "GET /ticket2/opencms/img/banner-sa.jpeg HTTP/1.1" 200 41270
88.90.2.254 - - [28/Feb/2025:01:04:00 +0100] "GET /ticket2/opencms/img/icons/no.png HTTP/1.1" 200 1958
88.90.2.254 - - [28/Feb/2025:01:04:00 +0100] "GET /ticket2/opencms/img/icons/fi.png HTTP/1.1" 200 1785
88.90.2.254 - - [28/Feb/2025:01:04:00 +0100] "GET /ticket2/opencms/img/icons/dk.png HTTP/1.1" 200 1706
88.90.2.254 - - [28/Feb/2025:01:04:00 +0100] "GET /ticket2/opencms/img/icons/globe-white.png HTTP/1.1" 200 947
88.90.2.254 - - [28/Feb/2025:01:04:00 +0100] "GET /ticket2/opencms/img/icons/nl.png HTTP/1.1" 200 1255
88.90.2.254 - - [28/Feb/2025:01:04:00 +0100] "GET /ticket2/opencms/img/icons/de.png HTTP/1.1" 200 1124
88.90.2.254 - - [28/Feb/2025:01:04:00 +0100] "GET /ticket2/opencms/img/icons/es.png HTTP/1.1" 200 1005
88.90.2.254 - - [28/Feb/2025:01:04:00 +0100] "GET /ticket2/opencms/img/icons/fr.png HTTP/1.1" 200 1764
88.90.2.254 - - [28/Feb/2025:01:04:00 +0100] "GET /ticket2/opencms/img/icons/it.png HTTP/1.1" 200 2040
88.90.2.254 - - [28/Feb/2025:01:04:00 +0100] "GET /ticket2/opencms/img/icons/pl.png HTTP/1.1" 200 1578
88.90.2.254 - - [28/Feb/2025:01:04:00 +0100] "GET /ticket2/opencms/img/icons/sq.png HTTP/1.1" 200 1619
88.90.2.254 - - [28/Feb/2025:01:04:00 +0100] "GET /ticket2/opencms/img/icons/az.png HTTP/1.1" 200 1445
88.90.2.254 - - [28/Feb/2025:01:04:00 +0100] "GET /ticket2/opencms/img/icons/be.png HTTP/1.1" 200 1663
88.90.2.254 - - [28/Feb/2025:01:04:00 +0100] "GET /ticket2/opencms/img/icons/bg.png HTTP/1.1" 200 788
88.90.2.254 - - [28/Feb/2025:01:04:00 +0100] "GET /ticket2/opencms/img/icons/hr.png HTTP/1.1" 200 2024
88.90.2.254 - - [28/Feb/2025:01:04:00 +0100] "GET /ticket2/opencms/img/icons/bs.png HTTP/1.1" 200 1014
88.90.2.254 - - [28/Feb/2025:01:04:00 +0100] "GET /ticket2/opencms/img/icons/cs.png HTTP/1.1" 200 1883
88.90.2.254 - - [28/Feb/2025:01:04:00 +0100] "GET /ticket2/opencms/img/icons/et.png HTTP/1.1" 200 754
88.90.2.254 - - [28/Feb/2025:01:04:00 +0100] "GET /ticket2/opencms/img/icons/is.png HTTP/1.1" 200 1884
88.90.2.254 - - [28/Feb/2025:01:04:00 +0100] "GET /ticket2/opencms/img/icons/el.png HTTP/1.1" 200 1637
88.90.2.254 - - [28/Feb/2025:01:04:00 +0100] "GET /ticket2/opencms/img/icons/hu.png HTTP/1.1" 200 733
88.90.2.254 - - [28/Feb/2025:01:04:00 +0100] "GET /ticket2/opencms/img/icons/ka.png HTTP/1.1" 200 860
88.90.2.254 - - [28/Feb/2025:01:04:00 +0100] "GET /ticket2/opencms/img/icons/ga.png HTTP/1.1" 200 1759
88.90.2.254 - - [28/Feb/2025:01:04:00 +0100] "GET /ticket2/opencms/img/icons/lv.png HTTP/1.1" 200 716
88.90.2.254 - - [28/Feb/2025:01:04:00 +0100] "GET /ticket2/opencms/img/icons/mo.png HTTP/1.1" 200 1468
88.90.2.254 - - [28/Feb/2025:01:04:00 +0100] "GET /ticket2/opencms/img/icons/mt.png HTTP/1.1" 200 920
88.90.2.254 - - [28/Feb/2025:01:04:00 +0100] "GET /ticket2/opencms/img/icons/lt.png HTTP/1.1" 200 733
88.90.2.254 - - [28/Feb/2025:01:04:00 +0100] "GET /ticket2/opencms/img/icons/ro.png HTTP/1.1" 200 1393
88.90.2.254 - - [28/Feb/2025:01:04:00 +0100] "GET /ticket2/opencms/img/icons/sr.png HTTP/1.1" 200 1602
88.90.2.254 - - [28/Feb/2025:01:04:00 +0100] "GET /ticket2/opencms/img/icons/sk.png HTTP/1.1" 200 1283
88.90.2.254 - - [28/Feb/2025:01:04:00 +0100] "GET /ticket2/opencms/img/icons/tr.png HTTP/1.1" 200 1636
88.90.2.254 - - [28/Feb/2025:01:04:00 +0100] "GET /ticket2/opencms/img/icons/uk.png HTTP/1.1" 200 1272
88.90.2.254 - - [28/Feb/2025:01:04:00 +0100] "GET /ticket2/opencms/img/icons/sl.png HTTP/1.1" 200 966
88.90.2.254 - - [28/Feb/2025:01:04:00 +0100] "GET /ticket2/opencms/img/icons/ticket2.thumbnail.png HTTP/1.1" 200 21519
88.90.2.254 - - [28/Feb/2025:01:04:00 +0100] "GET /ticket2/opencms/system/modules/com.gridnine.opencms.ticketbrokerage.site/resources/js/standard.js HTTP/1.1" 200 3983
192.95.30.177 - - [28/Feb/2025:01:04:01 +0100] "GET /ticket2/opencms/no/buy/?page=1&edid=2C38A8F3-3FDB-4275-5B70-01B082026DE0&sortorder=asc&column=row HTTP/1.1" 200 110000
35.170.205.140 - - [28/Feb/2025:01:04:01 +0100] "GET /ticket2/opencms/sites/ticketbrokerage/sv/tickets/milan/udinese.html HTTP/1.1" 404 -
192.95.30.177 - - [28/Feb/2025:01:04:03 +0100] "GET /ticket2/opencms/no/buy/?page=1&edid=2C38A8F3-3FDB-4275-5B70-01B082026DE0&sortorder=asc&column=section HTTP/1.1" 200 110166
20.171.207.246 - - [28/Feb/2025:01:04:03 +0100] "GET /ticket2/opencms/es/buy/?catid=7CF2D645-F785-0CBB-1B7C-C4711617EAAD&comcatid=A17713B6-D984-201A-4143-ED4DB5ED5C2E&eventid=DE62BCAD-F9C9-D1F2-7154-3B2D99AE4311&page=6 HTTP/1.1" 200 106629
20.171.207.246 - - [28/Feb/2025:01:04:04 +0100] "GET /ticket2/opencms/es/buy/?edid=1571DB1B-206B-93FC-5429-333D7E9FCB65&page=1 HTTP/1.1" 200 118067
54.36.149.28 - - [28/Feb/2025:01:04:04 +0100] "GET /ticket2/opencms/az/buy?page=1&edid=207C2646-D7DC-44FF-090D-40B991F2D67E HTTP/1.1" 200 108957
192.95.30.177 - - [28/Feb/2025:01:04:05 +0100] "GET /ticket2/opencms/no/buy/?page=1&edid=2C4C8FD9-D258-441B-A3AB-3A6EDF25D53E&sortorder=asc&column=price HTTP/1.1" 200 108885
202.8.42.186 - - [28/Feb/2025:01:04:06 +0100] "GET /ticket2/opencms/system/modules/com.gridnine.opencms.ticketbrokerage.site/resources/css/ticketbrokerage.css HTTP/1.1" 200 39339
202.8.42.186 - - [28/Feb/2025:01:04:06 +0100] "GET /ticket2/opencms/system/modules/com.gridnine.opencms.ticketbrokerage.site/resources/css/calendar.css HTTP/1.1" 200 6871
202.8.42.186 - - [28/Feb/2025:01:04:06 +0100] "GET /ticket2/opencms/system/modules/com.gridnine.opencms.ticketbrokerage.site/resources/css/jquery-ui.css HTTP/1.1" 200 33221
202.8.42.186 - - [28/Feb/2025:01:04:06 +0100] "GET /ticket2/opencms/system/modules/com.gridnine.opencms.ticketbrokerage.site/resources/css/standard.css HTTP/1.1" 200 74207
202.8.42.186 - - [28/Feb/2025:01:04:06 +0100] "GET /ticket2/opencms/system/modules/com.gridnine.opencms.ticketbrokerage.site/resources/css/jquery.fancybox.css HTTP/1.1" 200 4939
202.8.42.186 - - [28/Feb/2025:01:04:06 +0100] "GET /ticket2/opencms/system/modules/com.gridnine.opencms.ticketbrokerage.site/resources/js/jquery/jquery.js HTTP/1.1" 200 93868
202.8.42.186 - - [28/Feb/2025:01:04:06 +0100] "GET /ticket2/opencms/system/modules/com.gridnine.opencms.ticketbrokerage.site/resources/js/jquery/jquery-ui.js HTTP/1.1" 200 228088
202.8.42.186 - - [28/Feb/2025:01:04:06 +0100] "GET /ticket2/opencms/system/modules/com.gridnine.opencms.ticketbrokerage.site/resources/js/functions.js HTTP/1.1" 200 1583
202.8.42.186 - - [28/Feb/2025:01:04:06 +0100] "GET /ticket2/opencms/system/modules/com.gridnine.opencms.ticketbrokerage.site/resources/js/calendar.js HTTP/1.1" 200 49229
202.8.42.186 - - [28/Feb/2025:01:04:06 +0100] "GET /ticket2/opencms/system/modules/com.gridnine.opencms.ticketbrokerage.site/resources/js/calendar-en.js HTTP/1.1" 200 3338
88.90.2.254 - - [28/Feb/2025:01:04:06 +0100] "GET /ticket2/opencms/no/sport/fotballsbilletter/premier_league/arsenal/ HTTP/1.1" 200 93748
52.167.144.161 - - [28/Feb/2025:01:04:06 +0100] "GET /ticket2/opencms/az/buy?page=6&comcatid=A17713B6-D984-201A-4143-ED4DB5ED5C2E&catid=24AC1CA6-1C09-0BE5-C04A-9DCCDB15D5E9 HTTP/1.1" 200 104182
202.8.42.186 - - [28/Feb/2025:01:04:06 +0100] "GET /ticket2/opencms/system/modules/com.gridnine.opencms.ticketbrokerage.site/resources/js/calendar-setup.js HTTP/1.1" 200 4923
88.90.2.254 - - [28/Feb/2025:01:04:06 +0100] "GET /ticket2/opencms/system/modules/com.gridnine.opencms.ticketbrokerage.site/resources/css/ticketbrokerage.css HTTP/1.1" 200 39339
88.90.2.254 - - [28/Feb/2025:01:04:06 +0100] "GET /ticket2/opencms/system/modules/com.gridnine.opencms.ticketbrokerage.site/resources/css/calendar.css HTTP/1.1" 200 6871
202.8.42.186 - - [28/Feb/2025:01:04:06 +0100] "GET /ticket2/opencms/system/modules/com.gridnine.opencms.ticketbrokerage.site/resources/js/jquery.fancybox.pack.js HTTP/1.1" 200 23187
202.8.42.186 - - [28/Feb/2025:01:04:06 +0100] "GET /ticket2/opencms/system/modules/com.gridnine.opencms.ticketbrokerage.site/resources/js/stickyfill.min.js HTTP/1.1" 200 5672
88.90.2.254 - - [28/Feb/2025:01:04:06 +0100] "GET /ticket2/opencms/system/modules/com.gridnine.opencms.ticketbrokerage.site/resources/js/functions.js HTTP/1.1" 200 1583
88.90.2.254 - - [28/Feb/2025:01:04:06 +0100] "GET /ticket2/opencms/system/modules/com.gridnine.opencms.ticketbrokerage.site/resources/css/standard.css HTTP/1.1" 200 74207
88.90.2.254 - - [28/Feb/2025:01:04:06 +0100] "GET /ticket2/opencms/system/modules/com.gridnine.opencms.ticketbrokerage.site/resources/js/calendar-en.js HTTP/1.1" 200 3338
88.90.2.254 - - [28/Feb/2025:01:04:06 +0100] "GET /ticket2/opencms/system/modules/com.gridnine.opencms.ticketbrokerage.site/resources/js/calendar.js HTTP/1.1" 200 49229
88.90.2.254 - - [28/Feb/2025:01:04:06 +0100] "GET /ticket2/opencms/system/modules/com.gridnine.opencms.ticketbrokerage.site/resources/js/standard.js HTTP/1.1" 200 3983
88.90.2.254 - - [28/Feb/2025:01:04:06 +0100] "GET /ticket2/opencms/system/modules/com.gridnine.opencms.ticketbrokerage.site/resources/js/calendar-setup.js HTTP/1.1" 200 4923
202.8.42.186 - - [28/Feb/2025:01:04:06 +0100] "GET /ticket2/opencms/system/modules/com.gridnine.opencms.ticketbrokerage.site/resources/js/standard.js HTTP/1.1" 200 3983
88.90.2.254 - - [28/Feb/2025:01:04:06 +0100] "GET /ticket2/opencms/system/modules/com.gridnine.opencms.ticketbrokerage.site/resources/pics/banners/arsenal.png HTTP/1.1" 200 13545
20.171.207.246 - - [28/Feb/2025:01:04:06 +0100] "GET /ticket2/opencms/lv/buy/?edid=7EE6FDFE-D5C7-871C-1D44-A83A22170314&page=1 HTTP/1.1" 200 132010
202.8.42.186 - - [28/Feb/2025:01:04:06 +0100] "GET /ticket2/opencms/system/modules/com.gridnine.opencms.ticketbrokerage.site/resources/js/jquery.placeholder.min.js HTTP/1.1" 200 1737
202.8.42.186 - - [28/Feb/2025:01:04:06 +0100] "GET /ticket2/opencms/system/modules/com.gridnine.opencms.ticketbrokerage.site/resources/js/common-ajax.js HTTP/1.1" 200 20175
88.90.2.254 - - [28/Feb/2025:01:04:06 +0100] "GET /ticket2/opencms/system/modules/com.gridnine.opencms.ticketbrokerage.site/resources/js/standard.js HTTP/1.1" 200 3983
202.8.42.186 - - [28/Feb/2025:01:04:06 +0100] "GET /ticket2/opencms/az/ask-form.html HTTP/1.1" 200 3156
202.8.42.186 - - [28/Feb/2025:01:04:06 +0100] "GET /ticket2/opencms/system/modules/com.gridnine.opencms.ticketbrokerage.site/resources/css/ticketbrokerage.css HTTP/1.1" 200 39339
20.171.207.246 - - [28/Feb/2025:01:04:07 +0100] "GET /ticket2/opencms/no/buy/?edid=AC44825D-2793-0C67-BD3C-7AB6359F86DA&page=1 HTTP/1.1" 200 117182
192.95.30.177 - - [28/Feb/2025:01:04:07 +0100] "GET /ticket2/opencms/no/buy/?page=1&edid=2C4C8FD9-D258-441B-A3AB-3A6EDF25D53E&sortorder=asc&column=row HTTP/1.1" 200 108862
66.249.76.132 - - [28/Feb/2025:01:04:09 +0100] "GET /ticket2/opencms/ga/buy/?page=1&edid=79B5950A-8F2F-84F8-FCAC-0BA8722B353B HTTP/1.1" 200 112808
20.171.207.246 - - [28/Feb/2025:01:04:09 +0100] "GET /ticket2/opencms/sv/buy/?edid=7EE6FDFE-D5C7-871C-1D44-A83A22170314&page=1 HTTP/1.1" 200 131357
192.95.30.177 - - [28/Feb/2025:01:04:10 +0100] "GET /ticket2/opencms/no/buy/?page=1&edid=2C4C8FD9-D258-441B-A3AB-3A6EDF25D53E&sortorder=asc&column=section HTTP/1.1" 200 108919
20.171.207.246 - - [28/Feb/2025:01:04:11 +0100] "GET /ticket2/opencms/fr/buy/?edid=7EE6FDFE-D5C7-871C-1D44-A83A22170314&page=1 HTTP/1.1" 200 131837
192.95.30.177 - - [28/Feb/2025:01:04:12 +0100] "GET /ticket2/opencms/no/buy/?page=1&edid=2CC59489-60B1-DBB6-8A8B-B3F8A51347B3&sortorder=asc&column=price HTTP/1.1" 200 112089
20.171.207.246 - - [28/Feb/2025:01:04:12 +0100] "GET /ticket2/opencms/it/buy/?edid=AC44825D-2793-0C67-BD3C-7AB6359F86DA&page=1 HTTP/1.1" 200 117628
192.95.30.177 - - [28/Feb/2025:01:04:14 +0100] "GET /ticket2/opencms/no/buy/?page=1&edid=2CC59489-60B1-DBB6-8A8B-B3F8A51347B3&sortorder=asc&column=row HTTP/1.1" 200 112009
20.171.207.246 - - [28/Feb/2025:01:04:14 +0100] "GET /ticket2/opencms/hu/buy/?edid=7EE6FDFE-D5C7-871C-1D44-A83A22170314&page=1 HTTP/1.1" 200 132207
20.171.207.246 - - [28/Feb/2025:01:04:15 +0100] "GET /ticket2/opencms/az/buy/?edid=7EE6FDFE-D5C7-871C-1D44-A83A22170314&page=1 HTTP/1.1" 200 132296
54.36.148.151 - - [28/Feb/2025:01:04:16 +0100] "GET /ticket2/opencms/bg/buy/?page=1&edid=8A787324-CD72-C476-64CB-87071CD71C2F HTTP/1.1" 200 137743
192.95.30.177 - - [28/Feb/2025:01:04:16 +0100] "GET /ticket2/opencms/no/buy/?page=1&edid=2CC59489-60B1-DBB6-8A8B-B3F8A51347B3&sortorder=asc&column=section HTTP/1.1" 200 112246
20.171.207.246 - - [28/Feb/2025:01:04:17 +0100] "GET /ticket2/opencms/mo/buy/?edid=7EE6FDFE-D5C7-871C-1D44-A83A22170314&page=1 HTTP/1.1" 200 131876
20.171.207.246 - - [28/Feb/2025:01:04:18 +0100] "GET /ticket2/opencms/sk/buy/?edid=7EE6FDFE-D5C7-871C-1D44-A83A22170314&page=1 HTTP/1.1" 200 132234
192.95.30.177 - - [28/Feb/2025:01:04:18 +0100] "GET /ticket2/opencms/no/buy/?page=1&edid=2D3B2D20-CE97-F15B-BCE7-475DF6D204AA&sortorder=asc&column=row HTTP/1.1" 200 111352
20.171.207.246 - - [28/Feb/2025:01:04:19 +0100] "GET /ticket2/opencms/ga/buy/?edid=AC44825D-2793-0C67-BD3C-7AB6359F86DA&page=1 HTTP/1.1" 200 118267
20.171.207.246 - - [28/Feb/2025:01:04:20 +0100] "GET /ticket2/opencms/sl/buy/?edid=7EE6FDFE-D5C7-871C-1D44-A83A22170314&page=1 HTTP/1.1" 200 131823
192.95.30.177 - - [28/Feb/2025:01:04:21 +0100] "GET /ticket2/opencms/no/buy/?page=1&edid=2E3308C6-12D0-B50B-7958-3212AA58F984&sortorder=asc&column=price HTTP/1.1" 200 112033
20.171.207.246 - - [28/Feb/2025:01:04:22 +0100] "GET /ticket2/opencms/tr/buy/?edid=7EE6FDFE-D5C7-871C-1D44-A83A22170314&page=1 HTTP/1.1" 200 132152
20.171.207.246 - - [28/Feb/2025:01:04:23 +0100] "GET /ticket2/opencms/it/buy/?edid=7EE6FDFE-D5C7-871C-1D44-A83A22170314&page=1 HTTP/1.1" 200 131763
192.95.30.177 - - [28/Feb/2025:01:04:23 +0100] "GET /ticket2/opencms/no/buy/?page=1&edid=2E351EEA-33B4-0E8E-6D73-E9AB91DE426F&sortorder=asc&column=price HTTP/1.1" 200 108902
54.36.148.63 - - [28/Feb/2025:01:04:23 +0100] "GET /ticket2/opencms/ka/sport/pekhburti-biletebi/la-liga/real-madrid HTTP/1.1" 200 96414
20.171.207.246 - - [28/Feb/2025:01:04:24 +0100] "GET /ticket2/opencms/mo/buy/?edid=AC44825D-2793-0C67-BD3C-7AB6359F86DA&page=1 HTTP/1.1" 200 117995
202.8.40.228 - - [28/Feb/2025:01:04:24 +0100] "GET /ticket2/opencms/system/modules/com.gridnine.opencms.ticketbrokerage.site/resources/css/jquery.fancybox.css HTTP/1.1" 200 4939
202.8.40.228 - - [28/Feb/2025:01:04:24 +0100] "GET /ticket2/opencms/system/modules/com.gridnine.opencms.ticketbrokerage.site/resources/css/standard.css HTTP/1.1" 200 74207
202.8.40.228 - - [28/Feb/2025:01:04:24 +0100] "GET /ticket2/opencms/system/modules/com.gridnine.opencms.ticketbrokerage.site/resources/css/calendar.css HTTP/1.1" 200 6871
202.8.40.228 - - [28/Feb/2025:01:04:24 +0100] "GET /ticket2/opencms/system/modules/com.gridnine.opencms.ticketbrokerage.site/resources/css/ticketbrokerage.css HTTP/1.1" 200 39339
202.8.40.228 - - [28/Feb/2025:01:04:24 +0100] "GET /ticket2/opencms/system/modules/com.gridnine.opencms.ticketbrokerage.site/resources/css/jquery-ui.css HTTP/1.1" 200 33221
202.8.40.228 - - [28/Feb/2025:01:04:24 +0100] "GET /ticket2/opencms/system/modules/com.gridnine.opencms.ticketbrokerage.site/resources/js/calendar.js HTTP/1.1" 200 49229
202.8.40.228 - - [28/Feb/2025:01:04:24 +0100] "GET /ticket2/opencms/system/modules/com.gridnine.opencms.ticketbrokerage.site/resources/js/functions.js HTTP/1.1" 200 1583
202.8.40.228 - - [28/Feb/2025:01:04:24 +0100] "GET /ticket2/opencms/system/modules/com.gridnine.opencms.ticketbrokerage.site/resources/js/jquery/jquery-ui.js HTTP/1.1" 200 228088
202.8.40.228 - - [28/Feb/2025:01:04:24 +0100] "GET /ticket2/opencms/system/modules/com.gridnine.opencms.ticketbrokerage.site/resources/js/calendar-en.js HTTP/1.1" 200 3338
202.8.40.228 - - [28/Feb/2025:01:04:24 +0100] "GET /ticket2/opencms/system/modules/com.gridnine.opencms.ticketbrokerage.site/resources/js/calendar-setup.js HTTP/1.1" 200 4923
202.8.40.228 - - [28/Feb/2025:01:04:24 +0100] "GET /ticket2/opencms/system/modules/com.gridnine.opencms.ticketbrokerage.site/resources/js/jquery/jquery.js HTTP/1.1" 200 93868
202.8.40.228 - - [28/Feb/2025:01:04:25 +0100] "GET /ticket2/opencms/system/modules/com.gridnine.opencms.ticketbrokerage.site/resources/js/jquery.fancybox.pack.js HTTP/1.1" 200 23187
202.8.40.228 - - [28/Feb/2025:01:04:25 +0100] "GET /ticket2/opencms/system/modules/com.gridnine.opencms.ticketbrokerage.site/resources/js/stickyfill.min.js HTTP/1.1" 200 5672
202.8.40.228 - - [28/Feb/2025:01:04:25 +0100] "GET /ticket2/opencms/system/modules/com.gridnine.opencms.ticketbrokerage.site/resources/js/standard.js HTTP/1.1" 200 3983
202.8.40.228 - - [28/Feb/2025:01:04:25 +0100] "GET /ticket2/opencms/system/modules/com.gridnine.opencms.ticketbrokerage.site/resources/js/jquery.placeholder.min.js HTTP/1.1" 200 1737
202.8.40.228 - - [28/Feb/2025:01:04:25 +0100] "GET /ticket2/opencms/system/modules/com.gridnine.opencms.ticketbrokerage.site/resources/js/common-ajax.js HTTP/1.1" 200 20175
192.95.30.177 - - [28/Feb/2025:01:04:25 +0100] "GET /ticket2/opencms/no/buy/?page=1&edid=2EDECA3B-8025-13B8-A84A-7B344CA04B6F&sortorder=asc&column=price HTTP/1.1" 200 111368
157.55.39.48 - - [28/Feb/2025:01:04:25 +0100] "GET /ticket2/opencms/dk/buy?page=1&edid=0B7E5CA2-F588-894B-B701-64E6B9532C54 HTTP/1.1" 200 126241
20.171.207.246 - - [28/Feb/2025:01:04:25 +0100] "GET /ticket2/opencms/nl/buy/?edid=7EE6FDFE-D5C7-871C-1D44-A83A22170314&page=1 HTTP/1.1" 200 129606
159.138.102.172 - - [28/Feb/2025:01:04:26 +0100] "GET /ticket2/opencms/ga/magazine/article?title=mardrom-for-manchester-city HTTP/1.1" 200 96154
20.171.207.246 - - [28/Feb/2025:01:04:26 +0100] "GET /ticket2/opencms/sv/buy/?edid=AC44825D-2793-0C67-BD3C-7AB6359F86DA&page=1 HTTP/1.1" 200 117317
20.171.207.246 - - [28/Feb/2025:01:04:28 +0100] "GET /ticket2/opencms/dk/buy/?edid=AC44825D-2793-0C67-BD3C-7AB6359F86DA&page=1 HTTP/1.1" 200 116470
192.95.30.177 - - [28/Feb/2025:01:04:28 +0100] "GET /ticket2/opencms/no/buy/?page=1&edid=2EDECA3B-8025-13B8-A84A-7B344CA04B6F&sortorder=asc&column=row HTTP/1.1" 200 111368
185.191.171.15 - - [28/Feb/2025:01:04:28 +0100] "GET /ticket2/opencms/robots.txt HTTP/1.1" 200 773
20.171.207.246 - - [28/Feb/2025:01:04:29 +0100] "GET /ticket2/opencms/nl/buy/?edid=AC44825D-2793-0C67-BD3C-7AB6359F86DA&page=1 HTTP/1.1" 200 115502
85.208.96.203 - - [28/Feb/2025:01:04:30 +0100] "GET /ticket2/opencms/mo/magazine/article?title=manchester-city-jeet-gaya-premier-league HTTP/1.1" 200 93613
192.95.30.177 - - [28/Feb/2025:01:04:30 +0100] "GET /ticket2/opencms/no/buy/?page=1&edid=2EDECA3B-8025-13B8-A84A-7B344CA04B6F&sortorder=asc&column=section HTTP/1.1" 200 111489
20.171.207.246 - - [28/Feb/2025:01:04:30 +0100] "GET /ticket2/opencms/uk/buy/?edid=7EE6FDFE-D5C7-871C-1D44-A83A22170314&page=1 HTTP/1.1" 200 134162
47.128.126.185 - - [28/Feb/2025:01:04:31 +0100] "GET /ticket2/opencms/sl/buy?edid=A4CA2F1E-95F7-CE47-5A50-DF7E2BC18D85 HTTP/1.1" 200 91579
20.171.207.246 - - [28/Feb/2025:01:04:31 +0100] "GET /ticket2/opencms/sv/buy/?edid=DCF8A7C5-61E0-96AC-DB14-A34E73853787&page=1 HTTP/1.1" 200 111107
54.36.148.81 - - [28/Feb/2025:01:04:31 +0100] "GET /ticket2/opencms/es/deporte/entradas-futbol/premier-league/arsenal HTTP/1.1" 200 100755
72.14.201.150 - - [28/Feb/2025:01:04:32 +0100] "GET /ticket2/opencms/ HTTP/1.1" 302 -
192.95.30.177 - - [28/Feb/2025:01:04:32 +0100] "GET /ticket2/opencms/no/buy/?page=1&edid=2FD48537-60A4-0DC2-BE15-66B133E49E64&sortorder=asc&column=price HTTP/1.1" 200 108943
47.128.126.185 - - [28/Feb/2025:01:04:32 +0100] "GET /ticket2/opencms/img/chat.png HTTP/1.1" 200 416
202.8.42.215 - - [28/Feb/2025:01:04:33 +0100] "GET /ticket2/opencms/system/modules/com.gridnine.opencms.ticketbrokerage.site/resources/css/calendar.css HTTP/1.1" 200 6871
202.8.42.215 - - [28/Feb/2025:01:04:33 +0100] "GET /ticket2/opencms/system/modules/com.gridnine.opencms.ticketbrokerage.site/resources/css/ticketbrokerage.css HTTP/1.1" 200 39339
202.8.42.215 - - [28/Feb/2025:01:04:33 +0100] "GET /ticket2/opencms/system/modules/com.gridnine.opencms.ticketbrokerage.site/resources/css/jquery-ui.css HTTP/1.1" 200 33221
202.8.42.215 - - [28/Feb/2025:01:04:33 +0100] "GET /ticket2/opencms/system/modules/com.gridnine.opencms.ticketbrokerage.site/resources/css/jquery.fancybox.css HTTP/1.1" 200 4939
202.8.42.215 - - [28/Feb/2025:01:04:33 +0100] "GET /ticket2/opencms/system/modules/com.gridnine.opencms.ticketbrokerage.site/resources/css/standard.css HTTP/1.1" 200 74207
72.14.201.150 - - [28/Feb/2025:01:04:33 +0100] "GET /ticket2/opencms/en/ HTTP/1.1" 200 103786
202.8.42.215 - - [28/Feb/2025:01:04:33 +0100] "GET /ticket2/opencms/system/modules/com.gridnine.opencms.ticketbrokerage.site/resources/js/jquery/jquery.js HTTP/1.1" 200 93868
202.8.42.215 - - [28/Feb/2025:01:04:33 +0100] "GET /ticket2/opencms/system/modules/com.gridnine.opencms.ticketbrokerage.site/resources/js/jquery/jquery-ui.js HTTP/1.1" 200 228088
202.8.42.215 - - [28/Feb/2025:01:04:33 +0100] "GET /ticket2/opencms/system/modules/com.gridnine.opencms.ticketbrokerage.site/resources/js/functions.js HTTP/1.1" 200 1583
202.8.42.215 - - [28/Feb/2025:01:04:33 +0100] "GET /ticket2/opencms/system/modules/com.gridnine.opencms.ticketbrokerage.site/resources/js/calendar.js HTTP/1.1" 200 49229
202.8.42.215 - - [28/Feb/2025:01:04:33 +0100] "GET /ticket2/opencms/system/modules/com.gridnine.opencms.ticketbrokerage.site/resources/js/calendar-en.js HTTP/1.1" 200 3338
202.8.42.215 - - [28/Feb/2025:01:04:33 +0100] "GET /ticket2/opencms/system/modules/com.gridnine.opencms.ticketbrokerage.site/resources/js/calendar-setup.js HTTP/1.1" 200 4923
202.8.42.215 - - [28/Feb/2025:01:04:33 +0100] "GET /ticket2/opencms/system/modules/com.gridnine.opencms.ticketbrokerage.site/resources/js/jquery.fancybox.pack.js HTTP/1.1" 200 23187
20.171.207.246 - - [28/Feb/2025:01:04:33 +0100] "GET /ticket2/opencms/ga/buy/?edid=7EE6FDFE-D5C7-871C-1D44-A83A22170314&page=1 HTTP/1.1" 200 132524
202.8.42.215 - - [28/Feb/2025:01:04:33 +0100] "GET /ticket2/opencms/system/modules/com.gridnine.opencms.ticketbrokerage.site/resources/js/stickyfill.min.js HTTP/1.1" 200 5672
202.8.42.215 - - [28/Feb/2025:01:04:33 +0100] "GET /ticket2/opencms/system/modules/com.gridnine.opencms.ticketbrokerage.site/resources/js/standard.js HTTP/1.1" 200 3983
202.8.42.215 - - [28/Feb/2025:01:04:33 +0100] "GET /ticket2/opencms/system/modules/com.gridnine.opencms.ticketbrokerage.site/resources/js/jquery.placeholder.min.js HTTP/1.1" 200 1737
202.8.42.215 - - [28/Feb/2025:01:04:33 +0100] "GET /ticket2/opencms/system/modules/com.gridnine.opencms.ticketbrokerage.site/resources/js/common-ajax.js HTTP/1.1" 200 20175
3.94.40.182 - - [28/Feb/2025:01:04:34 +0100] "GET /ticket2/opencms/sites/ticketbrokerage/sv/tickets/inter/juventus.html HTTP/1.1" 404 -
192.95.30.177 - - [28/Feb/2025:01:04:34 +0100] "GET /ticket2/opencms/no/buy/?page=1&edid=2FD48537-60A4-0DC2-BE15-66B133E49E64&sortorder=asc&column=row HTTP/1.1" 200 108900
20.171.207.246 - - [28/Feb/2025:01:04:34 +0100] "GET /ticket2/opencms/mt/buy/?edid=7EE6FDFE-D5C7-871C-1D44-A83A22170314&page=1 HTTP/1.1" 200 132165
20.171.207.246 - - [28/Feb/2025:01:04:35 +0100] "GET /ticket2/opencms/fr/buy/?edid=AC44825D-2793-0C67-BD3C-7AB6359F86DA&page=1 HTTP/1.1" 200 117649
40.77.167.55 - - [28/Feb/2025:01:04:36 +0100] "GET /ticket2/opencms/lt/buy/?page=1&edid=697BE447-74B7-A748-152F-A1818DA4BEC9 HTTP/1.1" 200 135360
192.95.30.177 - - [28/Feb/2025:01:04:37 +0100] "GET /ticket2/opencms/no/buy/?page=1&edid=3060EC19-040B-8618-E772-B51BFBEF35A0&sortorder=desc&column=row HTTP/1.1" 200 111218
40.77.167.7 - - [28/Feb/2025:01:04:37 +0100] "GET /ticket2/opencms/fi/magazine/article?title=analyysi-nain-paljon-valioliigan-lippujen-hinnat-ovat-nousseet-liverpool-ja-arsenal-ovat-kalleimmat HTTP/1.1" 200 100307
20.171.207.246 - - [28/Feb/2025:01:04:37 +0100] "GET /ticket2/opencms/tr/buy/?edid=AC44825D-2793-0C67-BD3C-7AB6359F86DA&page=1 HTTP/1.1" 200 90579
54.36.148.255 - - [28/Feb/2025:01:04:38 +0100] "GET /ticket2/opencms/de/buy?page=1&edid=E5A432C8-DA4B-0B1D-D158-7FE1F332A199 HTTP/1.1" 200 108242
20.171.207.246 - - [28/Feb/2025:01:04:38 +0100] "GET /ticket2/opencms/sr/buy/?edid=AC44825D-2793-0C67-BD3C-7AB6359F86DA&page=1 HTTP/1.1" 200 118580
192.95.30.177 - - [28/Feb/2025:01:04:39 +0100] "GET /ticket2/opencms/no/buy/?page=1&edid=312D91B6-932A-A893-4AF7-A90079FB1635&sortorder=desc&column=row HTTP/1.1" 200 112057
114.119.136.30 - - [28/Feb/2025:01:04:39 +0100] "GET /ticket2/opencms/hy/buy?page=1&edid=2684212B-FA50-DC4B-3CFA-1303E9638140 HTTP/1.1" 404 -
202.8.40.217 - - [28/Feb/2025:01:04:39 +0100] "GET /ticket2/opencms/system/modules/com.gridnine.opencms.ticketbrokerage.site/resources/css/jquery-ui.css HTTP/1.1" 200 33221
202.8.40.217 - - [28/Feb/2025:01:04:39 +0100] "GET /ticket2/opencms/system/modules/com.gridnine.opencms.ticketbrokerage.site/resources/css/ticketbrokerage.css HTTP/1.1" 200 39339
202.8.40.217 - - [28/Feb/2025:01:04:39 +0100] "GET /ticket2/opencms/system/modules/com.gridnine.opencms.ticketbrokerage.site/resources/css/calendar.css HTTP/1.1" 200 6871
202.8.40.217 - - [28/Feb/2025:01:04:39 +0100] "GET /ticket2/opencms/system/modules/com.gridnine.opencms.ticketbrokerage.site/resources/css/jquery.fancybox.css HTTP/1.1" 200 4939
202.8.40.217 - - [28/Feb/2025:01:04:39 +0100] "GET /ticket2/opencms/system/modules/com.gridnine.opencms.ticketbrokerage.site/resources/css/standard.css HTTP/1.1" 200 74207
202.8.40.217 - - [28/Feb/2025:01:04:39 +0100] "GET /ticket2/opencms/system/modules/com.gridnine.opencms.ticketbrokerage.site/resources/js/jquery/jquery.js HTTP/1.1" 200 93868
202.8.40.217 - - [28/Feb/2025:01:04:39 +0100] "GET /ticket2/opencms/system/modules/com.gridnine.opencms.ticketbrokerage.site/resources/js/functions.js HTTP/1.1" 200 1583
202.8.40.217 - - [28/Feb/2025:01:04:39 +0100] "GET /ticket2/opencms/system/modules/com.gridnine.opencms.ticketbrokerage.site/resources/js/jquery/jquery-ui.js HTTP/1.1" 200 228088
202.8.40.217 - - [28/Feb/2025:01:04:39 +0100] "GET /ticket2/opencms/system/modules/com.gridnine.opencms.ticketbrokerage.site/resources/js/calendar.js HTTP/1.1" 200 49229
202.8.40.217 - - [28/Feb/2025:01:04:39 +0100] "GET /ticket2/opencms/system/modules/com.gridnine.opencms.ticketbrokerage.site/resources/js/calendar-en.js HTTP/1.1" 200 3338
202.8.40.217 - - [28/Feb/2025:01:04:39 +0100] "GET /ticket2/opencms/system/modules/com.gridnine.opencms.ticketbrokerage.site/resources/js/calendar-setup.js HTTP/1.1" 200 4923
202.8.40.217 - - [28/Feb/2025:01:04:39 +0100] "GET /ticket2/opencms/system/modules/com.gridnine.opencms.ticketbrokerage.site/resources/js/jquery.fancybox.pack.js HTTP/1.1" 200 23187
202.8.40.217 - - [28/Feb/2025:01:04:40 +0100] "GET /ticket2/opencms/system/modules/com.gridnine.opencms.ticketbrokerage.site/resources/js/stickyfill.min.js HTTP/1.1" 200 5672
202.8.40.217 - - [28/Feb/2025:01:04:40 +0100] "GET /ticket2/opencms/system/modules/com.gridnine.opencms.ticketbrokerage.site/resources/js/standard.js HTTP/1.1" 200 3983
202.8.40.217 - - [28/Feb/2025:01:04:40 +0100] "GET /ticket2/opencms/system/modules/com.gridnine.opencms.ticketbrokerage.site/resources/js/jquery.placeholder.min.js HTTP/1.1" 200 1737
52.167.144.161 - - [28/Feb/2025:01:04:40 +0100] "GET /ticket2/opencms/system/modules/com.gridnine.opencms.ticketbrokerage.site/resources/js/jquery.fancybox.pack.js HTTP/1.1" 200 23187
202.8.40.217 - - [28/Feb/2025:01:04:40 +0100] "GET /ticket2/opencms/system/modules/com.gridnine.opencms.ticketbrokerage.site/resources/js/common-ajax.js HTTP/1.1" 200 20175
202.8.40.217 - - [28/Feb/2025:01:04:40 +0100] "GET /ticket2/opencms/de/ask-form.html HTTP/1.1" 200 3156
202.8.40.217 - - [28/Feb/2025:01:04:40 +0100] "GET /ticket2/opencms/system/modules/com.gridnine.opencms.ticketbrokerage.site/resources/css/ticketbrokerage.css HTTP/1.1" 200 39339
20.171.207.246 - - [28/Feb/2025:01:04:40 +0100] "GET /ticket2/opencms/sr/buy/?edid=7EE6FDFE-D5C7-871C-1D44-A83A22170314&page=1 HTTP/1.1" 200 132365
192.95.30.177 - - [28/Feb/2025:01:04:41 +0100] "GET /ticket2/opencms/no/buy/?page=1&edid=312D91B6-932A-A893-4AF7-A90079FB1635&sortorder=desc&column=section HTTP/1.1" 200 112154
20.171.207.246 - - [28/Feb/2025:01:04:42 +0100] "GET /ticket2/opencms/ka/buy/?edid=7EE6FDFE-D5C7-871C-1D44-A83A22170314&page=1 HTTP/1.1" 200 138503
20.171.207.246 - - [28/Feb/2025:01:04:43 +0100] "GET /ticket2/opencms/en/buy/?edid=AC44825D-2793-0C67-BD3C-7AB6359F86DA&page=1 HTTP/1.1" 200 115981
192.95.30.177 - - [28/Feb/2025:01:04:43 +0100] "GET /ticket2/opencms/no/buy/?page=1&edid=32383021-E0A1-F77B-1AA6-B356381F213B&sortorder=asc&column=section HTTP/1.1" 200 111521
20.171.207.246 - - [28/Feb/2025:01:04:45 +0100] "GET /ticket2/opencms/et/buy/?edid=AC44825D-2793-0C67-BD3C-7AB6359F86DA&page=1 HTTP/1.1" 200 117578
192.95.30.177 - - [28/Feb/2025:01:04:46 +0100] "GET /ticket2/opencms/no/buy/?page=1&edid=32E593F0-DAB2-EBDA-D7C2-9EF9A183088B&sortorder=asc&column=price HTTP/1.1" 200 111023
20.171.207.246 - - [28/Feb/2025:01:04:46 +0100] "GET /ticket2/opencms/lt/buy/?edid=AC44825D-2793-0C67-BD3C-7AB6359F86DA&page=1 HTTP/1.1" 200 117948
54.36.148.59 - - [28/Feb/2025:01:04:46 +0100] "GET /ticket2/opencms/ro/sport/bilete-fotbal/la-liga/rayo_vallecano HTTP/1.1" 200 101405
47.82.10.156 - - [28/Feb/2025:01:04:46 +0100] "GET /ticket2/opencms/en/buy/?page=1&edid=7D574899-FD57-C934-D03E-17A158480EE9 HTTP/1.1" 200 110188
20.171.207.246 - - [28/Feb/2025:01:04:47 +0100] "GET /ticket2/opencms/lv/buy/?edid=AC44825D-2793-0C67-BD3C-7AB6359F86DA&page=1 HTTP/1.1" 200 117873
202.8.42.59 - - [28/Feb/2025:01:04:47 +0100] "GET /ticket2/opencms/system/modules/com.gridnine.opencms.ticketbrokerage.site/resources/css/jquery-ui.css HTTP/1.1" 200 33221
202.8.42.59 - - [28/Feb/2025:01:04:47 +0100] "GET /ticket2/opencms/system/modules/com.gridnine.opencms.ticketbrokerage.site/resources/css/ticketbrokerage.css HTTP/1.1" 200 39339
202.8.42.59 - - [28/Feb/2025:01:04:47 +0100] "GET /ticket2/opencms/system/modules/com.gridnine.opencms.ticketbrokerage.site/resources/css/calendar.css HTTP/1.1" 200 6871
202.8.42.59 - - [28/Feb/2025:01:04:47 +0100] "GET /ticket2/opencms/system/modules/com.gridnine.opencms.ticketbrokerage.site/resources/css/standard.css HTTP/1.1" 200 74207
202.8.42.59 - - [28/Feb/2025:01:04:47 +0100] "GET /ticket2/opencms/system/modules/com.gridnine.opencms.ticketbrokerage.site/resources/css/jquery.fancybox.css HTTP/1.1" 200 4939
202.8.42.59 - - [28/Feb/2025:01:04:47 +0100] "GET /ticket2/opencms/system/modules/com.gridnine.opencms.ticketbrokerage.site/resources/js/jquery/jquery.js HTTP/1.1" 200 93868
202.8.42.59 - - [28/Feb/2025:01:04:47 +0100] "GET /ticket2/opencms/system/modules/com.gridnine.opencms.ticketbrokerage.site/resources/js/jquery/jquery-ui.js HTTP/1.1" 200 228088
202.8.42.59 - - [28/Feb/2025:01:04:47 +0100] "GET /ticket2/opencms/system/modules/com.gridnine.opencms.ticketbrokerage.site/resources/js/functions.js HTTP/1.1" 200 1583
202.8.42.59 - - [28/Feb/2025:01:04:47 +0100] "GET /ticket2/opencms/system/modules/com.gridnine.opencms.ticketbrokerage.site/resources/js/calendar.js HTTP/1.1" 200 49229
202.8.42.59 - - [28/Feb/2025:01:04:47 +0100] "GET /ticket2/opencms/system/modules/com.gridnine.opencms.ticketbrokerage.site/resources/js/calendar-en.js HTTP/1.1" 200 3338
202.8.42.59 - - [28/Feb/2025:01:04:47 +0100] "GET /ticket2/opencms/system/modules/com.gridnine.opencms.ticketbrokerage.site/resources/js/calendar-setup.js HTTP/1.1" 200 4923
202.8.42.59 - - [28/Feb/2025:01:04:48 +0100] "GET /ticket2/opencms/system/modules/com.gridnine.opencms.ticketbrokerage.site/resources/js/jquery.fancybox.pack.js HTTP/1.1" 200 23187
202.8.42.59 - - [28/Feb/2025:01:04:48 +0100] "GET /ticket2/opencms/system/modules/com.gridnine.opencms.ticketbrokerage.site/resources/js/stickyfill.min.js HTTP/1.1" 200 5672
202.8.42.59 - - [28/Feb/2025:01:04:48 +0100] "GET /ticket2/opencms/system/modules/com.gridnine.opencms.ticketbrokerage.site/resources/js/standard.js HTTP/1.1" 200 3983
202.8.42.59 - - [28/Feb/2025:01:04:48 +0100] "GET /ticket2/opencms/system/modules/com.gridnine.opencms.ticketbrokerage.site/resources/js/jquery.placeholder.min.js HTTP/1.1" 200 1737
202.8.42.59 - - [28/Feb/2025:01:04:48 +0100] "GET /ticket2/opencms/system/modules/com.gridnine.opencms.ticketbrokerage.site/resources/js/common-ajax.js HTTP/1.1" 200 20175
192.95.30.177 - - [28/Feb/2025:01:04:48 +0100] "GET /ticket2/opencms/no/buy/?page=1&edid=3915D06A-7208-4364-EA76-3E5239E90AE2&sortorder=desc&column=price HTTP/1.1" 200 108964
47.79.123.24 - - [28/Feb/2025:01:04:48 +0100] "GET /ticket2/opencms/sv/sport/fotbollsbiljetter/serie_a/roma/ HTTP/1.1" 200 97300
20.171.207.246 - - [28/Feb/2025:01:04:48 +0100] "GET /ticket2/opencms/is/buy/?edid=AC44825D-2793-0C67-BD3C-7AB6359F86DA&page=1 HTTP/1.1" 200 117798
34.225.243.131 - - [28/Feb/2025:01:04:49 +0100] "GET /ticket2/opencms/sites/ticketbrokerage/sv/sport/fotbollsbiljetter/premier_league/tottenham/sunderland.html HTTP/1.1" 404 -
20.171.207.246 - - [28/Feb/2025:01:04:49 +0100] "GET /ticket2/opencms/en/buy/?edid=7EE6FDFE-D5C7-871C-1D44-A83A22170314&page=1 HTTP/1.1" 200 130111
192.95.30.177 - - [28/Feb/2025:01:04:50 +0100] "GET /ticket2/opencms/no/buy/?page=1&edid=39947EE1-5244-7BF5-DC67-7D9149B9EB15&sortorder=asc&column=section HTTP/1.1" 200 112598
20.171.207.246 - - [28/Feb/2025:01:04:50 +0100] "GET /ticket2/opencms/uk/buy/?edid=AC44825D-2793-0C67-BD3C-7AB6359F86DA&page=1 HTTP/1.1" 200 120252
114.119.158.146 - - [28/Feb/2025:01:04:51 +0100] "GET /ticket2/opencms/robots.txt HTTP/1.1" 200 773
20.171.207.246 - - [28/Feb/2025:01:04:52 +0100] "GET /ticket2/opencms/fi/buy/?edid=7EE6FDFE-D5C7-871C-1D44-A83A22170314&page=1 HTTP/1.1" 200 131757
192.95.30.177 - - [28/Feb/2025:01:04:53 +0100] "GET /ticket2/opencms/no/buy/?page=1&edid=399E20D2-D6C6-17F4-9377-4D7D8F4272F3&sortorder=asc&column=price HTTP/1.1" 200 111692
20.171.207.246 - - [28/Feb/2025:01:04:53 +0100] "GET /ticket2/opencms/no/buy/?edid=7EE6FDFE-D5C7-871C-1D44-A83A22170314&page=1 HTTP/1.1" 200 131288
20.171.207.246 - - [28/Feb/2025:01:04:54 +0100] "GET /ticket2/opencms/ro/buy/?edid=7EE6FDFE-D5C7-871C-1D44-A83A22170314&page=1 HTTP/1.1" 200 132330
192.95.30.177 - - [28/Feb/2025:01:04:55 +0100] "GET /ticket2/opencms/no/buy/?page=1&edid=3B21FEBD-7D61-A4C3-8530-DE5492A7E3B2&sortorder=asc&column=price HTTP/1.1" 200 110957
54.36.149.69 - - [28/Feb/2025:01:04:55 +0100] "GET /ticket2/opencms/hr/sport/nogometne-ulaznice/premier-league/tottenham HTTP/1.1" 200 93609
20.171.207.246 - - [28/Feb/2025:01:04:56 +0100] "GET /ticket2/opencms/dk/buy/?edid=7EE6FDFE-D5C7-871C-1D44-A83A22170314&page=1 HTTP/1.1" 200 130581
202.8.43.52 - - [28/Feb/2025:01:04:57 +0100] "GET /ticket2/opencms/system/modules/com.gridnine.opencms.ticketbrokerage.site/resources/css/calendar.css HTTP/1.1" 200 6871
202.8.43.52 - - [28/Feb/2025:01:04:57 +0100] "GET /ticket2/opencms/system/modules/com.gridnine.opencms.ticketbrokerage.site/resources/css/jquery-ui.css HTTP/1.1" 200 33221
202.8.43.52 - - [28/Feb/2025:01:04:57 +0100] "GET /ticket2/opencms/system/modules/com.gridnine.opencms.ticketbrokerage.site/resources/css/ticketbrokerage.css HTTP/1.1" 200 39339
202.8.43.52 - - [28/Feb/2025:01:04:57 +0100] "GET /ticket2/opencms/system/modules/com.gridnine.opencms.ticketbrokerage.site/resources/css/standard.css HTTP/1.1" 200 74207
202.8.43.52 - - [28/Feb/2025:01:04:57 +0100] "GET /ticket2/opencms/system/modules/com.gridnine.opencms.ticketbrokerage.site/resources/css/jquery.fancybox.css HTTP/1.1" 200 4939
202.8.43.52 - - [28/Feb/2025:01:04:57 +0100] "GET /ticket2/opencms/system/modules/com.gridnine.opencms.ticketbrokerage.site/resources/js/jquery/jquery.js HTTP/1.1" 200 93868
202.8.43.52 - - [28/Feb/2025:01:04:57 +0100] "GET /ticket2/opencms/system/modules/com.gridnine.opencms.ticketbrokerage.site/resources/js/functions.js HTTP/1.1" 200 1583
202.8.43.52 - - [28/Feb/2025:01:04:57 +0100] "GET /ticket2/opencms/system/modules/com.gridnine.opencms.ticketbrokerage.site/resources/js/calendar.js HTTP/1.1" 200 49229
202.8.43.52 - - [28/Feb/2025:01:04:57 +0100] "GET /ticket2/opencms/system/modules/com.gridnine.opencms.ticketbrokerage.site/resources/js/calendar-en.js HTTP/1.1" 200 3338
202.8.43.52 - - [28/Feb/2025:01:04:57 +0100] "GET /ticket2/opencms/system/modules/com.gridnine.opencms.ticketbrokerage.site/resources/js/calendar-setup.js HTTP/1.1" 200 4923
202.8.43.52 - - [28/Feb/2025:01:04:57 +0100] "GET /ticket2/opencms/system/modules/com.gridnine.opencms.ticketbrokerage.site/resources/js/jquery/jquery-ui.js HTTP/1.1" 200 228088
202.8.43.52 - - [28/Feb/2025:01:04:57 +0100] "GET /ticket2/opencms/system/modules/com.gridnine.opencms.ticketbrokerage.site/resources/js/jquery.fancybox.pack.js HTTP/1.1" 200 23187
202.8.43.52 - - [28/Feb/2025:01:04:57 +0100] "GET /ticket2/opencms/system/modules/com.gridnine.opencms.ticketbrokerage.site/resources/js/stickyfill.min.js HTTP/1.1" 200 5672
202.8.43.52 - - [28/Feb/2025:01:04:57 +0100] "GET /ticket2/opencms/system/modules/com.gridnine.opencms.ticketbrokerage.site/resources/js/standard.js HTTP/1.1" 200 3983
20.171.207.246 - - [28/Feb/2025:01:04:57 +0100] "GET /ticket2/opencms/lt/buy/?edid=7EE6FDFE-D5C7-871C-1D44-A83A22170314&page=1 HTTP/1.1" 200 132093
202.8.43.52 - - [28/Feb/2025:01:04:57 +0100] "GET /ticket2/opencms/system/modules/com.gridnine.opencms.ticketbrokerage.site/resources/js/jquery.placeholder.min.js HTTP/1.1" 200 1737
202.8.43.52 - - [28/Feb/2025:01:04:57 +0100] "GET /ticket2/opencms/system/modules/com.gridnine.opencms.ticketbrokerage.site/resources/js/common-ajax.js HTTP/1.1" 200 20175
192.95.30.177 - - [28/Feb/2025:01:04:57 +0100] "GET /ticket2/opencms/no/buy/?page=1&edid=3B21FEBD-7D61-A4C3-8530-DE5492A7E3B2&sortorder=desc&column=section HTTP/1.1" 200 111134
20.171.207.246 - - [28/Feb/2025:01:04:58 +0100] "GET /ticket2/opencms/fi/buy/?edid=AC44825D-2793-0C67-BD3C-7AB6359F86DA&page=1 HTTP/1.1" 200 117635
34.194.233.48 - - [28/Feb/2025:01:04:58 +0100] "GET /ticket2/opencms/sites/ticketbrokerage/sv/tickets/birmingham/fulham.html HTTP/1.1" 404 -
192.95.30.177 - - [28/Feb/2025:01:05:00 +0100] "GET /ticket2/opencms/no/buy/?page=1&edid=3B2B632D-2D9E-A780-282C-D4563639E830&sortorder=asc&column=price HTTP/1.1" 200 111210
20.171.207.246 - - [28/Feb/2025:01:05:00 +0100] "GET /ticket2/opencms/az/buy/?edid=AC44825D-2793-0C67-BD3C-7AB6359F86DA&page=1 HTTP/1.1" 200 118204
150.40.240.182 - - [28/Feb/2025:01:05:00 +0100] "GET /ticket2/opencms/bg/buy?page=1&edid=85FEE197-56BE-9C34-A3B3-D08AF509D2AB HTTP/1.1" 200 137311
20.171.207.246 - - [28/Feb/2025:01:05:01 +0100] "GET /ticket2/opencms/is/buy/?edid=7EE6FDFE-D5C7-871C-1D44-A83A22170314&page=1 HTTP/1.1" 200 131942
114.119.154.13 - - [28/Feb/2025:01:05:01 +0100] "GET /ticket2/opencms/en/buy/?page=1&edid=D73C11B6-1BC4-AF6A-4EE3-E5BD19F0898C HTTP/1.1" 200 109945
23.23.103.31 - - [28/Feb/2025:01:05:01 +0100] "GET /ticket2/opencms/sites/ticketbrokerage/sv/sport/fotbollsbiljetter/serie_a/milan/udinese.html HTTP/1.1" 404 -
20.171.207.246 - - [28/Feb/2025:01:05:02 +0100] "GET /ticket2/opencms/fr/buy/?edid=DCF8A7C5-61E0-96AC-DB14-A34E73853787&page=1 HTTP/1.1" 200 111447
192.95.30.177 - - [28/Feb/2025:01:05:02 +0100] "GET /ticket2/opencms/no/buy/?page=1&edid=3B2B632D-2D9E-A780-282C-D4563639E830&sortorder=asc&column=row HTTP/1.1" 200 111154
54.36.149.64 - - [28/Feb/2025:01:05:02 +0100] "GET /ticket2/opencms/sl/buy/?page=1&edid=C8B54E4D-ACCA-9CAC-8303-90318E9CF170 HTTP/1.1" 200 111423
20.171.207.246 - - [28/Feb/2025:01:05:03 +0100] "GET /ticket2/opencms/cs/buy/?edid=7EE6FDFE-D5C7-871C-1D44-A83A22170314&page=1 HTTP/1.1" 200 132181
114.119.141.34 - - [28/Feb/2025:01:05:04 +0100] "GET /ticket2/opencms/en/sell/?edid=867E5C69-A11C-A0A4-176A-7AA1621CA972 HTTP/1.1" 302 -
192.95.30.177 - - [28/Feb/2025:01:05:05 +0100] "GET /ticket2/opencms/no/buy/?page=1&edid=3B2B632D-2D9E-A780-282C-D4563639E830&sortorder=asc&column=section HTTP/1.1" 200 111315
20.171.207.246 - - [28/Feb/2025:01:05:05 +0100] "GET /ticket2/opencms/hr/buy/?edid=7EE6FDFE-D5C7-871C-1D44-A83A22170314&page=1 HTTP/1.1" 200 131804
18.213.70.100 - - [28/Feb/2025:01:05:05 +0100] "GET /ticket2/opencms/sites/ticketbrokerage/sv/tickets/everton/west_ham_united.html HTTP/1.1" 404 -
20.171.207.246 - - [28/Feb/2025:01:05:06 +0100] "GET /ticket2/opencms/de/buy/?edid=F056D8D3-0A78-F8DD-AF89-486FA1EA1B58&page=1 HTTP/1.1" 200 117796
192.95.30.177 - - [28/Feb/2025:01:05:07 +0100] "GET /ticket2/opencms/no/buy/?page=1&edid=3B2B632D-2D9E-A780-282C-D4563639E830&sortorder=desc&column=price HTTP/1.1" 200 111158
114.119.141.34 - - [28/Feb/2025:01:05:08 +0100] "GET /ticket2/opencms/en/login/?url=/en/sell/ HTTP/1.1" 200 90135
54.36.148.214 - - [28/Feb/2025:01:05:08 +0100] "GET /ticket2/opencms/es/buy/?page=1&edid=871D7AC8-C2FD-89A7-A9D7-71A8AD06F3BB HTTP/1.1" 200 108541
20.171.207.246 - - [28/Feb/2025:01:05:09 +0100] "GET /ticket2/opencms/set_aff_cookie.jsp?partner=2E02071B-A8C3-4CBA-3097-C27D61C02ED8&url=%252Fdk%252Fbuy%252Findex.html%253Fpage%253D1%2526edid%253D0D33199C-853B-C4DC-F1E2-6CF75BE0B211%2526hlv%253D60c9ec41-a2f8-4769-af0b-280b0a01000f%2523v_116239465 HTTP/1.1" 200 246
3.224.104.67 - - [28/Feb/2025:01:05:09 +0100] "GET /ticket2/opencms/sites/ticketbrokerage/sv/tickets/tottenham/west_ham_united.html HTTP/1.1" 404 -
192.95.30.177 - - [28/Feb/2025:01:05:09 +0100] "GET /ticket2/opencms/no/buy/?page=1&edid=3B2B632D-2D9E-A780-282C-D4563639E830&sortorder=desc&column=row HTTP/1.1" 200 111167
88.90.2.254 - - [28/Feb/2025:01:05:10 +0100] "GET /ticket2/opencms/no/buy/?page=1&edid=750C6040-29F7-425D-A24F-51B977F415A3 HTTP/1.1" 200 136791
88.90.2.254 - - [28/Feb/2025:01:05:10 +0100] "GET /ticket2/opencms/system/modules/com.gridnine.opencms.ticketbrokerage.site/resources/css/calendar.css HTTP/1.1" 200 6871
88.90.2.254 - - [28/Feb/2025:01:05:10 +0100] "GET /ticket2/opencms/system/modules/com.gridnine.opencms.ticketbrokerage.site/resources/css/ticketbrokerage.css HTTP/1.1" 200 39339
88.90.2.254 - - [28/Feb/2025:01:05:10 +0100] "GET /ticket2/opencms/system/modules/com.gridnine.opencms.ticketbrokerage.site/resources/css/standard.css HTTP/1.1" 200 74207
88.90.2.254 - - [28/Feb/2025:01:05:10 +0100] "GET /ticket2/opencms/system/modules/com.gridnine.opencms.ticketbrokerage.site/resources/js/functions.js HTTP/1.1" 200 1583
88.90.2.254 - - [28/Feb/2025:01:05:10 +0100] "GET /ticket2/opencms/system/modules/com.gridnine.opencms.ticketbrokerage.site/resources/js/calendar.js HTTP/1.1" 200 49229
88.90.2.254 - - [28/Feb/2025:01:05:10 +0100] "GET /ticket2/opencms/system/modules/com.gridnine.opencms.ticketbrokerage.site/resources/js/calendar-en.js HTTP/1.1" 200 3338
88.90.2.254 - - [28/Feb/2025:01:05:10 +0100] "GET /ticket2/opencms/system/modules/com.gridnine.opencms.ticketbrokerage.site/resources/js/calendar-setup.js HTTP/1.1" 200 4923
88.90.2.254 - - [28/Feb/2025:01:05:10 +0100] "GET /ticket2/opencms/system/modules/com.gridnine.opencms.ticketbrokerage.site/resources/js/standard.js HTTP/1.1" 200 3983
88.90.2.254 - - [28/Feb/2025:01:05:10 +0100] "GET /ticket2/opencms/venue/emirates_stadium.png HTTP/1.1" 200 53537
88.90.2.254 - - [28/Feb/2025:01:05:10 +0100] "GET /ticket2/opencms/system/modules/com.gridnine.opencms.ticketbrokerage.site/resources/pics/two_man.png HTTP/1.1" 200 3407
88.90.2.254 - - [28/Feb/2025:01:05:10 +0100] "GET /ticket2/opencms/system/modules/com.gridnine.opencms.ticketbrokerage.site/resources/pics/0.gif HTTP/1.1" 200 43
88.90.2.254 - - [28/Feb/2025:01:05:10 +0100] "GET /ticket2/opencms/system/modules/com.gridnine.opencms.ticketbrokerage.site/resources/pics/ticket_info_button.png HTTP/1.1" 200 3820
88.90.2.254 - - [28/Feb/2025:01:05:10 +0100] "GET /ticket2/opencms/no/ask-form.html HTTP/1.1" 200 2919
88.90.2.254 - - [28/Feb/2025:01:05:10 +0100] "GET /ticket2/opencms/no/ask-form.html HTTP/1.1" 200 2919
88.90.2.254 - - [28/Feb/2025:01:05:10 +0100] "GET /ticket2/opencms/system/modules/com.gridnine.opencms.ticketbrokerage.site/resources/pics/arrow.gif HTTP/1.1" 200 344
