20.171.207.246 - - [28/Feb/2025:00:27:16 +0100] "GET /ticket2/opencms/set_aff_cookie.jsp?partner=8F6DE15D-D831-5787-AE7E-FEFF53476F85&url=%252Fru%252Fbuy%252Findex.html%253Fpage%253D1%2526edid%253D6F379414-70C4-400F-51D2-AFD37C8F2BC7%2526hlv%253D666d6ed1-9d94-488b-ba52-0c140a01000f%2523v_1424614060 HTTP/1.1" 200 247
114.119.130.210 - - [28/Feb/2025:00:27:17 +0100] "GET /ticket2/opencms/en/buy?page=1&edid=57C8D150-DCBD-4911-196A-160A37952FA8 HTTP/1.1" 200 133463
20.171.207.246 - - [28/Feb/2025:00:27:17 +0100] "GET /ticket2/opencms/set_aff_cookie.jsp?partner=5E0CDF29-E7BE-9F6B-6869-7BF66B04006F&url=%252Fsv%252Fbuy%252Findex.html%253Fpage%253D1%2526edid%253D150C2B47-38EB-0C0E-C664-5F863E9426DB%2526hlv%253D66cafa7b-83f4-4d39-9b76-33480a01000f%2523v_678068939 HTTP/1.1" 200 246
114.119.153.152 - - [28/Feb/2025:00:27:18 +0100] "GET /ticket2/opencms/it/buy?page=1&edid=D2F30FD8-0864-E7E5-43A2-A4369C9456A3 HTTP/1.1" 200 108328
20.171.207.246 - - [28/Feb/2025:00:27:18 +0100] "GET /ticket2/opencms/set_aff_cookie.jsp?partner=8F6DE15D-D831-5787-AE7E-FEFF53476F85&url=%252Fdk%252Fbuy%252Findex.html%253Fpage%253D1%2526edid%253D18631B4D-241F-1419-AEC9-B2739BCE7CC3%2526hlv%253D66b47e16-9990-4a22-afc1-1f380a01000f%2523v_361758966 HTTP/1.1" 200 246
20.171.207.246 - - [28/Feb/2025:00:27:20 +0100] "GET /ticket2/opencms/set_aff_cookie.jsp?partner=2E02071B-A8C3-4CBA-3097-C27D61C02ED8&url=%252Fen%252Fbuy%252Findex.html%253Fpage%253D1%2526edid%253D627EB4E4-AE9C-FF01-C3B4-87668CB2F4A5%2526hlv%253D6114026d-8e3c-459a-92a0-19c50a01000f%2523v_993126732 HTTP/1.1" 200 246
114.119.146.220 - - [28/Feb/2025:00:27:21 +0100] "GET /ticket2/opencms/en/venue/?venueid=8DFC8AD9-E645-18BB-4A0A-84E80349347C HTTP/1.1" 200 85411
20.171.207.246 - - [28/Feb/2025:00:27:21 +0100] "GET /ticket2/opencms/set_aff_cookie.jsp?partner=57601924-FB09-5BB2-867F-08B4EB522BA8&url=%252Fsv%252Fbuy%252Findex.html%253Fpage%253D1%2526edid%253D8EF7EC9D-9BC8-1DEC-C27C-0541D5C5F471%2526hlv%253D66869230-ba5c-45a6-a889-37fc0a01000f%2523v_1218659058 HTTP/1.1" 200 247
44.196.118.6 - - [28/Feb/2025:00:27:21 +0100] "GET /ticket2/opencms/mo/sport/bilete-la-fotbal/english-championship/west-bromwich-albion HTTP/1.1" 404 -
20.171.207.246 - - [28/Feb/2025:00:27:22 +0100] "GET /ticket2/opencms/set_aff_cookie.jsp?partner=2E02071B-A8C3-4CBA-3097-C27D61C02ED8&url=%252Ffi%252Fbuy%252Findex.html%253Fpage%253D1%2526edid%253D66C22035-E7EA-E10A-4BFC-2C30733037DC%2526hlv%253D666d4a38-79c8-453d-a154-6bb30a01000f%2523v53271697 HTTP/1.1" 200 244
54.36.149.4 - - [28/Feb/2025:00:27:23 +0100] "GET /ticket2/opencms/mo/buy?page=1&edid=B566C61B-5438-BBCE-B4D3-8DE9C2913E81 HTTP/1.1" 200 111539
20.171.207.246 - - [28/Feb/2025:00:27:23 +0100] "GET /ticket2/opencms/set_aff_cookie.jsp?partner=57601924-FB09-5BB2-867F-08B4EB522BA8&url=%252Fru%252Fbuy%252Findex.html%253Fpage%253D1%2526edid%253D66C22035-E7EA-E10A-4BFC-2C30733037DC%2526hlv%253D666d4a38-ac0c-4f45-8d0b-6bb30a01000f%2523v517051845 HTTP/1.1" 200 245
20.171.207.246 - - [28/Feb/2025:00:27:24 +0100] "GET /ticket2/opencms/set_aff_cookie.jsp?partner=6F250EA7-4505-FA01-D601-8847F2573405&url=%252Fru%252Fbuy%252Findex.html%253Fpage%253D1%2526edid%253D1ABC406A-92BD-FDCF-3BD6-80A52E60B34F%2526hlv%253D666c88f2-87ac-4cea-85be-79b60a01000f%2523v_1629157023 HTTP/1.1" 200 247
20.171.207.246 - - [28/Feb/2025:00:27:25 +0100] "GET /ticket2/opencms/set_aff_cookie.jsp?partner=5E0CDF29-E7BE-9F6B-6869-7BF66B04006F&url=%252Fdk%252Fbuy%252Findex.html%253Fpage%253D1%2526edid%253D6F6062BE-21E9-FCCC-41A7-E76CFE6D47E3%2526hlv%253D66938921-1bec-4a96-9206-703c0a01000f%2523v_2103207833 HTTP/1.1" 200 247
20.171.207.246 - - [28/Feb/2025:00:27:27 +0100] "GET /ticket2/opencms/set_aff_cookie.jsp?partner=8F6DE15D-D831-5787-AE7E-FEFF53476F85&url=%252Fru%252Fbuy%252Findex.html%253Fpage%253D1%2526edid%253DC68D3A19-7AB1-B0F6-2F8E-E937CB754241%2526hlv%253D669388d8-0aa8-4014-9be7-6fc60a01000f%2523v_1262965227 HTTP/1.1" 200 247
20.171.207.246 - - [28/Feb/2025:00:27:28 +0100] "GET /ticket2/opencms/set_aff_cookie.jsp?partner=57601924-FB09-5BB2-867F-08B4EB522BA8&url=%252Fdk%252Fbuy%252Findex.html%253Fpage%253D1%2526edid%253D66C22035-E7EA-E10A-4BFC-2C30733037DC%2526hlv%253D666d4a39-da6c-42b7-9a7f-6bb30a01000f%2523v1564905816 HTTP/1.1" 200 246
20.171.207.246 - - [28/Feb/2025:00:27:29 +0100] "GET /ticket2/opencms/set_aff_cookie.jsp?partner=2E02071B-A8C3-4CBA-3097-C27D61C02ED8&url=%252Fno%252Fbuy%252Findex.html%253Fpage%253D1%2526edid%253D6F6062BE-21E9-FCCC-41A7-E76CFE6D47E3%2526hlv%253D66938920-6480-42ad-9fbc-703c0a01000f%2523v_1705420729 HTTP/1.1" 200 247
35.153.86.200 - - [28/Feb/2025:00:27:29 +0100] "GET /ticket2/opencms/sites/ticketbrokerage/sv/sport/fotbollsbiljetter/serie_a/napoli/brescia.html HTTP/1.1" 404 -
185.191.171.5 - - [28/Feb/2025:00:27:30 +0100] "GET /ticket2/opencms/de/sport/fussball-tickets/bundesliga/bochum/ HTTP/1.1" 200 95951
20.171.207.246 - - [28/Feb/2025:00:27:30 +0100] "GET /ticket2/opencms/set_aff_cookie.jsp?partner=2E02071B-A8C3-4CBA-3097-C27D61C02ED8&url=%252Fen%252Fbuy%252Findex.html%253Fpage%253D1%2526edid%253D6BF2A7CA-14A1-297D-23E8-C2847605C889%2526hlv%253D611bd111-a68c-4bdb-81fe-55b60a01000f%2523v_837384599 HTTP/1.1" 200 246
20.171.207.246 - - [28/Feb/2025:00:27:31 +0100] "GET /ticket2/opencms/set_aff_cookie.jsp?partner=692E2C6A-EC6F-1C93-AFCC-C5ACC23A93EA&url=%252Fsv%252Fbuy%252Findex.html%253Fpage%253D1%2526edid%253D156562D2-0263-CCAA-DF54-9314F5D26523%2526hlv%253D60ca145a-51f8-4070-9790-3a900a01000f%2523v_483428506 HTTP/1.1" 200 246
20.171.207.246 - - [28/Feb/2025:00:27:32 +0100] "GET /ticket2/opencms/set_aff_cookie.jsp?partner=2E02071B-A8C3-4CBA-3097-C27D61C02ED8&url=%252Fnl%252Fbuy%252Findex.html%253Fpage%253D1%2526edid%253D70EF0ABB-9A80-4CE0-EE48-CC9265C1B361%2526hlv%253D6692485c-ca70-4776-88eb-16d80a01000f%2523v_864765734 HTTP/1.1" 200 246
20.171.207.246 - - [28/Feb/2025:00:27:34 +0100] "GET /ticket2/opencms/set_aff_cookie.jsp?partner=5E0CDF29-E7BE-9F6B-6869-7BF66B04006F&url=%252Fnl%252Fbuy%252Findex.html%253Fpage%253D1%2526edid%253D68B485F7-9483-6E4F-656D-602EE2AC621D%2526hlv%253D666d4b78-c894-47db-bbe9-68b70a01000f%2523v_899887687 HTTP/1.1" 200 246
20.171.207.246 - - [28/Feb/2025:00:27:35 +0100] "GET /ticket2/opencms/set_aff_cookie.jsp?partner=8F6DE15D-D831-5787-AE7E-FEFF53476F85&url=%252Fdk%252Fbuy%252Findex.html%253Fpage%253D1%2526edid%253D1F546517-7633-42B2-A140-E9D704EF0B28%2526hlv%253D611bb8fa-6c50-4a7b-a0af-4b580a01000f%2523v_422521934 HTTP/1.1" 200 246
20.171.207.246 - - [28/Feb/2025:00:27:36 +0100] "GET /ticket2/opencms/set_aff_cookie.jsp?partner=2E02071B-A8C3-4CBA-3097-C27D61C02ED8&url=%252Fno%252Fbuy%252Findex.html%253Fpage%253D1%2526edid%253D16BA48F9-E787-F00A-EC7D-F97A99AECBFB%2526hlv%253D66d03934-1c00-4b71-9572-72160a01000f%2523v_1927932454 HTTP/1.1" 200 247
20.171.207.246 - - [28/Feb/2025:00:27:37 +0100] "GET /ticket2/opencms/set_aff_cookie.jsp?partner=8F6DE15D-D831-5787-AE7E-FEFF53476F85&url=%252Fru%252Fbuy%252Findex.html%253Fpage%253D1%2526edid%253D6A920F16-DD42-2262-3AA2-B83D5743F13A%2526hlv%253D666cb1c8-cb4c-4b1f-9ea7-44290a01000f%2523v_1802402797 HTTP/1.1" 200 247
85.208.96.204 - - [28/Feb/2025:00:27:38 +0100] "GET /ticket2/opencms/ro/about/contact/ HTTP/1.1" 200 86595
20.171.207.246 - - [28/Feb/2025:00:27:38 +0100] "GET /ticket2/opencms/set_aff_cookie.jsp?partner=57601924-FB09-5BB2-867F-08B4EB522BA8&url=%252Fnl%252Fbuy%252Findex.html%253Fpage%253D1%2526edid%253D681ED521-EBC9-E1AB-D0B9-DB2B7375D564%2526hlv%253D60f81639-df44-4374-83fe-5b6e0a01000f%2523v_620801381 HTTP/1.1" 200 246
20.171.207.246 - - [28/Feb/2025:00:27:40 +0100] "GET /ticket2/opencms/set_aff_cookie.jsp?partner=2E02071B-A8C3-4CBA-3097-C27D61C02ED8&url=%252Fsv%252Fbuy%252Findex.html%253Fpage%253D1%2526edid%253D66C22035-E7EA-E10A-4BFC-2C30733037DC%2526hlv%253D666d4a37-5d84-4e6f-82e4-6bb30a01000f%2523v285355217 HTTP/1.1" 200 245
20.171.207.246 - - [28/Feb/2025:00:27:41 +0100] "GET /ticket2/opencms/set_aff_cookie.jsp?partner=2E02071B-A8C3-4CBA-3097-C27D61C02ED8&url=%252Fdk%252Fbuy%252Findex.html%253Fpage%253D1%2526edid%253D66C22035-E7EA-E10A-4BFC-2C30733037DC%2526hlv%253D666d4a38-9d5c-434e-a439-6bb30a01000f%2523v1330847715 HTTP/1.1" 200 246
20.171.207.246 - - [28/Feb/2025:00:27:42 +0100] "GET /ticket2/opencms/set_aff_cookie.jsp?partner=57601924-FB09-5BB2-867F-08B4EB522BA8&url=%252Fnl%252Fbuy%252Findex.html%253Fpage%253D1%2526edid%253DE8BA54CC-B112-3D61-BE02-1B4D1E4F63D1%2526hlv%253D666ddc0d-1da0-499f-8613-6a330a01000f%2523v_580278332 HTTP/1.1" 200 246
185.191.171.13 - - [28/Feb/2025:00:27:42 +0100] "GET /ticket2/opencms/sv/sport/fotbollsbiljetter/premier_league/west_ham_united/ HTTP/1.1" 200 99332
47.128.62.45 - - [28/Feb/2025:00:27:43 +0100] "GET /ticket2/opencms/sv/magazine/article?title=em-stjarnorna-som-googlas-mest-och-storst-pa-instagram HTTP/1.1" 200 113306
20.171.207.246 - - [28/Feb/2025:00:27:43 +0100] "GET /ticket2/opencms/set_aff_cookie.jsp?partner=8F6DE15D-D831-5787-AE7E-FEFF53476F85&url=%252Fen%252Fbuy%252Findex.html%253Fpage%253D1%2526edid%253D66C22035-E7EA-E10A-4BFC-2C30733037DC%2526hlv%253D666d4a39-a330-4e7f-8087-6bb30a01000f%2523v1552284576 HTTP/1.1" 200 246
54.36.148.20 - - [28/Feb/2025:00:27:43 +0100] "GET /ticket2/opencms/it/buy?page=1&edid=348C0D4F-C07E-3755-DFEC-416D881A5AC9 HTTP/1.1" 200 90196
20.171.207.246 - - [28/Feb/2025:00:27:44 +0100] "GET /ticket2/opencms/set_aff_cookie.jsp?partner=8F6DE15D-D831-5787-AE7E-FEFF53476F85&url=%252Fru%252Fbuy%252Findex.html%253Fpage%253D1%2526edid%253D66C22035-E7EA-E10A-4BFC-2C30733037DC%2526hlv%253D666d4a37-5200-4cae-a015-6bb30a01000f%2523v1840712007 HTTP/1.1" 200 246
20.171.207.246 - - [28/Feb/2025:00:27:45 +0100] "GET /ticket2/opencms/set_aff_cookie.jsp?partner=8F6DE15D-D831-5787-AE7E-FEFF53476F85&url=%252Fsv%252Fbuy%252Findex.html%253Fpage%253D1%2526edid%253D1C663B38-AAE8-15E5-78AB-F7247D2C67D4%2526hlv%253D666d70a0-bd8c-4896-86aa-0e670a01000f%2523v_1505614518 HTTP/1.1" 200 247
20.171.207.246 - - [28/Feb/2025:00:27:46 +0100] "GET /ticket2/opencms/set_aff_cookie.jsp?partner=5E0CDF29-E7BE-9F6B-6869-7BF66B04006F&url=%252Ffi%252Fbuy%252Findex.html%253Fpage%253D1%2526edid%253D1291CD6B-4651-52CC-8D36-B0FB58FEEDFA%2526hlv%253D66704ab6-b420-4942-a273-69a10a01000f%2523v_1806126149 HTTP/1.1" 200 247
114.119.154.77 - - [28/Feb/2025:00:27:47 +0100] "GET /ticket2/opencms/robots.txt HTTP/1.1" 200 773
20.171.207.246 - - [28/Feb/2025:00:27:47 +0100] "GET /ticket2/opencms/set_aff_cookie.jsp?partner=5E0CDF29-E7BE-9F6B-6869-7BF66B04006F&url=%252Fen%252Fbuy%252Findex.html%253Fpage%253D1%2526edid%253D66C22035-E7EA-E10A-4BFC-2C30733037DC%2526hlv%253D666d4a38-79c8-453d-a154-6bb30a01000f%2523v53271697 HTTP/1.1" 200 244
190.92.231.245 - - [28/Feb/2025:00:27:48 +0100] "GET /ticket2/opencms/bg/buy?page=1&edid=2D2A6F4D-211F-8E0A-3D6E-1E0E85606D0F HTTP/1.1" 200 114025
20.171.207.246 - - [28/Feb/2025:00:27:49 +0100] "GET /ticket2/opencms/set_aff_cookie.jsp?partner=57601924-FB09-5BB2-867F-08B4EB522BA8&url=%252Fsv%252Fbuy%252Findex.html%253Fpage%253D1%2526edid%253D66C22035-E7EA-E10A-4BFC-2C30733037DC%2526hlv%253D666d4a39-da6c-42b7-9a7f-6bb30a01000f%2523v1564905816 HTTP/1.1" 200 246
20.171.207.246 - - [28/Feb/2025:00:27:50 +0100] "GET /ticket2/opencms/set_aff_cookie.jsp?partner=5E0CDF29-E7BE-9F6B-6869-7BF66B04006F&url=%252Fno%252Fbuy%252Findex.html%253Fpage%253D1%2526edid%253DCD9CCE5B-E45C-7CA4-806C-47052D704B01%2526hlv%253D60f82071-2244-49bb-b466-60b10a01000f%2523v_760573560 HTTP/1.1" 200 246
185.191.171.13 - - [28/Feb/2025:00:27:50 +0100] "GET /ticket2/opencms/is/magazine/article?title=maximilian-ibrahimovic-skrifar-undir-fyrir-annad-lid-ac-milan HTTP/1.1" 200 96438
20.171.207.246 - - [28/Feb/2025:00:27:51 +0100] "GET /ticket2/opencms/set_aff_cookie.jsp?partner=6F250EA7-4505-FA01-D601-8847F2573405&url=%252Fsv%252Fbuy%252Findex.html%253Fpage%253D1%2526edid%253D1046C14E-D95C-B350-CBCD-2ECE5F3DCC46%2526hlv%253D668668ae-1f4c-4fa1-8776-6ca00a01000f%2523v_848942552 HTTP/1.1" 200 246
20.171.207.246 - - [28/Feb/2025:00:27:52 +0100] "GET /ticket2/opencms/set_aff_cookie.jsp?partner=8F6DE15D-D831-5787-AE7E-FEFF53476F85&url=%252Fdk%252Fbuy%252Findex.html%253Fpage%253D1%2526edid%253D641CA65E-6B6F-BD6B-0286-A4DF4BE623A9%2526hlv%253D61127b2d-5d14-4433-9573-2e510a01000f%2523v_151573626 HTTP/1.1" 200 246
54.36.148.20 - - [28/Feb/2025:00:27:53 +0100] "GET /ticket2/opencms/sk/magazine/article?title=lionel-messiho-posledna-sezona HTTP/1.1" 200 94854
20.171.207.246 - - [28/Feb/2025:00:27:53 +0100] "GET /ticket2/opencms/set_aff_cookie.jsp?partner=2E02071B-A8C3-4CBA-3097-C27D61C02ED8&url=%252Ffi%252Fbuy%252Findex.html%253Fpage%253D1%2526edid%253D6ED08D04-7263-AC79-DA04-AFB97DC97A00%2526hlv%253D6693908e-ea2c-4f56-a5f6-74840a01000f%2523v_1202077759 HTTP/1.1" 200 247
20.171.207.246 - - [28/Feb/2025:00:27:55 +0100] "GET /ticket2/opencms/set_aff_cookie.jsp?partner=2E02071B-A8C3-4CBA-3097-C27D61C02ED8&url=%252Fdk%252Fbuy%252Findex.html%253Fpage%253D1%2526edid%253D66C22035-E7EA-E10A-4BFC-2C30733037DC%2526hlv%253D666d4a39-e34c-458d-9f4a-6bb30a01000f%2523v1984766684 HTTP/1.1" 200 246
20.171.207.246 - - [28/Feb/2025:00:27:56 +0100] "GET /ticket2/opencms/set_aff_cookie.jsp?partner=23A6AD98-906E-5BDD-600E-EC4EC8A45F97&url=%252Fen%252Fbuy%252Findex.html%253Fpage%253D1%2526edid%253D10597F35-2AC7-31D2-FB61-15A36BB6D73B%2526hlv%253D666d4523-ac20-4afd-9378-64610a01000f%2523v_257557119 HTTP/1.1" 200 246
20.171.207.246 - - [28/Feb/2025:00:27:57 +0100] "GET /ticket2/opencms/set_aff_cookie.jsp?partner=57601924-FB09-5BB2-867F-08B4EB522BA8&url=%252Fno%252Fbuy%252Findex.html%253Fpage%253D1%2526edid%253DE8BA54CC-B112-3D61-BE02-1B4D1E4F63D1%2526hlv%253D666ddc10-be30-43f8-94c7-6a330a01000f%2523v_861732479 HTTP/1.1" 200 246
207.46.13.7 - - [28/Feb/2025:00:27:58 +0100] "GET /ticket2/opencms/sv/buy/?page=1&edid=FF0F20E9-4ECC-8A4E-F200-09858CA7BE69 HTTP/1.1" 200 111410
20.171.207.246 - - [28/Feb/2025:00:27:58 +0100] "GET /ticket2/opencms/set_aff_cookie.jsp?partner=8F6DE15D-D831-5787-AE7E-FEFF53476F85&url=%252Fen%252Fbuy%252Findex.html%253Fpage%253D1%2526edid%253D6713F743-CFE1-C987-288D-AC8AB79C37B8%2526hlv%253D66900ffe-f90c-4d62-824d-18280a01000f%2523v_1311075939 HTTP/1.1" 200 247
20.171.207.246 - - [28/Feb/2025:00:27:59 +0100] "GET /ticket2/opencms/set_aff_cookie.jsp?partner=2E02071B-A8C3-4CBA-3097-C27D61C02ED8&url=%252Fno%252Fbuy%252Findex.html%253Fpage%253D1%2526edid%253D70EF0ABB-9A80-4CE0-EE48-CC9265C1B361%2526hlv%253D6692485f-9034-43c0-b7d1-16d80a01000f%2523v_164623967 HTTP/1.1" 200 246
54.36.148.64 - - [28/Feb/2025:00:28:00 +0100] "GET /ticket2/opencms/no/sport/fotballsbilletter/serie_a/empoli HTTP/1.1" 200 93751
207.46.13.7 - - [28/Feb/2025:00:28:00 +0100] "GET /ticket2/opencms/dk/magazine/article?title=erling-braut-haaland HTTP/1.1" 200 92324
20.171.207.246 - - [28/Feb/2025:00:28:00 +0100] "GET /ticket2/opencms/set_aff_cookie.jsp?partner=57601924-FB09-5BB2-867F-08B4EB522BA8&url=%252Fno%252Fbuy%252Findex.html%253Fpage%253D1%2526edid%253D66FFE717-0C93-3F01-2AC8-8E7FC5F9BAB1%2526hlv%253D6689076b-1024-41ac-a3d4-1ba70a01000f%2523v106088511 HTTP/1.1" 200 245
202.8.43.151 - - [28/Feb/2025:00:28:01 +0100] "GET /ticket2/opencms/system/modules/com.gridnine.opencms.ticketbrokerage.site/resources/css/standard.css HTTP/1.1" 200 74207
202.8.43.151 - - [28/Feb/2025:00:28:01 +0100] "GET /ticket2/opencms/system/modules/com.gridnine.opencms.ticketbrokerage.site/resources/css/ticketbrokerage.css HTTP/1.1" 200 39339
202.8.43.151 - - [28/Feb/2025:00:28:01 +0100] "GET /ticket2/opencms/system/modules/com.gridnine.opencms.ticketbrokerage.site/resources/css/jquery.fancybox.css HTTP/1.1" 200 4939
202.8.43.151 - - [28/Feb/2025:00:28:01 +0100] "GET /ticket2/opencms/system/modules/com.gridnine.opencms.ticketbrokerage.site/resources/css/jquery-ui.css HTTP/1.1" 200 33221
202.8.43.151 - - [28/Feb/2025:00:28:01 +0100] "GET /ticket2/opencms/system/modules/com.gridnine.opencms.ticketbrokerage.site/resources/css/calendar.css HTTP/1.1" 200 6871
202.8.43.151 - - [28/Feb/2025:00:28:01 +0100] "GET /ticket2/opencms/system/modules/com.gridnine.opencms.ticketbrokerage.site/resources/js/jquery/jquery.js HTTP/1.1" 200 93868
202.8.43.151 - - [28/Feb/2025:00:28:01 +0100] "GET /ticket2/opencms/system/modules/com.gridnine.opencms.ticketbrokerage.site/resources/js/functions.js HTTP/1.1" 200 1583
202.8.43.151 - - [28/Feb/2025:00:28:01 +0100] "GET /ticket2/opencms/system/modules/com.gridnine.opencms.ticketbrokerage.site/resources/js/jquery/jquery-ui.js HTTP/1.1" 200 228088
202.8.43.151 - - [28/Feb/2025:00:28:02 +0100] "GET /ticket2/opencms/system/modules/com.gridnine.opencms.ticketbrokerage.site/resources/js/calendar-setup.js HTTP/1.1" 200 4923
202.8.43.151 - - [28/Feb/2025:00:28:02 +0100] "GET /ticket2/opencms/system/modules/com.gridnine.opencms.ticketbrokerage.site/resources/js/calendar-en.js HTTP/1.1" 200 3338
202.8.43.151 - - [28/Feb/2025:00:28:02 +0100] "GET /ticket2/opencms/system/modules/com.gridnine.opencms.ticketbrokerage.site/resources/js/calendar.js HTTP/1.1" 200 49229
202.8.43.151 - - [28/Feb/2025:00:28:02 +0100] "GET /ticket2/opencms/system/modules/com.gridnine.opencms.ticketbrokerage.site/resources/js/jquery.fancybox.pack.js HTTP/1.1" 200 23187
20.171.207.246 - - [28/Feb/2025:00:28:02 +0100] "GET /ticket2/opencms/set_aff_cookie.jsp?partner=57601924-FB09-5BB2-867F-08B4EB522BA8&url=%252Fen%252Fbuy%252Findex.html%253Fpage%253D1%2526edid%253D50F7AB81-6A9C-C90F-2794-DEB00B53E681%2526hlv%253D612aadca-1eb4-45b4-a9bc-73000a01000f%2523v_1967807037 HTTP/1.1" 200 247
202.8.43.151 - - [28/Feb/2025:00:28:02 +0100] "GET /ticket2/opencms/system/modules/com.gridnine.opencms.ticketbrokerage.site/resources/js/stickyfill.min.js HTTP/1.1" 200 5672
202.8.43.151 - - [28/Feb/2025:00:28:02 +0100] "GET /ticket2/opencms/system/modules/com.gridnine.opencms.ticketbrokerage.site/resources/js/standard.js HTTP/1.1" 200 3983
202.8.43.151 - - [28/Feb/2025:00:28:02 +0100] "GET /ticket2/opencms/system/modules/com.gridnine.opencms.ticketbrokerage.site/resources/js/jquery.placeholder.min.js HTTP/1.1" 200 1737
202.8.43.151 - - [28/Feb/2025:00:28:02 +0100] "GET /ticket2/opencms/system/modules/com.gridnine.opencms.ticketbrokerage.site/resources/js/common-ajax.js HTTP/1.1" 200 20175
185.191.171.15 - - [28/Feb/2025:00:28:02 +0100] "GET /ticket2/opencms/az/magazine/article?title=everton HTTP/1.1" 200 92532
20.171.207.246 - - [28/Feb/2025:00:28:03 +0100] "GET /ticket2/opencms/set_aff_cookie.jsp?partner=5E0CDF29-E7BE-9F6B-6869-7BF66B04006F&url=%252Fnl%252Fbuy%252Findex.html%253Fpage%253D1%2526edid%253D68B485F7-9483-6E4F-656D-602EE2AC621D%2526hlv%253D666d4b7b-3a6c-4e8c-94d4-68b70a01000f%2523v_528045412 HTTP/1.1" 200 246
20.171.207.246 - - [28/Feb/2025:00:28:04 +0100] "GET /ticket2/opencms/set_aff_cookie.jsp?partner=2E02071B-A8C3-4CBA-3097-C27D61C02ED8&url=%252Ffi%252Fbuy%252Findex.html%253Fpage%253D1%2526edid%253D0D33199C-853B-C4DC-F1E2-6CF75BE0B211%2526hlv%253D60c9e9bd-7394-4e96-97b3-272c0a01000f%2523v_587133460 HTTP/1.1" 200 246
20.171.207.246 - - [28/Feb/2025:00:28:05 +0100] "GET /ticket2/opencms/set_aff_cookie.jsp?partner=2E02071B-A8C3-4CBA-3097-C27D61C02ED8&url=%252Fru%252Fbuy%252Findex.html%253Fpage%253D1%2526edid%253D6619AF23-B82A-4933-7AAB-7FCD989DC8B0%2526hlv%253D60ca1e3e-196c-4cc2-81e0-41190a01000f%2523v_1299504752 HTTP/1.1" 200 247
20.171.207.246 - - [28/Feb/2025:00:28:06 +0100] "GET /ticket2/opencms/set_aff_cookie.jsp?partner=2E02071B-A8C3-4CBA-3097-C27D61C02ED8&url=%252Fno%252Fbuy%252Findex.html%253Fpage%253D1%2526edid%253D627EB4E4-AE9C-FF01-C3B4-87668CB2F4A5%2526hlv%253D6114026d-1180-4fc5-a7cf-19c50a01000f%2523v_1618835613 HTTP/1.1" 200 247
173.252.69.114 - - [28/Feb/2025:00:28:07 +0100] "GET /ticket2/opencms/bs/sport/fudbalske-karte/premier-league/leicester HTTP/1.1" 200 99422
85.208.96.205 - - [28/Feb/2025:00:28:07 +0100] "GET /ticket2/opencms/is/magazine/article?title=brentford-fc-annar-i-championship HTTP/1.1" 200 93772
20.171.207.246 - - [28/Feb/2025:00:28:08 +0100] "GET /ticket2/opencms/set_aff_cookie.jsp?partner=2E02071B-A8C3-4CBA-3097-C27D61C02ED8&url=%252Ffi%252Fbuy%252Findex.html%253Fpage%253D1%2526edid%253D66C22035-E7EA-E10A-4BFC-2C30733037DC%2526hlv%253D666d4a39-a17c-4f26-af42-6bb30a01000f%2523v1134048093 HTTP/1.1" 200 246
185.191.171.9 - - [28/Feb/2025:00:28:08 +0100] "GET /ticket2/opencms/fi/urheilu/hockey/nhl/florida-panthers/ HTTP/1.1" 200 89908
20.171.207.246 - - [28/Feb/2025:00:28:09 +0100] "GET /ticket2/opencms/set_aff_cookie.jsp?partner=5E0CDF29-E7BE-9F6B-6869-7BF66B04006F&url=%252Fnl%252Fbuy%252Findex.html%253Fpage%253D1%2526edid%253D66FFE717-0C93-3F01-2AC8-8E7FC5F9BAB1%2526hlv%253D6689076b-d9c0-4393-b068-1ba70a01000f%2523v1162475434 HTTP/1.1" 200 246
20.171.207.246 - - [28/Feb/2025:00:28:10 +0100] "GET /ticket2/opencms/set_aff_cookie.jsp?partner=5E0CDF29-E7BE-9F6B-6869-7BF66B04006F&url=%252Fen%252Fbuy%252Findex.html%253Fpage%253D1%2526edid%253D2E7C3DB6-FDBC-8B55-9268-E31142D44B61%2526hlv%253D612b5406-5ac0-49df-b197-3d340a01000f%2523v_578232437 HTTP/1.1" 200 246
20.171.207.246 - - [28/Feb/2025:00:28:11 +0100] "GET /ticket2/opencms/set_aff_cookie.jsp?partner=5E0CDF29-E7BE-9F6B-6869-7BF66B04006F&url=%252Ffi%252Fbuy%252Findex.html%253Fpage%253D1%2526edid%253D70EF0ABB-9A80-4CE0-EE48-CC9265C1B361%2526hlv%253D6692485c-b86c-4951-a427-16d80a01000f%2523v_888871662 HTTP/1.1" 200 246
20.171.207.246 - - [28/Feb/2025:00:28:12 +0100] "GET /ticket2/opencms/set_aff_cookie.jsp?partner=57601924-FB09-5BB2-867F-08B4EB522BA8&url=%252Fru%252Fbuy%252Findex.html%253Fpage%253D1%2526edid%253D135439EE-24C6-CFFE-A3F6-AD08F6CB1A03%2526hlv%253D60ca0cd9-a9b0-4200-a8d5-37590a01000f%2523v_1917989632 HTTP/1.1" 200 247
20.171.207.246 - - [28/Feb/2025:00:28:13 +0100] "GET /ticket2/opencms/set_aff_cookie.jsp?partner=5E0CDF29-E7BE-9F6B-6869-7BF66B04006F&url=%252Ffi%252Fbuy%252Findex.html%253Fpage%253D1%2526edid%253D0DC29C5C-A273-34CB-58F3-441C87554AF1%2526hlv%253D66b47f8b-755c-4f6f-82d1-209b0a01000f%2523v_1260377143 HTTP/1.1" 200 247
40.77.167.149 - - [28/Feb/2025:00:28:14 +0100] "GET /ticket2/opencms/en/buy/?page=1&edid=554473A5-DEC1-AC03-42D7-8CF0530B3AB1 HTTP/1.1" 200 110607
20.171.207.246 - - [28/Feb/2025:00:28:15 +0100] "GET /ticket2/opencms/set_aff_cookie.jsp?partner=57601924-FB09-5BB2-867F-08B4EB522BA8&url=%252Fru%252Fbuy%252Findex.html%253Fpage%253D1%2526edid%253D6619AF23-B82A-4933-7AAB-7FCD989DC8B0%2526hlv%253D6145bdcb-8b8c-4703-853f-64fe0a01000f%2523v_1090159613 HTTP/1.1" 200 247
20.171.207.246 - - [28/Feb/2025:00:28:16 +0100] "GET /ticket2/opencms/set_aff_cookie.jsp?partner=6F250EA7-4505-FA01-D601-8847F2573405&url=%252Fnl%252Fbuy%252Findex.html%253Fpage%253D1%2526edid%253D457A4AFF-A6EF-C071-9DEF-1F13C05D6B21%2526hlv%253D611514f6-c92c-44c2-b3cb-7a5b0a01000f%2523v_537534711 HTTP/1.1" 200 246
20.171.207.246 - - [28/Feb/2025:00:28:17 +0100] "GET /ticket2/opencms/set_aff_cookie.jsp?partner=5E0CDF29-E7BE-9F6B-6869-7BF66B04006F&url=%252Fnl%252Fbuy%252Findex.html%253Fpage%253D1%2526edid%253DC68D3A19-7AB1-B0F6-2F8E-E937CB754241%2526hlv%253D669388d5-cc24-4343-a22d-6fc60a01000f%2523v_1640301361 HTTP/1.1" 200 247
20.171.207.246 - - [28/Feb/2025:00:28:18 +0100] "GET /ticket2/opencms/set_aff_cookie.jsp?partner=8F6DE15D-D831-5787-AE7E-FEFF53476F85&url=%252Ffi%252Fbuy%252Findex.html%253Fpage%253D1%2526edid%253D150C2B47-38EB-0C0E-C664-5F863E9426DB%2526hlv%253D66cafa7b-1228-446a-bf0c-33480a01000f%2523v_2012570627 HTTP/1.1" 200 247
54.36.148.161 - - [28/Feb/2025:00:28:19 +0100] "GET /ticket2/opencms/mo/buy?page=1&edid=126E7844-E6E1-432A-5140-6A6B87787BFF HTTP/1.1" 200 111329
20.171.207.246 - - [28/Feb/2025:00:28:19 +0100] "GET /ticket2/opencms/set_aff_cookie.jsp?partner=2E02071B-A8C3-4CBA-3097-C27D61C02ED8&url=%252Fnl%252Fbuy%252Findex.html%253Fpage%253D1%2526edid%253D76EC6065-A9FD-2158-21EE-D9457194B3F1%2526hlv%253D60c9eedf-8c58-49fb-84e1-29c00a01000f%2523v_680479687 HTTP/1.1" 200 246
166.108.236.164 - - [28/Feb/2025:00:28:20 +0100] "GET /ticket2/opencms/bg/buy?page=6&comcatid=A17713B6-D984-201A-4143-ED4DB5ED5C2E&catid=A3372871-3019-08B8-80CE-74B78F441ACA HTTP/1.1" 200 106217
20.171.207.246 - - [28/Feb/2025:00:28:20 +0100] "GET /ticket2/opencms/set_aff_cookie.jsp?partner=23A6AD98-906E-5BDD-600E-EC4EC8A45F97&url=%252Fen%252Fbuy%252Findex.html%253Fpage%253D1%2526edid%253D1B0DA330-38AA-5CD6-6C89-F2963014EF68%2526hlv%253D610bcf9a-3250-488a-a19c-16280a01000f%2523v_1967713756 HTTP/1.1" 200 247
20.171.207.246 - - [28/Feb/2025:00:28:21 +0100] "GET /ticket2/opencms/set_aff_cookie.jsp?partner=8F6DE15D-D831-5787-AE7E-FEFF53476F85&url=%252Fnl%252Fbuy%252Findex.html%253Fpage%253D1%2526edid%253D6F379414-70C4-400F-51D2-AFD37C8F2BC7%2526hlv%253D666d6ed1-7f38-4746-b85f-0c140a01000f%2523v_816685326 HTTP/1.1" 200 246
52.167.144.156 - - [28/Feb/2025:00:28:22 +0100] "GET /ticket2/opencms/fi/magazine/article?title=legenda-kuumassa-sananvaihdossa-kannattajan-kanssa HTTP/1.1" 200 94261
20.171.207.246 - - [28/Feb/2025:00:28:22 +0100] "GET /ticket2/opencms/set_aff_cookie.jsp?partner=5E0CDF29-E7BE-9F6B-6869-7BF66B04006F&url=%252Fsv%252Fbuy%252Findex.html%253Fpage%253D1%2526edid%253D12D59482-7F3E-75F5-A3A6-C24ACDBAAF85%2526hlv%253D61151df7-7760-4ed0-b186-04270a01000f%2523v_708284310 HTTP/1.1" 200 246
20.171.207.246 - - [28/Feb/2025:00:28:24 +0100] "GET /ticket2/opencms/set_aff_cookie.jsp?partner=2E02071B-A8C3-4CBA-3097-C27D61C02ED8&url=%252Fno%252Fbuy%252Findex.html%253Fpage%253D1%2526edid%253D457A4AFF-A6EF-C071-9DEF-1F13C05D6B21%2526hlv%253D611514f7-eb14-4a12-9266-7a5b0a01000f%2523v_1911736985 HTTP/1.1" 200 247
20.171.207.246 - - [28/Feb/2025:00:28:25 +0100] "GET /ticket2/opencms/set_aff_cookie.jsp?partner=57601924-FB09-5BB2-867F-08B4EB522BA8&url=%252Fru%252Fbuy%252Findex.html%253Fpage%253D1%2526edid%253D1964B21D-BF30-22BC-8931-DEC6C4EDF1DE%2526hlv%253D611514d1-3e44-4d44-9ff0-7a5b0a01000f%2523v_860649291 HTTP/1.1" 200 246
20.171.207.246 - - [28/Feb/2025:00:28:26 +0100] "GET /ticket2/opencms/set_aff_cookie.jsp?partner=8F6DE15D-D831-5787-AE7E-FEFF53476F85&url=%252Fru%252Fbuy%252Findex.html%253Fpage%253D1%2526edid%253D10597F35-2AC7-31D2-FB61-15A36BB6D73B%2526hlv%253D666d451f-b4dc-4594-8c6f-64610a01000f%2523v_670270123 HTTP/1.1" 200 246
20.171.207.246 - - [28/Feb/2025:00:28:27 +0100] "GET /ticket2/opencms/set_aff_cookie.jsp?partner=57601924-FB09-5BB2-867F-08B4EB522BA8&url=%252Fnl%252Fbuy%252Findex.html%253Fpage%253D1%2526edid%253D681ED521-EBC9-E1AB-D0B9-DB2B7375D564%2526hlv%253D60f81639-da34-49ad-939c-5b6e0a01000f%2523v_352173023 HTTP/1.1" 200 246
20.171.207.246 - - [28/Feb/2025:00:28:28 +0100] "GET /ticket2/opencms/set_aff_cookie.jsp?partner=2E02071B-A8C3-4CBA-3097-C27D61C02ED8&url=%252Ffi%252Fbuy%252Findex.html%253Fpage%253D1%2526edid%253D66C22035-E7EA-E10A-4BFC-2C30733037DC%2526hlv%253D666d4a3b-fb24-4111-a167-6bb30a01000f%2523v1670352733 HTTP/1.1" 200 246
98.82.66.172 - - [28/Feb/2025:00:28:29 +0100] "GET /ticket2/opencms/sites/ticketbrokerage/sv/sport/fotbollsbiljetter/premier_league/manchester_united/sunderland.html HTTP/1.1" 404 -
20.171.207.246 - - [28/Feb/2025:00:28:29 +0100] "GET /ticket2/opencms/set_aff_cookie.jsp?partner=6F250EA7-4505-FA01-D601-8847F2573405&url=%252Fen%252Fbuy%252Findex.html%253Fpage%253D1%2526edid%253D605F0713-F5C5-5844-2344-BCDD5B5AC0EC%2526hlv%253D666ffef1-44d8-4cd4-8dab-23df0a01000f%2523v_813570013 HTTP/1.1" 200 246
20.171.207.246 - - [28/Feb/2025:00:28:31 +0100] "GET /ticket2/opencms/set_aff_cookie.jsp?partner=8F6DE15D-D831-5787-AE7E-FEFF53476F85&url=%252Fen%252Fbuy%252Findex.html%253Fpage%253D1%2526edid%253D52F83580-0FD4-F06F-050A-AE1CCE4A20C1%2526hlv%253D66d04b4e-e760-4b14-8b36-07480a01000f%2523v_318921578 HTTP/1.1" 200 246
20.171.207.246 - - [28/Feb/2025:00:28:32 +0100] "GET /ticket2/opencms/set_aff_cookie.jsp?partner=6F250EA7-4505-FA01-D601-8847F2573405&url=%252Fru%252Fbuy%252Findex.html%253Fpage%253D1%2526edid%253D1B6F6A2B-A0DA-FF91-EC4E-3DCAA442C25B%2526hlv%253D666d531d-9764-42be-b2b2-72b30a01000f%2523v_1446077896 HTTP/1.1" 200 247
8.210.8.206 - - [28/Feb/2025:00:28:33 +0100] "GET /ticket2/opencms/fi/buy?page=1&edid=402D4ADF-F1A8-8EDD-0E47-FAEC0616E1C7 HTTP/1.1" 200 117589
20.171.207.246 - - [28/Feb/2025:00:28:33 +0100] "GET /ticket2/opencms/set_aff_cookie.jsp?partner=8F6DE15D-D831-5787-AE7E-FEFF53476F85&url=%252Fsv%252Fbuy%252Findex.html%253Fpage%253D1%2526edid%253DE8BA54CC-B112-3D61-BE02-1B4D1E4F63D1%2526hlv%253D666ddc10-1578-4130-9f6e-6a330a01000f%2523v_1724901768 HTTP/1.1" 200 247
54.36.149.30 - - [28/Feb/2025:00:28:33 +0100] "GET /ticket2/opencms/sl/magazine/article?title=prva-zmaga-ipswicha-v-premier-league-po-22-letih HTTP/1.1" 200 93596
20.171.207.246 - - [28/Feb/2025:00:28:34 +0100] "GET /ticket2/opencms/set_aff_cookie.jsp?partner=8F6DE15D-D831-5787-AE7E-FEFF53476F85&url=%252Fsv%252Fbuy%252Findex.html%253Fpage%253D1%2526edid%253D17ABEF83-A306-7DC9-F266-4B55FF85626E%2526hlv%253D60f812ba-1018-4613-b87b-5b6f0a01000f%2523v_1384994898 HTTP/1.1" 200 247
54.36.148.184 - - [28/Feb/2025:00:28:35 +0100] "GET /ticket2/opencms/pl/sport HTTP/1.1" 200 93121
20.171.207.246 - - [28/Feb/2025:00:28:35 +0100] "GET /ticket2/opencms/set_aff_cookie.jsp?partner=5E0CDF29-E7BE-9F6B-6869-7BF66B04006F&url=%252Fsv%252Fbuy%252Findex.html%253Fpage%253D1%2526edid%253DCD9CCE5B-E45C-7CA4-806C-47052D704B01%2526hlv%253D60f82071-2244-49bb-b466-60b10a01000f%2523v_760573560 HTTP/1.1" 200 246
202.8.42.225 - - [28/Feb/2025:00:28:36 +0100] "GET /ticket2/opencms/system/modules/com.gridnine.opencms.ticketbrokerage.site/resources/css/jquery-ui.css HTTP/1.1" 200 33221
202.8.42.225 - - [28/Feb/2025:00:28:36 +0100] "GET /ticket2/opencms/system/modules/com.gridnine.opencms.ticketbrokerage.site/resources/css/standard.css HTTP/1.1" 200 74207
202.8.42.225 - - [28/Feb/2025:00:28:36 +0100] "GET /ticket2/opencms/system/modules/com.gridnine.opencms.ticketbrokerage.site/resources/css/calendar.css HTTP/1.1" 200 6871
202.8.42.225 - - [28/Feb/2025:00:28:36 +0100] "GET /ticket2/opencms/system/modules/com.gridnine.opencms.ticketbrokerage.site/resources/css/ticketbrokerage.css HTTP/1.1" 200 39339
202.8.42.225 - - [28/Feb/2025:00:28:36 +0100] "GET /ticket2/opencms/system/modules/com.gridnine.opencms.ticketbrokerage.site/resources/js/jquery/jquery.js HTTP/1.1" 200 93868
202.8.42.225 - - [28/Feb/2025:00:28:36 +0100] "GET /ticket2/opencms/system/modules/com.gridnine.opencms.ticketbrokerage.site/resources/css/jquery.fancybox.css HTTP/1.1" 200 4939
202.8.42.225 - - [28/Feb/2025:00:28:36 +0100] "GET /ticket2/opencms/system/modules/com.gridnine.opencms.ticketbrokerage.site/resources/js/jquery/jquery-ui.js HTTP/1.1" 200 228088
202.8.42.225 - - [28/Feb/2025:00:28:36 +0100] "GET /ticket2/opencms/system/modules/com.gridnine.opencms.ticketbrokerage.site/resources/js/calendar.js HTTP/1.1" 200 49229
202.8.42.225 - - [28/Feb/2025:00:28:36 +0100] "GET /ticket2/opencms/system/modules/com.gridnine.opencms.ticketbrokerage.site/resources/js/functions.js HTTP/1.1" 200 1583
202.8.42.225 - - [28/Feb/2025:00:28:36 +0100] "GET /ticket2/opencms/system/modules/com.gridnine.opencms.ticketbrokerage.site/resources/js/calendar-setup.js HTTP/1.1" 200 4923
202.8.42.225 - - [28/Feb/2025:00:28:36 +0100] "GET /ticket2/opencms/system/modules/com.gridnine.opencms.ticketbrokerage.site/resources/js/calendar-en.js HTTP/1.1" 200 3338
20.171.207.246 - - [28/Feb/2025:00:28:36 +0100] "GET /ticket2/opencms/set_aff_cookie.jsp?partner=57601924-FB09-5BB2-867F-08B4EB522BA8&url=%252Fsv%252Fbuy%252Findex.html%253Fpage%253D1%2526edid%253DE8BA54CC-B112-3D61-BE02-1B4D1E4F63D1%2526hlv%253D666ddc10-2ef8-4ea7-8669-6a330a01000f%2523v_808726368 HTTP/1.1" 200 246
202.8.42.225 - - [28/Feb/2025:00:28:36 +0100] "GET /ticket2/opencms/system/modules/com.gridnine.opencms.ticketbrokerage.site/resources/js/jquery.fancybox.pack.js HTTP/1.1" 200 23187
202.8.42.225 - - [28/Feb/2025:00:28:36 +0100] "GET /ticket2/opencms/system/modules/com.gridnine.opencms.ticketbrokerage.site/resources/js/stickyfill.min.js HTTP/1.1" 200 5672
202.8.42.225 - - [28/Feb/2025:00:28:36 +0100] "GET /ticket2/opencms/system/modules/com.gridnine.opencms.ticketbrokerage.site/resources/js/standard.js HTTP/1.1" 200 3983
202.8.42.225 - - [28/Feb/2025:00:28:37 +0100] "GET /ticket2/opencms/system/modules/com.gridnine.opencms.ticketbrokerage.site/resources/js/jquery.placeholder.min.js HTTP/1.1" 200 1737
202.8.42.225 - - [28/Feb/2025:00:28:37 +0100] "GET /ticket2/opencms/system/modules/com.gridnine.opencms.ticketbrokerage.site/resources/js/common-ajax.js HTTP/1.1" 200 20175
20.171.207.246 - - [28/Feb/2025:00:28:38 +0100] "GET /ticket2/opencms/set_aff_cookie.jsp?partner=2E02071B-A8C3-4CBA-3097-C27D61C02ED8&url=%252Fnl%252Fbuy%252Findex.html%253Fpage%253D1%2526edid%253D6807A400-BCB2-9A77-9AD5-9B8A75FADC0B%2526hlv%253D61154ce4-3b54-4fa0-8e92-16170a01000f%2523v_1376606883 HTTP/1.1" 200 247
20.171.207.246 - - [28/Feb/2025:00:28:39 +0100] "GET /ticket2/opencms/set_aff_cookie.jsp?partner=57601924-FB09-5BB2-867F-08B4EB522BA8&url=%252Fnl%252Fbuy%252Findex.html%253Fpage%253D1%2526edid%253D135439EE-24C6-CFFE-A3F6-AD08F6CB1A03%2526hlv%253D60ca0cd9-e114-4bb0-9f89-37590a01000f%2523v_1532695217 HTTP/1.1" 200 247
20.171.207.246 - - [28/Feb/2025:00:28:40 +0100] "GET /ticket2/opencms/set_aff_cookie.jsp?partner=6F250EA7-4505-FA01-D601-8847F2573405&url=%252Ffi%252Fbuy%252Findex.html%253Fpage%253D1%2526edid%253DE8BA54CC-B112-3D61-BE02-1B4D1E4F63D1%2526hlv%253D666ddc0f-901c-4b4c-8dd8-6a330a01000f%2523v_213512086 HTTP/1.1" 200 246
20.171.207.246 - - [28/Feb/2025:00:28:41 +0100] "GET /ticket2/opencms/set_aff_cookie.jsp?partner=2E02071B-A8C3-4CBA-3097-C27D61C02ED8&url=%252Fru%252Fbuy%252Findex.html%253Fpage%253D1%2526edid%253D1704DC47-D333-EEEA-B66A-BC4C3DDB8A1C%2526hlv%253D6144935a-f488-4a1a-8132-77230a01000f%2523v_2081824511 HTTP/1.1" 200 247
85.208.96.210 - - [28/Feb/2025:00:28:41 +0100] "GET /ticket2/opencms/lv/magazine/article?title=cole-palmer-izskir-speli-un-alexander-isak-ir-atpakal HTTP/1.1" 200 93454
114.119.157.43 - - [28/Feb/2025:00:28:42 +0100] "GET /ticket2/opencms/it/buy?page=1&edid=8D24B546-C583-0AE0-A1BF-4A34E2FE9CC5 HTTP/1.1" 200 111654
20.171.207.246 - - [28/Feb/2025:00:28:42 +0100] "GET /ticket2/opencms/set_aff_cookie.jsp?partner=8F6DE15D-D831-5787-AE7E-FEFF53476F85&url=%252Fen%252Fbuy%252Findex.html%253Fpage%253D1%2526edid%253D150C2B47-38EB-0C0E-C664-5F863E9426DB%2526hlv%253D66cafa7b-07d8-4073-b3b0-33480a01000f%2523v_2019293362 HTTP/1.1" 200 247
20.171.207.246 - - [28/Feb/2025:00:28:43 +0100] "GET /ticket2/opencms/set_aff_cookie.jsp?partner=8F6DE15D-D831-5787-AE7E-FEFF53476F85&url=%252Fsv%252Fbuy%252Findex.html%253Fpage%253D1%2526edid%253D66C22035-E7EA-E10A-4BFC-2C30733037DC%2526hlv%253D666d4a39-9118-4359-a6ca-6bb30a01000f%2523v714830775 HTTP/1.1" 200 245
20.171.207.246 - - [28/Feb/2025:00:28:45 +0100] "GET /ticket2/opencms/set_aff_cookie.jsp?partner=5E0CDF29-E7BE-9F6B-6869-7BF66B04006F&url=%252Fno%252Fbuy%252Findex.html%253Fpage%253D1%2526edid%253D1B2497C9-50FD-C481-B810-5D82DC9B4FE5%2526hlv%253D60ca1e8b-aa18-4ae0-8242-41000a01000f%2523v_1136119948 HTTP/1.1" 200 247
114.119.146.220 - - [28/Feb/2025:00:28:45 +0100] "GET /ticket2/opencms/en/venue/?venueid=5A418B6B-801E-D3D5-FCE2-DE803F28D272 HTTP/1.1" 200 85364
20.171.207.246 - - [28/Feb/2025:00:28:46 +0100] "GET /ticket2/opencms/set_aff_cookie.jsp?partner=6F250EA7-4505-FA01-D601-8847F2573405&url=%252Fsv%252Fbuy%252Findex.html%253Fpage%253D1%2526edid%253D1046C14E-D95C-B350-CBCD-2ECE5F3DCC46%2526hlv%253D668668af-67dc-4c79-9e5d-6ca00a01000f%2523v_1989037057 HTTP/1.1" 200 247
20.171.207.246 - - [28/Feb/2025:00:28:47 +0100] "GET /ticket2/opencms/set_aff_cookie.jsp?partner=5E0CDF29-E7BE-9F6B-6869-7BF66B04006F&url=%252Fno%252Fbuy%252Findex.html%253Fpage%253D1%2526edid%253D6013960B-6822-2E35-1FA5-E8D66CD59F68%2526hlv%253D60c9e05c-94cc-4a6b-bf30-1e090a01000f%2523v1603044907 HTTP/1.1" 200 246
66.249.76.8 - - [28/Feb/2025:00:28:48 +0100] "GET /ticket2/opencms/no/konsertbilletter/coldplay/ HTTP/1.1" 200 88047
20.171.207.246 - - [28/Feb/2025:00:28:48 +0100] "GET /ticket2/opencms/set_aff_cookie.jsp?partner=2E02071B-A8C3-4CBA-3097-C27D61C02ED8&url=%252Fsv%252Fbuy%252Findex.html%253Fpage%253D1%2526edid%253D633F01D0-5A5C-9D0B-88C4-F93446CDE176%2526hlv%253D60f8170e-699c-40b8-bf02-5cf80a01000f%2523v_986082290 HTTP/1.1" 200 246
85.208.96.209 - - [28/Feb/2025:00:28:48 +0100] "GET /ticket2/opencms/en/sport/football-tickets/la-liga/girona/ HTTP/1.1" 200 93016
20.171.207.246 - - [28/Feb/2025:00:28:49 +0100] "GET /ticket2/opencms/set_aff_cookie.jsp?partner=8F6DE15D-D831-5787-AE7E-FEFF53476F85&url=%252Fdk%252Fbuy%252Findex.html%253Fpage%253D1%2526edid%253D6A920F16-DD42-2262-3AA2-B83D5743F13A%2526hlv%253D666cb1c8-dcb4-4a5f-b589-44290a01000f%2523v_578721191 HTTP/1.1" 200 246
40.77.167.150 - - [28/Feb/2025:00:28:50 +0100] "GET /ticket2/opencms/nl/search.html?searchQuery= HTTP/1.1" 200 95331
20.171.207.246 - - [28/Feb/2025:00:28:50 +0100] "GET /ticket2/opencms/set_aff_cookie.jsp?partner=5E0CDF29-E7BE-9F6B-6869-7BF66B04006F&url=%252Fnl%252Fbuy%252Findex.html%253Fpage%253D1%2526edid%253D6ED08D04-7263-AC79-DA04-AFB97DC97A00%2526hlv%253D66939090-f76c-46dc-a384-74840a01000f%2523v_862594594 HTTP/1.1" 200 246
54.36.148.180 - - [28/Feb/2025:00:28:51 +0100] "GET /ticket2/opencms/tr/buy?page=1&edid=B566C61B-5438-BBCE-B4D3-8DE9C2913E81 HTTP/1.1" 200 111577
40.77.167.150 - - [28/Feb/2025:00:28:51 +0100] "GET /ticket2/opencms/sl/buy/?page=1&edid=5CEA98CB-80E1-9ACA-6E51-8C7E3E9275D3 HTTP/1.1" 200 120931
20.171.207.246 - - [28/Feb/2025:00:28:51 +0100] "GET /ticket2/opencms/set_aff_cookie.jsp?partner=5E0CDF29-E7BE-9F6B-6869-7BF66B04006F&url=%252Fnl%252Fbuy%252Findex.html%253Fpage%253D1%2526edid%253DEC2BC309-3510-AA04-CA0C-F3088D5C1D31%2526hlv%253D6686686c-0b34-4d6e-a992-6b040a01000f%2523v_293146432 HTTP/1.1" 200 246
124.243.183.209 - - [28/Feb/2025:00:28:52 +0100] "GET /ticket2/opencms/bg/buy?page=1&edid=4F12EEF2-EEE1-6C0B-38B5-EE2BFB9F492A HTTP/1.1" 200 111106
20.171.207.246 - - [28/Feb/2025:00:28:53 +0100] "GET /ticket2/opencms/set_aff_cookie.jsp?partner=8F6DE15D-D831-5787-AE7E-FEFF53476F85&url=%252Fru%252Fbuy%252Findex.html%253Fpage%253D1%2526edid%253D150C2B47-38EB-0C0E-C664-5F863E9426DB%2526hlv%253D66cafa7b-c244-4066-a425-33480a01000f%2523v_756194009 HTTP/1.1" 200 246
20.171.207.246 - - [28/Feb/2025:00:28:54 +0100] "GET /ticket2/opencms/set_aff_cookie.jsp?partner=8F6DE15D-D831-5787-AE7E-FEFF53476F85&url=%252Fno%252Fbuy%252Findex.html%253Fpage%253D1%2526edid%253D66C22035-E7EA-E10A-4BFC-2C30733037DC%2526hlv%253D666d4a39-a330-4e7f-8087-6bb30a01000f%2523v1552284576 HTTP/1.1" 200 246
20.171.207.246 - - [28/Feb/2025:00:28:55 +0100] "GET /ticket2/opencms/set_aff_cookie.jsp?partner=5E0CDF29-E7BE-9F6B-6869-7BF66B04006F&url=%252Fno%252Fbuy%252Findex.html%253Fpage%253D1%2526edid%253D92971269-2FFE-3DDA-49A2-724A87B9C001%2526hlv%253D60f8453b-89f4-439c-acff-6e190a01000f%2523v_807111725 HTTP/1.1" 200 246
20.171.207.246 - - [28/Feb/2025:00:28:56 +0100] "GET /ticket2/opencms/set_aff_cookie.jsp?partner=2E02071B-A8C3-4CBA-3097-C27D61C02ED8&url=%252Fnl%252Fbuy%252Findex.html%253Fpage%253D1%2526edid%253D6F6062BE-21E9-FCCC-41A7-E76CFE6D47E3%2526hlv%253D66938920-c46c-43cb-9518-703c0a01000f%2523v_907781753 HTTP/1.1" 200 246
47.128.48.136 - - [28/Feb/2025:00:28:57 +0100] "GET /ticket2/opencms/ka/buy/?edid=975D8DC0-4493-DC20-8886-EA148B097AEB HTTP/1.1" 200 94030
20.171.207.246 - - [28/Feb/2025:00:28:57 +0100] "GET /ticket2/opencms/set_aff_cookie.jsp?partner=2E02071B-A8C3-4CBA-3097-C27D61C02ED8&url=%252Fno%252Fbuy%252Findex.html%253Fpage%253D1%2526edid%253DC68D3A19-7AB1-B0F6-2F8E-E937CB754241%2526hlv%253D669388d6-173c-4a4e-82b5-6fc60a01000f%2523v_238065422 HTTP/1.1" 200 246
20.171.207.246 - - [28/Feb/2025:00:28:58 +0100] "GET /ticket2/opencms/set_aff_cookie.jsp?partner=8F6DE15D-D831-5787-AE7E-FEFF53476F85&url=%252Fru%252Fbuy%252Findex.html%253Fpage%253D1%2526edid%253D2E7C3DB6-FDBC-8B55-9268-E31142D44B61%2526hlv%253D612b5406-5ac0-49df-b197-3d340a01000f%2523v_578232437 HTTP/1.1" 200 246
20.171.207.246 - - [28/Feb/2025:00:29:00 +0100] "GET /ticket2/opencms/set_aff_cookie.jsp?partner=5E0CDF29-E7BE-9F6B-6869-7BF66B04006F&url=%252Ffi%252Fbuy%252Findex.html%253Fpage%253D1%2526edid%253D66C22035-E7EA-E10A-4BFC-2C30733037DC%2526hlv%253D666d4a38-3314-4d14-a3e9-6bb30a01000f%2523v1205275375 HTTP/1.1" 200 246
20.171.207.246 - - [28/Feb/2025:00:29:01 +0100] "GET /ticket2/opencms/set_aff_cookie.jsp?partner=5E0CDF29-E7BE-9F6B-6869-7BF66B04006F&url=%252Ffi%252Fbuy%252Findex.html%253Fpage%253D1%2526edid%253D6F6062BE-21E9-FCCC-41A7-E76CFE6D47E3%2526hlv%253D66938921-2558-4d7b-8480-703c0a01000f%2523v_245230580 HTTP/1.1" 200 246
114.119.136.8 - - [28/Feb/2025:00:29:02 +0100] "GET /ticket2/opencms/en/buy?page=1&edid=33C93D30-5D5F-70D5-E4DB-10F58238A7ED HTTP/1.1" 200 118940
20.171.207.246 - - [28/Feb/2025:00:29:02 +0100] "GET /ticket2/opencms/set_aff_cookie.jsp?partner=2E02071B-A8C3-4CBA-3097-C27D61C02ED8&url=%252Fno%252Fbuy%252Findex.html%253Fpage%253D1%2526edid%253DC68D3A19-7AB1-B0F6-2F8E-E937CB754241%2526hlv%253D669388d7-d878-4cb9-b11a-6fc60a01000f%2523v_1660506710 HTTP/1.1" 200 247
20.171.207.246 - - [28/Feb/2025:00:29:03 +0100] "GET /ticket2/opencms/set_aff_cookie.jsp?partner=8F6DE15D-D831-5787-AE7E-FEFF53476F85&url=%252Fnl%252Fbuy%252Findex.html%253Fpage%253D1%2526edid%253D6713F743-CFE1-C987-288D-AC8AB79C37B8%2526hlv%253D66900ffe-83f0-4c4f-a3f6-18280a01000f%2523v_1231515877 HTTP/1.1" 200 247
47.128.111.188 - - [28/Feb/2025:00:29:03 +0100] "GET /ticket2/opencms/dk/buy/?edid=E1D17E6B-9491-FB54-F578-EF7CB536A051 HTTP/1.1" 200 90363
20.171.207.246 - - [28/Feb/2025:00:29:04 +0100] "GET /ticket2/opencms/set_aff_cookie.jsp?partner=2E02071B-A8C3-4CBA-3097-C27D61C02ED8&url=%252Ffi%252Fbuy%252Findex.html%253Fpage%253D1%2526edid%253D6ED08D04-7263-AC79-DA04-AFB97DC97A00%2526hlv%253D6693908d-b3c0-4e7c-9a6a-74840a01000f%2523v_767866358 HTTP/1.1" 200 246
40.77.167.241 - - [28/Feb/2025:00:29:04 +0100] "GET /ticket2/opencms/mt/buy/?page=1&edid=76C5B12B-5A01-4B43-4951-01FB8B03F367 HTTP/1.1" 200 112038
20.171.207.246 - - [28/Feb/2025:00:29:05 +0100] "GET /ticket2/opencms/set_aff_cookie.jsp?partner=57601924-FB09-5BB2-867F-08B4EB522BA8&url=%252Fsv%252Fbuy%252Findex.html%253Fpage%253D1%2526edid%253D70EF0ABB-9A80-4CE0-EE48-CC9265C1B361%2526hlv%253D6692485b-1d04-4d4e-a84a-16d80a01000f%2523v_500388463 HTTP/1.1" 200 246
3.211.181.86 - - [28/Feb/2025:00:29:06 +0100] "GET /ticket2/opencms/sites/ticketbrokerage/sv/tickets/blackburn_rovers/birmingham.html HTTP/1.1" 404 -
20.171.207.246 - - [28/Feb/2025:00:29:06 +0100] "GET /ticket2/opencms/set_aff_cookie.jsp?partner=8F6DE15D-D831-5787-AE7E-FEFF53476F85&url=%252Fnl%252Fbuy%252Findex.html%253Fpage%253D1%2526edid%253D68B485F7-9483-6E4F-656D-602EE2AC621D%2526hlv%253D666d4b76-34b4-48fb-bd7b-68b70a01000f%2523v_2097579526 HTTP/1.1" 200 247
20.171.207.246 - - [28/Feb/2025:00:29:08 +0100] "GET /ticket2/opencms/set_aff_cookie.jsp?partner=8F6DE15D-D831-5787-AE7E-FEFF53476F85&url=%252Fsv%252Fbuy%252Findex.html%253Fpage%253D1%2526edid%253D1C663B38-AAE8-15E5-78AB-F7247D2C67D4%2526hlv%253D666d70a2-581c-41ab-9c73-0e670a01000f%2523v_858955143 HTTP/1.1" 200 246
20.171.207.246 - - [28/Feb/2025:00:29:09 +0100] "GET /ticket2/opencms/set_aff_cookie.jsp?partner=8F6DE15D-D831-5787-AE7E-FEFF53476F85&url=%252Fdk%252Fbuy%252Findex.html%253Fpage%253D1%2526edid%253D150C2B47-38EB-0C0E-C664-5F863E9426DB%2526hlv%253D66cafa7b-83f4-4d39-9b76-33480a01000f%2523v_678068939 HTTP/1.1" 200 246
85.208.96.199 - - [28/Feb/2025:00:29:10 +0100] "GET /ticket2/opencms/robots.txt HTTP/1.1" 200 773
20.171.207.246 - - [28/Feb/2025:00:29:10 +0100] "GET /ticket2/opencms/set_aff_cookie.jsp?partner=8F6DE15D-D831-5787-AE7E-FEFF53476F85&url=%252Fdk%252Fbuy%252Findex.html%253Fpage%253D1%2526edid%253D6E64EF54-063D-0F55-A1E7-7781348B9C83%2526hlv%253D6149ec3e-e5f4-4152-b8d6-1fbf0a01000f%2523v_1438332763 HTTP/1.1" 200 247
54.36.148.239 - - [28/Feb/2025:00:29:10 +0100] "GET /ticket2/opencms/az/buy?page=1&edid=E5A432C8-DA4B-0B1D-D158-7FE1F332A199 HTTP/1.1" 200 108985
52.167.144.160 - - [28/Feb/2025:00:29:10 +0100] "GET /ticket2/opencms/fi/magazine/ HTTP/1.1" 200 162625
185.191.171.9 - - [28/Feb/2025:00:29:11 +0100] "GET /ticket2/opencms/es/magazine/article?title=el-futuro-de-la-tecnologia-en-el-futbol HTTP/1.1" 200 95949
20.171.207.246 - - [28/Feb/2025:00:29:11 +0100] "GET /ticket2/opencms/set_aff_cookie.jsp?partner=2E02071B-A8C3-4CBA-3097-C27D61C02ED8&url=%252Ffi%252Fbuy%252Findex.html%253Fpage%253D1%2526edid%253D150C2B47-38EB-0C0E-C664-5F863E9426DB%2526hlv%253D66cafa7b-2e9c-48e7-ac18-33480a01000f%2523v_2137156832 HTTP/1.1" 200 247
202.8.42.86 - - [28/Feb/2025:00:29:11 +0100] "GET /ticket2/opencms/system/modules/com.gridnine.opencms.ticketbrokerage.site/resources/css/standard.css HTTP/1.1" 200 74207
202.8.42.86 - - [28/Feb/2025:00:29:11 +0100] "GET /ticket2/opencms/system/modules/com.gridnine.opencms.ticketbrokerage.site/resources/css/calendar.css HTTP/1.1" 200 6871
202.8.42.86 - - [28/Feb/2025:00:29:11 +0100] "GET /ticket2/opencms/system/modules/com.gridnine.opencms.ticketbrokerage.site/resources/css/ticketbrokerage.css HTTP/1.1" 200 39339
202.8.42.86 - - [28/Feb/2025:00:29:11 +0100] "GET /ticket2/opencms/system/modules/com.gridnine.opencms.ticketbrokerage.site/resources/css/jquery.fancybox.css HTTP/1.1" 200 4939
202.8.42.86 - - [28/Feb/2025:00:29:11 +0100] "GET /ticket2/opencms/system/modules/com.gridnine.opencms.ticketbrokerage.site/resources/css/jquery-ui.css HTTP/1.1" 200 33221
202.8.42.86 - - [28/Feb/2025:00:29:11 +0100] "GET /ticket2/opencms/system/modules/com.gridnine.opencms.ticketbrokerage.site/resources/js/jquery/jquery.js HTTP/1.1" 200 93868
202.8.42.86 - - [28/Feb/2025:00:29:11 +0100] "GET /ticket2/opencms/system/modules/com.gridnine.opencms.ticketbrokerage.site/resources/js/calendar.js HTTP/1.1" 200 49229
202.8.42.86 - - [28/Feb/2025:00:29:11 +0100] "GET /ticket2/opencms/system/modules/com.gridnine.opencms.ticketbrokerage.site/resources/js/calendar-en.js HTTP/1.1" 200 3338
202.8.42.86 - - [28/Feb/2025:00:29:11 +0100] "GET /ticket2/opencms/system/modules/com.gridnine.opencms.ticketbrokerage.site/resources/js/functions.js HTTP/1.1" 200 1583
202.8.42.86 - - [28/Feb/2025:00:29:11 +0100] "GET /ticket2/opencms/system/modules/com.gridnine.opencms.ticketbrokerage.site/resources/js/jquery/jquery-ui.js HTTP/1.1" 200 228088
202.8.42.86 - - [28/Feb/2025:00:29:11 +0100] "GET /ticket2/opencms/system/modules/com.gridnine.opencms.ticketbrokerage.site/resources/js/calendar-setup.js HTTP/1.1" 200 4923
202.8.42.86 - - [28/Feb/2025:00:29:11 +0100] "GET /ticket2/opencms/system/modules/com.gridnine.opencms.ticketbrokerage.site/resources/js/stickyfill.min.js HTTP/1.1" 200 5672
202.8.42.86 - - [28/Feb/2025:00:29:11 +0100] "GET /ticket2/opencms/system/modules/com.gridnine.opencms.ticketbrokerage.site/resources/js/jquery.fancybox.pack.js HTTP/1.1" 200 23187
202.8.42.86 - - [28/Feb/2025:00:29:11 +0100] "GET /ticket2/opencms/system/modules/com.gridnine.opencms.ticketbrokerage.site/resources/js/standard.js HTTP/1.1" 200 3983
202.8.42.86 - - [28/Feb/2025:00:29:12 +0100] "GET /ticket2/opencms/system/modules/com.gridnine.opencms.ticketbrokerage.site/resources/js/jquery.placeholder.min.js HTTP/1.1" 200 1737
202.8.42.86 - - [28/Feb/2025:00:29:12 +0100] "GET /ticket2/opencms/system/modules/com.gridnine.opencms.ticketbrokerage.site/resources/js/common-ajax.js HTTP/1.1" 200 20175
202.8.42.86 - - [28/Feb/2025:00:29:12 +0100] "GET /ticket2/opencms/az/ask-form.html HTTP/1.1" 200 3156
202.8.42.86 - - [28/Feb/2025:00:29:12 +0100] "GET /ticket2/opencms/system/modules/com.gridnine.opencms.ticketbrokerage.site/resources/css/ticketbrokerage.css HTTP/1.1" 200 39339
20.171.207.246 - - [28/Feb/2025:00:29:12 +0100] "GET /ticket2/opencms/set_aff_cookie.jsp?partner=57601924-FB09-5BB2-867F-08B4EB522BA8&url=%252Fdk%252Fbuy%252Findex.html%253Fpage%253D1%2526edid%253D1C663B38-AAE8-15E5-78AB-F7247D2C67D4%2526hlv%253D666d70a1-dfec-48ea-a194-0e670a01000f%2523v_1561736150 HTTP/1.1" 200 247
20.171.207.246 - - [28/Feb/2025:00:29:13 +0100] "GET /ticket2/opencms/set_aff_cookie.jsp?partner=8F6DE15D-D831-5787-AE7E-FEFF53476F85&url=%252Fnl%252Fbuy%252Findex.html%253Fpage%253D1%2526edid%253D0DC29C5C-A273-34CB-58F3-441C87554AF1%2526hlv%253D66b47f8b-755c-4f6f-82d1-209b0a01000f%2523v_1260377143 HTTP/1.1" 200 247
20.171.207.246 - - [28/Feb/2025:00:29:15 +0100] "GET /ticket2/opencms/set_aff_cookie.jsp?partner=5E0CDF29-E7BE-9F6B-6869-7BF66B04006F&url=%252Fsv%252Fbuy%252Findex.html%253Fpage%253D1%2526edid%253D10597F35-2AC7-31D2-FB61-15A36BB6D73B%2526hlv%253D666d451f-ff10-409f-9bfe-64610a01000f%2523v_495149657 HTTP/1.1" 200 246
20.171.207.246 - - [28/Feb/2025:00:29:16 +0100] "GET /ticket2/opencms/set_aff_cookie.jsp?partner=8F6DE15D-D831-5787-AE7E-FEFF53476F85&url=%252Fsv%252Fbuy%252Findex.html%253Fpage%253D1%2526edid%253D160DAC9A-2A77-6FDC-52B8-296352B1ABF1%2526hlv%253D666c4b57-dd70-4860-b683-3e290a01000f%2523v_1972810284 HTTP/1.1" 200 247
20.171.207.246 - - [28/Feb/2025:00:29:17 +0100] "GET /ticket2/opencms/set_aff_cookie.jsp?partner=57601924-FB09-5BB2-867F-08B4EB522BA8&url=%252Fdk%252Fbuy%252Findex.html%253Fpage%253D1%2526edid%253D890CCDBB-BBBF-11B0-1E79-EA111E8EF281%2526hlv%253D668839fd-f9f4-4149-92d0-2d260a01000f%2523v_791034434 HTTP/1.1" 200 246
20.171.207.246 - - [28/Feb/2025:00:29:18 +0100] "GET /ticket2/opencms/set_aff_cookie.jsp?partner=2E02071B-A8C3-4CBA-3097-C27D61C02ED8&url=%252Fdk%252Fbuy%252Findex.html%253Fpage%253D1%2526edid%253D66C22035-E7EA-E10A-4BFC-2C30733037DC%2526hlv%253D666d4a38-79c8-453d-a154-6bb30a01000f%2523v53271697 HTTP/1.1" 200 244
20.171.207.246 - - [28/Feb/2025:00:29:19 +0100] "GET /ticket2/opencms/set_aff_cookie.jsp?partner=2E02071B-A8C3-4CBA-3097-C27D61C02ED8&url=%252Fsv%252Fbuy%252Findex.html%253Fpage%253D1%2526edid%253D1C663B38-AAE8-15E5-78AB-F7247D2C67D4%2526hlv%253D666d70a3-e704-45ca-bb8f-0e670a01000f%2523v_2119698862 HTTP/1.1" 200 247
207.46.13.151 - - [28/Feb/2025:00:29:20 +0100] "GET /ticket2/opencms/en/magazine/article?title=alexander-isak-breaks-records HTTP/1.1" 200 90998
20.171.207.246 - - [28/Feb/2025:00:29:20 +0100] "GET /ticket2/opencms/set_aff_cookie.jsp?partner=57601924-FB09-5BB2-867F-08B4EB522BA8&url=%252Ffi%252Fbuy%252Findex.html%253Fpage%253D1%2526edid%253D66FFE717-0C93-3F01-2AC8-8E7FC5F9BAB1%2526hlv%253D6689076a-b340-43f0-98cf-1ba70a01000f%2523v714845692 HTTP/1.1" 200 245
