20.171.207.246 - - [28/Feb/2025:00:38:50 +0100] "GET /ticket2/opencms/set_aff_cookie.jsp?partner=8F6DE15D-D831-5787-AE7E-FEFF53476F85&url=%252Fru%252Fbuy%252Findex.html%253Fpage%253D1%2526edid%253D6F6062BE-21E9-FCCC-41A7-E76CFE6D47E3%2526hlv%253D66938922-63a8-4242-9b92-703c0a01000f%2523v_296763246 HTTP/1.1" 200 246
20.171.207.246 - - [28/Feb/2025:00:38:51 +0100] "GET /ticket2/opencms/set_aff_cookie.jsp?partner=2E02071B-A8C3-4CBA-3097-C27D61C02ED8&url=%252Fnl%252Fbuy%252Findex.html%253Fpage%253D1%2526edid%253D681ED521-EBC9-E1AB-D0B9-DB2B7375D564%2526hlv%253D60f81639-7360-47dc-86c1-5b6e0a01000f%2523v_469561925 HTTP/1.1" 200 246
40.77.167.14 - - [28/Feb/2025:00:38:51 +0100] "GET /ticket2/opencms/el/buy?page=1&edid=8DE7A210-45E0-8C09-63EA-28CBA5412C0E HTTP/1.1" 200 115507
20.171.207.246 - - [28/Feb/2025:00:38:52 +0100] "GET /ticket2/opencms/set_aff_cookie.jsp?partner=2E02071B-A8C3-4CBA-3097-C27D61C02ED8&url=%252Fno%252Fbuy%252Findex.html%253Fpage%253D1%2526edid%253D70EF0ABB-9A80-4CE0-EE48-CC9265C1B361%2526hlv%253D6692485d-504c-4b22-bea1-16d80a01000f%2523v_1764166946 HTTP/1.1" 200 247
20.171.207.246 - - [28/Feb/2025:00:38:53 +0100] "GET /ticket2/opencms/set_aff_cookie.jsp?partner=2E02071B-A8C3-4CBA-3097-C27D61C02ED8&url=%252Fen%252Fbuy%252Findex.html%253Fpage%253D1%2526edid%253D0DC29C5C-A273-34CB-58F3-441C87554AF1%2526hlv%253D66b47f8b-2aec-4137-97ce-209b0a01000f%2523v_611318354 HTTP/1.1" 200 246
20.171.207.246 - - [28/Feb/2025:00:38:54 +0100] "GET /ticket2/opencms/set_aff_cookie.jsp?partner=5E0CDF29-E7BE-9F6B-6869-7BF66B04006F&url=%252Fsv%252Fbuy%252Findex.html%253Fpage%253D1%2526edid%253D1C663B38-AAE8-15E5-78AB-F7247D2C67D4%2526hlv%253D666d70a2-6774-476e-8d2b-0e670a01000f%2523v_321222578 HTTP/1.1" 200 246
54.36.148.183 - - [28/Feb/2025:00:38:55 +0100] "GET /ticket2/opencms/sv/buy_safety HTTP/1.1" 200 92019
20.171.207.246 - - [28/Feb/2025:00:38:55 +0100] "GET /ticket2/opencms/set_aff_cookie.jsp?partner=57601924-FB09-5BB2-867F-08B4EB522BA8&url=%252Fnl%252Fbuy%252Findex.html%253Fpage%253D1%2526edid%253D1922F4C1-0D89-1ACA-A50D-EFC3C58AA17B%2526hlv%253D6149f251-2e00-4f24-afbb-24390a01000f%2523v_906378860 HTTP/1.1" 200 246
54.36.149.18 - - [28/Feb/2025:00:38:56 +0100] "GET /ticket2/opencms/hr/buy?page=1&edid=E5A432C8-DA4B-0B1D-D158-7FE1F332A199 HTTP/1.1" 200 108715
20.171.207.246 - - [28/Feb/2025:00:38:57 +0100] "GET /ticket2/opencms/set_aff_cookie.jsp?partner=2E02071B-A8C3-4CBA-3097-C27D61C02ED8&url=%252Fru%252Fbuy%252Findex.html%253Fpage%253D1%2526edid%253D6F6062BE-21E9-FCCC-41A7-E76CFE6D47E3%2526hlv%253D66938920-5450-45dc-b24b-703c0a01000f%2523v_171573774 HTTP/1.1" 200 246
202.8.43.207 - - [28/Feb/2025:00:38:57 +0100] "GET /ticket2/opencms/system/modules/com.gridnine.opencms.ticketbrokerage.site/resources/css/ticketbrokerage.css HTTP/1.1" 200 39339
202.8.43.207 - - [28/Feb/2025:00:38:57 +0100] "GET /ticket2/opencms/system/modules/com.gridnine.opencms.ticketbrokerage.site/resources/css/calendar.css HTTP/1.1" 200 6871
202.8.43.207 - - [28/Feb/2025:00:38:57 +0100] "GET /ticket2/opencms/system/modules/com.gridnine.opencms.ticketbrokerage.site/resources/css/jquery-ui.css HTTP/1.1" 200 33221
202.8.43.207 - - [28/Feb/2025:00:38:57 +0100] "GET /ticket2/opencms/system/modules/com.gridnine.opencms.ticketbrokerage.site/resources/css/jquery.fancybox.css HTTP/1.1" 200 4939
202.8.43.207 - - [28/Feb/2025:00:38:57 +0100] "GET /ticket2/opencms/system/modules/com.gridnine.opencms.ticketbrokerage.site/resources/css/standard.css HTTP/1.1" 200 74207
202.8.43.207 - - [28/Feb/2025:00:38:57 +0100] "GET /ticket2/opencms/system/modules/com.gridnine.opencms.ticketbrokerage.site/resources/js/jquery/jquery.js HTTP/1.1" 200 93868
202.8.43.207 - - [28/Feb/2025:00:38:57 +0100] "GET /ticket2/opencms/system/modules/com.gridnine.opencms.ticketbrokerage.site/resources/js/jquery/jquery-ui.js HTTP/1.1" 200 228088
202.8.43.207 - - [28/Feb/2025:00:38:57 +0100] "GET /ticket2/opencms/system/modules/com.gridnine.opencms.ticketbrokerage.site/resources/js/functions.js HTTP/1.1" 200 1583
202.8.43.207 - - [28/Feb/2025:00:38:57 +0100] "GET /ticket2/opencms/system/modules/com.gridnine.opencms.ticketbrokerage.site/resources/js/calendar-en.js HTTP/1.1" 200 3338
202.8.43.207 - - [28/Feb/2025:00:38:57 +0100] "GET /ticket2/opencms/system/modules/com.gridnine.opencms.ticketbrokerage.site/resources/js/calendar.js HTTP/1.1" 200 49229
202.8.43.207 - - [28/Feb/2025:00:38:57 +0100] "GET /ticket2/opencms/system/modules/com.gridnine.opencms.ticketbrokerage.site/resources/js/calendar-setup.js HTTP/1.1" 200 4923
202.8.43.207 - - [28/Feb/2025:00:38:57 +0100] "GET /ticket2/opencms/system/modules/com.gridnine.opencms.ticketbrokerage.site/resources/js/jquery.fancybox.pack.js HTTP/1.1" 200 23187
202.8.43.207 - - [28/Feb/2025:00:38:57 +0100] "GET /ticket2/opencms/system/modules/com.gridnine.opencms.ticketbrokerage.site/resources/js/stickyfill.min.js HTTP/1.1" 200 5672
202.8.43.207 - - [28/Feb/2025:00:38:57 +0100] "GET /ticket2/opencms/system/modules/com.gridnine.opencms.ticketbrokerage.site/resources/js/standard.js HTTP/1.1" 200 3983
66.249.76.132 - - [28/Feb/2025:00:38:57 +0100] "GET /ticket2/opencms/ga/buy/?page=1&edid=56B38CDE-C52C-9D5C-A997-D65F4CB742AB HTTP/1.1" 200 112843
202.8.43.207 - - [28/Feb/2025:00:38:57 +0100] "GET /ticket2/opencms/system/modules/com.gridnine.opencms.ticketbrokerage.site/resources/js/jquery.placeholder.min.js HTTP/1.1" 200 1737
202.8.43.207 - - [28/Feb/2025:00:38:57 +0100] "GET /ticket2/opencms/system/modules/com.gridnine.opencms.ticketbrokerage.site/resources/js/common-ajax.js HTTP/1.1" 200 20175
202.8.43.207 - - [28/Feb/2025:00:38:57 +0100] "GET /ticket2/opencms/hr/ask-form.html HTTP/1.1" 200 3156
202.8.43.207 - - [28/Feb/2025:00:38:58 +0100] "GET /ticket2/opencms/system/modules/com.gridnine.opencms.ticketbrokerage.site/resources/css/ticketbrokerage.css HTTP/1.1" 200 39339
20.171.207.246 - - [28/Feb/2025:00:38:58 +0100] "GET /ticket2/opencms/set_aff_cookie.jsp?partner=8F6DE15D-D831-5787-AE7E-FEFF53476F85&url=%252Fdk%252Fbuy%252Findex.html%253Fpage%253D1%2526edid%253DFEE1A9C3-6DCD-56AA-743E-6C9021DC9161%2526hlv%253D610bcd59-4648-4325-b387-15e00a01000f%2523v_609882667 HTTP/1.1" 200 246
20.171.207.246 - - [28/Feb/2025:00:38:59 +0100] "GET /ticket2/opencms/set_aff_cookie.jsp?partner=2E02071B-A8C3-4CBA-3097-C27D61C02ED8&url=%252Ffi%252Fbuy%252Findex.html%253Fpage%253D1%2526edid%253D1F546517-7633-42B2-A140-E9D704EF0B28%2526hlv%253D611bb8fa-6c50-4a7b-a0af-4b580a01000f%2523v_422521934 HTTP/1.1" 200 246
20.171.207.246 - - [28/Feb/2025:00:39:00 +0100] "GET /ticket2/opencms/set_aff_cookie.jsp?partner=23A6AD98-906E-5BDD-600E-EC4EC8A45F97&url=%252Fen%252Fbuy%252Findex.html%253Fpage%253D1%2526edid%253D76EC6065-A9FD-2158-21EE-D9457194B3F1%2526hlv%253D60c9ebe9-44f0-4d22-9cf8-28790a01000f%2523v_293583717 HTTP/1.1" 200 246
20.171.207.246 - - [28/Feb/2025:00:39:01 +0100] "GET /ticket2/opencms/set_aff_cookie.jsp?partner=57601924-FB09-5BB2-867F-08B4EB522BA8&url=%252Fdk%252Fbuy%252Findex.html%253Fpage%253D1%2526edid%253D6C1ED87B-DDA5-3BB2-3EDA-87860E37D5E0%2526hlv%253D66884500-72fc-45eb-9dbf-34030a01000f%2523v501000484 HTTP/1.1" 200 245
20.171.207.246 - - [28/Feb/2025:00:39:02 +0100] "GET /ticket2/opencms/set_aff_cookie.jsp?partner=2E02071B-A8C3-4CBA-3097-C27D61C02ED8&url=%252Fen%252Fbuy%252Findex.html%253Fpage%253D1%2526edid%253D0CBED0CE-AD48-5853-8CA7-767C378C5971%2526hlv%253D6690089c-d558-4dac-ab50-14010a01000f%2523v_254323433 HTTP/1.1" 200 246
20.171.207.246 - - [28/Feb/2025:00:39:03 +0100] "GET /ticket2/opencms/set_aff_cookie.jsp?partner=5E0CDF29-E7BE-9F6B-6869-7BF66B04006F&url=%252Fsv%252Fbuy%252Findex.html%253Fpage%253D1%2526edid%253D0DC29C5C-A273-34CB-58F3-441C87554AF1%2526hlv%253D66b47f8b-fb08-41c7-83d2-209b0a01000f%2523v_1045370050 HTTP/1.1" 200 247
54.36.148.167 - - [28/Feb/2025:00:39:04 +0100] "GET /ticket2/opencms/lt/magazine/article?title=manchester-city-7-rungtynes-be-pergales HTTP/1.1" 200 94726
216.244.66.238 - - [28/Feb/2025:00:39:04 +0100] "GET /ticket2/opencms/cs/buy?page=1&edid=2B090572-A82A-F558-A432-1FEF21B4DEA2 HTTP/1.1" 200 111869
20.171.207.246 - - [28/Feb/2025:00:39:04 +0100] "GET /ticket2/opencms/set_aff_cookie.jsp?partner=692E2C6A-EC6F-1C93-AFCC-C5ACC23A93EA&url=%252Fru%252Fbuy%252Findex.html%253Fpage%253D1%2526edid%253D156562D2-0263-CCAA-DF54-9314F5D26523%2526hlv%253D60ca1214-9624-462a-bf16-3a900a01000f%2523v_1935013486 HTTP/1.1" 200 247
40.77.167.10 - - [28/Feb/2025:00:39:05 +0100] "GET /ticket2/opencms/en/buy?page=1&edid=DA6CFFC3-8EC5-E201-FD73-CCFDC49E297C HTTP/1.1" 200 110109
20.171.207.246 - - [28/Feb/2025:00:39:06 +0100] "GET /ticket2/opencms/set_aff_cookie.jsp?partner=8F6DE15D-D831-5787-AE7E-FEFF53476F85&url=%252Fen%252Fbuy%252Findex.html%253Fpage%253D1%2526edid%253D24A843F5-AE99-1BDD-5A34-93381BE14187%2526hlv%253D6698d3ac-44ac-44a9-b688-3e8f0a01000f%2523v_127199814 HTTP/1.1" 200 246
20.171.207.246 - - [28/Feb/2025:00:39:07 +0100] "GET /ticket2/opencms/set_aff_cookie.jsp?partner=2E02071B-A8C3-4CBA-3097-C27D61C02ED8&url=%252Fru%252Fbuy%252Findex.html%253Fpage%253D1%2526edid%253D1AD4E11C-C792-1721-4D1A-2229101A30FD%2526hlv%253D666c8a12-a9fc-4f37-8cf4-7e6f0a01000f%2523v_520328699 HTTP/1.1" 200 246
40.77.167.10 - - [28/Feb/2025:00:39:07 +0100] "GET /ticket2/opencms/be/buy/?page=1&edid=F2AAEAC6-0FA1-D834-2990-EDC1FBE1D38B HTTP/1.1" 200 113879
185.191.171.11 - - [28/Feb/2025:00:39:07 +0100] "GET /ticket2/opencms/en/magazine/article?title=mohamed-salah-extend-with-liverpool HTTP/1.1" 200 93497
20.171.207.246 - - [28/Feb/2025:00:39:08 +0100] "GET /ticket2/opencms/set_aff_cookie.jsp?partner=8F6DE15D-D831-5787-AE7E-FEFF53476F85&url=%252Fnl%252Fbuy%252Findex.html%253Fpage%253D1%2526edid%253D1AD4E11C-C792-1721-4D1A-2229101A30FD%2526hlv%253D666c8a13-24b8-43b8-8ef3-7e6f0a01000f%2523v_917164383 HTTP/1.1" 200 246
119.12.169.163 - - [28/Feb/2025:00:39:08 +0100] "GET /ticket2/opencms/bg/buy/?page=1&edid=382200F9-A319-F215-14F8-C7B4677A39A9 HTTP/1.1" 200 110969
20.171.207.246 - - [28/Feb/2025:00:39:09 +0100] "GET /ticket2/opencms/set_aff_cookie.jsp?partner=2E02071B-A8C3-4CBA-3097-C27D61C02ED8&url=%252Fru%252Fbuy%252Findex.html%253Fpage%253D1%2526edid%253D697BE447-74B7-A748-152F-A1818DA4BEC9%2526hlv%253D666d6f1e-47dc-42b1-8e32-0c190a01000f%2523v_606900364 HTTP/1.1" 200 246
44.223.232.55 - - [28/Feb/2025:00:39:09 +0100] "GET /ticket2/opencms/sites/ticketbrokerage/sv/sport/fotbollsbiljetter/premier_league/manchester_united/wigan.html HTTP/1.1" 404 -
54.36.149.87 - - [28/Feb/2025:00:39:10 +0100] "GET /ticket2/opencms/mt/buy?page=1&edid=5605B728-A815-14DD-9E19-09BABDE81131 HTTP/1.1" 200 111836
20.171.207.246 - - [28/Feb/2025:00:39:10 +0100] "GET /ticket2/opencms/set_aff_cookie.jsp?partner=2E02071B-A8C3-4CBA-3097-C27D61C02ED8&url=%252Ffi%252Fbuy%252Findex.html%253Fpage%253D1%2526edid%253D160DAC9A-2A77-6FDC-52B8-296352B1ABF1%2526hlv%253D666c4b57-41f8-4df9-9d30-3e290a01000f%2523v_1684805590 HTTP/1.1" 200 247
40.77.167.14 - - [28/Feb/2025:00:39:11 +0100] "GET /ticket2/opencms/ro/magazine/article?title=hugo-larsson-tanarul-de-20-de-ani-care-merge-de-la-succes-la-succes HTTP/1.1" 200 96059
202.8.43.13 - - [28/Feb/2025:00:39:11 +0100] "GET /ticket2/opencms/system/modules/com.gridnine.opencms.ticketbrokerage.site/resources/css/jquery-ui.css HTTP/1.1" 200 33221
202.8.43.13 - - [28/Feb/2025:00:39:11 +0100] "GET /ticket2/opencms/system/modules/com.gridnine.opencms.ticketbrokerage.site/resources/css/ticketbrokerage.css HTTP/1.1" 200 39339
202.8.43.13 - - [28/Feb/2025:00:39:11 +0100] "GET /ticket2/opencms/system/modules/com.gridnine.opencms.ticketbrokerage.site/resources/css/calendar.css HTTP/1.1" 200 6871
202.8.43.13 - - [28/Feb/2025:00:39:11 +0100] "GET /ticket2/opencms/system/modules/com.gridnine.opencms.ticketbrokerage.site/resources/css/standard.css HTTP/1.1" 200 74207
202.8.43.13 - - [28/Feb/2025:00:39:11 +0100] "GET /ticket2/opencms/system/modules/com.gridnine.opencms.ticketbrokerage.site/resources/css/jquery.fancybox.css HTTP/1.1" 200 4939
202.8.43.13 - - [28/Feb/2025:00:39:11 +0100] "GET /ticket2/opencms/system/modules/com.gridnine.opencms.ticketbrokerage.site/resources/js/jquery/jquery.js HTTP/1.1" 200 93868
202.8.43.13 - - [28/Feb/2025:00:39:11 +0100] "GET /ticket2/opencms/system/modules/com.gridnine.opencms.ticketbrokerage.site/resources/js/jquery/jquery-ui.js HTTP/1.1" 200 228088
202.8.43.13 - - [28/Feb/2025:00:39:11 +0100] "GET /ticket2/opencms/system/modules/com.gridnine.opencms.ticketbrokerage.site/resources/js/functions.js HTTP/1.1" 200 1583
202.8.43.13 - - [28/Feb/2025:00:39:11 +0100] "GET /ticket2/opencms/system/modules/com.gridnine.opencms.ticketbrokerage.site/resources/js/calendar.js HTTP/1.1" 200 49229
202.8.43.13 - - [28/Feb/2025:00:39:11 +0100] "GET /ticket2/opencms/system/modules/com.gridnine.opencms.ticketbrokerage.site/resources/js/calendar-en.js HTTP/1.1" 200 3338
202.8.43.13 - - [28/Feb/2025:00:39:11 +0100] "GET /ticket2/opencms/system/modules/com.gridnine.opencms.ticketbrokerage.site/resources/js/calendar-setup.js HTTP/1.1" 200 4923
202.8.43.13 - - [28/Feb/2025:00:39:11 +0100] "GET /ticket2/opencms/system/modules/com.gridnine.opencms.ticketbrokerage.site/resources/js/jquery.fancybox.pack.js HTTP/1.1" 200 23187
202.8.43.13 - - [28/Feb/2025:00:39:11 +0100] "GET /ticket2/opencms/system/modules/com.gridnine.opencms.ticketbrokerage.site/resources/js/stickyfill.min.js HTTP/1.1" 200 5672
202.8.43.13 - - [28/Feb/2025:00:39:11 +0100] "GET /ticket2/opencms/system/modules/com.gridnine.opencms.ticketbrokerage.site/resources/js/standard.js HTTP/1.1" 200 3983
202.8.43.13 - - [28/Feb/2025:00:39:11 +0100] "GET /ticket2/opencms/system/modules/com.gridnine.opencms.ticketbrokerage.site/resources/js/jquery.placeholder.min.js HTTP/1.1" 200 1737
202.8.43.13 - - [28/Feb/2025:00:39:11 +0100] "GET /ticket2/opencms/system/modules/com.gridnine.opencms.ticketbrokerage.site/resources/js/common-ajax.js HTTP/1.1" 200 20175
202.8.43.13 - - [28/Feb/2025:00:39:11 +0100] "GET /ticket2/opencms/mt/ask-form.html HTTP/1.1" 200 3156
20.171.207.246 - - [28/Feb/2025:00:39:11 +0100] "GET /ticket2/opencms/set_aff_cookie.jsp?partner=5E0CDF29-E7BE-9F6B-6869-7BF66B04006F&url=%252Fnl%252Fbuy%252Findex.html%253Fpage%253D1%2526edid%253DC68D3A19-7AB1-B0F6-2F8E-E937CB754241%2526hlv%253D669388d6-c8e4-4b46-9f59-6fc60a01000f%2523v_618316686 HTTP/1.1" 200 246
202.8.43.13 - - [28/Feb/2025:00:39:11 +0100] "GET /ticket2/opencms/system/modules/com.gridnine.opencms.ticketbrokerage.site/resources/css/ticketbrokerage.css HTTP/1.1" 200 39339
20.171.207.246 - - [28/Feb/2025:00:39:12 +0100] "GET /ticket2/opencms/set_aff_cookie.jsp?partner=23A6AD98-906E-5BDD-600E-EC4EC8A45F97&url=%252Fen%252Fbuy%252Findex.html%253Fpage%253D1%2526edid%253D1C663B38-AAE8-15E5-78AB-F7247D2C67D4%2526hlv%253D666d70a0-1cf8-4c12-9d65-0e670a01000f%2523v_1322339722 HTTP/1.1" 200 247
85.208.96.196 - - [28/Feb/2025:00:39:13 +0100] "GET /ticket2/opencms/az/magazine/article?title=ipswich-in-premier-league-de-22-il-sonra-ilk-qelebesi HTTP/1.1" 200 94097
54.84.93.8 - - [28/Feb/2025:00:39:14 +0100] "GET /ticket2/opencms/sites/ticketbrokerage/sv/tickets/wigan/blackburn_rovers.html HTTP/1.1" 404 -
20.171.207.246 - - [28/Feb/2025:00:39:14 +0100] "GET /ticket2/opencms/set_aff_cookie.jsp?partner=8F6DE15D-D831-5787-AE7E-FEFF53476F85&url=%252Fen%252Fbuy%252Findex.html%253Fpage%253D1%2526edid%253D6F379414-70C4-400F-51D2-AFD37C8F2BC7%2526hlv%253D666d6ecf-f38c-429a-9f37-0c140a01000f%2523v_1319612997 HTTP/1.1" 200 247
20.171.207.246 - - [28/Feb/2025:00:39:15 +0100] "GET /ticket2/opencms/set_aff_cookie.jsp?partner=57601924-FB09-5BB2-867F-08B4EB522BA8&url=%252Fdk%252Fbuy%252Findex.html%253Fpage%253D1%2526edid%253DEC2BC309-3510-AA04-CA0C-F3088D5C1D31%2526hlv%253D6686686c-97dc-42fa-bb19-6b040a01000f%2523v_982394599 HTTP/1.1" 200 246
20.171.207.246 - - [28/Feb/2025:00:39:16 +0100] "GET /ticket2/opencms/set_aff_cookie.jsp?partner=5E0CDF29-E7BE-9F6B-6869-7BF66B04006F&url=%252Fno%252Fbuy%252Findex.html%253Fpage%253D1%2526edid%253DCD9CCE5B-E45C-7CA4-806C-47052D704B01%2526hlv%253D60f82071-f9c0-4f53-b639-60b10a01000f%2523v_247560533 HTTP/1.1" 200 246
20.171.207.246 - - [28/Feb/2025:00:39:17 +0100] "GET /ticket2/opencms/set_aff_cookie.jsp?partner=23A6AD98-906E-5BDD-600E-EC4EC8A45F97&url=%252Fen%252Fbuy%252Findex.html%253Fpage%253D1%2526edid%253D66C22035-E7EA-E10A-4BFC-2C30733037DC%2526hlv%253D666d4a37-7a40-4078-96b8-6bb30a01000f%2523v629183656 HTTP/1.1" 200 245
20.171.207.246 - - [28/Feb/2025:00:39:18 +0100] "GET /ticket2/opencms/set_aff_cookie.jsp?partner=8F6DE15D-D831-5787-AE7E-FEFF53476F85&url=%252Fno%252Fbuy%252Findex.html%253Fpage%253D1%2526edid%253D66C22035-E7EA-E10A-4BFC-2C30733037DC%2526hlv%253D666d4a38-79c8-453d-a154-6bb30a01000f%2523v53271697 HTTP/1.1" 200 244
20.171.207.246 - - [28/Feb/2025:00:39:19 +0100] "GET /ticket2/opencms/set_aff_cookie.jsp?partner=5E0CDF29-E7BE-9F6B-6869-7BF66B04006F&url=%252Fsv%252Fbuy%252Findex.html%253Fpage%253D1%2526edid%253D160DAC9A-2A77-6FDC-52B8-296352B1ABF1%2526hlv%253D666c4b55-9334-47f8-acb6-3e290a01000f%2523v_1535309056 HTTP/1.1" 200 247
20.171.207.246 - - [28/Feb/2025:00:39:21 +0100] "GET /ticket2/opencms/set_aff_cookie.jsp?partner=8F6DE15D-D831-5787-AE7E-FEFF53476F85&url=%252Fru%252Fbuy%252Findex.html%253Fpage%253D1%2526edid%253D18631B4D-241F-1419-AEC9-B2739BCE7CC3%2526hlv%253D66b47e17-79d4-481b-9d7a-1f380a01000f%2523v_213698666 HTTP/1.1" 200 246
35.173.18.61 - - [28/Feb/2025:00:39:21 +0100] "GET /ticket2/opencms/sites/ticketbrokerage/sv/tickets/lazio/genoa.html HTTP/1.1" 404 -
20.171.207.246 - - [28/Feb/2025:00:39:22 +0100] "GET /ticket2/opencms/set_aff_cookie.jsp?partner=8F6DE15D-D831-5787-AE7E-FEFF53476F85&url=%252Fru%252Fbuy%252Findex.html%253Fpage%253D1%2526edid%253D6C1ED87B-DDA5-3BB2-3EDA-87860E37D5E0%2526hlv%253D66884500-826c-4970-bf5f-34030a01000f%2523v_655483025 HTTP/1.1" 200 246
20.171.207.246 - - [28/Feb/2025:00:39:23 +0100] "GET /ticket2/opencms/set_aff_cookie.jsp?partner=2E02071B-A8C3-4CBA-3097-C27D61C02ED8&url=%252Fen%252Fbuy%252Findex.html%253Fpage%253D1%2526edid%253D66B6FB17-4C70-8B35-3D9C-B87B9C32022F%2526hlv%253D60f84baa-1fa8-439c-9a3b-72280a01000f%2523v_2115843927 HTTP/1.1" 200 247
54.36.148.15 - - [28/Feb/2025:00:39:23 +0100] "GET /ticket2/opencms/hu/sport/focijegyek/premier-league/everton HTTP/1.1" 200 100812
20.171.207.246 - - [28/Feb/2025:00:39:24 +0100] "GET /ticket2/opencms/set_aff_cookie.jsp?partner=5E0CDF29-E7BE-9F6B-6869-7BF66B04006F&url=%252Fsv%252Fbuy%252Findex.html%253Fpage%253D1%2526edid%253D6807A400-BCB2-9A77-9AD5-9B8A75FADC0B%2526hlv%253D61154ce4-1390-466f-b433-16170a01000f%2523v_135983401 HTTP/1.1" 200 246
202.8.43.5 - - [28/Feb/2025:00:39:24 +0100] "GET /ticket2/opencms/system/modules/com.gridnine.opencms.ticketbrokerage.site/resources/css/calendar.css HTTP/1.1" 200 6871
202.8.43.5 - - [28/Feb/2025:00:39:24 +0100] "GET /ticket2/opencms/system/modules/com.gridnine.opencms.ticketbrokerage.site/resources/css/jquery.fancybox.css HTTP/1.1" 200 4939
202.8.43.5 - - [28/Feb/2025:00:39:24 +0100] "GET /ticket2/opencms/system/modules/com.gridnine.opencms.ticketbrokerage.site/resources/css/standard.css HTTP/1.1" 200 74207
202.8.43.5 - - [28/Feb/2025:00:39:24 +0100] "GET /ticket2/opencms/system/modules/com.gridnine.opencms.ticketbrokerage.site/resources/css/ticketbrokerage.css HTTP/1.1" 200 39339
202.8.43.5 - - [28/Feb/2025:00:39:24 +0100] "GET /ticket2/opencms/system/modules/com.gridnine.opencms.ticketbrokerage.site/resources/css/jquery-ui.css HTTP/1.1" 200 33221
202.8.43.5 - - [28/Feb/2025:00:39:24 +0100] "GET /ticket2/opencms/system/modules/com.gridnine.opencms.ticketbrokerage.site/resources/js/jquery/jquery-ui.js HTTP/1.1" 200 228088
202.8.43.5 - - [28/Feb/2025:00:39:24 +0100] "GET /ticket2/opencms/system/modules/com.gridnine.opencms.ticketbrokerage.site/resources/js/functions.js HTTP/1.1" 200 1583
202.8.43.5 - - [28/Feb/2025:00:39:24 +0100] "GET /ticket2/opencms/system/modules/com.gridnine.opencms.ticketbrokerage.site/resources/js/calendar-en.js HTTP/1.1" 200 3338
202.8.43.5 - - [28/Feb/2025:00:39:24 +0100] "GET /ticket2/opencms/system/modules/com.gridnine.opencms.ticketbrokerage.site/resources/js/calendar.js HTTP/1.1" 200 49229
202.8.43.5 - - [28/Feb/2025:00:39:24 +0100] "GET /ticket2/opencms/system/modules/com.gridnine.opencms.ticketbrokerage.site/resources/js/jquery/jquery.js HTTP/1.1" 200 93868
202.8.43.5 - - [28/Feb/2025:00:39:24 +0100] "GET /ticket2/opencms/system/modules/com.gridnine.opencms.ticketbrokerage.site/resources/js/calendar-setup.js HTTP/1.1" 200 4923
202.8.43.5 - - [28/Feb/2025:00:39:24 +0100] "GET /ticket2/opencms/system/modules/com.gridnine.opencms.ticketbrokerage.site/resources/js/jquery.fancybox.pack.js HTTP/1.1" 200 23187
202.8.43.5 - - [28/Feb/2025:00:39:24 +0100] "GET /ticket2/opencms/system/modules/com.gridnine.opencms.ticketbrokerage.site/resources/js/stickyfill.min.js HTTP/1.1" 200 5672
202.8.43.5 - - [28/Feb/2025:00:39:24 +0100] "GET /ticket2/opencms/system/modules/com.gridnine.opencms.ticketbrokerage.site/resources/js/standard.js HTTP/1.1" 200 3983
202.8.43.5 - - [28/Feb/2025:00:39:25 +0100] "GET /ticket2/opencms/system/modules/com.gridnine.opencms.ticketbrokerage.site/resources/js/jquery.placeholder.min.js HTTP/1.1" 200 1737
202.8.43.5 - - [28/Feb/2025:00:39:25 +0100] "GET /ticket2/opencms/system/modules/com.gridnine.opencms.ticketbrokerage.site/resources/js/common-ajax.js HTTP/1.1" 200 20175
20.171.207.246 - - [28/Feb/2025:00:39:25 +0100] "GET /ticket2/opencms/set_aff_cookie.jsp?partner=23A6AD98-906E-5BDD-600E-EC4EC8A45F97&url=%252Fen%252Fbuy%252Findex.html%253Fpage%253D1%2526edid%253D14427B33-9BB8-BBB7-1EBA-73EE86A692A4%2526hlv%253D6693ad33-0b84-43b4-877f-07f70a01000f%2523v_1714451982 HTTP/1.1" 200 247
54.235.191.179 - - [28/Feb/2025:00:39:25 +0100] "GET /ticket2/opencms/sites/ticketbrokerage/sv/sport/fotbollsbiljetter/premier_league/manchester_city/sunderland.html HTTP/1.1" 404 -
20.171.207.246 - - [28/Feb/2025:00:39:26 +0100] "GET /ticket2/opencms/set_aff_cookie.jsp?partner=6F250EA7-4505-FA01-D601-8847F2573405&url=%252Fru%252Fbuy%252Findex.html%253Fpage%253D1%2526edid%253DDD7009E0-BEDD-5FDF-FBEC-9803C9276491%2526hlv%253D60ca0db9-4804-4bc2-a2fb-38b40a01000f%2523v_2034555062 HTTP/1.1" 200 247
20.171.207.246 - - [28/Feb/2025:00:39:27 +0100] "GET /ticket2/opencms/set_aff_cookie.jsp?partner=2E02071B-A8C3-4CBA-3097-C27D61C02ED8&url=%252Fdk%252Fbuy%252Findex.html%253Fpage%253D1%2526edid%253D1291CD6B-4651-52CC-8D36-B0FB58FEEDFA%2526hlv%253D66704ab6-e524-499c-86b4-69a10a01000f%2523v_1430460862 HTTP/1.1" 200 247
47.79.7.220 - - [28/Feb/2025:00:39:28 +0100] "GET /ticket2/opencms/en/buy/?page=1&edid=568CF576-3168-6EE3-EEC7-67A361E49766 HTTP/1.1" 200 110398
20.171.207.246 - - [28/Feb/2025:00:39:29 +0100] "GET /ticket2/opencms/set_aff_cookie.jsp?partner=2E02071B-A8C3-4CBA-3097-C27D61C02ED8&url=%252Fnl%252Fbuy%252Findex.html%253Fpage%253D1%2526edid%253D6C1ED87B-DDA5-3BB2-3EDA-87860E37D5E0%2526hlv%253D668844c2-df28-42b2-9cd1-34100a01000f%2523v_1654673370 HTTP/1.1" 200 247
216.244.66.238 - - [28/Feb/2025:00:39:30 +0100] "GET /ticket2/opencms/mt/buy?page=1&edid=2B090572-A82A-F558-A432-1FEF21B4DEA2 HTTP/1.1" 200 112019
20.171.207.246 - - [28/Feb/2025:00:39:30 +0100] "GET /ticket2/opencms/set_aff_cookie.jsp?partner=8F6DE15D-D831-5787-AE7E-FEFF53476F85&url=%252Fdk%252Fbuy%252Findex.html%253Fpage%253D1%2526edid%253D1B0DA330-38AA-5CD6-6C89-F2963014EF68%2526hlv%253D610bcf9a-0230-4d6c-b65f-16280a01000f%2523v_1016236540 HTTP/1.1" 200 247
20.171.207.246 - - [28/Feb/2025:00:39:31 +0100] "GET /ticket2/opencms/set_aff_cookie.jsp?partner=8F6DE15D-D831-5787-AE7E-FEFF53476F85&url=%252Fdk%252Fbuy%252Findex.html%253Fpage%253D1%2526edid%253D6F379414-70C4-400F-51D2-AFD37C8F2BC7%2526hlv%253D666d6ed1-0aa0-45da-a612-0c140a01000f%2523v_1711659920 HTTP/1.1" 200 247
20.171.207.246 - - [28/Feb/2025:00:39:32 +0100] "GET /ticket2/opencms/set_aff_cookie.jsp?partner=8F6DE15D-D831-5787-AE7E-FEFF53476F85&url=%252Fno%252Fbuy%252Findex.html%253Fpage%253D1%2526edid%253D1C663B38-AAE8-15E5-78AB-F7247D2C67D4%2526hlv%253D666d70a3-80f0-4cb7-84d3-0e670a01000f%2523v_1611019090 HTTP/1.1" 200 247
54.36.148.173 - - [28/Feb/2025:00:39:33 +0100] "GET /ticket2/opencms/ka/buy?page=1&edid=E5A432C8-DA4B-0B1D-D158-7FE1F332A199 HTTP/1.1" 200 114508
20.171.207.246 - - [28/Feb/2025:00:39:33 +0100] "GET /ticket2/opencms/set_aff_cookie.jsp?partner=2E02071B-A8C3-4CBA-3097-C27D61C02ED8&url=%252Fno%252Fbuy%252Findex.html%253Fpage%253D1%2526edid%253DE8BA54CC-B112-3D61-BE02-1B4D1E4F63D1%2526hlv%253D666ddc0c-8644-46b6-9636-6a330a01000f%2523v_1326109909 HTTP/1.1" 200 247
3.224.215.150 - - [28/Feb/2025:00:39:33 +0100] "GET /ticket2/opencms/sites/ticketbrokerage/sv/sport/fotbollsbiljetter/premier_league/west-bromwich-albion/west_ham_united.html HTTP/1.1" 404 -
85.208.96.197 - - [28/Feb/2025:00:39:34 +0100] "GET /ticket2/opencms/dk/sport/fodboldbilletter/premier-league/burnley/ HTTP/1.1" 200 87271
202.8.42.115 - - [28/Feb/2025:00:39:34 +0100] "GET /ticket2/opencms/system/modules/com.gridnine.opencms.ticketbrokerage.site/resources/css/standard.css HTTP/1.1" 200 74207
202.8.42.115 - - [28/Feb/2025:00:39:34 +0100] "GET /ticket2/opencms/system/modules/com.gridnine.opencms.ticketbrokerage.site/resources/css/ticketbrokerage.css HTTP/1.1" 200 39339
202.8.42.115 - - [28/Feb/2025:00:39:34 +0100] "GET /ticket2/opencms/system/modules/com.gridnine.opencms.ticketbrokerage.site/resources/css/jquery.fancybox.css HTTP/1.1" 200 4939
202.8.42.115 - - [28/Feb/2025:00:39:34 +0100] "GET /ticket2/opencms/system/modules/com.gridnine.opencms.ticketbrokerage.site/resources/css/jquery-ui.css HTTP/1.1" 200 33221
202.8.42.115 - - [28/Feb/2025:00:39:34 +0100] "GET /ticket2/opencms/system/modules/com.gridnine.opencms.ticketbrokerage.site/resources/css/calendar.css HTTP/1.1" 200 6871
202.8.42.115 - - [28/Feb/2025:00:39:34 +0100] "GET /ticket2/opencms/system/modules/com.gridnine.opencms.ticketbrokerage.site/resources/js/jquery/jquery.js HTTP/1.1" 200 93868
202.8.42.115 - - [28/Feb/2025:00:39:34 +0100] "GET /ticket2/opencms/system/modules/com.gridnine.opencms.ticketbrokerage.site/resources/js/jquery/jquery-ui.js HTTP/1.1" 200 228088
202.8.42.115 - - [28/Feb/2025:00:39:34 +0100] "GET /ticket2/opencms/system/modules/com.gridnine.opencms.ticketbrokerage.site/resources/js/functions.js HTTP/1.1" 200 1583
202.8.42.115 - - [28/Feb/2025:00:39:34 +0100] "GET /ticket2/opencms/system/modules/com.gridnine.opencms.ticketbrokerage.site/resources/js/calendar-setup.js HTTP/1.1" 200 4923
202.8.42.115 - - [28/Feb/2025:00:39:34 +0100] "GET /ticket2/opencms/system/modules/com.gridnine.opencms.ticketbrokerage.site/resources/js/calendar-en.js HTTP/1.1" 200 3338
202.8.42.115 - - [28/Feb/2025:00:39:34 +0100] "GET /ticket2/opencms/system/modules/com.gridnine.opencms.ticketbrokerage.site/resources/js/calendar.js HTTP/1.1" 200 49229
202.8.42.115 - - [28/Feb/2025:00:39:34 +0100] "GET /ticket2/opencms/system/modules/com.gridnine.opencms.ticketbrokerage.site/resources/js/jquery.fancybox.pack.js HTTP/1.1" 200 23187
202.8.42.115 - - [28/Feb/2025:00:39:34 +0100] "GET /ticket2/opencms/system/modules/com.gridnine.opencms.ticketbrokerage.site/resources/js/stickyfill.min.js HTTP/1.1" 200 5672
202.8.42.115 - - [28/Feb/2025:00:39:34 +0100] "GET /ticket2/opencms/system/modules/com.gridnine.opencms.ticketbrokerage.site/resources/js/standard.js HTTP/1.1" 200 3983
20.171.207.246 - - [28/Feb/2025:00:39:34 +0100] "GET /ticket2/opencms/set_aff_cookie.jsp?partner=8F6DE15D-D831-5787-AE7E-FEFF53476F85&url=%252Fsv%252Fbuy%252Findex.html%253Fpage%253D1%2526edid%253D66C22035-E7EA-E10A-4BFC-2C30733037DC%2526hlv%253D666d4a37-5200-4cae-a015-6bb30a01000f%2523v1840712007 HTTP/1.1" 200 246
52.167.144.222 - - [28/Feb/2025:00:39:34 +0100] "GET /ticket2/opencms/dk/?page=6&comcatid=A17713B6-D984-201A-4143-ED4DB5ED5C2E&catid=82F804FA-9F69-CB6B-D41D-7BF7C716058B HTTP/1.1" 200 104345
202.8.42.115 - - [28/Feb/2025:00:39:34 +0100] "GET /ticket2/opencms/system/modules/com.gridnine.opencms.ticketbrokerage.site/resources/js/jquery.placeholder.min.js HTTP/1.1" 200 1737
202.8.42.115 - - [28/Feb/2025:00:39:34 +0100] "GET /ticket2/opencms/system/modules/com.gridnine.opencms.ticketbrokerage.site/resources/js/common-ajax.js HTTP/1.1" 200 20175
202.8.42.115 - - [28/Feb/2025:00:39:34 +0100] "GET /ticket2/opencms/ka/ask-form.html HTTP/1.1" 200 3156
202.8.42.115 - - [28/Feb/2025:00:39:34 +0100] "GET /ticket2/opencms/system/modules/com.gridnine.opencms.ticketbrokerage.site/resources/css/ticketbrokerage.css HTTP/1.1" 200 39339
20.171.207.246 - - [28/Feb/2025:00:39:35 +0100] "GET /ticket2/opencms/set_aff_cookie.jsp?partner=8F6DE15D-D831-5787-AE7E-FEFF53476F85&url=%252Fsv%252Fbuy%252Findex.html%253Fpage%253D1%2526edid%253D70EF0ABB-9A80-4CE0-EE48-CC9265C1B361%2526hlv%253D6692485b-d024-4c4d-a415-16d80a01000f%2523v_1252849947 HTTP/1.1" 200 247
52.167.144.222 - - [28/Feb/2025:00:39:35 +0100] "GET /ticket2/opencms/hu/buy/?page=1&edid=456ECABC-9BC7-FA80-A302-4E57CB832A9A HTTP/1.1" 200 110948
20.171.207.246 - - [28/Feb/2025:00:39:37 +0100] "GET /ticket2/opencms/set_aff_cookie.jsp?partner=8F6DE15D-D831-5787-AE7E-FEFF53476F85&url=%252Fen%252Fbuy%252Findex.html%253Fpage%253D1%2526edid%253DC68D3A19-7AB1-B0F6-2F8E-E937CB754241%2526hlv%253D669388d6-39fc-4877-af51-6fc60a01000f%2523v_447155145 HTTP/1.1" 200 246
44.210.204.255 - - [28/Feb/2025:00:39:37 +0100] "GET /ticket2/opencms/sites/ticketbrokerage/sv/tickets/lazio/livorno.html HTTP/1.1" 404 -
20.171.207.246 - - [28/Feb/2025:00:39:38 +0100] "GET /ticket2/opencms/set_aff_cookie.jsp?partner=5E0CDF29-E7BE-9F6B-6869-7BF66B04006F&url=%252Fnl%252Fbuy%252Findex.html%253Fpage%253D1%2526edid%253D10404C2E-90F1-82CF-4642-1D2B3FC97049%2526hlv%253D668ee281-d86c-4be1-b2be-1a570a01000f%2523v_1699070029 HTTP/1.1" 200 247
20.171.207.246 - - [28/Feb/2025:00:39:39 +0100] "GET /ticket2/opencms/set_aff_cookie.jsp?partner=8F6DE15D-D831-5787-AE7E-FEFF53476F85&url=%252Fsv%252Fbuy%252Findex.html%253Fpage%253D1%2526edid%253D18631B4D-241F-1419-AEC9-B2739BCE7CC3%2526hlv%253D66b47e17-e678-4649-bef7-1f380a01000f%2523v_655966903 HTTP/1.1" 200 246
20.171.207.246 - - [28/Feb/2025:00:39:40 +0100] "GET /ticket2/opencms/set_aff_cookie.jsp?partner=57601924-FB09-5BB2-867F-08B4EB522BA8&url=%252Fno%252Fbuy%252Findex.html%253Fpage%253D1%2526edid%253D627EB4E4-AE9C-FF01-C3B4-87668CB2F4A5%2526hlv%253D6114026d-8c74-4be9-baa9-19c50a01000f%2523v_1217362925 HTTP/1.1" 200 247
94.74.103.12 - - [28/Feb/2025:00:39:40 +0100] "GET /ticket2/opencms/bg/buy/?page=1&edid=DD14CC82-883B-BD06-4306-EBD494AA1804 HTTP/1.1" 200 139003
20.171.207.246 - - [28/Feb/2025:00:39:41 +0100] "GET /ticket2/opencms/set_aff_cookie.jsp?partner=8F6DE15D-D831-5787-AE7E-FEFF53476F85&url=%252Fen%252Fbuy%252Findex.html%253Fpage%253D1%2526edid%253D0DC29C5C-A273-34CB-58F3-441C87554AF1%2526hlv%253D66b47f8c-2414-4f5c-b427-209b0a01000f%2523v_714072129 HTTP/1.1" 200 246
52.0.41.164 - - [28/Feb/2025:00:39:41 +0100] "GET /ticket2/opencms/sites/ticketbrokerage/sv/tickets/tottenham/birmingham.html HTTP/1.1" 404 -
20.171.207.246 - - [28/Feb/2025:00:39:42 +0100] "GET /ticket2/opencms/set_aff_cookie.jsp?partner=5E0CDF29-E7BE-9F6B-6869-7BF66B04006F&url=%252Ffi%252Fbuy%252Findex.html%253Fpage%253D1%2526edid%253D6ED08D04-7263-AC79-DA04-AFB97DC97A00%2526hlv%253D6693908e-d57c-4d33-8f18-74840a01000f%2523v_600791299 HTTP/1.1" 200 246
20.171.207.246 - - [28/Feb/2025:00:39:44 +0100] "GET /ticket2/opencms/set_aff_cookie.jsp?partner=6F250EA7-4505-FA01-D601-8847F2573405&url=%252Fsv%252Fbuy%252Findex.html%253Fpage%253D1%2526edid%253DE8BA54CC-B112-3D61-BE02-1B4D1E4F63D1%2526hlv%253D666ddc10-5d68-4a84-abbe-6a330a01000f%2523v_257652205 HTTP/1.1" 200 246
20.171.207.246 - - [28/Feb/2025:00:39:45 +0100] "GET /ticket2/opencms/set_aff_cookie.jsp?partner=6F250EA7-4505-FA01-D601-8847F2573405&url=%252Fno%252Fbuy%252Findex.html%253Fpage%253D1%2526edid%253DE8BA54CC-B112-3D61-BE02-1B4D1E4F63D1%2526hlv%253D666ddc0d-7b74-4edf-953d-6a330a01000f%2523v_495804526 HTTP/1.1" 200 246
114.119.141.178 - - [28/Feb/2025:00:39:45 +0100] "GET /ticket2/opencms/en/buy/?page=1&edid=09770EB0-07AD-2C98-0806-35997BA6526F HTTP/1.1" 200 110555
20.171.207.246 - - [28/Feb/2025:00:39:46 +0100] "GET /ticket2/opencms/set_aff_cookie.jsp?partner=2E02071B-A8C3-4CBA-3097-C27D61C02ED8&url=%252Fsv%252Fbuy%252Findex.html%253Fpage%253D1%2526edid%253DC68D3A19-7AB1-B0F6-2F8E-E937CB754241%2526hlv%253D669388d8-8ab8-4c18-8f7b-6fc60a01000f%2523v_1123725225 HTTP/1.1" 200 247
114.119.130.91 - - [28/Feb/2025:00:39:46 +0100] "GET /ticket2/opencms/en/sell/?edid=8A51E236-2369-FAE7-CC91-1740591B78C3 HTTP/1.1" 302 -
54.36.148.154 - - [28/Feb/2025:00:39:46 +0100] "GET /ticket2/opencms/bg/buy?page=1&edid=E5A432C8-DA4B-0B1D-D158-7FE1F332A199 HTTP/1.1" 200 111039
20.171.207.246 - - [28/Feb/2025:00:39:47 +0100] "GET /ticket2/opencms/set_aff_cookie.jsp?partner=5E0CDF29-E7BE-9F6B-6869-7BF66B04006F&url=%252Ffi%252Fbuy%252Findex.html%253Fpage%253D1%2526edid%253D10404C2E-90F1-82CF-4642-1D2B3FC97049%2526hlv%253D668ee281-a4f8-49f5-abc2-1a570a01000f%2523v_883607348 HTTP/1.1" 200 246
202.8.40.224 - - [28/Feb/2025:00:39:47 +0100] "GET /ticket2/opencms/system/modules/com.gridnine.opencms.ticketbrokerage.site/resources/css/calendar.css HTTP/1.1" 200 6871
202.8.40.224 - - [28/Feb/2025:00:39:47 +0100] "GET /ticket2/opencms/system/modules/com.gridnine.opencms.ticketbrokerage.site/resources/css/ticketbrokerage.css HTTP/1.1" 200 39339
202.8.40.224 - - [28/Feb/2025:00:39:47 +0100] "GET /ticket2/opencms/system/modules/com.gridnine.opencms.ticketbrokerage.site/resources/css/jquery-ui.css HTTP/1.1" 200 33221
202.8.40.224 - - [28/Feb/2025:00:39:47 +0100] "GET /ticket2/opencms/system/modules/com.gridnine.opencms.ticketbrokerage.site/resources/js/jquery/jquery.js HTTP/1.1" 200 93868
202.8.40.224 - - [28/Feb/2025:00:39:47 +0100] "GET /ticket2/opencms/system/modules/com.gridnine.opencms.ticketbrokerage.site/resources/css/jquery.fancybox.css HTTP/1.1" 200 4939
202.8.40.224 - - [28/Feb/2025:00:39:47 +0100] "GET /ticket2/opencms/system/modules/com.gridnine.opencms.ticketbrokerage.site/resources/css/standard.css HTTP/1.1" 200 74207
202.8.40.224 - - [28/Feb/2025:00:39:47 +0100] "GET /ticket2/opencms/system/modules/com.gridnine.opencms.ticketbrokerage.site/resources/js/jquery/jquery-ui.js HTTP/1.1" 200 228088
202.8.40.224 - - [28/Feb/2025:00:39:47 +0100] "GET /ticket2/opencms/system/modules/com.gridnine.opencms.ticketbrokerage.site/resources/js/calendar.js HTTP/1.1" 200 49229
202.8.40.224 - - [28/Feb/2025:00:39:47 +0100] "GET /ticket2/opencms/system/modules/com.gridnine.opencms.ticketbrokerage.site/resources/js/functions.js HTTP/1.1" 200 1583
202.8.40.224 - - [28/Feb/2025:00:39:47 +0100] "GET /ticket2/opencms/system/modules/com.gridnine.opencms.ticketbrokerage.site/resources/js/calendar-en.js HTTP/1.1" 200 3338
202.8.40.224 - - [28/Feb/2025:00:39:47 +0100] "GET /ticket2/opencms/system/modules/com.gridnine.opencms.ticketbrokerage.site/resources/js/calendar-setup.js HTTP/1.1" 200 4923
202.8.40.224 - - [28/Feb/2025:00:39:47 +0100] "GET /ticket2/opencms/system/modules/com.gridnine.opencms.ticketbrokerage.site/resources/js/jquery.fancybox.pack.js HTTP/1.1" 200 23187
202.8.40.224 - - [28/Feb/2025:00:39:47 +0100] "GET /ticket2/opencms/system/modules/com.gridnine.opencms.ticketbrokerage.site/resources/js/stickyfill.min.js HTTP/1.1" 200 5672
202.8.40.224 - - [28/Feb/2025:00:39:47 +0100] "GET /ticket2/opencms/system/modules/com.gridnine.opencms.ticketbrokerage.site/resources/js/standard.js HTTP/1.1" 200 3983
202.8.40.224 - - [28/Feb/2025:00:39:48 +0100] "GET /ticket2/opencms/system/modules/com.gridnine.opencms.ticketbrokerage.site/resources/js/jquery.placeholder.min.js HTTP/1.1" 200 1737
202.8.40.224 - - [28/Feb/2025:00:39:48 +0100] "GET /ticket2/opencms/system/modules/com.gridnine.opencms.ticketbrokerage.site/resources/js/common-ajax.js HTTP/1.1" 200 20175
202.8.40.224 - - [28/Feb/2025:00:39:48 +0100] "GET /ticket2/opencms/bg/ask-form.html HTTP/1.1" 200 3156
202.8.40.224 - - [28/Feb/2025:00:39:48 +0100] "GET /ticket2/opencms/system/modules/com.gridnine.opencms.ticketbrokerage.site/resources/css/ticketbrokerage.css HTTP/1.1" 200 39339
47.251.49.178 - - [28/Feb/2025:00:39:48 +0100] "GET /ticket2/opencms/en/magazine/article?title=please-provide-the-text-you-would-like-to-be-translated-into-english HTTP/1.1" 200 91893
20.171.207.246 - - [28/Feb/2025:00:39:49 +0100] "GET /ticket2/opencms/set_aff_cookie.jsp?partner=2E02071B-A8C3-4CBA-3097-C27D61C02ED8&url=%252Fen%252Fbuy%252Findex.html%253Fpage%253D1%2526edid%253D697BE447-74B7-A748-152F-A1818DA4BEC9%2526hlv%253D666d6f1c-ce8c-4790-b206-0c190a01000f%2523v_906976694 HTTP/1.1" 200 246
20.171.207.246 - - [28/Feb/2025:00:39:49 +0100] "GET /ticket2/opencms/set_aff_cookie.jsp?partner=692E2C6A-EC6F-1C93-AFCC-C5ACC23A93EA&url=%252Fsv%252Fbuy%252Findex.html%253Fpage%253D1%2526edid%253D10320789-4754-46D6-EB18-7303900B68CE%2526hlv%253D60f94ea0-d428-4d2d-b613-53ff0a01000f%2523v_1501405111 HTTP/1.1" 200 247
114.119.130.91 - - [28/Feb/2025:00:39:50 +0100] "GET /ticket2/opencms/en/login/?url=/en/sell/ HTTP/1.1" 200 90097
17.241.75.186 - - [28/Feb/2025:00:39:50 +0100] "GET /ticket2/opencms/en/buy/?page=1&edid=30924A43-4427-5878-59F6-BE2DD0659AA2 HTTP/1.1" 200 109113
20.171.207.246 - - [28/Feb/2025:00:39:50 +0100] "GET /ticket2/opencms/set_aff_cookie.jsp?partner=8F6DE15D-D831-5787-AE7E-FEFF53476F85&url=%252Fdk%252Fbuy%252Findex.html%253Fpage%253D1%2526edid%253D18631B4D-241F-1419-AEC9-B2739BCE7CC3%2526hlv%253D66b47e17-d1d8-4156-ad8b-1f380a01000f%2523v_1424849448 HTTP/1.1" 200 247
47.128.41.223 - - [28/Feb/2025:00:39:51 +0100] "GET /ticket2/opencms/dk/sport/fodboldbilletter/serie-a/atalanta/ HTTP/1.1" 200 97111
20.171.207.246 - - [28/Feb/2025:00:39:52 +0100] "GET /ticket2/opencms/set_aff_cookie.jsp?partner=57601924-FB09-5BB2-867F-08B4EB522BA8&url=%252Fno%252Fbuy%252Findex.html%253Fpage%253D1%2526edid%253D199EDE4E-5A92-8B6F-9481-A1A89D98DFB8%2526hlv%253D60f8165c-cac0-48fb-998d-5bd40a01000f%2523v_2031068595 HTTP/1.1" 200 247
47.128.41.223 - - [28/Feb/2025:00:39:52 +0100] "GET /ticket2/opencms/system/modules/com.gridnine.opencms.ticketbrokerage.site/resources/pics/banners/team/serie_a/atalanta.png HTTP/1.1" 200 72341
20.171.207.246 - - [28/Feb/2025:00:39:53 +0100] "GET /ticket2/opencms/set_aff_cookie.jsp?partner=2E02071B-A8C3-4CBA-3097-C27D61C02ED8&url=%252Fsv%252Fbuy%252Findex.html%253Fpage%253D1%2526edid%253D66EA5353-0EED-D56D-04FB-B3F43B6CCED9%2526hlv%253D61449369-c93c-41d8-af22-77840a01000f%2523v_1752763934 HTTP/1.1" 200 247
20.171.207.246 - - [28/Feb/2025:00:39:54 +0100] "GET /ticket2/opencms/set_aff_cookie.jsp?partner=5E0CDF29-E7BE-9F6B-6869-7BF66B04006F&url=%252Fnl%252Fbuy%252Findex.html%253Fpage%253D1%2526edid%253D150C2B47-38EB-0C0E-C664-5F863E9426DB%2526hlv%253D66cafa7c-01b0-4d47-8f0e-33480a01000f%2523v_1232761166 HTTP/1.1" 200 247
216.244.66.238 - - [28/Feb/2025:00:39:54 +0100] "GET /ticket2/opencms/lv/buy?page=1&edid=61AE6F92-4A88-67E8-9BF8-46C7B62812CA HTTP/1.1" 200 112416
20.171.207.246 - - [28/Feb/2025:00:39:55 +0100] "GET /ticket2/opencms/set_aff_cookie.jsp?partner=8F6DE15D-D831-5787-AE7E-FEFF53476F85&url=%252Fdk%252Fbuy%252Findex.html%253Fpage%253D1%2526edid%253D6F379414-70C4-400F-51D2-AFD37C8F2BC7%2526hlv%253D666d6ed3-886c-49e9-bff2-0c140a01000f%2523v_1721923514 HTTP/1.1" 200 247
40.77.167.10 - - [28/Feb/2025:00:39:56 +0100] "GET /ticket2/opencms/el/buy/?page=1&edid=7908768E-BD78-FEAD-BA10-21915FE3AEEC HTTP/1.1" 200 112211
20.171.207.246 - - [28/Feb/2025:00:39:56 +0100] "GET /ticket2/opencms/set_aff_cookie.jsp?partner=8F6DE15D-D831-5787-AE7E-FEFF53476F85&url=%252Fru%252Fbuy%252Findex.html%253Fpage%253D1%2526edid%253D2D210BFD-73B3-FBB7-71E1-6587B60103F1%2526hlv%253D66cf0ab4-3e48-4ed7-8193-23ca0a01000f%2523v_2009149208 HTTP/1.1" 200 247
54.36.148.122 - - [28/Feb/2025:00:39:57 +0100] "GET /ticket2/opencms/sv/buy?page=1&edid=FB5480CB-FDB3-16C8-62C0-C378411EBA39 HTTP/1.1" 200 131502
20.171.207.246 - - [28/Feb/2025:00:39:57 +0100] "GET /ticket2/opencms/set_aff_cookie.jsp?partner=8F6DE15D-D831-5787-AE7E-FEFF53476F85&url=%252Fnl%252Fbuy%252Findex.html%253Fpage%253D1%2526edid%253D13FD52ED-2424-BEB8-F194-ACEDB9434F70%2526hlv%253D66902393-2b90-4f39-b2c0-23300a01000f%2523v_837831092 HTTP/1.1" 200 246
34.206.249.188 - - [28/Feb/2025:00:39:57 +0100] "GET /ticket2/opencms/sites/ticketbrokerage/sv/tickets/fiorentina/brescia.html HTTP/1.1" 404 -
202.8.42.151 - - [28/Feb/2025:00:39:58 +0100] "GET /ticket2/opencms/system/modules/com.gridnine.opencms.ticketbrokerage.site/resources/css/jquery-ui.css HTTP/1.1" 200 33221
202.8.42.151 - - [28/Feb/2025:00:39:58 +0100] "GET /ticket2/opencms/system/modules/com.gridnine.opencms.ticketbrokerage.site/resources/css/ticketbrokerage.css HTTP/1.1" 200 39339
202.8.42.151 - - [28/Feb/2025:00:39:58 +0100] "GET /ticket2/opencms/system/modules/com.gridnine.opencms.ticketbrokerage.site/resources/css/standard.css HTTP/1.1" 200 74207
202.8.42.151 - - [28/Feb/2025:00:39:58 +0100] "GET /ticket2/opencms/system/modules/com.gridnine.opencms.ticketbrokerage.site/resources/css/jquery.fancybox.css HTTP/1.1" 200 4939
202.8.42.151 - - [28/Feb/2025:00:39:58 +0100] "GET /ticket2/opencms/system/modules/com.gridnine.opencms.ticketbrokerage.site/resources/css/calendar.css HTTP/1.1" 200 6871
202.8.42.151 - - [28/Feb/2025:00:39:58 +0100] "GET /ticket2/opencms/system/modules/com.gridnine.opencms.ticketbrokerage.site/resources/js/jquery/jquery.js HTTP/1.1" 200 93868
202.8.42.151 - - [28/Feb/2025:00:39:58 +0100] "GET /ticket2/opencms/system/modules/com.gridnine.opencms.ticketbrokerage.site/resources/js/jquery/jquery-ui.js HTTP/1.1" 200 228088
202.8.42.151 - - [28/Feb/2025:00:39:58 +0100] "GET /ticket2/opencms/system/modules/com.gridnine.opencms.ticketbrokerage.site/resources/js/functions.js HTTP/1.1" 200 1583
202.8.42.151 - - [28/Feb/2025:00:39:58 +0100] "GET /ticket2/opencms/system/modules/com.gridnine.opencms.ticketbrokerage.site/resources/js/calendar.js HTTP/1.1" 200 49229
202.8.42.151 - - [28/Feb/2025:00:39:58 +0100] "GET /ticket2/opencms/system/modules/com.gridnine.opencms.ticketbrokerage.site/resources/js/calendar-en.js HTTP/1.1" 200 3338
202.8.42.151 - - [28/Feb/2025:00:39:58 +0100] "GET /ticket2/opencms/system/modules/com.gridnine.opencms.ticketbrokerage.site/resources/js/calendar-setup.js HTTP/1.1" 200 4923
202.8.42.151 - - [28/Feb/2025:00:39:58 +0100] "GET /ticket2/opencms/system/modules/com.gridnine.opencms.ticketbrokerage.site/resources/js/jquery.fancybox.pack.js HTTP/1.1" 200 23187
202.8.42.151 - - [28/Feb/2025:00:39:58 +0100] "GET /ticket2/opencms/system/modules/com.gridnine.opencms.ticketbrokerage.site/resources/js/stickyfill.min.js HTTP/1.1" 200 5672
202.8.42.151 - - [28/Feb/2025:00:39:58 +0100] "GET /ticket2/opencms/system/modules/com.gridnine.opencms.ticketbrokerage.site/resources/js/standard.js HTTP/1.1" 200 3983
202.8.42.151 - - [28/Feb/2025:00:39:58 +0100] "GET /ticket2/opencms/system/modules/com.gridnine.opencms.ticketbrokerage.site/resources/js/jquery.placeholder.min.js HTTP/1.1" 200 1737
202.8.42.151 - - [28/Feb/2025:00:39:58 +0100] "GET /ticket2/opencms/system/modules/com.gridnine.opencms.ticketbrokerage.site/resources/js/common-ajax.js HTTP/1.1" 200 20175
202.8.42.151 - - [28/Feb/2025:00:39:58 +0100] "GET /ticket2/opencms/sv/ask-form.html HTTP/1.1" 200 2950
20.171.207.246 - - [28/Feb/2025:00:39:59 +0100] "GET /ticket2/opencms/set_aff_cookie.jsp?partner=2E02071B-A8C3-4CBA-3097-C27D61C02ED8&url=%252Fsv%252Fbuy%252Findex.html%253Fpage%253D1%2526edid%253D160DAC9A-2A77-6FDC-52B8-296352B1ABF1%2526hlv%253D666c4b54-205c-4124-bbed-3e290a01000f%2523v_1267125521 HTTP/1.1" 200 247
202.8.42.151 - - [28/Feb/2025:00:39:59 +0100] "GET /ticket2/opencms/system/modules/com.gridnine.opencms.ticketbrokerage.site/resources/css/ticketbrokerage.css HTTP/1.1" 200 39339
185.191.171.18 - - [28/Feb/2025:00:39:59 +0100] "GET /ticket2/opencms/sv/sport/fotbollsbiljetter/premier_league/chelsea/ HTTP/1.1" 200 100210
85.208.96.206 - - [28/Feb/2025:00:39:59 +0100] "GET /ticket2/opencms/no/sport/fotballsbilletter/la_liga/real_madrid/ HTTP/1.1" 200 92749
20.171.207.246 - - [28/Feb/2025:00:40:00 +0100] "GET /ticket2/opencms/set_aff_cookie.jsp?partner=5E0CDF29-E7BE-9F6B-6869-7BF66B04006F&url=%252Fdk%252Fbuy%252Findex.html%253Fpage%253D1%2526edid%253DC68D3A19-7AB1-B0F6-2F8E-E937CB754241%2526hlv%253D669388d5-65e8-48af-90c5-6fc60a01000f%2523v_930248700 HTTP/1.1" 200 246
114.119.151.93 - - [28/Feb/2025:00:40:01 +0100] "GET /ticket2/opencms/mo/buy?page=1&=D5C56F15-3697-E215-9279-584EB6D830AB HTTP/1.1" 200 -
20.171.207.246 - - [28/Feb/2025:00:40:01 +0100] "GET /ticket2/opencms/set_aff_cookie.jsp?partner=2E02071B-A8C3-4CBA-3097-C27D61C02ED8&url=%252Ffi%252Fbuy%252Findex.html%253Fpage%253D1%2526edid%253D6F6062BE-21E9-FCCC-41A7-E76CFE6D47E3%2526hlv%253D66938920-9518-44aa-ac5a-703c0a01000f%2523v_1583688391 HTTP/1.1" 200 247
20.171.207.246 - - [28/Feb/2025:00:40:02 +0100] "GET /ticket2/opencms/set_aff_cookie.jsp?partner=2E02071B-A8C3-4CBA-3097-C27D61C02ED8&url=%252Fdk%252Fbuy%252Findex.html%253Fpage%253D1%2526edid%253D160DAC9A-2A77-6FDC-52B8-296352B1ABF1%2526hlv%253D666c4b56-3de0-4142-b52d-3e290a01000f%2523v_605903145 HTTP/1.1" 200 246
20.171.207.246 - - [28/Feb/2025:00:40:03 +0100] "GET /ticket2/opencms/set_aff_cookie.jsp?partner=8F6DE15D-D831-5787-AE7E-FEFF53476F85&url=%252Fru%252Fbuy%252Findex.html%253Fpage%253D1%2526edid%253D0CBED0CE-AD48-5853-8CA7-767C378C5971%2526hlv%253D6690089c-d558-4dac-ab50-14010a01000f%2523v_254323433 HTTP/1.1" 200 246
20.171.207.246 - - [28/Feb/2025:00:40:04 +0100] "GET /ticket2/opencms/set_aff_cookie.jsp?partner=5E0CDF29-E7BE-9F6B-6869-7BF66B04006F&url=%252Ffi%252Fbuy%252Findex.html%253Fpage%253D1%2526edid%253D66C22035-E7EA-E10A-4BFC-2C30733037DC%2526hlv%253D666d4a38-ba78-48c4-98a4-6bb30a01000f%2523v1003212776 HTTP/1.1" 200 246
20.171.207.246 - - [28/Feb/2025:00:40:06 +0100] "GET /ticket2/opencms/set_aff_cookie.jsp?partner=57601924-FB09-5BB2-867F-08B4EB522BA8&url=%252Fnl%252Fbuy%252Findex.html%253Fpage%253D1%2526edid%253D66C22035-E7EA-E10A-4BFC-2C30733037DC%2526hlv%253D666d4a3b-2620-4fcb-8ed1-6bb30a01000f%2523v1967254692 HTTP/1.1" 200 246
20.171.207.246 - - [28/Feb/2025:00:40:07 +0100] "GET /ticket2/opencms/set_aff_cookie.jsp?partner=57601924-FB09-5BB2-867F-08B4EB522BA8&url=%252Fru%252Fbuy%252Findex.html%253Fpage%253D1%2526edid%253D49FEC43E-3E83-185B-C185-BAAB3CE353B1%2526hlv%253D60f81bf8-08fc-47c2-a52d-5e890a01000f%2523v_1500334961 HTTP/1.1" 200 247
20.171.207.246 - - [28/Feb/2025:00:40:08 +0100] "GET /ticket2/opencms/set_aff_cookie.jsp?partner=2E02071B-A8C3-4CBA-3097-C27D61C02ED8&url=%252Fdk%252Fbuy%252Findex.html%253Fpage%253D1%2526edid%253D2D210BFD-73B3-FBB7-71E1-6587B60103F1%2526hlv%253D66cf0ab4-0214-4b94-ada2-23ca0a01000f%2523v_1910605987 HTTP/1.1" 200 247
54.36.148.232 - - [28/Feb/2025:00:40:08 +0100] "GET /ticket2/opencms/ga/buy?page=1&edid=DE6EAF1E-F0E3-BCEF-6FE9-789554B2D96C HTTP/1.1" 200 124398
54.36.149.72 - - [28/Feb/2025:00:40:08 +0100] "GET /ticket2/opencms/sr/buy?page=1&edid=5605B728-A815-14DD-9E19-09BABDE81131 HTTP/1.1" 200 112185
20.171.207.246 - - [28/Feb/2025:00:40:09 +0100] "GET /ticket2/opencms/set_aff_cookie.jsp?partner=8F6DE15D-D831-5787-AE7E-FEFF53476F85&url=%252Fnl%252Fbuy%252Findex.html%253Fpage%253D1%2526edid%253D0CBED0CE-AD48-5853-8CA7-767C378C5971%2526hlv%253D6690089c-aa78-4ba6-a669-14010a01000f%2523v_468759873 HTTP/1.1" 200 246
44.209.89.189 - - [28/Feb/2025:00:40:09 +0100] "GET /ticket2/opencms/sites/ticketbrokerage/sv/sport/fotbollsbiljetter/serie_a/inter/udinese.html HTTP/1.1" 404 -
40.77.167.10 - - [28/Feb/2025:00:40:09 +0100] "GET /ticket2/opencms/bs/buy?page=6&comcatid=0A6B8208-FDA4-E929-9D72-5312FD481B76&catid=CB847559-7ECA-CC50-D7D2-064AF0C06FB1 HTTP/1.1" 200 96897
202.8.42.165 - - [28/Feb/2025:00:40:09 +0100] "GET /ticket2/opencms/system/modules/com.gridnine.opencms.ticketbrokerage.site/resources/css/calendar.css HTTP/1.1" 200 6871
202.8.42.165 - - [28/Feb/2025:00:40:09 +0100] "GET /ticket2/opencms/system/modules/com.gridnine.opencms.ticketbrokerage.site/resources/css/jquery-ui.css HTTP/1.1" 200 33221
202.8.42.165 - - [28/Feb/2025:00:40:09 +0100] "GET /ticket2/opencms/system/modules/com.gridnine.opencms.ticketbrokerage.site/resources/css/standard.css HTTP/1.1" 200 74207
202.8.42.165 - - [28/Feb/2025:00:40:09 +0100] "GET /ticket2/opencms/system/modules/com.gridnine.opencms.ticketbrokerage.site/resources/css/jquery.fancybox.css HTTP/1.1" 200 4939
202.8.42.165 - - [28/Feb/2025:00:40:09 +0100] "GET /ticket2/opencms/system/modules/com.gridnine.opencms.ticketbrokerage.site/resources/css/ticketbrokerage.css HTTP/1.1" 200 39339
202.8.42.165 - - [28/Feb/2025:00:40:09 +0100] "GET /ticket2/opencms/system/modules/com.gridnine.opencms.ticketbrokerage.site/resources/js/jquery/jquery.js HTTP/1.1" 200 93868
202.8.42.165 - - [28/Feb/2025:00:40:10 +0100] "GET /ticket2/opencms/system/modules/com.gridnine.opencms.ticketbrokerage.site/resources/js/jquery/jquery-ui.js HTTP/1.1" 200 228088
202.8.42.165 - - [28/Feb/2025:00:40:10 +0100] "GET /ticket2/opencms/system/modules/com.gridnine.opencms.ticketbrokerage.site/resources/js/functions.js HTTP/1.1" 200 1583
202.8.42.165 - - [28/Feb/2025:00:40:10 +0100] "GET /ticket2/opencms/system/modules/com.gridnine.opencms.ticketbrokerage.site/resources/js/calendar.js HTTP/1.1" 200 49229
202.8.42.165 - - [28/Feb/2025:00:40:10 +0100] "GET /ticket2/opencms/system/modules/com.gridnine.opencms.ticketbrokerage.site/resources/js/calendar-en.js HTTP/1.1" 200 3338
202.8.42.165 - - [28/Feb/2025:00:40:10 +0100] "GET /ticket2/opencms/system/modules/com.gridnine.opencms.ticketbrokerage.site/resources/js/calendar-setup.js HTTP/1.1" 200 4923
202.8.42.165 - - [28/Feb/2025:00:40:10 +0100] "GET /ticket2/opencms/system/modules/com.gridnine.opencms.ticketbrokerage.site/resources/js/jquery.fancybox.pack.js HTTP/1.1" 200 23187
202.8.42.165 - - [28/Feb/2025:00:40:10 +0100] "GET /ticket2/opencms/system/modules/com.gridnine.opencms.ticketbrokerage.site/resources/js/stickyfill.min.js HTTP/1.1" 200 5672
202.8.42.165 - - [28/Feb/2025:00:40:10 +0100] "GET /ticket2/opencms/system/modules/com.gridnine.opencms.ticketbrokerage.site/resources/js/standard.js HTTP/1.1" 200 3983
