20.171.207.246 - - [28/Feb/2025:01:18:02 +0100] "GET /ticket2/opencms/set_aff_cookie.jsp?partner=6F250EA7-4505-FA01-D601-8847F2573405&url=%252Fen%252Fbuy%252Findex.html%253Fpage%253D1%2526edid%253D7624E370-717C-E67C-7863-0581645F3814%2526hlv%253D6698ea36-7b98-4e16-934d-4dfb0a01000f%2523v1496478100 HTTP/1.1" 200 246
20.171.207.246 - - [28/Feb/2025:01:18:03 +0100] "GET /ticket2/opencms/set_aff_cookie.jsp?partner=6F250EA7-4505-FA01-D601-8847F2573405&url=%252Fnl%252Fbuy%252Findex.html%253Fpage%253D1%2526edid%253D779DCE22-7865-5C8E-54FB-44794C9B955F%2526hlv%253D669241c4-1284-4a11-8262-0d450a01000f%2523v1517415870 HTTP/1.1" 200 246
20.171.207.246 - - [28/Feb/2025:01:18:05 +0100] "GET /ticket2/opencms/set_aff_cookie.jsp?partner=6F250EA7-4505-FA01-D601-8847F2573405&url=%252Fru%252Fbuy%252Findex.html%253Fpage%253D1%2526edid%253D9A8891BD-C3B9-2FD5-1633-7AEF0F073762%2526hlv%253D669390d7-4238-4871-83e0-75040a01000f%2523v1893034115 HTTP/1.1" 200 246
20.171.207.246 - - [28/Feb/2025:01:18:06 +0100] "GET /ticket2/opencms/set_aff_cookie.jsp?partner=6F250EA7-4505-FA01-D601-8847F2573405&url=%252Fno%252Fbuy%252Findex.html%253Fpage%253D1%2526edid%253D3289C097-2261-9433-8644-DF033A9EE354%2526hlv%253D6752c976-dce4-4f90-9b67-77b50a01000f%2523v1320197407 HTTP/1.1" 200 246
54.36.148.181 - - [28/Feb/2025:01:18:07 +0100] "GET /ticket2/opencms/cs/buy/?page=1&edid=BE86B5EF-5564-EB49-7409-BA54955A78A8 HTTP/1.1" 200 111752
20.171.207.246 - - [28/Feb/2025:01:18:07 +0100] "GET /ticket2/opencms/set_aff_cookie.jsp?partner=6F250EA7-4505-FA01-D601-8847F2573405&url=%252Ffi%252Fbuy%252Findex.html%253Fpage%253D1%2526edid%253D78F53753-F856-B158-388A-6B70B4CA55C8%2526hlv%253D66b38016-042c-408e-9b13-74430a01000f%2523v1718787067 HTTP/1.1" 200 246
20.171.207.246 - - [28/Feb/2025:01:18:08 +0100] "GET /ticket2/opencms/set_aff_cookie.jsp?partner=6F250EA7-4505-FA01-D601-8847F2573405&url=%252Ffi%252Fbuy%252Findex.html%253Fpage%253D1%2526edid%253D3289C097-2261-9433-8644-DF033A9EE354%2526hlv%253D666c5d16-4598-487e-9bed-4e220a01000f%2523v962182660 HTTP/1.1" 200 245
20.171.207.246 - - [28/Feb/2025:01:18:09 +0100] "GET /ticket2/opencms/set_aff_cookie.jsp?partner=6F250EA7-4505-FA01-D601-8847F2573405&url=%252Fno%252Fbuy%252Findex.html%253Fpage%253D1%2526edid%253D47C0370F-9915-7673-E038-7AD65907592C%2526hlv%253D666d50d2-5e08-467f-9442-70d60a01000f%2523v142934122 HTTP/1.1" 200 245
20.171.207.246 - - [28/Feb/2025:01:18:10 +0100] "GET /ticket2/opencms/set_aff_cookie.jsp?partner=6F250EA7-4505-FA01-D601-8847F2573405&url=%252Fen%252Fbuy%252Findex.html%253Fpage%253D1%2526edid%253D3289C097-2261-9433-8644-DF033A9EE354%2526hlv%253D666c5d13-7cc8-4a50-99a4-4e220a01000f%2523v770456811 HTTP/1.1" 200 245
20.171.207.246 - - [28/Feb/2025:01:18:11 +0100] "GET /ticket2/opencms/set_aff_cookie.jsp?partner=6F250EA7-4505-FA01-D601-8847F2573405&url=%252Ffi%252Fbuy%252Findex.html%253Fpage%253D1%2526edid%253D7989D951-D5D2-7F28-EC94-576AD8E37318%2526hlv%253D66867141-1268-46a2-9f65-71630a01000f%2523v735042424 HTTP/1.1" 200 245
20.171.207.246 - - [28/Feb/2025:01:18:13 +0100] "GET /ticket2/opencms/set_aff_cookie.jsp?partner=6F250EA7-4505-FA01-D601-8847F2573405&url=%252Fen%252Fbuy%252Findex.html%253Fpage%253D1%2526edid%253D26467E66-E432-3709-0425-A75E81B5021A%2526hlv%253D666c5d28-c37c-4528-9869-4e220a01000f%2523v374931396 HTTP/1.1" 200 245
114.119.153.152 - - [28/Feb/2025:01:18:13 +0100] "GET /ticket2/opencms/fr/buy?page=1&=DB653943-ECFB-7118-47D3-55EBC2A526B9 HTTP/1.1" 200 -
20.171.207.246 - - [28/Feb/2025:01:18:14 +0100] "GET /ticket2/opencms/set_aff_cookie.jsp?partner=6F250EA7-4505-FA01-D601-8847F2573405&url=%252Fnl%252Fbuy%252Findex.html%253Fpage%253D1%2526edid%253D5C16C231-B966-190F-EDF0-005493349D4E%2526hlv%253D66924208-1700-4ca0-89d2-068d0a01000f%2523v1020395074 HTTP/1.1" 200 246
20.171.207.246 - - [28/Feb/2025:01:18:15 +0100] "GET /ticket2/opencms/set_aff_cookie.jsp?partner=6F250EA7-4505-FA01-D601-8847F2573405&url=%252Fru%252Fbuy%252Findex.html%253Fpage%253D1%2526edid%253D26467E66-E432-3709-0425-A75E81B5021A%2526hlv%253D666c5d2c-6754-4fce-9138-4e220a01000f%2523v2047279709 HTTP/1.1" 200 246
54.36.148.156 - - [28/Feb/2025:01:18:16 +0100] "GET /ticket2/opencms/fi/buy/?page=1&edid=DD26041B-007D-3EE6-A8F7-303AB350D2E4 HTTP/1.1" 200 133934
20.171.207.246 - - [28/Feb/2025:01:18:16 +0100] "GET /ticket2/opencms/set_aff_cookie.jsp?partner=6F250EA7-4505-FA01-D601-8847F2573405&url=%252Fno%252Fbuy%252Findex.html%253Fpage%253D1%2526edid%253D0C675B35-F010-2227-D951-9B816929F720%2526hlv%253D6689073e-e818-41ec-9862-1a850a01000f%2523v1154549397 HTTP/1.1" 200 246
20.171.207.246 - - [28/Feb/2025:01:18:17 +0100] "GET /ticket2/opencms/set_aff_cookie.jsp?partner=6F250EA7-4505-FA01-D601-8847F2573405&url=%252Fnl%252Fbuy%252Findex.html%253Fpage%253D1%2526edid%253D5C16C231-B966-190F-EDF0-005493349D4E%2526hlv%253D66924209-f9e4-4698-9905-068d0a01000f%2523v1350253268 HTTP/1.1" 200 246
20.171.207.246 - - [28/Feb/2025:01:18:18 +0100] "GET /ticket2/opencms/set_aff_cookie.jsp?partner=6F250EA7-4505-FA01-D601-8847F2573405&url=%252Fen%252Fbuy%252Findex.html%253Fpage%253D1%2526edid%253D26467E66-E432-3709-0425-A75E81B5021A%2526hlv%253D666c5d29-aa94-479b-8566-4e220a01000f%2523v2009402928 HTTP/1.1" 200 246
20.171.207.246 - - [28/Feb/2025:01:18:19 +0100] "GET /ticket2/opencms/set_aff_cookie.jsp?partner=6F250EA7-4505-FA01-D601-8847F2573405&url=%252Fnl%252Fbuy%252Findex.html%253Fpage%253D1%2526edid%253D3F2D99A8-7547-83C1-C9EB-9D79E7CF5003%2526hlv%253D669390b2-1a60-4886-9599-74300a01000f%2523v1847798815 HTTP/1.1" 200 246
20.171.207.246 - - [28/Feb/2025:01:18:21 +0100] "GET /ticket2/opencms/set_aff_cookie.jsp?partner=6F250EA7-4505-FA01-D601-8847F2573405&url=%252Fdk%252Fbuy%252Findex.html%253Fpage%253D1%2526edid%253D312E2B30-1BE8-80F9-5587-64D580752ED3%2526hlv%253D6690088b-241c-4b09-98a3-14010a01000f%2523v610567175 HTTP/1.1" 200 245
20.171.207.246 - - [28/Feb/2025:01:18:22 +0100] "GET /ticket2/opencms/set_aff_cookie.jsp?partner=6F250EA7-4505-FA01-D601-8847F2573405&url=%252Fru%252Fbuy%252Findex.html%253Fpage%253D1%2526edid%253D59510E33-7947-2FED-CC14-F0612B76476A%2526hlv%253D66866f77-6880-490e-ba39-71630a01000f%2523v163203784 HTTP/1.1" 200 245
54.36.148.12 - - [28/Feb/2025:01:18:22 +0100] "GET /ticket2/opencms/lt/buy?page=1&edid=E2BA261D-8AA4-C0D3-44EE-1FFEB3ECFAE6 HTTP/1.1" 200 135346
216.244.66.238 - - [28/Feb/2025:01:18:22 +0100] "GET /ticket2/opencms/nl/sport/voetbal-tickets/serie_a/torino HTTP/1.1" 200 92255
20.171.207.246 - - [28/Feb/2025:01:18:23 +0100] "GET /ticket2/opencms/set_aff_cookie.jsp?partner=6F250EA7-4505-FA01-D601-8847F2573405&url=%252Fru%252Fbuy%252Findex.html%253Fpage%253D1%2526edid%253D26467E66-E432-3709-0425-A75E81B5021A%2526hlv%253D66cb7327-a7bc-4977-8ef1-04690a01000f%2523v1375962309 HTTP/1.1" 200 246
202.8.41.213 - - [28/Feb/2025:01:18:23 +0100] "GET /ticket2/opencms/system/modules/com.gridnine.opencms.ticketbrokerage.site/resources/css/jquery.fancybox.css HTTP/1.1" 200 4939
202.8.41.213 - - [28/Feb/2025:01:18:23 +0100] "GET /ticket2/opencms/system/modules/com.gridnine.opencms.ticketbrokerage.site/resources/css/jquery-ui.css HTTP/1.1" 200 33221
202.8.41.213 - - [28/Feb/2025:01:18:23 +0100] "GET /ticket2/opencms/system/modules/com.gridnine.opencms.ticketbrokerage.site/resources/css/ticketbrokerage.css HTTP/1.1" 200 39339
202.8.41.213 - - [28/Feb/2025:01:18:23 +0100] "GET /ticket2/opencms/system/modules/com.gridnine.opencms.ticketbrokerage.site/resources/css/calendar.css HTTP/1.1" 200 6871
202.8.41.213 - - [28/Feb/2025:01:18:23 +0100] "GET /ticket2/opencms/system/modules/com.gridnine.opencms.ticketbrokerage.site/resources/css/standard.css HTTP/1.1" 200 74207
202.8.41.213 - - [28/Feb/2025:01:18:23 +0100] "GET /ticket2/opencms/system/modules/com.gridnine.opencms.ticketbrokerage.site/resources/js/jquery/jquery.js HTTP/1.1" 200 93868
202.8.41.213 - - [28/Feb/2025:01:18:23 +0100] "GET /ticket2/opencms/system/modules/com.gridnine.opencms.ticketbrokerage.site/resources/js/jquery/jquery-ui.js HTTP/1.1" 200 228088
202.8.41.213 - - [28/Feb/2025:01:18:23 +0100] "GET /ticket2/opencms/system/modules/com.gridnine.opencms.ticketbrokerage.site/resources/js/calendar.js HTTP/1.1" 200 49229
202.8.41.213 - - [28/Feb/2025:01:18:23 +0100] "GET /ticket2/opencms/system/modules/com.gridnine.opencms.ticketbrokerage.site/resources/js/functions.js HTTP/1.1" 200 1583
202.8.41.213 - - [28/Feb/2025:01:18:23 +0100] "GET /ticket2/opencms/system/modules/com.gridnine.opencms.ticketbrokerage.site/resources/js/calendar-en.js HTTP/1.1" 200 3338
202.8.41.213 - - [28/Feb/2025:01:18:23 +0100] "GET /ticket2/opencms/system/modules/com.gridnine.opencms.ticketbrokerage.site/resources/js/calendar-setup.js HTTP/1.1" 200 4923
202.8.41.213 - - [28/Feb/2025:01:18:23 +0100] "GET /ticket2/opencms/system/modules/com.gridnine.opencms.ticketbrokerage.site/resources/js/jquery.fancybox.pack.js HTTP/1.1" 200 23187
202.8.41.213 - - [28/Feb/2025:01:18:23 +0100] "GET /ticket2/opencms/system/modules/com.gridnine.opencms.ticketbrokerage.site/resources/js/stickyfill.min.js HTTP/1.1" 200 5672
202.8.41.213 - - [28/Feb/2025:01:18:23 +0100] "GET /ticket2/opencms/system/modules/com.gridnine.opencms.ticketbrokerage.site/resources/js/standard.js HTTP/1.1" 200 3983
202.8.41.213 - - [28/Feb/2025:01:18:23 +0100] "GET /ticket2/opencms/system/modules/com.gridnine.opencms.ticketbrokerage.site/resources/js/jquery.placeholder.min.js HTTP/1.1" 200 1737
202.8.41.213 - - [28/Feb/2025:01:18:24 +0100] "GET /ticket2/opencms/system/modules/com.gridnine.opencms.ticketbrokerage.site/resources/js/common-ajax.js HTTP/1.1" 200 20175
202.8.41.213 - - [28/Feb/2025:01:18:24 +0100] "GET /ticket2/opencms/lt/ask-form.html HTTP/1.1" 200 3156
202.8.41.213 - - [28/Feb/2025:01:18:24 +0100] "GET /ticket2/opencms/system/modules/com.gridnine.opencms.ticketbrokerage.site/resources/css/ticketbrokerage.css HTTP/1.1" 200 39339
20.171.207.246 - - [28/Feb/2025:01:18:24 +0100] "GET /ticket2/opencms/set_aff_cookie.jsp?partner=6F250EA7-4505-FA01-D601-8847F2573405&url=%252Ffi%252Fbuy%252Findex.html%253Fpage%253D1%2526edid%253D50375D23-8B44-5172-3FB1-755B660EE76F%2526hlv%253D66867187-a550-4e1a-a060-73030a01000f%2523v929743783 HTTP/1.1" 200 245
20.171.207.246 - - [28/Feb/2025:01:18:25 +0100] "GET /ticket2/opencms/set_aff_cookie.jsp?partner=6F250EA7-4505-FA01-D601-8847F2573405&url=%252Fno%252Fbuy%252Findex.html%253Fpage%253D1%2526edid%253D3289C097-2261-9433-8644-DF033A9EE354%2526hlv%253D666c5d14-74c8-42a2-b57b-4e220a01000f%2523v1479428727 HTTP/1.1" 200 246
47.82.11.104 - - [28/Feb/2025:01:18:26 +0100] "GET /ticket2/opencms/en/buy/?page=1&edid=9F42C569-1F28-76A5-1927-B2B6E6DA8D02 HTTP/1.1" 200 108907
20.171.207.246 - - [28/Feb/2025:01:18:26 +0100] "GET /ticket2/opencms/set_aff_cookie.jsp?partner=6F250EA7-4505-FA01-D601-8847F2573405&url=%252Ffi%252Fbuy%252Findex.html%253Fpage%253D1%2526edid%253D2B44308E-1778-CFAE-7385-18758823F6EB%2526hlv%253D66ccb346-1580-499c-8530-61300a01000f%2523v1370752012 HTTP/1.1" 200 246
119.8.183.9 - - [28/Feb/2025:01:18:27 +0100] "GET /ticket2/opencms/bg/buy?page=1&edid=21983A10-3886-6CA4-6C25-A99511BED95C HTTP/1.1" 200 113673
20.171.207.246 - - [28/Feb/2025:01:18:27 +0100] "GET /ticket2/opencms/set_aff_cookie.jsp?partner=6F250EA7-4505-FA01-D601-8847F2573405&url=%252Fsv%252Fbuy%252Findex.html%253Fpage%253D1%2526edid%253D3289C097-2261-9433-8644-DF033A9EE354%2526hlv%253D666c5d14-b000-40b7-a7f1-4e220a01000f%2523v1154325658 HTTP/1.1" 200 246
20.171.207.246 - - [28/Feb/2025:01:18:29 +0100] "GET /ticket2/opencms/set_aff_cookie.jsp?partner=6F250EA7-4505-FA01-D601-8847F2573405&url=%252Fnl%252Fbuy%252Findex.html%253Fpage%253D1%2526edid%253D9A8891BD-C3B9-2FD5-1633-7AEF0F073762%2526hlv%253D669390d7-931c-4207-9172-75040a01000f%2523v972472212 HTTP/1.1" 200 245
52.167.144.141 - - [28/Feb/2025:01:18:29 +0100] "GET /ticket2/opencms/ga/buy/?page=1&edid=7C194BAF-9FF0-6E1C-8CF4-2340665F2A6E HTTP/1.1" 200 111204
20.171.207.246 - - [28/Feb/2025:01:18:30 +0100] "GET /ticket2/opencms/set_aff_cookie.jsp?partner=6F250EA7-4505-FA01-D601-8847F2573405&url=%252Fnl%252Fbuy%252Findex.html%253Fpage%253D1%2526edid%253D26467E66-E432-3709-0425-A75E81B5021A%2526hlv%253D66cb7327-0d48-4f59-99eb-04690a01000f%2523v132529648 HTTP/1.1" 200 245
20.171.207.246 - - [28/Feb/2025:01:18:31 +0100] "GET /ticket2/opencms/set_aff_cookie.jsp?partner=6F250EA7-4505-FA01-D601-8847F2573405&url=%252Fen%252Fbuy%252Findex.html%253Fpage%253D1%2526edid%253D3289C097-2261-9433-8644-DF033A9EE354%2526hlv%253D666c5d12-8238-46bd-9263-4e220a01000f%2523v1441638821 HTTP/1.1" 200 246
54.36.149.16 - - [28/Feb/2025:01:18:32 +0100] "GET /ticket2/opencms/ga/magazine/article?title=arsenal-seere-liverpool HTTP/1.1" 200 93496
20.171.207.246 - - [28/Feb/2025:01:18:32 +0100] "GET /ticket2/opencms/set_aff_cookie.jsp?partner=6F250EA7-4505-FA01-D601-8847F2573405&url=%252Fdk%252Fbuy%252Findex.html%253Fpage%253D1%2526edid%253D7568E602-7C67-35D2-952F-D243F8930169%2526hlv%253D666dbc72-5540-4417-999e-4cf60a01000f%2523v924146191 HTTP/1.1" 200 245
54.36.149.1 - - [28/Feb/2025:01:18:32 +0100] "GET /ticket2/opencms/et/buy/?page=1&edid=812FD49D-304A-7328-3A5E-992562A1F44A HTTP/1.1" 200 111643
66.220.149.15 - - [28/Feb/2025:01:18:33 +0100] "GET /ticket2/opencms/ro/buy?page=1&edid=4660DE29-C3F1-FFBE-5E6B-4C74E874EC91 HTTP/1.1" 200 112498
20.171.207.246 - - [28/Feb/2025:01:18:33 +0100] "GET /ticket2/opencms/set_aff_cookie.jsp?partner=6F250EA7-4505-FA01-D601-8847F2573405&url=%252Fnl%252Fbuy%252Findex.html%253Fpage%253D1%2526edid%253D3289C097-2261-9433-8644-DF033A9EE354%2526hlv%253D666c5d18-1948-4ed8-a379-4e220a01000f%2523v888260225 HTTP/1.1" 200 245
66.249.72.5 - - [28/Feb/2025:01:18:33 +0100] "GET /ticket2/opencms/ga/buy/?page=1&edid=B4EC420A-C31F-BB54-840D-5C41F8E7FC1C HTTP/1.1" 200 109044
20.171.207.246 - - [28/Feb/2025:01:18:34 +0100] "GET /ticket2/opencms/set_aff_cookie.jsp?partner=6F250EA7-4505-FA01-D601-8847F2573405&url=%252Fdk%252Fbuy%252Findex.html%253Fpage%253D1%2526edid%253D26467E66-E432-3709-0425-A75E81B5021A%2526hlv%253D666c5d29-2940-49ef-9ce8-4e220a01000f%2523v1585863938 HTTP/1.1" 200 246
185.191.171.18 - - [28/Feb/2025:01:18:35 +0100] "GET /ticket2/opencms/bs/magazine/article?title=o-arsenal-fc HTTP/1.1" 200 93320
20.171.207.246 - - [28/Feb/2025:01:18:35 +0100] "GET /ticket2/opencms/set_aff_cookie.jsp?partner=6F250EA7-4505-FA01-D601-8847F2573405&url=%252Fdk%252Fbuy%252Findex.html%253Fpage%253D1%2526edid%253D50375D23-8B44-5172-3FB1-755B660EE76F%2526hlv%253D66867186-7a3c-4e20-86a8-73030a01000f%2523v857485469 HTTP/1.1" 200 245
20.171.207.246 - - [28/Feb/2025:01:18:37 +0100] "GET /ticket2/opencms/set_aff_cookie.jsp?partner=6F250EA7-4505-FA01-D601-8847F2573405&url=%252Fen%252Fbuy%252Findex.html%253Fpage%253D1%2526edid%253D5C16C231-B966-190F-EDF0-005493349D4E%2526hlv%253D66924208-c074-4e21-b457-068d0a01000f%2523v222677739 HTTP/1.1" 200 245
20.171.207.246 - - [28/Feb/2025:01:18:38 +0100] "GET /ticket2/opencms/set_aff_cookie.jsp?partner=6F250EA7-4505-FA01-D601-8847F2573405&url=%252Fdk%252Fbuy%252Findex.html%253Fpage%253D1%2526edid%253D7568E602-7C67-35D2-952F-D243F8930169%2526hlv%253D666dbc70-0210-4b40-83f5-4cf60a01000f%2523v1717772110 HTTP/1.1" 200 246
20.171.207.246 - - [28/Feb/2025:01:18:39 +0100] "GET /ticket2/opencms/set_aff_cookie.jsp?partner=6F250EA7-4505-FA01-D601-8847F2573405&url=%252Fen%252Fbuy%252Findex.html%253Fpage%253D1%2526edid%253D47C0370F-9915-7673-E038-7AD65907592C%2526hlv%253D666d50d5-e610-43ef-8b90-70d60a01000f%2523v1061718556 HTTP/1.1" 200 246
54.36.149.67 - - [28/Feb/2025:01:18:40 +0100] "GET /ticket2/opencms/lt/buy/?page=1&edid=CA75E809-BFD6-00F7-5534-3C8924D19545 HTTP/1.1" 200 108686
20.171.207.246 - - [28/Feb/2025:01:18:40 +0100] "GET /ticket2/opencms/set_aff_cookie.jsp?partner=6F250EA7-4505-FA01-D601-8847F2573405&url=%252Fen%252Fbuy%252Findex.html%253Fpage%253D1%2526edid%253D9A8891BD-C3B9-2FD5-1633-7AEF0F073762%2526hlv%253D669390d9-4370-473d-9080-75040a01000f%2523v607585053 HTTP/1.1" 200 245
40.77.167.254 - - [28/Feb/2025:01:18:40 +0100] "GET /ticket2/opencms/sv/buy/?page=1&edid=E4AB8B9B-D715-946F-66CB-04AA56069E4B HTTP/1.1" 200 110497
20.171.207.246 - - [28/Feb/2025:01:18:41 +0100] "GET /ticket2/opencms/set_aff_cookie.jsp?partner=6F250EA7-4505-FA01-D601-8847F2573405&url=%252Fno%252Fbuy%252Findex.html%253Fpage%253D1%2526edid%253D3289C097-2261-9433-8644-DF033A9EE354%2526hlv%253D666c5d13-b6bc-4c87-9674-4e220a01000f%2523v1484010870 HTTP/1.1" 200 246
20.171.207.246 - - [28/Feb/2025:01:18:42 +0100] "GET /ticket2/opencms/set_aff_cookie.jsp?partner=6F250EA7-4505-FA01-D601-8847F2573405&url=%252Fnl%252Fbuy%252Findex.html%253Fpage%253D1%2526edid%253D78F53753-F856-B158-388A-6B70B4CA55C8%2526hlv%253D66b38017-f69c-4542-870e-74430a01000f%2523v2125502308 HTTP/1.1" 200 246
114.119.130.91 - - [28/Feb/2025:01:18:43 +0100] "GET /ticket2/opencms/en/sell/?edid=8658E1FC-AEE0-692C-386F-78725205AC72 HTTP/1.1" 302 -
20.171.207.246 - - [28/Feb/2025:01:18:44 +0100] "GET /ticket2/opencms/set_aff_cookie.jsp?partner=6F250EA7-4505-FA01-D601-8847F2573405&url=%252Fsv%252Fbuy%252Findex.html%253Fpage%253D1%2526edid%253D26467E66-E432-3709-0425-A75E81B5021A%2526hlv%253D666c5d28-0374-428b-a98f-4e220a01000f%2523v1353543997 HTTP/1.1" 200 246
20.171.207.246 - - [28/Feb/2025:01:18:45 +0100] "GET /ticket2/opencms/set_aff_cookie.jsp?partner=6F250EA7-4505-FA01-D601-8847F2573405&url=%252Ffi%252Fbuy%252Findex.html%253Fpage%253D1%2526edid%253D47C0370F-9915-7673-E038-7AD65907592C%2526hlv%253D666d50d4-5000-4b0c-86ef-70d60a01000f%2523v192837075 HTTP/1.1" 200 245
52.167.144.166 - - [28/Feb/2025:01:18:45 +0100] "GET /ticket2/opencms/fi/urheilu/jalkapallo/premier_league/ HTTP/1.1" 200 97700
20.171.207.246 - - [28/Feb/2025:01:18:46 +0100] "GET /ticket2/opencms/set_aff_cookie.jsp?partner=6F250EA7-4505-FA01-D601-8847F2573405&url=%252Fdk%252Fbuy%252Findex.html%253Fpage%253D1%2526edid%253D47C0370F-9915-7673-E038-7AD65907592C%2526hlv%253D666d50d2-7034-4e8a-80f4-70d60a01000f%2523v1656460996 HTTP/1.1" 200 246
20.171.207.246 - - [28/Feb/2025:01:18:47 +0100] "GET /ticket2/opencms/set_aff_cookie.jsp?partner=6F250EA7-4505-FA01-D601-8847F2573405&url=%252Fru%252Fbuy%252Findex.html%253Fpage%253D1%2526edid%253D87B3356E-6F78-7F45-235C-4CD49B95C308%2526hlv%253D669148e3-8210-4644-9db3-48a80a01000f%2523v888992986 HTTP/1.1" 200 245
114.119.130.91 - - [28/Feb/2025:01:18:47 +0100] "GET /ticket2/opencms/en/login/?url=/en/sell/ HTTP/1.1" 200 90053
54.36.149.100 - - [28/Feb/2025:01:18:48 +0100] "GET /ticket2/opencms/uk/buy/?page=1&edid=84C1C15E-A3CC-07A1-AA6A-061FC4B03894 HTTP/1.1" 200 114265
20.171.207.246 - - [28/Feb/2025:01:18:48 +0100] "GET /ticket2/opencms/set_aff_cookie.jsp?partner=6F250EA7-4505-FA01-D601-8847F2573405&url=%252Fsv%252Fbuy%252Findex.html%253Fpage%253D1%2526edid%253D7568E602-7C67-35D2-952F-D243F8930169%2526hlv%253D666dbc73-9c80-4d92-9227-4cf60a01000f%2523v185156635 HTTP/1.1" 200 245
185.191.171.17 - - [28/Feb/2025:01:18:48 +0100] "GET /ticket2/opencms/sr/magazine/article?title=novi-ugovor-za-archieja-graya-18-godina HTTP/1.1" 200 92209
20.171.207.246 - - [28/Feb/2025:01:18:49 +0100] "GET /ticket2/opencms/set_aff_cookie.jsp?partner=6F250EA7-4505-FA01-D601-8847F2573405&url=%252Ffi%252Fbuy%252Findex.html%253Fpage%253D1%2526edid%253D50375D23-8B44-5172-3FB1-755B660EE76F%2526hlv%253D66867187-d38c-40e5-8574-73030a01000f%2523v376369014 HTTP/1.1" 200 245
20.171.207.246 - - [28/Feb/2025:01:18:50 +0100] "GET /ticket2/opencms/set_aff_cookie.jsp?partner=6F250EA7-4505-FA01-D601-8847F2573405&url=%252Fsv%252Fbuy%252Findex.html%253Fpage%253D1%2526edid%253D81B38BC2-1B10-C00A-7953-DB579F5D53A3%2526hlv%253D66924221-2784-4327-b416-073b0a01000f%2523v1070384224 HTTP/1.1" 200 246
20.171.207.246 - - [28/Feb/2025:01:18:52 +0100] "GET /ticket2/opencms/set_aff_cookie.jsp?partner=6F250EA7-4505-FA01-D601-8847F2573405&url=%252Fru%252Fbuy%252Findex.html%253Fpage%253D1%2526edid%253D5053E429-37C6-6922-FE45-2F7B4E327AEF%2526hlv%253D669024b4-e074-4563-9472-24d20a01000f%2523v1130007459 HTTP/1.1" 200 246
20.171.207.246 - - [28/Feb/2025:01:18:53 +0100] "GET /ticket2/opencms/set_aff_cookie.jsp?partner=6F250EA7-4505-FA01-D601-8847F2573405&url=%252Fno%252Fbuy%252Findex.html%253Fpage%253D1%2526edid%253D3289C097-2261-9433-8644-DF033A9EE354%2526hlv%253D666c5d19-87c8-4f39-86d7-4e220a01000f%2523v1984238064 HTTP/1.1" 200 246
20.171.207.246 - - [28/Feb/2025:01:18:54 +0100] "GET /ticket2/opencms/set_aff_cookie.jsp?partner=6F250EA7-4505-FA01-D601-8847F2573405&url=%252Fsv%252Fbuy%252Findex.html%253Fpage%253D1%2526edid%253D26467E66-E432-3709-0425-A75E81B5021A%2526hlv%253D66cb7327-a7bc-4977-8ef1-04690a01000f%2523v1375962309 HTTP/1.1" 200 246
114.119.130.154 - - [28/Feb/2025:01:18:54 +0100] "GET /ticket2/opencms/fr/buy?page=1&=94F1C05A-507B-A4EE-6E97-E2D23CF823B1 HTTP/1.1" 200 -
216.244.66.238 - - [28/Feb/2025:01:18:54 +0100] "GET /ticket2/opencms/ka/buy?page=1&edid=FF6930DF-3497-767B-9FFA-2906DD469574 HTTP/1.1" 200 118200
54.36.148.109 - - [28/Feb/2025:01:18:55 +0100] "GET /ticket2/opencms/et/buy?page=1&edid=7D93CEA8-790B-90BC-58EC-CA5B0CB3CBFB HTTP/1.1" 200 112315
20.171.207.246 - - [28/Feb/2025:01:18:55 +0100] "GET /ticket2/opencms/set_aff_cookie.jsp?partner=6F250EA7-4505-FA01-D601-8847F2573405&url=%252Fdk%252Fbuy%252Findex.html%253Fpage%253D1%2526edid%253D7624E370-717C-E67C-7863-0581645F3814%2526hlv%253D6698ea37-34e8-475e-9385-4dfb0a01000f%2523v226964283 HTTP/1.1" 200 245
20.171.207.246 - - [28/Feb/2025:01:18:56 +0100] "GET /ticket2/opencms/set_aff_cookie.jsp?partner=6F250EA7-4505-FA01-D601-8847F2573405&url=%252Fdk%252Fbuy%252Findex.html%253Fpage%253D1%2526edid%253D3289C097-2261-9433-8644-DF033A9EE354%2526hlv%253D666c5d17-4348-4913-a597-4e220a01000f%2523v197152429 HTTP/1.1" 200 245
185.191.171.15 - - [28/Feb/2025:01:18:57 +0100] "GET /ticket2/opencms/is/login/ HTTP/1.1" 200 91750
20.171.207.246 - - [28/Feb/2025:01:18:58 +0100] "GET /ticket2/opencms/set_aff_cookie.jsp?partner=57601924-FB09-5BB2-867F-08B4EB522BA8&url=%252Ffi%252Fbuy%252Findex.html%253Fpage%253D1%2526edid%253D47C0370F-9915-7673-E038-7AD65907592C%2526hlv%253D666d50d3-2740-4a31-8759-70d60a01000f%2523v660918162 HTTP/1.1" 200 245
20.171.207.246 - - [28/Feb/2025:01:18:59 +0100] "GET /ticket2/opencms/set_aff_cookie.jsp?partner=6F250EA7-4505-FA01-D601-8847F2573405&url=%252Fno%252Fbuy%252Findex.html%253Fpage%253D1%2526edid%253D47C0370F-9915-7673-E038-7AD65907592C%2526hlv%253D666d50d2-7034-4e8a-80f4-70d60a01000f%2523v1656460996 HTTP/1.1" 200 246
52.167.144.166 - - [28/Feb/2025:01:18:59 +0100] "GET /ticket2/opencms/system/modules/com.gridnine.opencms.ticketbrokerage.site/resources/js/calendar.js HTTP/1.1" 200 49229
20.171.207.246 - - [28/Feb/2025:01:19:00 +0100] "GET /ticket2/opencms/set_aff_cookie.jsp?partner=6F250EA7-4505-FA01-D601-8847F2573405&url=%252Fno%252Fbuy%252Findex.html%253Fpage%253D1%2526edid%253D5C16C231-B966-190F-EDF0-005493349D4E%2526hlv%253D66924209-e550-4913-9096-068d0a01000f%2523v1468805058 HTTP/1.1" 200 246
52.167.144.166 - - [28/Feb/2025:01:19:01 +0100] "GET /ticket2/opencms/system/modules/com.gridnine.opencms.ticketbrokerage.site/resources/js/jquery/jquery.js HTTP/1.1" 200 93868
20.171.207.246 - - [28/Feb/2025:01:19:01 +0100] "GET /ticket2/opencms/set_aff_cookie.jsp?partner=6F250EA7-4505-FA01-D601-8847F2573405&url=%252Fnl%252Fbuy%252Findex.html%253Fpage%253D1%2526edid%253D7568E602-7C67-35D2-952F-D243F8930169%2526hlv%253D666dbc70-b598-4881-9614-4cf60a01000f%2523v1937858554 HTTP/1.1" 200 246
101.44.24.118 - - [28/Feb/2025:01:19:01 +0100] "GET /ticket2/opencms/bg/buy?page=1&edid=E66170CD-15EA-25FF-64F4-4C19A47AC0BA HTTP/1.1" 200 114318
52.167.144.166 - - [28/Feb/2025:01:19:01 +0100] "GET /ticket2/opencms/is/buy?page=1&edid=3DE00F0C-D064-F580-0B18-1943C6741906 HTTP/1.1" 200 112083
85.208.96.200 - - [28/Feb/2025:01:19:02 +0100] "GET /ticket2/opencms/az/magazine/article?title=cole-palmer-oyunun-taleyini-hell-edir-ve-alexander-isak-geri-donub HTTP/1.1" 200 93934
185.191.171.12 - - [28/Feb/2025:01:19:02 +0100] "GET /ticket2/opencms/cs/magazine/article?title=prvni-vitezstvi-ipswiche-v-premier-league-za-22-let HTTP/1.1" 200 94254
20.171.207.246 - - [28/Feb/2025:01:19:02 +0100] "GET /ticket2/opencms/set_aff_cookie.jsp?partner=6F250EA7-4505-FA01-D601-8847F2573405&url=%252Fdk%252Fbuy%252Findex.html%253Fpage%253D1%2526edid%253D5C16C231-B966-190F-EDF0-005493349D4E%2526hlv%253D6692420a-9e70-4744-8941-068d0a01000f%2523v829429730 HTTP/1.1" 200 245
85.208.96.196 - - [28/Feb/2025:01:19:03 +0100] "GET /ticket2/opencms/bg/magazine/article?title=allsvenskan-shvedskata-premiur-liga-vuv-futbola HTTP/1.1" 200 95562
20.171.207.246 - - [28/Feb/2025:01:19:03 +0100] "GET /ticket2/opencms/set_aff_cookie.jsp?partner=6F250EA7-4505-FA01-D601-8847F2573405&url=%252Fdk%252Fbuy%252Findex.html%253Fpage%253D1%2526edid%253D87B3356E-6F78-7F45-235C-4CD49B95C308%2526hlv%253D669148e3-8518-4c02-8515-48a80a01000f%2523v_303623495 HTTP/1.1" 200 246
52.167.144.214 - - [28/Feb/2025:01:19:04 +0100] "GET /ticket2/opencms/system/modules/com.gridnine.opencms.ticketbrokerage.site/resources/js/calendar-en.js HTTP/1.1" 200 3338
52.167.144.214 - - [28/Feb/2025:01:19:04 +0100] "GET /ticket2/opencms/system/modules/com.gridnine.opencms.ticketbrokerage.site/resources/js/common-ajax.js HTTP/1.1" 200 20175
20.171.207.246 - - [28/Feb/2025:01:19:04 +0100] "GET /ticket2/opencms/set_aff_cookie.jsp?partner=6F250EA7-4505-FA01-D601-8847F2573405&url=%252Fno%252Fbuy%252Findex.html%253Fpage%253D1%2526edid%253D47C0370F-9915-7673-E038-7AD65907592C%2526hlv%253D666d50d2-6c80-46a0-93dd-70d60a01000f%2523v857299004 HTTP/1.1" 200 245
54.36.148.246 - - [28/Feb/2025:01:19:05 +0100] "GET /ticket2/opencms/fi/buy/?page=1&edid=885A2607-A223-24CC-17AE-7C8ECDA8D47C HTTP/1.1" 200 133995
23.23.212.212 - - [28/Feb/2025:01:19:05 +0100] "GET /ticket2/opencms/sites/ticketbrokerage/sv/tickets/sevilla/valencia.html HTTP/1.1" 404 -
20.171.207.246 - - [28/Feb/2025:01:19:05 +0100] "GET /ticket2/opencms/set_aff_cookie.jsp?partner=6F250EA7-4505-FA01-D601-8847F2573405&url=%252Fno%252Fbuy%252Findex.html%253Fpage%253D1%2526edid%253D5C16C231-B966-190F-EDF0-005493349D4E%2526hlv%253D66924207-81d0-4f72-8045-068d0a01000f%2523v307780807 HTTP/1.1" 200 245
66.249.75.229 - - [28/Feb/2025:01:19:06 +0100] "GET /ticket2/opencms/be/buy?page=1&edid=4DF0D9FC-63B4-BC0C-C1C6-5A8F2E684398&hlv=666de3ae-c4b4-4166-8a38-710d0a01000f HTTP/1.1" 200 115092
20.171.207.246 - - [28/Feb/2025:01:19:07 +0100] "GET /ticket2/opencms/set_aff_cookie.jsp?partner=6F250EA7-4505-FA01-D601-8847F2573405&url=%252Fru%252Fbuy%252Findex.html%253Fpage%253D1%2526edid%253D47C0370F-9915-7673-E038-7AD65907592C%2526hlv%253D666d50d5-9dc8-4467-9eb1-70d60a01000f%2523v1792935667 HTTP/1.1" 200 246
20.171.207.246 - - [28/Feb/2025:01:19:08 +0100] "GET /ticket2/opencms/set_aff_cookie.jsp?partner=6F250EA7-4505-FA01-D601-8847F2573405&url=%252Fnl%252Fbuy%252Findex.html%253Fpage%253D1%2526edid%253D78F53753-F856-B158-388A-6B70B4CA55C8%2526hlv%253D66b38016-042c-408e-9b13-74430a01000f%2523v1718787067 HTTP/1.1" 200 246
52.167.144.141 - - [28/Feb/2025:01:19:08 +0100] "GET /ticket2/opencms/system/modules/com.gridnine.opencms.ticketbrokerage.site/resources/css/jquery-ui.css HTTP/1.1" 200 33221
52.167.144.141 - - [28/Feb/2025:01:19:09 +0100] "GET /ticket2/opencms/system/modules/com.gridnine.opencms.ticketbrokerage.site/resources/js/standard.js HTTP/1.1" 200 3983
20.171.207.246 - - [28/Feb/2025:01:19:09 +0100] "GET /ticket2/opencms/set_aff_cookie.jsp?partner=6F250EA7-4505-FA01-D601-8847F2573405&url=%252Fen%252Fbuy%252Findex.html%253Fpage%253D1%2526edid%253D59510E33-7947-2FED-CC14-F0612B76476A%2526hlv%253D66866f77-6880-490e-ba39-71630a01000f%2523v163203784 HTTP/1.1" 200 245
52.0.63.151 - - [28/Feb/2025:01:19:09 +0100] "GET /ticket2/opencms/sites/ticketbrokerage/sv/sport/fotbollsbiljetter/serie_a/juventus/lazio.html HTTP/1.1" 404 -
20.171.207.246 - - [28/Feb/2025:01:19:10 +0100] "GET /ticket2/opencms/set_aff_cookie.jsp?partner=6F250EA7-4505-FA01-D601-8847F2573405&url=%252Fen%252Fbuy%252Findex.html%253Fpage%253D1%2526edid%253D5C16C231-B966-190F-EDF0-005493349D4E%2526hlv%253D66924209-8630-4485-9039-068d0a01000f%2523v2046733023 HTTP/1.1" 200 246
54.36.148.141 - - [28/Feb/2025:01:19:10 +0100] "GET /ticket2/opencms/fi/buy/?page=1&edid=B12376C6-BA7F-3D61-F970-EF51106430AB HTTP/1.1" 200 129856
20.171.207.246 - - [28/Feb/2025:01:19:11 +0100] "GET /ticket2/opencms/set_aff_cookie.jsp?partner=6F250EA7-4505-FA01-D601-8847F2573405&url=%252Fnl%252Fbuy%252Findex.html%253Fpage%253D1%2526edid%253D26467E66-E432-3709-0425-A75E81B5021A%2526hlv%253D666c5d29-82bc-4874-a33d-4e220a01000f%2523v1543058175 HTTP/1.1" 200 246
114.119.130.61 - - [28/Feb/2025:01:19:12 +0100] "GET /ticket2/opencms/en/buy?page=1&edid=F1463EBE-6C18-CF49-B2AE-F79868BCA4F5 HTTP/1.1" 200 139148
20.171.207.246 - - [28/Feb/2025:01:19:13 +0100] "GET /ticket2/opencms/set_aff_cookie.jsp?partner=6F250EA7-4505-FA01-D601-8847F2573405&url=%252Fno%252Fbuy%252Findex.html%253Fpage%253D1%2526edid%253D47C0370F-9915-7673-E038-7AD65907592C%2526hlv%253D666d50d3-8e30-4913-b9c1-70d60a01000f%2523v970163171 HTTP/1.1" 200 245
52.167.144.214 - - [28/Feb/2025:01:19:14 +0100] "GET /ticket2/opencms/mt/buy/?comcatid=A17713B6-D984-201A-4143-ED4DB5ED5C2E&catid=0A6C99D2-F5BD-7A18-9A5F-5668827042E0 HTTP/1.1" 200 188711
20.171.207.246 - - [28/Feb/2025:01:19:14 +0100] "GET /ticket2/opencms/set_aff_cookie.jsp?partner=6F250EA7-4505-FA01-D601-8847F2573405&url=%252Fen%252Fbuy%252Findex.html%253Fpage%253D1%2526edid%253D47C0370F-9915-7673-E038-7AD65907592C%2526hlv%253D666d50d2-8d34-44c5-8bb0-70d60a01000f%2523v1097418487 HTTP/1.1" 200 246
20.171.207.246 - - [28/Feb/2025:01:19:15 +0100] "GET /ticket2/opencms/set_aff_cookie.jsp?partner=6F250EA7-4505-FA01-D601-8847F2573405&url=%252Ffi%252Fbuy%252Findex.html%253Fpage%253D1%2526edid%253D8551F24F-7E36-E365-707B-96D4F958640A%2526hlv%253D66b39a53-3a64-4060-8524-0ed00a01000f%2523v2102853419 HTTP/1.1" 200 246
20.171.207.246 - - [28/Feb/2025:01:19:16 +0100] "GET /ticket2/opencms/set_aff_cookie.jsp?partner=57601924-FB09-5BB2-867F-08B4EB522BA8&url=%252Fdk%252Fbuy%252Findex.html%253Fpage%253D1%2526edid%253D50375D23-8B44-5172-3FB1-755B660EE76F%2526hlv%253D66867186-2754-4c09-86c1-73030a01000f%2523v1680130565 HTTP/1.1" 200 246
52.167.144.214 - - [28/Feb/2025:01:19:17 +0100] "GET /ticket2/opencms/ka/?comcatid=A17713B6-D984-201A-4143-ED4DB5ED5C2E&catid=24AC1CA6-1C09-0BE5-C04A-9DCCDB15D5E9 HTTP/1.1" 200 110273
20.171.207.246 - - [28/Feb/2025:01:19:17 +0100] "GET /ticket2/opencms/set_aff_cookie.jsp?partner=6F250EA7-4505-FA01-D601-8847F2573405&url=%252Fru%252Fbuy%252Findex.html%253Fpage%253D1%2526edid%253D50E84B3D-9D0C-3B92-7082-59B92FD223D3%2526hlv%253D66867021-5300-42f2-8029-72ff0a01000f%2523v2116632358 HTTP/1.1" 200 246
54.36.148.173 - - [28/Feb/2025:01:19:18 +0100] "GET /ticket2/opencms/be/buy?page=1&edid=E2BA261D-8AA4-C0D3-44EE-1FFEB3ECFAE6 HTTP/1.1" 200 137831
20.171.207.246 - - [28/Feb/2025:01:19:18 +0100] "GET /ticket2/opencms/set_aff_cookie.jsp?partner=6F250EA7-4505-FA01-D601-8847F2573405&url=%252Fru%252Fbuy%252Findex.html%253Fpage%253D1%2526edid%253D47C0370F-9915-7673-E038-7AD65907592C%2526hlv%253D666d50d2-7a48-4483-9723-70d60a01000f%2523v752749080 HTTP/1.1" 200 245
185.191.171.16 - - [28/Feb/2025:01:19:19 +0100] "GET /ticket2/opencms/nl/magazine/article?title=londen-een-voetbalstad-van-wereldklasse HTTP/1.1" 200 90549
202.8.42.11 - - [28/Feb/2025:01:19:19 +0100] "GET /ticket2/opencms/system/modules/com.gridnine.opencms.ticketbrokerage.site/resources/css/calendar.css HTTP/1.1" 200 6871
202.8.42.11 - - [28/Feb/2025:01:19:19 +0100] "GET /ticket2/opencms/system/modules/com.gridnine.opencms.ticketbrokerage.site/resources/css/ticketbrokerage.css HTTP/1.1" 200 39339
202.8.42.11 - - [28/Feb/2025:01:19:19 +0100] "GET /ticket2/opencms/system/modules/com.gridnine.opencms.ticketbrokerage.site/resources/css/jquery-ui.css HTTP/1.1" 200 33221
202.8.42.11 - - [28/Feb/2025:01:19:19 +0100] "GET /ticket2/opencms/system/modules/com.gridnine.opencms.ticketbrokerage.site/resources/css/standard.css HTTP/1.1" 200 74207
202.8.42.11 - - [28/Feb/2025:01:19:19 +0100] "GET /ticket2/opencms/system/modules/com.gridnine.opencms.ticketbrokerage.site/resources/css/jquery.fancybox.css HTTP/1.1" 200 4939
202.8.42.11 - - [28/Feb/2025:01:19:19 +0100] "GET /ticket2/opencms/system/modules/com.gridnine.opencms.ticketbrokerage.site/resources/js/jquery/jquery.js HTTP/1.1" 200 93868
202.8.42.11 - - [28/Feb/2025:01:19:19 +0100] "GET /ticket2/opencms/system/modules/com.gridnine.opencms.ticketbrokerage.site/resources/js/jquery/jquery-ui.js HTTP/1.1" 200 228088
202.8.42.11 - - [28/Feb/2025:01:19:19 +0100] "GET /ticket2/opencms/system/modules/com.gridnine.opencms.ticketbrokerage.site/resources/js/functions.js HTTP/1.1" 200 1583
202.8.42.11 - - [28/Feb/2025:01:19:19 +0100] "GET /ticket2/opencms/system/modules/com.gridnine.opencms.ticketbrokerage.site/resources/js/calendar.js HTTP/1.1" 200 49229
202.8.42.11 - - [28/Feb/2025:01:19:19 +0100] "GET /ticket2/opencms/system/modules/com.gridnine.opencms.ticketbrokerage.site/resources/js/calendar-en.js HTTP/1.1" 200 3338
202.8.42.11 - - [28/Feb/2025:01:19:19 +0100] "GET /ticket2/opencms/system/modules/com.gridnine.opencms.ticketbrokerage.site/resources/js/calendar-setup.js HTTP/1.1" 200 4923
202.8.42.11 - - [28/Feb/2025:01:19:19 +0100] "GET /ticket2/opencms/system/modules/com.gridnine.opencms.ticketbrokerage.site/resources/js/jquery.fancybox.pack.js HTTP/1.1" 200 23187
202.8.42.11 - - [28/Feb/2025:01:19:19 +0100] "GET /ticket2/opencms/system/modules/com.gridnine.opencms.ticketbrokerage.site/resources/js/stickyfill.min.js HTTP/1.1" 200 5672
202.8.42.11 - - [28/Feb/2025:01:19:19 +0100] "GET /ticket2/opencms/system/modules/com.gridnine.opencms.ticketbrokerage.site/resources/js/standard.js HTTP/1.1" 200 3983
202.8.42.11 - - [28/Feb/2025:01:19:19 +0100] "GET /ticket2/opencms/system/modules/com.gridnine.opencms.ticketbrokerage.site/resources/js/jquery.placeholder.min.js HTTP/1.1" 200 1737
202.8.42.11 - - [28/Feb/2025:01:19:19 +0100] "GET /ticket2/opencms/system/modules/com.gridnine.opencms.ticketbrokerage.site/resources/js/common-ajax.js HTTP/1.1" 200 20175
202.8.42.11 - - [28/Feb/2025:01:19:19 +0100] "GET /ticket2/opencms/be/ask-form.html HTTP/1.1" 200 3156
20.171.207.246 - - [28/Feb/2025:01:19:19 +0100] "GET /ticket2/opencms/set_aff_cookie.jsp?partner=6F250EA7-4505-FA01-D601-8847F2573405&url=%252Fno%252Fbuy%252Findex.html%253Fpage%253D1%2526edid%253D3289C097-2261-9433-8644-DF033A9EE354%2526hlv%253D666c5d13-fbd0-4786-9c38-4e220a01000f%2523v836554529 HTTP/1.1" 200 245
202.8.42.11 - - [28/Feb/2025:01:19:20 +0100] "GET /ticket2/opencms/system/modules/com.gridnine.opencms.ticketbrokerage.site/resources/css/ticketbrokerage.css HTTP/1.1" 200 39339
20.171.207.246 - - [28/Feb/2025:01:19:21 +0100] "GET /ticket2/opencms/set_aff_cookie.jsp?partner=6F250EA7-4505-FA01-D601-8847F2573405&url=%252Fno%252Fbuy%252Findex.html%253Fpage%253D1%2526edid%253D0C675B35-F010-2227-D951-9B816929F720%2526hlv%253D6689073e-8c4c-4a91-9de2-1a850a01000f%2523v131509698 HTTP/1.1" 200 245
47.79.120.246 - - [28/Feb/2025:01:19:21 +0100] "GET /ticket2/opencms/en/buy/?page=10&eventid=C74FFB12-3B0B-5C8C-C6D2-2C26C26C32B6 HTTP/1.1" 200 91323
47.128.114.197 - - [28/Feb/2025:01:19:22 +0100] "GET /ticket2/opencms/fr/buy?edid=830F2AEC-7FB6-11C1-AD11-54BD6744D648 HTTP/1.1" 200 91066
20.171.207.246 - - [28/Feb/2025:01:19:22 +0100] "GET /ticket2/opencms/set_aff_cookie.jsp?partner=57601924-FB09-5BB2-867F-08B4EB522BA8&url=%252Fnl%252Fbuy%252Findex.html%253Fpage%253D1%2526edid%253D3289C097-2261-9433-8644-DF033A9EE354%2526hlv%253D66cb7337-5124-4348-b364-04690a01000f%2523v626480708 HTTP/1.1" 200 245
20.171.207.246 - - [28/Feb/2025:01:19:23 +0100] "GET /ticket2/opencms/set_aff_cookie.jsp?partner=6F250EA7-4505-FA01-D601-8847F2573405&url=%252Fen%252Fbuy%252Findex.html%253Fpage%253D1%2526edid%253D26467E66-E432-3709-0425-A75E81B5021A%2526hlv%253D66cb7327-c710-41b0-91c4-04690a01000f%2523v1038485278 HTTP/1.1" 200 246
152.53.50.50 - - [28/Feb/2025:01:19:24 +0100] "GET /ticket2/opencms/et/sport/jalgpallipiletid/serie-a/lecce HTTP/1.1" 200 96058
20.171.207.246 - - [28/Feb/2025:01:19:24 +0100] "GET /ticket2/opencms/set_aff_cookie.jsp?partner=6F250EA7-4505-FA01-D601-8847F2573405&url=%252Fru%252Fbuy%252Findex.html%253Fpage%253D1%2526edid%253D3289C097-2261-9433-8644-DF033A9EE354%2526hlv%253D666c5d15-3664-4735-8a5d-4e220a01000f%2523v361279013 HTTP/1.1" 200 245
216.244.66.238 - - [28/Feb/2025:01:19:25 +0100] "GET /ticket2/opencms/ka/sport/pekhburti-biletebi/la-liga/real-sociedad HTTP/1.1" 200 102515
20.171.207.246 - - [28/Feb/2025:01:19:25 +0100] "GET /ticket2/opencms/set_aff_cookie.jsp?partner=6F250EA7-4505-FA01-D601-8847F2573405&url=%252Fsv%252Fbuy%252Findex.html%253Fpage%253D1%2526edid%253D50375D23-8B44-5172-3FB1-755B660EE76F%2526hlv%253D66867186-55f0-4aa6-b242-73030a01000f%2523v1435698183 HTTP/1.1" 200 246
54.36.148.227 - - [28/Feb/2025:01:19:25 +0100] "GET /ticket2/opencms/et/buy/?page=1&edid=99C77A16-8AF9-4675-97DE-42A41C4ECB4F HTTP/1.1" 200 111428
20.171.207.246 - - [28/Feb/2025:01:19:26 +0100] "GET /ticket2/opencms/set_aff_cookie.jsp?partner=6F250EA7-4505-FA01-D601-8847F2573405&url=%252Fsv%252Fbuy%252Findex.html%253Fpage%253D1%2526edid%253D7568E602-7C67-35D2-952F-D243F8930169%2526hlv%253D666dbc70-1108-42f7-9d70-4cf60a01000f%2523v256208178 HTTP/1.1" 200 245
185.191.171.3 - - [28/Feb/2025:01:19:27 +0100] "GET /ticket2/opencms/hr/magazine/article?title=luton HTTP/1.1" 200 92004
52.167.144.172 - - [28/Feb/2025:01:19:27 +0100] "GET /ticket2/opencms/ka/buy/?page=1&edid=DBCB670C-EAE9-7F44-B448-BBDB9AB99CFF HTTP/1.1" 200 117885
20.171.207.246 - - [28/Feb/2025:01:19:28 +0100] "GET /ticket2/opencms/set_aff_cookie.jsp?partner=6F250EA7-4505-FA01-D601-8847F2573405&url=%252Fen%252Fbuy%252Findex.html%253Fpage%253D1%2526edid%253D3289C097-2261-9433-8644-DF033A9EE354%2526hlv%253D666c5d14-b000-40b7-a7f1-4e220a01000f%2523v1154325658 HTTP/1.1" 200 246
47.128.124.70 - - [28/Feb/2025:01:19:29 +0100] "GET /ticket2/opencms/mt/buy/?edid=23688B8D-8D21-EBA0-1897-8BC6CFFE57DE HTTP/1.1" 200 91737
20.171.207.246 - - [28/Feb/2025:01:19:29 +0100] "GET /ticket2/opencms/set_aff_cookie.jsp?partner=6F250EA7-4505-FA01-D601-8847F2573405&url=%252Fsv%252Fbuy%252Findex.html%253Fpage%253D1%2526edid%253D9AA6E90F-1A8F-8723-F266-C4056D23056B%2526hlv%253D6724b884-7740-4134-8138-2d1c0a01000f%2523v1844956645 HTTP/1.1" 200 246
20.171.207.246 - - [28/Feb/2025:01:19:30 +0100] "GET /ticket2/opencms/set_aff_cookie.jsp?partner=6F250EA7-4505-FA01-D601-8847F2573405&url=%252Fru%252Fbuy%252Findex.html%253Fpage%253D1%2526edid%253D3289C097-2261-9433-8644-DF033A9EE354%2526hlv%253D666c5d18-04c8-4f51-a71d-4e220a01000f%2523v2027814600 HTTP/1.1" 200 246
20.171.207.246 - - [28/Feb/2025:01:19:31 +0100] "GET /ticket2/opencms/set_aff_cookie.jsp?partner=6F250EA7-4505-FA01-D601-8847F2573405&url=%252Fdk%252Fbuy%252Findex.html%253Fpage%253D1%2526edid%253DC4A85847-D040-EB89-2141-54F1A8B66277%2526hlv%253D66866fb0-8670-4905-995a-72ff0a01000f%2523v553900838 HTTP/1.1" 200 245
101.46.9.21 - - [28/Feb/2025:01:19:32 +0100] "GET /ticket2/opencms/tr/buy?page=1&edid=37459553-F765-6A83-58BB-25CA313B1325 HTTP/1.1" 200 111175
20.171.207.246 - - [28/Feb/2025:01:19:32 +0100] "GET /ticket2/opencms/set_aff_cookie.jsp?partner=57601924-FB09-5BB2-867F-08B4EB522BA8&url=%252Fnl%252Fbuy%252Findex.html%253Fpage%253D1%2526edid%253D3289C097-2261-9433-8644-DF033A9EE354%2526hlv%253D666c5d19-75f4-4867-8984-4e220a01000f%2523v994484857 HTTP/1.1" 200 245
54.36.148.135 - - [28/Feb/2025:01:19:33 +0100] "GET /ticket2/opencms/bs/buy?page=1&edid=6D553E3C-BACA-E048-6D4A-5E9D197667EC HTTP/1.1" 200 112162
20.171.207.246 - - [28/Feb/2025:01:19:33 +0100] "GET /ticket2/opencms/set_aff_cookie.jsp?partner=6F250EA7-4505-FA01-D601-8847F2573405&url=%252Fno%252Fbuy%252Findex.html%253Fpage%253D1%2526edid%253D26467E66-E432-3709-0425-A75E81B5021A%2526hlv%253D666c5d29-5798-4091-9eb1-4e220a01000f%2523v785261524 HTTP/1.1" 200 245
202.8.43.77 - - [28/Feb/2025:01:19:34 +0100] "GET /ticket2/opencms/system/modules/com.gridnine.opencms.ticketbrokerage.site/resources/css/calendar.css HTTP/1.1" 200 6871
202.8.43.77 - - [28/Feb/2025:01:19:34 +0100] "GET /ticket2/opencms/system/modules/com.gridnine.opencms.ticketbrokerage.site/resources/css/ticketbrokerage.css HTTP/1.1" 200 39339
202.8.43.77 - - [28/Feb/2025:01:19:34 +0100] "GET /ticket2/opencms/system/modules/com.gridnine.opencms.ticketbrokerage.site/resources/css/jquery-ui.css HTTP/1.1" 200 33221
202.8.43.77 - - [28/Feb/2025:01:19:34 +0100] "GET /ticket2/opencms/system/modules/com.gridnine.opencms.ticketbrokerage.site/resources/css/jquery.fancybox.css HTTP/1.1" 200 4939
202.8.43.77 - - [28/Feb/2025:01:19:34 +0100] "GET /ticket2/opencms/system/modules/com.gridnine.opencms.ticketbrokerage.site/resources/css/standard.css HTTP/1.1" 200 74207
202.8.43.77 - - [28/Feb/2025:01:19:34 +0100] "GET /ticket2/opencms/system/modules/com.gridnine.opencms.ticketbrokerage.site/resources/js/jquery/jquery.js HTTP/1.1" 200 93868
202.8.43.77 - - [28/Feb/2025:01:19:35 +0100] "GET /ticket2/opencms/system/modules/com.gridnine.opencms.ticketbrokerage.site/resources/js/functions.js HTTP/1.1" 200 1583
202.8.43.77 - - [28/Feb/2025:01:19:35 +0100] "GET /ticket2/opencms/system/modules/com.gridnine.opencms.ticketbrokerage.site/resources/js/jquery/jquery-ui.js HTTP/1.1" 200 228088
202.8.43.77 - - [28/Feb/2025:01:19:35 +0100] "GET /ticket2/opencms/system/modules/com.gridnine.opencms.ticketbrokerage.site/resources/js/calendar.js HTTP/1.1" 200 49229
202.8.43.77 - - [28/Feb/2025:01:19:35 +0100] "GET /ticket2/opencms/system/modules/com.gridnine.opencms.ticketbrokerage.site/resources/js/calendar-setup.js HTTP/1.1" 200 4923
202.8.43.77 - - [28/Feb/2025:01:19:35 +0100] "GET /ticket2/opencms/system/modules/com.gridnine.opencms.ticketbrokerage.site/resources/js/calendar-en.js HTTP/1.1" 200 3338
20.171.207.246 - - [28/Feb/2025:01:19:35 +0100] "GET /ticket2/opencms/set_aff_cookie.jsp?partner=6F250EA7-4505-FA01-D601-8847F2573405&url=%252Fdk%252Fbuy%252Findex.html%253Fpage%253D1%2526edid%253D26467E66-E432-3709-0425-A75E81B5021A%2526hlv%253D666c5d28-8590-471d-b6b6-4e220a01000f%2523v_863661131 HTTP/1.1" 200 246
202.8.43.77 - - [28/Feb/2025:01:19:35 +0100] "GET /ticket2/opencms/system/modules/com.gridnine.opencms.ticketbrokerage.site/resources/js/jquery.fancybox.pack.js HTTP/1.1" 200 23187
202.8.43.77 - - [28/Feb/2025:01:19:35 +0100] "GET /ticket2/opencms/system/modules/com.gridnine.opencms.ticketbrokerage.site/resources/js/stickyfill.min.js HTTP/1.1" 200 5672
202.8.43.77 - - [28/Feb/2025:01:19:35 +0100] "GET /ticket2/opencms/system/modules/com.gridnine.opencms.ticketbrokerage.site/resources/js/standard.js HTTP/1.1" 200 3983
202.8.43.77 - - [28/Feb/2025:01:19:35 +0100] "GET /ticket2/opencms/system/modules/com.gridnine.opencms.ticketbrokerage.site/resources/js/jquery.placeholder.min.js HTTP/1.1" 200 1737
202.8.43.77 - - [28/Feb/2025:01:19:35 +0100] "GET /ticket2/opencms/system/modules/com.gridnine.opencms.ticketbrokerage.site/resources/js/common-ajax.js HTTP/1.1" 200 20175
202.8.43.77 - - [28/Feb/2025:01:19:35 +0100] "GET /ticket2/opencms/bs/ask-form.html HTTP/1.1" 200 3156
202.8.43.77 - - [28/Feb/2025:01:19:35 +0100] "GET /ticket2/opencms/system/modules/com.gridnine.opencms.ticketbrokerage.site/resources/css/ticketbrokerage.css HTTP/1.1" 200 39339
114.119.136.30 - - [28/Feb/2025:01:19:35 +0100] "GET /ticket2/opencms/fr/buy?page=1&=439D29FA-F236-A6D6-CD43-17BBF1CDD5E9 HTTP/1.1" 200 -
20.171.207.246 - - [28/Feb/2025:01:19:36 +0100] "GET /ticket2/opencms/set_aff_cookie.jsp?partner=6F250EA7-4505-FA01-D601-8847F2573405&url=%252Fen%252Fbuy%252Findex.html%253Fpage%253D1%2526edid%253D47C0370F-9915-7673-E038-7AD65907592C%2526hlv%253D666d50d3-02a4-4693-8245-70d60a01000f%2523v2051701271 HTTP/1.1" 200 246
185.191.171.17 - - [28/Feb/2025:01:19:36 +0100] "GET /ticket2/opencms/ro/sport/bilete-fotbal/serie-a/roma HTTP/1.1" 200 99879
20.171.207.246 - - [28/Feb/2025:01:19:37 +0100] "GET /ticket2/opencms/set_aff_cookie.jsp?partner=6F250EA7-4505-FA01-D601-8847F2573405&url=%252Fdk%252Fbuy%252Findex.html%253Fpage%253D1%2526edid%253D3289C097-2261-9433-8644-DF033A9EE354%2526hlv%253D666c5d17-4c84-494f-b078-4e220a01000f%2523v1275680600 HTTP/1.1" 200 246
54.197.178.107 - - [28/Feb/2025:01:19:37 +0100] "GET /ticket2/opencms/sites/ticketbrokerage/sv/sport/fotbollsbiljetter/premier_league/fulham/wigan.html HTTP/1.1" 404 -
20.171.207.246 - - [28/Feb/2025:01:19:38 +0100] "GET /ticket2/opencms/set_aff_cookie.jsp?partner=57601924-FB09-5BB2-867F-08B4EB522BA8&url=%252Fru%252Fbuy%252Findex.html%253Fpage%253D1%2526edid%253D3289C097-2261-9433-8644-DF033A9EE354%2526hlv%253D666c5d19-75f4-4867-8984-4e220a01000f%2523v994484857 HTTP/1.1" 200 245
20.171.207.246 - - [28/Feb/2025:01:19:39 +0100] "GET /ticket2/opencms/set_aff_cookie.jsp?partner=57601924-FB09-5BB2-867F-08B4EB522BA8&url=%252Fdk%252Fbuy%252Findex.html%253Fpage%253D1%2526edid%253D3289C097-2261-9433-8644-DF033A9EE354%2526hlv%253D666c5d15-85a4-4668-9396-4e220a01000f%2523v330612534 HTTP/1.1" 200 245
54.36.148.245 - - [28/Feb/2025:01:19:40 +0100] "GET /ticket2/opencms/az/sport/futbol-biletleri/la-liga/real-madrid/ HTTP/1.1" 200 94630
20.171.207.246 - - [28/Feb/2025:01:19:40 +0100] "GET /ticket2/opencms/set_aff_cookie.jsp?partner=6F250EA7-4505-FA01-D601-8847F2573405&url=%252Fnl%252Fbuy%252Findex.html%253Fpage%253D1%2526edid%253DC4A85847-D040-EB89-2141-54F1A8B66277%2526hlv%253D66866fb0-8670-4905-995a-72ff0a01000f%2523v553900838 HTTP/1.1" 200 245
20.171.207.246 - - [28/Feb/2025:01:19:42 +0100] "GET /ticket2/opencms/set_aff_cookie.jsp?partner=6F250EA7-4505-FA01-D601-8847F2573405&url=%252Fen%252Fbuy%252Findex.html%253Fpage%253D1%2526edid%253D3289C097-2261-9433-8644-DF033A9EE354%2526hlv%253D666c5d16-38f4-405a-87a3-4e220a01000f%2523v273396126 HTTP/1.1" 200 245
20.171.207.246 - - [28/Feb/2025:01:19:43 +0100] "GET /ticket2/opencms/set_aff_cookie.jsp?partner=6F250EA7-4505-FA01-D601-8847F2573405&url=%252Ffi%252Fbuy%252Findex.html%253Fpage%253D1%2526edid%253D26467E66-E432-3709-0425-A75E81B5021A%2526hlv%253D666c5d2a-5228-4e85-a436-4e220a01000f%2523v1058490457 HTTP/1.1" 200 246
20.171.207.246 - - [28/Feb/2025:01:19:44 +0100] "GET /ticket2/opencms/set_aff_cookie.jsp?partner=6F250EA7-4505-FA01-D601-8847F2573405&url=%252Fnl%252Fbuy%252Findex.html%253Fpage%253D1%2526edid%253D7568E602-7C67-35D2-952F-D243F8930169%2526hlv%253D666dbc70-1108-42f7-9d70-4cf60a01000f%2523v256208178 HTTP/1.1" 200 245
20.171.207.246 - - [28/Feb/2025:01:19:45 +0100] "GET /ticket2/opencms/set_aff_cookie.jsp?partner=6F250EA7-4505-FA01-D601-8847F2573405&url=%252Ffi%252Fbuy%252Findex.html%253Fpage%253D1%2526edid%253D47C0370F-9915-7673-E038-7AD65907592C%2526hlv%253D666d50d4-0504-430a-8cf0-70d60a01000f%2523v1450904030 HTTP/1.1" 200 246
20.171.207.246 - - [28/Feb/2025:01:19:46 +0100] "GET /ticket2/opencms/set_aff_cookie.jsp?partner=6F250EA7-4505-FA01-D601-8847F2573405&url=%252Fno%252Fbuy%252Findex.html%253Fpage%253D1%2526edid%253D0C675B35-F010-2227-D951-9B816929F720%2526hlv%253D6689073e-66b4-4b4e-9b7c-1a850a01000f%2523v1582559207 HTTP/1.1" 200 246
20.171.207.246 - - [28/Feb/2025:01:19:47 +0100] "GET /ticket2/opencms/set_aff_cookie.jsp?partner=6F250EA7-4505-FA01-D601-8847F2573405&url=%252Fen%252Fbuy%252Findex.html%253Fpage%253D1%2526edid%253D5C16C231-B966-190F-EDF0-005493349D4E%2526hlv%253D6692420a-9e70-4744-8941-068d0a01000f%2523v829429730 HTTP/1.1" 200 245
20.171.207.246 - - [28/Feb/2025:01:19:48 +0100] "GET /ticket2/opencms/set_aff_cookie.jsp?partner=6F250EA7-4505-FA01-D601-8847F2573405&url=%252Ffi%252Fbuy%252Findex.html%253Fpage%253D1%2526edid%253D50375D23-8B44-5172-3FB1-755B660EE76F%2526hlv%253D66867186-6e7c-4a78-962f-73030a01000f%2523v977641183 HTTP/1.1" 200 245
141.255.166.90 - - [28/Feb/2025:01:19:50 +0100] "GET /cgi-bin/luci/;stok=/locale HTTP/1.1" 404 -
20.171.207.246 - - [28/Feb/2025:01:19:50 +0100] "GET /ticket2/opencms/set_aff_cookie.jsp?partner=6F250EA7-4505-FA01-D601-8847F2573405&url=%252Fno%252Fbuy%252Findex.html%253Fpage%253D1%2526edid%253D3289C097-2261-9433-8644-DF033A9EE354%2526hlv%253D666c5d16-2e50-4286-872b-4e220a01000f%2523v701614489 HTTP/1.1" 200 245
54.36.149.27 - - [28/Feb/2025:01:19:50 +0100] "GET /ticket2/opencms/sv/buy/?page=1&edid=9BBBC99D-9BE8-492C-BD4A-8B73CDBF11B6 HTTP/1.1" 200 108087
20.171.207.246 - - [28/Feb/2025:01:19:51 +0100] "GET /ticket2/opencms/set_aff_cookie.jsp?partner=6F250EA7-4505-FA01-D601-8847F2573405&url=%252Ffi%252Fbuy%252Findex.html%253Fpage%253D1%2526edid%253D3289C097-2261-9433-8644-DF033A9EE354%2526hlv%253D666c5d16-0b1c-4017-a769-4e220a01000f%2523v1515878399 HTTP/1.1" 200 246
85.208.96.202 - - [28/Feb/2025:01:19:51 +0100] "GET /ticket2/opencms/ga/magazine/article?title=liosta-na-n-ainmnithe-don-ballon-dor HTTP/1.1" 200 94929
20.171.207.246 - - [28/Feb/2025:01:19:52 +0100] "GET /ticket2/opencms/set_aff_cookie.jsp?partner=6F250EA7-4505-FA01-D601-8847F2573405&url=%252Ffi%252Fbuy%252Findex.html%253Fpage%253D1%2526edid%253D74430233-0066-0F2D-297C-6BDDB67075CE%2526hlv%253D66d03ad1-e004-4449-8508-75040a01000f%2523v1192938050 HTTP/1.1" 200 246
20.171.207.246 - - [28/Feb/2025:01:19:53 +0100] "GET /ticket2/opencms/set_aff_cookie.jsp?partner=6F250EA7-4505-FA01-D601-8847F2573405&url=%252Fnl%252Fbuy%252Findex.html%253Fpage%253D1%2526edid%253D87B3356E-6F78-7F45-235C-4CD49B95C308%2526hlv%253D669148e3-00b0-4940-834b-48a80a01000f%2523v2010609175 HTTP/1.1" 200 246
20.171.207.246 - - [28/Feb/2025:01:19:54 +0100] "GET /ticket2/opencms/set_aff_cookie.jsp?partner=6F250EA7-4505-FA01-D601-8847F2573405&url=%252Fnl%252Fbuy%252Findex.html%253Fpage%253D1%2526edid%253D78F53753-F856-B158-388A-6B70B4CA55C8%2526hlv%253D66b38017-79d8-42c9-a247-74430a01000f%2523v867646333 HTTP/1.1" 200 245
20.171.207.246 - - [28/Feb/2025:01:19:55 +0100] "GET /ticket2/opencms/set_aff_cookie.jsp?partner=6F250EA7-4505-FA01-D601-8847F2573405&url=%252Fnl%252Fbuy%252Findex.html%253Fpage%253D1%2526edid%253D0C675B35-F010-2227-D951-9B816929F720%2526hlv%253D6689073e-8ea4-4695-bc1c-1a850a01000f%2523v557489946 HTTP/1.1" 200 245
54.36.149.6 - - [28/Feb/2025:01:19:56 +0100] "GET /ticket2/opencms/bg/buy/?page=1&edid=BE86B5EF-5564-EB49-7409-BA54955A78A8 HTTP/1.1" 200 114297
