20.171.207.246 - - [28/Feb/2025:00:48:57 +0100] "GET /ticket2/opencms/set_aff_cookie.jsp?partner=57601924-FB09-5BB2-867F-08B4EB522BA8&url=%252Fno%252Fbuy%252Findex.html%253Fpage%253D1%2526edid%253D1922F4C1-0D89-1ACA-A50D-EFC3C58AA17B%2526hlv%253D60f5c537-d544-450e-b501-1de00a01000f%2523v_1239071306 HTTP/1.1" 200 247
149.202.86.139 - - [28/Feb/2025:00:48:58 +0100] "GET /ticket2/opencms/dk/buy/?page=1&edid=8867FCC5-91CC-4F4B-65F3-12F18C7B3482 HTTP/1.1" 200 110918
20.171.207.246 - - [28/Feb/2025:00:48:58 +0100] "GET /ticket2/opencms/set_aff_cookie.jsp?partner=57601924-FB09-5BB2-867F-08B4EB522BA8&url=%252Fsv%252Fbuy%252Findex.html%253Fpage%253D1%2526edid%253DE8BA54CC-B112-3D61-BE02-1B4D1E4F63D1%2526hlv%253D666ddc0c-060c-4d22-92f0-6a330a01000f%2523v_844428761 HTTP/1.1" 200 246
20.171.207.246 - - [28/Feb/2025:00:49:00 +0100] "GET /ticket2/opencms/set_aff_cookie.jsp?partner=6F250EA7-4505-FA01-D601-8847F2573405&url=%252Fen%252Fbuy%252Findex.html%253Fpage%253D1%2526edid%253D1B6F6A2B-A0DA-FF91-EC4E-3DCAA442C25B%2526hlv%253D666d531f-28b4-4f23-8ca2-72b30a01000f%2523v_1308511436 HTTP/1.1" 200 247
20.171.207.246 - - [28/Feb/2025:00:49:01 +0100] "GET /ticket2/opencms/set_aff_cookie.jsp?partner=57601924-FB09-5BB2-867F-08B4EB522BA8&url=%252Fno%252Fbuy%252Findex.html%253Fpage%253D1%2526edid%253DE8BA54CC-B112-3D61-BE02-1B4D1E4F63D1%2526hlv%253D666ddc0c-7b00-441a-8763-6a330a01000f%2523v_578138564 HTTP/1.1" 200 246
44.218.170.184 - - [28/Feb/2025:00:49:01 +0100] "GET /ticket2/opencms/ro/sport/bilete-fotbal/english-championship/hull-city HTTP/1.1" 404 -
149.202.86.139 - - [28/Feb/2025:00:49:01 +0100] "GET /ticket2/opencms/dk/buy/?page=1&edid=8867FCC5-91CC-4F4B-65F3-12F18C7B3482&sortorder=desc&column=price HTTP/1.1" 200 111958
20.171.207.246 - - [28/Feb/2025:00:49:02 +0100] "GET /ticket2/opencms/set_aff_cookie.jsp?partner=5E0CDF29-E7BE-9F6B-6869-7BF66B04006F&url=%252Fsv%252Fbuy%252Findex.html%253Fpage%253D1%2526edid%253DC68D3A19-7AB1-B0F6-2F8E-E937CB754241%2526hlv%253D669388d7-567c-4b7f-9747-6fc60a01000f%2523v_146408793 HTTP/1.1" 200 246
20.171.207.246 - - [28/Feb/2025:00:49:03 +0100] "GET /ticket2/opencms/set_aff_cookie.jsp?partner=5E0CDF29-E7BE-9F6B-6869-7BF66B04006F&url=%252Fen%252Fbuy%252Findex.html%253Fpage%253D1%2526edid%253D66C22035-E7EA-E10A-4BFC-2C30733037DC%2526hlv%253D666d4a38-91e0-40d3-99cc-6bb30a01000f%2523v1474455949 HTTP/1.1" 200 246
20.171.207.246 - - [28/Feb/2025:00:49:04 +0100] "GET /ticket2/opencms/set_aff_cookie.jsp?partner=2E02071B-A8C3-4CBA-3097-C27D61C02ED8&url=%252Fru%252Fbuy%252Findex.html%253Fpage%253D1%2526edid%253D6ED08D04-7263-AC79-DA04-AFB97DC97A00%2526hlv%253D6693908e-5980-4fcd-b2bf-74840a01000f%2523v_976063166 HTTP/1.1" 200 246
52.167.144.137 - - [28/Feb/2025:00:49:05 +0100] "GET /ticket2/opencms/en/buy?page=1&edid=F86A3572-4FC7-083F-0C05-72515D18170D HTTP/1.1" 200 110669
54.36.149.61 - - [28/Feb/2025:00:49:05 +0100] "GET /ticket2/opencms/mo/buy?page=1&edid=E5A432C8-DA4B-0B1D-D158-7FE1F332A199 HTTP/1.1" 200 108745
149.202.86.139 - - [28/Feb/2025:00:49:05 +0100] "GET /ticket2/opencms/dk/buy/?page=1&edid=8867FCC5-91CC-4F4B-65F3-12F18C7B3482&sortorder=desc&column=section HTTP/1.1" 200 111975
20.171.207.246 - - [28/Feb/2025:00:49:05 +0100] "GET /ticket2/opencms/set_aff_cookie.jsp?partner=5E0CDF29-E7BE-9F6B-6869-7BF66B04006F&url=%252Fen%252Fbuy%252Findex.html%253Fpage%253D1%2526edid%253D616E0307-EF5A-C0BC-E2E4-858595D5400D%2526hlv%253D60c9e9a2-e0c8-4479-a18a-271f0a01000f%2523v_744208480 HTTP/1.1" 200 246
202.8.40.72 - - [28/Feb/2025:00:49:06 +0100] "GET /ticket2/opencms/system/modules/com.gridnine.opencms.ticketbrokerage.site/resources/css/ticketbrokerage.css HTTP/1.1" 200 39339
202.8.40.72 - - [28/Feb/2025:00:49:06 +0100] "GET /ticket2/opencms/system/modules/com.gridnine.opencms.ticketbrokerage.site/resources/css/standard.css HTTP/1.1" 200 74207
202.8.40.72 - - [28/Feb/2025:00:49:06 +0100] "GET /ticket2/opencms/system/modules/com.gridnine.opencms.ticketbrokerage.site/resources/css/calendar.css HTTP/1.1" 200 6871
202.8.40.72 - - [28/Feb/2025:00:49:06 +0100] "GET /ticket2/opencms/system/modules/com.gridnine.opencms.ticketbrokerage.site/resources/css/jquery.fancybox.css HTTP/1.1" 200 4939
202.8.40.72 - - [28/Feb/2025:00:49:06 +0100] "GET /ticket2/opencms/system/modules/com.gridnine.opencms.ticketbrokerage.site/resources/css/jquery-ui.css HTTP/1.1" 200 33221
202.8.40.72 - - [28/Feb/2025:00:49:06 +0100] "GET /ticket2/opencms/system/modules/com.gridnine.opencms.ticketbrokerage.site/resources/js/jquery/jquery-ui.js HTTP/1.1" 200 228088
202.8.40.72 - - [28/Feb/2025:00:49:06 +0100] "GET /ticket2/opencms/system/modules/com.gridnine.opencms.ticketbrokerage.site/resources/js/functions.js HTTP/1.1" 200 1583
202.8.40.72 - - [28/Feb/2025:00:49:06 +0100] "GET /ticket2/opencms/system/modules/com.gridnine.opencms.ticketbrokerage.site/resources/js/jquery/jquery.js HTTP/1.1" 200 93868
202.8.40.72 - - [28/Feb/2025:00:49:06 +0100] "GET /ticket2/opencms/system/modules/com.gridnine.opencms.ticketbrokerage.site/resources/js/calendar-en.js HTTP/1.1" 200 3338
202.8.40.72 - - [28/Feb/2025:00:49:06 +0100] "GET /ticket2/opencms/system/modules/com.gridnine.opencms.ticketbrokerage.site/resources/js/calendar.js HTTP/1.1" 200 49229
202.8.40.72 - - [28/Feb/2025:00:49:06 +0100] "GET /ticket2/opencms/system/modules/com.gridnine.opencms.ticketbrokerage.site/resources/js/calendar-setup.js HTTP/1.1" 200 4923
202.8.40.72 - - [28/Feb/2025:00:49:06 +0100] "GET /ticket2/opencms/system/modules/com.gridnine.opencms.ticketbrokerage.site/resources/js/jquery.fancybox.pack.js HTTP/1.1" 200 23187
202.8.40.72 - - [28/Feb/2025:00:49:06 +0100] "GET /ticket2/opencms/system/modules/com.gridnine.opencms.ticketbrokerage.site/resources/js/stickyfill.min.js HTTP/1.1" 200 5672
202.8.40.72 - - [28/Feb/2025:00:49:06 +0100] "GET /ticket2/opencms/system/modules/com.gridnine.opencms.ticketbrokerage.site/resources/js/standard.js HTTP/1.1" 200 3983
202.8.40.72 - - [28/Feb/2025:00:49:07 +0100] "GET /ticket2/opencms/system/modules/com.gridnine.opencms.ticketbrokerage.site/resources/js/jquery.placeholder.min.js HTTP/1.1" 200 1737
202.8.40.72 - - [28/Feb/2025:00:49:07 +0100] "GET /ticket2/opencms/system/modules/com.gridnine.opencms.ticketbrokerage.site/resources/js/common-ajax.js HTTP/1.1" 200 20175
20.171.207.246 - - [28/Feb/2025:00:49:07 +0100] "GET /ticket2/opencms/set_aff_cookie.jsp?partner=5E0CDF29-E7BE-9F6B-6869-7BF66B04006F&url=%252Fen%252Fbuy%252Findex.html%253Fpage%253D1%2526edid%253D66B6FB17-4C70-8B35-3D9C-B87B9C32022F%2526hlv%253D60f84baa-909c-4d1f-85f9-72280a01000f%2523v_822669929 HTTP/1.1" 200 246
202.8.40.72 - - [28/Feb/2025:00:49:07 +0100] "GET /ticket2/opencms/mo/ask-form.html HTTP/1.1" 200 3156
202.8.40.72 - - [28/Feb/2025:00:49:07 +0100] "GET /ticket2/opencms/system/modules/com.gridnine.opencms.ticketbrokerage.site/resources/css/ticketbrokerage.css HTTP/1.1" 200 39339
20.171.207.246 - - [28/Feb/2025:00:49:08 +0100] "GET /ticket2/opencms/set_aff_cookie.jsp?partner=8F6DE15D-D831-5787-AE7E-FEFF53476F85&url=%252Fsv%252Fbuy%252Findex.html%253Fpage%253D1%2526edid%253D150C2B47-38EB-0C0E-C664-5F863E9426DB%2526hlv%253D66cafa7d-7d10-4f25-912c-33480a01000f%2523v_1104845486 HTTP/1.1" 200 247
149.202.86.139 - - [28/Feb/2025:00:49:09 +0100] "GET /ticket2/opencms/dk/buy/?page=1&edid=886EBE00-AD4F-18AB-5952-938F90C93D16 HTTP/1.1" 200 110184
20.171.207.246 - - [28/Feb/2025:00:49:09 +0100] "GET /ticket2/opencms/set_aff_cookie.jsp?partner=57601924-FB09-5BB2-867F-08B4EB522BA8&url=%252Fsv%252Fbuy%252Findex.html%253Fpage%253D1%2526edid%253D70EF0ABB-9A80-4CE0-EE48-CC9265C1B361%2526hlv%253D6692485d-de28-4fc7-a9a7-16d80a01000f%2523v_465689954 HTTP/1.1" 200 246
185.191.171.6 - - [28/Feb/2025:00:49:10 +0100] "GET /ticket2/opencms/ga/about/press HTTP/1.1" 200 88936
173.252.69.115 - - [28/Feb/2025:00:49:10 +0100] "GET /ticket2/opencms/sr/buy/?page=1&edid=268D8165-50F1-AAA8-6C6A-3ABAD53C8B35 HTTP/1.1" 200 112411
20.171.207.246 - - [28/Feb/2025:00:49:10 +0100] "GET /ticket2/opencms/set_aff_cookie.jsp?partner=23A6AD98-906E-5BDD-600E-EC4EC8A45F97&url=%252Fen%252Fbuy%252Findex.html%253Fpage%253D1%2526edid%253D66C22035-E7EA-E10A-4BFC-2C30733037DC%2526hlv%253D666d4a3b-4548-401c-99b3-6bb30a01000f%2523v1373569127 HTTP/1.1" 200 246
20.171.207.246 - - [28/Feb/2025:00:49:11 +0100] "GET /ticket2/opencms/set_aff_cookie.jsp?partner=5E0CDF29-E7BE-9F6B-6869-7BF66B04006F&url=%252Fnl%252Fbuy%252Findex.html%253Fpage%253D1%2526edid%253D150C2B47-38EB-0C0E-C664-5F863E9426DB%2526hlv%253D66cafa7c-d790-437f-8733-33480a01000f%2523v_793236202 HTTP/1.1" 200 246
20.171.207.246 - - [28/Feb/2025:00:49:12 +0100] "GET /ticket2/opencms/set_aff_cookie.jsp?partner=2E02071B-A8C3-4CBA-3097-C27D61C02ED8&url=%252Fru%252Fbuy%252Findex.html%253Fpage%253D1%2526edid%253D1C663B38-AAE8-15E5-78AB-F7247D2C67D4%2526hlv%253D666d70a3-e704-45ca-bb8f-0e670a01000f%2523v_2119698862 HTTP/1.1" 200 247
149.202.86.139 - - [28/Feb/2025:00:49:13 +0100] "GET /ticket2/opencms/dk/buy/?page=1&edid=88AE85E3-914C-45FF-C0A8-644BDD25A487&sortorder=asc&column=section HTTP/1.1" 200 111998
20.171.207.246 - - [28/Feb/2025:00:49:14 +0100] "GET /ticket2/opencms/set_aff_cookie.jsp?partner=5E0CDF29-E7BE-9F6B-6869-7BF66B04006F&url=%252Fsv%252Fbuy%252Findex.html%253Fpage%253D1%2526edid%253DC68D3A19-7AB1-B0F6-2F8E-E937CB754241%2526hlv%253D669388d5-e490-43d6-a16f-6fc60a01000f%2523v_2010025823 HTTP/1.1" 200 247
54.36.149.39 - - [28/Feb/2025:00:49:15 +0100] "GET /ticket2/opencms/ka/buy?page=1&edid=AA408C72-2073-316B-FBC7-E94200A17373 HTTP/1.1" 200 114592
20.171.207.246 - - [28/Feb/2025:00:49:15 +0100] "GET /ticket2/opencms/set_aff_cookie.jsp?partner=2E02071B-A8C3-4CBA-3097-C27D61C02ED8&url=%252Fsv%252Fbuy%252Findex.html%253Fpage%253D1%2526edid%253D66C22035-E7EA-E10A-4BFC-2C30733037DC%2526hlv%253D666d4a3a-98dc-4540-9243-6bb30a01000f%2523v378045717 HTTP/1.1" 200 245
20.171.207.246 - - [28/Feb/2025:00:49:16 +0100] "GET /ticket2/opencms/set_aff_cookie.jsp?partner=8F6DE15D-D831-5787-AE7E-FEFF53476F85&url=%252Fdk%252Fbuy%252Findex.html%253Fpage%253D1%2526edid%253D6A920F16-DD42-2262-3AA2-B83D5743F13A%2526hlv%253D666cb1c7-1cb8-48b7-8a9e-44290a01000f%2523v_555049669 HTTP/1.1" 200 246
149.202.86.139 - - [28/Feb/2025:00:49:16 +0100] "GET /ticket2/opencms/dk/buy/?page=1&edid=89D89E9E-8D04-F641-B1B5-F18BACE2A9FB HTTP/1.1" 200 107156
20.171.207.246 - - [28/Feb/2025:00:49:17 +0100] "GET /ticket2/opencms/set_aff_cookie.jsp?partner=8F6DE15D-D831-5787-AE7E-FEFF53476F85&url=%252Fdk%252Fbuy%252Findex.html%253Fpage%253D1%2526edid%253D6F379414-70C4-400F-51D2-AFD37C8F2BC7%2526hlv%253D666d6ed0-d904-4686-aa57-0c140a01000f%2523v_748636180 HTTP/1.1" 200 246
20.171.207.246 - - [28/Feb/2025:00:49:18 +0100] "GET /ticket2/opencms/set_aff_cookie.jsp?partner=5E0CDF29-E7BE-9F6B-6869-7BF66B04006F&url=%252Fsv%252Fbuy%252Findex.html%253Fpage%253D1%2526edid%253D18631B4D-241F-1419-AEC9-B2739BCE7CC3%2526hlv%253D66b47e16-9f10-4957-bda1-1f380a01000f%2523v_1186754320 HTTP/1.1" 200 247
47.128.97.33 - - [28/Feb/2025:00:49:18 +0100] "GET /ticket2/opencms/sl/ HTTP/1.1" 200 105505
40.77.167.30 - - [28/Feb/2025:00:49:19 +0100] "GET /ticket2/opencms/bs/buy/?page=1&edid=CA58C888-F6D9-C60F-ADB8-6143B0EE43C9 HTTP/1.1" 200 110486
20.171.207.246 - - [28/Feb/2025:00:49:19 +0100] "GET /ticket2/opencms/set_aff_cookie.jsp?partner=8F6DE15D-D831-5787-AE7E-FEFF53476F85&url=%252Ffi%252Fbuy%252Findex.html%253Fpage%253D1%2526edid%253D1C663B38-AAE8-15E5-78AB-F7247D2C67D4%2526hlv%253D666d70a0-bd8c-4896-86aa-0e670a01000f%2523v_1505614518 HTTP/1.1" 200 247
149.202.86.139 - - [28/Feb/2025:00:49:20 +0100] "GET /ticket2/opencms/dk/buy/?page=1&edid=89D89E9E-8D04-F641-B1B5-F18BACE2A9FB&sortorder=desc&column=price HTTP/1.1" 200 108145
20.171.207.246 - - [28/Feb/2025:00:49:20 +0100] "GET /ticket2/opencms/set_aff_cookie.jsp?partner=8F6DE15D-D831-5787-AE7E-FEFF53476F85&url=%252Fno%252Fbuy%252Findex.html%253Fpage%253D1%2526edid%253D6A920F16-DD42-2262-3AA2-B83D5743F13A%2526hlv%253D666cb1ca-7240-4dd1-ba10-44290a01000f%2523v_733922959 HTTP/1.1" 200 246
185.191.171.17 - - [28/Feb/2025:00:49:21 +0100] "GET /ticket2/opencms/lt/ HTTP/1.1" 200 105651
185.191.171.16 - - [28/Feb/2025:00:49:21 +0100] "GET /ticket2/opencms/sv/sport/fotbollsbiljetter/premier_league/west-bromwich-albion/ HTTP/1.1" 200 89200
20.171.207.246 - - [28/Feb/2025:00:49:22 +0100] "GET /ticket2/opencms/set_aff_cookie.jsp?partner=5E0CDF29-E7BE-9F6B-6869-7BF66B04006F&url=%252Ffi%252Fbuy%252Findex.html%253Fpage%253D1%2526edid%253D150C2B47-38EB-0C0E-C664-5F863E9426DB%2526hlv%253D66cafa7b-7b44-4cf1-8b26-33480a01000f%2523v_1122343663 HTTP/1.1" 200 247
47.128.97.33 - - [28/Feb/2025:00:49:22 +0100] "GET /ticket2/opencms/img/banner-pl.jpeg HTTP/1.1" 200 41818
47.128.97.33 - - [28/Feb/2025:00:49:22 +0100] "GET /ticket2/opencms/img/banner-ll.jpeg HTTP/1.1" 200 41825
47.128.97.33 - - [28/Feb/2025:00:49:22 +0100] "GET /ticket2/opencms/img/banner-sa.jpeg HTTP/1.1" 200 41270
20.171.207.246 - - [28/Feb/2025:00:49:23 +0100] "GET /ticket2/opencms/set_aff_cookie.jsp?partner=57601924-FB09-5BB2-867F-08B4EB522BA8&url=%252Fsv%252Fbuy%252Findex.html%253Fpage%253D1%2526edid%253D1704DC47-D333-EEEA-B66A-BC4C3DDB8A1C%2526hlv%253D6144935a-72bc-4069-a6f5-77230a01000f%2523v_668655543 HTTP/1.1" 200 246
150.40.237.45 - - [28/Feb/2025:00:49:23 +0100] "GET /ticket2/opencms/bg/buy/?page=1&edid=CBDF47AD-F7D8-A677-7E8E-783C31186D97 HTTP/1.1" 200 111020
114.119.153.152 - - [28/Feb/2025:00:49:23 +0100] "GET /ticket2/opencms/sl/buy?page=1&=86B4B2B3-495F-6DCC-061F-2AA67B1599F7 HTTP/1.1" 200 -
54.36.148.75 - - [28/Feb/2025:00:49:23 +0100] "GET /ticket2/opencms/en/buy?page=1&edid=D04A2A75-C354-C952-6F83-6468E82B896B HTTP/1.1" 200 109076
20.171.207.246 - - [28/Feb/2025:00:49:24 +0100] "GET /ticket2/opencms/set_aff_cookie.jsp?partner=5E0CDF29-E7BE-9F6B-6869-7BF66B04006F&url=%252Fsv%252Fbuy%252Findex.html%253Fpage%253D1%2526edid%253D68B485F7-9483-6E4F-656D-602EE2AC621D%2526hlv%253D666d4b78-f54c-4436-a9ce-68b70a01000f%2523v_126912825 HTTP/1.1" 200 246
40.77.167.247 - - [28/Feb/2025:00:49:24 +0100] "GET /ticket2/opencms/is/buy/?page=1&edid=3B59287C-FC8E-8AC6-A203-D44566BFF3DE HTTP/1.1" 200 111210
149.202.86.139 - - [28/Feb/2025:00:49:24 +0100] "GET /ticket2/opencms/dk/buy/?page=1&edid=89D89E9E-8D04-F641-B1B5-F18BACE2A9FB&sortorder=desc&column=row HTTP/1.1" 200 108139
20.171.207.246 - - [28/Feb/2025:00:49:25 +0100] "GET /ticket2/opencms/set_aff_cookie.jsp?partner=57601924-FB09-5BB2-867F-08B4EB522BA8&url=%252Fno%252Fbuy%252Findex.html%253Fpage%253D1%2526edid%253DE8BA54CC-B112-3D61-BE02-1B4D1E4F63D1%2526hlv%253D666ddc11-12cc-47d4-b76a-6a330a01000f%2523v_1682753230 HTTP/1.1" 200 247
20.171.207.246 - - [28/Feb/2025:00:49:26 +0100] "GET /ticket2/opencms/set_aff_cookie.jsp?partner=2E02071B-A8C3-4CBA-3097-C27D61C02ED8&url=%252Ffi%252Fbuy%252Findex.html%253Fpage%253D1%2526edid%253D160DAC9A-2A77-6FDC-52B8-296352B1ABF1%2526hlv%253D666c4b54-a4f0-4964-80fc-3e290a01000f%2523v_1952399860 HTTP/1.1" 200 247
20.171.207.246 - - [28/Feb/2025:00:49:27 +0100] "GET /ticket2/opencms/set_aff_cookie.jsp?partner=5E0CDF29-E7BE-9F6B-6869-7BF66B04006F&url=%252Fdk%252Fbuy%252Findex.html%253Fpage%253D1%2526edid%253D150C2B47-38EB-0C0E-C664-5F863E9426DB%2526hlv%253D66cafa7d-0524-4bbc-b635-33480a01000f%2523v_1847642748 HTTP/1.1" 200 247
149.202.86.139 - - [28/Feb/2025:00:49:28 +0100] "GET /ticket2/opencms/dk/buy/?page=1&edid=89F7AC70-7CFC-014F-98AE-25A9130B08C2 HTTP/1.1" 200 110230
20.171.207.246 - - [28/Feb/2025:00:49:29 +0100] "GET /ticket2/opencms/set_aff_cookie.jsp?partner=8F6DE15D-D831-5787-AE7E-FEFF53476F85&url=%252Fen%252Fbuy%252Findex.html%253Fpage%253D1%2526edid%253D0DC29C5C-A273-34CB-58F3-441C87554AF1%2526hlv%253D66b47f8b-3550-4fdc-862c-209b0a01000f%2523v_400561665 HTTP/1.1" 200 246
20.171.207.246 - - [28/Feb/2025:00:49:30 +0100] "GET /ticket2/opencms/set_aff_cookie.jsp?partner=2E02071B-A8C3-4CBA-3097-C27D61C02ED8&url=%252Fru%252Fbuy%252Findex.html%253Fpage%253D1%2526edid%253D6F6062BE-21E9-FCCC-41A7-E76CFE6D47E3%2526hlv%253D66938922-1b44-4fd2-a528-703c0a01000f%2523v_1046446911 HTTP/1.1" 200 247
20.171.207.246 - - [28/Feb/2025:00:49:31 +0100] "GET /ticket2/opencms/set_aff_cookie.jsp?partner=2E02071B-A8C3-4CBA-3097-C27D61C02ED8&url=%252Fdk%252Fbuy%252Findex.html%253Fpage%253D1%2526edid%253D6713F743-CFE1-C987-288D-AC8AB79C37B8%2526hlv%253D66900ffe-0b14-45bd-b230-18280a01000f%2523v_764455454 HTTP/1.1" 200 246
149.202.86.139 - - [28/Feb/2025:00:49:32 +0100] "GET /ticket2/opencms/dk/buy/?page=1&edid=8A23E726-1974-5413-8366-4570BB38FB56&sortorder=asc&column=price HTTP/1.1" 200 111128
20.171.207.246 - - [28/Feb/2025:00:49:32 +0100] "GET /ticket2/opencms/set_aff_cookie.jsp?partner=2E02071B-A8C3-4CBA-3097-C27D61C02ED8&url=%252Fnl%252Fbuy%252Findex.html%253Fpage%253D1%2526edid%253D633F01D0-5A5C-9D0B-88C4-F93446CDE176%2526hlv%253D60f8170e-4f18-474e-8bcb-5cf80a01000f%2523v_1908859647 HTTP/1.1" 200 247
54.36.148.29 - - [28/Feb/2025:00:49:32 +0100] "GET /ticket2/opencms/hu/sport/focijegyek/serie-a HTTP/1.1" 200 102793
40.77.167.24 - - [28/Feb/2025:00:49:32 +0100] "GET /ticket2/opencms/en/magazine/article?title=fc-liverpool-season-reflection HTTP/1.1" 200 92577
20.171.207.246 - - [28/Feb/2025:00:49:33 +0100] "GET /ticket2/opencms/set_aff_cookie.jsp?partner=2E02071B-A8C3-4CBA-3097-C27D61C02ED8&url=%252Fnl%252Fbuy%252Findex.html%253Fpage%253D1%2526edid%253D6ED08D04-7263-AC79-DA04-AFB97DC97A00%2526hlv%253D6693908e-ea2c-4f56-a5f6-74840a01000f%2523v_1202077759 HTTP/1.1" 200 247
202.8.42.20 - - [28/Feb/2025:00:49:34 +0100] "GET /ticket2/opencms/system/modules/com.gridnine.opencms.ticketbrokerage.site/resources/css/jquery.fancybox.css HTTP/1.1" 200 4939
202.8.42.20 - - [28/Feb/2025:00:49:34 +0100] "GET /ticket2/opencms/system/modules/com.gridnine.opencms.ticketbrokerage.site/resources/css/calendar.css HTTP/1.1" 200 6871
202.8.42.20 - - [28/Feb/2025:00:49:34 +0100] "GET /ticket2/opencms/system/modules/com.gridnine.opencms.ticketbrokerage.site/resources/css/standard.css HTTP/1.1" 200 74207
202.8.42.20 - - [28/Feb/2025:00:49:34 +0100] "GET /ticket2/opencms/system/modules/com.gridnine.opencms.ticketbrokerage.site/resources/css/jquery-ui.css HTTP/1.1" 200 33221
202.8.42.20 - - [28/Feb/2025:00:49:34 +0100] "GET /ticket2/opencms/system/modules/com.gridnine.opencms.ticketbrokerage.site/resources/js/calendar.js HTTP/1.1" 200 49229
202.8.42.20 - - [28/Feb/2025:00:49:34 +0100] "GET /ticket2/opencms/system/modules/com.gridnine.opencms.ticketbrokerage.site/resources/css/ticketbrokerage.css HTTP/1.1" 200 39339
202.8.42.20 - - [28/Feb/2025:00:49:34 +0100] "GET /ticket2/opencms/system/modules/com.gridnine.opencms.ticketbrokerage.site/resources/js/calendar-en.js HTTP/1.1" 200 3338
202.8.42.20 - - [28/Feb/2025:00:49:34 +0100] "GET /ticket2/opencms/system/modules/com.gridnine.opencms.ticketbrokerage.site/resources/js/jquery/jquery.js HTTP/1.1" 200 93868
202.8.42.20 - - [28/Feb/2025:00:49:34 +0100] "GET /ticket2/opencms/system/modules/com.gridnine.opencms.ticketbrokerage.site/resources/js/jquery/jquery-ui.js HTTP/1.1" 200 228088
202.8.42.20 - - [28/Feb/2025:00:49:34 +0100] "GET /ticket2/opencms/system/modules/com.gridnine.opencms.ticketbrokerage.site/resources/js/functions.js HTTP/1.1" 200 1583
202.8.42.20 - - [28/Feb/2025:00:49:34 +0100] "GET /ticket2/opencms/system/modules/com.gridnine.opencms.ticketbrokerage.site/resources/js/calendar-setup.js HTTP/1.1" 200 4923
202.8.42.20 - - [28/Feb/2025:00:49:34 +0100] "GET /ticket2/opencms/system/modules/com.gridnine.opencms.ticketbrokerage.site/resources/js/jquery.fancybox.pack.js HTTP/1.1" 200 23187
202.8.42.20 - - [28/Feb/2025:00:49:34 +0100] "GET /ticket2/opencms/system/modules/com.gridnine.opencms.ticketbrokerage.site/resources/js/standard.js HTTP/1.1" 200 3983
202.8.42.20 - - [28/Feb/2025:00:49:34 +0100] "GET /ticket2/opencms/system/modules/com.gridnine.opencms.ticketbrokerage.site/resources/js/stickyfill.min.js HTTP/1.1" 200 5672
202.8.42.20 - - [28/Feb/2025:00:49:34 +0100] "GET /ticket2/opencms/system/modules/com.gridnine.opencms.ticketbrokerage.site/resources/js/jquery.placeholder.min.js HTTP/1.1" 200 1737
202.8.42.20 - - [28/Feb/2025:00:49:34 +0100] "GET /ticket2/opencms/system/modules/com.gridnine.opencms.ticketbrokerage.site/resources/js/common-ajax.js HTTP/1.1" 200 20175
20.171.207.246 - - [28/Feb/2025:00:49:34 +0100] "GET /ticket2/opencms/set_aff_cookie.jsp?partner=8F6DE15D-D831-5787-AE7E-FEFF53476F85&url=%252Fsv%252Fbuy%252Findex.html%253Fpage%253D1%2526edid%253D66C22035-E7EA-E10A-4BFC-2C30733037DC%2526hlv%253D666d4a39-3894-4a88-a6d2-6bb30a01000f%2523v536684080 HTTP/1.1" 200 245
85.208.96.206 - - [28/Feb/2025:00:49:34 +0100] "GET /ticket2/opencms/it/buy_safety/ HTTP/1.1" 200 92490
20.171.207.246 - - [28/Feb/2025:00:49:35 +0100] "GET /ticket2/opencms/set_aff_cookie.jsp?partner=8F6DE15D-D831-5787-AE7E-FEFF53476F85&url=%252Fnl%252Fbuy%252Findex.html%253Fpage%253D1%2526edid%253D0DC29C5C-A273-34CB-58F3-441C87554AF1%2526hlv%253D66b47f8c-42b0-4f4a-8444-209b0a01000f%2523v_253718958 HTTP/1.1" 200 246
149.202.86.139 - - [28/Feb/2025:00:49:36 +0100] "GET /ticket2/opencms/dk/buy/?page=1&edid=8A23E726-1974-5413-8366-4570BB38FB56&sortorder=desc&column=price HTTP/1.1" 200 111256
20.171.207.246 - - [28/Feb/2025:00:49:37 +0100] "GET /ticket2/opencms/set_aff_cookie.jsp?partner=2E02071B-A8C3-4CBA-3097-C27D61C02ED8&url=%252Fno%252Fbuy%252Findex.html%253Fpage%253D1%2526edid%253DCD9CCE5B-E45C-7CA4-806C-47052D704B01%2526hlv%253D60f82071-1df4-4f93-86ab-60b10a01000f%2523v_1809221919 HTTP/1.1" 200 247
23.98.179.26 - - [28/Feb/2025:00:49:37 +0100] "GET /ticket2/opencms/ HTTP/1.1" 302 -
40.77.167.58 - - [28/Feb/2025:00:49:37 +0100] "GET /ticket2/opencms/lv/buy?page=1&edid=52B369B1-BB49-88CA-4CE7-CC99DB6D5BF5 HTTP/1.1" 200 111814
47.128.114.212 - - [28/Feb/2025:00:49:37 +0100] "GET /ticket2/opencms/be/buy/?edid=2887ECB1-AF21-0A67-0C3C-54D013C4C3B1 HTTP/1.1" 200 92620
20.171.207.246 - - [28/Feb/2025:00:49:38 +0100] "GET /ticket2/opencms/set_aff_cookie.jsp?partner=5E0CDF29-E7BE-9F6B-6869-7BF66B04006F&url=%252Fru%252Fbuy%252Findex.html%253Fpage%253D1%2526edid%253D2E7C3DB6-FDBC-8B55-9268-E31142D44B61%2526hlv%253D612b52fb-c708-40d0-9947-3cac0a01000f%2523v_1865197721 HTTP/1.1" 200 247
23.98.179.26 - - [28/Feb/2025:00:49:38 +0100] "GET /ticket2/opencms/en/ HTTP/1.1" 200 103798
20.171.207.246 - - [28/Feb/2025:00:49:39 +0100] "GET /ticket2/opencms/set_aff_cookie.jsp?partner=2E02071B-A8C3-4CBA-3097-C27D61C02ED8&url=%252Fsv%252Fbuy%252Findex.html%253Fpage%253D1%2526edid%253D6ED08D04-7263-AC79-DA04-AFB97DC97A00%2526hlv%253D6693908f-8fe4-4bbb-92a8-74840a01000f%2523v_1970779583 HTTP/1.1" 200 247
149.202.86.139 - - [28/Feb/2025:00:49:39 +0100] "GET /ticket2/opencms/dk/buy/?page=1&edid=8FFDF37D-6325-558E-3071-16365AF4C448&sortorder=desc&column=row HTTP/1.1" 200 108143
85.208.96.206 - - [28/Feb/2025:00:49:40 +0100] "GET /ticket2/opencms/pl/magazine/article?title=nowy-kapitan-druzyny-dejan-kulusevski HTTP/1.1" 200 91729
20.171.207.246 - - [28/Feb/2025:00:49:40 +0100] "GET /ticket2/opencms/set_aff_cookie.jsp?partner=57601924-FB09-5BB2-867F-08B4EB522BA8&url=%252Fsv%252Fbuy%252Findex.html%253Fpage%253D1%2526edid%253D70EF0ABB-9A80-4CE0-EE48-CC9265C1B361%2526hlv%253D6692485e-63b0-48d3-be4c-16d80a01000f%2523v_682496508 HTTP/1.1" 200 246
20.171.207.246 - - [28/Feb/2025:00:49:41 +0100] "GET /ticket2/opencms/set_aff_cookie.jsp?partner=5E0CDF29-E7BE-9F6B-6869-7BF66B04006F&url=%252Fdk%252Fbuy%252Findex.html%253Fpage%253D1%2526edid%253D150C2B47-38EB-0C0E-C664-5F863E9426DB%2526hlv%253D66cafa7e-ed2c-4618-9b42-33480a01000f%2523v_1234957467 HTTP/1.1" 200 247
54.36.148.199 - - [28/Feb/2025:00:49:42 +0100] "GET /ticket2/opencms/mo/buy?page=1&edid=AA408C72-2073-316B-FBC7-E94200A17373 HTTP/1.1" 200 108659
20.171.207.246 - - [28/Feb/2025:00:49:42 +0100] "GET /ticket2/opencms/set_aff_cookie.jsp?partner=8F6DE15D-D831-5787-AE7E-FEFF53476F85&url=%252Fno%252Fbuy%252Findex.html%253Fpage%253D1%2526edid%253D150C2B47-38EB-0C0E-C664-5F863E9426DB%2526hlv%253D66cafa7c-01b0-4d47-8f0e-33480a01000f%2523v_1232761166 HTTP/1.1" 200 247
20.171.207.246 - - [28/Feb/2025:00:49:43 +0100] "GET /ticket2/opencms/set_aff_cookie.jsp?partner=2E02071B-A8C3-4CBA-3097-C27D61C02ED8&url=%252Fsv%252Fbuy%252Findex.html%253Fpage%253D1%2526edid%253D70EF0ABB-9A80-4CE0-EE48-CC9265C1B361%2526hlv%253D6692485f-f30c-46e6-812a-16d80a01000f%2523v_718107046 HTTP/1.1" 200 246
149.202.86.139 - - [28/Feb/2025:00:49:43 +0100] "GET /ticket2/opencms/dk/buy/?page=1&edid=AA06C000-DF2C-3B04-3B09-08C263AEBAB6 HTTP/1.1" 200 110364
20.171.207.246 - - [28/Feb/2025:00:49:44 +0100] "GET /ticket2/opencms/set_aff_cookie.jsp?partner=5E0CDF29-E7BE-9F6B-6869-7BF66B04006F&url=%252Fno%252Fbuy%252Findex.html%253Fpage%253D1%2526edid%253D66FFE717-0C93-3F01-2AC8-8E7FC5F9BAB1%2526hlv%253D6689076b-7138-4102-a53a-1ba70a01000f%2523v1691558017 HTTP/1.1" 200 246
20.171.207.246 - - [28/Feb/2025:00:49:46 +0100] "GET /ticket2/opencms/set_aff_cookie.jsp?partner=2E02071B-A8C3-4CBA-3097-C27D61C02ED8&url=%252Fru%252Fbuy%252Findex.html%253Fpage%253D1%2526edid%253D150C2B47-38EB-0C0E-C664-5F863E9426DB%2526hlv%253D66cafa7d-9f74-414e-9a4f-33480a01000f%2523v_1512624388 HTTP/1.1" 200 247
20.171.207.246 - - [28/Feb/2025:00:49:47 +0100] "GET /ticket2/opencms/set_aff_cookie.jsp?partner=8F6DE15D-D831-5787-AE7E-FEFF53476F85&url=%252Fen%252Fbuy%252Findex.html%253Fpage%253D1%2526edid%253DEC2BC309-3510-AA04-CA0C-F3088D5C1D31%2526hlv%253D6686686d-be88-4b72-ba72-6b040a01000f%2523v_2056521966 HTTP/1.1" 200 247
185.191.171.16 - - [28/Feb/2025:00:49:47 +0100] "GET /ticket2/opencms/robots.txt HTTP/1.1" 200 773
149.202.86.139 - - [28/Feb/2025:00:49:47 +0100] "GET /ticket2/opencms/dk/buy/?page=1&edid=AA0D6F45-B5DD-F979-5C14-EC6AE31A425F&sortorder=asc&column=row HTTP/1.1" 200 110643
20.171.207.246 - - [28/Feb/2025:00:49:48 +0100] "GET /ticket2/opencms/set_aff_cookie.jsp?partner=5E0CDF29-E7BE-9F6B-6869-7BF66B04006F&url=%252Fsv%252Fbuy%252Findex.html%253Fpage%253D1%2526edid%253D14427B33-9BB8-BBB7-1EBA-73EE86A692A4%2526hlv%253D6693ad33-0b84-43b4-877f-07f70a01000f%2523v_1714451982 HTTP/1.1" 200 247
185.191.171.13 - - [28/Feb/2025:00:49:48 +0100] "GET /ticket2/opencms/sq/magazine/article?title=si-duhet-te-menaxhoje-manchester-united-krizen HTTP/1.1" 200 93651
20.171.207.246 - - [28/Feb/2025:00:49:49 +0100] "GET /ticket2/opencms/set_aff_cookie.jsp?partner=5E0CDF29-E7BE-9F6B-6869-7BF66B04006F&url=%252Ffi%252Fbuy%252Findex.html%253Fpage%253D1%2526edid%253D18631B4D-241F-1419-AEC9-B2739BCE7CC3%2526hlv%253D66b47e17-6f5c-4324-abc9-1f380a01000f%2523v_1089598476 HTTP/1.1" 200 247
85.208.96.205 - - [28/Feb/2025:00:49:49 +0100] "GET /ticket2/opencms/sk/faq/ HTTP/1.1" 200 90633
20.171.207.246 - - [28/Feb/2025:00:49:50 +0100] "GET /ticket2/opencms/set_aff_cookie.jsp?partner=57601924-FB09-5BB2-867F-08B4EB522BA8&url=%252Fen%252Fbuy%252Findex.html%253Fpage%253D1%2526edid%253D66C22035-E7EA-E10A-4BFC-2C30733037DC%2526hlv%253D666d4a39-7c00-4eda-a27f-6bb30a01000f%2523v1086035080 HTTP/1.1" 200 246
149.202.86.139 - - [28/Feb/2025:00:49:51 +0100] "GET /ticket2/opencms/dk/buy/?page=1&edid=B42BB733-E52E-258C-F325-85F6C957EB02&sortorder=desc&column=price HTTP/1.1" 200 111768
20.171.207.246 - - [28/Feb/2025:00:49:51 +0100] "GET /ticket2/opencms/set_aff_cookie.jsp?partner=2E02071B-A8C3-4CBA-3097-C27D61C02ED8&url=%252Ffi%252Fbuy%252Findex.html%253Fpage%253D1%2526edid%253D70EF0ABB-9A80-4CE0-EE48-CC9265C1B361%2526hlv%253D6692485f-49ac-47b6-8643-16d80a01000f%2523v_685942206 HTTP/1.1" 200 246
54.36.148.206 - - [28/Feb/2025:00:49:52 +0100] "GET /ticket2/opencms/en/buy?page=1&edid=79716713-A068-E79D-953B-9FF4A2B80AAB HTTP/1.1" 200 108927
205.210.31.232 - - [28/Feb/2025:00:49:53 +0100] "GET / HTTP/1.1" 404 -
20.171.207.246 - - [28/Feb/2025:00:49:53 +0100] "GET /ticket2/opencms/set_aff_cookie.jsp?partner=2E02071B-A8C3-4CBA-3097-C27D61C02ED8&url=%252Fen%252Fbuy%252Findex.html%253Fpage%253D1%2526edid%253D0DC29C5C-A273-34CB-58F3-441C87554AF1%2526hlv%253D66b47f8b-ad4c-42ed-b224-209b0a01000f%2523v_1613782221 HTTP/1.1" 200 247
20.171.207.246 - - [28/Feb/2025:00:49:54 +0100] "GET /ticket2/opencms/set_aff_cookie.jsp?partner=57601924-FB09-5BB2-867F-08B4EB522BA8&url=%252Fsv%252Fbuy%252Findex.html%253Fpage%253D1%2526edid%253D6E64EF54-063D-0F55-A1E7-7781348B9C83%2526hlv%253D60f5cbdc-fc78-4393-b47b-1efe0a01000f%2523v_862907552 HTTP/1.1" 200 246
52.167.144.17 - - [28/Feb/2025:00:49:54 +0100] "GET /ticket2/opencms/en/buy?page=1&edid=6491C4B6-5C45-20F3-BDEC-54EE4BA903D5 HTTP/1.1" 200 109728
46.250.162.11 - - [28/Feb/2025:00:49:54 +0100] "GET /ticket2/opencms/lt/magazine/article?title=brighton-and-hove-albion HTTP/1.1" 200 92548
20.171.207.246 - - [28/Feb/2025:00:49:55 +0100] "GET /ticket2/opencms/set_aff_cookie.jsp?partner=8F6DE15D-D831-5787-AE7E-FEFF53476F85&url=%252Ffi%252Fbuy%252Findex.html%253Fpage%253D1%2526edid%253D6F379414-70C4-400F-51D2-AFD37C8F2BC7%2526hlv%253D666d6ed3-91c0-4505-b0c1-0c140a01000f%2523v_332934705 HTTP/1.1" 200 246
149.202.86.139 - - [28/Feb/2025:00:49:55 +0100] "GET /ticket2/opencms/dk/buy/?page=1&edid=B44FDB64-52B9-2FED-89FD-31A7E0881296&sortorder=asc&column=price HTTP/1.1" 200 111194
20.171.207.246 - - [28/Feb/2025:00:49:56 +0100] "GET /ticket2/opencms/set_aff_cookie.jsp?partner=5E0CDF29-E7BE-9F6B-6869-7BF66B04006F&url=%252Fdk%252Fbuy%252Findex.html%253Fpage%253D1%2526edid%253D0CBED0CE-AD48-5853-8CA7-767C378C5971%2526hlv%253D6690089c-d760-4b10-a2cc-14010a01000f%2523v_243997788 HTTP/1.1" 200 246
47.79.0.5 - - [28/Feb/2025:00:49:57 +0100] "GET /ticket2/opencms/en/buy/?page=10&eventid=6FF9EBE1-05EE-AA1E-A54F-A9D14CF13922 HTTP/1.1" 200 95698
20.171.207.246 - - [28/Feb/2025:00:49:57 +0100] "GET /ticket2/opencms/set_aff_cookie.jsp?partner=8F6DE15D-D831-5787-AE7E-FEFF53476F85&url=%252Fru%252Fbuy%252Findex.html%253Fpage%253D1%2526edid%253D697BE447-74B7-A748-152F-A1818DA4BEC9%2526hlv%253D666d6f1c-8ec0-43f7-b810-0c190a01000f%2523v_1511279788 HTTP/1.1" 200 247
40.77.167.30 - - [28/Feb/2025:00:49:57 +0100] "GET /ticket2/opencms/ro/buy?page=1&edid=2011FF90-8A57-6A2F-9B46-947EE7103FE5 HTTP/1.1" 200 112768
20.171.207.246 - - [28/Feb/2025:00:49:58 +0100] "GET /ticket2/opencms/set_aff_cookie.jsp?partner=57601924-FB09-5BB2-867F-08B4EB522BA8&url=%252Fru%252Fbuy%252Findex.html%253Fpage%253D1%2526edid%253D66C22035-E7EA-E10A-4BFC-2C30733037DC%2526hlv%253D666d4a3a-7be0-462d-88ef-6bb30a01000f%2523v1884280715 HTTP/1.1" 200 246
69.176.91.65 - - [28/Feb/2025:00:49:59 +0100] "GET /ticket2/opencms/sq/buy/?edid=D4F26649-49E7-D9AD-008F-6A1EF16B5F3C&page=1 HTTP/1.1" 200 127389
149.202.86.139 - - [28/Feb/2025:00:49:59 +0100] "GET /ticket2/opencms/dk/buy/?page=1&edid=B5867527-E4E8-2B72-A634-6B0BB4ADFC64 HTTP/1.1" 200 109571
20.171.207.246 - - [28/Feb/2025:00:49:59 +0100] "GET /ticket2/opencms/set_aff_cookie.jsp?partner=8F6DE15D-D831-5787-AE7E-FEFF53476F85&url=%252Fen%252Fbuy%252Findex.html%253Fpage%253D1%2526edid%253DEC2BC309-3510-AA04-CA0C-F3088D5C1D31%2526hlv%253D6686686c-f150-4e6a-9f43-6b040a01000f%2523v_973118481 HTTP/1.1" 200 246
20.171.207.246 - - [28/Feb/2025:00:50:01 +0100] "GET /ticket2/opencms/set_aff_cookie.jsp?partner=6F250EA7-4505-FA01-D601-8847F2573405&url=%252Ffi%252Fbuy%252Findex.html%253Fpage%253D1%2526edid%253D1B6F6A2B-A0DA-FF91-EC4E-3DCAA442C25B%2526hlv%253D666d531e-4ba0-4344-90c4-72b30a01000f%2523v_951631122 HTTP/1.1" 200 246
40.77.167.58 - - [28/Feb/2025:00:50:01 +0100] "GET /ticket2/opencms/es/buy/?page=1&edid=1DC40ECC-FC78-CDB2-9510-7E73DAAD0489 HTTP/1.1" 200 90402
20.171.207.246 - - [28/Feb/2025:00:50:02 +0100] "GET /ticket2/opencms/set_aff_cookie.jsp?partner=5E0CDF29-E7BE-9F6B-6869-7BF66B04006F&url=%252Ffi%252Fbuy%252Findex.html%253Fpage%253D1%2526edid%253D6ED08D04-7263-AC79-DA04-AFB97DC97A00%2526hlv%253D6693908f-afa0-4912-a1aa-74840a01000f%2523v_1295058846 HTTP/1.1" 200 247
149.202.86.139 - - [28/Feb/2025:00:50:03 +0100] "GET /ticket2/opencms/dk/buy/?page=1&edid=B78F37A9-D298-0836-D814-4AD77F1949FB&sortorder=asc&column=price HTTP/1.1" 200 111577
85.208.96.207 - - [28/Feb/2025:00:50:03 +0100] "GET /ticket2/opencms/hu/magazine/article?title=mohamed-salah-hosszabbit-a-liverpool-lal HTTP/1.1" 200 96817
20.171.207.246 - - [28/Feb/2025:00:50:03 +0100] "GET /ticket2/opencms/set_aff_cookie.jsp?partner=5E0CDF29-E7BE-9F6B-6869-7BF66B04006F&url=%252Fdk%252Fbuy%252Findex.html%253Fpage%253D1%2526edid%253D160DAC9A-2A77-6FDC-52B8-296352B1ABF1%2526hlv%253D666c4b54-769c-41cb-8d79-3e290a01000f%2523v_1424580480 HTTP/1.1" 200 247
85.208.96.212 - - [28/Feb/2025:00:50:04 +0100] "GET /ticket2/opencms/hu/magazine/article?title=rodrigo-bentancur-hetven-merkozesre-szolo-eltiltast-kapott-rasszista-megjegyzes-miatt HTTP/1.1" 200 95152
20.171.207.246 - - [28/Feb/2025:00:50:04 +0100] "GET /ticket2/opencms/set_aff_cookie.jsp?partner=2E02071B-A8C3-4CBA-3097-C27D61C02ED8&url=%252Fnl%252Fbuy%252Findex.html%253Fpage%253D1%2526edid%253D150C2B47-38EB-0C0E-C664-5F863E9426DB%2526hlv%253D66cafa7c-8e18-4016-ae19-33480a01000f%2523v_239181582 HTTP/1.1" 200 246
20.171.207.246 - - [28/Feb/2025:00:50:05 +0100] "GET /ticket2/opencms/set_aff_cookie.jsp?partner=8F6DE15D-D831-5787-AE7E-FEFF53476F85&url=%252Ffi%252Fbuy%252Findex.html%253Fpage%253D1%2526edid%253D66C22035-E7EA-E10A-4BFC-2C30733037DC%2526hlv%253D666d4a3a-98dc-4540-9243-6bb30a01000f%2523v378045717 HTTP/1.1" 200 245
20.171.207.246 - - [28/Feb/2025:00:50:06 +0100] "GET /ticket2/opencms/set_aff_cookie.jsp?partner=5E0CDF29-E7BE-9F6B-6869-7BF66B04006F&url=%252Fnl%252Fbuy%252Findex.html%253Fpage%253D1%2526edid%253D6ED08D04-7263-AC79-DA04-AFB97DC97A00%2526hlv%253D6693908e-19a8-4517-bcb7-74840a01000f%2523v_743151951 HTTP/1.1" 200 246
149.202.86.139 - - [28/Feb/2025:00:50:06 +0100] "GET /ticket2/opencms/dk/buy/?page=1&edid=B7E62D99-CD83-9F99-D681-4F7E60B5B4FE HTTP/1.1" 200 110879
20.171.207.246 - - [28/Feb/2025:00:50:08 +0100] "GET /ticket2/opencms/set_aff_cookie.jsp?partner=5E0CDF29-E7BE-9F6B-6869-7BF66B04006F&url=%252Fnl%252Fbuy%252Findex.html%253Fpage%253D1%2526edid%253D66C22035-E7EA-E10A-4BFC-2C30733037DC%2526hlv%253D666d4a3a-7fd8-40e4-9401-6bb30a01000f%2523v_1974364454 HTTP/1.1" 200 247
20.171.207.246 - - [28/Feb/2025:00:50:09 +0100] "GET /ticket2/opencms/set_aff_cookie.jsp?partner=6F250EA7-4505-FA01-D601-8847F2573405&url=%252Fru%252Fbuy%252Findex.html%253Fpage%253D1%2526edid%253D1ABC406A-92BD-FDCF-3BD6-80A52E60B34F%2526hlv%253D666c88f1-980c-4b01-bc4a-79b60a01000f%2523v_375116731 HTTP/1.1" 200 246
114.119.134.48 - - [28/Feb/2025:00:50:09 +0100] "GET /ticket2/opencms/en/sell/?edid=8A139653-3F2A-117F-5226-9B729662EFF1 HTTP/1.1" 302 -
20.171.207.246 - - [28/Feb/2025:00:50:10 +0100] "GET /ticket2/opencms/set_aff_cookie.jsp?partner=2E02071B-A8C3-4CBA-3097-C27D61C02ED8&url=%252Fsv%252Fbuy%252Findex.html%253Fpage%253D1%2526edid%253D6F379414-70C4-400F-51D2-AFD37C8F2BC7%2526hlv%253D666d6ed1-bafc-4d1b-8332-0c140a01000f%2523v_1319186989 HTTP/1.1" 200 247
149.202.86.139 - - [28/Feb/2025:00:50:10 +0100] "GET /ticket2/opencms/dk/buy/?page=1&edid=B7E62D99-CD83-9F99-D681-4F7E60B5B4FE&sortorder=desc&column=price HTTP/1.1" 200 111939
20.171.207.246 - - [28/Feb/2025:00:50:11 +0100] "GET /ticket2/opencms/set_aff_cookie.jsp?partner=57601924-FB09-5BB2-867F-08B4EB522BA8&url=%252Fdk%252Fbuy%252Findex.html%253Fpage%253D1%2526edid%253D66C22035-E7EA-E10A-4BFC-2C30733037DC%2526hlv%253D666d4a38-ac0c-4f45-8d0b-6bb30a01000f%2523v517051845 HTTP/1.1" 200 245
20.171.207.246 - - [28/Feb/2025:00:50:12 +0100] "GET /ticket2/opencms/set_aff_cookie.jsp?partner=5E0CDF29-E7BE-9F6B-6869-7BF66B04006F&url=%252Fno%252Fbuy%252Findex.html%253Fpage%253D1%2526edid%253D49FEC43E-3E83-185B-C185-BAAB3CE353B1%2526hlv%253D60f81bf8-3284-46b1-8031-5e890a01000f%2523v_2010115736 HTTP/1.1" 200 247
20.171.207.246 - - [28/Feb/2025:00:50:13 +0100] "GET /ticket2/opencms/set_aff_cookie.jsp?partner=5E0CDF29-E7BE-9F6B-6869-7BF66B04006F&url=%252Fsv%252Fbuy%252Findex.html%253Fpage%253D1%2526edid%253DC68D3A19-7AB1-B0F6-2F8E-E937CB754241%2526hlv%253D669388d7-7ad8-4c6a-85d5-6fc60a01000f%2523v_1008627290 HTTP/1.1" 200 247
18.232.36.1 - - [28/Feb/2025:00:50:14 +0100] "GET /ticket2/opencms/sites/ticketbrokerage/sv/tickets/fiorentina/milan.html HTTP/1.1" 404 -
149.202.86.139 - - [28/Feb/2025:00:50:14 +0100] "GET /ticket2/opencms/dk/buy/?page=1&edid=BF40BAC7-A9FF-D877-E4C0-6A1A339DA42F&sortorder=asc&column=price HTTP/1.1" 200 112048
49.51.247.51 - - [28/Feb/2025:00:50:14 +0100] "GET /ticket2/opencms/it/magazine/article?title=newcastle-upon-tyne HTTP/1.1" 200 92855
20.171.207.246 - - [28/Feb/2025:00:50:15 +0100] "GET /ticket2/opencms/set_aff_cookie.jsp?partner=2E02071B-A8C3-4CBA-3097-C27D61C02ED8&url=%252Fdk%252Fbuy%252Findex.html%253Fpage%253D1%2526edid%253D2D210BFD-73B3-FBB7-71E1-6587B60103F1%2526hlv%253D66cf0b06-d7bc-4d83-bf0b-25050a01000f%2523v_1260777812 HTTP/1.1" 200 247
173.252.83.1 - - [28/Feb/2025:00:50:15 +0100] "GET /ticket2/opencms/sl/buy/?page=1&edid=5BB1055C-4C5F-5A4F-CCFB-6D0F529C929D HTTP/1.1" 200 116300
114.119.134.48 - - [28/Feb/2025:00:50:15 +0100] "GET /ticket2/opencms/en/login/?url=/en/sell/ HTTP/1.1" 200 90126
47.238.13.16 - - [28/Feb/2025:00:50:15 +0100] "GET /ticket2/opencms/nl/buy/?page=1&edid=E283AC65-3197-392C-E040-FCBDD904729E HTTP/1.1" 200 119201
20.171.207.246 - - [28/Feb/2025:00:50:16 +0100] "GET /ticket2/opencms/set_aff_cookie.jsp?partner=8F6DE15D-D831-5787-AE7E-FEFF53476F85&url=%252Fen%252Fbuy%252Findex.html%253Fpage%253D1%2526edid%253D160DAC9A-2A77-6FDC-52B8-296352B1ABF1%2526hlv%253D666c4b56-4260-45fd-811e-3e290a01000f%2523v_720986025 HTTP/1.1" 200 246
20.171.207.246 - - [28/Feb/2025:00:50:17 +0100] "GET /ticket2/opencms/set_aff_cookie.jsp?partner=692E2C6A-EC6F-1C93-AFCC-C5ACC23A93EA&url=%252Fnl%252Fbuy%252Findex.html%253Fpage%253D1%2526edid%253D63801669-9764-13A7-B058-055F32A0BC14%2526hlv%253D60c9f20b-3098-4423-af3b-2a130a01000f%2523v_450460104 HTTP/1.1" 200 246
85.208.96.208 - - [28/Feb/2025:00:50:17 +0100] "GET /ticket2/opencms/cs/magazine/article?title=seznam-nominovanych-na-zlaty-mic HTTP/1.1" 200 95106
149.202.86.139 - - [28/Feb/2025:00:50:18 +0100] "GET /ticket2/opencms/dk/buy/?page=1&edid=BF40BAC7-A9FF-D877-E4C0-6A1A339DA42F&sortorder=asc&column=section HTTP/1.1" 200 112043
20.171.207.246 - - [28/Feb/2025:00:50:18 +0100] "GET /ticket2/opencms/set_aff_cookie.jsp?partner=8F6DE15D-D831-5787-AE7E-FEFF53476F85&url=%252Fnl%252Fbuy%252Findex.html%253Fpage%253D1%2526edid%253D6ED08D04-7263-AC79-DA04-AFB97DC97A00%2526hlv%253D6693908d-22b8-4ff4-b218-74840a01000f%2523v_776941647 HTTP/1.1" 200 246
54.36.148.54 - - [28/Feb/2025:00:50:19 +0100] "GET /ticket2/opencms/fr/sport/billets-football/serie_a/salernitana HTTP/1.1" 200 97342
207.46.13.126 - - [28/Feb/2025:00:50:19 +0100] "GET /ticket2/opencms/en/magazine/article?title=netherlands-vs-england-in-the-semi-final HTTP/1.1" 200 94032
20.171.207.246 - - [28/Feb/2025:00:50:19 +0100] "GET /ticket2/opencms/set_aff_cookie.jsp?partner=2E02071B-A8C3-4CBA-3097-C27D61C02ED8&url=%252Fen%252Fbuy%252Findex.html%253Fpage%253D1%2526edid%253D5EBD2CAF-0480-558F-38B0-42EFEC65C121%2526hlv%253D6115228b-bf24-494e-acd4-07410a01000f%2523v_2050516429 HTTP/1.1" 200 247
66.249.75.227 - - [28/Feb/2025:00:50:20 +0100] "GET /ticket2/opencms/hu/buy/?page=1&edid=FD59DED4-6E14-E085-382D-C3619CCA9FA8 HTTP/1.1" 200 112572
202.8.42.163 - - [28/Feb/2025:00:50:20 +0100] "GET /ticket2/opencms/system/modules/com.gridnine.opencms.ticketbrokerage.site/resources/css/calendar.css HTTP/1.1" 200 6871
202.8.42.163 - - [28/Feb/2025:00:50:20 +0100] "GET /ticket2/opencms/system/modules/com.gridnine.opencms.ticketbrokerage.site/resources/css/standard.css HTTP/1.1" 200 74207
202.8.42.163 - - [28/Feb/2025:00:50:20 +0100] "GET /ticket2/opencms/system/modules/com.gridnine.opencms.ticketbrokerage.site/resources/css/jquery.fancybox.css HTTP/1.1" 200 4939
202.8.42.163 - - [28/Feb/2025:00:50:20 +0100] "GET /ticket2/opencms/system/modules/com.gridnine.opencms.ticketbrokerage.site/resources/css/jquery-ui.css HTTP/1.1" 200 33221
202.8.42.163 - - [28/Feb/2025:00:50:20 +0100] "GET /ticket2/opencms/system/modules/com.gridnine.opencms.ticketbrokerage.site/resources/css/ticketbrokerage.css HTTP/1.1" 200 39339
202.8.42.163 - - [28/Feb/2025:00:50:20 +0100] "GET /ticket2/opencms/system/modules/com.gridnine.opencms.ticketbrokerage.site/resources/js/jquery/jquery.js HTTP/1.1" 200 93868
202.8.42.163 - - [28/Feb/2025:00:50:20 +0100] "GET /ticket2/opencms/system/modules/com.gridnine.opencms.ticketbrokerage.site/resources/js/jquery/jquery-ui.js HTTP/1.1" 200 228088
202.8.42.163 - - [28/Feb/2025:00:50:20 +0100] "GET /ticket2/opencms/system/modules/com.gridnine.opencms.ticketbrokerage.site/resources/js/calendar.js HTTP/1.1" 200 49229
202.8.42.163 - - [28/Feb/2025:00:50:20 +0100] "GET /ticket2/opencms/system/modules/com.gridnine.opencms.ticketbrokerage.site/resources/js/functions.js HTTP/1.1" 200 1583
202.8.42.163 - - [28/Feb/2025:00:50:20 +0100] "GET /ticket2/opencms/system/modules/com.gridnine.opencms.ticketbrokerage.site/resources/js/calendar-en.js HTTP/1.1" 200 3338
202.8.42.163 - - [28/Feb/2025:00:50:20 +0100] "GET /ticket2/opencms/system/modules/com.gridnine.opencms.ticketbrokerage.site/resources/js/calendar-setup.js HTTP/1.1" 200 4923
185.191.171.13 - - [28/Feb/2025:00:50:20 +0100] "GET /ticket2/opencms/tr/magazine/article?title=rodrigo-bentancur-yedi-maclik-bir-sure-boyunca-irkci-bir-aciklama-yaptigi-icin-cezalandirildi HTTP/1.1" 200 94525
202.8.42.163 - - [28/Feb/2025:00:50:20 +0100] "GET /ticket2/opencms/system/modules/com.gridnine.opencms.ticketbrokerage.site/resources/js/jquery.fancybox.pack.js HTTP/1.1" 200 23187
202.8.42.163 - - [28/Feb/2025:00:50:20 +0100] "GET /ticket2/opencms/system/modules/com.gridnine.opencms.ticketbrokerage.site/resources/js/stickyfill.min.js HTTP/1.1" 200 5672
202.8.42.163 - - [28/Feb/2025:00:50:20 +0100] "GET /ticket2/opencms/system/modules/com.gridnine.opencms.ticketbrokerage.site/resources/js/standard.js HTTP/1.1" 200 3983
202.8.42.163 - - [28/Feb/2025:00:50:20 +0100] "GET /ticket2/opencms/system/modules/com.gridnine.opencms.ticketbrokerage.site/resources/js/jquery.placeholder.min.js HTTP/1.1" 200 1737
202.8.42.163 - - [28/Feb/2025:00:50:20 +0100] "GET /ticket2/opencms/system/modules/com.gridnine.opencms.ticketbrokerage.site/resources/js/common-ajax.js HTTP/1.1" 200 20175
20.171.207.246 - - [28/Feb/2025:00:50:20 +0100] "GET /ticket2/opencms/set_aff_cookie.jsp?partner=2E02071B-A8C3-4CBA-3097-C27D61C02ED8&url=%252Ffi%252Fbuy%252Findex.html%253Fpage%253D1%2526edid%253D6713F743-CFE1-C987-288D-AC8AB79C37B8%2526hlv%253D66900ffe-af24-47e7-b35a-18280a01000f%2523v_798380718 HTTP/1.1" 200 246
20.171.207.246 - - [28/Feb/2025:00:50:22 +0100] "GET /ticket2/opencms/set_aff_cookie.jsp?partner=57601924-FB09-5BB2-867F-08B4EB522BA8&url=%252Fru%252Fbuy%252Findex.html%253Fpage%253D1%2526edid%253DE8BA54CC-B112-3D61-BE02-1B4D1E4F63D1%2526hlv%253D666ddc0e-d738-4514-bfb1-6a330a01000f%2523v_1714614386 HTTP/1.1" 200 247
149.202.86.139 - - [28/Feb/2025:00:50:22 +0100] "GET /ticket2/opencms/dk/buy/?page=1&edid=BFABCD8A-0370-5121-72EB-FB336CE4A45D HTTP/1.1" 200 110353
66.249.76.161 - - [28/Feb/2025:00:50:22 +0100] "GET /ticket2/opencms/ka/buy?page=1&edid=F0845893-AB25-79ED-E273-8681A31846EB&hlv=666d445b-5134-4336-ae26-64080a01000f HTTP/1.1" 200 119968
20.171.207.246 - - [28/Feb/2025:00:50:23 +0100] "GET /ticket2/opencms/set_aff_cookie.jsp?partner=8F6DE15D-D831-5787-AE7E-FEFF53476F85&url=%252Fnl%252Fbuy%252Findex.html%253Fpage%253D1%2526edid%253DE8BA54CC-B112-3D61-BE02-1B4D1E4F63D1%2526hlv%253D666ddc0d-5a14-4107-8967-6a330a01000f%2523v_2050004921 HTTP/1.1" 200 247
20.171.207.246 - - [28/Feb/2025:00:50:24 +0100] "GET /ticket2/opencms/set_aff_cookie.jsp?partner=2E02071B-A8C3-4CBA-3097-C27D61C02ED8&url=%252Fru%252Fbuy%252Findex.html%253Fpage%253D1%2526edid%253D70EF0ABB-9A80-4CE0-EE48-CC9265C1B361%2526hlv%253D6692485c-df24-47e8-8f36-16d80a01000f%2523v_843128243 HTTP/1.1" 200 246
20.171.207.246 - - [28/Feb/2025:00:50:25 +0100] "GET /ticket2/opencms/set_aff_cookie.jsp?partner=57601924-FB09-5BB2-867F-08B4EB522BA8&url=%252Fen%252Fbuy%252Findex.html%253Fpage%253D1%2526edid%253D66EA5353-0EED-D56D-04FB-B3F43B6CCED9%2526hlv%253D60ca0f81-8a24-44bd-b618-36340a01000f%2523v_1372466033 HTTP/1.1" 200 247
166.108.226.152 - - [28/Feb/2025:00:50:25 +0100] "GET /ticket2/opencms/bg/buy?page=1&edid=4100BC31-B21E-692B-10F2-5632E9B20F37 HTTP/1.1" 200 114252
114.119.143.233 - - [28/Feb/2025:00:50:26 +0100] "GET /ticket2/opencms/pl/buy?page=1&edid=C6C9594C-9BB3-CBAF-59E6-7777A29B6375 HTTP/1.1" 200 110623
149.202.86.139 - - [28/Feb/2025:00:50:26 +0100] "GET /ticket2/opencms/dk/buy/?page=1&edid=BFC8ECC1-2107-AC46-D638-419C26368D40 HTTP/1.1" 200 110971
20.171.207.246 - - [28/Feb/2025:00:50:26 +0100] "GET /ticket2/opencms/set_aff_cookie.jsp?partner=5E0CDF29-E7BE-9F6B-6869-7BF66B04006F&url=%252Fsv%252Fbuy%252Findex.html%253Fpage%253D1%2526edid%253D6F379414-70C4-400F-51D2-AFD37C8F2BC7%2526hlv%253D666d6ed0-c7f4-4981-a6ea-0c140a01000f%2523v_1643449678 HTTP/1.1" 200 247
20.171.207.246 - - [28/Feb/2025:00:50:27 +0100] "GET /ticket2/opencms/set_aff_cookie.jsp?partner=5E0CDF29-E7BE-9F6B-6869-7BF66B04006F&url=%252Fsv%252Fbuy%252Findex.html%253Fpage%253D1%2526edid%253DC68D3A19-7AB1-B0F6-2F8E-E937CB754241%2526hlv%253D669388d5-7f94-4e38-9f9b-6fc60a01000f%2523v_501814452 HTTP/1.1" 200 246
20.171.207.246 - - [28/Feb/2025:00:50:29 +0100] "GET /ticket2/opencms/set_aff_cookie.jsp?partner=23A6AD98-906E-5BDD-600E-EC4EC8A45F97&url=%252Fen%252Fbuy%252Findex.html%253Fpage%253D1%2526edid%253D0CBED0CE-AD48-5853-8CA7-767C378C5971%2526hlv%253D6690089b-d03c-4a81-a533-14010a01000f%2523v_345214678 HTTP/1.1" 200 246
20.171.207.246 - - [28/Feb/2025:00:50:30 +0100] "GET /ticket2/opencms/set_aff_cookie.jsp?partner=6F250EA7-4505-FA01-D601-8847F2573405&url=%252Fsv%252Fbuy%252Findex.html%253Fpage%253D1%2526edid%253D17ABEF83-A306-7DC9-F266-4B55FF85626E%2526hlv%253D60f812ba-ba8c-4f0c-9f9e-5b6f0a01000f%2523v_311105709 HTTP/1.1" 200 246
149.202.86.139 - - [28/Feb/2025:00:50:30 +0100] "GET /ticket2/opencms/dk/buy/?page=1&edid=BFD97D9E-908E-08FB-387F-F82638E47D0F HTTP/1.1" 200 110948
20.171.207.246 - - [28/Feb/2025:00:50:31 +0100] "GET /ticket2/opencms/set_aff_cookie.jsp?partner=57601924-FB09-5BB2-867F-08B4EB522BA8&url=%252Fsv%252Fbuy%252Findex.html%253Fpage%253D1%2526edid%253D1291CD6B-4651-52CC-8D36-B0FB58FEEDFA%2526hlv%253D66704b8b-d640-4beb-839c-65a10a01000f%2523v_1075785504 HTTP/1.1" 200 247
20.171.207.246 - - [28/Feb/2025:00:50:32 +0100] "GET /ticket2/opencms/set_aff_cookie.jsp?partner=6F250EA7-4505-FA01-D601-8847F2573405&url=%252Ffi%252Fbuy%252Findex.html%253Fpage%253D1%2526edid%253D11CA2095-DE4E-F08C-CA73-D1F7DF0C2455%2526hlv%253D60c9deb0-ef14-4eac-8aa2-21d20a01000f%2523v_1214405719 HTTP/1.1" 200 247
54.36.149.7 - - [28/Feb/2025:00:50:32 +0100] "GET /ticket2/opencms/ro/buy?page=1&edid=6D553E3C-BACA-E048-6D4A-5E9D197667EC HTTP/1.1" 200 112736
20.171.207.246 - - [28/Feb/2025:00:50:33 +0100] "GET /ticket2/opencms/set_aff_cookie.jsp?partner=8F6DE15D-D831-5787-AE7E-FEFF53476F85&url=%252Fru%252Fbuy%252Findex.html%253Fpage%253D1%2526edid%253D66C22035-E7EA-E10A-4BFC-2C30733037DC%2526hlv%253D666d4a3a-2348-4547-8d3e-6bb30a01000f%2523v2142444335 HTTP/1.1" 200 246
202.8.41.242 - - [28/Feb/2025:00:50:33 +0100] "GET /ticket2/opencms/system/modules/com.gridnine.opencms.ticketbrokerage.site/resources/css/jquery.fancybox.css HTTP/1.1" 200 4939
202.8.41.242 - - [28/Feb/2025:00:50:33 +0100] "GET /ticket2/opencms/system/modules/com.gridnine.opencms.ticketbrokerage.site/resources/css/jquery-ui.css HTTP/1.1" 200 33221
202.8.41.242 - - [28/Feb/2025:00:50:33 +0100] "GET /ticket2/opencms/system/modules/com.gridnine.opencms.ticketbrokerage.site/resources/css/calendar.css HTTP/1.1" 200 6871
202.8.41.242 - - [28/Feb/2025:00:50:33 +0100] "GET /ticket2/opencms/system/modules/com.gridnine.opencms.ticketbrokerage.site/resources/css/ticketbrokerage.css HTTP/1.1" 200 39339
202.8.41.242 - - [28/Feb/2025:00:50:33 +0100] "GET /ticket2/opencms/system/modules/com.gridnine.opencms.ticketbrokerage.site/resources/js/jquery/jquery.js HTTP/1.1" 200 93868
202.8.41.242 - - [28/Feb/2025:00:50:33 +0100] "GET /ticket2/opencms/system/modules/com.gridnine.opencms.ticketbrokerage.site/resources/css/standard.css HTTP/1.1" 200 74207
149.202.86.139 - - [28/Feb/2025:00:50:34 +0100] "GET /ticket2/opencms/dk/buy/?page=1&edid=C5A6B247-9611-1B6E-4486-AED9A8A21180&sortorder=asc&column=row HTTP/1.1" 200 110704
202.8.41.242 - - [28/Feb/2025:00:50:34 +0100] "GET /ticket2/opencms/system/modules/com.gridnine.opencms.ticketbrokerage.site/resources/js/functions.js HTTP/1.1" 200 1583
202.8.41.242 - - [28/Feb/2025:00:50:34 +0100] "GET /ticket2/opencms/system/modules/com.gridnine.opencms.ticketbrokerage.site/resources/js/jquery/jquery-ui.js HTTP/1.1" 200 228088
202.8.41.242 - - [28/Feb/2025:00:50:34 +0100] "GET /ticket2/opencms/system/modules/com.gridnine.opencms.ticketbrokerage.site/resources/js/calendar-setup.js HTTP/1.1" 200 4923
202.8.41.242 - - [28/Feb/2025:00:50:34 +0100] "GET /ticket2/opencms/system/modules/com.gridnine.opencms.ticketbrokerage.site/resources/js/calendar.js HTTP/1.1" 200 49229
202.8.41.242 - - [28/Feb/2025:00:50:34 +0100] "GET /ticket2/opencms/system/modules/com.gridnine.opencms.ticketbrokerage.site/resources/js/calendar-en.js HTTP/1.1" 200 3338
202.8.41.242 - - [28/Feb/2025:00:50:34 +0100] "GET /ticket2/opencms/system/modules/com.gridnine.opencms.ticketbrokerage.site/resources/js/jquery.fancybox.pack.js HTTP/1.1" 200 23187
202.8.41.242 - - [28/Feb/2025:00:50:34 +0100] "GET /ticket2/opencms/system/modules/com.gridnine.opencms.ticketbrokerage.site/resources/js/stickyfill.min.js HTTP/1.1" 200 5672
202.8.41.242 - - [28/Feb/2025:00:50:34 +0100] "GET /ticket2/opencms/system/modules/com.gridnine.opencms.ticketbrokerage.site/resources/js/standard.js HTTP/1.1" 200 3983
202.8.41.242 - - [28/Feb/2025:00:50:34 +0100] "GET /ticket2/opencms/system/modules/com.gridnine.opencms.ticketbrokerage.site/resources/js/jquery.placeholder.min.js HTTP/1.1" 200 1737
202.8.41.242 - - [28/Feb/2025:00:50:34 +0100] "GET /ticket2/opencms/system/modules/com.gridnine.opencms.ticketbrokerage.site/resources/js/common-ajax.js HTTP/1.1" 200 20175
202.8.41.242 - - [28/Feb/2025:00:50:34 +0100] "GET /ticket2/opencms/ro/ask-form.html HTTP/1.1" 200 3156
