23.23.213.182 - - [28/Feb/2025:00:29:21 +0100] "GET /ticket2/opencms/sites/ticketbrokerage/sv/tickets/blackpool/west_ham_united.html HTTP/1.1" 404 -
20.171.207.246 - - [28/Feb/2025:00:29:22 +0100] "GET /ticket2/opencms/set_aff_cookie.jsp?partner=2E02071B-A8C3-4CBA-3097-C27D61C02ED8&url=%252Fno%252Fbuy%252Findex.html%253Fpage%253D1%2526edid%253D2D210BFD-73B3-FBB7-71E1-6587B60103F1%2526hlv%253D66cf0ab4-7ac4-4e43-8270-23ca0a01000f%2523v_1640652081 HTTP/1.1" 200 247
47.251.82.87 - - [28/Feb/2025:00:29:22 +0100] "GET /ticket2/opencms/es/magazine/article?title=un-traspaso-a-los-rayados-mexicanos HTTP/1.1" 200 95367
20.171.207.246 - - [28/Feb/2025:00:29:23 +0100] "GET /ticket2/opencms/set_aff_cookie.jsp?partner=8F6DE15D-D831-5787-AE7E-FEFF53476F85&url=%252Fsv%252Fbuy%252Findex.html%253Fpage%253D1%2526edid%253D66C22035-E7EA-E10A-4BFC-2C30733037DC%2526hlv%253D666d4a39-a330-4e7f-8087-6bb30a01000f%2523v1552284576 HTTP/1.1" 200 246
185.191.171.19 - - [28/Feb/2025:00:29:23 +0100] "GET /ticket2/opencms/sv/sport/fotbollsbiljetter/premier_league/nottingham-forest/ HTTP/1.1" 200 92001
47.238.13.11 - - [28/Feb/2025:00:29:24 +0100] "GET /ticket2/opencms/fi/buy?page=1&edid=CB9583C2-830F-C234-1777-18BB6FF1FE1C HTTP/1.1" 200 108427
20.171.207.246 - - [28/Feb/2025:00:29:24 +0100] "GET /ticket2/opencms/set_aff_cookie.jsp?partner=6F250EA7-4505-FA01-D601-8847F2573405&url=%252Fen%252Fbuy%252Findex.html%253Fpage%253D1%2526edid%253D1B6F6A2B-A0DA-FF91-EC4E-3DCAA442C25B%2526hlv%253D666d531c-3334-42a5-bbc1-72b30a01000f%2523v_530240107 HTTP/1.1" 200 246
20.171.207.246 - - [28/Feb/2025:00:29:25 +0100] "GET /ticket2/opencms/set_aff_cookie.jsp?partner=5E0CDF29-E7BE-9F6B-6869-7BF66B04006F&url=%252Fsv%252Fbuy%252Findex.html%253Fpage%253D1%2526edid%253DE8BA54CC-B112-3D61-BE02-1B4D1E4F63D1%2526hlv%253D666ddc0d-5a14-4107-8967-6a330a01000f%2523v_2050004921 HTTP/1.1" 200 247
54.36.148.220 - - [28/Feb/2025:00:29:26 +0100] "GET /ticket2/opencms/bs/buy?page=1&edid=E5A432C8-DA4B-0B1D-D158-7FE1F332A199 HTTP/1.1" 200 108369
20.171.207.246 - - [28/Feb/2025:00:29:26 +0100] "GET /ticket2/opencms/set_aff_cookie.jsp?partner=8F6DE15D-D831-5787-AE7E-FEFF53476F85&url=%252Fsv%252Fbuy%252Findex.html%253Fpage%253D1%2526edid%253D1ABC406A-92BD-FDCF-3BD6-80A52E60B34F%2526hlv%253D666c88f2-9278-4594-9022-79b60a01000f%2523v_1593498046 HTTP/1.1" 200 247
114.119.141.178 - - [28/Feb/2025:00:29:27 +0100] "GET /ticket2/opencms/it/buy?page=1&edid=1376AEC9-0709-1A7E-51D7-A32A604094A0 HTTP/1.1" 200 111012
202.8.41.173 - - [28/Feb/2025:00:29:27 +0100] "GET /ticket2/opencms/system/modules/com.gridnine.opencms.ticketbrokerage.site/resources/css/ticketbrokerage.css HTTP/1.1" 200 39339
202.8.41.173 - - [28/Feb/2025:00:29:27 +0100] "GET /ticket2/opencms/system/modules/com.gridnine.opencms.ticketbrokerage.site/resources/css/jquery.fancybox.css HTTP/1.1" 200 4939
202.8.41.173 - - [28/Feb/2025:00:29:27 +0100] "GET /ticket2/opencms/system/modules/com.gridnine.opencms.ticketbrokerage.site/resources/css/jquery-ui.css HTTP/1.1" 200 33221
202.8.41.173 - - [28/Feb/2025:00:29:27 +0100] "GET /ticket2/opencms/system/modules/com.gridnine.opencms.ticketbrokerage.site/resources/css/calendar.css HTTP/1.1" 200 6871
202.8.41.173 - - [28/Feb/2025:00:29:27 +0100] "GET /ticket2/opencms/system/modules/com.gridnine.opencms.ticketbrokerage.site/resources/css/standard.css HTTP/1.1" 200 74207
202.8.41.173 - - [28/Feb/2025:00:29:27 +0100] "GET /ticket2/opencms/system/modules/com.gridnine.opencms.ticketbrokerage.site/resources/js/functions.js HTTP/1.1" 200 1583
202.8.41.173 - - [28/Feb/2025:00:29:27 +0100] "GET /ticket2/opencms/system/modules/com.gridnine.opencms.ticketbrokerage.site/resources/js/calendar-setup.js HTTP/1.1" 200 4923
202.8.41.173 - - [28/Feb/2025:00:29:27 +0100] "GET /ticket2/opencms/system/modules/com.gridnine.opencms.ticketbrokerage.site/resources/js/calendar-en.js HTTP/1.1" 200 3338
202.8.41.173 - - [28/Feb/2025:00:29:27 +0100] "GET /ticket2/opencms/system/modules/com.gridnine.opencms.ticketbrokerage.site/resources/js/calendar.js HTTP/1.1" 200 49229
202.8.41.173 - - [28/Feb/2025:00:29:27 +0100] "GET /ticket2/opencms/system/modules/com.gridnine.opencms.ticketbrokerage.site/resources/js/jquery/jquery.js HTTP/1.1" 200 93868
202.8.41.173 - - [28/Feb/2025:00:29:27 +0100] "GET /ticket2/opencms/system/modules/com.gridnine.opencms.ticketbrokerage.site/resources/js/jquery/jquery-ui.js HTTP/1.1" 200 228088
202.8.41.173 - - [28/Feb/2025:00:29:27 +0100] "GET /ticket2/opencms/system/modules/com.gridnine.opencms.ticketbrokerage.site/resources/js/jquery.fancybox.pack.js HTTP/1.1" 200 23187
202.8.41.173 - - [28/Feb/2025:00:29:27 +0100] "GET /ticket2/opencms/system/modules/com.gridnine.opencms.ticketbrokerage.site/resources/js/stickyfill.min.js HTTP/1.1" 200 5672
202.8.41.173 - - [28/Feb/2025:00:29:27 +0100] "GET /ticket2/opencms/system/modules/com.gridnine.opencms.ticketbrokerage.site/resources/js/standard.js HTTP/1.1" 200 3983
202.8.41.173 - - [28/Feb/2025:00:29:27 +0100] "GET /ticket2/opencms/system/modules/com.gridnine.opencms.ticketbrokerage.site/resources/js/jquery.placeholder.min.js HTTP/1.1" 200 1737
202.8.41.173 - - [28/Feb/2025:00:29:27 +0100] "GET /ticket2/opencms/system/modules/com.gridnine.opencms.ticketbrokerage.site/resources/js/common-ajax.js HTTP/1.1" 200 20175
202.8.41.173 - - [28/Feb/2025:00:29:27 +0100] "GET /ticket2/opencms/bs/ask-form.html HTTP/1.1" 200 3156
202.8.41.173 - - [28/Feb/2025:00:29:27 +0100] "GET /ticket2/opencms/system/modules/com.gridnine.opencms.ticketbrokerage.site/resources/css/ticketbrokerage.css HTTP/1.1" 200 39339
85.208.96.196 - - [28/Feb/2025:00:29:27 +0100] "GET /ticket2/opencms/sl/magazine/article?title=declan-rice HTTP/1.1" 200 92751
49.0.249.50 - - [28/Feb/2025:00:29:27 +0100] "GET /ticket2/opencms/hu/?comcatid=0A6B8208-FDA4-E929-9D72-5312FD481B76&catid=3A56B1C2-6FFB-C8D1-B229-B3914D5FF8DF HTTP/1.1" 200 105659
20.171.207.246 - - [28/Feb/2025:00:29:27 +0100] "GET /ticket2/opencms/set_aff_cookie.jsp?partner=6F250EA7-4505-FA01-D601-8847F2573405&url=%252Fnl%252Fbuy%252Findex.html%253Fpage%253D1%2526edid%253D1046C14E-D95C-B350-CBCD-2ECE5F3DCC46%2526hlv%253D668668ae-cc50-4b93-9d30-6ca00a01000f%2523v_974833875 HTTP/1.1" 200 246
20.171.207.246 - - [28/Feb/2025:00:29:29 +0100] "GET /ticket2/opencms/set_aff_cookie.jsp?partner=5E0CDF29-E7BE-9F6B-6869-7BF66B04006F&url=%252Fsv%252Fbuy%252Findex.html%253Fpage%253D1%2526edid%253D0D33199C-853B-C4DC-F1E2-6CF75BE0B211%2526hlv%253D61475aa4-9954-44b2-87bd-0be80a01000f%2523v_1847055782 HTTP/1.1" 200 247
20.171.207.246 - - [28/Feb/2025:00:29:30 +0100] "GET /ticket2/opencms/set_aff_cookie.jsp?partner=8F6DE15D-D831-5787-AE7E-FEFF53476F85&url=%252Fno%252Fbuy%252Findex.html%253Fpage%253D1%2526edid%253D6A920F16-DD42-2262-3AA2-B83D5743F13A%2526hlv%253D666cb1c6-d664-4f6c-b3cc-44290a01000f%2523v_1608878436 HTTP/1.1" 200 247
20.171.207.246 - - [28/Feb/2025:00:29:31 +0100] "GET /ticket2/opencms/set_aff_cookie.jsp?partner=2E02071B-A8C3-4CBA-3097-C27D61C02ED8&url=%252Ffi%252Fbuy%252Findex.html%253Fpage%253D1%2526edid%253D150C2B47-38EB-0C0E-C664-5F863E9426DB%2526hlv%253D66cafa7d-43a8-45b0-b19e-33480a01000f%2523v_2057206320 HTTP/1.1" 200 247
40.77.167.57 - - [28/Feb/2025:00:29:32 +0100] "GET /ticket2/opencms/uk/buy?page=1&edid=DEA5A428-3980-E113-48A8-EB44E7BFB16B HTTP/1.1" 200 110821
20.171.207.246 - - [28/Feb/2025:00:29:32 +0100] "GET /ticket2/opencms/set_aff_cookie.jsp?partner=8F6DE15D-D831-5787-AE7E-FEFF53476F85&url=%252Fdk%252Fbuy%252Findex.html%253Fpage%253D1%2526edid%253D0FD8C94D-BC20-A9A1-B75F-6B50E0D9D5B1%2526hlv%253D60f951c1-1320-40d7-930d-56980a01000f%2523v_809162592 HTTP/1.1" 200 246
20.171.207.246 - - [28/Feb/2025:00:29:33 +0100] "GET /ticket2/opencms/set_aff_cookie.jsp?partner=8F6DE15D-D831-5787-AE7E-FEFF53476F85&url=%252Fru%252Fbuy%252Findex.html%253Fpage%253D1%2526edid%253D68B485F7-9483-6E4F-656D-602EE2AC621D%2526hlv%253D666d4b7b-1e30-486d-abfd-68b70a01000f%2523v_1409665528 HTTP/1.1" 200 247
20.171.207.246 - - [28/Feb/2025:00:29:34 +0100] "GET /ticket2/opencms/set_aff_cookie.jsp?partner=8F6DE15D-D831-5787-AE7E-FEFF53476F85&url=%252Fen%252Fbuy%252Findex.html%253Fpage%253D1%2526edid%253DE8BA54CC-B112-3D61-BE02-1B4D1E4F63D1%2526hlv%253D666ddc10-1578-4130-9f6e-6a330a01000f%2523v_1724901768 HTTP/1.1" 200 247
20.171.207.246 - - [28/Feb/2025:00:29:36 +0100] "GET /ticket2/opencms/set_aff_cookie.jsp?partner=2E02071B-A8C3-4CBA-3097-C27D61C02ED8&url=%252Fdk%252Fbuy%252Findex.html%253Fpage%253D1%2526edid%253D150C2B47-38EB-0C0E-C664-5F863E9426DB%2526hlv%253D66cafa7c-510c-4c1f-8125-33480a01000f%2523v_575479798 HTTP/1.1" 200 246
40.77.167.150 - - [28/Feb/2025:00:29:36 +0100] "GET /ticket2/opencms/no/buy/?page=1&edid=3F2D99A8-7547-83C1-C9EB-9D79E7CF5003 HTTP/1.1" 200 134414
20.171.207.246 - - [28/Feb/2025:00:29:37 +0100] "GET /ticket2/opencms/set_aff_cookie.jsp?partner=8F6DE15D-D831-5787-AE7E-FEFF53476F85&url=%252Fno%252Fbuy%252Findex.html%253Fpage%253D1%2526edid%253D66C22035-E7EA-E10A-4BFC-2C30733037DC%2526hlv%253D666d4a39-3894-4a88-a6d2-6bb30a01000f%2523v536684080 HTTP/1.1" 200 245
185.191.171.16 - - [28/Feb/2025:00:29:37 +0100] "GET /ticket2/opencms/robots.txt HTTP/1.1" 200 773
20.171.207.246 - - [28/Feb/2025:00:29:38 +0100] "GET /ticket2/opencms/set_aff_cookie.jsp?partner=6F250EA7-4505-FA01-D601-8847F2573405&url=%252Fru%252Fbuy%252Findex.html%253Fpage%253D1%2526edid%253DDD7009E0-BEDD-5FDF-FBEC-9803C9276491%2526hlv%253D614ed461-cb08-4ed7-b82a-7af20a01000f%2523v_283967475 HTTP/1.1" 200 246
185.191.171.14 - - [28/Feb/2025:00:29:38 +0100] "GET /ticket2/opencms/sl/magazine/article?title=thomas-tuchel-postane-novi-selektor-anglije HTTP/1.1" 200 93243
20.171.207.246 - - [28/Feb/2025:00:29:39 +0100] "GET /ticket2/opencms/set_aff_cookie.jsp?partner=23A6AD98-906E-5BDD-600E-EC4EC8A45F97&url=%252Fen%252Fbuy%252Findex.html%253Fpage%253D1%2526edid%253D70EF0ABB-9A80-4CE0-EE48-CC9265C1B361%2526hlv%253D6692485f-7568-46f7-b21a-16d80a01000f%2523v_1866266718 HTTP/1.1" 200 247
216.244.66.238 - - [28/Feb/2025:00:29:40 +0100] "GET /ticket2/opencms/bg/buy?page=1&edid=CE34A6C2-1A53-0D58-98EA-91B4CCF5D653 HTTP/1.1" 200 114316
47.79.2.14 - - [28/Feb/2025:00:29:40 +0100] "GET /ticket2/opencms/sv/sport/fotbollsbiljetter/la_liga/sevilla/ HTTP/1.1" 200 92152
20.171.207.246 - - [28/Feb/2025:00:29:40 +0100] "GET /ticket2/opencms/set_aff_cookie.jsp?partner=5E0CDF29-E7BE-9F6B-6869-7BF66B04006F&url=%252Fru%252Fbuy%252Findex.html%253Fpage%253D1%2526edid%253DE8BA54CC-B112-3D61-BE02-1B4D1E4F63D1%2526hlv%253D666ddc0d-01a0-4492-8392-6a330a01000f%2523v_2005118999 HTTP/1.1" 200 247
54.36.149.22 - - [28/Feb/2025:00:29:41 +0100] "GET /ticket2/opencms/sq/sport/bileta-per-futboll/serie-a/empoli HTTP/1.1" 200 97212
20.171.207.246 - - [28/Feb/2025:00:29:41 +0100] "GET /ticket2/opencms/set_aff_cookie.jsp?partner=57601924-FB09-5BB2-867F-08B4EB522BA8&url=%252Fsv%252Fbuy%252Findex.html%253Fpage%253D1%2526edid%253D150C2B47-38EB-0C0E-C664-5F863E9426DB%2526hlv%253D66cafa7e-3bc4-45b3-b2ef-33480a01000f%2523v_2100950348 HTTP/1.1" 200 247
207.46.13.7 - - [28/Feb/2025:00:29:42 +0100] "GET /ticket2/opencms/dk/magazine/article?title=manchester-united-har-valgt-at-fyre-erik-ten-hag HTTP/1.1" 200 96665
202.8.43.112 - - [28/Feb/2025:00:29:42 +0100] "GET /ticket2/opencms/system/modules/com.gridnine.opencms.ticketbrokerage.site/resources/css/calendar.css HTTP/1.1" 200 6871
202.8.43.112 - - [28/Feb/2025:00:29:42 +0100] "GET /ticket2/opencms/system/modules/com.gridnine.opencms.ticketbrokerage.site/resources/css/standard.css HTTP/1.1" 200 74207
202.8.43.112 - - [28/Feb/2025:00:29:42 +0100] "GET /ticket2/opencms/system/modules/com.gridnine.opencms.ticketbrokerage.site/resources/css/jquery-ui.css HTTP/1.1" 200 33221
202.8.43.112 - - [28/Feb/2025:00:29:42 +0100] "GET /ticket2/opencms/system/modules/com.gridnine.opencms.ticketbrokerage.site/resources/css/ticketbrokerage.css HTTP/1.1" 200 39339
202.8.43.112 - - [28/Feb/2025:00:29:42 +0100] "GET /ticket2/opencms/system/modules/com.gridnine.opencms.ticketbrokerage.site/resources/css/jquery.fancybox.css HTTP/1.1" 200 4939
202.8.43.112 - - [28/Feb/2025:00:29:43 +0100] "GET /ticket2/opencms/system/modules/com.gridnine.opencms.ticketbrokerage.site/resources/js/jquery/jquery.js HTTP/1.1" 200 93868
202.8.43.112 - - [28/Feb/2025:00:29:43 +0100] "GET /ticket2/opencms/system/modules/com.gridnine.opencms.ticketbrokerage.site/resources/js/jquery/jquery-ui.js HTTP/1.1" 200 228088
202.8.43.112 - - [28/Feb/2025:00:29:43 +0100] "GET /ticket2/opencms/system/modules/com.gridnine.opencms.ticketbrokerage.site/resources/js/calendar-en.js HTTP/1.1" 200 3338
202.8.43.112 - - [28/Feb/2025:00:29:43 +0100] "GET /ticket2/opencms/system/modules/com.gridnine.opencms.ticketbrokerage.site/resources/js/calendar.js HTTP/1.1" 200 49229
202.8.43.112 - - [28/Feb/2025:00:29:43 +0100] "GET /ticket2/opencms/system/modules/com.gridnine.opencms.ticketbrokerage.site/resources/js/functions.js HTTP/1.1" 200 1583
20.171.207.246 - - [28/Feb/2025:00:29:43 +0100] "GET /ticket2/opencms/set_aff_cookie.jsp?partner=2E02071B-A8C3-4CBA-3097-C27D61C02ED8&url=%252Fen%252Fbuy%252Findex.html%253Fpage%253D1%2526edid%253D160DAC9A-2A77-6FDC-52B8-296352B1ABF1%2526hlv%253D666c4b57-04e8-4c98-b39a-3e290a01000f%2523v_1160349956 HTTP/1.1" 200 247
202.8.43.112 - - [28/Feb/2025:00:29:43 +0100] "GET /ticket2/opencms/system/modules/com.gridnine.opencms.ticketbrokerage.site/resources/js/stickyfill.min.js HTTP/1.1" 200 5672
202.8.43.112 - - [28/Feb/2025:00:29:43 +0100] "GET /ticket2/opencms/system/modules/com.gridnine.opencms.ticketbrokerage.site/resources/js/jquery.fancybox.pack.js HTTP/1.1" 200 23187
202.8.43.112 - - [28/Feb/2025:00:29:43 +0100] "GET /ticket2/opencms/system/modules/com.gridnine.opencms.ticketbrokerage.site/resources/js/calendar-setup.js HTTP/1.1" 200 4923
52.167.144.199 - - [28/Feb/2025:00:29:43 +0100] "GET /ticket2/opencms/et/buy/?page=1&edid=9D2DFDC9-4BC5-EECE-32CF-AF6FA9041457 HTTP/1.1" 200 110597
202.8.43.112 - - [28/Feb/2025:00:29:43 +0100] "GET /ticket2/opencms/system/modules/com.gridnine.opencms.ticketbrokerage.site/resources/js/standard.js HTTP/1.1" 200 3983
202.8.43.112 - - [28/Feb/2025:00:29:43 +0100] "GET /ticket2/opencms/system/modules/com.gridnine.opencms.ticketbrokerage.site/resources/js/jquery.placeholder.min.js HTTP/1.1" 200 1737
202.8.43.112 - - [28/Feb/2025:00:29:43 +0100] "GET /ticket2/opencms/system/modules/com.gridnine.opencms.ticketbrokerage.site/resources/js/common-ajax.js HTTP/1.1" 200 20175
20.171.207.246 - - [28/Feb/2025:00:29:44 +0100] "GET /ticket2/opencms/set_aff_cookie.jsp?partner=2E02071B-A8C3-4CBA-3097-C27D61C02ED8&url=%252Fnl%252Fbuy%252Findex.html%253Fpage%253D1%2526edid%253D160DAC9A-2A77-6FDC-52B8-296352B1ABF1%2526hlv%253D666c4b55-482c-400f-a672-3e290a01000f%2523v_912988343 HTTP/1.1" 200 246
40.77.167.15 - - [28/Feb/2025:00:29:44 +0100] "GET /ticket2/opencms/bs/buy?page=1&edid=7F2B1FEA-20FE-7448-32AC-111154CA401B HTTP/1.1" 200 135730
20.171.207.246 - - [28/Feb/2025:00:29:45 +0100] "GET /ticket2/opencms/set_aff_cookie.jsp?partner=8F6DE15D-D831-5787-AE7E-FEFF53476F85&url=%252Fnl%252Fbuy%252Findex.html%253Fpage%253D1%2526edid%253D6BB5D925-7637-CF92-181F-94B35FC14C77%2526hlv%253D60f81a00-709c-4e6a-a53c-5dc40a01000f%2523v_1122497575 HTTP/1.1" 200 247
20.171.207.246 - - [28/Feb/2025:00:29:46 +0100] "GET /ticket2/opencms/set_aff_cookie.jsp?partner=2E02071B-A8C3-4CBA-3097-C27D61C02ED8&url=%252Fru%252Fbuy%252Findex.html%253Fpage%253D1%2526edid%253DC68D3A19-7AB1-B0F6-2F8E-E937CB754241%2526hlv%253D669388d6-173c-4a4e-82b5-6fc60a01000f%2523v_238065422 HTTP/1.1" 200 246
20.171.207.246 - - [28/Feb/2025:00:29:47 +0100] "GET /ticket2/opencms/set_aff_cookie.jsp?partner=2E02071B-A8C3-4CBA-3097-C27D61C02ED8&url=%252Fen%252Fbuy%252Findex.html%253Fpage%253D1%2526edid%253D6619AF23-B82A-4933-7AAB-7FCD989DC8B0%2526hlv%253D60ca1c7a-2320-4feb-814f-40950a01000f%2523v_2106307111 HTTP/1.1" 200 247
20.171.207.246 - - [28/Feb/2025:00:29:48 +0100] "GET /ticket2/opencms/set_aff_cookie.jsp?partner=23A6AD98-906E-5BDD-600E-EC4EC8A45F97&url=%252Fen%252Fbuy%252Findex.html%253Fpage%253D1%2526edid%253D160DAC9A-2A77-6FDC-52B8-296352B1ABF1%2526hlv%253D666c5804-b134-4150-b205-4a2b0a01000f%2523v_716316532 HTTP/1.1" 200 246
114.119.153.152 - - [28/Feb/2025:00:29:49 +0100] "GET /ticket2/opencms/en/sell/?edid=BA0C4AB6-9AED-31E3-0634-B7D13957256A HTTP/1.1" 302 -
20.171.207.246 - - [28/Feb/2025:00:29:50 +0100] "GET /ticket2/opencms/set_aff_cookie.jsp?partner=8F6DE15D-D831-5787-AE7E-FEFF53476F85&url=%252Fru%252Fbuy%252Findex.html%253Fpage%253D1%2526edid%253D150C2B47-38EB-0C0E-C664-5F863E9426DB%2526hlv%253D66cafa7c-09e0-4112-b483-33480a01000f%2523v_216415826 HTTP/1.1" 200 246
20.171.207.246 - - [28/Feb/2025:00:29:51 +0100] "GET /ticket2/opencms/set_aff_cookie.jsp?partner=5E0CDF29-E7BE-9F6B-6869-7BF66B04006F&url=%252Fno%252Fbuy%252Findex.html%253Fpage%253D1%2526edid%253D1BFF3C4B-0AF3-F040-1041-C55D427FE053%2526hlv%253D60f84819-a3c4-4388-a72e-6f470a01000f%2523v_196929786 HTTP/1.1" 200 246
173.252.69.116 - - [28/Feb/2025:00:29:51 +0100] "GET /ticket2/opencms/sr/buy?page=1&edid=FB619D25-A569-B2D3-A138-064ED3A662B4 HTTP/1.1" 200 112695
47.128.97.150 - - [28/Feb/2025:00:29:51 +0100] "GET /ticket2/opencms/sv/sport/fotbollsbiljetter/uefa-europa-league/ HTTP/1.1" 200 87874
20.171.207.246 - - [28/Feb/2025:00:29:52 +0100] "GET /ticket2/opencms/set_aff_cookie.jsp?partner=6F250EA7-4505-FA01-D601-8847F2573405&url=%252Ffi%252Fbuy%252Findex.html%253Fpage%253D1%2526edid%253D890CCDBB-BBBF-11B0-1E79-EA111E8EF281%2526hlv%253D668839fc-f6e0-4114-9abe-2d260a01000f%2523v_343303973 HTTP/1.1" 200 246
47.128.97.150 - - [28/Feb/2025:00:29:52 +0100] "GET /ticket2/opencms/system/modules/com.gridnine.opencms.ticketbrokerage.site/resources/pics/banners/sv/europa_sv.png HTTP/1.1" 200 72219
114.119.153.152 - - [28/Feb/2025:00:29:53 +0100] "GET /ticket2/opencms/en/login/?url=/en/sell/ HTTP/1.1" 200 90119
20.171.207.246 - - [28/Feb/2025:00:29:53 +0100] "GET /ticket2/opencms/set_aff_cookie.jsp?partner=2E02071B-A8C3-4CBA-3097-C27D61C02ED8&url=%252Ffi%252Fbuy%252Findex.html%253Fpage%253D1%2526edid%253DE8BA54CC-B112-3D61-BE02-1B4D1E4F63D1%2526hlv%253D666ddc11-822c-487a-a886-6a330a01000f%2523v_1339859538 HTTP/1.1" 200 247
20.171.207.246 - - [28/Feb/2025:00:29:54 +0100] "GET /ticket2/opencms/set_aff_cookie.jsp?partner=5E0CDF29-E7BE-9F6B-6869-7BF66B04006F&url=%252Fnl%252Fbuy%252Findex.html%253Fpage%253D1%2526edid%253D52F83580-0FD4-F06F-050A-AE1CCE4A20C1%2526hlv%253D66d04b4e-f710-4443-b30c-07480a01000f%2523v_1348658455 HTTP/1.1" 200 247
20.171.207.246 - - [28/Feb/2025:00:29:55 +0100] "GET /ticket2/opencms/set_aff_cookie.jsp?partner=5E0CDF29-E7BE-9F6B-6869-7BF66B04006F&url=%252Fsv%252Fbuy%252Findex.html%253Fpage%253D1%2526edid%253D605F0713-F5C5-5844-2344-BCDD5B5AC0EC%2526hlv%253D666ffec1-3b80-49c7-8520-23e60a01000f%2523v_499770706 HTTP/1.1" 200 246
20.171.207.246 - - [28/Feb/2025:00:29:57 +0100] "GET /ticket2/opencms/set_aff_cookie.jsp?partner=8F6DE15D-D831-5787-AE7E-FEFF53476F85&url=%252Ffi%252Fbuy%252Findex.html%253Fpage%253D1%2526edid%253D1AD4E11C-C792-1721-4D1A-2229101A30FD%2526hlv%253D666c8a13-08bc-4dcb-8520-7e6f0a01000f%2523v_1884050711 HTTP/1.1" 200 247
188.239.14.119 - - [28/Feb/2025:00:29:57 +0100] "GET /ticket2/opencms/es/buy?page=1&edid=7C00C025-4187-F18C-F721-DDEE3215F3B5 HTTP/1.1" 200 108593
216.244.66.238 - - [28/Feb/2025:00:29:58 +0100] "GET /ticket2/opencms/sr/buy?page=1&edid=06EAB243-46C0-65AE-FF61-8C7D584748E6 HTTP/1.1" 200 111908
20.171.207.246 - - [28/Feb/2025:00:29:58 +0100] "GET /ticket2/opencms/set_aff_cookie.jsp?partner=8F6DE15D-D831-5787-AE7E-FEFF53476F85&url=%252Fen%252Fbuy%252Findex.html%253Fpage%253D1%2526edid%253D6F379414-70C4-400F-51D2-AFD37C8F2BC7%2526hlv%253D666d6ed0-6fc8-4b26-9c75-0c140a01000f%2523v_188981972 HTTP/1.1" 200 246
54.36.148.115 - - [28/Feb/2025:00:29:58 +0100] "GET /ticket2/opencms/bg/sport/futbolni-bileti/bundesliga/bayern-munchen HTTP/1.1" 200 101913
20.171.207.246 - - [28/Feb/2025:00:29:59 +0100] "GET /ticket2/opencms/set_aff_cookie.jsp?partner=57601924-FB09-5BB2-867F-08B4EB522BA8&url=%252Fnl%252Fbuy%252Findex.html%253Fpage%253D1%2526edid%253D6619AF23-B82A-4933-7AAB-7FCD989DC8B0%2526hlv%253D6145bdcb-8b8c-4703-853f-64fe0a01000f%2523v_1090159613 HTTP/1.1" 200 247
202.8.40.87 - - [28/Feb/2025:00:30:00 +0100] "GET /ticket2/opencms/system/modules/com.gridnine.opencms.ticketbrokerage.site/resources/css/jquery-ui.css HTTP/1.1" 200 33221
202.8.40.87 - - [28/Feb/2025:00:30:00 +0100] "GET /ticket2/opencms/system/modules/com.gridnine.opencms.ticketbrokerage.site/resources/css/jquery.fancybox.css HTTP/1.1" 200 4939
202.8.40.87 - - [28/Feb/2025:00:30:00 +0100] "GET /ticket2/opencms/system/modules/com.gridnine.opencms.ticketbrokerage.site/resources/css/calendar.css HTTP/1.1" 200 6871
202.8.40.87 - - [28/Feb/2025:00:30:00 +0100] "GET /ticket2/opencms/system/modules/com.gridnine.opencms.ticketbrokerage.site/resources/css/ticketbrokerage.css HTTP/1.1" 200 39339
202.8.40.87 - - [28/Feb/2025:00:30:00 +0100] "GET /ticket2/opencms/system/modules/com.gridnine.opencms.ticketbrokerage.site/resources/css/standard.css HTTP/1.1" 200 74207
202.8.40.87 - - [28/Feb/2025:00:30:00 +0100] "GET /ticket2/opencms/system/modules/com.gridnine.opencms.ticketbrokerage.site/resources/js/jquery/jquery.js HTTP/1.1" 200 93868
202.8.40.87 - - [28/Feb/2025:00:30:00 +0100] "GET /ticket2/opencms/system/modules/com.gridnine.opencms.ticketbrokerage.site/resources/js/functions.js HTTP/1.1" 200 1583
202.8.40.87 - - [28/Feb/2025:00:30:00 +0100] "GET /ticket2/opencms/system/modules/com.gridnine.opencms.ticketbrokerage.site/resources/js/jquery/jquery-ui.js HTTP/1.1" 200 228088
202.8.40.87 - - [28/Feb/2025:00:30:00 +0100] "GET /ticket2/opencms/system/modules/com.gridnine.opencms.ticketbrokerage.site/resources/js/calendar.js HTTP/1.1" 200 49229
202.8.40.87 - - [28/Feb/2025:00:30:00 +0100] "GET /ticket2/opencms/system/modules/com.gridnine.opencms.ticketbrokerage.site/resources/js/calendar-en.js HTTP/1.1" 200 3338
202.8.40.87 - - [28/Feb/2025:00:30:00 +0100] "GET /ticket2/opencms/system/modules/com.gridnine.opencms.ticketbrokerage.site/resources/js/calendar-setup.js HTTP/1.1" 200 4923
202.8.40.87 - - [28/Feb/2025:00:30:00 +0100] "GET /ticket2/opencms/system/modules/com.gridnine.opencms.ticketbrokerage.site/resources/js/jquery.fancybox.pack.js HTTP/1.1" 200 23187
202.8.40.87 - - [28/Feb/2025:00:30:00 +0100] "GET /ticket2/opencms/system/modules/com.gridnine.opencms.ticketbrokerage.site/resources/js/stickyfill.min.js HTTP/1.1" 200 5672
202.8.40.87 - - [28/Feb/2025:00:30:00 +0100] "GET /ticket2/opencms/system/modules/com.gridnine.opencms.ticketbrokerage.site/resources/js/standard.js HTTP/1.1" 200 3983
202.8.40.87 - - [28/Feb/2025:00:30:00 +0100] "GET /ticket2/opencms/system/modules/com.gridnine.opencms.ticketbrokerage.site/resources/js/jquery.placeholder.min.js HTTP/1.1" 200 1737
20.171.207.246 - - [28/Feb/2025:00:30:00 +0100] "GET /ticket2/opencms/set_aff_cookie.jsp?partner=2E02071B-A8C3-4CBA-3097-C27D61C02ED8&url=%252Fen%252Fbuy%252Findex.html%253Fpage%253D1%2526edid%253D605F0713-F5C5-5844-2344-BCDD5B5AC0EC%2526hlv%253D666ffec5-c344-4d8f-a349-23e60a01000f%2523v_1822064558 HTTP/1.1" 200 247
202.8.40.87 - - [28/Feb/2025:00:30:00 +0100] "GET /ticket2/opencms/system/modules/com.gridnine.opencms.ticketbrokerage.site/resources/js/common-ajax.js HTTP/1.1" 200 20175
20.171.207.246 - - [28/Feb/2025:00:30:01 +0100] "GET /ticket2/opencms/set_aff_cookie.jsp?partner=5E0CDF29-E7BE-9F6B-6869-7BF66B04006F&url=%252Fno%252Fbuy%252Findex.html%253Fpage%253D1%2526edid%253D1704DC47-D333-EEEA-B66A-BC4C3DDB8A1C%2526hlv%253D6144935a-9248-4f8d-9752-77230a01000f%2523v_1486174224 HTTP/1.1" 200 247
20.171.207.246 - - [28/Feb/2025:00:30:02 +0100] "GET /ticket2/opencms/set_aff_cookie.jsp?partner=2E02071B-A8C3-4CBA-3097-C27D61C02ED8&url=%252Ffi%252Fbuy%252Findex.html%253Fpage%253D1%2526edid%253D66C22035-E7EA-E10A-4BFC-2C30733037DC%2526hlv%253D666d4a3a-d358-43bc-8746-6bb30a01000f%2523v1348696827 HTTP/1.1" 200 246
20.171.207.246 - - [28/Feb/2025:00:30:04 +0100] "GET /ticket2/opencms/set_aff_cookie.jsp?partner=5E0CDF29-E7BE-9F6B-6869-7BF66B04006F&url=%252Ffi%252Fbuy%252Findex.html%253Fpage%253D1%2526edid%253D6E64EF54-063D-0F55-A1E7-7781348B9C83%2526hlv%253D6149ec3e-e5f4-4152-b8d6-1fbf0a01000f%2523v_1438332763 HTTP/1.1" 200 247
52.167.144.156 - - [28/Feb/2025:00:30:04 +0100] "GET /ticket2/opencms/tr/faq HTTP/1.1" 200 90786
20.171.207.246 - - [28/Feb/2025:00:30:05 +0100] "GET /ticket2/opencms/set_aff_cookie.jsp?partner=2E02071B-A8C3-4CBA-3097-C27D61C02ED8&url=%252Fru%252Fbuy%252Findex.html%253Fpage%253D1%2526edid%253D70EF0ABB-9A80-4CE0-EE48-CC9265C1B361%2526hlv%253D6692485c-ec50-43b6-8d02-16d80a01000f%2523v_1052547176 HTTP/1.1" 200 247
114.119.130.154 - - [28/Feb/2025:00:30:06 +0100] "GET /ticket2/opencms/is/buy?page=1&edid=155A8AD9-1DB8-C195-1912-F1BA2EAEC8CF HTTP/1.1" 200 111908
20.171.207.246 - - [28/Feb/2025:00:30:06 +0100] "GET /ticket2/opencms/set_aff_cookie.jsp?partner=2E02071B-A8C3-4CBA-3097-C27D61C02ED8&url=%252Fsv%252Fbuy%252Findex.html%253Fpage%253D1%2526edid%253D0DC29C5C-A273-34CB-58F3-441C87554AF1%2526hlv%253D66b47f8c-367c-451b-bad7-209b0a01000f%2523v_840636500 HTTP/1.1" 200 246
20.171.207.246 - - [28/Feb/2025:00:30:07 +0100] "GET /ticket2/opencms/set_aff_cookie.jsp?partner=5E0CDF29-E7BE-9F6B-6869-7BF66B04006F&url=%252Fsv%252Fbuy%252Findex.html%253Fpage%253D1%2526edid%253D3365A2FF-D272-1DCA-3F68-9640C946FBC1%2526hlv%253D61151f6f-f900-41de-a861-05ee0a01000f%2523v_1952076342 HTTP/1.1" 200 247
20.171.207.246 - - [28/Feb/2025:00:30:08 +0100] "GET /ticket2/opencms/set_aff_cookie.jsp?partner=2E02071B-A8C3-4CBA-3097-C27D61C02ED8&url=%252Fnl%252Fbuy%252Findex.html%253Fpage%253D1%2526edid%253D1E25B326-4F8F-7BA0-5AB1-018D89AC8C22%2526hlv%253D60f811ce-e174-4c9c-93a1-5a960a01000f%2523v_1134076699 HTTP/1.1" 200 247
85.208.96.203 - - [28/Feb/2025:00:30:08 +0100] "GET /ticket2/opencms/az/magazine/article?title=manchester-city-tenezzul-riski-ile-uzlesir HTTP/1.1" 200 92736
20.171.207.246 - - [28/Feb/2025:00:30:09 +0100] "GET /ticket2/opencms/set_aff_cookie.jsp?partner=57601924-FB09-5BB2-867F-08B4EB522BA8&url=%252Fsv%252Fbuy%252Findex.html%253Fpage%253D1%2526edid%253D1ABC406A-92BD-FDCF-3BD6-80A52E60B34F%2526hlv%253D666c88f1-71c4-4038-832c-79b60a01000f%2523v_454961632 HTTP/1.1" 200 246
52.167.144.214 - - [28/Feb/2025:00:30:10 +0100] "GET /ticket2/opencms/fi/buy/?page=1&edid=47EBAE6F-817A-37A2-D93C-48B4FE4F8A77 HTTP/1.1" 200 110892
20.171.207.246 - - [28/Feb/2025:00:30:10 +0100] "GET /ticket2/opencms/set_aff_cookie.jsp?partner=8F6DE15D-D831-5787-AE7E-FEFF53476F85&url=%252Fru%252Fbuy%252Findex.html%253Fpage%253D1%2526edid%253D66C22035-E7EA-E10A-4BFC-2C30733037DC%2526hlv%253D666d4a3b-4548-401c-99b3-6bb30a01000f%2523v1373569127 HTTP/1.1" 200 246
85.208.96.208 - - [28/Feb/2025:00:30:10 +0100] "GET /ticket2/opencms/sl/magazine/article?title=vinicius-jr HTTP/1.1" 200 92073
20.171.207.246 - - [28/Feb/2025:00:30:12 +0100] "GET /ticket2/opencms/set_aff_cookie.jsp?partner=2E02071B-A8C3-4CBA-3097-C27D61C02ED8&url=%252Fnl%252Fbuy%252Findex.html%253Fpage%253D1%2526edid%253D1C663B38-AAE8-15E5-78AB-F7247D2C67D4%2526hlv%253D666d70a2-7bf4-4ce6-9a86-0e670a01000f%2523v_1640142793 HTTP/1.1" 200 247
20.171.207.246 - - [28/Feb/2025:00:30:13 +0100] "GET /ticket2/opencms/set_aff_cookie.jsp?partner=2E02071B-A8C3-4CBA-3097-C27D61C02ED8&url=%252Ffi%252Fbuy%252Findex.html%253Fpage%253D1%2526edid%253D697BE447-74B7-A748-152F-A1818DA4BEC9%2526hlv%253D666d6f1c-48c0-4d1f-ba53-0c190a01000f%2523v_773525270 HTTP/1.1" 200 246
54.36.148.208 - - [28/Feb/2025:00:30:13 +0100] "GET /ticket2/opencms/uk/sport/kvytky-na-futbol/bundesliga/bayern-munchen HTTP/1.1" 200 101048
114.119.140.85 - - [28/Feb/2025:00:30:14 +0100] "GET /ticket2/opencms/en/sell/?edid=8DE1C2CA-7119-0E71-F915-F372DB5EBBBA HTTP/1.1" 302 -
20.171.207.246 - - [28/Feb/2025:00:30:14 +0100] "GET /ticket2/opencms/set_aff_cookie.jsp?partner=8F6DE15D-D831-5787-AE7E-FEFF53476F85&url=%252Fru%252Fbuy%252Findex.html%253Fpage%253D1%2526edid%253D70EF0ABB-9A80-4CE0-EE48-CC9265C1B361%2526hlv%253D6692485c-b86c-4951-a427-16d80a01000f%2523v_888871662 HTTP/1.1" 200 246
202.8.42.17 - - [28/Feb/2025:00:30:14 +0100] "GET /ticket2/opencms/system/modules/com.gridnine.opencms.ticketbrokerage.site/resources/css/ticketbrokerage.css HTTP/1.1" 200 39339
202.8.42.17 - - [28/Feb/2025:00:30:14 +0100] "GET /ticket2/opencms/system/modules/com.gridnine.opencms.ticketbrokerage.site/resources/css/jquery-ui.css HTTP/1.1" 200 33221
202.8.42.17 - - [28/Feb/2025:00:30:14 +0100] "GET /ticket2/opencms/system/modules/com.gridnine.opencms.ticketbrokerage.site/resources/css/jquery.fancybox.css HTTP/1.1" 200 4939
202.8.42.17 - - [28/Feb/2025:00:30:14 +0100] "GET /ticket2/opencms/system/modules/com.gridnine.opencms.ticketbrokerage.site/resources/css/calendar.css HTTP/1.1" 200 6871
202.8.42.17 - - [28/Feb/2025:00:30:14 +0100] "GET /ticket2/opencms/system/modules/com.gridnine.opencms.ticketbrokerage.site/resources/js/jquery/jquery.js HTTP/1.1" 200 93868
202.8.42.17 - - [28/Feb/2025:00:30:14 +0100] "GET /ticket2/opencms/system/modules/com.gridnine.opencms.ticketbrokerage.site/resources/css/standard.css HTTP/1.1" 200 74207
202.8.42.17 - - [28/Feb/2025:00:30:15 +0100] "GET /ticket2/opencms/system/modules/com.gridnine.opencms.ticketbrokerage.site/resources/js/jquery/jquery-ui.js HTTP/1.1" 200 228088
202.8.42.17 - - [28/Feb/2025:00:30:15 +0100] "GET /ticket2/opencms/system/modules/com.gridnine.opencms.ticketbrokerage.site/resources/js/functions.js HTTP/1.1" 200 1583
202.8.42.17 - - [28/Feb/2025:00:30:15 +0100] "GET /ticket2/opencms/system/modules/com.gridnine.opencms.ticketbrokerage.site/resources/js/calendar-en.js HTTP/1.1" 200 3338
202.8.42.17 - - [28/Feb/2025:00:30:15 +0100] "GET /ticket2/opencms/system/modules/com.gridnine.opencms.ticketbrokerage.site/resources/js/calendar.js HTTP/1.1" 200 49229
202.8.42.17 - - [28/Feb/2025:00:30:15 +0100] "GET /ticket2/opencms/system/modules/com.gridnine.opencms.ticketbrokerage.site/resources/js/calendar-setup.js HTTP/1.1" 200 4923
202.8.42.17 - - [28/Feb/2025:00:30:15 +0100] "GET /ticket2/opencms/system/modules/com.gridnine.opencms.ticketbrokerage.site/resources/js/jquery.fancybox.pack.js HTTP/1.1" 200 23187
202.8.42.17 - - [28/Feb/2025:00:30:15 +0100] "GET /ticket2/opencms/system/modules/com.gridnine.opencms.ticketbrokerage.site/resources/js/stickyfill.min.js HTTP/1.1" 200 5672
202.8.42.17 - - [28/Feb/2025:00:30:15 +0100] "GET /ticket2/opencms/system/modules/com.gridnine.opencms.ticketbrokerage.site/resources/js/standard.js HTTP/1.1" 200 3983
202.8.42.17 - - [28/Feb/2025:00:30:15 +0100] "GET /ticket2/opencms/system/modules/com.gridnine.opencms.ticketbrokerage.site/resources/js/jquery.placeholder.min.js HTTP/1.1" 200 1737
202.8.42.17 - - [28/Feb/2025:00:30:15 +0100] "GET /ticket2/opencms/system/modules/com.gridnine.opencms.ticketbrokerage.site/resources/js/common-ajax.js HTTP/1.1" 200 20175
20.171.207.246 - - [28/Feb/2025:00:30:15 +0100] "GET /ticket2/opencms/set_aff_cookie.jsp?partner=2E02071B-A8C3-4CBA-3097-C27D61C02ED8&url=%252Fdk%252Fbuy%252Findex.html%253Fpage%253D1%2526edid%253D1C663B38-AAE8-15E5-78AB-F7247D2C67D4%2526hlv%253D666d70a2-6a2c-488b-9bf2-0e670a01000f%2523v_784774157 HTTP/1.1" 200 246
20.171.207.246 - - [28/Feb/2025:00:30:16 +0100] "GET /ticket2/opencms/set_aff_cookie.jsp?partner=23A6AD98-906E-5BDD-600E-EC4EC8A45F97&url=%252Fen%252Fbuy%252Findex.html%253Fpage%253D1%2526edid%253D10597F35-2AC7-31D2-FB61-15A36BB6D73B%2526hlv%253D66d090eb-e01c-4a80-a186-49230a01000f%2523v_1000007096 HTTP/1.1" 200 247
85.208.96.206 - - [28/Feb/2025:00:30:17 +0100] "GET /ticket2/opencms/de/magazine/article?title=chelsea-fcs-und-ihr-kampf-um-stabilitat HTTP/1.1" 200 94324
20.171.207.246 - - [28/Feb/2025:00:30:17 +0100] "GET /ticket2/opencms/set_aff_cookie.jsp?partner=8F6DE15D-D831-5787-AE7E-FEFF53476F85&url=%252Fsv%252Fbuy%252Findex.html%253Fpage%253D1%2526edid%253D10404C2E-90F1-82CF-4642-1D2B3FC97049%2526hlv%253D668ee281-a4f8-49f5-abc2-1a570a01000f%2523v_883607348 HTTP/1.1" 200 246
114.119.140.85 - - [28/Feb/2025:00:30:18 +0100] "GET /ticket2/opencms/en/login/?url=/en/sell/ HTTP/1.1" 200 90110
20.171.207.246 - - [28/Feb/2025:00:30:18 +0100] "GET /ticket2/opencms/set_aff_cookie.jsp?partner=2E02071B-A8C3-4CBA-3097-C27D61C02ED8&url=%252Fdk%252Fbuy%252Findex.html%253Fpage%253D1%2526edid%253D0FD8C94D-BC20-A9A1-B75F-6B50E0D9D5B1%2526hlv%253D60f951c1-f840-4b95-995c-56980a01000f%2523v_631274291 HTTP/1.1" 200 246
173.252.69.115 - - [28/Feb/2025:00:30:18 +0100] "GET /ticket2/opencms/az/buy/?page=1&edid=7122E03D-6477-8F00-8197-FB4687732D5A HTTP/1.1" 200 112364
20.171.207.246 - - [28/Feb/2025:00:30:20 +0100] "GET /ticket2/opencms/set_aff_cookie.jsp?partner=8F6DE15D-D831-5787-AE7E-FEFF53476F85&url=%252Ffi%252Fbuy%252Findex.html%253Fpage%253D1%2526edid%253D49FEC43E-3E83-185B-C185-BAAB3CE353B1%2526hlv%253D60f81bf8-3284-46b1-8031-5e890a01000f%2523v_2010115736 HTTP/1.1" 200 247
40.77.167.254 - - [28/Feb/2025:00:30:20 +0100] "GET /ticket2/opencms/lv/buy?page=1&edid=CC748805-AA77-5D07-7352-96CD97D4F5AC HTTP/1.1" 200 136944
20.171.207.246 - - [28/Feb/2025:00:30:21 +0100] "GET /ticket2/opencms/set_aff_cookie.jsp?partner=6F250EA7-4505-FA01-D601-8847F2573405&url=%252Ffi%252Fbuy%252Findex.html%253Fpage%253D1%2526edid%253D1B6F6A2B-A0DA-FF91-EC4E-3DCAA442C25B%2526hlv%253D666d531b-3fd8-49d2-bb66-72b30a01000f%2523v_1770117123 HTTP/1.1" 200 247
20.171.207.246 - - [28/Feb/2025:00:30:22 +0100] "GET /ticket2/opencms/set_aff_cookie.jsp?partner=2E02071B-A8C3-4CBA-3097-C27D61C02ED8&url=%252Fru%252Fbuy%252Findex.html%253Fpage%253D1%2526edid%253DE8BA54CC-B112-3D61-BE02-1B4D1E4F63D1%2526hlv%253D666ddc0f-626c-4691-9b05-6a330a01000f%2523v_1209394279 HTTP/1.1" 200 247
185.191.171.14 - - [28/Feb/2025:00:30:22 +0100] "GET /ticket2/opencms/cs/magazine/article?title=arsenal-a-tottenham-si-deli-body-v-epickem-zapase-4-4-dne-29-rijna-2008 HTTP/1.1" 200 96471
20.171.207.246 - - [28/Feb/2025:00:30:23 +0100] "GET /ticket2/opencms/set_aff_cookie.jsp?partner=5E0CDF29-E7BE-9F6B-6869-7BF66B04006F&url=%252Fsv%252Fbuy%252Findex.html%253Fpage%253D1%2526edid%253D6ED08D04-7263-AC79-DA04-AFB97DC97A00%2526hlv%253D6693908e-ea2c-4f56-a5f6-74840a01000f%2523v_1202077759 HTTP/1.1" 200 247
47.128.61.209 - - [28/Feb/2025:00:30:24 +0100] "GET /ticket2/opencms/es/buy?edid=2623FB3F-281B-22C8-3425-BF900A46AC08 HTTP/1.1" 200 91438
20.171.207.246 - - [28/Feb/2025:00:30:24 +0100] "GET /ticket2/opencms/set_aff_cookie.jsp?partner=5E0CDF29-E7BE-9F6B-6869-7BF66B04006F&url=%252Fru%252Fbuy%252Findex.html%253Fpage%253D1%2526edid%253D66B6FB17-4C70-8B35-3D9C-B87B9C32022F%2526hlv%253D60f84baa-1fa8-439c-9a3b-72280a01000f%2523v_2115843927 HTTP/1.1" 200 247
20.171.207.246 - - [28/Feb/2025:00:30:25 +0100] "GET /ticket2/opencms/set_aff_cookie.jsp?partner=5E0CDF29-E7BE-9F6B-6869-7BF66B04006F&url=%252Ffi%252Fbuy%252Findex.html%253Fpage%253D1%2526edid%253D1C663B38-AAE8-15E5-78AB-F7247D2C67D4%2526hlv%253D666d70a0-7004-4eaa-9236-0e670a01000f%2523v_399289684 HTTP/1.1" 200 246
109.236.61.95 - - [28/Feb/2025:00:30:26 +0100] "??%{ "Ret" : 100, "SessionID" : "0x0" }" 400 -
20.171.207.246 - - [28/Feb/2025:00:30:27 +0100] "GET /ticket2/opencms/set_aff_cookie.jsp?partner=6F250EA7-4505-FA01-D601-8847F2573405&url=%252Fno%252Fbuy%252Findex.html%253Fpage%253D1%2526edid%253D10D2F1A4-37B5-63BF-BBD7-BDB95680D6AA%2526hlv%253D6698cf09-eea8-403e-b395-3ba60a01000f%2523v_588669439 HTTP/1.1" 200 246
20.171.207.246 - - [28/Feb/2025:00:30:28 +0100] "GET /ticket2/opencms/set_aff_cookie.jsp?partner=8F6DE15D-D831-5787-AE7E-FEFF53476F85&url=%252Ffi%252Fbuy%252Findex.html%253Fpage%253D1%2526edid%253D1B2497C9-50FD-C481-B810-5D82DC9B4FE5%2526hlv%253D614c78c4-d630-478d-afdd-19920a01000f%2523v_1607981824 HTTP/1.1" 200 247
20.171.207.246 - - [28/Feb/2025:00:30:29 +0100] "GET /ticket2/opencms/set_aff_cookie.jsp?partner=5E0CDF29-E7BE-9F6B-6869-7BF66B04006F&url=%252Fno%252Fbuy%252Findex.html%253Fpage%253D1%2526edid%253D616E0307-EF5A-C0BC-E2E4-858595D5400D%2526hlv%253D611bb0bd-f090-4c86-9ea2-48b40a01000f%2523v1005087593 HTTP/1.1" 200 246
20.171.207.246 - - [28/Feb/2025:00:30:30 +0100] "GET /ticket2/opencms/set_aff_cookie.jsp?partner=8F6DE15D-D831-5787-AE7E-FEFF53476F85&url=%252Fen%252Fbuy%252Findex.html%253Fpage%253D1%2526edid%253D1C663B38-AAE8-15E5-78AB-F7247D2C67D4%2526hlv%253D666d70a0-4180-4df0-aad6-0e670a01000f%2523v_1025841401 HTTP/1.1" 200 247
166.108.234.45 - - [28/Feb/2025:00:30:30 +0100] "GET /ticket2/opencms/bg/buy?comcatid=A17713B6-D984-201A-4143-ED4DB5ED5C2E&catid=&npage=5 HTTP/1.1" 200 124007
20.171.207.246 - - [28/Feb/2025:00:30:31 +0100] "GET /ticket2/opencms/set_aff_cookie.jsp?partner=8F6DE15D-D831-5787-AE7E-FEFF53476F85&url=%252Fsv%252Fbuy%252Findex.html%253Fpage%253D1%2526edid%253D1BFF3C4B-0AF3-F040-1041-C55D427FE053%2526hlv%253D60f84785-8ed8-44d6-854d-6e120a01000f%2523v_285270552 HTTP/1.1" 200 246
20.171.207.246 - - [28/Feb/2025:00:30:32 +0100] "GET /ticket2/opencms/set_aff_cookie.jsp?partner=8F6DE15D-D831-5787-AE7E-FEFF53476F85&url=%252Fru%252Fbuy%252Findex.html%253Fpage%253D1%2526edid%253D66B6FB17-4C70-8B35-3D9C-B87B9C32022F%2526hlv%253D60f84baa-9734-40eb-a14b-72280a01000f%2523v_902229761 HTTP/1.1" 200 246
20.171.207.246 - - [28/Feb/2025:00:30:33 +0100] "GET /ticket2/opencms/set_aff_cookie.jsp?partner=5E0CDF29-E7BE-9F6B-6869-7BF66B04006F&url=%252Fnl%252Fbuy%252Findex.html%253Fpage%253D1%2526edid%253D6713F743-CFE1-C987-288D-AC8AB79C37B8%2526hlv%253D66900ffe-05ec-48aa-8753-18280a01000f%2523v_137783291 HTTP/1.1" 200 246
20.171.207.246 - - [28/Feb/2025:00:30:35 +0100] "GET /ticket2/opencms/set_aff_cookie.jsp?partner=5E0CDF29-E7BE-9F6B-6869-7BF66B04006F&url=%252Fnl%252Fbuy%252Findex.html%253Fpage%253D1%2526edid%253D66C22035-E7EA-E10A-4BFC-2C30733037DC%2526hlv%253D666d4a37-9720-40cd-ba14-6bb30a01000f%2523v2138207299 HTTP/1.1" 200 246
20.171.207.246 - - [28/Feb/2025:00:30:36 +0100] "GET /ticket2/opencms/set_aff_cookie.jsp?partner=2E02071B-A8C3-4CBA-3097-C27D61C02ED8&url=%252Fen%252Fbuy%252Findex.html%253Fpage%253D1%2526edid%253D66C22035-E7EA-E10A-4BFC-2C30733037DC%2526hlv%253D666d4a37-bcb8-4778-811f-6bb30a01000f%2523v1829879747 HTTP/1.1" 200 246
54.36.148.135 - - [28/Feb/2025:00:30:37 +0100] "GET /ticket2/opencms/bs/buy?page=1&edid=47EBAE6F-817A-37A2-D93C-48B4FE4F8A77 HTTP/1.1" 200 111046
20.171.207.246 - - [28/Feb/2025:00:30:37 +0100] "GET /ticket2/opencms/set_aff_cookie.jsp?partner=57601924-FB09-5BB2-867F-08B4EB522BA8&url=%252Fsv%252Fbuy%252Findex.html%253Fpage%253D1%2526edid%253D76EC6065-A9FD-2158-21EE-D9457194B3F1%2526hlv%253D60c9f26e-fcb0-47ae-8cde-299e0a01000f%2523v_290970250 HTTP/1.1" 200 246
20.171.207.246 - - [28/Feb/2025:00:30:38 +0100] "GET /ticket2/opencms/set_aff_cookie.jsp?partner=5E0CDF29-E7BE-9F6B-6869-7BF66B04006F&url=%252Fru%252Fbuy%252Findex.html%253Fpage%253D1%2526edid%253D17ABEF83-A306-7DC9-F266-4B55FF85626E%2526hlv%253D60f80e52-3b00-47ff-856e-595f0a01000f%2523v_1631554781 HTTP/1.1" 200 247
20.171.207.246 - - [28/Feb/2025:00:30:39 +0100] "GET /ticket2/opencms/set_aff_cookie.jsp?partner=8F6DE15D-D831-5787-AE7E-FEFF53476F85&url=%252Fru%252Fbuy%252Findex.html%253Fpage%253D1%2526edid%253D6F6062BE-21E9-FCCC-41A7-E76CFE6D47E3%2526hlv%253D66938923-d164-44bc-a697-703c0a01000f%2523v_1861518640 HTTP/1.1" 200 247
20.171.207.246 - - [28/Feb/2025:00:30:40 +0100] "GET /ticket2/opencms/set_aff_cookie.jsp?partner=57601924-FB09-5BB2-867F-08B4EB522BA8&url=%252Fsv%252Fbuy%252Findex.html%253Fpage%253D1%2526edid%253D6A920F16-DD42-2262-3AA2-B83D5743F13A%2526hlv%253D666cb1c6-d1bc-4eab-ba17-44290a01000f%2523v_895848739 HTTP/1.1" 200 246
85.208.96.193 - - [28/Feb/2025:00:30:41 +0100] "GET /ticket2/opencms/sl/magazine/article?title=joao-palhinha-v-bayern-munchen-novi-moci-veznega-reda-prihajajo-v-allianz-areno HTTP/1.1" 200 96008
173.252.69.2 - - [28/Feb/2025:00:30:41 +0100] "GET /ticket2/opencms/mo/sport/bilete-la-fotbal/la-liga/villareal HTTP/1.1" 200 100653
20.171.207.246 - - [28/Feb/2025:00:30:42 +0100] "GET /ticket2/opencms/set_aff_cookie.jsp?partner=8F6DE15D-D831-5787-AE7E-FEFF53476F85&url=%252Fdk%252Fbuy%252Findex.html%253Fpage%253D1%2526edid%253D68B485F7-9483-6E4F-656D-602EE2AC621D%2526hlv%253D666d4b7b-3a6c-4e8c-94d4-68b70a01000f%2523v_528045412 HTTP/1.1" 200 246
20.171.207.246 - - [28/Feb/2025:00:30:43 +0100] "GET /ticket2/opencms/set_aff_cookie.jsp?partner=5E0CDF29-E7BE-9F6B-6869-7BF66B04006F&url=%252Fru%252Fbuy%252Findex.html%253Fpage%253D1%2526edid%253D1D655237-217E-C5C5-21D7-85A16C37AFF4%2526hlv%253D611cd264-1bec-44b0-9bfd-5e520a01000f%2523v_1251847994 HTTP/1.1" 200 247
216.244.66.238 - - [28/Feb/2025:00:30:44 +0100] "GET /ticket2/opencms/es/magazine/article?title=villa-park-con-una-capacidad-de-mas-de-42000-espectadores HTTP/1.1" 200 92709
20.171.207.246 - - [28/Feb/2025:00:30:44 +0100] "GET /ticket2/opencms/set_aff_cookie.jsp?partner=2E02071B-A8C3-4CBA-3097-C27D61C02ED8&url=%252Fru%252Fbuy%252Findex.html%253Fpage%253D1%2526edid%253D6BB08CE9-0D81-41FE-EE1F-F84E2D4B4721%2526hlv%253D66cf0d18-8c78-4af9-9477-29010a01000f%2523v_103173689 HTTP/1.1" 200 246
20.171.207.246 - - [28/Feb/2025:00:30:45 +0100] "GET /ticket2/opencms/set_aff_cookie.jsp?partner=8F6DE15D-D831-5787-AE7E-FEFF53476F85&url=%252Fno%252Fbuy%252Findex.html%253Fpage%253D1%2526edid%253D160DAC9A-2A77-6FDC-52B8-296352B1ABF1%2526hlv%253D666c4b56-f908-4e60-a59b-3e290a01000f%2523v_1657812272 HTTP/1.1" 200 247
20.171.207.246 - - [28/Feb/2025:00:30:46 +0100] "GET /ticket2/opencms/set_aff_cookie.jsp?partner=2E02071B-A8C3-4CBA-3097-C27D61C02ED8&url=%252Fnl%252Fbuy%252Findex.html%253Fpage%253D1%2526edid%253D66C22035-E7EA-E10A-4BFC-2C30733037DC%2526hlv%253D66d09331-fb50-4842-abba-4af70a01000f%2523v1921170581 HTTP/1.1" 200 246
20.171.207.246 - - [28/Feb/2025:00:30:47 +0100] "GET /ticket2/opencms/set_aff_cookie.jsp?partner=57601924-FB09-5BB2-867F-08B4EB522BA8&url=%252Fsv%252Fbuy%252Findex.html%253Fpage%253D1%2526edid%253D6F6062BE-21E9-FCCC-41A7-E76CFE6D47E3%2526hlv%253D66938923-9f18-4aac-ba16-703c0a01000f%2523v_2144144796 HTTP/1.1" 200 247
20.171.207.246 - - [28/Feb/2025:00:30:49 +0100] "GET /ticket2/opencms/set_aff_cookie.jsp?partner=5E0CDF29-E7BE-9F6B-6869-7BF66B04006F&url=%252Fsv%252Fbuy%252Findex.html%253Fpage%253D1%2526edid%253D1AD4E11C-C792-1721-4D1A-2229101A30FD%2526hlv%253D666c8a12-1b9c-4ac0-9428-7e6f0a01000f%2523v_292259333 HTTP/1.1" 200 246
54.84.147.79 - - [28/Feb/2025:00:30:49 +0100] "GET /ticket2/opencms/sites/ticketbrokerage/sv/sport/fotbollsbiljetter/premier_league/wolverhampton/chelsea.html HTTP/1.1" 404 -
20.171.207.246 - - [28/Feb/2025:00:30:50 +0100] "GET /ticket2/opencms/set_aff_cookie.jsp?partner=2E02071B-A8C3-4CBA-3097-C27D61C02ED8&url=%252Ffi%252Fbuy%252Findex.html%253Fpage%253D1%2526edid%253D66C22035-E7EA-E10A-4BFC-2C30733037DC%2526hlv%253D666d4a3a-98dc-4540-9243-6bb30a01000f%2523v378045717 HTTP/1.1" 200 245
66.249.72.129 - - [28/Feb/2025:00:30:50 +0100] "GET /ticket2/opencms/fr/buy/?page=1&edid=06DFD1FD-C998-D215-F69E-5752E4CF3A89 HTTP/1.1" 200 108372
20.171.207.246 - - [28/Feb/2025:00:30:51 +0100] "GET /ticket2/opencms/set_aff_cookie.jsp?partner=57601924-FB09-5BB2-867F-08B4EB522BA8&url=%252Fen%252Fbuy%252Findex.html%253Fpage%253D1%2526edid%253D66C22035-E7EA-E10A-4BFC-2C30733037DC%2526hlv%253D666d4a3c-43ac-49c7-8a44-6bb30a01000f%2523v142735615 HTTP/1.1" 200 245
114.119.157.43 - - [28/Feb/2025:00:30:52 +0100] "GET /ticket2/opencms/is/buy?page=1&=6D3BDE61-EBAA-9455-C4A5-13D3EF777ABE HTTP/1.1" 200 -
20.171.207.246 - - [28/Feb/2025:00:30:52 +0100] "GET /ticket2/opencms/set_aff_cookie.jsp?partner=2E02071B-A8C3-4CBA-3097-C27D61C02ED8&url=%252Fsv%252Fbuy%252Findex.html%253Fpage%253D1%2526edid%253D66C22035-E7EA-E10A-4BFC-2C30733037DC%2526hlv%253D666d4a3c-1e20-470c-a659-6bb30a01000f%2523v630274683 HTTP/1.1" 200 245
20.171.207.246 - - [28/Feb/2025:00:30:53 +0100] "GET /ticket2/opencms/set_aff_cookie.jsp?partner=8F6DE15D-D831-5787-AE7E-FEFF53476F85&url=%252Ffi%252Fbuy%252Findex.html%253Fpage%253D1%2526edid%253D1C663B38-AAE8-15E5-78AB-F7247D2C67D4%2526hlv%253D666d70a2-581c-41ab-9c73-0e670a01000f%2523v_858955143 HTTP/1.1" 200 246
40.77.167.10 - - [28/Feb/2025:00:30:54 +0100] "GET /ticket2/opencms/uk/buy/?page=1&edid=F069D68B-E4A8-725C-97EC-77766FEFBA80 HTTP/1.1" 200 91127
40.77.167.10 - - [28/Feb/2025:00:30:54 +0100] "GET /ticket2/opencms/fi/buy?page=1&edid=9F40633B-89DA-A72D-56A1-BBFC91D956A8 HTTP/1.1" 200 112147
20.171.207.246 - - [28/Feb/2025:00:30:55 +0100] "GET /ticket2/opencms/set_aff_cookie.jsp?partner=8F6DE15D-D831-5787-AE7E-FEFF53476F85&url=%252Ffi%252Fbuy%252Findex.html%253Fpage%253D1%2526edid%253D6F6062BE-21E9-FCCC-41A7-E76CFE6D47E3%2526hlv%253D66938921-1f70-4dbb-9904-703c0a01000f%2523v_1806952183 HTTP/1.1" 200 247
154.54.249.216 - - [28/Feb/2025:00:30:56 +0100] "GET /ticket2/opencms/ga/buy?page=1&edid=C8C840D6-311D-B766-15D7-39B5A0F3C6FE HTTP/1.1" 200 112204
20.171.207.246 - - [28/Feb/2025:00:30:56 +0100] "GET /ticket2/opencms/set_aff_cookie.jsp?partner=8F6DE15D-D831-5787-AE7E-FEFF53476F85&url=%252Fsv%252Fbuy%252Findex.html%253Fpage%253D1%2526edid%253D6F6062BE-21E9-FCCC-41A7-E76CFE6D47E3%2526hlv%253D66938921-1f70-4dbb-9904-703c0a01000f%2523v_1806952183 HTTP/1.1" 200 247
20.171.207.246 - - [28/Feb/2025:00:30:57 +0100] "GET /ticket2/opencms/set_aff_cookie.jsp?partner=5E0CDF29-E7BE-9F6B-6869-7BF66B04006F&url=%252Fdk%252Fbuy%252Findex.html%253Fpage%253D1%2526edid%253D697BE447-74B7-A748-152F-A1818DA4BEC9%2526hlv%253D666d6f1c-98c4-4526-ab2e-0c190a01000f%2523v_2000547372 HTTP/1.1" 200 247
54.36.148.215 - - [28/Feb/2025:00:30:57 +0100] "GET /ticket2/opencms/et/buy?page=1&edid=E5A432C8-DA4B-0B1D-D158-7FE1F332A199 HTTP/1.1" 200 108465
20.171.207.246 - - [28/Feb/2025:00:30:58 +0100] "GET /ticket2/opencms/set_aff_cookie.jsp?partner=57601924-FB09-5BB2-867F-08B4EB522BA8&url=%252Fsv%252Fbuy%252Findex.html%253Fpage%253D1%2526edid%253DE8BA54CC-B112-3D61-BE02-1B4D1E4F63D1%2526hlv%253D666ddc0e-d738-4514-bfb1-6a330a01000f%2523v_1714614386 HTTP/1.1" 200 247
202.8.42.138 - - [28/Feb/2025:00:30:59 +0100] "GET /ticket2/opencms/system/modules/com.gridnine.opencms.ticketbrokerage.site/resources/css/jquery.fancybox.css HTTP/1.1" 200 4939
202.8.42.138 - - [28/Feb/2025:00:30:59 +0100] "GET /ticket2/opencms/system/modules/com.gridnine.opencms.ticketbrokerage.site/resources/css/calendar.css HTTP/1.1" 200 6871
202.8.42.138 - - [28/Feb/2025:00:30:59 +0100] "GET /ticket2/opencms/system/modules/com.gridnine.opencms.ticketbrokerage.site/resources/css/jquery-ui.css HTTP/1.1" 200 33221
202.8.42.138 - - [28/Feb/2025:00:30:59 +0100] "GET /ticket2/opencms/system/modules/com.gridnine.opencms.ticketbrokerage.site/resources/css/standard.css HTTP/1.1" 200 74207
202.8.42.138 - - [28/Feb/2025:00:30:59 +0100] "GET /ticket2/opencms/system/modules/com.gridnine.opencms.ticketbrokerage.site/resources/css/ticketbrokerage.css HTTP/1.1" 200 39339
202.8.42.138 - - [28/Feb/2025:00:30:59 +0100] "GET /ticket2/opencms/system/modules/com.gridnine.opencms.ticketbrokerage.site/resources/js/jquery/jquery.js HTTP/1.1" 200 93868
202.8.42.138 - - [28/Feb/2025:00:30:59 +0100] "GET /ticket2/opencms/system/modules/com.gridnine.opencms.ticketbrokerage.site/resources/js/jquery/jquery-ui.js HTTP/1.1" 200 228088
202.8.42.138 - - [28/Feb/2025:00:30:59 +0100] "GET /ticket2/opencms/system/modules/com.gridnine.opencms.ticketbrokerage.site/resources/js/functions.js HTTP/1.1" 200 1583
202.8.42.138 - - [28/Feb/2025:00:30:59 +0100] "GET /ticket2/opencms/system/modules/com.gridnine.opencms.ticketbrokerage.site/resources/js/calendar.js HTTP/1.1" 200 49229
202.8.42.138 - - [28/Feb/2025:00:30:59 +0100] "GET /ticket2/opencms/system/modules/com.gridnine.opencms.ticketbrokerage.site/resources/js/calendar-setup.js HTTP/1.1" 200 4923
202.8.42.138 - - [28/Feb/2025:00:30:59 +0100] "GET /ticket2/opencms/system/modules/com.gridnine.opencms.ticketbrokerage.site/resources/js/calendar-en.js HTTP/1.1" 200 3338
202.8.42.138 - - [28/Feb/2025:00:30:59 +0100] "GET /ticket2/opencms/system/modules/com.gridnine.opencms.ticketbrokerage.site/resources/js/jquery.fancybox.pack.js HTTP/1.1" 200 23187
202.8.42.138 - - [28/Feb/2025:00:30:59 +0100] "GET /ticket2/opencms/system/modules/com.gridnine.opencms.ticketbrokerage.site/resources/js/stickyfill.min.js HTTP/1.1" 200 5672
202.8.42.138 - - [28/Feb/2025:00:30:59 +0100] "GET /ticket2/opencms/system/modules/com.gridnine.opencms.ticketbrokerage.site/resources/js/standard.js HTTP/1.1" 200 3983
202.8.42.138 - - [28/Feb/2025:00:30:59 +0100] "GET /ticket2/opencms/system/modules/com.gridnine.opencms.ticketbrokerage.site/resources/js/jquery.placeholder.min.js HTTP/1.1" 200 1737
20.171.207.246 - - [28/Feb/2025:00:30:59 +0100] "GET /ticket2/opencms/set_aff_cookie.jsp?partner=8F6DE15D-D831-5787-AE7E-FEFF53476F85&url=%252Fnl%252Fbuy%252Findex.html%253Fpage%253D1%2526edid%253D18631B4D-241F-1419-AEC9-B2739BCE7CC3%2526hlv%253D66b47e16-d670-4da0-a21a-1f380a01000f%2523v_1989693350 HTTP/1.1" 200 247
202.8.42.138 - - [28/Feb/2025:00:30:59 +0100] "GET /ticket2/opencms/system/modules/com.gridnine.opencms.ticketbrokerage.site/resources/js/common-ajax.js HTTP/1.1" 200 20175
202.8.42.138 - - [28/Feb/2025:00:30:59 +0100] "GET /ticket2/opencms/et/ask-form.html HTTP/1.1" 200 3156
202.8.42.138 - - [28/Feb/2025:00:30:59 +0100] "GET /ticket2/opencms/system/modules/com.gridnine.opencms.ticketbrokerage.site/resources/css/ticketbrokerage.css HTTP/1.1" 200 39339
66.249.75.228 - - [28/Feb/2025:00:31:00 +0100] "GET /ticket2/opencms/sq/buy?page=1&edid=F0845893-AB25-79ED-E273-8681A31846EB&hlv=666d4460-bee4-4b1e-95da-64080a01000f HTTP/1.1" 200 114255
20.171.207.246 - - [28/Feb/2025:00:31:00 +0100] "GET /ticket2/opencms/set_aff_cookie.jsp?partner=2E02071B-A8C3-4CBA-3097-C27D61C02ED8&url=%252Ffi%252Fbuy%252Findex.html%253Fpage%253D1%2526edid%253D66FFE717-0C93-3F01-2AC8-8E7FC5F9BAB1%2526hlv%253D6689076b-d9c0-4393-b068-1ba70a01000f%2523v1162475434 HTTP/1.1" 200 246
20.171.207.246 - - [28/Feb/2025:00:31:01 +0100] "GET /ticket2/opencms/set_aff_cookie.jsp?partner=2E02071B-A8C3-4CBA-3097-C27D61C02ED8&url=%252Ffi%252Fbuy%252Findex.html%253Fpage%253D1%2526edid%253D66C22035-E7EA-E10A-4BFC-2C30733037DC%2526hlv%253D666d4a3b-b990-4a95-917a-6bb30a01000f%2523v2112023624 HTTP/1.1" 200 246
