54.36.148.16 - - [28/Feb/2025:00:43:26 +0100] "GET /ticket2/opencms/ga/buy?page=1&edid=E5A432C8-DA4B-0B1D-D158-7FE1F332A199 HTTP/1.1" 200 109028
202.8.41.194 - - [28/Feb/2025:00:43:27 +0100] "GET /ticket2/opencms/system/modules/com.gridnine.opencms.ticketbrokerage.site/resources/css/standard.css HTTP/1.1" 200 74207
202.8.41.194 - - [28/Feb/2025:00:43:27 +0100] "GET /ticket2/opencms/system/modules/com.gridnine.opencms.ticketbrokerage.site/resources/css/jquery.fancybox.css HTTP/1.1" 200 4939
202.8.41.194 - - [28/Feb/2025:00:43:27 +0100] "GET /ticket2/opencms/system/modules/com.gridnine.opencms.ticketbrokerage.site/resources/css/ticketbrokerage.css HTTP/1.1" 200 39339
202.8.41.194 - - [28/Feb/2025:00:43:27 +0100] "GET /ticket2/opencms/system/modules/com.gridnine.opencms.ticketbrokerage.site/resources/css/calendar.css HTTP/1.1" 200 6871
202.8.41.194 - - [28/Feb/2025:00:43:27 +0100] "GET /ticket2/opencms/system/modules/com.gridnine.opencms.ticketbrokerage.site/resources/js/jquery/jquery.js HTTP/1.1" 200 93868
202.8.41.194 - - [28/Feb/2025:00:43:27 +0100] "GET /ticket2/opencms/system/modules/com.gridnine.opencms.ticketbrokerage.site/resources/css/jquery-ui.css HTTP/1.1" 200 33221
20.171.207.246 - - [28/Feb/2025:00:43:27 +0100] "GET /ticket2/opencms/set_aff_cookie.jsp?partner=2E02071B-A8C3-4CBA-3097-C27D61C02ED8&url=%252Fdk%252Fbuy%252Findex.html%253Fpage%253D1%2526edid%253D76EC6065-A9FD-2158-21EE-D9457194B3F1%2526hlv%253D60c9f26e-f638-463d-bddf-299e0a01000f%2523v_1130818528 HTTP/1.1" 200 247
202.8.41.194 - - [28/Feb/2025:00:43:27 +0100] "GET /ticket2/opencms/system/modules/com.gridnine.opencms.ticketbrokerage.site/resources/js/jquery/jquery-ui.js HTTP/1.1" 200 228088
202.8.41.194 - - [28/Feb/2025:00:43:27 +0100] "GET /ticket2/opencms/system/modules/com.gridnine.opencms.ticketbrokerage.site/resources/js/functions.js HTTP/1.1" 200 1583
202.8.41.194 - - [28/Feb/2025:00:43:27 +0100] "GET /ticket2/opencms/system/modules/com.gridnine.opencms.ticketbrokerage.site/resources/js/calendar.js HTTP/1.1" 200 49229
202.8.41.194 - - [28/Feb/2025:00:43:27 +0100] "GET /ticket2/opencms/system/modules/com.gridnine.opencms.ticketbrokerage.site/resources/js/calendar-en.js HTTP/1.1" 200 3338
202.8.41.194 - - [28/Feb/2025:00:43:27 +0100] "GET /ticket2/opencms/system/modules/com.gridnine.opencms.ticketbrokerage.site/resources/js/calendar-setup.js HTTP/1.1" 200 4923
202.8.41.194 - - [28/Feb/2025:00:43:27 +0100] "GET /ticket2/opencms/system/modules/com.gridnine.opencms.ticketbrokerage.site/resources/js/jquery.fancybox.pack.js HTTP/1.1" 200 23187
202.8.41.194 - - [28/Feb/2025:00:43:27 +0100] "GET /ticket2/opencms/system/modules/com.gridnine.opencms.ticketbrokerage.site/resources/js/stickyfill.min.js HTTP/1.1" 200 5672
202.8.41.194 - - [28/Feb/2025:00:43:27 +0100] "GET /ticket2/opencms/system/modules/com.gridnine.opencms.ticketbrokerage.site/resources/js/standard.js HTTP/1.1" 200 3983
202.8.41.194 - - [28/Feb/2025:00:43:27 +0100] "GET /ticket2/opencms/system/modules/com.gridnine.opencms.ticketbrokerage.site/resources/js/jquery.placeholder.min.js HTTP/1.1" 200 1737
202.8.41.194 - - [28/Feb/2025:00:43:28 +0100] "GET /ticket2/opencms/system/modules/com.gridnine.opencms.ticketbrokerage.site/resources/js/common-ajax.js HTTP/1.1" 200 20175
202.8.41.194 - - [28/Feb/2025:00:43:28 +0100] "GET /ticket2/opencms/ga/ask-form.html HTTP/1.1" 200 3156
202.8.41.194 - - [28/Feb/2025:00:43:28 +0100] "GET /ticket2/opencms/system/modules/com.gridnine.opencms.ticketbrokerage.site/resources/css/ticketbrokerage.css HTTP/1.1" 200 39339
149.202.86.139 - - [28/Feb/2025:00:43:28 +0100] "GET /ticket2/opencms/dk/buy/?page=1&edid=661E24D1-5D15-51D2-AF68-58DA584DA6E1&sortorder=asc&column=row HTTP/1.1" 200 110330
20.171.207.246 - - [28/Feb/2025:00:43:28 +0100] "GET /ticket2/opencms/set_aff_cookie.jsp?partner=5E0CDF29-E7BE-9F6B-6869-7BF66B04006F&url=%252Fno%252Fbuy%252Findex.html%253Fpage%253D1%2526edid%253D66FFE717-0C93-3F01-2AC8-8E7FC5F9BAB1%2526hlv%253D6689076b-8854-46f2-af64-1ba70a01000f%2523v1695620783 HTTP/1.1" 200 246
20.171.207.246 - - [28/Feb/2025:00:43:29 +0100] "GET /ticket2/opencms/set_aff_cookie.jsp?partner=2E02071B-A8C3-4CBA-3097-C27D61C02ED8&url=%252Fno%252Fbuy%252Findex.html%253Fpage%253D1%2526edid%253D6BB5D925-7637-CF92-181F-94B35FC14C77%2526hlv%253D60f81a01-d67c-4702-be6e-5dc40a01000f%2523v_165581062 HTTP/1.1" 200 246
20.171.207.246 - - [28/Feb/2025:00:43:31 +0100] "GET /ticket2/opencms/set_aff_cookie.jsp?partner=5E0CDF29-E7BE-9F6B-6869-7BF66B04006F&url=%252Fdk%252Fbuy%252Findex.html%253Fpage%253D1%2526edid%253D1A0D0579-4E59-3474-5A13-81F3BA1DEBCE%2526hlv%253D60f95403-ae54-43a2-87d2-580f0a01000f%2523v_773505968 HTTP/1.1" 200 246
20.171.207.246 - - [28/Feb/2025:00:43:32 +0100] "GET /ticket2/opencms/set_aff_cookie.jsp?partner=5E0CDF29-E7BE-9F6B-6869-7BF66B04006F&url=%252Fdk%252Fbuy%252Findex.html%253Fpage%253D1%2526edid%253D6ED08D04-7263-AC79-DA04-AFB97DC97A00%2526hlv%253D6693908e-7fc0-48bf-a208-74840a01000f%2523v_1130555118 HTTP/1.1" 200 247
149.202.86.139 - - [28/Feb/2025:00:43:32 +0100] "GET /ticket2/opencms/dk/buy/?page=1&edid=6692A379-0511-A257-F6C4-1D33D4808436&sortorder=asc&column=price HTTP/1.1" 200 112016
20.171.207.246 - - [28/Feb/2025:00:43:33 +0100] "GET /ticket2/opencms/set_aff_cookie.jsp?partner=5E0CDF29-E7BE-9F6B-6869-7BF66B04006F&url=%252Fsv%252Fbuy%252Findex.html%253Fpage%253D1%2526edid%253D1571DB1B-206B-93FC-5429-333D7E9FCB65%2526hlv%253D66902205-2cac-46ab-9fcb-23460a01000f%2523v_2017749941 HTTP/1.1" 200 247
184.72.84.154 - - [28/Feb/2025:00:43:33 +0100] "GET /ticket2/opencms/sites/ticketbrokerage/sv/sport/fotbollsbiljetter/premier_league/blackburn_rovers/stoke.html HTTP/1.1" 404 -
185.191.171.12 - - [28/Feb/2025:00:43:34 +0100] "GET /ticket2/opencms/mt/magazine/article?title=mohamed-salah-iedded-il-kuntratt-ma-liverpool HTTP/1.1" 200 95500
20.171.207.246 - - [28/Feb/2025:00:43:34 +0100] "GET /ticket2/opencms/set_aff_cookie.jsp?partner=2E02071B-A8C3-4CBA-3097-C27D61C02ED8&url=%252Fen%252Fbuy%252Findex.html%253Fpage%253D1%2526edid%253D66C22035-E7EA-E10A-4BFC-2C30733037DC%2526hlv%253D666d4a37-58a0-46be-b53c-6bb30a01000f%2523v2027989588 HTTP/1.1" 200 246
20.171.207.246 - - [28/Feb/2025:00:43:35 +0100] "GET /ticket2/opencms/set_aff_cookie.jsp?partner=2E02071B-A8C3-4CBA-3097-C27D61C02ED8&url=%252Fnl%252Fbuy%252Findex.html%253Fpage%253D1%2526edid%253D6619AF23-B82A-4933-7AAB-7FCD989DC8B0%2526hlv%253D6145b50c-5c18-44d4-9a1d-62280a01000f%2523v_841993108 HTTP/1.1" 200 246
149.202.86.139 - - [28/Feb/2025:00:43:36 +0100] "GET /ticket2/opencms/dk/buy/?page=1&edid=6692A379-0511-A257-F6C4-1D33D4808436&sortorder=asc&column=row HTTP/1.1" 200 111929
20.171.207.246 - - [28/Feb/2025:00:43:36 +0100] "GET /ticket2/opencms/set_aff_cookie.jsp?partner=2E02071B-A8C3-4CBA-3097-C27D61C02ED8&url=%252Fsv%252Fbuy%252Findex.html%253Fpage%253D1%2526edid%253D10597F35-2AC7-31D2-FB61-15A36BB6D73B%2526hlv%253D666d451e-a6e4-4e8b-bf5d-64610a01000f%2523v_441709784 HTTP/1.1" 200 246
85.208.96.193 - - [28/Feb/2025:00:43:37 +0100] "GET /ticket2/opencms/tr/magazine/article?title=tottenham-hotspur-stadyumu-hakkinda HTTP/1.1" 200 97841
20.171.207.246 - - [28/Feb/2025:00:43:37 +0100] "GET /ticket2/opencms/set_aff_cookie.jsp?partner=8F6DE15D-D831-5787-AE7E-FEFF53476F85&url=%252Ffi%252Fbuy%252Findex.html%253Fpage%253D1%2526edid%253D6807A400-BCB2-9A77-9AD5-9B8A75FADC0B%2526hlv%253D61154ce4-3b54-4fa0-8e92-16170a01000f%2523v_1376606883 HTTP/1.1" 200 247
20.171.207.246 - - [28/Feb/2025:00:43:39 +0100] "GET /ticket2/opencms/set_aff_cookie.jsp?partner=6F250EA7-4505-FA01-D601-8847F2573405&url=%252Fsv%252Fbuy%252Findex.html%253Fpage%253D1%2526edid%253D1ABC406A-92BD-FDCF-3BD6-80A52E60B34F%2526hlv%253D666c88f2-15bc-46ed-8eae-79b60a01000f%2523v_1312462846 HTTP/1.1" 200 247
185.191.171.13 - - [28/Feb/2025:00:43:39 +0100] "GET /ticket2/opencms/uk/magazine/article?title=nine-wins-in-ten-matches HTTP/1.1" 200 93414
20.171.207.246 - - [28/Feb/2025:00:43:40 +0100] "GET /ticket2/opencms/set_aff_cookie.jsp?partner=6F250EA7-4505-FA01-D601-8847F2573405&url=%252Fdk%252Fbuy%252Findex.html%253Fpage%253D1%2526edid%253D1D9CA4BE-FB3D-C126-7D02-F28EBE7434B9%2526hlv%253D60f8448b-d1b4-4bfc-b111-6ec50a01000f%2523v_899612068 HTTP/1.1" 200 246
149.202.86.139 - - [28/Feb/2025:00:43:41 +0100] "GET /ticket2/opencms/dk/buy/?page=1&edid=6692A379-0511-A257-F6C4-1D33D4808436&sortorder=asc&column=section HTTP/1.1" 200 112066
54.36.148.154 - - [28/Feb/2025:00:43:41 +0100] "GET /ticket2/opencms/lt/buy?page=1&edid=AA408C72-2073-316B-FBC7-E94200A17373 HTTP/1.1" 200 108631
185.191.171.6 - - [28/Feb/2025:00:43:41 +0100] "GET /ticket2/opencms/bs/magazine/article?title=everton HTTP/1.1" 200 91736
20.171.207.246 - - [28/Feb/2025:00:43:41 +0100] "GET /ticket2/opencms/set_aff_cookie.jsp?partner=8F6DE15D-D831-5787-AE7E-FEFF53476F85&url=%252Fen%252Fbuy%252Findex.html%253Fpage%253D1%2526edid%253D6A920F16-DD42-2262-3AA2-B83D5743F13A%2526hlv%253D666cb1c8-dcb4-4a5f-b589-44290a01000f%2523v_578721191 HTTP/1.1" 200 246
54.225.199.17 - - [28/Feb/2025:00:43:42 +0100] "GET /ticket2/opencms/sites/ticketbrokerage/sv/tickets/tottenham/blackburn_rovers.html HTTP/1.1" 404 -
20.171.207.246 - - [28/Feb/2025:00:43:42 +0100] "GET /ticket2/opencms/set_aff_cookie.jsp?partner=2E02071B-A8C3-4CBA-3097-C27D61C02ED8&url=%252Fru%252Fbuy%252Findex.html%253Fpage%253D1%2526edid%253D6F6062BE-21E9-FCCC-41A7-E76CFE6D47E3%2526hlv%253D66938920-d168-43f3-b47a-703c0a01000f%2523v_279938453 HTTP/1.1" 200 246
20.171.207.246 - - [28/Feb/2025:00:43:43 +0100] "GET /ticket2/opencms/set_aff_cookie.jsp?partner=23A6AD98-906E-5BDD-600E-EC4EC8A45F97&url=%252Fen%252Fbuy%252Findex.html%253Fpage%253D1%2526edid%253D0DC29C5C-A273-34CB-58F3-441C87554AF1%2526hlv%253D66b47f8c-7e14-4104-8b74-209b0a01000f%2523v_762736956 HTTP/1.1" 200 246
20.171.207.246 - - [28/Feb/2025:00:43:44 +0100] "GET /ticket2/opencms/set_aff_cookie.jsp?partner=6F250EA7-4505-FA01-D601-8847F2573405&url=%252Ffi%252Fbuy%252Findex.html%253Fpage%253D1%2526edid%253DAEE686B1-0F06-BE3A-CE07-98C2BAFB7F71%2526hlv%253D611515d7-6d54-49af-88fb-7cee0a01000f%2523v_979636437 HTTP/1.1" 200 246
34.205.163.103 - - [28/Feb/2025:00:43:45 +0100] "GET /ticket2/opencms/sites/ticketbrokerage/sv/sport/fotbollsbiljetter/serie_a/fiorentina/parma.html HTTP/1.1" 404 -
149.202.86.139 - - [28/Feb/2025:00:43:45 +0100] "GET /ticket2/opencms/dk/buy/?page=1&edid=671B0C16-38D6-D113-D7B3-232AEB5E534F&sortorder=desc&column=price HTTP/1.1" 200 111404
20.171.207.246 - - [28/Feb/2025:00:43:45 +0100] "GET /ticket2/opencms/set_aff_cookie.jsp?partner=8F6DE15D-D831-5787-AE7E-FEFF53476F85&url=%252Fdk%252Fbuy%252Findex.html%253Fpage%253D1%2526edid%253D18631B4D-241F-1419-AEC9-B2739BCE7CC3%2526hlv%253D66b47e17-1000-4dec-99be-1f380a01000f%2523v_2121735820 HTTP/1.1" 200 247
47.238.13.17 - - [28/Feb/2025:00:43:46 +0100] "GET /ticket2/opencms/nl/buy/?page=1&edid=0CBED0CE-AD48-5853-8CA7-767C378C5971 HTTP/1.1" 200 115749
20.171.207.246 - - [28/Feb/2025:00:43:47 +0100] "GET /ticket2/opencms/set_aff_cookie.jsp?partner=5E0CDF29-E7BE-9F6B-6869-7BF66B04006F&url=%252Ffi%252Fbuy%252Findex.html%253Fpage%253D1%2526edid%253D199EDE4E-5A92-8B6F-9481-A1A89D98DFB8%2526hlv%253D60f81799-78b8-4d12-88cd-5d3b0a01000f%2523v_1525967151 HTTP/1.1" 200 247
20.171.207.246 - - [28/Feb/2025:00:43:48 +0100] "GET /ticket2/opencms/set_aff_cookie.jsp?partner=8F6DE15D-D831-5787-AE7E-FEFF53476F85&url=%252Fsv%252Fbuy%252Findex.html%253Fpage%253D1%2526edid%253D66C22035-E7EA-E10A-4BFC-2C30733037DC%2526hlv%253D666d4a3b-b990-4a95-917a-6bb30a01000f%2523v2112023624 HTTP/1.1" 200 246
20.171.207.246 - - [28/Feb/2025:00:43:49 +0100] "GET /ticket2/opencms/set_aff_cookie.jsp?partner=8F6DE15D-D831-5787-AE7E-FEFF53476F85&url=%252Fsv%252Fbuy%252Findex.html%253Fpage%253D1%2526edid%253D160DAC9A-2A77-6FDC-52B8-296352B1ABF1%2526hlv%253D666c4b56-cac8-4944-8932-3e290a01000f%2523v_196791633 HTTP/1.1" 200 246
149.202.86.139 - - [28/Feb/2025:00:43:49 +0100] "GET /ticket2/opencms/dk/buy/?page=1&edid=6750BD34-C29C-E045-3680-25A7647342F8 HTTP/1.1" 200 109886
20.171.207.246 - - [28/Feb/2025:00:43:50 +0100] "GET /ticket2/opencms/set_aff_cookie.jsp?partner=5E0CDF29-E7BE-9F6B-6869-7BF66B04006F&url=%252Fen%252Fbuy%252Findex.html%253Fpage%253D1%2526edid%253DE8BA54CC-B112-3D61-BE02-1B4D1E4F63D1%2526hlv%253D666ddc0c-1570-4405-9d02-6a330a01000f%2523v_1994171442 HTTP/1.1" 200 247
54.36.148.73 - - [28/Feb/2025:00:43:51 +0100] "GET /ticket2/opencms/sq/sport/bileta-per-futboll/serie-a HTTP/1.1" 200 102120
20.171.207.246 - - [28/Feb/2025:00:43:51 +0100] "GET /ticket2/opencms/set_aff_cookie.jsp?partner=2E02071B-A8C3-4CBA-3097-C27D61C02ED8&url=%252Fnl%252Fbuy%252Findex.html%253Fpage%253D1%2526edid%253D641CA65E-6B6F-BD6B-0286-A4DF4BE623A9%2526hlv%253D61127b2d-2244-4e93-9c3c-2e510a01000f%2523v_862803199 HTTP/1.1" 200 246
202.8.42.188 - - [28/Feb/2025:00:43:52 +0100] "GET /ticket2/opencms/system/modules/com.gridnine.opencms.ticketbrokerage.site/resources/css/calendar.css HTTP/1.1" 200 6871
202.8.42.188 - - [28/Feb/2025:00:43:52 +0100] "GET /ticket2/opencms/system/modules/com.gridnine.opencms.ticketbrokerage.site/resources/css/ticketbrokerage.css HTTP/1.1" 200 39339
202.8.42.188 - - [28/Feb/2025:00:43:52 +0100] "GET /ticket2/opencms/system/modules/com.gridnine.opencms.ticketbrokerage.site/resources/css/jquery-ui.css HTTP/1.1" 200 33221
202.8.42.188 - - [28/Feb/2025:00:43:52 +0100] "GET /ticket2/opencms/system/modules/com.gridnine.opencms.ticketbrokerage.site/resources/css/jquery.fancybox.css HTTP/1.1" 200 4939
202.8.42.188 - - [28/Feb/2025:00:43:52 +0100] "GET /ticket2/opencms/system/modules/com.gridnine.opencms.ticketbrokerage.site/resources/css/standard.css HTTP/1.1" 200 74207
202.8.42.188 - - [28/Feb/2025:00:43:52 +0100] "GET /ticket2/opencms/system/modules/com.gridnine.opencms.ticketbrokerage.site/resources/js/jquery/jquery.js HTTP/1.1" 200 93868
202.8.42.188 - - [28/Feb/2025:00:43:52 +0100] "GET /ticket2/opencms/system/modules/com.gridnine.opencms.ticketbrokerage.site/resources/js/jquery/jquery-ui.js HTTP/1.1" 200 228088
202.8.42.188 - - [28/Feb/2025:00:43:52 +0100] "GET /ticket2/opencms/system/modules/com.gridnine.opencms.ticketbrokerage.site/resources/js/functions.js HTTP/1.1" 200 1583
202.8.42.188 - - [28/Feb/2025:00:43:52 +0100] "GET /ticket2/opencms/system/modules/com.gridnine.opencms.ticketbrokerage.site/resources/js/calendar-en.js HTTP/1.1" 200 3338
202.8.42.188 - - [28/Feb/2025:00:43:52 +0100] "GET /ticket2/opencms/system/modules/com.gridnine.opencms.ticketbrokerage.site/resources/js/calendar.js HTTP/1.1" 200 49229
202.8.42.188 - - [28/Feb/2025:00:43:52 +0100] "GET /ticket2/opencms/system/modules/com.gridnine.opencms.ticketbrokerage.site/resources/js/calendar-setup.js HTTP/1.1" 200 4923
202.8.42.188 - - [28/Feb/2025:00:43:52 +0100] "GET /ticket2/opencms/system/modules/com.gridnine.opencms.ticketbrokerage.site/resources/js/jquery.fancybox.pack.js HTTP/1.1" 200 23187
202.8.42.188 - - [28/Feb/2025:00:43:52 +0100] "GET /ticket2/opencms/system/modules/com.gridnine.opencms.ticketbrokerage.site/resources/js/stickyfill.min.js HTTP/1.1" 200 5672
202.8.42.188 - - [28/Feb/2025:00:43:52 +0100] "GET /ticket2/opencms/system/modules/com.gridnine.opencms.ticketbrokerage.site/resources/js/standard.js HTTP/1.1" 200 3983
202.8.42.188 - - [28/Feb/2025:00:43:52 +0100] "GET /ticket2/opencms/system/modules/com.gridnine.opencms.ticketbrokerage.site/resources/js/jquery.placeholder.min.js HTTP/1.1" 200 1737
20.171.207.246 - - [28/Feb/2025:00:43:52 +0100] "GET /ticket2/opencms/set_aff_cookie.jsp?partner=2E02071B-A8C3-4CBA-3097-C27D61C02ED8&url=%252Fru%252Fbuy%252Findex.html%253Fpage%253D1%2526edid%253DC68D3A19-7AB1-B0F6-2F8E-E937CB754241%2526hlv%253D669388d6-4d8c-43e9-aad1-6fc60a01000f%2523v_1067921758 HTTP/1.1" 200 247
202.8.42.188 - - [28/Feb/2025:00:43:52 +0100] "GET /ticket2/opencms/system/modules/com.gridnine.opencms.ticketbrokerage.site/resources/js/common-ajax.js HTTP/1.1" 200 20175
20.171.207.246 - - [28/Feb/2025:00:43:54 +0100] "GET /ticket2/opencms/set_aff_cookie.jsp?partner=5E0CDF29-E7BE-9F6B-6869-7BF66B04006F&url=%252Ffi%252Fbuy%252Findex.html%253Fpage%253D1%2526edid%253D160DAC9A-2A77-6FDC-52B8-296352B1ABF1%2526hlv%253D666c4b54-4480-4413-b32c-3e290a01000f%2523v_991622813 HTTP/1.1" 200 246
149.202.86.139 - - [28/Feb/2025:00:43:54 +0100] "GET /ticket2/opencms/dk/buy/?page=1&edid=6750BD34-C29C-E045-3680-25A7647342F8&sortorder=desc&column=price HTTP/1.1" 200 110708
47.128.48.187 - - [28/Feb/2025:00:43:54 +0100] "GET /ticket2/opencms/sv/magazine/article?title=vinicius-jr HTTP/1.1" 200 92126
20.171.207.246 - - [28/Feb/2025:00:43:55 +0100] "GET /ticket2/opencms/set_aff_cookie.jsp?partner=8F6DE15D-D831-5787-AE7E-FEFF53476F85&url=%252Ffi%252Fbuy%252Findex.html%253Fpage%253D1%2526edid%253D1F546517-7633-42B2-A140-E9D704EF0B28%2526hlv%253D611bb8fa-6c50-4a7b-a0af-4b580a01000f%2523v_422521934 HTTP/1.1" 200 246
20.171.207.246 - - [28/Feb/2025:00:43:56 +0100] "GET /ticket2/opencms/set_aff_cookie.jsp?partner=57601924-FB09-5BB2-867F-08B4EB522BA8&url=%252Fsv%252Fbuy%252Findex.html%253Fpage%253D1%2526edid%253D192B2692-9E9C-E45B-C641-B3FED8E2B94F%2526hlv%253D668ede91-ef90-46ae-a350-16ce0a01000f%2523v_1417665354 HTTP/1.1" 200 247
20.171.207.246 - - [28/Feb/2025:00:43:57 +0100] "GET /ticket2/opencms/set_aff_cookie.jsp?partner=5E0CDF29-E7BE-9F6B-6869-7BF66B04006F&url=%252Fdk%252Fbuy%252Findex.html%253Fpage%253D1%2526edid%253D6C1ED87B-DDA5-3BB2-3EDA-87860E37D5E0%2526hlv%253D668844c2-d694-4b7e-b350-34100a01000f%2523v_1643044262 HTTP/1.1" 200 247
3.232.82.72 - - [28/Feb/2025:00:43:57 +0100] "GET /ticket2/opencms/fr/sport/billets-football/english_championship/blackburn HTTP/1.1" 404 -
149.202.86.139 - - [28/Feb/2025:00:43:58 +0100] "GET /ticket2/opencms/dk/buy/?page=1&edid=6750BD34-C29C-E045-3680-25A7647342F8&sortorder=desc&column=section HTTP/1.1" 200 110833
190.92.208.175 - - [28/Feb/2025:00:43:58 +0100] "GET /ticket2/opencms/es/buy?page=1&edid=533C9666-8CEC-6A87-EB2B-BCF155BFF94A HTTP/1.1" 200 111826
20.171.207.246 - - [28/Feb/2025:00:43:58 +0100] "GET /ticket2/opencms/set_aff_cookie.jsp?partner=2E02071B-A8C3-4CBA-3097-C27D61C02ED8&url=%252Fsv%252Fbuy%252Findex.html%253Fpage%253D1%2526edid%253D6F379414-70C4-400F-51D2-AFD37C8F2BC7%2526hlv%253D666d6ed3-886c-49e9-bff2-0c140a01000f%2523v_1721923514 HTTP/1.1" 200 247
20.171.207.246 - - [28/Feb/2025:00:43:59 +0100] "GET /ticket2/opencms/set_aff_cookie.jsp?partner=2E02071B-A8C3-4CBA-3097-C27D61C02ED8&url=%252Fno%252Fbuy%252Findex.html%253Fpage%253D1%2526edid%253D633F01D0-5A5C-9D0B-88C4-F93446CDE176%2526hlv%253D60f8170e-699c-40b8-bf02-5cf80a01000f%2523v_986082290 HTTP/1.1" 200 246
20.171.207.246 - - [28/Feb/2025:00:44:01 +0100] "GET /ticket2/opencms/set_aff_cookie.jsp?partner=57601924-FB09-5BB2-867F-08B4EB522BA8&url=%252Fsv%252Fbuy%252Findex.html%253Fpage%253D1%2526edid%253DE8BA54CC-B112-3D61-BE02-1B4D1E4F63D1%2526hlv%253D666ddc0f-8a88-447f-89f4-6a330a01000f%2523v_2101020435 HTTP/1.1" 200 247
20.171.207.246 - - [28/Feb/2025:00:44:02 +0100] "GET /ticket2/opencms/set_aff_cookie.jsp?partner=8F6DE15D-D831-5787-AE7E-FEFF53476F85&url=%252Fno%252Fbuy%252Findex.html%253Fpage%253D1%2526edid%253D18631B4D-241F-1419-AEC9-B2739BCE7CC3%2526hlv%253D66b47e17-e678-4649-bef7-1f380a01000f%2523v_655966903 HTTP/1.1" 200 246
149.202.86.139 - - [28/Feb/2025:00:44:02 +0100] "GET /ticket2/opencms/dk/buy/?page=1&edid=6875AE46-58DA-9D07-CD12-63DF9AF5CB06&sortorder=asc&column=row HTTP/1.1" 200 110629
20.171.207.246 - - [28/Feb/2025:00:44:03 +0100] "GET /ticket2/opencms/set_aff_cookie.jsp?partner=2E02071B-A8C3-4CBA-3097-C27D61C02ED8&url=%252Fdk%252Fbuy%252Findex.html%253Fpage%253D1%2526edid%253D0D33199C-853B-C4DC-F1E2-6CF75BE0B211%2526hlv%253D60c9e9bd-7394-4e96-97b3-272c0a01000f%2523v_587133460 HTTP/1.1" 200 246
20.171.207.246 - - [28/Feb/2025:00:44:04 +0100] "GET /ticket2/opencms/set_aff_cookie.jsp?partner=2E02071B-A8C3-4CBA-3097-C27D61C02ED8&url=%252Fdk%252Fbuy%252Findex.html%253Fpage%253D1%2526edid%253D6F6062BE-21E9-FCCC-41A7-E76CFE6D47E3%2526hlv%253D66938920-4bd4-49bd-8585-703c0a01000f%2523v_1820775431 HTTP/1.1" 200 247
54.36.149.62 - - [28/Feb/2025:00:44:04 +0100] "GET /ticket2/opencms/sk/buy?page=1&edid=E2BA261D-8AA4-C0D3-44EE-1FFEB3ECFAE6 HTTP/1.1" 200 135525
20.171.207.246 - - [28/Feb/2025:00:44:05 +0100] "GET /ticket2/opencms/set_aff_cookie.jsp?partner=5E0CDF29-E7BE-9F6B-6869-7BF66B04006F&url=%252Fnl%252Fbuy%252Findex.html%253Fpage%253D1%2526edid%253D1A8318F4-54FD-CF28-6FE4-70A4EF1323B0%2526hlv%253D610a55e9-b724-4e7a-a1c6-083c0a01000f%2523v_2037284927 HTTP/1.1" 200 247
23.21.225.190 - - [28/Feb/2025:00:44:05 +0100] "GET /ticket2/opencms/sites/ticketbrokerage/sv/sport/fotbollsbiljetter/serie_a/juventus/fiorentina.html HTTP/1.1" 404 -
40.77.167.58 - - [28/Feb/2025:00:44:06 +0100] "GET /ticket2/opencms/et/buy/?page=1&edid=601F2318-7477-7FC8-2487-EFF4A82C960F HTTP/1.1" 200 108416
202.8.41.134 - - [28/Feb/2025:00:44:06 +0100] "GET /ticket2/opencms/system/modules/com.gridnine.opencms.ticketbrokerage.site/resources/css/standard.css HTTP/1.1" 200 74207
202.8.41.134 - - [28/Feb/2025:00:44:06 +0100] "GET /ticket2/opencms/system/modules/com.gridnine.opencms.ticketbrokerage.site/resources/css/calendar.css HTTP/1.1" 200 6871
202.8.41.134 - - [28/Feb/2025:00:44:06 +0100] "GET /ticket2/opencms/system/modules/com.gridnine.opencms.ticketbrokerage.site/resources/css/ticketbrokerage.css HTTP/1.1" 200 39339
202.8.41.134 - - [28/Feb/2025:00:44:06 +0100] "GET /ticket2/opencms/system/modules/com.gridnine.opencms.ticketbrokerage.site/resources/css/jquery.fancybox.css HTTP/1.1" 200 4939
202.8.41.134 - - [28/Feb/2025:00:44:06 +0100] "GET /ticket2/opencms/system/modules/com.gridnine.opencms.ticketbrokerage.site/resources/css/jquery-ui.css HTTP/1.1" 200 33221
202.8.41.134 - - [28/Feb/2025:00:44:06 +0100] "GET /ticket2/opencms/system/modules/com.gridnine.opencms.ticketbrokerage.site/resources/js/jquery/jquery.js HTTP/1.1" 200 93868
202.8.41.134 - - [28/Feb/2025:00:44:06 +0100] "GET /ticket2/opencms/system/modules/com.gridnine.opencms.ticketbrokerage.site/resources/js/functions.js HTTP/1.1" 200 1583
202.8.41.134 - - [28/Feb/2025:00:44:06 +0100] "GET /ticket2/opencms/system/modules/com.gridnine.opencms.ticketbrokerage.site/resources/js/jquery/jquery-ui.js HTTP/1.1" 200 228088
202.8.41.134 - - [28/Feb/2025:00:44:06 +0100] "GET /ticket2/opencms/system/modules/com.gridnine.opencms.ticketbrokerage.site/resources/js/calendar-en.js HTTP/1.1" 200 3338
202.8.41.134 - - [28/Feb/2025:00:44:06 +0100] "GET /ticket2/opencms/system/modules/com.gridnine.opencms.ticketbrokerage.site/resources/js/calendar.js HTTP/1.1" 200 49229
202.8.41.134 - - [28/Feb/2025:00:44:06 +0100] "GET /ticket2/opencms/system/modules/com.gridnine.opencms.ticketbrokerage.site/resources/js/calendar-setup.js HTTP/1.1" 200 4923
202.8.41.134 - - [28/Feb/2025:00:44:06 +0100] "GET /ticket2/opencms/system/modules/com.gridnine.opencms.ticketbrokerage.site/resources/js/jquery.fancybox.pack.js HTTP/1.1" 200 23187
202.8.41.134 - - [28/Feb/2025:00:44:06 +0100] "GET /ticket2/opencms/system/modules/com.gridnine.opencms.ticketbrokerage.site/resources/js/stickyfill.min.js HTTP/1.1" 200 5672
202.8.41.134 - - [28/Feb/2025:00:44:06 +0100] "GET /ticket2/opencms/system/modules/com.gridnine.opencms.ticketbrokerage.site/resources/js/standard.js HTTP/1.1" 200 3983
202.8.41.134 - - [28/Feb/2025:00:44:06 +0100] "GET /ticket2/opencms/system/modules/com.gridnine.opencms.ticketbrokerage.site/resources/js/jquery.placeholder.min.js HTTP/1.1" 200 1737
20.171.207.246 - - [28/Feb/2025:00:44:06 +0100] "GET /ticket2/opencms/set_aff_cookie.jsp?partner=5E0CDF29-E7BE-9F6B-6869-7BF66B04006F&url=%252Fsv%252Fbuy%252Findex.html%253Fpage%253D1%2526edid%253D66C22035-E7EA-E10A-4BFC-2C30733037DC%2526hlv%253D666d4a3b-4548-401c-99b3-6bb30a01000f%2523v1373569127 HTTP/1.1" 200 246
202.8.41.134 - - [28/Feb/2025:00:44:06 +0100] "GET /ticket2/opencms/system/modules/com.gridnine.opencms.ticketbrokerage.site/resources/js/common-ajax.js HTTP/1.1" 200 20175
202.8.41.134 - - [28/Feb/2025:00:44:06 +0100] "GET /ticket2/opencms/sk/ask-form.html HTTP/1.1" 200 3156
149.202.86.139 - - [28/Feb/2025:00:44:06 +0100] "GET /ticket2/opencms/dk/buy/?page=1&edid=69463D93-1B94-ECEF-559A-83CDF9B19DD4&sortorder=asc&column=section HTTP/1.1" 200 111400
202.8.41.134 - - [28/Feb/2025:00:44:06 +0100] "GET /ticket2/opencms/system/modules/com.gridnine.opencms.ticketbrokerage.site/resources/css/ticketbrokerage.css HTTP/1.1" 200 39339
20.171.207.246 - - [28/Feb/2025:00:44:07 +0100] "GET /ticket2/opencms/set_aff_cookie.jsp?partner=8F6DE15D-D831-5787-AE7E-FEFF53476F85&url=%252Ffi%252Fbuy%252Findex.html%253Fpage%253D1%2526edid%253DBF34F1E5-432B-C27C-0DC0-AA009BE6EB81%2526hlv%253D60f8171c-461c-4032-9593-5d370a01000f%2523v_917206928 HTTP/1.1" 200 246
66.220.149.17 - - [28/Feb/2025:00:44:08 +0100] "GET /ticket2/opencms/en/buy/?page=1&edid=F124BA86-A27C-2AAF-548B-4E7CAF608D73 HTTP/1.1" 200 106799
20.171.207.246 - - [28/Feb/2025:00:44:09 +0100] "GET /ticket2/opencms/set_aff_cookie.jsp?partner=8F6DE15D-D831-5787-AE7E-FEFF53476F85&url=%252Fsv%252Fbuy%252Findex.html%253Fpage%253D1%2526edid%253D6ED08D04-7263-AC79-DA04-AFB97DC97A00%2526hlv%253D6693908d-e57c-46a1-82d7-74840a01000f%2523v_542324825 HTTP/1.1" 200 246
20.171.207.246 - - [28/Feb/2025:00:44:10 +0100] "GET /ticket2/opencms/set_aff_cookie.jsp?partner=2E02071B-A8C3-4CBA-3097-C27D61C02ED8&url=%252Fno%252Fbuy%252Findex.html%253Fpage%253D1%2526edid%253D160DAC9A-2A77-6FDC-52B8-296352B1ABF1%2526hlv%253D666c4b56-73ac-450c-966c-3e290a01000f%2523v_142433047 HTTP/1.1" 200 246
149.202.86.139 - - [28/Feb/2025:00:44:11 +0100] "GET /ticket2/opencms/dk/buy/?page=1&edid=69C810A5-B9DA-98B4-5968-251ABDED40E1&sortorder=desc&column=price HTTP/1.1" 200 111936
20.171.207.246 - - [28/Feb/2025:00:44:11 +0100] "GET /ticket2/opencms/set_aff_cookie.jsp?partner=8F6DE15D-D831-5787-AE7E-FEFF53476F85&url=%252Fen%252Fbuy%252Findex.html%253Fpage%253D1%2526edid%253D6CF16ABF-31A5-8D51-A63B-3077208955EB%2526hlv%253D666e9725-be7c-47de-8ed5-50940a01000f%2523v_1448843579 HTTP/1.1" 200 247
20.171.207.246 - - [28/Feb/2025:00:44:12 +0100] "GET /ticket2/opencms/set_aff_cookie.jsp?partner=2E02071B-A8C3-4CBA-3097-C27D61C02ED8&url=%252Fsv%252Fbuy%252Findex.html%253Fpage%253D1%2526edid%253D1C663B38-AAE8-15E5-78AB-F7247D2C67D4%2526hlv%253D666d70a3-b564-4eb1-8b5f-0e670a01000f%2523v_2033377653 HTTP/1.1" 200 247
20.171.207.246 - - [28/Feb/2025:00:44:13 +0100] "GET /ticket2/opencms/set_aff_cookie.jsp?partner=2E02071B-A8C3-4CBA-3097-C27D61C02ED8&url=%252Fdk%252Fbuy%252Findex.html%253Fpage%253D1%2526edid%253D2E7C3DB6-FDBC-8B55-9268-E31142D44B61%2526hlv%253D612b5406-5ac0-49df-b197-3d340a01000f%2523v_578232437 HTTP/1.1" 200 246
66.249.76.168 - - [28/Feb/2025:00:44:14 +0100] "GET /ticket2/opencms/nl/buy?page=1&edid=F0845893-AB25-79ED-E273-8681A31846EB&hlv=666d4460-9c90-4cc1-a2a8-64080a01000f HTTP/1.1" 200 111239
47.82.10.51 - - [28/Feb/2025:00:44:14 +0100] "GET /ticket2/opencms/en/buy/?page=10&eventid=AE8A6CAA-9529-DB54-69E5-B3169B36CD6E HTTP/1.1" 200 95687
20.171.207.246 - - [28/Feb/2025:00:44:14 +0100] "GET /ticket2/opencms/set_aff_cookie.jsp?partner=2E02071B-A8C3-4CBA-3097-C27D61C02ED8&url=%252Fen%252Fbuy%252Findex.html%253Fpage%253D1%2526edid%253D627EB4E4-AE9C-FF01-C3B4-87668CB2F4A5%2526hlv%253D6114026d-1180-4fc5-a7cf-19c50a01000f%2523v_1618835613 HTTP/1.1" 200 247
52.167.144.17 - - [28/Feb/2025:00:44:15 +0100] "GET /ticket2/opencms/sq/magazine/article?title=yjet-e-em-se-qe-kerkohen-me-shume-ne-google-dhe-jane-me-te-medhenj-ne-instagram HTTP/1.1" 200 99915
149.202.86.139 - - [28/Feb/2025:00:44:15 +0100] "GET /ticket2/opencms/dk/buy/?page=1&edid=6AE10568-F819-0164-572F-661DFD566B42&sortorder=asc&column=row HTTP/1.1" 200 112040
52.167.144.159 - - [28/Feb/2025:00:44:15 +0100] "GET /ticket2/opencms/sr/buy/?comcatid=A17713B6-D984-201A-4143-ED4DB5ED5C2E&catid=A3372871-3019-08B8-80CE-74B78F441ACA HTTP/1.1" 200 104505
20.171.207.246 - - [28/Feb/2025:00:44:16 +0100] "GET /ticket2/opencms/set_aff_cookie.jsp?partner=8F6DE15D-D831-5787-AE7E-FEFF53476F85&url=%252Fru%252Fbuy%252Findex.html%253Fpage%253D1%2526edid%253DC68D3A19-7AB1-B0F6-2F8E-E937CB754241%2526hlv%253D669388d7-567c-4b7f-9747-6fc60a01000f%2523v_146408793 HTTP/1.1" 200 246
54.36.149.11 - - [28/Feb/2025:00:44:16 +0100] "GET /ticket2/opencms/mo/sport/bilete-la-fotbal/serie-a/empoli HTTP/1.1" 200 96395
202.8.41.206 - - [28/Feb/2025:00:44:17 +0100] "GET /ticket2/opencms/system/modules/com.gridnine.opencms.ticketbrokerage.site/resources/css/jquery.fancybox.css HTTP/1.1" 200 4939
202.8.41.206 - - [28/Feb/2025:00:44:17 +0100] "GET /ticket2/opencms/system/modules/com.gridnine.opencms.ticketbrokerage.site/resources/css/calendar.css HTTP/1.1" 200 6871
202.8.41.206 - - [28/Feb/2025:00:44:17 +0100] "GET /ticket2/opencms/system/modules/com.gridnine.opencms.ticketbrokerage.site/resources/css/jquery-ui.css HTTP/1.1" 200 33221
202.8.41.206 - - [28/Feb/2025:00:44:17 +0100] "GET /ticket2/opencms/system/modules/com.gridnine.opencms.ticketbrokerage.site/resources/css/standard.css HTTP/1.1" 200 74207
202.8.41.206 - - [28/Feb/2025:00:44:17 +0100] "GET /ticket2/opencms/system/modules/com.gridnine.opencms.ticketbrokerage.site/resources/css/ticketbrokerage.css HTTP/1.1" 200 39339
202.8.41.206 - - [28/Feb/2025:00:44:17 +0100] "GET /ticket2/opencms/system/modules/com.gridnine.opencms.ticketbrokerage.site/resources/js/jquery/jquery.js HTTP/1.1" 200 93868
85.208.96.201 - - [28/Feb/2025:00:44:17 +0100] "GET /ticket2/opencms/ka/magazine/article?title=archie-gray-s-18-tslis-akhali-kontrakti HTTP/1.1" 200 95005
202.8.41.206 - - [28/Feb/2025:00:44:17 +0100] "GET /ticket2/opencms/system/modules/com.gridnine.opencms.ticketbrokerage.site/resources/js/jquery/jquery-ui.js HTTP/1.1" 200 228088
202.8.41.206 - - [28/Feb/2025:00:44:17 +0100] "GET /ticket2/opencms/system/modules/com.gridnine.opencms.ticketbrokerage.site/resources/js/functions.js HTTP/1.1" 200 1583
202.8.41.206 - - [28/Feb/2025:00:44:17 +0100] "GET /ticket2/opencms/system/modules/com.gridnine.opencms.ticketbrokerage.site/resources/js/calendar.js HTTP/1.1" 200 49229
202.8.41.206 - - [28/Feb/2025:00:44:17 +0100] "GET /ticket2/opencms/system/modules/com.gridnine.opencms.ticketbrokerage.site/resources/js/calendar-setup.js HTTP/1.1" 200 4923
202.8.41.206 - - [28/Feb/2025:00:44:17 +0100] "GET /ticket2/opencms/system/modules/com.gridnine.opencms.ticketbrokerage.site/resources/js/calendar-en.js HTTP/1.1" 200 3338
20.171.207.246 - - [28/Feb/2025:00:44:17 +0100] "GET /ticket2/opencms/set_aff_cookie.jsp?partner=8F6DE15D-D831-5787-AE7E-FEFF53476F85&url=%252Fno%252Fbuy%252Findex.html%253Fpage%253D1%2526edid%253D66C22035-E7EA-E10A-4BFC-2C30733037DC%2526hlv%253D666d4a38-c268-473d-ba18-6bb30a01000f%2523v1760284418 HTTP/1.1" 200 246
202.8.41.206 - - [28/Feb/2025:00:44:17 +0100] "GET /ticket2/opencms/system/modules/com.gridnine.opencms.ticketbrokerage.site/resources/js/jquery.fancybox.pack.js HTTP/1.1" 200 23187
202.8.41.206 - - [28/Feb/2025:00:44:17 +0100] "GET /ticket2/opencms/system/modules/com.gridnine.opencms.ticketbrokerage.site/resources/js/stickyfill.min.js HTTP/1.1" 200 5672
202.8.41.206 - - [28/Feb/2025:00:44:17 +0100] "GET /ticket2/opencms/system/modules/com.gridnine.opencms.ticketbrokerage.site/resources/js/standard.js HTTP/1.1" 200 3983
202.8.41.206 - - [28/Feb/2025:00:44:17 +0100] "GET /ticket2/opencms/system/modules/com.gridnine.opencms.ticketbrokerage.site/resources/js/jquery.placeholder.min.js HTTP/1.1" 200 1737
202.8.41.206 - - [28/Feb/2025:00:44:17 +0100] "GET /ticket2/opencms/system/modules/com.gridnine.opencms.ticketbrokerage.site/resources/js/common-ajax.js HTTP/1.1" 200 20175
20.171.207.246 - - [28/Feb/2025:00:44:18 +0100] "GET /ticket2/opencms/set_aff_cookie.jsp?partner=8F6DE15D-D831-5787-AE7E-FEFF53476F85&url=%252Fen%252Fbuy%252Findex.html%253Fpage%253D1%2526edid%253D66FFE717-0C93-3F01-2AC8-8E7FC5F9BAB1%2526hlv%253D6689076b-2d08-491c-8581-1ba70a01000f%2523v1048405130 HTTP/1.1" 200 246
20.171.207.246 - - [28/Feb/2025:00:44:19 +0100] "GET /ticket2/opencms/set_aff_cookie.jsp?partner=8F6DE15D-D831-5787-AE7E-FEFF53476F85&url=%252Fnl%252Fbuy%252Findex.html%253Fpage%253D1%2526edid%253D1AD4E11C-C792-1721-4D1A-2229101A30FD%2526hlv%253D666c8a12-1b9c-4ac0-9428-7e6f0a01000f%2523v_292259333 HTTP/1.1" 200 246
149.202.86.139 - - [28/Feb/2025:00:44:19 +0100] "GET /ticket2/opencms/dk/buy/?page=1&edid=6AE10568-F819-0164-572F-661DFD566B42&sortorder=asc&column=section HTTP/1.1" 200 112100
20.171.207.246 - - [28/Feb/2025:00:44:20 +0100] "GET /ticket2/opencms/set_aff_cookie.jsp?partner=8F6DE15D-D831-5787-AE7E-FEFF53476F85&url=%252Fno%252Fbuy%252Findex.html%253Fpage%253D1%2526edid%253D16BA48F9-E787-F00A-EC7D-F97A99AECBFB%2526hlv%253D66d03934-3668-4536-ac00-72160a01000f%2523v_1096721736 HTTP/1.1" 200 247
20.171.207.246 - - [28/Feb/2025:00:44:21 +0100] "GET /ticket2/opencms/set_aff_cookie.jsp?partner=2E02071B-A8C3-4CBA-3097-C27D61C02ED8&url=%252Fen%252Fbuy%252Findex.html%253Fpage%253D1%2526edid%253D8EF7EC9D-9BC8-1DEC-C27C-0541D5C5F471%2526hlv%253D66869230-995c-4a07-91a9-37fc0a01000f%2523v_2147295181 HTTP/1.1" 200 247
17.241.219.163 - - [28/Feb/2025:00:44:22 +0100] "GET /ticket2/opencms/fi/buy/?page=1&edid=F4A838CD-C7EB-CDA8-6118-FDD4414B7F98 HTTP/1.1" 200 111717
20.171.207.246 - - [28/Feb/2025:00:44:23 +0100] "GET /ticket2/opencms/set_aff_cookie.jsp?partner=5E0CDF29-E7BE-9F6B-6869-7BF66B04006F&url=%252Fdk%252Fbuy%252Findex.html%253Fpage%253D1%2526edid%253D68B485F7-9483-6E4F-656D-602EE2AC621D%2526hlv%253D666d4b76-fad4-46d0-84ce-68b70a01000f%2523v_972099201 HTTP/1.1" 200 246
149.202.86.139 - - [28/Feb/2025:00:44:24 +0100] "GET /ticket2/opencms/dk/buy/?page=1&edid=6AE10568-F819-0164-572F-661DFD566B42&sortorder=desc&column=row HTTP/1.1" 200 112028
20.171.207.246 - - [28/Feb/2025:00:44:24 +0100] "GET /ticket2/opencms/set_aff_cookie.jsp?partner=57601924-FB09-5BB2-867F-08B4EB522BA8&url=%252Fdk%252Fbuy%252Findex.html%253Fpage%253D1%2526edid%253D150C2B47-38EB-0C0E-C664-5F863E9426DB%2526hlv%253D66cafa7d-f3e4-482f-aa58-33480a01000f%2523v_795167925 HTTP/1.1" 200 246
20.171.207.246 - - [28/Feb/2025:00:44:25 +0100] "GET /ticket2/opencms/set_aff_cookie.jsp?partner=5E0CDF29-E7BE-9F6B-6869-7BF66B04006F&url=%252Fen%252Fbuy%252Findex.html%253Fpage%253D1%2526edid%253D671D6D35-C6CF-A718-CE96-A40CDF33711B%2526hlv%253D61140278-8f48-4c06-bcdb-19c50a01000f%2523v_1279857945 HTTP/1.1" 200 247
20.171.207.246 - - [28/Feb/2025:00:44:26 +0100] "GET /ticket2/opencms/set_aff_cookie.jsp?partner=5E0CDF29-E7BE-9F6B-6869-7BF66B04006F&url=%252Ffi%252Fbuy%252Findex.html%253Fpage%253D1%2526edid%253D66C22035-E7EA-E10A-4BFC-2C30733037DC%2526hlv%253D666d4a3b-b990-4a95-917a-6bb30a01000f%2523v2112023624 HTTP/1.1" 200 246
20.171.207.246 - - [28/Feb/2025:00:44:27 +0100] "GET /ticket2/opencms/set_aff_cookie.jsp?partner=692E2C6A-EC6F-1C93-AFCC-C5ACC23A93EA&url=%252Fru%252Fbuy%252Findex.html%253Fpage%253D1%2526edid%253D63801669-9764-13A7-B058-055F32A0BC14%2526hlv%253D60c9ee70-8c10-445c-aa02-299e0a01000f%2523v_1047921210 HTTP/1.1" 200 247
149.202.86.139 - - [28/Feb/2025:00:44:28 +0100] "GET /ticket2/opencms/dk/buy/?page=1&edid=6CC3E9A8-1436-5A17-00B4-F4DF53732709&sortorder=asc&column=section HTTP/1.1" 200 111487
54.36.148.213 - - [28/Feb/2025:00:44:28 +0100] "GET /ticket2/opencms/sl/buy?page=1&edid=F6926B54-D901-FAF0-8126-EB0D6BB39E8E HTTP/1.1" 200 112394
20.171.207.246 - - [28/Feb/2025:00:44:28 +0100] "GET /ticket2/opencms/set_aff_cookie.jsp?partner=2E02071B-A8C3-4CBA-3097-C27D61C02ED8&url=%252Ffi%252Fbuy%252Findex.html%253Fpage%253D1%2526edid%253D616E0307-EF5A-C0BC-E2E4-858595D5400D%2526hlv%253D60c9ec2c-5a9c-4cd3-a063-280b0a01000f%2523v_1541894565 HTTP/1.1" 200 247
20.171.207.246 - - [28/Feb/2025:00:44:30 +0100] "GET /ticket2/opencms/set_aff_cookie.jsp?partner=8F6DE15D-D831-5787-AE7E-FEFF53476F85&url=%252Fen%252Fbuy%252Findex.html%253Fpage%253D1%2526edid%253D66FFE717-0C93-3F01-2AC8-8E7FC5F9BAB1%2526hlv%253D6689076b-6538-4b09-b027-1ba70a01000f%2523v_1133965181 HTTP/1.1" 200 247
122.8.185.58 - - [28/Feb/2025:00:44:30 +0100] "GET /ticket2/opencms/bg/buy?page=1&edid=367697E8-9CE6-4DE1-99C6-92AA7A0AA7C2 HTTP/1.1" 200 111090
20.171.207.246 - - [28/Feb/2025:00:44:31 +0100] "GET /ticket2/opencms/set_aff_cookie.jsp?partner=57601924-FB09-5BB2-867F-08B4EB522BA8&url=%252Fno%252Fbuy%252Findex.html%253Fpage%253D1%2526edid%253D641CA65E-6B6F-BD6B-0286-A4DF4BE623A9%2526hlv%253D61127b2d-23e8-48a0-8b8e-2e510a01000f%2523v_270462120 HTTP/1.1" 200 246
20.171.207.246 - - [28/Feb/2025:00:44:32 +0100] "GET /ticket2/opencms/set_aff_cookie.jsp?partner=2E02071B-A8C3-4CBA-3097-C27D61C02ED8&url=%252Fsv%252Fbuy%252Findex.html%253Fpage%253D1%2526edid%253D6ED08D04-7263-AC79-DA04-AFB97DC97A00%2526hlv%253D6693908d-fb50-48a2-9a4c-74840a01000f%2523v_909507003 HTTP/1.1" 200 246
149.202.86.139 - - [28/Feb/2025:00:44:32 +0100] "GET /ticket2/opencms/dk/buy/?page=1&edid=6EF54CBA-5DCA-5833-4E9A-B83BE735B97A&sortorder=desc&column=price HTTP/1.1" 200 110702
20.171.207.246 - - [28/Feb/2025:00:44:33 +0100] "GET /ticket2/opencms/set_aff_cookie.jsp?partner=5E0CDF29-E7BE-9F6B-6869-7BF66B04006F&url=%252Fnl%252Fbuy%252Findex.html%253Fpage%253D1%2526edid%253D1C663B38-AAE8-15E5-78AB-F7247D2C67D4%2526hlv%253D666d70a1-0ee0-4421-b3f5-0e670a01000f%2523v_1577923308 HTTP/1.1" 200 247
114.119.141.34 - - [28/Feb/2025:00:44:34 +0100] "GET /ticket2/opencms/en/sell/?edid=8919BE55-467F-B5F4-E443-3662D2E6E930 HTTP/1.1" 302 -
20.171.207.246 - - [28/Feb/2025:00:44:34 +0100] "GET /ticket2/opencms/set_aff_cookie.jsp?partner=2E02071B-A8C3-4CBA-3097-C27D61C02ED8&url=%252Fru%252Fbuy%252Findex.html%253Fpage%253D1%2526edid%253D1A8318F4-54FD-CF28-6FE4-70A4EF1323B0%2526hlv%253D610a55e9-fc58-48a9-87ed-083c0a01000f%2523v_2003197826 HTTP/1.1" 200 247
173.252.83.5 - - [28/Feb/2025:00:44:34 +0100] "GET /ticket2/opencms/es/magazine/article?title=la-revolucion-futbolistica-de-pep-guardiola-la-influencia-de-un-maestro-tactico HTTP/1.1" 200 94628
20.171.207.246 - - [28/Feb/2025:00:44:35 +0100] "GET /ticket2/opencms/set_aff_cookie.jsp?partner=2E02071B-A8C3-4CBA-3097-C27D61C02ED8&url=%252Fen%252Fbuy%252Findex.html%253Fpage%253D1%2526edid%253D70EF0ABB-9A80-4CE0-EE48-CC9265C1B361%2526hlv%253D6692485d-e394-4b4f-9769-16d80a01000f%2523v_976689597 HTTP/1.1" 200 246
114.119.135.171 - - [28/Feb/2025:00:44:36 +0100] "GET /ticket2/opencms/en/venue/?venueid=D83A67D7-A141-9489-1425-0ABF7FD0961D HTTP/1.1" 200 85330
149.202.86.139 - - [28/Feb/2025:00:44:36 +0100] "GET /ticket2/opencms/dk/buy/?page=1&edid=7FC2BA4A-B0EC-4788-E7A6-5EF2C3316160&sortorder=desc&column=row HTTP/1.1" 200 110900
20.171.207.246 - - [28/Feb/2025:00:44:36 +0100] "GET /ticket2/opencms/set_aff_cookie.jsp?partner=2E02071B-A8C3-4CBA-3097-C27D61C02ED8&url=%252Fen%252Fbuy%252Findex.html%253Fpage%253D1%2526edid%253D1F546517-7633-42B2-A140-E9D704EF0B28%2526hlv%253D611bb8fa-6c50-4a7b-a0af-4b580a01000f%2523v_422521934 HTTP/1.1" 200 246
40.77.167.30 - - [28/Feb/2025:00:44:37 +0100] "GET /ticket2/opencms/cs/buy/?page=1&edid=0D353788-61FD-B6FC-9FEC-0ADA26ABA7C2 HTTP/1.1" 200 110864
40.77.167.30 - - [28/Feb/2025:00:44:37 +0100] "GET /ticket2/opencms/bs/buy/?page=1&edid=1A6DF4D9-0A04-6637-3B97-D2FDA0FB8BF0 HTTP/1.1" 200 111128
20.171.207.246 - - [28/Feb/2025:00:44:38 +0100] "GET /ticket2/opencms/set_aff_cookie.jsp?partner=2E02071B-A8C3-4CBA-3097-C27D61C02ED8&url=%252Fdk%252Fbuy%252Findex.html%253Fpage%253D1%2526edid%253D63B3C27F-3402-BA64-D032-5846FD6DB5B5%2526hlv%253D6698d681-e36c-41bb-af86-3fee0a01000f%2523v_1492176892 HTTP/1.1" 200 247
114.119.141.34 - - [28/Feb/2025:00:44:38 +0100] "GET /ticket2/opencms/en/login/?url=/en/sell/ HTTP/1.1" 200 90116
20.171.207.246 - - [28/Feb/2025:00:44:39 +0100] "GET /ticket2/opencms/set_aff_cookie.jsp?partner=57601924-FB09-5BB2-867F-08B4EB522BA8&url=%252Ffi%252Fbuy%252Findex.html%253Fpage%253D1%2526edid%253D49FEC43E-3E83-185B-C185-BAAB3CE353B1%2526hlv%253D60f819c0-e680-466a-9fef-5d840a01000f%2523v_1498286454 HTTP/1.1" 200 247
20.171.207.246 - - [28/Feb/2025:00:44:40 +0100] "GET /ticket2/opencms/set_aff_cookie.jsp?partner=2E02071B-A8C3-4CBA-3097-C27D61C02ED8&url=%252Fnl%252Fbuy%252Findex.html%253Fpage%253D1%2526edid%253D160DAC9A-2A77-6FDC-52B8-296352B1ABF1%2526hlv%253D666c4b54-769c-41cb-8d79-3e290a01000f%2523v_1424580480 HTTP/1.1" 200 247
149.202.86.139 - - [28/Feb/2025:00:44:40 +0100] "GET /ticket2/opencms/dk/buy/?page=1&edid=7FDF6738-46F0-83D2-E4B3-7A04EE20150B&sortorder=asc&column=section HTTP/1.1" 200 112030
20.171.207.246 - - [28/Feb/2025:00:44:41 +0100] "GET /ticket2/opencms/set_aff_cookie.jsp?partner=5E0CDF29-E7BE-9F6B-6869-7BF66B04006F&url=%252Fsv%252Fbuy%252Findex.html%253Fpage%253D1%2526edid%253D68B485F7-9483-6E4F-656D-602EE2AC621D%2526hlv%253D666d4b78-7c3c-465b-a65c-68b70a01000f%2523v_146135476 HTTP/1.1" 200 246
20.171.207.246 - - [28/Feb/2025:00:44:42 +0100] "GET /ticket2/opencms/set_aff_cookie.jsp?partner=8F6DE15D-D831-5787-AE7E-FEFF53476F85&url=%252Fen%252Fbuy%252Findex.html%253Fpage%253D1%2526edid%253D6BB08CE9-0D81-41FE-EE1F-F84E2D4B4721%2526hlv%253D66cf0d18-c340-4590-a67f-29010a01000f%2523v_1916359210 HTTP/1.1" 200 247
54.36.149.37 - - [28/Feb/2025:00:44:43 +0100] "GET /ticket2/opencms/cs/buy?page=1&edid=E170716C-2133-4776-C981-486A080B27F2 HTTP/1.1" 200 108675
20.171.207.246 - - [28/Feb/2025:00:44:43 +0100] "GET /ticket2/opencms/set_aff_cookie.jsp?partner=2E02071B-A8C3-4CBA-3097-C27D61C02ED8&url=%252Fnl%252Fbuy%252Findex.html%253Fpage%253D1%2526edid%253D66C22035-E7EA-E10A-4BFC-2C30733037DC%2526hlv%253D666d4a38-a758-4e96-a8fb-6bb30a01000f%2523v1875591079 HTTP/1.1" 200 246
149.202.86.139 - - [28/Feb/2025:00:44:44 +0100] "GET /ticket2/opencms/dk/buy/?page=1&edid=80F72DA3-C236-6F07-B2C3-94AC6FDC141B&sortorder=desc&column=section HTTP/1.1" 200 108316
20.171.207.246 - - [28/Feb/2025:00:44:45 +0100] "GET /ticket2/opencms/set_aff_cookie.jsp?partner=8F6DE15D-D831-5787-AE7E-FEFF53476F85&url=%252Fdk%252Fbuy%252Findex.html%253Fpage%253D1%2526edid%253D0CBED0CE-AD48-5853-8CA7-767C378C5971%2526hlv%253D6690089c-a61c-48b5-9cde-14010a01000f%2523v_600587654 HTTP/1.1" 200 246
54.80.73.122 - - [28/Feb/2025:00:44:45 +0100] "GET /ticket2/opencms/sites/ticketbrokerage/sv/sport/fotbollsbiljetter/serie_a/fiorentina/roma.html HTTP/1.1" 404 -
20.171.207.246 - - [28/Feb/2025:00:44:46 +0100] "GET /ticket2/opencms/set_aff_cookie.jsp?partner=2E02071B-A8C3-4CBA-3097-C27D61C02ED8&url=%252Ffi%252Fbuy%252Findex.html%253Fpage%253D1%2526edid%253D66C22035-E7EA-E10A-4BFC-2C30733037DC%2526hlv%253D666d4a38-c5d4-4517-981c-6bb30a01000f%2523v342254393 HTTP/1.1" 200 245
20.171.207.246 - - [28/Feb/2025:00:44:47 +0100] "GET /ticket2/opencms/set_aff_cookie.jsp?partner=8F6DE15D-D831-5787-AE7E-FEFF53476F85&url=%252Fen%252Fbuy%252Findex.html%253Fpage%253D1%2526edid%253D66C22035-E7EA-E10A-4BFC-2C30733037DC%2526hlv%253D666d4a3a-d358-43bc-8746-6bb30a01000f%2523v1348696827 HTTP/1.1" 200 246
20.171.207.246 - - [28/Feb/2025:00:44:48 +0100] "GET /ticket2/opencms/set_aff_cookie.jsp?partner=2E02071B-A8C3-4CBA-3097-C27D61C02ED8&url=%252Fnl%252Fbuy%252Findex.html%253Fpage%253D1%2526edid%253D6F379414-70C4-400F-51D2-AFD37C8F2BC7%2526hlv%253D666d6ed1-5c1c-41ef-8c96-0c140a01000f%2523v_220792738 HTTP/1.1" 200 246
149.202.86.139 - - [28/Feb/2025:00:44:49 +0100] "GET /ticket2/opencms/dk/buy/?page=1&edid=848CB31F-051E-0C52-99D8-9C591CC87204&sortorder=asc&column=row HTTP/1.1" 200 108076
20.171.207.246 - - [28/Feb/2025:00:44:49 +0100] "GET /ticket2/opencms/set_aff_cookie.jsp?partner=2E02071B-A8C3-4CBA-3097-C27D61C02ED8&url=%252Fno%252Fbuy%252Findex.html%253Fpage%253D1%2526edid%253D66C22035-E7EA-E10A-4BFC-2C30733037DC%2526hlv%253D666d4a39-ff24-4523-b26f-6bb30a01000f%2523v746025766 HTTP/1.1" 200 245
35.169.102.85 - - [28/Feb/2025:00:44:49 +0100] "GET /ticket2/opencms/sites/ticketbrokerage/sv/sport/fotbollsbiljetter/premier_league/sunderland/birmingham.html HTTP/1.1" 404 -
20.171.207.246 - - [28/Feb/2025:00:44:50 +0100] "GET /ticket2/opencms/set_aff_cookie.jsp?partner=2E02071B-A8C3-4CBA-3097-C27D61C02ED8&url=%252Fno%252Fbuy%252Findex.html%253Fpage%253D1%2526edid%253D1C663B38-AAE8-15E5-78AB-F7247D2C67D4%2526hlv%253D666d70a0-5d4c-476b-b1a1-0e670a01000f%2523v_1837458202 HTTP/1.1" 200 247
20.171.207.246 - - [28/Feb/2025:00:44:51 +0100] "GET /ticket2/opencms/set_aff_cookie.jsp?partner=2E02071B-A8C3-4CBA-3097-C27D61C02ED8&url=%252Fen%252Fbuy%252Findex.html%253Fpage%253D1%2526edid%253D63B3C27F-3402-BA64-D032-5846FD6DB5B5%2526hlv%253D6698d681-c950-499f-aed4-3fee0a01000f%2523v_705434190 HTTP/1.1" 200 246
20.171.207.246 - - [28/Feb/2025:00:44:53 +0100] "GET /ticket2/opencms/set_aff_cookie.jsp?partner=8F6DE15D-D831-5787-AE7E-FEFF53476F85&url=%252Fnl%252Fbuy%252Findex.html%253Fpage%253D1%2526edid%253DC68D3A19-7AB1-B0F6-2F8E-E937CB754241%2526hlv%253D669388d8-60f0-41f4-829e-6fc60a01000f%2523v_265942406 HTTP/1.1" 200 246
47.128.26.86 - - [28/Feb/2025:00:44:53 +0100] "GET /ticket2/opencms/nl/sport/voetbal-tickets/premier_league/everton/ HTTP/1.1" 200 96066
149.202.86.139 - - [28/Feb/2025:00:44:53 +0100] "GET /ticket2/opencms/dk/buy/?page=1&edid=8639D4E1-C0DC-DB58-D9B0-F439F1BE39EE&sortorder=asc&column=section HTTP/1.1" 200 111546
40.77.167.58 - - [28/Feb/2025:00:44:53 +0100] "GET /ticket2/opencms/en/search.html?searchQuery=2024 HTTP/1.1" 200 97327
20.171.207.246 - - [28/Feb/2025:00:44:54 +0100] "GET /ticket2/opencms/set_aff_cookie.jsp?partner=8F6DE15D-D831-5787-AE7E-FEFF53476F85&url=%252Fnl%252Fbuy%252Findex.html%253Fpage%253D1%2526edid%253DC68D3A19-7AB1-B0F6-2F8E-E937CB754241%2526hlv%253D669388d6-f820-4ccc-9843-6fc60a01000f%2523v_831432232 HTTP/1.1" 200 246
47.128.26.86 - - [28/Feb/2025:00:44:54 +0100] "GET /ticket2/opencms/system/modules/com.gridnine.opencms.ticketbrokerage.site/resources/pics/banners/everton.png HTTP/1.1" 200 75727
85.208.96.200 - - [28/Feb/2025:00:44:54 +0100] "GET /ticket2/opencms/fr/magazine/article?title=cauchemar-pour-manchester-city HTTP/1.1" 200 95109
20.171.207.246 - - [28/Feb/2025:00:44:55 +0100] "GET /ticket2/opencms/set_aff_cookie.jsp?partner=8F6DE15D-D831-5787-AE7E-FEFF53476F85&url=%252Fsv%252Fbuy%252Findex.html%253Fpage%253D1%2526edid%253D6ED08D04-7263-AC79-DA04-AFB97DC97A00%2526hlv%253D6693908d-fb50-48a2-9a4c-74840a01000f%2523v_909507003 HTTP/1.1" 200 246
20.171.207.246 - - [28/Feb/2025:00:44:56 +0100] "GET /ticket2/opencms/set_aff_cookie.jsp?partner=6F250EA7-4505-FA01-D601-8847F2573405&url=%252Fdk%252Fbuy%252Findex.html%253Fpage%253D1%2526edid%253D890CCDBB-BBBF-11B0-1E79-EA111E8EF281%2526hlv%253D668839fd-9a20-4c6b-ab15-2d260a01000f%2523v_609662990 HTTP/1.1" 200 246
54.235.191.179 - - [28/Feb/2025:00:44:57 +0100] "GET /ticket2/opencms/sites/ticketbrokerage/sv/sport/fotbollsbiljetter/premier_league/sunderland/west-bromwich-albion.html HTTP/1.1" 404 -
20.171.207.246 - - [28/Feb/2025:00:44:57 +0100] "GET /ticket2/opencms/set_aff_cookie.jsp?partner=8F6DE15D-D831-5787-AE7E-FEFF53476F85&url=%252Fsv%252Fbuy%252Findex.html%253Fpage%253D1%2526edid%253D66C22035-E7EA-E10A-4BFC-2C30733037DC%2526hlv%253D666d4a39-2130-4ba6-89f6-6bb30a01000f%2523v1332827068 HTTP/1.1" 200 246
149.202.86.139 - - [28/Feb/2025:00:44:57 +0100] "GET /ticket2/opencms/dk/buy/?page=1&edid=869B1F17-4BE4-AC5C-FE3A-AEBC86488B85&sortorder=asc&column=row HTTP/1.1" 200 108178
20.171.207.246 - - [28/Feb/2025:00:44:58 +0100] "GET /ticket2/opencms/set_aff_cookie.jsp?partner=5E0CDF29-E7BE-9F6B-6869-7BF66B04006F&url=%252Fru%252Fbuy%252Findex.html%253Fpage%253D1%2526edid%253DE8BA54CC-B112-3D61-BE02-1B4D1E4F63D1%2526hlv%253D666ddc10-a298-4088-8806-6a330a01000f%2523v_698423835 HTTP/1.1" 200 246
54.36.149.10 - - [28/Feb/2025:00:44:59 +0100] "GET /ticket2/opencms/lt/buy?page=1&edid=E170716C-2133-4776-C981-486A080B27F2 HTTP/1.1" 200 108797
20.171.207.246 - - [28/Feb/2025:00:45:00 +0100] "GET /ticket2/opencms/set_aff_cookie.jsp?partner=8F6DE15D-D831-5787-AE7E-FEFF53476F85&url=%252Fru%252Fbuy%252Findex.html%253Fpage%253D1%2526edid%253D8EF7EC9D-9BC8-1DEC-C27C-0541D5C5F471%2526hlv%253D668692c3-5b74-403b-b51d-37960a01000f%2523v_1478907413 HTTP/1.1" 200 247
20.171.207.246 - - [28/Feb/2025:00:45:01 +0100] "GET /ticket2/opencms/set_aff_cookie.jsp?partner=5E0CDF29-E7BE-9F6B-6869-7BF66B04006F&url=%252Fno%252Fbuy%252Findex.html%253Fpage%253D1%2526edid%253D24B0C902-6FB7-7278-965E-8EF0FF240741%2526hlv%253D615c45e5-f454-40f5-afbc-250a0a01000f%2523v_585114450 HTTP/1.1" 200 246
47.128.25.118 - - [28/Feb/2025:00:45:01 +0100] "GET /ticket2/opencms/ga/buy/?edid=A0FFAF50-E61F-DDD9-D6DC-77947313B0DE HTTP/1.1" 200 91750
20.171.207.246 - - [28/Feb/2025:00:45:02 +0100] "GET /ticket2/opencms/set_aff_cookie.jsp?partner=2E02071B-A8C3-4CBA-3097-C27D61C02ED8&url=%252Fdk%252Fbuy%252Findex.html%253Fpage%253D1%2526edid%253D66C22035-E7EA-E10A-4BFC-2C30733037DC%2526hlv%253D666d4a37-58a0-46be-b53c-6bb30a01000f%2523v2027989588 HTTP/1.1" 200 246
46.250.160.103 - - [28/Feb/2025:00:45:02 +0100] "GET /ticket2/opencms/bg/buy?page=6&comcatid=A17713B6-D984-201A-4143-ED4DB5ED5C2E&catid=21C3854B-901E-11F9-7B7D-6838CC6AFAA4 HTTP/1.1" 200 137830
43.135.175.3 - - [28/Feb/2025:00:45:02 +0100] "GET /ticket2/opencms/lv/buy?page=1&edid=A250B4B1-8EE0-FF45-8CB6-582F5F739AF9 HTTP/1.1" 200 112375
20.171.207.246 - - [28/Feb/2025:00:45:03 +0100] "GET /ticket2/opencms/set_aff_cookie.jsp?partner=23A6AD98-906E-5BDD-600E-EC4EC8A45F97&url=%252Fen%252Fbuy%252Findex.html%253Fpage%253D1%2526edid%253D697BE447-74B7-A748-152F-A1818DA4BEC9%2526hlv%253D666d6f1c-92d8-41e5-9e2a-0c190a01000f%2523v_1715214408 HTTP/1.1" 200 247
66.249.76.133 - - [28/Feb/2025:00:45:03 +0100] "GET /ticket2/opencms/ga/buy/?page=1&edid=73ADC408-1051-3D3B-0D53-5DA8E608120E HTTP/1.1" 200 112102
20.171.207.246 - - [28/Feb/2025:00:45:04 +0100] "GET /ticket2/opencms/set_aff_cookie.jsp?partner=23A6AD98-906E-5BDD-600E-EC4EC8A45F97&url=%252Fen%252Fbuy%252Findex.html%253Fpage%253D1%2526edid%253D66C22035-E7EA-E10A-4BFC-2C30733037DC%2526hlv%253D666d4a3a-37d0-4557-8764-6bb30a01000f%2523v_1131942108 HTTP/1.1" 200 247
20.171.207.246 - - [28/Feb/2025:00:45:05 +0100] "GET /ticket2/opencms/set_aff_cookie.jsp?partner=2E02071B-A8C3-4CBA-3097-C27D61C02ED8&url=%252Fen%252Fbuy%252Findex.html%253Fpage%253D1%2526edid%253D66C22035-E7EA-E10A-4BFC-2C30733037DC%2526hlv%253D666d4a38-acdc-4271-93f4-6bb30a01000f%2523v1811410260 HTTP/1.1" 200 246
