20.171.207.246 - - [28/Feb/2025:01:08:54 +0100] "GET /ticket2/opencms/set_aff_cookie.jsp?partner=6F250EA7-4505-FA01-D601-8847F2573405&url=%252Fdk%252Fbuy%252Findex.html%253Fpage%253D1%2526edid%253D59510E33-7947-2FED-CC14-F0612B76476A%2526hlv%253D66866f77-2db0-4593-9c79-71630a01000f%2523v740255100 HTTP/1.1" 200 245
20.171.207.246 - - [28/Feb/2025:01:08:55 +0100] "GET /ticket2/opencms/set_aff_cookie.jsp?partner=6F250EA7-4505-FA01-D601-8847F2573405&url=%252Fru%252Fbuy%252Findex.html%253Fpage%253D1%2526edid%253D5C16C231-B966-190F-EDF0-005493349D4E%2526hlv%253D66924207-c214-4730-9f6b-068d0a01000f%2523v308749677 HTTP/1.1" 200 245
192.95.30.177 - - [28/Feb/2025:01:08:55 +0100] "GET /ticket2/opencms/sv/buy/?page=1&edid=DB653943-ECFB-7118-47D3-55EBC2A526B9&sortorder=desc&column=section HTTP/1.1" 200 112873
173.252.83.9 - - [28/Feb/2025:01:08:55 +0100] "GET /ticket2/opencms/sk/buy?page=1&edid=AA0CB053-7E44-E554-2B96-FB5320A1DEC1 HTTP/1.1" 200 107899
20.171.207.246 - - [28/Feb/2025:01:08:56 +0100] "GET /ticket2/opencms/set_aff_cookie.jsp?partner=6F250EA7-4505-FA01-D601-8847F2573405&url=%252Fdk%252Fbuy%252Findex.html%253Fpage%253D1%2526edid%253D3289C097-2261-9433-8644-DF033A9EE354%2526hlv%253D666c5d16-e6c4-4262-9e19-4e220a01000f%2523v995607198 HTTP/1.1" 200 245
94.16.123.107 - - [28/Feb/2025:01:08:57 +0100] "GET /ticket2/opencms/fr/sport/billets-football/bundesliga/bayer-leverkusen HTTP/1.1" 200 100763
20.171.207.246 - - [28/Feb/2025:01:08:57 +0100] "GET /ticket2/opencms/set_aff_cookie.jsp?partner=6F250EA7-4505-FA01-D601-8847F2573405&url=%252Fnl%252Fbuy%252Findex.html%253Fpage%253D1%2526edid%253DB8A6965B-216E-27C8-9A3D-21241346030F%2526hlv%253D66866f91-7360-4459-b2a9-73060a01000f%2523v290266326 HTTP/1.1" 200 245
98.84.131.195 - - [28/Feb/2025:01:08:57 +0100] "GET /ticket2/opencms/sites/ticketbrokerage/sv/sport/fotbollsbiljetter/premier_league/arsenal/bolton_wanderers.html HTTP/1.1" 404 -
192.95.30.177 - - [28/Feb/2025:01:08:57 +0100] "GET /ticket2/opencms/sv/buy/?page=1&edid=DB65FF5F-A45B-145E-3BAC-807446F256DF&sortorder=desc&column=section HTTP/1.1" 200 111370
54.36.148.244 - - [28/Feb/2025:01:08:58 +0100] "GET /ticket2/opencms/fr/sport/billets-football/serie_a/juventus HTTP/1.1" 200 100263
20.171.207.246 - - [28/Feb/2025:01:08:58 +0100] "GET /ticket2/opencms/set_aff_cookie.jsp?partner=6F250EA7-4505-FA01-D601-8847F2573405&url=%252Fdk%252Fbuy%252Findex.html%253Fpage%253D1%2526edid%253D47C0370F-9915-7673-E038-7AD65907592C%2526hlv%253D666d50d3-2f24-4f27-9849-70d60a01000f%2523v1739212040 HTTP/1.1" 200 246
202.8.40.196 - - [28/Feb/2025:01:08:59 +0100] "GET /ticket2/opencms/system/modules/com.gridnine.opencms.ticketbrokerage.site/resources/css/ticketbrokerage.css HTTP/1.1" 200 39339
202.8.40.196 - - [28/Feb/2025:01:08:59 +0100] "GET /ticket2/opencms/system/modules/com.gridnine.opencms.ticketbrokerage.site/resources/css/jquery-ui.css HTTP/1.1" 200 33221
202.8.40.196 - - [28/Feb/2025:01:08:59 +0100] "GET /ticket2/opencms/system/modules/com.gridnine.opencms.ticketbrokerage.site/resources/css/calendar.css HTTP/1.1" 200 6871
202.8.40.196 - - [28/Feb/2025:01:08:59 +0100] "GET /ticket2/opencms/system/modules/com.gridnine.opencms.ticketbrokerage.site/resources/css/standard.css HTTP/1.1" 200 74207
202.8.40.196 - - [28/Feb/2025:01:08:59 +0100] "GET /ticket2/opencms/system/modules/com.gridnine.opencms.ticketbrokerage.site/resources/js/jquery/jquery.js HTTP/1.1" 200 93868
202.8.40.196 - - [28/Feb/2025:01:08:59 +0100] "GET /ticket2/opencms/system/modules/com.gridnine.opencms.ticketbrokerage.site/resources/css/jquery.fancybox.css HTTP/1.1" 200 4939
202.8.40.196 - - [28/Feb/2025:01:08:59 +0100] "GET /ticket2/opencms/system/modules/com.gridnine.opencms.ticketbrokerage.site/resources/js/jquery/jquery-ui.js HTTP/1.1" 200 228088
202.8.40.196 - - [28/Feb/2025:01:08:59 +0100] "GET /ticket2/opencms/system/modules/com.gridnine.opencms.ticketbrokerage.site/resources/js/calendar.js HTTP/1.1" 200 49229
202.8.40.196 - - [28/Feb/2025:01:08:59 +0100] "GET /ticket2/opencms/system/modules/com.gridnine.opencms.ticketbrokerage.site/resources/js/functions.js HTTP/1.1" 200 1583
202.8.40.196 - - [28/Feb/2025:01:08:59 +0100] "GET /ticket2/opencms/system/modules/com.gridnine.opencms.ticketbrokerage.site/resources/js/calendar-en.js HTTP/1.1" 200 3338
202.8.40.196 - - [28/Feb/2025:01:08:59 +0100] "GET /ticket2/opencms/system/modules/com.gridnine.opencms.ticketbrokerage.site/resources/js/calendar-setup.js HTTP/1.1" 200 4923
202.8.40.196 - - [28/Feb/2025:01:08:59 +0100] "GET /ticket2/opencms/system/modules/com.gridnine.opencms.ticketbrokerage.site/resources/js/jquery.fancybox.pack.js HTTP/1.1" 200 23187
202.8.40.196 - - [28/Feb/2025:01:08:59 +0100] "GET /ticket2/opencms/system/modules/com.gridnine.opencms.ticketbrokerage.site/resources/js/stickyfill.min.js HTTP/1.1" 200 5672
202.8.40.196 - - [28/Feb/2025:01:08:59 +0100] "GET /ticket2/opencms/system/modules/com.gridnine.opencms.ticketbrokerage.site/resources/js/standard.js HTTP/1.1" 200 3983
202.8.40.196 - - [28/Feb/2025:01:08:59 +0100] "GET /ticket2/opencms/system/modules/com.gridnine.opencms.ticketbrokerage.site/resources/js/jquery.placeholder.min.js HTTP/1.1" 200 1737
202.8.40.196 - - [28/Feb/2025:01:08:59 +0100] "GET /ticket2/opencms/system/modules/com.gridnine.opencms.ticketbrokerage.site/resources/js/common-ajax.js HTTP/1.1" 200 20175
20.171.207.246 - - [28/Feb/2025:01:08:59 +0100] "GET /ticket2/opencms/set_aff_cookie.jsp?partner=6F250EA7-4505-FA01-D601-8847F2573405&url=%252Fnl%252Fbuy%252Findex.html%253Fpage%253D1%2526edid%253D3289C097-2261-9433-8644-DF033A9EE354%2526hlv%253D666c5d19-d650-436f-9134-4e220a01000f%2523v423096710 HTTP/1.1" 200 245
192.95.30.177 - - [28/Feb/2025:01:08:59 +0100] "GET /ticket2/opencms/sv/buy/?page=1&edid=DBAD06DD-B5E6-0770-1537-688D55437E6D&sortorder=desc&column=price HTTP/1.1" 200 109216
185.191.171.12 - - [28/Feb/2025:01:09:00 +0100] "GET /ticket2/opencms/sv/magazine/VM HTTP/1.1" 200 96636
20.171.207.246 - - [28/Feb/2025:01:09:01 +0100] "GET /ticket2/opencms/set_aff_cookie.jsp?partner=6F250EA7-4505-FA01-D601-8847F2573405&url=%252Fno%252Fbuy%252Findex.html%253Fpage%253D1%2526edid%253D5C16C231-B966-190F-EDF0-005493349D4E%2526hlv%253D66924209-7418-4699-9f04-068d0a01000f%2523v1778497383 HTTP/1.1" 200 246
192.95.30.177 - - [28/Feb/2025:01:09:01 +0100] "GET /ticket2/opencms/sv/buy/?page=1&edid=DCA9216D-FB8E-C2CB-19F8-79E5FD21BD6D&sortorder=asc&column=price HTTP/1.1" 200 111240
20.171.207.246 - - [28/Feb/2025:01:09:02 +0100] "GET /ticket2/opencms/set_aff_cookie.jsp?partner=6F250EA7-4505-FA01-D601-8847F2573405&url=%252Fen%252Fbuy%252Findex.html%253Fpage%253D1%2526edid%253DE3251761-EB52-79D3-066B-585D4F470E3B%2526hlv%253D66884199-5f68-4755-b294-31cf0a01000f%2523v1762252267 HTTP/1.1" 200 246
40.77.167.32 - - [28/Feb/2025:01:09:03 +0100] "GET /ticket2/opencms/nl/magazine/article?title=jurgen-klopp-verlaat-liverpool-een-succesverhaal-op-anfield HTTP/1.1" 200 94101
20.171.207.246 - - [28/Feb/2025:01:09:03 +0100] "GET /ticket2/opencms/set_aff_cookie.jsp?partner=6F250EA7-4505-FA01-D601-8847F2573405&url=%252Fsv%252Fbuy%252Findex.html%253Fpage%253D1%2526edid%253D3289C097-2261-9433-8644-DF033A9EE354%2526hlv%253D666c5d18-667c-4b04-990c-4e220a01000f%2523v230605807 HTTP/1.1" 200 245
192.95.30.177 - - [28/Feb/2025:01:09:03 +0100] "GET /ticket2/opencms/sv/buy/?page=1&edid=DCA9216D-FB8E-C2CB-19F8-79E5FD21BD6D&sortorder=asc&column=row HTTP/1.1" 200 111120
20.171.207.246 - - [28/Feb/2025:01:09:04 +0100] "GET /ticket2/opencms/set_aff_cookie.jsp?partner=6F250EA7-4505-FA01-D601-8847F2573405&url=%252Fsv%252Fbuy%252Findex.html%253Fpage%253D1%2526edid%253D47C0370F-9915-7673-E038-7AD65907592C%2526hlv%253D666d50d3-2f24-4f27-9849-70d60a01000f%2523v1739212040 HTTP/1.1" 200 246
20.171.207.246 - - [28/Feb/2025:01:09:05 +0100] "GET /ticket2/opencms/set_aff_cookie.jsp?partner=6F250EA7-4505-FA01-D601-8847F2573405&url=%252Fnl%252Fbuy%252Findex.html%253Fpage%253D1%2526edid%253D0C675B35-F010-2227-D951-9B816929F720%2526hlv%253D6689073e-f3b8-4333-bcd9-1a850a01000f%2523v788028117 HTTP/1.1" 200 245
192.95.30.177 - - [28/Feb/2025:01:09:05 +0100] "GET /ticket2/opencms/sv/buy/?page=1&edid=DCA9216D-FB8E-C2CB-19F8-79E5FD21BD6D&sortorder=asc&column=section HTTP/1.1" 200 111191
20.171.207.246 - - [28/Feb/2025:01:09:06 +0100] "GET /ticket2/opencms/set_aff_cookie.jsp?partner=6F250EA7-4505-FA01-D601-8847F2573405&url=%252Fen%252Fbuy%252Findex.html%253Fpage%253D1%2526edid%253D47C0370F-9915-7673-E038-7AD65907592C%2526hlv%253D666d50d5-db98-4007-b571-70d60a01000f%2523v1068355110 HTTP/1.1" 200 246
192.95.30.177 - - [28/Feb/2025:01:09:07 +0100] "GET /ticket2/opencms/sv/buy/?page=1&edid=DDC42BBE-1C44-916C-70B3-5C60597CD058&sortorder=asc&column=price HTTP/1.1" 200 112982
20.171.207.246 - - [28/Feb/2025:01:09:08 +0100] "GET /ticket2/opencms/set_aff_cookie.jsp?partner=6F250EA7-4505-FA01-D601-8847F2573405&url=%252Fnl%252Fbuy%252Findex.html%253Fpage%253D1%2526edid%253D87B3356E-6F78-7F45-235C-4CD49B95C308%2526hlv%253D669148e1-8b80-49c0-9027-48a80a01000f%2523v720943775 HTTP/1.1" 200 245
54.36.149.59 - - [28/Feb/2025:01:09:09 +0100] "GET /ticket2/opencms/fi/buy/?page=1&edid=E11E1E12-66BC-E0C5-F313-3E777C16F760 HTTP/1.1" 200 129686
20.171.207.246 - - [28/Feb/2025:01:09:09 +0100] "GET /ticket2/opencms/set_aff_cookie.jsp?partner=6F250EA7-4505-FA01-D601-8847F2573405&url=%252Fsv%252Fbuy%252Findex.html%253Fpage%253D1%2526edid%253D26467E66-E432-3709-0425-A75E81B5021A%2526hlv%253D666c5d28-1928-43b5-a36d-4e220a01000f%2523v360744543 HTTP/1.1" 200 245
192.95.30.177 - - [28/Feb/2025:01:09:10 +0100] "GET /ticket2/opencms/sv/buy/?page=1&edid=DDC42BBE-1C44-916C-70B3-5C60597CD058&sortorder=asc&column=row HTTP/1.1" 200 112941
20.171.207.246 - - [28/Feb/2025:01:09:10 +0100] "GET /ticket2/opencms/set_aff_cookie.jsp?partner=6F250EA7-4505-FA01-D601-8847F2573405&url=%252Fno%252Fbuy%252Findex.html%253Fpage%253D1%2526edid%253DB8A6965B-216E-27C8-9A3D-21241346030F%2526hlv%253D66866f91-0874-4c0c-b55f-73060a01000f%2523v1818657673 HTTP/1.1" 200 246
34.204.150.196 - - [28/Feb/2025:01:09:11 +0100] "GET /ticket2/opencms/sites/ticketbrokerage/sv/tickets/sunderland/fulham.html HTTP/1.1" 404 -
20.171.207.246 - - [28/Feb/2025:01:09:11 +0100] "GET /ticket2/opencms/set_aff_cookie.jsp?partner=6F250EA7-4505-FA01-D601-8847F2573405&url=%252Fnl%252Fbuy%252Findex.html%253Fpage%253D1%2526edid%253D3289C097-2261-9433-8644-DF033A9EE354%2526hlv%253D666c5d17-f794-4124-a323-4e220a01000f%2523v2060445819 HTTP/1.1" 200 246
192.95.30.177 - - [28/Feb/2025:01:09:12 +0100] "GET /ticket2/opencms/sv/buy/?page=1&edid=DDC42BBE-1C44-916C-70B3-5C60597CD058&sortorder=asc&column=section HTTP/1.1" 200 112982
20.171.207.246 - - [28/Feb/2025:01:09:12 +0100] "GET /ticket2/opencms/set_aff_cookie.jsp?partner=6F250EA7-4505-FA01-D601-8847F2573405&url=%252Fen%252Fbuy%252Findex.html%253Fpage%253D1%2526edid%253D78F53753-F856-B158-388A-6B70B4CA55C8%2526hlv%253D66b38017-79d8-42c9-a247-74430a01000f%2523v867646333 HTTP/1.1" 200 245
85.208.96.210 - - [28/Feb/2025:01:09:13 +0100] "GET /ticket2/opencms/ka/magazine/article?title=chelsea-vs-tottenham-2-0 HTTP/1.1" 200 97143
114.119.141.34 - - [28/Feb/2025:01:09:13 +0100] "GET /ticket2/opencms/es/magazine/article?title=brighton-and-hove-albion HTTP/1.1" 200 92504
3.219.80.71 - - [28/Feb/2025:01:09:13 +0100] "GET /ticket2/opencms/sites/ticketbrokerage/sv/sport/fotbollsbiljetter/serie_a/napoli/atalanta.html HTTP/1.1" 404 -
20.171.207.246 - - [28/Feb/2025:01:09:13 +0100] "GET /ticket2/opencms/set_aff_cookie.jsp?partner=6F250EA7-4505-FA01-D601-8847F2573405&url=%252Fno%252Fbuy%252Findex.html%253Fpage%253D1%2526edid%253D50375D23-8B44-5172-3FB1-755B660EE76F%2526hlv%253D66867186-d374-4c0f-86dc-73030a01000f%2523v890589049 HTTP/1.1" 200 245
192.95.30.177 - - [28/Feb/2025:01:09:14 +0100] "GET /ticket2/opencms/sv/buy/?page=1&edid=DDC42BBE-1C44-916C-70B3-5C60597CD058&sortorder=desc&column=section HTTP/1.1" 200 112951
20.171.207.246 - - [28/Feb/2025:01:09:15 +0100] "GET /ticket2/opencms/set_aff_cookie.jsp?partner=6F250EA7-4505-FA01-D601-8847F2573405&url=%252Fen%252Fbuy%252Findex.html%253Fpage%253D1%2526edid%253D50E84B3D-9D0C-3B92-7082-59B92FD223D3%2526hlv%253D66867021-5300-42f2-8029-72ff0a01000f%2523v2116632358 HTTP/1.1" 200 246
20.171.207.246 - - [28/Feb/2025:01:09:16 +0100] "GET /ticket2/opencms/set_aff_cookie.jsp?partner=6F250EA7-4505-FA01-D601-8847F2573405&url=%252Fnl%252Fbuy%252Findex.html%253Fpage%253D1%2526edid%253D50375D23-8B44-5172-3FB1-755B660EE76F%2526hlv%253D66867186-7a3c-4e20-86a8-73030a01000f%2523v857485469 HTTP/1.1" 200 245
54.36.149.28 - - [28/Feb/2025:01:09:16 +0100] "GET /ticket2/opencms/mo/buy/?page=1&edid=71BCEC0A-D8F2-3C62-D68C-0DCA751BB9B9 HTTP/1.1" 200 108679
192.95.30.177 - - [28/Feb/2025:01:09:16 +0100] "GET /ticket2/opencms/sv/buy/?page=1&edid=DEA4A591-9EE5-BF64-43D1-08A1DEA4CC02&sortorder=asc&column=row HTTP/1.1" 200 111455
20.171.207.246 - - [28/Feb/2025:01:09:17 +0100] "GET /ticket2/opencms/set_aff_cookie.jsp?partner=6F250EA7-4505-FA01-D601-8847F2573405&url=%252Fsv%252Fbuy%252Findex.html%253Fpage%253D1%2526edid%253D50375D23-8B44-5172-3FB1-755B660EE76F%2526hlv%253D66867186-d374-4c0f-86dc-73030a01000f%2523v890589049 HTTP/1.1" 200 245
20.171.207.246 - - [28/Feb/2025:01:09:18 +0100] "GET /ticket2/opencms/set_aff_cookie.jsp?partner=6F250EA7-4505-FA01-D601-8847F2573405&url=%252Fdk%252Fbuy%252Findex.html%253Fpage%253D1%2526edid%253D87B3356E-6F78-7F45-235C-4CD49B95C308%2526hlv%253D669148e2-14f8-4389-b616-48a80a01000f%2523v249414078 HTTP/1.1" 200 245
192.95.30.177 - - [28/Feb/2025:01:09:18 +0100] "GET /ticket2/opencms/sv/buy/?page=1&edid=DEA4A591-9EE5-BF64-43D1-08A1DEA4CC02&sortorder=asc&column=section HTTP/1.1" 200 111725
20.171.207.246 - - [28/Feb/2025:01:09:19 +0100] "GET /ticket2/opencms/set_aff_cookie.jsp?partner=6F250EA7-4505-FA01-D601-8847F2573405&url=%252Ffi%252Fbuy%252Findex.html%253Fpage%253D1%2526edid%253D47C0370F-9915-7673-E038-7AD65907592C%2526hlv%253D666d50d2-8b60-4f94-9578-70d60a01000f%2523v587400182 HTTP/1.1" 200 245
190.92.202.104 - - [28/Feb/2025:01:09:19 +0100] "GET /ticket2/opencms/fr/buy?page=1&edid=B07556EE-85E6-A902-E46B-ABCA49980DB1 HTTP/1.1" 200 111640
114.119.130.154 - - [28/Feb/2025:01:09:19 +0100] "GET /ticket2/opencms/hu/buy?page=1&edid=0FCEF0E0-655C-B38A-C51A-DADF4FC08DE0 HTTP/1.1" 200 111976
20.171.207.246 - - [28/Feb/2025:01:09:20 +0100] "GET /ticket2/opencms/set_aff_cookie.jsp?partner=6F250EA7-4505-FA01-D601-8847F2573405&url=%252Ffi%252Fbuy%252Findex.html%253Fpage%253D1%2526edid%253D3289C097-2261-9433-8644-DF033A9EE354%2526hlv%253D666c5d14-b000-40b7-a7f1-4e220a01000f%2523v1154325658 HTTP/1.1" 200 246
192.95.30.177 - - [28/Feb/2025:01:09:20 +0100] "GET /ticket2/opencms/sv/buy/?page=1&edid=DEA4A591-9EE5-BF64-43D1-08A1DEA4CC02&sortorder=desc&column=section HTTP/1.1" 200 111809
20.171.207.246 - - [28/Feb/2025:01:09:21 +0100] "GET /ticket2/opencms/set_aff_cookie.jsp?partner=6F250EA7-4505-FA01-D601-8847F2573405&url=%252Fno%252Fbuy%252Findex.html%253Fpage%253D1%2526edid%253D50375D23-8B44-5172-3FB1-755B660EE76F%2526hlv%253D66867187-d38c-40e5-8574-73030a01000f%2523v376369014 HTTP/1.1" 200 245
54.36.148.177 - - [28/Feb/2025:01:09:22 +0100] "GET /ticket2/opencms/de/sport/fussball-tickets/ligue_1/paris_saint_germain/ HTTP/1.1" 200 90918
20.171.207.246 - - [28/Feb/2025:01:09:22 +0100] "GET /ticket2/opencms/set_aff_cookie.jsp?partner=6F250EA7-4505-FA01-D601-8847F2573405&url=%252Fnl%252Fbuy%252Findex.html%253Fpage%253D1%2526edid%253D312E2B30-1BE8-80F9-5587-64D580752ED3%2526hlv%253D6690088b-0648-4d70-bd7d-14010a01000f%2523v1327440229 HTTP/1.1" 200 246
192.95.30.177 - - [28/Feb/2025:01:09:23 +0100] "GET /ticket2/opencms/sv/buy/?page=1&edid=DEAADDAD-A6D6-CF9D-B6FF-B21E6B561B94&sortorder=asc&column=price HTTP/1.1" 200 108907
20.171.207.246 - - [28/Feb/2025:01:09:24 +0100] "GET /ticket2/opencms/set_aff_cookie.jsp?partner=6F250EA7-4505-FA01-D601-8847F2573405&url=%252Fdk%252Fbuy%252Findex.html%253Fpage%253D1%2526edid%253DB8A6965B-216E-27C8-9A3D-21241346030F%2526hlv%253D66866f91-6ef4-419c-99a1-73060a01000f%2523v1426959466 HTTP/1.1" 200 246
192.95.30.177 - - [28/Feb/2025:01:09:25 +0100] "GET /ticket2/opencms/sv/buy/?page=1&edid=DF02524D-6D73-C81F-DAF2-1835F879AE07&sortorder=desc&column=price HTTP/1.1" 200 111232
20.171.207.246 - - [28/Feb/2025:01:09:25 +0100] "GET /ticket2/opencms/set_aff_cookie.jsp?partner=6F250EA7-4505-FA01-D601-8847F2573405&url=%252Fen%252Fbuy%252Findex.html%253Fpage%253D1%2526edid%253D7989D951-D5D2-7F28-EC94-576AD8E37318%2526hlv%253D668670f9-a940-4383-ba34-74710a01000f%2523v337976623 HTTP/1.1" 200 245
54.36.149.78 - - [28/Feb/2025:01:09:25 +0100] "GET /ticket2/opencms/et/buy?page=1&edid=9905BE36-3483-E35C-D446-E28B848EF37B HTTP/1.1" 200 121500
184.73.167.217 - - [28/Feb/2025:01:09:25 +0100] "GET /ticket2/opencms/sites/ticketbrokerage/sv/tickets/liverpool/birmingham.html HTTP/1.1" 404 -
20.171.207.246 - - [28/Feb/2025:01:09:26 +0100] "GET /ticket2/opencms/set_aff_cookie.jsp?partner=6F250EA7-4505-FA01-D601-8847F2573405&url=%252Fnl%252Fbuy%252Findex.html%253Fpage%253D1%2526edid%253D312E2B30-1BE8-80F9-5587-64D580752ED3%2526hlv%253D6690088b-7d18-4e23-b2e6-14010a01000f%2523v425136562 HTTP/1.1" 200 245
192.95.30.177 - - [28/Feb/2025:01:09:27 +0100] "GET /ticket2/opencms/sv/buy/?page=1&edid=DF02524D-6D73-C81F-DAF2-1835F879AE07&sortorder=desc&column=row HTTP/1.1" 200 111251
20.171.207.246 - - [28/Feb/2025:01:09:27 +0100] "GET /ticket2/opencms/set_aff_cookie.jsp?partner=6F250EA7-4505-FA01-D601-8847F2573405&url=%252Fno%252Fbuy%252Findex.html%253Fpage%253D1%2526edid%253D47C0370F-9915-7673-E038-7AD65907592C%2526hlv%253D666d50d2-0758-4d79-bf5f-70d60a01000f%2523v2063036061 HTTP/1.1" 200 246
20.171.207.246 - - [28/Feb/2025:01:09:28 +0100] "GET /ticket2/opencms/set_aff_cookie.jsp?partner=6F250EA7-4505-FA01-D601-8847F2573405&url=%252Fen%252Fbuy%252Findex.html%253Fpage%253D1%2526edid%253D87B3356E-6F78-7F45-235C-4CD49B95C308%2526hlv%253D669148e1-62b4-4588-9e74-48a80a01000f%2523v556579989 HTTP/1.1" 200 245
192.95.30.177 - - [28/Feb/2025:01:09:29 +0100] "GET /ticket2/opencms/sv/buy/?page=1&edid=DF73B840-FD1F-33E1-0F15-67C495C62B65&sortorder=desc&column=price HTTP/1.1" 200 112725
18.214.138.148 - - [28/Feb/2025:01:09:29 +0100] "GET /ticket2/opencms/sites/ticketbrokerage/sv/sport/fotbollsbiljetter/premier_league/birmingham/west-bromwich-albion.html HTTP/1.1" 404 -
20.171.207.246 - - [28/Feb/2025:01:09:29 +0100] "GET /ticket2/opencms/set_aff_cookie.jsp?partner=6F250EA7-4505-FA01-D601-8847F2573405&url=%252Fno%252Fbuy%252Findex.html%253Fpage%253D1%2526edid%253D3289C097-2261-9433-8644-DF033A9EE354%2526hlv%253D666c5d17-f794-4124-a323-4e220a01000f%2523v2060445819 HTTP/1.1" 200 246
69.171.230.6 - - [28/Feb/2025:01:09:30 +0100] "GET /ticket2/opencms/es/deporte/entradas-futbol/bundesliga/wolfsburg HTTP/1.1" 200 97343
20.171.207.246 - - [28/Feb/2025:01:09:31 +0100] "GET /ticket2/opencms/set_aff_cookie.jsp?partner=6F250EA7-4505-FA01-D601-8847F2573405&url=%252Fnl%252Fbuy%252Findex.html%253Fpage%253D1%2526edid%253D7624E370-717C-E67C-7863-0581645F3814%2526hlv%253D6698ea36-7d54-4903-96a2-4dfb0a01000f%2523v875061376 HTTP/1.1" 200 245
54.36.148.196 - - [28/Feb/2025:01:09:31 +0100] "GET /ticket2/opencms/sq/buy/?page=1&edid=CA915B50-9092-CC2A-1D54-906B1D5B9927 HTTP/1.1" 200 108988
192.95.30.177 - - [28/Feb/2025:01:09:31 +0100] "GET /ticket2/opencms/sv/buy/?page=1&edid=DF73B840-FD1F-33E1-0F15-67C495C62B65&sortorder=desc&column=row HTTP/1.1" 200 112685
20.171.207.246 - - [28/Feb/2025:01:09:32 +0100] "GET /ticket2/opencms/set_aff_cookie.jsp?partner=6F250EA7-4505-FA01-D601-8847F2573405&url=%252Fdk%252Fbuy%252Findex.html%253Fpage%253D1%2526edid%253D3289C097-2261-9433-8644-DF033A9EE354%2526hlv%253D666c5d19-87c8-4f39-86d7-4e220a01000f%2523v1984238064 HTTP/1.1" 200 246
20.171.207.246 - - [28/Feb/2025:01:09:33 +0100] "GET /ticket2/opencms/set_aff_cookie.jsp?partner=6F250EA7-4505-FA01-D601-8847F2573405&url=%252Fno%252Fbuy%252Findex.html%253Fpage%253D1%2526edid%253D50375D23-8B44-5172-3FB1-755B660EE76F%2526hlv%253D66867187-9974-4d32-be75-73030a01000f%2523v167523279 HTTP/1.1" 200 245
192.95.30.177 - - [28/Feb/2025:01:09:34 +0100] "GET /ticket2/opencms/sv/buy/?page=1&edid=DF826BC8-6074-5D5A-40D7-6A584FFEB161&sortorder=asc&column=row HTTP/1.1" 200 111268
20.171.207.246 - - [28/Feb/2025:01:09:34 +0100] "GET /ticket2/opencms/set_aff_cookie.jsp?partner=6F250EA7-4505-FA01-D601-8847F2573405&url=%252Fdk%252Fbuy%252Findex.html%253Fpage%253D1%2526edid%253D47C0370F-9915-7673-E038-7AD65907592C%2526hlv%253D666d50d3-fca8-490a-8629-70d60a01000f%2523v734189704 HTTP/1.1" 200 245
20.171.207.246 - - [28/Feb/2025:01:09:35 +0100] "GET /ticket2/opencms/set_aff_cookie.jsp?partner=6F250EA7-4505-FA01-D601-8847F2573405&url=%252Fdk%252Fbuy%252Findex.html%253Fpage%253D1%2526edid%253D26467E66-E432-3709-0425-A75E81B5021A%2526hlv%253D666c5d28-32bc-42b7-8388-4e220a01000f%2523v497172147 HTTP/1.1" 200 245
52.167.144.186 - - [28/Feb/2025:01:09:35 +0100] "GET /ticket2/opencms/en/venue/?venueid=167BF5C0-6635-8C74-B6D3-DD0AC3DE5519 HTTP/1.1" 200 85376
192.95.30.177 - - [28/Feb/2025:01:09:36 +0100] "GET /ticket2/opencms/sv/buy/?page=1&edid=DF97ECA4-1113-3B69-FF5A-21F981747AAD HTTP/1.1" 200 110652
20.171.207.246 - - [28/Feb/2025:01:09:36 +0100] "GET /ticket2/opencms/set_aff_cookie.jsp?partner=6F250EA7-4505-FA01-D601-8847F2573405&url=%252Fno%252Fbuy%252Findex.html%253Fpage%253D1%2526edid%253DB8A6965B-216E-27C8-9A3D-21241346030F%2526hlv%253D66866f91-df00-452a-8e00-73060a01000f%2523v1919869617 HTTP/1.1" 200 246
20.171.207.246 - - [28/Feb/2025:01:09:38 +0100] "GET /ticket2/opencms/set_aff_cookie.jsp?partner=6F250EA7-4505-FA01-D601-8847F2573405&url=%252Fru%252Fbuy%252Findex.html%253Fpage%253D1%2526edid%253D47C0370F-9915-7673-E038-7AD65907592C%2526hlv%253D666d50d3-94c0-4869-892a-70d60a01000f%2523v400600058 HTTP/1.1" 200 245
54.36.148.142 - - [28/Feb/2025:01:09:38 +0100] "GET /ticket2/opencms/sl/buy/?page=1&edid=024D7C2D-2C94-4F3D-036F-1C2D91C6E2B4 HTTP/1.1" 200 111930
185.191.171.8 - - [28/Feb/2025:01:09:38 +0100] "GET /ticket2/opencms/ka/magazine/article?title=kevin-de-bruine HTTP/1.1" 200 96537
192.95.30.177 - - [28/Feb/2025:01:09:38 +0100] "GET /ticket2/opencms/sv/buy/?page=1&edid=DF97ECA4-1113-3B69-FF5A-21F981747AAD&sortorder=desc&column=price HTTP/1.1" 200 111701
20.171.207.246 - - [28/Feb/2025:01:09:39 +0100] "GET /ticket2/opencms/set_aff_cookie.jsp?partner=6F250EA7-4505-FA01-D601-8847F2573405&url=%252Fen%252Fbuy%252Findex.html%253Fpage%253D1%2526edid%253D0C675B35-F010-2227-D951-9B816929F720%2526hlv%253D6689073e-66b4-4b4e-9b7c-1a850a01000f%2523v1582559207 HTTP/1.1" 200 246
52.167.144.181 - - [28/Feb/2025:01:09:39 +0100] "GET /ticket2/opencms/en/buy/?page=1&edid=582C4192-AED1-C43A-6B53-0F2BB3B8E830 HTTP/1.1" 200 106828
20.171.207.246 - - [28/Feb/2025:01:09:40 +0100] "GET /ticket2/opencms/set_aff_cookie.jsp?partner=6F250EA7-4505-FA01-D601-8847F2573405&url=%252Fno%252Fbuy%252Findex.html%253Fpage%253D1%2526edid%253D9A8891BD-C3B9-2FD5-1633-7AEF0F073762%2526hlv%253D669390d7-f130-4252-8627-75040a01000f%2523v1587923486 HTTP/1.1" 200 246
192.95.30.177 - - [28/Feb/2025:01:09:40 +0100] "GET /ticket2/opencms/sv/buy/?page=1&edid=DF97ECA4-1113-3B69-FF5A-21F981747AAD&sortorder=desc&column=row HTTP/1.1" 200 111633
20.171.207.246 - - [28/Feb/2025:01:09:41 +0100] "GET /ticket2/opencms/set_aff_cookie.jsp?partner=6F250EA7-4505-FA01-D601-8847F2573405&url=%252Fsv%252Fbuy%252Findex.html%253Fpage%253D1%2526edid%253D47C0370F-9915-7673-E038-7AD65907592C%2526hlv%253D666d50d2-2c24-4573-a956-70d60a01000f%2523v1332063675 HTTP/1.1" 200 246
20.171.207.246 - - [28/Feb/2025:01:09:42 +0100] "GET /ticket2/opencms/set_aff_cookie.jsp?partner=6F250EA7-4505-FA01-D601-8847F2573405&url=%252Ffi%252Fbuy%252Findex.html%253Fpage%253D1%2526edid%253D3289C097-2261-9433-8644-DF033A9EE354%2526hlv%253D666c5d14-5524-47fb-a4f6-4e220a01000f%2523v2049372594 HTTP/1.1" 200 246
192.95.30.177 - - [28/Feb/2025:01:09:42 +0100] "GET /ticket2/opencms/sv/buy/?page=1&edid=DF97ECA4-1113-3B69-FF5A-21F981747AAD&sortorder=desc&column=section HTTP/1.1" 200 111657
20.171.207.246 - - [28/Feb/2025:01:09:43 +0100] "GET /ticket2/opencms/set_aff_cookie.jsp?partner=6F250EA7-4505-FA01-D601-8847F2573405&url=%252Fno%252Fbuy%252Findex.html%253Fpage%253D1%2526edid%253D3289C097-2261-9433-8644-DF033A9EE354%2526hlv%253D666c5d16-3b78-42b6-9258-4e220a01000f%2523v781242592 HTTP/1.1" 200 245
192.95.30.177 - - [28/Feb/2025:01:09:44 +0100] "GET /ticket2/opencms/sv/buy/?page=1&edid=DFA8226D-664D-86EA-6CA6-3048A4D1FA69&sortorder=asc&column=price HTTP/1.1" 200 111293
20.171.207.246 - - [28/Feb/2025:01:09:44 +0100] "GET /ticket2/opencms/set_aff_cookie.jsp?partner=6F250EA7-4505-FA01-D601-8847F2573405&url=%252Fru%252Fbuy%252Findex.html%253Fpage%253D1%2526edid%253D5C16C231-B966-190F-EDF0-005493349D4E%2526hlv%253D66924208-3b40-420f-86d9-068d0a01000f%2523v985713807 HTTP/1.1" 200 245
54.36.148.108 - - [28/Feb/2025:01:09:45 +0100] "GET /ticket2/opencms/ro/buy/?page=1&edid=2623FB3F-281B-22C8-3425-BF900A46AC08 HTTP/1.1" 200 108913
20.171.207.246 - - [28/Feb/2025:01:09:46 +0100] "GET /ticket2/opencms/set_aff_cookie.jsp?partner=6F250EA7-4505-FA01-D601-8847F2573405&url=%252Ffi%252Fbuy%252Findex.html%253Fpage%253D1%2526edid%253D5C16C231-B966-190F-EDF0-005493349D4E%2526hlv%253D66924207-c070-4744-9f1e-068d0a01000f%2523v980138164 HTTP/1.1" 200 245
192.95.30.177 - - [28/Feb/2025:01:09:47 +0100] "GET /ticket2/opencms/sv/buy/?page=1&edid=DFD6AED8-3358-48E3-B929-91E52E6E5120&sortorder=asc&column=price HTTP/1.1" 200 111927
20.171.207.246 - - [28/Feb/2025:01:09:47 +0100] "GET /ticket2/opencms/set_aff_cookie.jsp?partner=6F250EA7-4505-FA01-D601-8847F2573405&url=%252Fru%252Fbuy%252Findex.html%253Fpage%253D1%2526edid%253D3289C097-2261-9433-8644-DF033A9EE354%2526hlv%253D666c5d14-773c-41fb-8a54-4e220a01000f%2523v840173753 HTTP/1.1" 200 245
20.171.207.246 - - [28/Feb/2025:01:09:48 +0100] "GET /ticket2/opencms/set_aff_cookie.jsp?partner=6F250EA7-4505-FA01-D601-8847F2573405&url=%252Fnl%252Fbuy%252Findex.html%253Fpage%253D1%2526edid%253D5053E429-37C6-6922-FE45-2F7B4E327AEF%2526hlv%253D669024b4-e074-4563-9472-24d20a01000f%2523v1130007459 HTTP/1.1" 200 246
192.95.30.177 - - [28/Feb/2025:01:09:49 +0100] "GET /ticket2/opencms/sv/buy/?page=1&edid=DFD6AED8-3358-48E3-B929-91E52E6E5120&sortorder=asc&column=row HTTP/1.1" 200 111907
20.171.207.246 - - [28/Feb/2025:01:09:49 +0100] "GET /ticket2/opencms/set_aff_cookie.jsp?partner=6F250EA7-4505-FA01-D601-8847F2573405&url=%252Fen%252Fbuy%252Findex.html%253Fpage%253D1%2526edid%253D3289C097-2261-9433-8644-DF033A9EE354%2526hlv%253D6752c8e5-63c8-4550-bca5-77430a01000f%2523v2100295903 HTTP/1.1" 200 246
3.215.59.93 - - [28/Feb/2025:01:09:49 +0100] "GET /ticket2/opencms/it/sport/biglietti-calcio/fa-cup HTTP/1.1" 404 -
20.171.207.246 - - [28/Feb/2025:01:09:50 +0100] "GET /ticket2/opencms/set_aff_cookie.jsp?partner=6F250EA7-4505-FA01-D601-8847F2573405&url=%252Fsv%252Fbuy%252Findex.html%253Fpage%253D1%2526edid%253D36B8587B-9BD4-1599-9368-E59F9780F9A9%2526hlv%253D666c8a20-5420-4965-9483-7e6f0a01000f%2523v1644268011 HTTP/1.1" 200 246
159.138.143.193 - - [28/Feb/2025:01:09:50 +0100] "GET /ticket2/opencms/it/buy?page=1&edid=2E75356B-0466-ED51-C4D5-4A7F24AD43A4 HTTP/1.1" 200 90300
192.95.30.177 - - [28/Feb/2025:01:09:51 +0100] "GET /ticket2/opencms/sv/buy/?page=1&edid=DFD6AED8-3358-48E3-B929-91E52E6E5120&sortorder=asc&column=section HTTP/1.1" 200 112045
20.171.207.246 - - [28/Feb/2025:01:09:51 +0100] "GET /ticket2/opencms/set_aff_cookie.jsp?partner=6F250EA7-4505-FA01-D601-8847F2573405&url=%252Fdk%252Fbuy%252Findex.html%253Fpage%253D1%2526edid%253D7989D951-D5D2-7F28-EC94-576AD8E37318%2526hlv%253D66867141-1df8-485c-b994-71630a01000f%2523v1754485615 HTTP/1.1" 200 246
152.53.110.149 - - [28/Feb/2025:01:09:52 +0100] "GET /ticket2/opencms/mt/sport/biljetti-tal-futbol/bundesliga/bayer-leverkusen HTTP/1.1" 200 99719
54.36.148.25 - - [28/Feb/2025:01:09:52 +0100] "GET /ticket2/opencms/ro/buy?page=1&edid=14427B33-9BB8-BBB7-1EBA-73EE86A692A4 HTTP/1.1" 200 118142
20.171.207.246 - - [28/Feb/2025:01:09:52 +0100] "GET /ticket2/opencms/set_aff_cookie.jsp?partner=6F250EA7-4505-FA01-D601-8847F2573405&url=%252Fno%252Fbuy%252Findex.html%253Fpage%253D1%2526edid%253D5C16C231-B966-190F-EDF0-005493349D4E%2526hlv%253D6692420a-43e0-4262-8a16-068d0a01000f%2523v110483492 HTTP/1.1" 200 245
192.95.30.177 - - [28/Feb/2025:01:09:53 +0100] "GET /ticket2/opencms/sv/buy/?page=1&edid=E03AE744-355D-69D5-3B87-2D4C867BA506&sortorder=asc&column=price HTTP/1.1" 200 112339
202.8.43.66 - - [28/Feb/2025:01:09:53 +0100] "GET /ticket2/opencms/system/modules/com.gridnine.opencms.ticketbrokerage.site/resources/css/jquery.fancybox.css HTTP/1.1" 200 4939
202.8.43.66 - - [28/Feb/2025:01:09:53 +0100] "GET /ticket2/opencms/system/modules/com.gridnine.opencms.ticketbrokerage.site/resources/css/ticketbrokerage.css HTTP/1.1" 200 39339
202.8.43.66 - - [28/Feb/2025:01:09:53 +0100] "GET /ticket2/opencms/system/modules/com.gridnine.opencms.ticketbrokerage.site/resources/css/standard.css HTTP/1.1" 200 74207
202.8.43.66 - - [28/Feb/2025:01:09:53 +0100] "GET /ticket2/opencms/system/modules/com.gridnine.opencms.ticketbrokerage.site/resources/css/jquery-ui.css HTTP/1.1" 200 33221
202.8.43.66 - - [28/Feb/2025:01:09:53 +0100] "GET /ticket2/opencms/system/modules/com.gridnine.opencms.ticketbrokerage.site/resources/css/calendar.css HTTP/1.1" 200 6871
202.8.43.66 - - [28/Feb/2025:01:09:53 +0100] "GET /ticket2/opencms/system/modules/com.gridnine.opencms.ticketbrokerage.site/resources/js/jquery/jquery.js HTTP/1.1" 200 93868
202.8.43.66 - - [28/Feb/2025:01:09:53 +0100] "GET /ticket2/opencms/system/modules/com.gridnine.opencms.ticketbrokerage.site/resources/js/jquery/jquery-ui.js HTTP/1.1" 200 228088
202.8.43.66 - - [28/Feb/2025:01:09:53 +0100] "GET /ticket2/opencms/system/modules/com.gridnine.opencms.ticketbrokerage.site/resources/js/functions.js HTTP/1.1" 200 1583
202.8.43.66 - - [28/Feb/2025:01:09:53 +0100] "GET /ticket2/opencms/system/modules/com.gridnine.opencms.ticketbrokerage.site/resources/js/calendar.js HTTP/1.1" 200 49229
202.8.43.66 - - [28/Feb/2025:01:09:53 +0100] "GET /ticket2/opencms/system/modules/com.gridnine.opencms.ticketbrokerage.site/resources/js/calendar-en.js HTTP/1.1" 200 3338
202.8.43.66 - - [28/Feb/2025:01:09:53 +0100] "GET /ticket2/opencms/system/modules/com.gridnine.opencms.ticketbrokerage.site/resources/js/calendar-setup.js HTTP/1.1" 200 4923
20.171.207.246 - - [28/Feb/2025:01:09:54 +0100] "GET /ticket2/opencms/set_aff_cookie.jsp?partner=6F250EA7-4505-FA01-D601-8847F2573405&url=%252Ffi%252Fbuy%252Findex.html%253Fpage%253D1%2526edid%253D86A7D428-8E42-C0D0-846E-90C83426D4AE%2526hlv%253D6686653f-1618-4c98-855c-67400a01000f%2523v1558181132 HTTP/1.1" 200 246
202.8.43.66 - - [28/Feb/2025:01:09:54 +0100] "GET /ticket2/opencms/system/modules/com.gridnine.opencms.ticketbrokerage.site/resources/js/jquery.fancybox.pack.js HTTP/1.1" 200 23187
202.8.43.66 - - [28/Feb/2025:01:09:54 +0100] "GET /ticket2/opencms/system/modules/com.gridnine.opencms.ticketbrokerage.site/resources/js/stickyfill.min.js HTTP/1.1" 200 5672
202.8.43.66 - - [28/Feb/2025:01:09:54 +0100] "GET /ticket2/opencms/system/modules/com.gridnine.opencms.ticketbrokerage.site/resources/js/standard.js HTTP/1.1" 200 3983
173.252.87.1 - - [28/Feb/2025:01:09:54 +0100] "GET /ticket2/opencms/cs/buy?page=1&edid=76EAECA7-64F4-2580-38CA-B14BCC95A1C5 HTTP/1.1" 200 117865
202.8.43.66 - - [28/Feb/2025:01:09:54 +0100] "GET /ticket2/opencms/system/modules/com.gridnine.opencms.ticketbrokerage.site/resources/js/jquery.placeholder.min.js HTTP/1.1" 200 1737
202.8.43.66 - - [28/Feb/2025:01:09:54 +0100] "GET /ticket2/opencms/system/modules/com.gridnine.opencms.ticketbrokerage.site/resources/js/common-ajax.js HTTP/1.1" 200 20175
202.8.43.66 - - [28/Feb/2025:01:09:54 +0100] "GET /ticket2/opencms/ro/ask-form.html HTTP/1.1" 200 3156
202.8.43.66 - - [28/Feb/2025:01:09:54 +0100] "GET /ticket2/opencms/system/modules/com.gridnine.opencms.ticketbrokerage.site/resources/css/ticketbrokerage.css HTTP/1.1" 200 39339
20.171.207.246 - - [28/Feb/2025:01:09:55 +0100] "GET /ticket2/opencms/set_aff_cookie.jsp?partner=57601924-FB09-5BB2-867F-08B4EB522BA8&url=%252Fru%252Fbuy%252Findex.html%253Fpage%253D1%2526edid%253D3289C097-2261-9433-8644-DF033A9EE354%2526hlv%253D666c5d14-7c74-4692-9608-4e220a01000f%2523v2060828805 HTTP/1.1" 200 246
47.128.58.96 - - [28/Feb/2025:01:09:55 +0100] "GET /ticket2/opencms/uk/buy/?edid=C8B54E4D-ACCA-9CAC-8303-90318E9CF170 HTTP/1.1" 200 92282
192.95.30.177 - - [28/Feb/2025:01:09:55 +0100] "GET /ticket2/opencms/sv/buy/?page=1&edid=E03AE744-355D-69D5-3B87-2D4C867BA506&sortorder=asc&column=row HTTP/1.1" 200 112318
20.171.207.246 - - [28/Feb/2025:01:09:56 +0100] "GET /ticket2/opencms/set_aff_cookie.jsp?partner=6F250EA7-4505-FA01-D601-8847F2573405&url=%252Ffi%252Fbuy%252Findex.html%253Fpage%253D1%2526edid%253DB8A6965B-216E-27C8-9A3D-21241346030F%2526hlv%253D66866f91-d88c-48fd-9716-73060a01000f%2523v2086635152 HTTP/1.1" 200 246
20.171.207.246 - - [28/Feb/2025:01:09:57 +0100] "GET /ticket2/opencms/set_aff_cookie.jsp?partner=6F250EA7-4505-FA01-D601-8847F2573405&url=%252Fsv%252Fbuy%252Findex.html%253Fpage%253D1%2526edid%253D50375D23-8B44-5172-3FB1-755B660EE76F%2526hlv%253D66867186-2754-4c09-86c1-73030a01000f%2523v1680130565 HTTP/1.1" 200 246
192.95.30.177 - - [28/Feb/2025:01:09:58 +0100] "GET /ticket2/opencms/sv/buy/?page=1&edid=E03AE744-355D-69D5-3B87-2D4C867BA506&sortorder=asc&column=section HTTP/1.1" 200 112398
20.171.207.246 - - [28/Feb/2025:01:09:58 +0100] "GET /ticket2/opencms/set_aff_cookie.jsp?partner=6F250EA7-4505-FA01-D601-8847F2573405&url=%252Fnl%252Fbuy%252Findex.html%253Fpage%253D1%2526edid%253D47C0370F-9915-7673-E038-7AD65907592C%2526hlv%253D666d50d2-0758-4d79-bf5f-70d60a01000f%2523v2063036061 HTTP/1.1" 200 246
185.191.171.14 - - [28/Feb/2025:01:09:59 +0100] "GET /ticket2/opencms/sv/sport/fotbollsbiljetter/english-championship/cardiff/ HTTP/1.1" 200 91374
20.171.207.246 - - [28/Feb/2025:01:09:59 +0100] "GET /ticket2/opencms/set_aff_cookie.jsp?partner=6F250EA7-4505-FA01-D601-8847F2573405&url=%252Fnl%252Fbuy%252Findex.html%253Fpage%253D1%2526edid%253D779DCE22-7865-5C8E-54FB-44794C9B955F%2526hlv%253D669241c4-1624-4061-8f32-0d450a01000f%2523v698773735 HTTP/1.1" 200 245
192.95.30.177 - - [28/Feb/2025:01:10:00 +0100] "GET /ticket2/opencms/sv/buy/?page=1&edid=E03AE744-355D-69D5-3B87-2D4C867BA506&sortorder=desc&column=price HTTP/1.1" 200 112375
20.171.207.246 - - [28/Feb/2025:01:10:01 +0100] "GET /ticket2/opencms/set_aff_cookie.jsp?partner=6F250EA7-4505-FA01-D601-8847F2573405&url=%252Fsv%252Fbuy%252Findex.html%253Fpage%253D1%2526edid%253D47C0370F-9915-7673-E038-7AD65907592C%2526hlv%253D666d50d3-e2c8-4738-9636-70d60a01000f%2523v1385124977 HTTP/1.1" 200 246
44.206.65.8 - - [28/Feb/2025:01:10:01 +0100] "GET /ticket2/opencms/sv/sport/fotbollsbiljetter/bundesliga/union-berlin HTTP/1.1" 404 -
192.95.30.177 - - [28/Feb/2025:01:10:02 +0100] "GET /ticket2/opencms/sv/buy/?page=1&edid=E03AE744-355D-69D5-3B87-2D4C867BA506&sortorder=desc&column=row HTTP/1.1" 200 112262
20.171.207.246 - - [28/Feb/2025:01:10:02 +0100] "GET /ticket2/opencms/set_aff_cookie.jsp?partner=57601924-FB09-5BB2-867F-08B4EB522BA8&url=%252Fsv%252Fbuy%252Findex.html%253Fpage%253D1%2526edid%253D0C675B35-F010-2227-D951-9B816929F720%2526hlv%253D6689073e-5c94-49b5-8004-1a850a01000f%2523v188605986 HTTP/1.1" 200 245
20.171.207.246 - - [28/Feb/2025:01:10:03 +0100] "GET /ticket2/opencms/set_aff_cookie.jsp?partner=6F250EA7-4505-FA01-D601-8847F2573405&url=%252Fno%252Fbuy%252Findex.html%253Fpage%253D1%2526edid%253D47C0370F-9915-7673-E038-7AD65907592C%2526hlv%253D666d50d3-e2c8-4738-9636-70d60a01000f%2523v1385124977 HTTP/1.1" 200 246
216.244.66.238 - - [28/Feb/2025:01:10:03 +0100] "GET /ticket2/opencms/robots.txt HTTP/1.1" 200 773
192.95.30.177 - - [28/Feb/2025:01:10:04 +0100] "GET /ticket2/opencms/sv/buy/?page=1&edid=E0608FC5-65F6-E8D3-5201-2E9C615F63AB&sortorder=asc&column=price HTTP/1.1" 200 112307
20.171.207.246 - - [28/Feb/2025:01:10:04 +0100] "GET /ticket2/opencms/set_aff_cookie.jsp?partner=6F250EA7-4505-FA01-D601-8847F2573405&url=%252Fru%252Fbuy%252Findex.html%253Fpage%253D1%2526edid%253D26467E66-E432-3709-0425-A75E81B5021A%2526hlv%253D666c5d28-6514-49f7-a784-4e220a01000f%2523v508846429 HTTP/1.1" 200 245
54.36.149.58 - - [28/Feb/2025:01:10:04 +0100] "GET /ticket2/opencms/es/buy/?page=1&edid=921154C3-BF4F-9061-5CFB-8ECC0A8A34AE HTTP/1.1" 200 108476
20.171.207.246 - - [28/Feb/2025:01:10:05 +0100] "GET /ticket2/opencms/set_aff_cookie.jsp?partner=6F250EA7-4505-FA01-D601-8847F2573405&url=%252Fnl%252Fbuy%252Findex.html%253Fpage%253D1%2526edid%253D3289C097-2261-9433-8644-DF033A9EE354%2526hlv%253D666c5d17-0d58-421b-9e81-4e220a01000f%2523v2065646382 HTTP/1.1" 200 246
52.167.144.181 - - [28/Feb/2025:01:10:06 +0100] "GET /ticket2/opencms/nl/magazine/article?title=een-overstap-naar-mexicaanse-rayados HTTP/1.1" 200 92973
192.95.30.177 - - [28/Feb/2025:01:10:06 +0100] "GET /ticket2/opencms/sv/buy/?page=1&edid=E0608FC5-65F6-E8D3-5201-2E9C615F63AB&sortorder=asc&column=section HTTP/1.1" 200 112319
20.171.207.246 - - [28/Feb/2025:01:10:06 +0100] "GET /ticket2/opencms/set_aff_cookie.jsp?partner=6F250EA7-4505-FA01-D601-8847F2573405&url=%252Fdk%252Fbuy%252Findex.html%253Fpage%253D1%2526edid%253D7568E602-7C67-35D2-952F-D243F8930169%2526hlv%253D666dbc70-b598-4881-9614-4cf60a01000f%2523v1937858554 HTTP/1.1" 200 246
20.171.207.246 - - [28/Feb/2025:01:10:07 +0100] "GET /ticket2/opencms/set_aff_cookie.jsp?partner=6F250EA7-4505-FA01-D601-8847F2573405&url=%252Fdk%252Fbuy%252Findex.html%253Fpage%253D1%2526edid%253D0C675B35-F010-2227-D951-9B816929F720%2526hlv%253D6689073e-5d20-4ba0-b6f4-1a850a01000f%2523v299531869 HTTP/1.1" 200 245
114.119.143.233 - - [28/Feb/2025:01:10:08 +0100] "GET /ticket2/opencms/uk/buy?page=1&=789B0C2E-7EE9-275D-500F-4FA5025F2F5B HTTP/1.1" 200 -
192.95.30.177 - - [28/Feb/2025:01:10:09 +0100] "GET /ticket2/opencms/sv/buy/?page=1&edid=E0A53669-91D6-866E-C069-2204E55E6CA3&sortorder=asc&column=price HTTP/1.1" 200 111541
20.171.207.246 - - [28/Feb/2025:01:10:09 +0100] "GET /ticket2/opencms/set_aff_cookie.jsp?partner=6F250EA7-4505-FA01-D601-8847F2573405&url=%252Fru%252Fbuy%252Findex.html%253Fpage%253D1%2526edid%253DE3251761-EB52-79D3-066B-585D4F470E3B%2526hlv%253D66884199-5f68-4755-b294-31cf0a01000f%2523v1762252267 HTTP/1.1" 200 246
20.171.207.246 - - [28/Feb/2025:01:10:10 +0100] "GET /ticket2/opencms/set_aff_cookie.jsp?partner=6F250EA7-4505-FA01-D601-8847F2573405&url=%252Fnl%252Fbuy%252Findex.html%253Fpage%253D1%2526edid%253D26467E66-E432-3709-0425-A75E81B5021A%2526hlv%253D666c5d29-3660-4278-abfe-4e220a01000f%2523v1973153694 HTTP/1.1" 200 246
192.95.30.177 - - [28/Feb/2025:01:10:11 +0100] "GET /ticket2/opencms/sv/buy/?page=1&edid=E0A53669-91D6-866E-C069-2204E55E6CA3&sortorder=asc&column=row HTTP/1.1" 200 111550
20.171.207.246 - - [28/Feb/2025:01:10:11 +0100] "GET /ticket2/opencms/set_aff_cookie.jsp?partner=6F250EA7-4505-FA01-D601-8847F2573405&url=%252Fen%252Fbuy%252Findex.html%253Fpage%253D1%2526edid%253DB8A6965B-216E-27C8-9A3D-21241346030F%2526hlv%253D66866f91-0ab0-483c-8092-73060a01000f%2523v2015936724 HTTP/1.1" 200 246
20.171.207.246 - - [28/Feb/2025:01:10:12 +0100] "GET /ticket2/opencms/set_aff_cookie.jsp?partner=6F250EA7-4505-FA01-D601-8847F2573405&url=%252Fsv%252Fbuy%252Findex.html%253Fpage%253D1%2526edid%253D47C0370F-9915-7673-E038-7AD65907592C%2526hlv%253D666d50d3-c738-4864-92b8-70d60a01000f%2523v1773072805 HTTP/1.1" 200 246
54.36.148.73 - - [28/Feb/2025:01:10:13 +0100] "GET /ticket2/opencms/fr/buy/?page=1&edid=E66B1558-C5A6-CDDD-B7DD-6060381B0F38 HTTP/1.1" 200 121472
192.95.30.177 - - [28/Feb/2025:01:10:13 +0100] "GET /ticket2/opencms/sv/buy/?page=1&edid=E1965183-0A48-4447-AB23-0EA8BEA65874&sortorder=desc&column=price HTTP/1.1" 200 112261
20.171.207.246 - - [28/Feb/2025:01:10:13 +0100] "GET /ticket2/opencms/set_aff_cookie.jsp?partner=6F250EA7-4505-FA01-D601-8847F2573405&url=%252Fdk%252Fbuy%252Findex.html%253Fpage%253D1%2526edid%253D59510E33-7947-2FED-CC14-F0612B76476A%2526hlv%253D66866f77-4250-4ee2-9515-71630a01000f%2523v970243698 HTTP/1.1" 200 245
18.235.158.19 - - [28/Feb/2025:01:10:13 +0100] "GET /ticket2/opencms/sites/ticketbrokerage/sv/sport/fotbollsbiljetter/premier_league/arsenal/chelsea.html HTTP/1.1" 404 -
20.171.207.246 - - [28/Feb/2025:01:10:14 +0100] "GET /ticket2/opencms/set_aff_cookie.jsp?partner=6F250EA7-4505-FA01-D601-8847F2573405&url=%252Fen%252Fbuy%252Findex.html%253Fpage%253D1%2526edid%253DA587FC63-4A93-6097-3B29-C1C51786267C%2526hlv%253D6693ad27-0070-4627-8423-07f70a01000f%2523v687712307 HTTP/1.1" 200 245
192.95.30.177 - - [28/Feb/2025:01:10:15 +0100] "GET /ticket2/opencms/sv/buy/?page=1&edid=E1965183-0A48-4447-AB23-0EA8BEA65874&sortorder=desc&column=row HTTP/1.1" 200 112182
66.249.75.228 - - [28/Feb/2025:01:10:15 +0100] "GET /ticket2/opencms/lt/?page=6&comcatid=97ECA65A-72DA-F9AF-9DBB-245D3CFED1BE&catid=DA31441B-C568-3C77-D08C-698809032494 HTTP/1.1" 200 105664
20.171.207.246 - - [28/Feb/2025:01:10:16 +0100] "GET /ticket2/opencms/set_aff_cookie.jsp?partner=6F250EA7-4505-FA01-D601-8847F2573405&url=%252Fno%252Fbuy%252Findex.html%253Fpage%253D1%2526edid%253D26467E66-E432-3709-0425-A75E81B5021A%2526hlv%253D666c5d29-87c8-4662-a2ca-4e220a01000f%2523v1257589943 HTTP/1.1" 200 246
20.171.207.246 - - [28/Feb/2025:01:10:17 +0100] "GET /ticket2/opencms/set_aff_cookie.jsp?partner=6F250EA7-4505-FA01-D601-8847F2573405&url=%252Ffi%252Fbuy%252Findex.html%253Fpage%253D1%2526edid%253D7624E370-717C-E67C-7863-0581645F3814%2526hlv%253D6698ea36-48d8-46c6-a938-4dfb0a01000f%2523v959916306 HTTP/1.1" 200 245
47.128.51.210 - - [28/Feb/2025:01:10:17 +0100] "GET /ticket2/opencms/be/buy/?edid=CF50E913-5DB5-08E7-559C-AA3203DACB94 HTTP/1.1" 200 92641
192.95.30.177 - - [28/Feb/2025:01:10:17 +0100] "GET /ticket2/opencms/sv/buy/?page=1&edid=E1F55F84-4D40-F949-F902-228A506F47DB&sortorder=asc&column=price HTTP/1.1" 200 112861
20.171.207.246 - - [28/Feb/2025:01:10:18 +0100] "GET /ticket2/opencms/set_aff_cookie.jsp?partner=6F250EA7-4505-FA01-D601-8847F2573405&url=%252Fsv%252Fbuy%252Findex.html%253Fpage%253D1%2526edid%253D779DCE22-7865-5C8E-54FB-44794C9B955F%2526hlv%253D669241c4-1284-4a11-8262-0d450a01000f%2523v1517415870 HTTP/1.1" 200 246
20.171.207.246 - - [28/Feb/2025:01:10:19 +0100] "GET /ticket2/opencms/set_aff_cookie.jsp?partner=6F250EA7-4505-FA01-D601-8847F2573405&url=%252Ffi%252Fbuy%252Findex.html%253Fpage%253D1%2526edid%253D50375D23-8B44-5172-3FB1-755B660EE76F%2526hlv%253D66867187-a680-4356-91b9-73030a01000f%2523v208109602 HTTP/1.1" 200 245
192.95.30.177 - - [28/Feb/2025:01:10:19 +0100] "GET /ticket2/opencms/sv/buy/?page=1&edid=E1F55F84-4D40-F949-F902-228A506F47DB&sortorder=asc&column=row HTTP/1.1" 200 112661
20.171.207.246 - - [28/Feb/2025:01:10:20 +0100] "GET /ticket2/opencms/set_aff_cookie.jsp?partner=6F250EA7-4505-FA01-D601-8847F2573405&url=%252Fno%252Fbuy%252Findex.html%253Fpage%253D1%2526edid%253D47C0370F-9915-7673-E038-7AD65907592C%2526hlv%253D666d50d2-5ea8-4646-9b80-70d60a01000f%2523v986962470 HTTP/1.1" 200 245
40.77.167.243 - - [28/Feb/2025:01:10:21 +0100] "GET /ticket2/opencms/en/buy?page=1&edid=D06F539B-6C6E-B2BD-7ADD-88707F5FFDEE HTTP/1.1" 200 110551
20.171.207.246 - - [28/Feb/2025:01:10:21 +0100] "GET /ticket2/opencms/set_aff_cookie.jsp?partner=6F250EA7-4505-FA01-D601-8847F2573405&url=%252Ffi%252Fbuy%252Findex.html%253Fpage%253D1%2526edid%253D7989D951-D5D2-7F28-EC94-576AD8E37318%2526hlv%253D66867141-1df8-485c-b994-71630a01000f%2523v1754485615 HTTP/1.1" 200 246
192.95.30.177 - - [28/Feb/2025:01:10:22 +0100] "GET /ticket2/opencms/sv/buy/?page=1&edid=E1F55F84-4D40-F949-F902-228A506F47DB&sortorder=asc&column=section HTTP/1.1" 200 112827
54.36.149.18 - - [28/Feb/2025:01:10:22 +0100] "GET /ticket2/opencms/ro/sport/bilete-fotbal/la-liga HTTP/1.1" 200 102321
85.208.96.207 - - [28/Feb/2025:01:10:22 +0100] "GET /ticket2/opencms/sr/magazine/article?title=kevin-de-bruyne HTTP/1.1" 200 95060
20.171.207.246 - - [28/Feb/2025:01:10:23 +0100] "GET /ticket2/opencms/set_aff_cookie.jsp?partner=6F250EA7-4505-FA01-D601-8847F2573405&url=%252Ffi%252Fbuy%252Findex.html%253Fpage%253D1%2526edid%253D47C0370F-9915-7673-E038-7AD65907592C%2526hlv%253D666d50d3-5aa8-420f-b140-70d60a01000f%2523v1923155025 HTTP/1.1" 200 246
114.119.187.77 - - [28/Feb/2025:01:10:23 +0100] "GET /ticket2/opencms/bs/buy?page=1&edid=273354A2-650C-3851-1A58-3030AE27555E HTTP/1.1" 200 108503
202.8.42.126 - - [28/Feb/2025:01:10:23 +0100] "GET /ticket2/opencms/system/modules/com.gridnine.opencms.ticketbrokerage.site/resources/css/ticketbrokerage.css HTTP/1.1" 200 39339
202.8.42.126 - - [28/Feb/2025:01:10:23 +0100] "GET /ticket2/opencms/system/modules/com.gridnine.opencms.ticketbrokerage.site/resources/css/jquery-ui.css HTTP/1.1" 200 33221
202.8.42.126 - - [28/Feb/2025:01:10:23 +0100] "GET /ticket2/opencms/system/modules/com.gridnine.opencms.ticketbrokerage.site/resources/css/jquery.fancybox.css HTTP/1.1" 200 4939
202.8.42.126 - - [28/Feb/2025:01:10:23 +0100] "GET /ticket2/opencms/system/modules/com.gridnine.opencms.ticketbrokerage.site/resources/css/standard.css HTTP/1.1" 200 74207
202.8.42.126 - - [28/Feb/2025:01:10:23 +0100] "GET /ticket2/opencms/system/modules/com.gridnine.opencms.ticketbrokerage.site/resources/js/calendar-en.js HTTP/1.1" 200 3338
202.8.42.126 - - [28/Feb/2025:01:10:23 +0100] "GET /ticket2/opencms/system/modules/com.gridnine.opencms.ticketbrokerage.site/resources/css/calendar.css HTTP/1.1" 200 6871
202.8.42.126 - - [28/Feb/2025:01:10:23 +0100] "GET /ticket2/opencms/system/modules/com.gridnine.opencms.ticketbrokerage.site/resources/js/functions.js HTTP/1.1" 200 1583
202.8.42.126 - - [28/Feb/2025:01:10:23 +0100] "GET /ticket2/opencms/system/modules/com.gridnine.opencms.ticketbrokerage.site/resources/js/calendar.js HTTP/1.1" 200 49229
202.8.42.126 - - [28/Feb/2025:01:10:23 +0100] "GET /ticket2/opencms/system/modules/com.gridnine.opencms.ticketbrokerage.site/resources/js/jquery/jquery.js HTTP/1.1" 200 93868
202.8.42.126 - - [28/Feb/2025:01:10:23 +0100] "GET /ticket2/opencms/system/modules/com.gridnine.opencms.ticketbrokerage.site/resources/js/jquery/jquery-ui.js HTTP/1.1" 200 228088
202.8.42.126 - - [28/Feb/2025:01:10:23 +0100] "GET /ticket2/opencms/system/modules/com.gridnine.opencms.ticketbrokerage.site/resources/js/jquery.fancybox.pack.js HTTP/1.1" 200 23187
202.8.42.126 - - [28/Feb/2025:01:10:23 +0100] "GET /ticket2/opencms/system/modules/com.gridnine.opencms.ticketbrokerage.site/resources/js/calendar-setup.js HTTP/1.1" 200 4923
202.8.42.126 - - [28/Feb/2025:01:10:23 +0100] "GET /ticket2/opencms/system/modules/com.gridnine.opencms.ticketbrokerage.site/resources/js/stickyfill.min.js HTTP/1.1" 200 5672
202.8.42.126 - - [28/Feb/2025:01:10:23 +0100] "GET /ticket2/opencms/system/modules/com.gridnine.opencms.ticketbrokerage.site/resources/js/standard.js HTTP/1.1" 200 3983
202.8.42.126 - - [28/Feb/2025:01:10:24 +0100] "GET /ticket2/opencms/system/modules/com.gridnine.opencms.ticketbrokerage.site/resources/js/jquery.placeholder.min.js HTTP/1.1" 200 1737
20.171.207.246 - - [28/Feb/2025:01:10:24 +0100] "GET /ticket2/opencms/set_aff_cookie.jsp?partner=6F250EA7-4505-FA01-D601-8847F2573405&url=%252Fsv%252Fbuy%252Findex.html%253Fpage%253D1%2526edid%253D78F53753-F856-B158-388A-6B70B4CA55C8%2526hlv%253D66b38017-9934-41b2-8259-74430a01000f%2523v127097729 HTTP/1.1" 200 245
202.8.42.126 - - [28/Feb/2025:01:10:24 +0100] "GET /ticket2/opencms/system/modules/com.gridnine.opencms.ticketbrokerage.site/resources/js/common-ajax.js HTTP/1.1" 200 20175
192.95.30.177 - - [28/Feb/2025:01:10:24 +0100] "GET /ticket2/opencms/sv/buy/?page=1&edid=E1F55F84-4D40-F949-F902-228A506F47DB&sortorder=desc&column=row HTTP/1.1" 200 112817
20.171.207.246 - - [28/Feb/2025:01:10:25 +0100] "GET /ticket2/opencms/set_aff_cookie.jsp?partner=6F250EA7-4505-FA01-D601-8847F2573405&url=%252Fdk%252Fbuy%252Findex.html%253Fpage%253D1%2526edid%253D3289C097-2261-9433-8644-DF033A9EE354%2526hlv%253D666c5d14-5524-47fb-a4f6-4e220a01000f%2523v2049372594 HTTP/1.1" 200 246
185.191.171.8 - - [28/Feb/2025:01:10:26 +0100] "GET /ticket2/opencms/sv/sport/fotbollsbiljetter/uefa-champions-league/napoli/ HTTP/1.1" 200 88470
20.171.207.246 - - [28/Feb/2025:01:10:26 +0100] "GET /ticket2/opencms/set_aff_cookie.jsp?partner=6F250EA7-4505-FA01-D601-8847F2573405&url=%252Fsv%252Fbuy%252Findex.html%253Fpage%253D1%2526edid%253D7624E370-717C-E67C-7863-0581645F3814%2526hlv%253D6698ea36-51f8-490c-8c21-4dfb0a01000f%2523v625333074 HTTP/1.1" 200 245
50.16.216.166 - - [28/Feb/2025:01:10:26 +0100] "GET /ticket2/opencms/sv/sport/fotbollsbiljetter/la_liga/athletic_bilbao HTTP/1.1" 404 -
192.95.30.177 - - [28/Feb/2025:01:10:26 +0100] "GET /ticket2/opencms/sv/buy/?page=1&edid=E1F55F84-4D40-F949-F902-228A506F47DB&sortorder=desc&column=section HTTP/1.1" 200 112888
20.171.207.246 - - [28/Feb/2025:01:10:27 +0100] "GET /ticket2/opencms/set_aff_cookie.jsp?partner=6F250EA7-4505-FA01-D601-8847F2573405&url=%252Fno%252Fbuy%252Findex.html%253Fpage%253D1%2526edid%253D26467E66-E432-3709-0425-A75E81B5021A%2526hlv%253D666c5d29-3660-4278-abfe-4e220a01000f%2523v1973153694 HTTP/1.1" 200 246
89.246.241.14 - - [28/Feb/2025:01:10:28 +0100] "GET /ticket2/opencms/mt/ HTTP/1.1" 200 105490
20.171.207.246 - - [28/Feb/2025:01:10:28 +0100] "GET /ticket2/opencms/set_aff_cookie.jsp?partner=6F250EA7-4505-FA01-D601-8847F2573405&url=%252Ffi%252Fbuy%252Findex.html%253Fpage%253D1%2526edid%253D26467E66-E432-3709-0425-A75E81B5021A%2526hlv%253D666c5d28-ed50-4916-b2c4-4e220a01000f%2523v1515671082 HTTP/1.1" 200 246
192.95.30.177 - - [28/Feb/2025:01:10:29 +0100] "GET /ticket2/opencms/sv/buy/?page=1&edid=E275F4DB-5037-C69A-55F4-19118BC84B0A&sortorder=desc&column=row HTTP/1.1" 200 111981
20.171.207.246 - - [28/Feb/2025:01:10:29 +0100] "GET /ticket2/opencms/set_aff_cookie.jsp?partner=6F250EA7-4505-FA01-D601-8847F2573405&url=%252Ffi%252Fbuy%252Findex.html%253Fpage%253D1%2526edid%253D3289C097-2261-9433-8644-DF033A9EE354%2526hlv%253D666c5d19-5770-4a12-86ad-4e220a01000f%2523v712587823 HTTP/1.1" 200 245
54.36.148.133 - - [28/Feb/2025:01:10:30 +0100] "GET /ticket2/opencms/ro/buy/?page=1&edid=A27091AD-1422-96A9-33A7-74A8DECA25F3 HTTP/1.1" 200 135237
