20.171.207.246 - - [28/Feb/2025:00:34:46 +0100] "GET /ticket2/opencms/set_aff_cookie.jsp?partner=8F6DE15D-D831-5787-AE7E-FEFF53476F85&url=%252Fsv%252Fbuy%252Findex.html%253Fpage%253D1%2526edid%253D66C22035-E7EA-E10A-4BFC-2C30733037DC%2526hlv%253D666d4a39-c5f8-4359-a586-6bb30a01000f%2523v228580499 HTTP/1.1" 200 245
20.171.207.246 - - [28/Feb/2025:00:34:47 +0100] "GET /ticket2/opencms/set_aff_cookie.jsp?partner=57601924-FB09-5BB2-867F-08B4EB522BA8&url=%252Fdk%252Fbuy%252Findex.html%253Fpage%253D1%2526edid%253D199EDE4E-5A92-8B6F-9481-A1A89D98DFB8%2526hlv%253D60f8165c-cac0-48fb-998d-5bd40a01000f%2523v_2031068595 HTTP/1.1" 200 247
20.171.207.246 - - [28/Feb/2025:00:34:48 +0100] "GET /ticket2/opencms/set_aff_cookie.jsp?partner=57601924-FB09-5BB2-867F-08B4EB522BA8&url=%252Fnl%252Fbuy%252Findex.html%253Fpage%253D1%2526edid%253D66FFE717-0C93-3F01-2AC8-8E7FC5F9BAB1%2526hlv%253D6689076a-30d4-47be-8aa8-1ba70a01000f%2523v109486587 HTTP/1.1" 200 245
54.36.148.179 - - [28/Feb/2025:00:34:48 +0100] "GET /ticket2/opencms/bg/buy?page=1&edid=E2BA261D-8AA4-C0D3-44EE-1FFEB3ECFAE6 HTTP/1.1" 200 138065
20.171.207.246 - - [28/Feb/2025:00:34:49 +0100] "GET /ticket2/opencms/set_aff_cookie.jsp?partner=5E0CDF29-E7BE-9F6B-6869-7BF66B04006F&url=%252Fdk%252Fbuy%252Findex.html%253Fpage%253D1%2526edid%253D68B485F7-9483-6E4F-656D-602EE2AC621D%2526hlv%253D666d4b7a-baa0-4940-a55e-68b70a01000f%2523v_1284837196 HTTP/1.1" 200 247
54.36.148.147 - - [28/Feb/2025:00:34:49 +0100] "GET /ticket2/opencms/pl/buy?page=1&edid=5605B728-A815-14DD-9E19-09BABDE81131 HTTP/1.1" 200 111587
20.171.207.246 - - [28/Feb/2025:00:34:50 +0100] "GET /ticket2/opencms/set_aff_cookie.jsp?partner=5E0CDF29-E7BE-9F6B-6869-7BF66B04006F&url=%252Ffi%252Fbuy%252Findex.html%253Fpage%253D1%2526edid%253D66C22035-E7EA-E10A-4BFC-2C30733037DC%2526hlv%253D666d4a37-64c4-4e3f-8c31-6bb30a01000f%2523v1765961200 HTTP/1.1" 200 246
202.8.43.198 - - [28/Feb/2025:00:34:51 +0100] "GET /ticket2/opencms/system/modules/com.gridnine.opencms.ticketbrokerage.site/resources/css/calendar.css HTTP/1.1" 200 6871
202.8.43.198 - - [28/Feb/2025:00:34:51 +0100] "GET /ticket2/opencms/system/modules/com.gridnine.opencms.ticketbrokerage.site/resources/css/jquery-ui.css HTTP/1.1" 200 33221
202.8.43.198 - - [28/Feb/2025:00:34:51 +0100] "GET /ticket2/opencms/system/modules/com.gridnine.opencms.ticketbrokerage.site/resources/css/standard.css HTTP/1.1" 200 74207
202.8.43.198 - - [28/Feb/2025:00:34:51 +0100] "GET /ticket2/opencms/system/modules/com.gridnine.opencms.ticketbrokerage.site/resources/css/jquery.fancybox.css HTTP/1.1" 200 4939
202.8.43.198 - - [28/Feb/2025:00:34:51 +0100] "GET /ticket2/opencms/system/modules/com.gridnine.opencms.ticketbrokerage.site/resources/css/ticketbrokerage.css HTTP/1.1" 200 39339
202.8.43.198 - - [28/Feb/2025:00:34:51 +0100] "GET /ticket2/opencms/system/modules/com.gridnine.opencms.ticketbrokerage.site/resources/js/jquery/jquery.js HTTP/1.1" 200 93868
27.106.119.218 - - [28/Feb/2025:00:34:51 +0100] "GET /ticket2/opencms/bg/buy/?page=1&edid=DDC014E0-57FD-0978-5C99-38BF9021FA56 HTTP/1.1" 200 114281
202.8.43.198 - - [28/Feb/2025:00:34:51 +0100] "GET /ticket2/opencms/system/modules/com.gridnine.opencms.ticketbrokerage.site/resources/js/jquery/jquery-ui.js HTTP/1.1" 200 228088
202.8.43.198 - - [28/Feb/2025:00:34:51 +0100] "GET /ticket2/opencms/system/modules/com.gridnine.opencms.ticketbrokerage.site/resources/js/functions.js HTTP/1.1" 200 1583
202.8.43.198 - - [28/Feb/2025:00:34:51 +0100] "GET /ticket2/opencms/system/modules/com.gridnine.opencms.ticketbrokerage.site/resources/js/calendar-en.js HTTP/1.1" 200 3338
202.8.43.198 - - [28/Feb/2025:00:34:51 +0100] "GET /ticket2/opencms/system/modules/com.gridnine.opencms.ticketbrokerage.site/resources/js/calendar.js HTTP/1.1" 200 49229
202.8.43.198 - - [28/Feb/2025:00:34:51 +0100] "GET /ticket2/opencms/system/modules/com.gridnine.opencms.ticketbrokerage.site/resources/js/calendar-setup.js HTTP/1.1" 200 4923
202.8.43.198 - - [28/Feb/2025:00:34:51 +0100] "GET /ticket2/opencms/system/modules/com.gridnine.opencms.ticketbrokerage.site/resources/js/jquery.fancybox.pack.js HTTP/1.1" 200 23187
202.8.43.198 - - [28/Feb/2025:00:34:51 +0100] "GET /ticket2/opencms/system/modules/com.gridnine.opencms.ticketbrokerage.site/resources/js/stickyfill.min.js HTTP/1.1" 200 5672
202.8.43.198 - - [28/Feb/2025:00:34:51 +0100] "GET /ticket2/opencms/system/modules/com.gridnine.opencms.ticketbrokerage.site/resources/js/standard.js HTTP/1.1" 200 3983
202.8.43.198 - - [28/Feb/2025:00:34:51 +0100] "GET /ticket2/opencms/system/modules/com.gridnine.opencms.ticketbrokerage.site/resources/js/jquery.placeholder.min.js HTTP/1.1" 200 1737
202.8.43.198 - - [28/Feb/2025:00:34:51 +0100] "GET /ticket2/opencms/system/modules/com.gridnine.opencms.ticketbrokerage.site/resources/js/common-ajax.js HTTP/1.1" 200 20175
202.8.43.198 - - [28/Feb/2025:00:34:51 +0100] "GET /ticket2/opencms/pl/ask-form.html HTTP/1.1" 200 3156
20.171.207.246 - - [28/Feb/2025:00:34:51 +0100] "GET /ticket2/opencms/set_aff_cookie.jsp?partner=8F6DE15D-D831-5787-AE7E-FEFF53476F85&url=%252Fen%252Fbuy%252Findex.html%253Fpage%253D1%2526edid%253D66C22035-E7EA-E10A-4BFC-2C30733037DC%2526hlv%253D666d4a37-2f88-472c-8b09-6bb30a01000f%2523v671533777 HTTP/1.1" 200 245
202.8.43.198 - - [28/Feb/2025:00:34:51 +0100] "GET /ticket2/opencms/system/modules/com.gridnine.opencms.ticketbrokerage.site/resources/css/ticketbrokerage.css HTTP/1.1" 200 39339
66.220.149.112 - - [28/Feb/2025:00:34:51 +0100] "GET /ticket2/opencms/be/buy?page=1&edid=E46B7BC6-4C27-35AD-CA54-AE12489EE42A HTTP/1.1" 200 114552
20.171.207.246 - - [28/Feb/2025:00:34:52 +0100] "GET /ticket2/opencms/set_aff_cookie.jsp?partner=5E0CDF29-E7BE-9F6B-6869-7BF66B04006F&url=%252Fdk%252Fbuy%252Findex.html%253Fpage%253D1%2526edid%253D14427B33-9BB8-BBB7-1EBA-73EE86A692A4%2526hlv%253D6693ad33-9000-405c-a42e-07f70a01000f%2523v_1206862838 HTTP/1.1" 200 247
66.249.76.2 - - [28/Feb/2025:00:34:53 +0100] "GET /ticket2/opencms/et/magazine/article?title=rahvuste-liiga-on-taies-hoos HTTP/1.1" 200 94348
20.171.207.246 - - [28/Feb/2025:00:34:53 +0100] "GET /ticket2/opencms/set_aff_cookie.jsp?partner=8F6DE15D-D831-5787-AE7E-FEFF53476F85&url=%252Fen%252Fbuy%252Findex.html%253Fpage%253D1%2526edid%253D160DAC9A-2A77-6FDC-52B8-296352B1ABF1%2526hlv%253D666c4b55-482c-400f-a672-3e290a01000f%2523v_912988343 HTTP/1.1" 200 246
20.171.207.246 - - [28/Feb/2025:00:34:55 +0100] "GET /ticket2/opencms/set_aff_cookie.jsp?partner=8F6DE15D-D831-5787-AE7E-FEFF53476F85&url=%252Fdk%252Fbuy%252Findex.html%253Fpage%253D1%2526edid%253D1AD4E11C-C792-1721-4D1A-2229101A30FD%2526hlv%253D666c8a13-0bb0-48ab-a328-7e6f0a01000f%2523v_428009461 HTTP/1.1" 200 246
202.8.43.144 - - [28/Feb/2025:00:34:55 +0100] "GET /ticket2/opencms/system/modules/com.gridnine.opencms.ticketbrokerage.site/resources/css/jquery-ui.css HTTP/1.1" 200 33221
202.8.43.144 - - [28/Feb/2025:00:34:55 +0100] "GET /ticket2/opencms/system/modules/com.gridnine.opencms.ticketbrokerage.site/resources/css/ticketbrokerage.css HTTP/1.1" 200 39339
202.8.43.144 - - [28/Feb/2025:00:34:55 +0100] "GET /ticket2/opencms/system/modules/com.gridnine.opencms.ticketbrokerage.site/resources/css/standard.css HTTP/1.1" 200 74207
202.8.43.144 - - [28/Feb/2025:00:34:55 +0100] "GET /ticket2/opencms/system/modules/com.gridnine.opencms.ticketbrokerage.site/resources/css/calendar.css HTTP/1.1" 200 6871
202.8.43.144 - - [28/Feb/2025:00:34:55 +0100] "GET /ticket2/opencms/system/modules/com.gridnine.opencms.ticketbrokerage.site/resources/css/jquery.fancybox.css HTTP/1.1" 200 4939
202.8.43.144 - - [28/Feb/2025:00:34:55 +0100] "GET /ticket2/opencms/system/modules/com.gridnine.opencms.ticketbrokerage.site/resources/js/jquery/jquery.js HTTP/1.1" 200 93868
202.8.43.144 - - [28/Feb/2025:00:34:55 +0100] "GET /ticket2/opencms/system/modules/com.gridnine.opencms.ticketbrokerage.site/resources/js/jquery/jquery-ui.js HTTP/1.1" 200 228088
202.8.43.144 - - [28/Feb/2025:00:34:55 +0100] "GET /ticket2/opencms/system/modules/com.gridnine.opencms.ticketbrokerage.site/resources/js/functions.js HTTP/1.1" 200 1583
202.8.43.144 - - [28/Feb/2025:00:34:55 +0100] "GET /ticket2/opencms/system/modules/com.gridnine.opencms.ticketbrokerage.site/resources/js/calendar.js HTTP/1.1" 200 49229
202.8.43.144 - - [28/Feb/2025:00:34:55 +0100] "GET /ticket2/opencms/system/modules/com.gridnine.opencms.ticketbrokerage.site/resources/js/calendar-en.js HTTP/1.1" 200 3338
202.8.43.144 - - [28/Feb/2025:00:34:55 +0100] "GET /ticket2/opencms/system/modules/com.gridnine.opencms.ticketbrokerage.site/resources/js/calendar-setup.js HTTP/1.1" 200 4923
202.8.43.144 - - [28/Feb/2025:00:34:56 +0100] "GET /ticket2/opencms/system/modules/com.gridnine.opencms.ticketbrokerage.site/resources/js/jquery.fancybox.pack.js HTTP/1.1" 200 23187
202.8.43.144 - - [28/Feb/2025:00:34:56 +0100] "GET /ticket2/opencms/system/modules/com.gridnine.opencms.ticketbrokerage.site/resources/js/stickyfill.min.js HTTP/1.1" 200 5672
202.8.43.144 - - [28/Feb/2025:00:34:56 +0100] "GET /ticket2/opencms/system/modules/com.gridnine.opencms.ticketbrokerage.site/resources/js/standard.js HTTP/1.1" 200 3983
202.8.43.144 - - [28/Feb/2025:00:34:56 +0100] "GET /ticket2/opencms/system/modules/com.gridnine.opencms.ticketbrokerage.site/resources/js/jquery.placeholder.min.js HTTP/1.1" 200 1737
202.8.43.144 - - [28/Feb/2025:00:34:56 +0100] "GET /ticket2/opencms/system/modules/com.gridnine.opencms.ticketbrokerage.site/resources/js/common-ajax.js HTTP/1.1" 200 20175
202.8.43.144 - - [28/Feb/2025:00:34:56 +0100] "GET /ticket2/opencms/bg/ask-form.html HTTP/1.1" 200 3156
20.171.207.246 - - [28/Feb/2025:00:34:56 +0100] "GET /ticket2/opencms/set_aff_cookie.jsp?partner=2E02071B-A8C3-4CBA-3097-C27D61C02ED8&url=%252Fno%252Fbuy%252Findex.html%253Fpage%253D1%2526edid%253D1C663B38-AAE8-15E5-78AB-F7247D2C67D4%2526hlv%253D666d70a2-7bf4-4ce6-9a86-0e670a01000f%2523v_1640142793 HTTP/1.1" 200 247
202.8.43.144 - - [28/Feb/2025:00:34:56 +0100] "GET /ticket2/opencms/system/modules/com.gridnine.opencms.ticketbrokerage.site/resources/css/ticketbrokerage.css HTTP/1.1" 200 39339
216.244.66.196 - - [28/Feb/2025:00:34:56 +0100] "GET /ticket2/opencms/tr/buy?page=1&edid=7D93CEA8-790B-90BC-58EC-CA5B0CB3CBFB HTTP/1.1" 200 112601
69.176.91.146 - - [28/Feb/2025:00:34:57 +0100] "GET /ticket2/opencms/sl/buy?edid=33C93D30-5D5F-70D5-E4DB-10F58238A7ED&page=1 HTTP/1.1" 200 120585
20.171.207.246 - - [28/Feb/2025:00:34:57 +0100] "GET /ticket2/opencms/set_aff_cookie.jsp?partner=5E0CDF29-E7BE-9F6B-6869-7BF66B04006F&url=%252Fsv%252Fbuy%252Findex.html%253Fpage%253D1%2526edid%253D10597F35-2AC7-31D2-FB61-15A36BB6D73B%2526hlv%253D666d4520-bfd0-4cd9-a322-64610a01000f%2523v_782165424 HTTP/1.1" 200 246
20.171.207.246 - - [28/Feb/2025:00:34:58 +0100] "GET /ticket2/opencms/set_aff_cookie.jsp?partner=8F6DE15D-D831-5787-AE7E-FEFF53476F85&url=%252Fnl%252Fbuy%252Findex.html%253Fpage%253D1%2526edid%253D6C1ED87B-DDA5-3BB2-3EDA-87860E37D5E0%2526hlv%253D66884500-826c-4970-bf5f-34030a01000f%2523v_655483025 HTTP/1.1" 200 246
20.171.207.246 - - [28/Feb/2025:00:34:59 +0100] "GET /ticket2/opencms/set_aff_cookie.jsp?partner=57601924-FB09-5BB2-867F-08B4EB522BA8&url=%252Fnl%252Fbuy%252Findex.html%253Fpage%253D1%2526edid%253DDD7009E0-BEDD-5FDF-FBEC-9803C9276491%2526hlv%253D6144852c-25fc-4b54-a669-734b0a01000f%2523v_941230224 HTTP/1.1" 200 246
185.191.171.12 - - [28/Feb/2025:00:35:00 +0100] "GET /ticket2/opencms/de/magazine/article?title=brighton-and-hove-albion HTTP/1.1" 200 92735
20.171.207.246 - - [28/Feb/2025:00:35:00 +0100] "GET /ticket2/opencms/set_aff_cookie.jsp?partner=6F250EA7-4505-FA01-D601-8847F2573405&url=%252Fen%252Fbuy%252Findex.html%253Fpage%253D1%2526edid%253DAEE686B1-0F06-BE3A-CE07-98C2BAFB7F71%2526hlv%253D611515d7-5ec4-44fa-8c24-7cee0a01000f%2523v_1631651849 HTTP/1.1" 200 247
20.171.207.246 - - [28/Feb/2025:00:35:02 +0100] "GET /ticket2/opencms/set_aff_cookie.jsp?partner=5E0CDF29-E7BE-9F6B-6869-7BF66B04006F&url=%252Fnl%252Fbuy%252Findex.html%253Fpage%253D1%2526edid%253D616E0307-EF5A-C0BC-E2E4-858595D5400D%2526hlv%253D60c9ec2c-17e0-430c-8d66-280b0a01000f%2523v_1483403596 HTTP/1.1" 200 247
47.79.5.157 - - [28/Feb/2025:00:35:03 +0100] "GET /ticket2/opencms/en/buy/?page=6&comcatid=B41CCF2B-5558-7AEE-3602-09BBDE417D65&catid=36DC4BE2-91A2-6146-2BE9-47B6F3C44EDB&eventid=AC9C34FF-318F-3AD7-3C6D-E5CAC1462F72 HTTP/1.1" 200 94822
20.171.207.246 - - [28/Feb/2025:00:35:03 +0100] "GET /ticket2/opencms/set_aff_cookie.jsp?partner=2E02071B-A8C3-4CBA-3097-C27D61C02ED8&url=%252Fsv%252Fbuy%252Findex.html%253Fpage%253D1%2526edid%253D0DC29C5C-A273-34CB-58F3-441C87554AF1%2526hlv%253D66b47f8c-b5c4-4fce-9609-209b0a01000f%2523v_1974938075 HTTP/1.1" 200 247
20.171.207.246 - - [28/Feb/2025:00:35:04 +0100] "GET /ticket2/opencms/set_aff_cookie.jsp?partner=5E0CDF29-E7BE-9F6B-6869-7BF66B04006F&url=%252Ffi%252Fbuy%252Findex.html%253Fpage%253D1%2526edid%253D1A0D0579-4E59-3474-5A13-81F3BA1DEBCE%2526hlv%253D60f95402-52d4-4d74-bdf5-580f0a01000f%2523v_182829570 HTTP/1.1" 200 246
216.244.66.238 - - [28/Feb/2025:00:35:05 +0100] "GET /ticket2/opencms/sl/buy?page=1&edid=6A97846C-6C85-821E-A23E-B1A09E022AC1 HTTP/1.1" 200 110773
20.171.207.246 - - [28/Feb/2025:00:35:05 +0100] "GET /ticket2/opencms/set_aff_cookie.jsp?partner=8F6DE15D-D831-5787-AE7E-FEFF53476F85&url=%252Fnl%252Fbuy%252Findex.html%253Fpage%253D1%2526edid%253D6619AF23-B82A-4933-7AAB-7FCD989DC8B0%2526hlv%253D614c76cd-a474-447a-af94-18980a01000f%2523v_2092144622 HTTP/1.1" 200 247
54.36.149.32 - - [28/Feb/2025:00:35:06 +0100] "GET /ticket2/opencms/ro/buy?page=1&edid=E2BA261D-8AA4-C0D3-44EE-1FFEB3ECFAE6 HTTP/1.1" 200 135579
20.171.207.246 - - [28/Feb/2025:00:35:06 +0100] "GET /ticket2/opencms/set_aff_cookie.jsp?partner=2E02071B-A8C3-4CBA-3097-C27D61C02ED8&url=%252Fen%252Fbuy%252Findex.html%253Fpage%253D1%2526edid%253D11CA2095-DE4E-F08C-CA73-D1F7DF0C2455%2526hlv%253D60c9e833-2468-40aa-b473-26430a01000f%2523v_577901544 HTTP/1.1" 200 246
202.8.40.208 - - [28/Feb/2025:00:35:07 +0100] "GET /ticket2/opencms/system/modules/com.gridnine.opencms.ticketbrokerage.site/resources/css/jquery-ui.css HTTP/1.1" 200 33221
202.8.40.208 - - [28/Feb/2025:00:35:07 +0100] "GET /ticket2/opencms/system/modules/com.gridnine.opencms.ticketbrokerage.site/resources/css/ticketbrokerage.css HTTP/1.1" 200 39339
202.8.40.208 - - [28/Feb/2025:00:35:07 +0100] "GET /ticket2/opencms/system/modules/com.gridnine.opencms.ticketbrokerage.site/resources/css/standard.css HTTP/1.1" 200 74207
202.8.40.208 - - [28/Feb/2025:00:35:07 +0100] "GET /ticket2/opencms/system/modules/com.gridnine.opencms.ticketbrokerage.site/resources/css/calendar.css HTTP/1.1" 200 6871
202.8.40.208 - - [28/Feb/2025:00:35:07 +0100] "GET /ticket2/opencms/system/modules/com.gridnine.opencms.ticketbrokerage.site/resources/css/jquery.fancybox.css HTTP/1.1" 200 4939
202.8.40.208 - - [28/Feb/2025:00:35:07 +0100] "GET /ticket2/opencms/system/modules/com.gridnine.opencms.ticketbrokerage.site/resources/js/jquery/jquery.js HTTP/1.1" 200 93868
213.180.203.116 - - [28/Feb/2025:00:35:07 +0100] "GET /ticket2/opencms/robots.txt HTTP/1.1" 200 773
202.8.40.208 - - [28/Feb/2025:00:35:07 +0100] "GET /ticket2/opencms/system/modules/com.gridnine.opencms.ticketbrokerage.site/resources/js/jquery/jquery-ui.js HTTP/1.1" 200 228088
202.8.40.208 - - [28/Feb/2025:00:35:07 +0100] "GET /ticket2/opencms/system/modules/com.gridnine.opencms.ticketbrokerage.site/resources/js/functions.js HTTP/1.1" 200 1583
202.8.40.208 - - [28/Feb/2025:00:35:07 +0100] "GET /ticket2/opencms/system/modules/com.gridnine.opencms.ticketbrokerage.site/resources/js/calendar.js HTTP/1.1" 200 49229
202.8.40.208 - - [28/Feb/2025:00:35:07 +0100] "GET /ticket2/opencms/system/modules/com.gridnine.opencms.ticketbrokerage.site/resources/js/calendar-en.js HTTP/1.1" 200 3338
202.8.40.208 - - [28/Feb/2025:00:35:07 +0100] "GET /ticket2/opencms/system/modules/com.gridnine.opencms.ticketbrokerage.site/resources/js/calendar-setup.js HTTP/1.1" 200 4923
20.171.207.246 - - [28/Feb/2025:00:35:07 +0100] "GET /ticket2/opencms/set_aff_cookie.jsp?partner=57601924-FB09-5BB2-867F-08B4EB522BA8&url=%252Fnl%252Fbuy%252Findex.html%253Fpage%253D1%2526edid%253DE8BA54CC-B112-3D61-BE02-1B4D1E4F63D1%2526hlv%253D666ddc0d-66e4-458c-8b58-6a330a01000f%2523v_1165400764 HTTP/1.1" 200 247
202.8.40.208 - - [28/Feb/2025:00:35:07 +0100] "GET /ticket2/opencms/system/modules/com.gridnine.opencms.ticketbrokerage.site/resources/js/jquery.fancybox.pack.js HTTP/1.1" 200 23187
202.8.40.208 - - [28/Feb/2025:00:35:07 +0100] "GET /ticket2/opencms/system/modules/com.gridnine.opencms.ticketbrokerage.site/resources/js/stickyfill.min.js HTTP/1.1" 200 5672
202.8.40.208 - - [28/Feb/2025:00:35:07 +0100] "GET /ticket2/opencms/system/modules/com.gridnine.opencms.ticketbrokerage.site/resources/js/standard.js HTTP/1.1" 200 3983
202.8.40.208 - - [28/Feb/2025:00:35:08 +0100] "GET /ticket2/opencms/system/modules/com.gridnine.opencms.ticketbrokerage.site/resources/js/jquery.placeholder.min.js HTTP/1.1" 200 1737
202.8.40.208 - - [28/Feb/2025:00:35:08 +0100] "GET /ticket2/opencms/system/modules/com.gridnine.opencms.ticketbrokerage.site/resources/js/common-ajax.js HTTP/1.1" 200 20175
202.8.40.208 - - [28/Feb/2025:00:35:08 +0100] "GET /ticket2/opencms/ro/ask-form.html HTTP/1.1" 200 3156
202.8.40.208 - - [28/Feb/2025:00:35:08 +0100] "GET /ticket2/opencms/system/modules/com.gridnine.opencms.ticketbrokerage.site/resources/css/ticketbrokerage.css HTTP/1.1" 200 39339
213.180.203.48 - - [28/Feb/2025:00:35:08 +0100] "GET /ticket2/opencms/mo/faq HTTP/1.1" 200 90717
20.171.207.246 - - [28/Feb/2025:00:35:09 +0100] "GET /ticket2/opencms/set_aff_cookie.jsp?partner=8F6DE15D-D831-5787-AE7E-FEFF53476F85&url=%252Fru%252Fbuy%252Findex.html%253Fpage%253D1%2526edid%253DC68D3A19-7AB1-B0F6-2F8E-E937CB754241%2526hlv%253D669388d7-6028-4dfb-a545-6fc60a01000f%2523v_1187727153 HTTP/1.1" 200 247
47.79.119.20 - - [28/Feb/2025:00:35:09 +0100] "GET /ticket2/opencms/en/buy/?page=1&edid=D891F8B6-96E4-AE98-41A8-F1CC85F6700F HTTP/1.1" 200 109206
54.88.84.219 - - [28/Feb/2025:00:35:09 +0100] "GET /ticket2/opencms/sites/ticketbrokerage/sv/tickets/lazio/fiorentina.html HTTP/1.1" 404 -
20.171.207.246 - - [28/Feb/2025:00:35:10 +0100] "GET /ticket2/opencms/set_aff_cookie.jsp?partner=8F6DE15D-D831-5787-AE7E-FEFF53476F85&url=%252Fen%252Fbuy%252Findex.html%253Fpage%253D1%2526edid%253D68B485F7-9483-6E4F-656D-602EE2AC621D%2526hlv%253D666d4b76-34b4-48fb-bd7b-68b70a01000f%2523v_2097579526 HTTP/1.1" 200 247
20.171.207.246 - - [28/Feb/2025:00:35:11 +0100] "GET /ticket2/opencms/set_aff_cookie.jsp?partner=5E0CDF29-E7BE-9F6B-6869-7BF66B04006F&url=%252Fnl%252Fbuy%252Findex.html%253Fpage%253D1%2526edid%253DC68D3A19-7AB1-B0F6-2F8E-E937CB754241%2526hlv%253D669388d7-f2e8-4208-942e-6fc60a01000f%2523v_343600943 HTTP/1.1" 200 246
52.167.144.192 - - [28/Feb/2025:00:35:11 +0100] "GET /ticket2/opencms/sv/sport/fotbollsbiljetter/english-championship/norwich/ HTTP/1.1" 200 88644
20.171.207.246 - - [28/Feb/2025:00:35:12 +0100] "GET /ticket2/opencms/set_aff_cookie.jsp?partner=8F6DE15D-D831-5787-AE7E-FEFF53476F85&url=%252Fnl%252Fbuy%252Findex.html%253Fpage%253D1%2526edid%253D63D25C1E-F945-3D8C-F981-1BC33FDCD607%2526hlv%253D668677c7-ce90-4760-983d-7b160a01000f%2523v_542763810 HTTP/1.1" 200 246
47.79.98.33 - - [28/Feb/2025:00:35:13 +0100] "GET /ticket2/opencms/en/buy/?page=10&eventid=9464EBD2-6392-C534-AC79-AC37A4AB6BC5 HTTP/1.1" 200 91294
20.171.207.246 - - [28/Feb/2025:00:35:13 +0100] "GET /ticket2/opencms/set_aff_cookie.jsp?partner=5E0CDF29-E7BE-9F6B-6869-7BF66B04006F&url=%252Fru%252Fbuy%252Findex.html%253Fpage%253D1%2526edid%253D66C22035-E7EA-E10A-4BFC-2C30733037DC%2526hlv%253D666d4a38-3314-4d14-a3e9-6bb30a01000f%2523v1205275375 HTTP/1.1" 200 246
44.207.69.106 - - [28/Feb/2025:00:35:13 +0100] "GET /ticket2/opencms/sites/ticketbrokerage/sv/sport/fotbollsbiljetter/serie_a/lazio/brescia.html HTTP/1.1" 404 -
40.77.167.10 - - [28/Feb/2025:00:35:14 +0100] "GET /ticket2/opencms/cs/buy/?page=1&edid=579B49FD-6D7C-4BF3-CF9E-91183D7BCE4C HTTP/1.1" 200 108629
20.171.207.246 - - [28/Feb/2025:00:35:14 +0100] "GET /ticket2/opencms/set_aff_cookie.jsp?partner=5E0CDF29-E7BE-9F6B-6869-7BF66B04006F&url=%252Fnl%252Fbuy%252Findex.html%253Fpage%253D1%2526edid%253D66C22035-E7EA-E10A-4BFC-2C30733037DC%2526hlv%253D666d4a38-91e0-40d3-99cc-6bb30a01000f%2523v1474455949 HTTP/1.1" 200 246
20.171.207.246 - - [28/Feb/2025:00:35:15 +0100] "GET /ticket2/opencms/set_aff_cookie.jsp?partner=5E0CDF29-E7BE-9F6B-6869-7BF66B04006F&url=%252Fnl%252Fbuy%252Findex.html%253Fpage%253D1%2526edid%253D10597F35-2AC7-31D2-FB61-15A36BB6D73B%2526hlv%253D666d4520-6ac8-4ce7-9ea8-64610a01000f%2523v_724912276 HTTP/1.1" 200 246
20.171.207.246 - - [28/Feb/2025:00:35:17 +0100] "GET /ticket2/opencms/set_aff_cookie.jsp?partner=2E02071B-A8C3-4CBA-3097-C27D61C02ED8&url=%252Fru%252Fbuy%252Findex.html%253Fpage%253D1%2526edid%253D1C663B38-AAE8-15E5-78AB-F7247D2C67D4%2526hlv%253D666d70a0-4180-4df0-aad6-0e670a01000f%2523v_1025841401 HTTP/1.1" 200 247
52.2.191.202 - - [28/Feb/2025:00:35:17 +0100] "GET /ticket2/opencms/sites/ticketbrokerage/sv/sport/fotbollsbiljetter/premier_league/wigan/west-bromwich-albion.html HTTP/1.1" 404 -
47.82.11.123 - - [28/Feb/2025:00:35:17 +0100] "GET /ticket2/opencms/en/buy/?page=10&eventid=2D882524-F20E-911C-330E-DB5F72C129F5 HTTP/1.1" 200 95696
20.171.207.246 - - [28/Feb/2025:00:35:18 +0100] "GET /ticket2/opencms/set_aff_cookie.jsp?partner=57601924-FB09-5BB2-867F-08B4EB522BA8&url=%252Fdk%252Fbuy%252Findex.html%253Fpage%253D1%2526edid%253D1DBF14B5-C823-5399-D365-712859C1D3D3%2526hlv%253D60f84fa1-d4fc-4ba1-ba1b-6ecf0a01000f%2523v_1539215351 HTTP/1.1" 200 247
20.171.207.246 - - [28/Feb/2025:00:35:19 +0100] "GET /ticket2/opencms/set_aff_cookie.jsp?partner=23A6AD98-906E-5BDD-600E-EC4EC8A45F97&url=%252Fen%252Fbuy%252Findex.html%253Fpage%253D1%2526edid%253D605F0713-F5C5-5844-2344-BCDD5B5AC0EC%2526hlv%253D666fff39-59f8-414f-8105-264d0a01000f%2523v_1881675155 HTTP/1.1" 200 247
46.250.173.237 - - [28/Feb/2025:00:35:20 +0100] "GET /ticket2/opencms/es/buy?comcatid=A17713B6-D984-201A-4143-ED4DB5ED5C2E&catid=E92E6B1B-7CD1-74B1-312C-265A7D8125D0 HTTP/1.1" 200 103159
20.171.207.246 - - [28/Feb/2025:00:35:20 +0100] "GET /ticket2/opencms/set_aff_cookie.jsp?partner=2E02071B-A8C3-4CBA-3097-C27D61C02ED8&url=%252Fru%252Fbuy%252Findex.html%253Fpage%253D1%2526edid%253D18631B4D-241F-1419-AEC9-B2739BCE7CC3%2526hlv%253D66b47e17-a5d4-41a5-a568-1f380a01000f%2523v_322750817 HTTP/1.1" 200 246
20.171.207.246 - - [28/Feb/2025:00:35:21 +0100] "GET /ticket2/opencms/set_aff_cookie.jsp?partner=2E02071B-A8C3-4CBA-3097-C27D61C02ED8&url=%252Fnl%252Fbuy%252Findex.html%253Fpage%253D1%2526edid%253D66C22035-E7EA-E10A-4BFC-2C30733037DC%2526hlv%253D666d4a38-acdc-4271-93f4-6bb30a01000f%2523v1811410260 HTTP/1.1" 200 246
54.36.148.125 - - [28/Feb/2025:00:35:22 +0100] "GET /ticket2/opencms/ro/buy?page=1&edid=207C2646-D7DC-44FF-090D-40B991F2D67E HTTP/1.1" 200 108826
20.171.207.246 - - [28/Feb/2025:00:35:22 +0100] "GET /ticket2/opencms/set_aff_cookie.jsp?partner=23A6AD98-906E-5BDD-600E-EC4EC8A45F97&url=%252Fen%252Fbuy%252Findex.html%253Fpage%253D1%2526edid%253D65E16DAE-FB3A-0D73-DEF4-C746943F02B1%2526hlv%253D61152000-e5d0-40b5-8747-06080a01000f%2523v_646052636 HTTP/1.1" 200 246
202.8.40.106 - - [28/Feb/2025:00:35:23 +0100] "GET /ticket2/opencms/system/modules/com.gridnine.opencms.ticketbrokerage.site/resources/css/ticketbrokerage.css HTTP/1.1" 200 39339
202.8.40.106 - - [28/Feb/2025:00:35:23 +0100] "GET /ticket2/opencms/system/modules/com.gridnine.opencms.ticketbrokerage.site/resources/css/jquery-ui.css HTTP/1.1" 200 33221
202.8.40.106 - - [28/Feb/2025:00:35:23 +0100] "GET /ticket2/opencms/system/modules/com.gridnine.opencms.ticketbrokerage.site/resources/css/calendar.css HTTP/1.1" 200 6871
202.8.40.106 - - [28/Feb/2025:00:35:23 +0100] "GET /ticket2/opencms/system/modules/com.gridnine.opencms.ticketbrokerage.site/resources/css/jquery.fancybox.css HTTP/1.1" 200 4939
202.8.40.106 - - [28/Feb/2025:00:35:23 +0100] "GET /ticket2/opencms/system/modules/com.gridnine.opencms.ticketbrokerage.site/resources/css/standard.css HTTP/1.1" 200 74207
202.8.40.106 - - [28/Feb/2025:00:35:23 +0100] "GET /ticket2/opencms/system/modules/com.gridnine.opencms.ticketbrokerage.site/resources/js/jquery/jquery.js HTTP/1.1" 200 93868
202.8.40.106 - - [28/Feb/2025:00:35:23 +0100] "GET /ticket2/opencms/system/modules/com.gridnine.opencms.ticketbrokerage.site/resources/js/functions.js HTTP/1.1" 200 1583
202.8.40.106 - - [28/Feb/2025:00:35:23 +0100] "GET /ticket2/opencms/system/modules/com.gridnine.opencms.ticketbrokerage.site/resources/js/calendar.js HTTP/1.1" 200 49229
202.8.40.106 - - [28/Feb/2025:00:35:23 +0100] "GET /ticket2/opencms/system/modules/com.gridnine.opencms.ticketbrokerage.site/resources/js/jquery/jquery-ui.js HTTP/1.1" 200 228088
202.8.40.106 - - [28/Feb/2025:00:35:23 +0100] "GET /ticket2/opencms/system/modules/com.gridnine.opencms.ticketbrokerage.site/resources/js/calendar-setup.js HTTP/1.1" 200 4923
202.8.40.106 - - [28/Feb/2025:00:35:23 +0100] "GET /ticket2/opencms/system/modules/com.gridnine.opencms.ticketbrokerage.site/resources/js/calendar-en.js HTTP/1.1" 200 3338
202.8.40.106 - - [28/Feb/2025:00:35:23 +0100] "GET /ticket2/opencms/system/modules/com.gridnine.opencms.ticketbrokerage.site/resources/js/jquery.fancybox.pack.js HTTP/1.1" 200 23187
202.8.40.106 - - [28/Feb/2025:00:35:23 +0100] "GET /ticket2/opencms/system/modules/com.gridnine.opencms.ticketbrokerage.site/resources/js/stickyfill.min.js HTTP/1.1" 200 5672
202.8.40.106 - - [28/Feb/2025:00:35:23 +0100] "GET /ticket2/opencms/system/modules/com.gridnine.opencms.ticketbrokerage.site/resources/js/standard.js HTTP/1.1" 200 3983
202.8.40.106 - - [28/Feb/2025:00:35:23 +0100] "GET /ticket2/opencms/system/modules/com.gridnine.opencms.ticketbrokerage.site/resources/js/jquery.placeholder.min.js HTTP/1.1" 200 1737
202.8.40.106 - - [28/Feb/2025:00:35:23 +0100] "GET /ticket2/opencms/system/modules/com.gridnine.opencms.ticketbrokerage.site/resources/js/common-ajax.js HTTP/1.1" 200 20175
202.8.40.106 - - [28/Feb/2025:00:35:23 +0100] "GET /ticket2/opencms/ro/ask-form.html HTTP/1.1" 200 3156
20.171.207.246 - - [28/Feb/2025:00:35:23 +0100] "GET /ticket2/opencms/set_aff_cookie.jsp?partner=6F250EA7-4505-FA01-D601-8847F2573405&url=%252Fno%252Fbuy%252Findex.html%253Fpage%253D1%2526edid%253D890CCDBB-BBBF-11B0-1E79-EA111E8EF281%2526hlv%253D668839fe-1a40-44c3-abda-2d260a01000f%2523v_1598309303 HTTP/1.1" 200 247
202.8.40.106 - - [28/Feb/2025:00:35:23 +0100] "GET /ticket2/opencms/system/modules/com.gridnine.opencms.ticketbrokerage.site/resources/css/ticketbrokerage.css HTTP/1.1" 200 39339
20.171.207.246 - - [28/Feb/2025:00:35:25 +0100] "GET /ticket2/opencms/set_aff_cookie.jsp?partner=692E2C6A-EC6F-1C93-AFCC-C5ACC23A93EA&url=%252Ffi%252Fbuy%252Findex.html%253Fpage%253D1%2526edid%253D17644B1D-96B7-5921-016D-CFFC93315595%2526hlv%253D615d9404-1b50-49e1-b597-26e30a01000f%2523v_309523913 HTTP/1.1" 200 246
34.205.170.13 - - [28/Feb/2025:00:35:25 +0100] "GET /ticket2/opencms/sites/ticketbrokerage/sv/tickets/napoli/genoa.html HTTP/1.1" 404 -
20.171.207.246 - - [28/Feb/2025:00:35:26 +0100] "GET /ticket2/opencms/set_aff_cookie.jsp?partner=8F6DE15D-D831-5787-AE7E-FEFF53476F85&url=%252Fsv%252Fbuy%252Findex.html%253Fpage%253D1%2526edid%253D6F379414-70C4-400F-51D2-AFD37C8F2BC7%2526hlv%253D666d6ed0-c7f4-4981-a6ea-0c140a01000f%2523v_1643449678 HTTP/1.1" 200 247
20.171.207.246 - - [28/Feb/2025:00:35:27 +0100] "GET /ticket2/opencms/set_aff_cookie.jsp?partner=5E0CDF29-E7BE-9F6B-6869-7BF66B04006F&url=%252Fdk%252Fbuy%252Findex.html%253Fpage%253D1%2526edid%253D1C663B38-AAE8-15E5-78AB-F7247D2C67D4%2526hlv%253D666d70a0-b680-4d1d-94e0-0e670a01000f%2523v_1203830011 HTTP/1.1" 200 247
20.171.207.246 - - [28/Feb/2025:00:35:28 +0100] "GET /ticket2/opencms/set_aff_cookie.jsp?partner=2E02071B-A8C3-4CBA-3097-C27D61C02ED8&url=%252Fru%252Fbuy%252Findex.html%253Fpage%253D1%2526edid%253D76AC12AC-4686-41BA-93AB-CDA5668851B1%2526hlv%253D66900fc6-c414-4b9a-b5dd-18030a01000f%2523v_257340799 HTTP/1.1" 200 246
20.171.207.246 - - [28/Feb/2025:00:35:29 +0100] "GET /ticket2/opencms/set_aff_cookie.jsp?partner=2E02071B-A8C3-4CBA-3097-C27D61C02ED8&url=%252Fnl%252Fbuy%252Findex.html%253Fpage%253D1%2526edid%253D16BA48F9-E787-F00A-EC7D-F97A99AECBFB%2526hlv%253D66d03934-3668-4536-ac00-72160a01000f%2523v_1096721736 HTTP/1.1" 200 247
20.171.207.246 - - [28/Feb/2025:00:35:30 +0100] "GET /ticket2/opencms/set_aff_cookie.jsp?partner=23A6AD98-906E-5BDD-600E-EC4EC8A45F97&url=%252Fen%252Fbuy%252Findex.html%253Fpage%253D1%2526edid%253D6ED08D04-7263-AC79-DA04-AFB97DC97A00%2526hlv%253D6693908e-61bc-4a8d-9721-74840a01000f%2523v_1912646337 HTTP/1.1" 200 247
20.171.207.246 - - [28/Feb/2025:00:35:32 +0100] "GET /ticket2/opencms/set_aff_cookie.jsp?partner=5E0CDF29-E7BE-9F6B-6869-7BF66B04006F&url=%252Fsv%252Fbuy%252Findex.html%253Fpage%253D1%2526edid%253D18631B4D-241F-1419-AEC9-B2739BCE7CC3%2526hlv%253D66b47e16-65f8-41fa-915b-1f380a01000f%2523v_1906059671 HTTP/1.1" 200 247
47.82.11.104 - - [28/Feb/2025:00:35:33 +0100] "GET /ticket2/opencms/en/buy/?page=10&eventid=66D77204-4B8D-B660-88DB-7A93BC4629FF HTTP/1.1" 200 95836
20.171.207.246 - - [28/Feb/2025:00:35:33 +0100] "GET /ticket2/opencms/set_aff_cookie.jsp?partner=5E0CDF29-E7BE-9F6B-6869-7BF66B04006F&url=%252Fdk%252Fbuy%252Findex.html%253Fpage%253D1%2526edid%253D1F546517-7633-42B2-A140-E9D704EF0B28%2526hlv%253D611bb8fa-02dc-449a-87fb-4b580a01000f%2523v_238046494 HTTP/1.1" 200 246
20.171.207.246 - - [28/Feb/2025:00:35:34 +0100] "GET /ticket2/opencms/set_aff_cookie.jsp?partner=6F250EA7-4505-FA01-D601-8847F2573405&url=%252Fru%252Fbuy%252Findex.html%253Fpage%253D1%2526edid%253D1154DCB7-5A2A-A6AE-4672-BBF2DE0C9EC8%2526hlv%253D61126e9b-10ec-440d-b70e-28f30a01000f%2523v_200346212 HTTP/1.1" 200 246
52.167.144.184 - - [28/Feb/2025:00:35:34 +0100] "GET /ticket2/opencms/fr/buy/?page=1&edid=E8FB6514-EFD8-EB72-BE17-25BC8A0EBD80 HTTP/1.1" 200 111656
20.171.207.246 - - [28/Feb/2025:00:35:35 +0100] "GET /ticket2/opencms/set_aff_cookie.jsp?partner=2E02071B-A8C3-4CBA-3097-C27D61C02ED8&url=%252Fdk%252Fbuy%252Findex.html%253Fpage%253D1%2526edid%253D66C22035-E7EA-E10A-4BFC-2C30733037DC%2526hlv%253D666d4a3b-85ec-4c21-a014-6bb30a01000f%2523v1925250544 HTTP/1.1" 200 246
52.167.144.161 - - [28/Feb/2025:00:35:35 +0100] "GET /ticket2/opencms/fi/buy?page=1&edid=57541A2A-A7DE-A07B-2484-0E25ED563C4B HTTP/1.1" 200 112034
85.208.96.206 - - [28/Feb/2025:00:35:36 +0100] "GET /ticket2/opencms/sv/sport/fotbollsbiljetter/english-championship/swansea-city/ HTTP/1.1" 200 88685
20.171.207.246 - - [28/Feb/2025:00:35:36 +0100] "GET /ticket2/opencms/set_aff_cookie.jsp?partner=8F6DE15D-D831-5787-AE7E-FEFF53476F85&url=%252Fen%252Fbuy%252Findex.html%253Fpage%253D1%2526edid%253D1D655237-217E-C5C5-21D7-85A16C37AFF4%2526hlv%253D611cd264-03bc-4f0a-b8d8-5e520a01000f%2523v_1846834013 HTTP/1.1" 200 247
20.171.207.246 - - [28/Feb/2025:00:35:37 +0100] "GET /ticket2/opencms/set_aff_cookie.jsp?partner=57601924-FB09-5BB2-867F-08B4EB522BA8&url=%252Ffi%252Fbuy%252Findex.html%253Fpage%253D1%2526edid%253DE8BA54CC-B112-3D61-BE02-1B4D1E4F63D1%2526hlv%253D666ddc0e-8938-45bc-af17-6a330a01000f%2523v_1554230138 HTTP/1.1" 200 247
20.171.207.246 - - [28/Feb/2025:00:35:39 +0100] "GET /ticket2/opencms/set_aff_cookie.jsp?partner=2E02071B-A8C3-4CBA-3097-C27D61C02ED8&url=%252Fnl%252Fbuy%252Findex.html%253Fpage%253D1%2526edid%253D11CA2095-DE4E-F08C-CA73-D1F7DF0C2455%2526hlv%253D60c9e431-a7e4-43a6-a093-23650a01000f%2523v_521104725 HTTP/1.1" 200 246
20.171.207.246 - - [28/Feb/2025:00:35:40 +0100] "GET /ticket2/opencms/set_aff_cookie.jsp?partner=8F6DE15D-D831-5787-AE7E-FEFF53476F85&url=%252Fru%252Fbuy%252Findex.html%253Fpage%253D1%2526edid%253D6ED08D04-7263-AC79-DA04-AFB97DC97A00%2526hlv%253D66939090-2cd0-4e3e-9f3d-74840a01000f%2523v_1994905711 HTTP/1.1" 200 247
216.244.66.238 - - [28/Feb/2025:00:35:41 +0100] "GET /ticket2/opencms/uk/buy?page=1&edid=808C4AEE-16F2-300A-1DD0-5C4D09E0DA01 HTTP/1.1" 200 111045
20.171.207.246 - - [28/Feb/2025:00:35:41 +0100] "GET /ticket2/opencms/set_aff_cookie.jsp?partner=23A6AD98-906E-5BDD-600E-EC4EC8A45F97&url=%252Fen%252Fbuy%252Findex.html%253Fpage%253D1%2526edid%253D1A8318F4-54FD-CF28-6FE4-70A4EF1323B0%2526hlv%253D610a55e9-3ec0-4056-88fd-083c0a01000f%2523v_1617105408 HTTP/1.1" 200 247
20.171.207.246 - - [28/Feb/2025:00:35:42 +0100] "GET /ticket2/opencms/set_aff_cookie.jsp?partner=2E02071B-A8C3-4CBA-3097-C27D61C02ED8&url=%252Fno%252Fbuy%252Findex.html%253Fpage%253D1%2526edid%253D66C22035-E7EA-E10A-4BFC-2C30733037DC%2526hlv%253D66d0931c-9d74-4aa5-95b1-4ad90a01000f%2523v901788560 HTTP/1.1" 200 245
54.36.148.58 - - [28/Feb/2025:00:35:42 +0100] "GET /ticket2/opencms/ro/buy?page=1&edid=E53C8E7A-C1C8-80DF-ED27-96FEFF6B5147 HTTP/1.1" 200 135374
20.171.207.246 - - [28/Feb/2025:00:35:43 +0100] "GET /ticket2/opencms/set_aff_cookie.jsp?partner=8F6DE15D-D831-5787-AE7E-FEFF53476F85&url=%252Fsv%252Fbuy%252Findex.html%253Fpage%253D1%2526edid%253D6F379414-70C4-400F-51D2-AFD37C8F2BC7%2526hlv%253D666d6ed0-3be4-4eb6-8652-0c140a01000f%2523v_1656537165 HTTP/1.1" 200 247
185.191.171.6 - - [28/Feb/2025:00:35:43 +0100] "GET /ticket2/opencms/sv/magazine/article?articleId=27 HTTP/1.1" 200 95715
40.77.167.10 - - [28/Feb/2025:00:35:44 +0100] "GET /ticket2/opencms/sk/buy?page=1&edid=fde2cb1b-737b-857f-7431-bd450e7d3bbb HTTP/1.1" 200 8134
173.252.87.20 - - [28/Feb/2025:00:35:44 +0100] "GET /ticket2/opencms/de/buy/?page=1&edid=473B0CA2-5DEF-8724-CEB4-D099FD62177B HTTP/1.1" 200 89915
20.171.207.246 - - [28/Feb/2025:00:35:44 +0100] "GET /ticket2/opencms/set_aff_cookie.jsp?partner=2E02071B-A8C3-4CBA-3097-C27D61C02ED8&url=%252Ffi%252Fbuy%252Findex.html%253Fpage%253D1%2526edid%253D1ABC406A-92BD-FDCF-3BD6-80A52E60B34F%2526hlv%253D666c88f2-146c-41e3-8745-79b60a01000f%2523v_1381499406 HTTP/1.1" 200 247
18.233.24.238 - - [28/Feb/2025:00:35:45 +0100] "GET /ticket2/opencms/sites/ticketbrokerage/sv/sport/fotbollsbiljetter/premier_league/blackpool/blackburn_rovers.html HTTP/1.1" 404 -
20.171.207.246 - - [28/Feb/2025:00:35:45 +0100] "GET /ticket2/opencms/set_aff_cookie.jsp?partner=2E02071B-A8C3-4CBA-3097-C27D61C02ED8&url=%252Ffi%252Fbuy%252Findex.html%253Fpage%253D1%2526edid%253DCD9CCE5B-E45C-7CA4-806C-47052D704B01%2526hlv%253D60f82071-5750-4dbf-b7f6-60b10a01000f%2523v_298140057 HTTP/1.1" 200 246
66.249.76.160 - - [28/Feb/2025:00:35:46 +0100] "GET /ticket2/opencms/hr/buy?page=1&edid=F0845893-AB25-79ED-E273-8681A31846EB&hlv=666d4460-bee4-4b1e-95da-64080a01000f HTTP/1.1" 200 113725
20.171.207.246 - - [28/Feb/2025:00:35:46 +0100] "GET /ticket2/opencms/set_aff_cookie.jsp?partner=6F250EA7-4505-FA01-D601-8847F2573405&url=%252Ffi%252Fbuy%252Findex.html%253Fpage%253D1%2526edid%253D1154DCB7-5A2A-A6AE-4672-BBF2DE0C9EC8%2526hlv%253D61126e9b-6b50-4d92-af0e-28f30a01000f%2523v_521275753 HTTP/1.1" 200 246
114.119.157.43 - - [28/Feb/2025:00:35:47 +0100] "GET /ticket2/opencms/pl/buy?page=1&=F6B5910D-137B-6FBA-4DDB-D9924D16BF6F HTTP/1.1" 200 -
20.171.207.246 - - [28/Feb/2025:00:35:48 +0100] "GET /ticket2/opencms/set_aff_cookie.jsp?partner=8F6DE15D-D831-5787-AE7E-FEFF53476F85&url=%252Fen%252Fbuy%252Findex.html%253Fpage%253D1%2526edid%253D70EF0ABB-9A80-4CE0-EE48-CC9265C1B361%2526hlv%253D6692485f-49ac-47b6-8643-16d80a01000f%2523v_685942206 HTTP/1.1" 200 246
47.128.37.246 - - [28/Feb/2025:00:35:48 +0100] "GET /ticket2/opencms/sr/magazine/article?title=hugo-larsson-dvadesetogodisnjak-koji-ide-od-uspeha-do-uspeha HTTP/1.1" 200 95786
20.171.207.246 - - [28/Feb/2025:00:35:49 +0100] "GET /ticket2/opencms/set_aff_cookie.jsp?partner=8F6DE15D-D831-5787-AE7E-FEFF53476F85&url=%252Fru%252Fbuy%252Findex.html%253Fpage%253D1%2526edid%253D135439EE-24C6-CFFE-A3F6-AD08F6CB1A03%2526hlv%253D60ca0f4d-9698-4173-887e-36280a01000f%2523v_1523970722 HTTP/1.1" 200 247
20.171.207.246 - - [28/Feb/2025:00:35:50 +0100] "GET /ticket2/opencms/set_aff_cookie.jsp?partner=8F6DE15D-D831-5787-AE7E-FEFF53476F85&url=%252Fnl%252Fbuy%252Findex.html%253Fpage%253D1%2526edid%253D66C22035-E7EA-E10A-4BFC-2C30733037DC%2526hlv%253D666d4a3b-bb54-4f43-8294-6bb30a01000f%2523v1461157708 HTTP/1.1" 200 246
47.128.41.71 - - [28/Feb/2025:00:35:50 +0100] "GET /ticket2/opencms/sr/buy/?edid=285C029F-0136-4458-3DAC-D4899E4F1B96 HTTP/1.1" 200 92104
20.171.207.246 - - [28/Feb/2025:00:35:51 +0100] "GET /ticket2/opencms/set_aff_cookie.jsp?partner=6F250EA7-4505-FA01-D601-8847F2573405&url=%252Fnl%252Fbuy%252Findex.html%253Fpage%253D1%2526edid%253DE8BA54CC-B112-3D61-BE02-1B4D1E4F63D1%2526hlv%253D666ddc0e-fe0c-45f0-af7b-6a330a01000f%2523v_1175129026 HTTP/1.1" 200 247
20.171.207.246 - - [28/Feb/2025:00:35:52 +0100] "GET /ticket2/opencms/set_aff_cookie.jsp?partner=5E0CDF29-E7BE-9F6B-6869-7BF66B04006F&url=%252Fsv%252Fbuy%252Findex.html%253Fpage%253D1%2526edid%253D24B0C902-6FB7-7278-965E-8EF0FF240741%2526hlv%253D615c45e5-f454-40f5-afbc-250a0a01000f%2523v_585114450 HTTP/1.1" 200 246
3.94.157.25 - - [28/Feb/2025:00:35:53 +0100] "GET /ticket2/opencms/tr/spor/futbol-biletleri/fa-cup HTTP/1.1" 404 -
20.171.207.246 - - [28/Feb/2025:00:35:53 +0100] "GET /ticket2/opencms/set_aff_cookie.jsp?partner=6F250EA7-4505-FA01-D601-8847F2573405&url=%252Fru%252Fbuy%252Findex.html%253Fpage%253D1%2526edid%253D605F0713-F5C5-5844-2344-BCDD5B5AC0EC%2526hlv%253D666ffef1-44d8-4cd4-8dab-23df0a01000f%2523v_813570013 HTTP/1.1" 200 246
54.36.148.218 - - [28/Feb/2025:00:35:54 +0100] "GET /ticket2/opencms/sq/buy?page=1&edid=207C2646-D7DC-44FF-090D-40B991F2D67E HTTP/1.1" 200 108958
20.171.207.246 - - [28/Feb/2025:00:35:55 +0100] "GET /ticket2/opencms/set_aff_cookie.jsp?partner=5E0CDF29-E7BE-9F6B-6869-7BF66B04006F&url=%252Fdk%252Fbuy%252Findex.html%253Fpage%253D1%2526edid%253D1AD4E11C-C792-1721-4D1A-2229101A30FD%2526hlv%253D666c8a12-af78-40dd-89c8-7e6f0a01000f%2523v_407973155 HTTP/1.1" 200 246
85.208.96.212 - - [28/Feb/2025:00:35:55 +0100] "GET /ticket2/opencms/be/magazine/article?title=lionel-messis-sista-sasong HTTP/1.1" 200 95129
124.243.146.23 - - [28/Feb/2025:00:35:55 +0100] "GET /ticket2/opencms/bg/buy/?page=1&edid=812FD49D-304A-7328-3A5E-992562A1F44A HTTP/1.1" 200 114446
202.8.41.25 - - [28/Feb/2025:00:35:55 +0100] "GET /ticket2/opencms/system/modules/com.gridnine.opencms.ticketbrokerage.site/resources/css/calendar.css HTTP/1.1" 200 6871
202.8.41.25 - - [28/Feb/2025:00:35:55 +0100] "GET /ticket2/opencms/system/modules/com.gridnine.opencms.ticketbrokerage.site/resources/css/jquery-ui.css HTTP/1.1" 200 33221
202.8.41.25 - - [28/Feb/2025:00:35:55 +0100] "GET /ticket2/opencms/system/modules/com.gridnine.opencms.ticketbrokerage.site/resources/css/ticketbrokerage.css HTTP/1.1" 200 39339
202.8.41.25 - - [28/Feb/2025:00:35:55 +0100] "GET /ticket2/opencms/system/modules/com.gridnine.opencms.ticketbrokerage.site/resources/css/jquery.fancybox.css HTTP/1.1" 200 4939
202.8.41.25 - - [28/Feb/2025:00:35:55 +0100] "GET /ticket2/opencms/system/modules/com.gridnine.opencms.ticketbrokerage.site/resources/js/jquery/jquery.js HTTP/1.1" 200 93868
202.8.41.25 - - [28/Feb/2025:00:35:55 +0100] "GET /ticket2/opencms/system/modules/com.gridnine.opencms.ticketbrokerage.site/resources/css/standard.css HTTP/1.1" 200 74207
202.8.41.25 - - [28/Feb/2025:00:35:55 +0100] "GET /ticket2/opencms/system/modules/com.gridnine.opencms.ticketbrokerage.site/resources/js/jquery/jquery-ui.js HTTP/1.1" 200 228088
202.8.41.25 - - [28/Feb/2025:00:35:55 +0100] "GET /ticket2/opencms/system/modules/com.gridnine.opencms.ticketbrokerage.site/resources/js/calendar-en.js HTTP/1.1" 200 3338
202.8.41.25 - - [28/Feb/2025:00:35:55 +0100] "GET /ticket2/opencms/system/modules/com.gridnine.opencms.ticketbrokerage.site/resources/js/calendar.js HTTP/1.1" 200 49229
202.8.41.25 - - [28/Feb/2025:00:35:55 +0100] "GET /ticket2/opencms/system/modules/com.gridnine.opencms.ticketbrokerage.site/resources/js/functions.js HTTP/1.1" 200 1583
202.8.41.25 - - [28/Feb/2025:00:35:55 +0100] "GET /ticket2/opencms/system/modules/com.gridnine.opencms.ticketbrokerage.site/resources/js/calendar-setup.js HTTP/1.1" 200 4923
202.8.41.25 - - [28/Feb/2025:00:35:55 +0100] "GET /ticket2/opencms/system/modules/com.gridnine.opencms.ticketbrokerage.site/resources/js/jquery.fancybox.pack.js HTTP/1.1" 200 23187
202.8.41.25 - - [28/Feb/2025:00:35:55 +0100] "GET /ticket2/opencms/system/modules/com.gridnine.opencms.ticketbrokerage.site/resources/js/stickyfill.min.js HTTP/1.1" 200 5672
202.8.41.25 - - [28/Feb/2025:00:35:55 +0100] "GET /ticket2/opencms/system/modules/com.gridnine.opencms.ticketbrokerage.site/resources/js/standard.js HTTP/1.1" 200 3983
202.8.41.25 - - [28/Feb/2025:00:35:56 +0100] "GET /ticket2/opencms/system/modules/com.gridnine.opencms.ticketbrokerage.site/resources/js/jquery.placeholder.min.js HTTP/1.1" 200 1737
202.8.41.25 - - [28/Feb/2025:00:35:56 +0100] "GET /ticket2/opencms/system/modules/com.gridnine.opencms.ticketbrokerage.site/resources/js/common-ajax.js HTTP/1.1" 200 20175
202.8.41.25 - - [28/Feb/2025:00:35:56 +0100] "GET /ticket2/opencms/sq/ask-form.html HTTP/1.1" 200 3156
202.8.41.25 - - [28/Feb/2025:00:35:56 +0100] "GET /ticket2/opencms/system/modules/com.gridnine.opencms.ticketbrokerage.site/resources/css/ticketbrokerage.css HTTP/1.1" 200 39339
20.171.207.246 - - [28/Feb/2025:00:35:56 +0100] "GET /ticket2/opencms/set_aff_cookie.jsp?partner=5E0CDF29-E7BE-9F6B-6869-7BF66B04006F&url=%252Fnl%252Fbuy%252Findex.html%253Fpage%253D1%2526edid%253D8EF7EC9D-9BC8-1DEC-C27C-0541D5C5F471%2526hlv%253D66869234-8284-4871-ac1c-37fc0a01000f%2523v_2072103499 HTTP/1.1" 200 247
20.171.207.246 - - [28/Feb/2025:00:35:57 +0100] "GET /ticket2/opencms/set_aff_cookie.jsp?partner=23A6AD98-906E-5BDD-600E-EC4EC8A45F97&url=%252Fen%252Fbuy%252Findex.html%253Fpage%253D1%2526edid%253D68B485F7-9483-6E4F-656D-602EE2AC621D%2526hlv%253D666d4b76-dba0-42a4-b979-68b70a01000f%2523v_2047736443 HTTP/1.1" 200 247
52.205.113.104 - - [28/Feb/2025:00:35:57 +0100] "GET /ticket2/opencms/sites/ticketbrokerage/sv/sport/fotbollsbiljetter/premier_league/wolverhampton/fulham.html HTTP/1.1" 404 -
20.171.207.246 - - [28/Feb/2025:00:35:58 +0100] "GET /ticket2/opencms/set_aff_cookie.jsp?partner=2E02071B-A8C3-4CBA-3097-C27D61C02ED8&url=%252Fno%252Fbuy%252Findex.html%253Fpage%253D1%2526edid%253D63B3C27F-3402-BA64-D032-5846FD6DB5B5%2526hlv%253D6698d681-e36c-41bb-af86-3fee0a01000f%2523v_1492176892 HTTP/1.1" 200 247
114.119.148.14 - - [28/Feb/2025:00:35:58 +0100] "GET /ticket2/opencms/en/sell/?edid=8BEEB024-CB83-C40D-AA61-927B0F84198E HTTP/1.1" 302 -
20.171.207.246 - - [28/Feb/2025:00:35:59 +0100] "GET /ticket2/opencms/set_aff_cookie.jsp?partner=5E0CDF29-E7BE-9F6B-6869-7BF66B04006F&url=%252Fno%252Fbuy%252Findex.html%253Fpage%253D1%2526edid%253D633F01D0-5A5C-9D0B-88C4-F93446CDE176%2526hlv%253D60f8170e-c49c-43b4-a6e4-5cf80a01000f%2523v_2139006271 HTTP/1.1" 200 247
20.171.207.246 - - [28/Feb/2025:00:36:00 +0100] "GET /ticket2/opencms/set_aff_cookie.jsp?partner=5E0CDF29-E7BE-9F6B-6869-7BF66B04006F&url=%252Fsv%252Fbuy%252Findex.html%253Fpage%253D1%2526edid%253D160DAC9A-2A77-6FDC-52B8-296352B1ABF1%2526hlv%253D666c4b57-41f8-4df9-9d30-3e290a01000f%2523v_1684805590 HTTP/1.1" 200 247
20.171.207.246 - - [28/Feb/2025:00:36:01 +0100] "GET /ticket2/opencms/set_aff_cookie.jsp?partner=5E0CDF29-E7BE-9F6B-6869-7BF66B04006F&url=%252Fsv%252Fbuy%252Findex.html%253Fpage%253D1%2526edid%253D6F379414-70C4-400F-51D2-AFD37C8F2BC7%2526hlv%253D666d6ed0-1ed8-43aa-85a9-0c140a01000f%2523v_2024501111 HTTP/1.1" 200 247
114.119.148.14 - - [28/Feb/2025:00:36:03 +0100] "GET /ticket2/opencms/en/login/?url=/en/sell/ HTTP/1.1" 200 90152
20.171.207.246 - - [28/Feb/2025:00:36:03 +0100] "GET /ticket2/opencms/set_aff_cookie.jsp?partner=8F6DE15D-D831-5787-AE7E-FEFF53476F85&url=%252Fsv%252Fbuy%252Findex.html%253Fpage%253D1%2526edid%253D66FFE717-0C93-3F01-2AC8-8E7FC5F9BAB1%2526hlv%253D6689076b-d9c0-4393-b068-1ba70a01000f%2523v1162475434 HTTP/1.1" 200 246
20.171.207.246 - - [28/Feb/2025:00:36:04 +0100] "GET /ticket2/opencms/set_aff_cookie.jsp?partner=6F250EA7-4505-FA01-D601-8847F2573405&url=%252Ffi%252Fbuy%252Findex.html%253Fpage%253D1%2526edid%253D670DDB77-CAC3-4ADF-B3FC-CE012EDDA850%2526hlv%253D668edf7f-4f94-438f-9e8f-18790a01000f%2523v_1429970251 HTTP/1.1" 200 247
20.171.207.246 - - [28/Feb/2025:00:36:05 +0100] "GET /ticket2/opencms/set_aff_cookie.jsp?partner=5E0CDF29-E7BE-9F6B-6869-7BF66B04006F&url=%252Fno%252Fbuy%252Findex.html%253Fpage%253D1%2526edid%253D50F7AB81-6A9C-C90F-2794-DEB00B53E681%2526hlv%253D612aadc9-a804-4357-85bc-73000a01000f%2523v_676793073 HTTP/1.1" 200 246
3.94.199.128 - - [28/Feb/2025:00:36:05 +0100] "GET /ticket2/opencms/sites/ticketbrokerage/sv/sport/fotbollsbiljetter/la_liga/valencia/tenerife.html HTTP/1.1" 404 -
20.171.207.246 - - [28/Feb/2025:00:36:06 +0100] "GET /ticket2/opencms/set_aff_cookie.jsp?partner=8F6DE15D-D831-5787-AE7E-FEFF53476F85&url=%252Fsv%252Fbuy%252Findex.html%253Fpage%253D1%2526edid%253D66C22035-E7EA-E10A-4BFC-2C30733037DC%2526hlv%253D666d4a3a-29d0-4096-86f9-6bb30a01000f%2523v2041622339 HTTP/1.1" 200 246
54.36.148.180 - - [28/Feb/2025:00:36:07 +0100] "GET /ticket2/opencms/tr/search.html HTTP/1.1" 200 96968
20.171.207.246 - - [28/Feb/2025:00:36:07 +0100] "GET /ticket2/opencms/set_aff_cookie.jsp?partner=2E02071B-A8C3-4CBA-3097-C27D61C02ED8&url=%252Ffi%252Fbuy%252Findex.html%253Fpage%253D1%2526edid%253D66C22035-E7EA-E10A-4BFC-2C30733037DC%2526hlv%253D666d4a3a-8fa8-4a18-93d7-6bb30a01000f%2523v1951738640 HTTP/1.1" 200 246
20.171.207.246 - - [28/Feb/2025:00:36:08 +0100] "GET /ticket2/opencms/set_aff_cookie.jsp?partner=6F250EA7-4505-FA01-D601-8847F2573405&url=%252Fsv%252Fbuy%252Findex.html%253Fpage%253D1%2526edid%253DAEE686B1-0F06-BE3A-CE07-98C2BAFB7F71%2526hlv%253D611515d7-9b6c-4f03-aa7c-7cee0a01000f%2523v_1938552899 HTTP/1.1" 200 247
20.171.207.246 - - [28/Feb/2025:00:36:10 +0100] "GET /ticket2/opencms/set_aff_cookie.jsp?partner=8F6DE15D-D831-5787-AE7E-FEFF53476F85&url=%252Fnl%252Fbuy%252Findex.html%253Fpage%253D1%2526edid%253D160DAC9A-2A77-6FDC-52B8-296352B1ABF1%2526hlv%253D666c4b54-a4f0-4964-80fc-3e290a01000f%2523v_1952399860 HTTP/1.1" 200 247
20.171.207.246 - - [28/Feb/2025:00:36:11 +0100] "GET /ticket2/opencms/set_aff_cookie.jsp?partner=2E02071B-A8C3-4CBA-3097-C27D61C02ED8&url=%252Fru%252Fbuy%252Findex.html%253Fpage%253D1%2526edid%253D66C22035-E7EA-E10A-4BFC-2C30733037DC%2526hlv%253D666d4a37-a8a4-44a7-b87b-6bb30a01000f%2523v2007625199 HTTP/1.1" 200 246
54.36.148.228 - - [28/Feb/2025:00:36:12 +0100] "GET /ticket2/opencms/en/buy/?page=1&edid=DD26041B-007D-3EE6-A8F7-303AB350D2E4 HTTP/1.1" 200 132216
20.171.207.246 - - [28/Feb/2025:00:36:12 +0100] "GET /ticket2/opencms/set_aff_cookie.jsp?partner=8F6DE15D-D831-5787-AE7E-FEFF53476F85&url=%252Fen%252Fbuy%252Findex.html%253Fpage%253D1%2526edid%253D6F6062BE-21E9-FCCC-41A7-E76CFE6D47E3%2526hlv%253D66938921-4c84-4860-b89e-703c0a01000f%2523v_145441732 HTTP/1.1" 200 246
216.244.66.238 - - [28/Feb/2025:00:36:13 +0100] "GET /ticket2/opencms/el/buy?page=1&edid=1809FB9A-6B2D-D037-0281-0E8481114152 HTTP/1.1" 200 112300
20.171.207.246 - - [28/Feb/2025:00:36:13 +0100] "GET /ticket2/opencms/set_aff_cookie.jsp?partner=2E02071B-A8C3-4CBA-3097-C27D61C02ED8&url=%252Fno%252Fbuy%252Findex.html%253Fpage%253D1%2526edid%253DE8BA54CC-B112-3D61-BE02-1B4D1E4F63D1%2526hlv%253D666ddc10-1578-4130-9f6e-6a330a01000f%2523v_1724901768 HTTP/1.1" 200 247
20.171.207.246 - - [28/Feb/2025:00:36:14 +0100] "GET /ticket2/opencms/set_aff_cookie.jsp?partner=2E02071B-A8C3-4CBA-3097-C27D61C02ED8&url=%252Fdk%252Fbuy%252Findex.html%253Fpage%253D1%2526edid%253D70EF0ABB-9A80-4CE0-EE48-CC9265C1B361%2526hlv%253D6692485b-3ce8-4f3e-8706-16d80a01000f%2523v_1374238073 HTTP/1.1" 200 247
40.77.167.10 - - [28/Feb/2025:00:36:15 +0100] "GET /ticket2/opencms/dk/?page=6&comcatid=97ECA65A-72DA-F9AF-9DBB-245D3CFED1BE HTTP/1.1" 200 104310
20.171.207.246 - - [28/Feb/2025:00:36:15 +0100] "GET /ticket2/opencms/set_aff_cookie.jsp?partner=2E02071B-A8C3-4CBA-3097-C27D61C02ED8&url=%252Fru%252Fbuy%252Findex.html%253Fpage%253D1%2526edid%253D13FD52ED-2424-BEB8-F194-ACEDB9434F70%2526hlv%253D66902369-c7ac-49c1-b458-234d0a01000f%2523v_776030660 HTTP/1.1" 200 246
20.171.207.246 - - [28/Feb/2025:00:36:16 +0100] "GET /ticket2/opencms/set_aff_cookie.jsp?partner=2E02071B-A8C3-4CBA-3097-C27D61C02ED8&url=%252Fsv%252Fbuy%252Findex.html%253Fpage%253D1%2526edid%253D1A8318F4-54FD-CF28-6FE4-70A4EF1323B0%2526hlv%253D610a55e9-b724-4e7a-a1c6-083c0a01000f%2523v_2037284927 HTTP/1.1" 200 247
54.36.148.229 - - [28/Feb/2025:00:36:17 +0100] "GET /ticket2/opencms/cs/buy?page=1&edid=E5A432C8-DA4B-0B1D-D158-7FE1F332A199 HTTP/1.1" 200 108508
17.241.227.254 - - [28/Feb/2025:00:36:17 +0100] "GET /ticket2/opencms/lv/sport/futbola-biletes/serie-a HTTP/1.1" 200 101413
20.171.207.246 - - [28/Feb/2025:00:36:18 +0100] "GET /ticket2/opencms/set_aff_cookie.jsp?partner=6F250EA7-4505-FA01-D601-8847F2573405&url=%252Fdk%252Fbuy%252Findex.html%253Fpage%253D1%2526edid%253D1ABC406A-92BD-FDCF-3BD6-80A52E60B34F%2526hlv%253D666c88f2-6d9c-4b96-b27e-79b60a01000f%2523v_282051444 HTTP/1.1" 200 246
202.8.42.5 - - [28/Feb/2025:00:36:18 +0100] "GET /ticket2/opencms/system/modules/com.gridnine.opencms.ticketbrokerage.site/resources/css/jquery-ui.css HTTP/1.1" 200 33221
202.8.42.5 - - [28/Feb/2025:00:36:18 +0100] "GET /ticket2/opencms/system/modules/com.gridnine.opencms.ticketbrokerage.site/resources/css/standard.css HTTP/1.1" 200 74207
202.8.42.5 - - [28/Feb/2025:00:36:18 +0100] "GET /ticket2/opencms/system/modules/com.gridnine.opencms.ticketbrokerage.site/resources/css/ticketbrokerage.css HTTP/1.1" 200 39339
202.8.42.5 - - [28/Feb/2025:00:36:18 +0100] "GET /ticket2/opencms/system/modules/com.gridnine.opencms.ticketbrokerage.site/resources/css/calendar.css HTTP/1.1" 200 6871
202.8.42.5 - - [28/Feb/2025:00:36:18 +0100] "GET /ticket2/opencms/system/modules/com.gridnine.opencms.ticketbrokerage.site/resources/css/jquery.fancybox.css HTTP/1.1" 200 4939
202.8.42.5 - - [28/Feb/2025:00:36:18 +0100] "GET /ticket2/opencms/system/modules/com.gridnine.opencms.ticketbrokerage.site/resources/js/jquery/jquery.js HTTP/1.1" 200 93868
202.8.42.5 - - [28/Feb/2025:00:36:18 +0100] "GET /ticket2/opencms/system/modules/com.gridnine.opencms.ticketbrokerage.site/resources/js/jquery/jquery-ui.js HTTP/1.1" 200 228088
