20.171.207.246 - - [28/Feb/2025:01:07:14 +0100] "GET /ticket2/opencms/set_aff_cookie.jsp?partner=6F250EA7-4505-FA01-D601-8847F2573405&url=%252Ffi%252Fbuy%252Findex.html%253Fpage%253D1%2526edid%253D7568E602-7C67-35D2-952F-D243F8930169%2526hlv%253D666dbc74-d420-4834-93c0-4cf60a01000f%2523v1336878179 HTTP/1.1" 200 246
20.171.207.246 - - [28/Feb/2025:01:07:15 +0100] "GET /ticket2/opencms/set_aff_cookie.jsp?partner=6F250EA7-4505-FA01-D601-8847F2573405&url=%252Fnl%252Fbuy%252Findex.html%253Fpage%253D1%2526edid%253D7568E602-7C67-35D2-952F-D243F8930169%2526hlv%253D666dbc70-0210-4b40-83f5-4cf60a01000f%2523v1717772110 HTTP/1.1" 200 246
192.95.30.177 - - [28/Feb/2025:01:07:16 +0100] "GET /ticket2/opencms/sv/buy/?page=1&edid=00C1D740-19CA-DE2A-304E-0064B72FA18D HTTP/1.1" 200 107471
20.171.207.246 - - [28/Feb/2025:01:07:16 +0100] "GET /ticket2/opencms/set_aff_cookie.jsp?partner=6F250EA7-4505-FA01-D601-8847F2573405&url=%252Ffi%252Fbuy%252Findex.html%253Fpage%253D1%2526edid%253D47C0370F-9915-7673-E038-7AD65907592C%2526hlv%253D666d50d2-5ea8-4646-9b80-70d60a01000f%2523v986962470 HTTP/1.1" 200 245
192.95.30.177 - - [28/Feb/2025:01:07:18 +0100] "GET /ticket2/opencms/sv/buy/?page=1&edid=00C1D740-19CA-DE2A-304E-0064B72FA18D&sortorder=asc&column=price HTTP/1.1" 200 108527
20.171.207.246 - - [28/Feb/2025:01:07:18 +0100] "GET /ticket2/opencms/set_aff_cookie.jsp?partner=6F250EA7-4505-FA01-D601-8847F2573405&url=%252Ffi%252Fbuy%252Findex.html%253Fpage%253D1%2526edid%253DB8A6965B-216E-27C8-9A3D-21241346030F%2526hlv%253D66866f91-6ef4-419c-99a1-73060a01000f%2523v1426959466 HTTP/1.1" 200 246
54.36.148.102 - - [28/Feb/2025:01:07:18 +0100] "GET /ticket2/opencms/sv/buy?page=1&edid=1C109B19-215B-025B-D9B8-6D4E44843BBC HTTP/1.1" 200 108102
20.171.207.246 - - [28/Feb/2025:01:07:19 +0100] "GET /ticket2/opencms/set_aff_cookie.jsp?partner=6F250EA7-4505-FA01-D601-8847F2573405&url=%252Ffi%252Fbuy%252Findex.html%253Fpage%253D1%2526edid%253D47C0370F-9915-7673-E038-7AD65907592C%2526hlv%253D666d50d3-66bc-4f53-9563-70d60a01000f%2523v1167137441 HTTP/1.1" 200 246
20.171.207.246 - - [28/Feb/2025:01:07:20 +0100] "GET /ticket2/opencms/set_aff_cookie.jsp?partner=57601924-FB09-5BB2-867F-08B4EB522BA8&url=%252Fru%252Fbuy%252Findex.html%253Fpage%253D1%2526edid%253D3289C097-2261-9433-8644-DF033A9EE354%2526hlv%253D67b330e3-2858-4711-8078-7e040a01000f%2523v573553400 HTTP/1.1" 200 245
192.95.30.177 - - [28/Feb/2025:01:07:20 +0100] "GET /ticket2/opencms/sv/buy/?page=1&edid=00C1D740-19CA-DE2A-304E-0064B72FA18D&sortorder=desc&column=section HTTP/1.1" 200 108507
20.171.207.246 - - [28/Feb/2025:01:07:21 +0100] "GET /ticket2/opencms/set_aff_cookie.jsp?partner=6F250EA7-4505-FA01-D601-8847F2573405&url=%252Fsv%252Fbuy%252Findex.html%253Fpage%253D1%2526edid%253D3289C097-2261-9433-8644-DF033A9EE354%2526hlv%253D666c5d17-f794-4124-a323-4e220a01000f%2523v2060445819 HTTP/1.1" 200 246
192.95.30.177 - - [28/Feb/2025:01:07:22 +0100] "GET /ticket2/opencms/sv/buy/?page=1&edid=030DDF2F-DD7A-0173-2AC6-CABDCDC5EE6C&sortorder=asc&column=section HTTP/1.1" 200 112932
20.171.207.246 - - [28/Feb/2025:01:07:22 +0100] "GET /ticket2/opencms/set_aff_cookie.jsp?partner=6F250EA7-4505-FA01-D601-8847F2573405&url=%252Fru%252Fbuy%252Findex.html%253Fpage%253D1%2526edid%253D47C0370F-9915-7673-E038-7AD65907592C%2526hlv%253D666d50d5-549c-49f0-b43d-70d60a01000f%2523v487365552 HTTP/1.1" 200 245
20.171.207.246 - - [28/Feb/2025:01:07:23 +0100] "GET /ticket2/opencms/set_aff_cookie.jsp?partner=6F250EA7-4505-FA01-D601-8847F2573405&url=%252Ffi%252Fbuy%252Findex.html%253Fpage%253D1%2526edid%253D9F8544B2-CF19-221B-478E-5476FF460535%2526hlv%253D6693ab49-7998-4f08-98d3-052e0a01000f%2523v2011566091 HTTP/1.1" 200 246
47.79.1.234 - - [28/Feb/2025:01:07:24 +0100] "GET /ticket2/opencms/en/buy/?page=10&eventid=FD6F2558-7C2B-975C-06E1-E2046BFF02AF HTTP/1.1" 200 91279
192.95.30.177 - - [28/Feb/2025:01:07:24 +0100] "GET /ticket2/opencms/sv/buy/?page=1&edid=24C6651D-049D-EEC7-C880-1C8505D9B8E1&sortorder=asc&column=row HTTP/1.1" 200 108957
20.171.207.246 - - [28/Feb/2025:01:07:24 +0100] "GET /ticket2/opencms/set_aff_cookie.jsp?partner=6F250EA7-4505-FA01-D601-8847F2573405&url=%252Fen%252Fbuy%252Findex.html%253Fpage%253D1%2526edid%253D3289C097-2261-9433-8644-DF033A9EE354%2526hlv%253D666c5d16-ffb4-4636-b289-4e220a01000f%2523v1803892892 HTTP/1.1" 200 246
54.36.149.47 - - [28/Feb/2025:01:07:24 +0100] "GET /ticket2/opencms/no/magazine/article?title=em-finalen-2024 HTTP/1.1" 200 94034
20.171.207.246 - - [28/Feb/2025:01:07:25 +0100] "GET /ticket2/opencms/set_aff_cookie.jsp?partner=6F250EA7-4505-FA01-D601-8847F2573405&url=%252Fen%252Fbuy%252Findex.html%253Fpage%253D1%2526edid%253D26467E66-E432-3709-0425-A75E81B5021A%2526hlv%253D666c5d2c-99b8-4768-b264-4e220a01000f%2523v2056729479 HTTP/1.1" 200 246
66.249.72.227 - - [28/Feb/2025:01:07:26 +0100] "GET /ticket2/opencms/et/magazine/article?title=raphael-varane-lopetab-oma-karjaari-31-aastaselt HTTP/1.1" 200 93253
192.95.30.177 - - [28/Feb/2025:01:07:26 +0100] "GET /ticket2/opencms/sv/buy/?page=1&edid=49CF7842-AD0F-7A2A-F729-3F3371875F18&sortorder=asc&column=price HTTP/1.1" 200 112374
20.171.207.246 - - [28/Feb/2025:01:07:27 +0100] "GET /ticket2/opencms/set_aff_cookie.jsp?partner=6F250EA7-4505-FA01-D601-8847F2573405&url=%252Fnl%252Fbuy%252Findex.html%253Fpage%253D1%2526edid%253D7624E370-717C-E67C-7863-0581645F3814%2526hlv%253D6698ea36-0408-467b-af62-4dfb0a01000f%2523v1698262898 HTTP/1.1" 200 246
20.171.207.246 - - [28/Feb/2025:01:07:28 +0100] "GET /ticket2/opencms/set_aff_cookie.jsp?partner=6F250EA7-4505-FA01-D601-8847F2573405&url=%252Fru%252Fbuy%252Findex.html%253Fpage%253D1%2526edid%253D3289C097-2261-9433-8644-DF033A9EE354%2526hlv%253D666c5d18-1948-4ed8-a379-4e220a01000f%2523v888260225 HTTP/1.1" 200 245
192.95.30.177 - - [28/Feb/2025:01:07:28 +0100] "GET /ticket2/opencms/sv/buy/?page=1&edid=49CF7842-AD0F-7A2A-F729-3F3371875F18&sortorder=asc&column=section HTTP/1.1" 200 112434
20.171.207.246 - - [28/Feb/2025:01:07:29 +0100] "GET /ticket2/opencms/set_aff_cookie.jsp?partner=6F250EA7-4505-FA01-D601-8847F2573405&url=%252Fru%252Fbuy%252Findex.html%253Fpage%253D1%2526edid%253D26467E66-E432-3709-0425-A75E81B5021A%2526hlv%253D666c5d28-502c-45e3-93a7-4e220a01000f%2523v1014644526 HTTP/1.1" 200 246
20.171.207.246 - - [28/Feb/2025:01:07:30 +0100] "GET /ticket2/opencms/set_aff_cookie.jsp?partner=6F250EA7-4505-FA01-D601-8847F2573405&url=%252Fsv%252Fbuy%252Findex.html%253Fpage%253D1%2526edid%253D8551F24F-7E36-E365-707B-96D4F958640A%2526hlv%253D66b39a53-3a64-4060-8524-0ed00a01000f%2523v2102853419 HTTP/1.1" 200 246
192.95.30.177 - - [28/Feb/2025:01:07:31 +0100] "GET /ticket2/opencms/sv/buy/?page=1&edid=4AECB71E-9E06-6EB7-B63B-B603F3E03F24&sortorder=asc&column=price HTTP/1.1" 200 112074
66.249.76.160 - - [28/Feb/2025:01:07:31 +0100] "GET /ticket2/opencms/sr/buy?page=1&edid=F0845893-AB25-79ED-E273-8681A31846EB&hlv=666d4460-9c90-4cc1-a2a8-64080a01000f HTTP/1.1" 200 114217
20.171.207.246 - - [28/Feb/2025:01:07:31 +0100] "GET /ticket2/opencms/set_aff_cookie.jsp?partner=6F250EA7-4505-FA01-D601-8847F2573405&url=%252Fru%252Fbuy%252Findex.html%253Fpage%253D1%2526edid%253D7989D951-D5D2-7F28-EC94-576AD8E37318%2526hlv%253D66867141-1268-46a2-9f65-71630a01000f%2523v735042424 HTTP/1.1" 200 245
54.36.149.55 - - [28/Feb/2025:01:07:32 +0100] "GET /ticket2/opencms/is/buy?page=1&edid=9905BE36-3483-E35C-D446-E28B848EF37B HTTP/1.1" 200 121811
20.171.207.246 - - [28/Feb/2025:01:07:32 +0100] "GET /ticket2/opencms/set_aff_cookie.jsp?partner=6F250EA7-4505-FA01-D601-8847F2573405&url=%252Fno%252Fbuy%252Findex.html%253Fpage%253D1%2526edid%253D59510E33-7947-2FED-CC14-F0612B76476A%2526hlv%253D66866f77-6880-490e-ba39-71630a01000f%2523v163203784 HTTP/1.1" 200 245
192.95.30.177 - - [28/Feb/2025:01:07:33 +0100] "GET /ticket2/opencms/sv/buy/?page=1&edid=4AECB71E-9E06-6EB7-B63B-B603F3E03F24&sortorder=asc&column=row HTTP/1.1" 200 111867
20.171.207.246 - - [28/Feb/2025:01:07:34 +0100] "GET /ticket2/opencms/set_aff_cookie.jsp?partner=6F250EA7-4505-FA01-D601-8847F2573405&url=%252Fdk%252Fbuy%252Findex.html%253Fpage%253D1%2526edid%253D47C0370F-9915-7673-E038-7AD65907592C%2526hlv%253D666d50d2-2c24-4573-a956-70d60a01000f%2523v1332063675 HTTP/1.1" 200 246
20.171.207.246 - - [28/Feb/2025:01:07:35 +0100] "GET /ticket2/opencms/set_aff_cookie.jsp?partner=6F250EA7-4505-FA01-D601-8847F2573405&url=%252Fen%252Fbuy%252Findex.html%253Fpage%253D1%2526edid%253D47C0370F-9915-7673-E038-7AD65907592C%2526hlv%253D666d50d2-5e08-467f-9442-70d60a01000f%2523v142934122 HTTP/1.1" 200 245
192.95.30.177 - - [28/Feb/2025:01:07:35 +0100] "GET /ticket2/opencms/sv/buy/?page=1&edid=4AECB71E-9E06-6EB7-B63B-B603F3E03F24&sortorder=asc&column=section HTTP/1.1" 200 112033
185.191.171.13 - - [28/Feb/2025:01:07:35 +0100] "GET /ticket2/opencms/az/magazine/article?title=isvecli-genc-yetenek-lucas-bergvall-tottenham-hotspur-ile-razilasdi HTTP/1.1" 200 96587
114.119.141.178 - - [28/Feb/2025:01:07:36 +0100] "GET /ticket2/opencms/hu/buy?page=1&edid=5D7AF932-9046-B540-398E-21D39A8B4BC0 HTTP/1.1" 200 112171
20.171.207.246 - - [28/Feb/2025:01:07:36 +0100] "GET /ticket2/opencms/set_aff_cookie.jsp?partner=6F250EA7-4505-FA01-D601-8847F2573405&url=%252Ffi%252Fbuy%252Findex.html%253Fpage%253D1%2526edid%253D87B3356E-6F78-7F45-235C-4CD49B95C308%2526hlv%253D669148e3-8210-4644-9db3-48a80a01000f%2523v888992986 HTTP/1.1" 200 245
52.167.144.235 - - [28/Feb/2025:01:07:37 +0100] "GET /ticket2/opencms/it/buy/?page=1&edid=268D8165-50F1-AAA8-6C6A-3ABAD53C8B35 HTTP/1.1" 200 111561
20.171.207.246 - - [28/Feb/2025:01:07:37 +0100] "GET /ticket2/opencms/set_aff_cookie.jsp?partner=6F250EA7-4505-FA01-D601-8847F2573405&url=%252Fdk%252Fbuy%252Findex.html%253Fpage%253D1%2526edid%253D9A8891BD-C3B9-2FD5-1633-7AEF0F073762%2526hlv%253D669390d7-4238-4871-83e0-75040a01000f%2523v1893034115 HTTP/1.1" 200 246
192.95.30.177 - - [28/Feb/2025:01:07:37 +0100] "GET /ticket2/opencms/sv/buy/?page=1&edid=4DFD7C11-2C35-3283-4402-277F6FE28430&sortorder=asc&column=price HTTP/1.1" 200 112608
18.235.158.19 - - [28/Feb/2025:01:07:37 +0100] "GET /ticket2/opencms/sites/ticketbrokerage/sv/tickets/real_madrid/real_sociedad.html HTTP/1.1" 404 -
20.171.207.246 - - [28/Feb/2025:01:07:38 +0100] "GET /ticket2/opencms/set_aff_cookie.jsp?partner=6F250EA7-4505-FA01-D601-8847F2573405&url=%252Fno%252Fbuy%252Findex.html%253Fpage%253D1%2526edid%253D50E84B3D-9D0C-3B92-7082-59B92FD223D3%2526hlv%253D66867021-5300-42f2-8029-72ff0a01000f%2523v2116632358 HTTP/1.1" 200 246
20.171.207.246 - - [28/Feb/2025:01:07:40 +0100] "GET /ticket2/opencms/set_aff_cookie.jsp?partner=6F250EA7-4505-FA01-D601-8847F2573405&url=%252Fsv%252Fbuy%252Findex.html%253Fpage%253D1%2526edid%253D3289C097-2261-9433-8644-DF033A9EE354%2526hlv%253D666c5d12-e558-4af3-9720-4e220a01000f%2523v814243489 HTTP/1.1" 200 245
192.95.30.177 - - [28/Feb/2025:01:07:40 +0100] "GET /ticket2/opencms/sv/buy/?page=1&edid=4DFD7C11-2C35-3283-4402-277F6FE28430&sortorder=asc&column=row HTTP/1.1" 200 112623
85.208.96.212 - - [28/Feb/2025:01:07:40 +0100] "GET /ticket2/opencms/el/athlitismos/eisitiria-podosfairou/champions-league/malmo-ff/ HTTP/1.1" 200 97594
54.36.148.36 - - [28/Feb/2025:01:07:40 +0100] "GET /ticket2/opencms/pl/buy/?page=1&edid=99C77A16-8AF9-4675-97DE-42A41C4ECB4F HTTP/1.1" 200 111475
20.171.207.246 - - [28/Feb/2025:01:07:41 +0100] "GET /ticket2/opencms/set_aff_cookie.jsp?partner=6F250EA7-4505-FA01-D601-8847F2573405&url=%252Fsv%252Fbuy%252Findex.html%253Fpage%253D1%2526edid%253D50375D23-8B44-5172-3FB1-755B660EE76F%2526hlv%253D66867187-a550-4e1a-a060-73030a01000f%2523v929743783 HTTP/1.1" 200 245
124.243.150.127 - - [28/Feb/2025:01:07:41 +0100] "GET /ticket2/opencms/it/buy?page=1&edid=A8FCDF96-5BE9-3FBC-BBD6-5BFAFD5454D2 HTTP/1.1" 200 108352
192.95.30.177 - - [28/Feb/2025:01:07:41 +0100] "GET /ticket2/opencms/sv/buy/?page=1&edid=4DFD7C11-2C35-3283-4402-277F6FE28430&sortorder=asc&column=section HTTP/1.1" 200 112764
20.171.207.246 - - [28/Feb/2025:01:07:42 +0100] "GET /ticket2/opencms/set_aff_cookie.jsp?partner=6F250EA7-4505-FA01-D601-8847F2573405&url=%252Fnl%252Fbuy%252Findex.html%253Fpage%253D1%2526edid%253D9A8891BD-C3B9-2FD5-1633-7AEF0F073762%2526hlv%253D669390d7-f130-4252-8627-75040a01000f%2523v1587923486 HTTP/1.1" 200 246
98.83.178.66 - - [28/Feb/2025:01:07:42 +0100] "GET /ticket2/opencms/sites/ticketbrokerage/sv/tickets/blackburn_rovers/manchester_united.html HTTP/1.1" 404 -
20.171.207.246 - - [28/Feb/2025:01:07:43 +0100] "GET /ticket2/opencms/set_aff_cookie.jsp?partner=6F250EA7-4505-FA01-D601-8847F2573405&url=%252Fdk%252Fbuy%252Findex.html%253Fpage%253D1%2526edid%253D87B3356E-6F78-7F45-235C-4CD49B95C308%2526hlv%253D669148e4-3338-4792-8a3c-48a80a01000f%2523v106504140 HTTP/1.1" 200 245
192.95.30.177 - - [28/Feb/2025:01:07:44 +0100] "GET /ticket2/opencms/sv/buy/?page=1&edid=4FAE1BCD-3C72-4ADF-BEA3-6024417E0BED&sortorder=asc&column=price HTTP/1.1" 200 112784
20.171.207.246 - - [28/Feb/2025:01:07:44 +0100] "GET /ticket2/opencms/set_aff_cookie.jsp?partner=6F250EA7-4505-FA01-D601-8847F2573405&url=%252Fru%252Fbuy%252Findex.html%253Fpage%253D1%2526edid%253D7624E370-717C-E67C-7863-0581645F3814%2526hlv%253D6698ea36-51f8-490c-8c21-4dfb0a01000f%2523v625333074 HTTP/1.1" 200 245
20.171.207.246 - - [28/Feb/2025:01:07:45 +0100] "GET /ticket2/opencms/set_aff_cookie.jsp?partner=6F250EA7-4505-FA01-D601-8847F2573405&url=%252Fdk%252Fbuy%252Findex.html%253Fpage%253D1%2526edid%253D3289C097-2261-9433-8644-DF033A9EE354%2526hlv%253D666c5d16-0b1c-4017-a769-4e220a01000f%2523v1515878399 HTTP/1.1" 200 246
192.95.30.177 - - [28/Feb/2025:01:07:46 +0100] "GET /ticket2/opencms/sv/buy/?page=1&edid=4FAE1BCD-3C72-4ADF-BEA3-6024417E0BED&sortorder=asc&column=row HTTP/1.1" 200 112686
20.171.207.246 - - [28/Feb/2025:01:07:47 +0100] "GET /ticket2/opencms/set_aff_cookie.jsp?partner=6F250EA7-4505-FA01-D601-8847F2573405&url=%252Fdk%252Fbuy%252Findex.html%253Fpage%253D1%2526edid%253D3289C097-2261-9433-8644-DF033A9EE354%2526hlv%253D666c5d16-38f4-405a-87a3-4e220a01000f%2523v273396126 HTTP/1.1" 200 245
20.171.207.246 - - [28/Feb/2025:01:07:48 +0100] "GET /ticket2/opencms/set_aff_cookie.jsp?partner=6F250EA7-4505-FA01-D601-8847F2573405&url=%252Fru%252Fbuy%252Findex.html%253Fpage%253D1%2526edid%253D26467E66-E432-3709-0425-A75E81B5021A%2526hlv%253D666c5d29-2940-49ef-9ce8-4e220a01000f%2523v1585863938 HTTP/1.1" 200 246
114.119.141.34 - - [28/Feb/2025:01:07:48 +0100] "GET /ticket2/opencms/es/magazine/article?title=declan-rice HTTP/1.1" 200 93361
192.95.30.177 - - [28/Feb/2025:01:07:48 +0100] "GET /ticket2/opencms/sv/buy/?page=1&edid=4FAE1BCD-3C72-4ADF-BEA3-6024417E0BED&sortorder=asc&column=section HTTP/1.1" 200 112842
20.171.207.246 - - [28/Feb/2025:01:07:49 +0100] "GET /ticket2/opencms/set_aff_cookie.jsp?partner=6F250EA7-4505-FA01-D601-8847F2573405&url=%252Fno%252Fbuy%252Findex.html%253Fpage%253D1%2526edid%253D26467E66-E432-3709-0425-A75E81B5021A%2526hlv%253D67b3302f-23a8-4171-92b2-7d390a01000f%2523v431715924 HTTP/1.1" 200 245
20.171.207.246 - - [28/Feb/2025:01:07:50 +0100] "GET /ticket2/opencms/set_aff_cookie.jsp?partner=6F250EA7-4505-FA01-D601-8847F2573405&url=%252Fsv%252Fbuy%252Findex.html%253Fpage%253D1%2526edid%253D9A8891BD-C3B9-2FD5-1633-7AEF0F073762%2526hlv%253D669390d7-4238-4871-83e0-75040a01000f%2523v1893034115 HTTP/1.1" 200 246
192.95.30.177 - - [28/Feb/2025:01:07:50 +0100] "GET /ticket2/opencms/sv/buy/?page=1&edid=4FE48696-3B70-377B-6913-F71F54555C01 HTTP/1.1" 200 107422
20.171.207.246 - - [28/Feb/2025:01:07:51 +0100] "GET /ticket2/opencms/set_aff_cookie.jsp?partner=6F250EA7-4505-FA01-D601-8847F2573405&url=%252Fsv%252Fbuy%252Findex.html%253Fpage%253D1%2526edid%253D7568E602-7C67-35D2-952F-D243F8930169%2526hlv%253D666dbc70-0210-4b40-83f5-4cf60a01000f%2523v1717772110 HTTP/1.1" 200 246
20.171.207.246 - - [28/Feb/2025:01:07:52 +0100] "GET /ticket2/opencms/set_aff_cookie.jsp?partner=6F250EA7-4505-FA01-D601-8847F2573405&url=%252Ffi%252Fbuy%252Findex.html%253Fpage%253D1%2526edid%253D47C0370F-9915-7673-E038-7AD65907592C%2526hlv%253D666d50d5-25c8-4b58-a755-70d60a01000f%2523v2055160496 HTTP/1.1" 200 246
192.95.30.177 - - [28/Feb/2025:01:07:53 +0100] "GET /ticket2/opencms/sv/buy/?page=1&edid=4FE48696-3B70-377B-6913-F71F54555C01&sortorder=asc&column=price HTTP/1.1" 200 108455
20.171.207.246 - - [28/Feb/2025:01:07:54 +0100] "GET /ticket2/opencms/set_aff_cookie.jsp?partner=6F250EA7-4505-FA01-D601-8847F2573405&url=%252Fnl%252Fbuy%252Findex.html%253Fpage%253D1%2526edid%253D57C8D150-DCBD-4911-196A-160A37952FA8%2526hlv%253D66cb36a4-3230-4246-8837-57260a01000f%2523v2098244515 HTTP/1.1" 200 246
192.95.30.177 - - [28/Feb/2025:01:07:55 +0100] "GET /ticket2/opencms/sv/buy/?page=1&edid=4FF84B36-9487-BC5F-C237-FCD3548938EA&sortorder=desc&column=price HTTP/1.1" 200 109040
20.171.207.246 - - [28/Feb/2025:01:07:55 +0100] "GET /ticket2/opencms/set_aff_cookie.jsp?partner=6F250EA7-4505-FA01-D601-8847F2573405&url=%252Fru%252Fbuy%252Findex.html%253Fpage%253D1%2526edid%253D26467E66-E432-3709-0425-A75E81B5021A%2526hlv%253D666c5d2c-99b8-4768-b264-4e220a01000f%2523v2056729479 HTTP/1.1" 200 246
51.222.253.11 - - [28/Feb/2025:01:07:55 +0100] "GET /ticket2/opencms/robots.txt HTTP/1.1" 200 773
20.171.207.246 - - [28/Feb/2025:01:07:56 +0100] "GET /ticket2/opencms/set_aff_cookie.jsp?partner=6F250EA7-4505-FA01-D601-8847F2573405&url=%252Fsv%252Fbuy%252Findex.html%253Fpage%253D1%2526edid%253D5C16C231-B966-190F-EDF0-005493349D4E%2526hlv%253D66924207-c214-4730-9f6b-068d0a01000f%2523v308749677 HTTP/1.1" 200 245
192.95.30.177 - - [28/Feb/2025:01:07:57 +0100] "GET /ticket2/opencms/sv/buy/?page=1&edid=51629190-7D64-7FD5-6B85-7E2940B9E0CA&sortorder=asc&column=row HTTP/1.1" 200 111963
20.171.207.246 - - [28/Feb/2025:01:07:57 +0100] "GET /ticket2/opencms/set_aff_cookie.jsp?partner=57601924-FB09-5BB2-867F-08B4EB522BA8&url=%252Ffi%252Fbuy%252Findex.html%253Fpage%253D1%2526edid%253D3289C097-2261-9433-8644-DF033A9EE354%2526hlv%253D666c5d17-4348-4913-a597-4e220a01000f%2523v197152429 HTTP/1.1" 200 245
35.169.102.85 - - [28/Feb/2025:01:07:57 +0100] "GET /ticket2/opencms/sv/magazine/Liverpool HTTP/1.1" 404 -
52.167.144.161 - - [28/Feb/2025:01:07:58 +0100] "GET /ticket2/opencms/sl/buy/?page=1&edid=50375D23-8B44-5172-3FB1-755B660EE76F HTTP/1.1" 200 114556
54.36.149.1 - - [28/Feb/2025:01:07:58 +0100] "GET /ticket2/opencms/mo/buy/?page=1&edid=C5373375-4DE5-4C49-7106-5A73E303534C HTTP/1.1" 200 108630
20.171.207.246 - - [28/Feb/2025:01:07:58 +0100] "GET /ticket2/opencms/set_aff_cookie.jsp?partner=6F250EA7-4505-FA01-D601-8847F2573405&url=%252Ffi%252Fbuy%252Findex.html%253Fpage%253D1%2526edid%253D50375D23-8B44-5172-3FB1-755B660EE76F%2526hlv%253D66867187-8724-49cf-a5b3-73030a01000f%2523v124099072 HTTP/1.1" 200 245
192.95.30.177 - - [28/Feb/2025:01:07:59 +0100] "GET /ticket2/opencms/sv/buy/?page=1&edid=517A50ED-F64F-1CFB-FDC1-54D2A7704E06&sortorder=asc&column=row HTTP/1.1" 200 112721
47.128.33.64 - - [28/Feb/2025:01:07:59 +0100] "GET /ticket2/opencms/sl/buy/?edid=8495D901-F688-6503-156B-B04AA3A623B4 HTTP/1.1" 200 91559
52.167.144.161 - - [28/Feb/2025:01:07:59 +0100] "GET /ticket2/opencms/uk/magazine/article?title=chelsea-fans-react-with-frustration HTTP/1.1" 200 93337
20.171.207.246 - - [28/Feb/2025:01:07:59 +0100] "GET /ticket2/opencms/set_aff_cookie.jsp?partner=6F250EA7-4505-FA01-D601-8847F2573405&url=%252Fru%252Fbuy%252Findex.html%253Fpage%253D1%2526edid%253D78F53753-F856-B158-388A-6B70B4CA55C8%2526hlv%253D66b38017-0ce4-4163-86d8-74430a01000f%2523v1146891065 HTTP/1.1" 200 246
20.171.207.246 - - [28/Feb/2025:01:08:01 +0100] "GET /ticket2/opencms/set_aff_cookie.jsp?partner=6F250EA7-4505-FA01-D601-8847F2573405&url=%252Fru%252Fbuy%252Findex.html%253Fpage%253D1%2526edid%253D3289C097-2261-9433-8644-DF033A9EE354%2526hlv%253D666c5d19-75f4-4867-8984-4e220a01000f%2523v994484857 HTTP/1.1" 200 245
192.95.30.177 - - [28/Feb/2025:01:08:01 +0100] "GET /ticket2/opencms/sv/buy/?page=1&edid=552DA971-DA35-A8A9-154E-3FEA3A2AF2BE&sortorder=desc&column=section HTTP/1.1" 200 108501
23.21.148.226 - - [28/Feb/2025:01:08:01 +0100] "GET /ticket2/opencms/be/magazine/Arsenal%20slutade%20p%C3%A5%20andra%20plats%20i%20Premier%20League%20f%C3%B6r%20andra%20%C3%A5ret%20i%20rad,%20och%20vill%20nu%20ta%20nya%20tag. HTTP/1.1" 404 -
20.171.207.246 - - [28/Feb/2025:01:08:02 +0100] "GET /ticket2/opencms/set_aff_cookie.jsp?partner=6F250EA7-4505-FA01-D601-8847F2573405&url=%252Fsv%252Fbuy%252Findex.html%253Fpage%253D1%2526edid%253D47C0370F-9915-7673-E038-7AD65907592C%2526hlv%253D666d50d2-5ea8-4646-9b80-70d60a01000f%2523v986962470 HTTP/1.1" 200 245
20.171.207.246 - - [28/Feb/2025:01:08:03 +0100] "GET /ticket2/opencms/set_aff_cookie.jsp?partner=6F250EA7-4505-FA01-D601-8847F2573405&url=%252Fsv%252Fbuy%252Findex.html%253Fpage%253D1%2526edid%253D87B3356E-6F78-7F45-235C-4CD49B95C308%2526hlv%253D669148e2-f5b0-4349-9169-48a80a01000f%2523v1929319672 HTTP/1.1" 200 246
192.95.30.177 - - [28/Feb/2025:01:08:03 +0100] "GET /ticket2/opencms/sv/buy/?page=1&edid=947EBC23-4C69-7D7A-6FCA-3CCF3056C531&sortorder=asc&column=price HTTP/1.1" 200 112309
20.171.207.246 - - [28/Feb/2025:01:08:04 +0100] "GET /ticket2/opencms/set_aff_cookie.jsp?partner=6F250EA7-4505-FA01-D601-8847F2573405&url=%252Fnl%252Fbuy%252Findex.html%253Fpage%253D1%2526edid%253D86A7D428-8E42-C0D0-846E-90C83426D4AE%2526hlv%253D6686653f-1618-4c98-855c-67400a01000f%2523v1558181132 HTTP/1.1" 200 246
44.223.116.149 - - [28/Feb/2025:01:08:05 +0100] "GET /ticket2/opencms/sites/ticketbrokerage/sv/sport/fotbollsbiljetter/premier_league/birmingham/aston_villa.html HTTP/1.1" 404 -
192.95.30.177 - - [28/Feb/2025:01:08:05 +0100] "GET /ticket2/opencms/sv/buy/?page=1&edid=ACF80E90-C5E3-0DC5-AF38-5E09EB10521E&sortorder=asc&column=row HTTP/1.1" 200 112762
54.36.149.53 - - [28/Feb/2025:01:08:05 +0100] "GET /ticket2/opencms/be/buy/?page=1&edid=3FB52ADD-0B76-D8A6-EF8F-19BF0AABB668 HTTP/1.1" 200 113314
20.171.207.246 - - [28/Feb/2025:01:08:05 +0100] "GET /ticket2/opencms/set_aff_cookie.jsp?partner=6F250EA7-4505-FA01-D601-8847F2573405&url=%252Fnl%252Fbuy%252Findex.html%253Fpage%253D1%2526edid%253D9AA6E90F-1A8F-8723-F266-C4056D23056B%2526hlv%253D6724b884-7740-4134-8138-2d1c0a01000f%2523v1844956645 HTTP/1.1" 200 246
54.36.149.49 - - [28/Feb/2025:01:08:06 +0100] "GET /ticket2/opencms/es/buy?page=1&edid=B566C61B-5438-BBCE-B4D3-8DE9C2913E81 HTTP/1.1" 200 111478
20.171.207.246 - - [28/Feb/2025:01:08:06 +0100] "GET /ticket2/opencms/set_aff_cookie.jsp?partner=6F250EA7-4505-FA01-D601-8847F2573405&url=%252Fen%252Fbuy%252Findex.html%253Fpage%253D1%2526edid%253D26467E66-E432-3709-0425-A75E81B5021A%2526hlv%253D666c5d28-778c-40d6-a02c-4e220a01000f%2523v1614492638 HTTP/1.1" 200 246
69.171.249.9 - - [28/Feb/2025:01:08:07 +0100] "GET /ticket2/opencms/mt/buy?page=1&edid=AA0CB053-7E44-E554-2B96-FB5320A1DEC1 HTTP/1.1" 200 108183
192.95.30.177 - - [28/Feb/2025:01:08:07 +0100] "GET /ticket2/opencms/sv/buy/?page=1&edid=DA6CFFC3-8EC5-E201-FD73-CCFDC49E297C&sortorder=asc&column=row HTTP/1.1" 200 112356
20.171.207.246 - - [28/Feb/2025:01:08:08 +0100] "GET /ticket2/opencms/set_aff_cookie.jsp?partner=6F250EA7-4505-FA01-D601-8847F2573405&url=%252Fdk%252Fbuy%252Findex.html%253Fpage%253D1%2526edid%253D5C16C231-B966-190F-EDF0-005493349D4E%2526hlv%253D6692420a-2168-418b-b661-068d0a01000f%2523v777960057 HTTP/1.1" 200 245
20.171.207.246 - - [28/Feb/2025:01:08:09 +0100] "GET /ticket2/opencms/set_aff_cookie.jsp?partner=6F250EA7-4505-FA01-D601-8847F2573405&url=%252Fen%252Fbuy%252Findex.html%253Fpage%253D1%2526edid%253D3289C097-2261-9433-8644-DF033A9EE354%2526hlv%253D666c5d15-0788-42c1-9bd1-4e220a01000f%2523v249337576 HTTP/1.1" 200 245
44.205.192.249 - - [28/Feb/2025:01:08:09 +0100] "GET /ticket2/opencms/sites/ticketbrokerage/sv/tickets/napoli/bari.html HTTP/1.1" 404 -
192.95.30.177 - - [28/Feb/2025:01:08:10 +0100] "GET /ticket2/opencms/sv/buy/?page=1&edid=DA6CFFC3-8EC5-E201-FD73-CCFDC49E297C&sortorder=asc&column=section HTTP/1.1" 200 112358
20.171.207.246 - - [28/Feb/2025:01:08:10 +0100] "GET /ticket2/opencms/set_aff_cookie.jsp?partner=6F250EA7-4505-FA01-D601-8847F2573405&url=%252Fru%252Fbuy%252Findex.html%253Fpage%253D1%2526edid%253D3289C097-2261-9433-8644-DF033A9EE354%2526hlv%253D6752c8e5-63c8-4550-bca5-77430a01000f%2523v2100295903 HTTP/1.1" 200 246
34.239.176.209 - - [28/Feb/2025:01:08:10 +0100] "GET /ticket2/opencms/ HTTP/1.1" 302 -
66.249.72.7 - - [28/Feb/2025:01:08:10 +0100] "GET /ticket2/opencms/ga/buy/?page=1&edid=5DA3AEB7-05B3-5C75-7735-219D0A706090 HTTP/1.1" 200 112438
20.171.207.246 - - [28/Feb/2025:01:08:11 +0100] "GET /ticket2/opencms/set_aff_cookie.jsp?partner=6F250EA7-4505-FA01-D601-8847F2573405&url=%252Fno%252Fbuy%252Findex.html%253Fpage%253D1%2526edid%253D7624E370-717C-E67C-7863-0581645F3814%2526hlv%253D6698ea36-0408-467b-af62-4dfb0a01000f%2523v1698262898 HTTP/1.1" 200 246
34.239.176.209 - - [28/Feb/2025:01:08:11 +0100] "GET /ticket2/opencms/en/ HTTP/1.1" 200 103679
54.36.148.238 - - [28/Feb/2025:01:08:11 +0100] "GET /ticket2/opencms/es/buy?page=1&edid=E5A432C8-DA4B-0B1D-D158-7FE1F332A199 HTTP/1.1" 200 108652
66.249.76.1 - - [28/Feb/2025:01:08:12 +0100] "GET /ticket2/opencms/is/magazine/article?title=januargluggans-dyrustu-kaup HTTP/1.1" 200 93746
192.95.30.177 - - [28/Feb/2025:01:08:12 +0100] "GET /ticket2/opencms/sv/buy/?page=1&edid=DA6CFFC3-8EC5-E201-FD73-CCFDC49E297C&sortorder=desc&column=price HTTP/1.1" 200 112329
20.171.207.246 - - [28/Feb/2025:01:08:12 +0100] "GET /ticket2/opencms/set_aff_cookie.jsp?partner=6F250EA7-4505-FA01-D601-8847F2573405&url=%252Fnl%252Fbuy%252Findex.html%253Fpage%253D1%2526edid%253D0C675B35-F010-2227-D951-9B816929F720%2526hlv%253D6689073e-8c00-46a6-a9f6-1a850a01000f%2523v1930373811 HTTP/1.1" 200 246
202.8.40.183 - - [28/Feb/2025:01:08:13 +0100] "GET /ticket2/opencms/system/modules/com.gridnine.opencms.ticketbrokerage.site/resources/css/jquery-ui.css HTTP/1.1" 200 33221
202.8.40.183 - - [28/Feb/2025:01:08:13 +0100] "GET /ticket2/opencms/system/modules/com.gridnine.opencms.ticketbrokerage.site/resources/css/ticketbrokerage.css HTTP/1.1" 200 39339
202.8.40.183 - - [28/Feb/2025:01:08:13 +0100] "GET /ticket2/opencms/system/modules/com.gridnine.opencms.ticketbrokerage.site/resources/css/calendar.css HTTP/1.1" 200 6871
202.8.40.183 - - [28/Feb/2025:01:08:13 +0100] "GET /ticket2/opencms/system/modules/com.gridnine.opencms.ticketbrokerage.site/resources/css/standard.css HTTP/1.1" 200 74207
202.8.40.183 - - [28/Feb/2025:01:08:13 +0100] "GET /ticket2/opencms/system/modules/com.gridnine.opencms.ticketbrokerage.site/resources/js/jquery/jquery.js HTTP/1.1" 200 93868
202.8.40.183 - - [28/Feb/2025:01:08:13 +0100] "GET /ticket2/opencms/system/modules/com.gridnine.opencms.ticketbrokerage.site/resources/css/jquery.fancybox.css HTTP/1.1" 200 4939
202.8.40.183 - - [28/Feb/2025:01:08:13 +0100] "GET /ticket2/opencms/system/modules/com.gridnine.opencms.ticketbrokerage.site/resources/js/jquery/jquery-ui.js HTTP/1.1" 200 228088
202.8.40.183 - - [28/Feb/2025:01:08:13 +0100] "GET /ticket2/opencms/system/modules/com.gridnine.opencms.ticketbrokerage.site/resources/js/calendar.js HTTP/1.1" 200 49229
202.8.40.183 - - [28/Feb/2025:01:08:13 +0100] "GET /ticket2/opencms/system/modules/com.gridnine.opencms.ticketbrokerage.site/resources/js/functions.js HTTP/1.1" 200 1583
202.8.40.183 - - [28/Feb/2025:01:08:13 +0100] "GET /ticket2/opencms/system/modules/com.gridnine.opencms.ticketbrokerage.site/resources/js/calendar-en.js HTTP/1.1" 200 3338
202.8.40.183 - - [28/Feb/2025:01:08:13 +0100] "GET /ticket2/opencms/system/modules/com.gridnine.opencms.ticketbrokerage.site/resources/js/calendar-setup.js HTTP/1.1" 200 4923
202.8.40.183 - - [28/Feb/2025:01:08:13 +0100] "GET /ticket2/opencms/system/modules/com.gridnine.opencms.ticketbrokerage.site/resources/js/stickyfill.min.js HTTP/1.1" 200 5672
202.8.40.183 - - [28/Feb/2025:01:08:13 +0100] "GET /ticket2/opencms/system/modules/com.gridnine.opencms.ticketbrokerage.site/resources/js/jquery.fancybox.pack.js HTTP/1.1" 200 23187
202.8.40.183 - - [28/Feb/2025:01:08:13 +0100] "GET /ticket2/opencms/system/modules/com.gridnine.opencms.ticketbrokerage.site/resources/js/standard.js HTTP/1.1" 200 3983
54.197.178.107 - - [28/Feb/2025:01:08:13 +0100] "GET /ticket2/opencms/sites/ticketbrokerage/sv/tickets/liverpool/swansea.html HTTP/1.1" 404 -
202.8.40.183 - - [28/Feb/2025:01:08:13 +0100] "GET /ticket2/opencms/system/modules/com.gridnine.opencms.ticketbrokerage.site/resources/js/jquery.placeholder.min.js HTTP/1.1" 200 1737
202.8.40.183 - - [28/Feb/2025:01:08:13 +0100] "GET /ticket2/opencms/system/modules/com.gridnine.opencms.ticketbrokerage.site/resources/js/common-ajax.js HTTP/1.1" 200 20175
202.8.40.183 - - [28/Feb/2025:01:08:13 +0100] "GET /ticket2/opencms/es/ask-form.html HTTP/1.1" 200 3156
190.92.230.165 - - [28/Feb/2025:01:08:13 +0100] "GET /ticket2/opencms/sv/konsertbiljetter/justin_bieber/ HTTP/1.1" 200 88293
20.171.207.246 - - [28/Feb/2025:01:08:13 +0100] "GET /ticket2/opencms/set_aff_cookie.jsp?partner=6F250EA7-4505-FA01-D601-8847F2573405&url=%252Fru%252Fbuy%252Findex.html%253Fpage%253D1%2526edid%253D26467E66-E432-3709-0425-A75E81B5021A%2526hlv%253D666c5d2a-5228-4e85-a436-4e220a01000f%2523v1058490457 HTTP/1.1" 200 246
202.8.40.183 - - [28/Feb/2025:01:08:13 +0100] "GET /ticket2/opencms/system/modules/com.gridnine.opencms.ticketbrokerage.site/resources/css/ticketbrokerage.css HTTP/1.1" 200 39339
192.95.30.177 - - [28/Feb/2025:01:08:14 +0100] "GET /ticket2/opencms/sv/buy/?page=1&edid=DA9D2A76-92D5-D9C9-5100-8D5EB69CFF78&sortorder=asc&column=price HTTP/1.1" 200 109076
20.171.207.246 - - [28/Feb/2025:01:08:14 +0100] "GET /ticket2/opencms/set_aff_cookie.jsp?partner=6F250EA7-4505-FA01-D601-8847F2573405&url=%252Fnl%252Fbuy%252Findex.html%253Fpage%253D1%2526edid%253D750C6040-29F7-425D-A24F-51B977F415A3%2526hlv%253D678d22fc-04d4-4060-8402-079f0a01000f%2523v683788746 HTTP/1.1" 200 245
20.171.207.246 - - [28/Feb/2025:01:08:16 +0100] "GET /ticket2/opencms/set_aff_cookie.jsp?partner=6F250EA7-4505-FA01-D601-8847F2573405&url=%252Fsv%252Fbuy%252Findex.html%253Fpage%253D1%2526edid%253D78F53753-F856-B158-388A-6B70B4CA55C8%2526hlv%253D66b38017-0ce4-4163-86d8-74430a01000f%2523v1146891065 HTTP/1.1" 200 246
192.95.30.177 - - [28/Feb/2025:01:08:16 +0100] "GET /ticket2/opencms/sv/buy/?page=1&edid=DAB0CF77-5AA1-9D7C-95C2-E53E9FBADCFF&sortorder=asc&column=price HTTP/1.1" 200 108988
20.171.207.246 - - [28/Feb/2025:01:08:17 +0100] "GET /ticket2/opencms/set_aff_cookie.jsp?partner=6F250EA7-4505-FA01-D601-8847F2573405&url=%252Fnl%252Fbuy%252Findex.html%253Fpage%253D1%2526edid%253D26467E66-E432-3709-0425-A75E81B5021A%2526hlv%253D66cb7327-a7bc-4977-8ef1-04690a01000f%2523v1375962309 HTTP/1.1" 200 246
40.77.167.158 - - [28/Feb/2025:01:08:18 +0100] "GET /ticket2/opencms/sv/sport/fotbollsbiljetter/la_liga/real-sociedad/ HTTP/1.1" 200 92626
192.95.30.177 - - [28/Feb/2025:01:08:18 +0100] "GET /ticket2/opencms/sv/buy/?page=1&edid=DAB0CF77-5AA1-9D7C-95C2-E53E9FBADCFF&sortorder=asc&column=row HTTP/1.1" 200 108923
20.171.207.246 - - [28/Feb/2025:01:08:18 +0100] "GET /ticket2/opencms/set_aff_cookie.jsp?partner=57601924-FB09-5BB2-867F-08B4EB522BA8&url=%252Ffi%252Fbuy%252Findex.html%253Fpage%253D1%2526edid%253D3289C097-2261-9433-8644-DF033A9EE354%2526hlv%253D666c5d15-85a4-4668-9396-4e220a01000f%2523v330612534 HTTP/1.1" 200 245
5.161.90.237 - - [28/Feb/2025:01:08:18 +0100] "GET /ticket2/opencms/sv/magazine/article?title=svenska-talangen-lucas-bergvall-klar-for-tottenham-hotspur HTTP/1.1" 200 96071
20.171.207.246 - - [28/Feb/2025:01:08:19 +0100] "GET /ticket2/opencms/set_aff_cookie.jsp?partner=6F250EA7-4505-FA01-D601-8847F2573405&url=%252Fno%252Fbuy%252Findex.html%253Fpage%253D1%2526edid%253DA587FC63-4A93-6097-3B29-C1C51786267C%2526hlv%253D6693ad27-6968-4549-b586-07f70a01000f%2523v697418226 HTTP/1.1" 200 245
192.95.30.177 - - [28/Feb/2025:01:08:20 +0100] "GET /ticket2/opencms/sv/buy/?page=1&edid=DAB0CF77-5AA1-9D7C-95C2-E53E9FBADCFF&sortorder=asc&column=section HTTP/1.1" 200 109129
20.171.207.246 - - [28/Feb/2025:01:08:20 +0100] "GET /ticket2/opencms/set_aff_cookie.jsp?partner=6F250EA7-4505-FA01-D601-8847F2573405&url=%252Fru%252Fbuy%252Findex.html%253Fpage%253D1%2526edid%253D9F8544B2-CF19-221B-478E-5476FF460535%2526hlv%253D6693ab49-1030-4d5b-9914-052e0a01000f%2523v500319614 HTTP/1.1" 200 245
54.36.149.11 - - [28/Feb/2025:01:08:21 +0100] "GET /ticket2/opencms/it/buy/?page=1&edid=FF0B58BB-4754-B119-52E9-C2F4B119009E HTTP/1.1" 200 111555
20.171.207.246 - - [28/Feb/2025:01:08:21 +0100] "GET /ticket2/opencms/set_aff_cookie.jsp?partner=6F250EA7-4505-FA01-D601-8847F2573405&url=%252Fnl%252Fbuy%252Findex.html%253Fpage%253D1%2526edid%253D47C0370F-9915-7673-E038-7AD65907592C%2526hlv%253D666d50d3-fca8-490a-8629-70d60a01000f%2523v734189704 HTTP/1.1" 200 245
114.119.130.154 - - [28/Feb/2025:01:08:22 +0100] "GET /ticket2/opencms/be/buy?page=1&=403C6528-29E0-E7F0-69C0-963918D78FCD HTTP/1.1" 200 -
66.249.76.161 - - [28/Feb/2025:01:08:22 +0100] "GET /ticket2/opencms/sv/konsertbiljetter/artister/konsertbiljetter/oasis.html HTTP/1.1" 200 100835
192.95.30.177 - - [28/Feb/2025:01:08:23 +0100] "GET /ticket2/opencms/sv/buy/?page=1&edid=DAD5BF8B-1E5F-EDF0-348E-929A9F750267&sortorder=desc&column=price HTTP/1.1" 200 111896
20.171.207.246 - - [28/Feb/2025:01:08:23 +0100] "GET /ticket2/opencms/set_aff_cookie.jsp?partner=57601924-FB09-5BB2-867F-08B4EB522BA8&url=%252Ffi%252Fbuy%252Findex.html%253Fpage%253D1%2526edid%253D312E2B30-1BE8-80F9-5587-64D580752ED3%2526hlv%253D6690088b-3244-4038-93d6-14010a01000f%2523v1626869515 HTTP/1.1" 200 246
20.171.207.246 - - [28/Feb/2025:01:08:24 +0100] "GET /ticket2/opencms/set_aff_cookie.jsp?partner=6F250EA7-4505-FA01-D601-8847F2573405&url=%252Fdk%252Fbuy%252Findex.html%253Fpage%253D1%2526edid%253D26467E66-E432-3709-0425-A75E81B5021A%2526hlv%253D666c5d28-4e60-4048-a072-4e220a01000f%2523v2138500678 HTTP/1.1" 200 246
66.249.76.170 - - [28/Feb/2025:01:08:24 +0100] "GET /ticket2/opencms/cs/buy?page=1&edid=5A8732CC-AF4A-0CF1-393F-1AFA3ED17001&hlv=66d60117-4140-4484-8f05-37b70a01000f HTTP/1.1" 200 113300
20.171.207.246 - - [28/Feb/2025:01:08:25 +0100] "GET /ticket2/opencms/set_aff_cookie.jsp?partner=6F250EA7-4505-FA01-D601-8847F2573405&url=%252Fdk%252Fbuy%252Findex.html%253Fpage%253D1%2526edid%253D26467E66-E432-3709-0425-A75E81B5021A%2526hlv%253D666c5d29-3660-4278-abfe-4e220a01000f%2523v1973153694 HTTP/1.1" 200 246
192.95.30.177 - - [28/Feb/2025:01:08:25 +0100] "GET /ticket2/opencms/sv/buy/?page=1&edid=DAD5BF8B-1E5F-EDF0-348E-929A9F750267&sortorder=desc&column=section HTTP/1.1" 200 111972
20.171.207.246 - - [28/Feb/2025:01:08:26 +0100] "GET /ticket2/opencms/set_aff_cookie.jsp?partner=6F250EA7-4505-FA01-D601-8847F2573405&url=%252Fru%252Fbuy%252Findex.html%253Fpage%253D1%2526edid%253DB8A6965B-216E-27C8-9A3D-21241346030F%2526hlv%253D66866f91-3370-4371-b94e-73060a01000f%2523v924506888 HTTP/1.1" 200 245
77.75.77.54 - - [28/Feb/2025:01:08:26 +0100] "GET /ticket2/opencms/tr/ HTTP/1.1" 200 105566
20.171.207.246 - - [28/Feb/2025:01:08:27 +0100] "GET /ticket2/opencms/set_aff_cookie.jsp?partner=6F250EA7-4505-FA01-D601-8847F2573405&url=%252Fnl%252Fbuy%252Findex.html%253Fpage%253D1%2526edid%253D47C0370F-9915-7673-E038-7AD65907592C%2526hlv%253D666d50d5-a464-4023-9133-70d60a01000f%2523v1166185505 HTTP/1.1" 200 246
192.95.30.177 - - [28/Feb/2025:01:08:27 +0100] "GET /ticket2/opencms/sv/buy/?page=1&edid=DAE1D142-8E21-0CBD-ED28-2E6B637D45E1&sortorder=asc&column=price HTTP/1.1" 200 111659
54.36.148.250 - - [28/Feb/2025:01:08:27 +0100] "GET /ticket2/opencms/sl/buy/?page=1&edid=8B884D00-0090-F7F9-0339-733FDDA065DC HTTP/1.1" 200 111474
20.171.207.246 - - [28/Feb/2025:01:08:28 +0100] "GET /ticket2/opencms/set_aff_cookie.jsp?partner=6F250EA7-4505-FA01-D601-8847F2573405&url=%252Fen%252Fbuy%252Findex.html%253Fpage%253D1%2526edid%253D3289C097-2261-9433-8644-DF033A9EE354%2526hlv%253D666c5d15-3664-4735-8a5d-4e220a01000f%2523v361279013 HTTP/1.1" 200 245
85.208.96.209 - - [28/Feb/2025:01:08:29 +0100] "GET /ticket2/opencms/az/magazine/article?title=joel-matip-liverpool-fc-den-ayrilir HTTP/1.1" 200 95754
192.95.30.177 - - [28/Feb/2025:01:08:29 +0100] "GET /ticket2/opencms/sv/buy/?page=1&edid=DAE1D142-8E21-0CBD-ED28-2E6B637D45E1&sortorder=desc&column=price HTTP/1.1" 200 111677
20.171.207.246 - - [28/Feb/2025:01:08:29 +0100] "GET /ticket2/opencms/set_aff_cookie.jsp?partner=6F250EA7-4505-FA01-D601-8847F2573405&url=%252Fnl%252Fbuy%252Findex.html%253Fpage%253D1%2526edid%253D50E84B3D-9D0C-3B92-7082-59B92FD223D3%2526hlv%253D66867021-5300-42f2-8029-72ff0a01000f%2523v2116632358 HTTP/1.1" 200 246
20.171.207.246 - - [28/Feb/2025:01:08:30 +0100] "GET /ticket2/opencms/set_aff_cookie.jsp?partner=6F250EA7-4505-FA01-D601-8847F2573405&url=%252Ffi%252Fbuy%252Findex.html%253Fpage%253D1%2526edid%253D47C0370F-9915-7673-E038-7AD65907592C%2526hlv%253D666d50d4-24c8-4d22-be78-70d60a01000f%2523v299111905 HTTP/1.1" 200 245
85.208.96.194 - - [28/Feb/2025:01:08:31 +0100] "GET /ticket2/opencms/cs/magazine/article?title=bukayo-ayoyinka-t-m-saka HTTP/1.1" 200 94028
192.95.30.177 - - [28/Feb/2025:01:08:32 +0100] "GET /ticket2/opencms/sv/buy/?page=1&edid=DAE1D142-8E21-0CBD-ED28-2E6B637D45E1&sortorder=desc&column=row HTTP/1.1" 200 111688
20.171.207.246 - - [28/Feb/2025:01:08:32 +0100] "GET /ticket2/opencms/set_aff_cookie.jsp?partner=6F250EA7-4505-FA01-D601-8847F2573405&url=%252Fen%252Fbuy%252Findex.html%253Fpage%253D1%2526edid%253D47C0370F-9915-7673-E038-7AD65907592C%2526hlv%253D666d50d2-7df8-4b60-9778-70d60a01000f%2523v967859252 HTTP/1.1" 200 245
20.171.207.246 - - [28/Feb/2025:01:08:33 +0100] "GET /ticket2/opencms/set_aff_cookie.jsp?partner=6F250EA7-4505-FA01-D601-8847F2573405&url=%252Fen%252Fbuy%252Findex.html%253Fpage%253D1%2526edid%253D26467E66-E432-3709-0425-A75E81B5021A%2526hlv%253D666c5d28-d3a8-4811-b979-4e220a01000f%2523v1886775136 HTTP/1.1" 200 246
185.191.171.18 - - [28/Feb/2025:01:08:33 +0100] "GET /ticket2/opencms/de/magazine/article?title=newcastle HTTP/1.1" 200 90964
114.119.153.152 - - [28/Feb/2025:01:08:33 +0100] "GET /ticket2/opencms/hu/buy?page=1&edid=18BDD0ED-2331-8826-E623-DFC5F27BD898 HTTP/1.1" 200 110921
173.252.69.113 - - [28/Feb/2025:01:08:33 +0100] "GET /ticket2/opencms/pl/buy?page=1&edid=FB619D25-A569-B2D3-A138-064ED3A662B4 HTTP/1.1" 200 111922
192.95.30.177 - - [28/Feb/2025:01:08:34 +0100] "GET /ticket2/opencms/sv/buy/?page=1&edid=DAE1D142-8E21-0CBD-ED28-2E6B637D45E1&sortorder=desc&column=section HTTP/1.1" 200 111643
20.171.207.246 - - [28/Feb/2025:01:08:34 +0100] "GET /ticket2/opencms/set_aff_cookie.jsp?partner=6F250EA7-4505-FA01-D601-8847F2573405&url=%252Fdk%252Fbuy%252Findex.html%253Fpage%253D1%2526edid%253D5C16C231-B966-190F-EDF0-005493349D4E%2526hlv%253D66924207-5130-4a4e-9971-068d0a01000f%2523v_518300861 HTTP/1.1" 200 246
47.128.114.229 - - [28/Feb/2025:01:08:34 +0100] "GET /ticket2/opencms/sv/buy?edid=7F2B1FEA-20FE-7448-32AC-111154CA401B HTTP/1.1" 200 91359
20.171.207.246 - - [28/Feb/2025:01:08:35 +0100] "GET /ticket2/opencms/set_aff_cookie.jsp?partner=6F250EA7-4505-FA01-D601-8847F2573405&url=%252Fen%252Fbuy%252Findex.html%253Fpage%253D1%2526edid%253D9F8544B2-CF19-221B-478E-5476FF460535%2526hlv%253D6693ab4c-4574-4336-8d02-052e0a01000f%2523v2119365984 HTTP/1.1" 200 246
192.95.30.177 - - [28/Feb/2025:01:08:36 +0100] "GET /ticket2/opencms/sv/buy/?page=1&edid=DAE5B715-B12C-1546-990A-9C266B6D9CC9&sortorder=asc&column=price HTTP/1.1" 200 111127
20.171.207.246 - - [28/Feb/2025:01:08:36 +0100] "GET /ticket2/opencms/set_aff_cookie.jsp?partner=6F250EA7-4505-FA01-D601-8847F2573405&url=%252Fno%252Fbuy%252Findex.html%253Fpage%253D1%2526edid%253D26467E66-E432-3709-0425-A75E81B5021A%2526hlv%253D666c5d28-778c-40d6-a02c-4e220a01000f%2523v1614492638 HTTP/1.1" 200 246
54.36.148.128 - - [28/Feb/2025:01:08:37 +0100] "GET /ticket2/opencms/hr/sport/nogometne-ulaznice/la-liga HTTP/1.1" 200 102308
20.171.207.246 - - [28/Feb/2025:01:08:37 +0100] "GET /ticket2/opencms/set_aff_cookie.jsp?partner=6F250EA7-4505-FA01-D601-8847F2573405&url=%252Fdk%252Fbuy%252Findex.html%253Fpage%253D1%2526edid%253D47C0370F-9915-7673-E038-7AD65907592C%2526hlv%253D666d50d5-25c8-4b58-a755-70d60a01000f%2523v2055160496 HTTP/1.1" 200 246
192.95.30.177 - - [28/Feb/2025:01:08:38 +0100] "GET /ticket2/opencms/sv/buy/?page=1&edid=DAE5B715-B12C-1546-990A-9C266B6D9CC9&sortorder=asc&column=row HTTP/1.1" 200 111156
202.8.42.9 - - [28/Feb/2025:01:08:38 +0100] "GET /ticket2/opencms/system/modules/com.gridnine.opencms.ticketbrokerage.site/resources/css/jquery-ui.css HTTP/1.1" 200 33221
202.8.42.9 - - [28/Feb/2025:01:08:38 +0100] "GET /ticket2/opencms/system/modules/com.gridnine.opencms.ticketbrokerage.site/resources/css/calendar.css HTTP/1.1" 200 6871
202.8.42.9 - - [28/Feb/2025:01:08:38 +0100] "GET /ticket2/opencms/system/modules/com.gridnine.opencms.ticketbrokerage.site/resources/css/ticketbrokerage.css HTTP/1.1" 200 39339
202.8.42.9 - - [28/Feb/2025:01:08:38 +0100] "GET /ticket2/opencms/system/modules/com.gridnine.opencms.ticketbrokerage.site/resources/css/standard.css HTTP/1.1" 200 74207
202.8.42.9 - - [28/Feb/2025:01:08:38 +0100] "GET /ticket2/opencms/system/modules/com.gridnine.opencms.ticketbrokerage.site/resources/css/jquery.fancybox.css HTTP/1.1" 200 4939
202.8.42.9 - - [28/Feb/2025:01:08:38 +0100] "GET /ticket2/opencms/system/modules/com.gridnine.opencms.ticketbrokerage.site/resources/js/jquery/jquery.js HTTP/1.1" 200 93868
202.8.42.9 - - [28/Feb/2025:01:08:38 +0100] "GET /ticket2/opencms/system/modules/com.gridnine.opencms.ticketbrokerage.site/resources/js/jquery/jquery-ui.js HTTP/1.1" 200 228088
202.8.42.9 - - [28/Feb/2025:01:08:38 +0100] "GET /ticket2/opencms/system/modules/com.gridnine.opencms.ticketbrokerage.site/resources/js/functions.js HTTP/1.1" 200 1583
202.8.42.9 - - [28/Feb/2025:01:08:38 +0100] "GET /ticket2/opencms/system/modules/com.gridnine.opencms.ticketbrokerage.site/resources/js/calendar-setup.js HTTP/1.1" 200 4923
202.8.42.9 - - [28/Feb/2025:01:08:38 +0100] "GET /ticket2/opencms/system/modules/com.gridnine.opencms.ticketbrokerage.site/resources/js/calendar.js HTTP/1.1" 200 49229
202.8.42.9 - - [28/Feb/2025:01:08:38 +0100] "GET /ticket2/opencms/system/modules/com.gridnine.opencms.ticketbrokerage.site/resources/js/calendar-en.js HTTP/1.1" 200 3338
202.8.42.9 - - [28/Feb/2025:01:08:38 +0100] "GET /ticket2/opencms/system/modules/com.gridnine.opencms.ticketbrokerage.site/resources/js/jquery.fancybox.pack.js HTTP/1.1" 200 23187
202.8.42.9 - - [28/Feb/2025:01:08:38 +0100] "GET /ticket2/opencms/system/modules/com.gridnine.opencms.ticketbrokerage.site/resources/js/stickyfill.min.js HTTP/1.1" 200 5672
202.8.42.9 - - [28/Feb/2025:01:08:38 +0100] "GET /ticket2/opencms/system/modules/com.gridnine.opencms.ticketbrokerage.site/resources/js/standard.js HTTP/1.1" 200 3983
202.8.42.9 - - [28/Feb/2025:01:08:38 +0100] "GET /ticket2/opencms/system/modules/com.gridnine.opencms.ticketbrokerage.site/resources/js/jquery.placeholder.min.js HTTP/1.1" 200 1737
202.8.42.9 - - [28/Feb/2025:01:08:39 +0100] "GET /ticket2/opencms/system/modules/com.gridnine.opencms.ticketbrokerage.site/resources/js/common-ajax.js HTTP/1.1" 200 20175
20.171.207.246 - - [28/Feb/2025:01:08:39 +0100] "GET /ticket2/opencms/set_aff_cookie.jsp?partner=6F250EA7-4505-FA01-D601-8847F2573405&url=%252Fnl%252Fbuy%252Findex.html%253Fpage%253D1%2526edid%253D26467E66-E432-3709-0425-A75E81B5021A%2526hlv%253D666c5d2a-2470-438c-a81e-4e220a01000f%2523v348261128 HTTP/1.1" 200 245
20.171.207.246 - - [28/Feb/2025:01:08:40 +0100] "GET /ticket2/opencms/set_aff_cookie.jsp?partner=6F250EA7-4505-FA01-D601-8847F2573405&url=%252Ffi%252Fbuy%252Findex.html%253Fpage%253D1%2526edid%253D47C0370F-9915-7673-E038-7AD65907592C%2526hlv%253D666d50d2-5e08-467f-9442-70d60a01000f%2523v142934122 HTTP/1.1" 200 245
192.95.30.177 - - [28/Feb/2025:01:08:40 +0100] "GET /ticket2/opencms/sv/buy/?page=1&edid=DAE5B715-B12C-1546-990A-9C266B6D9CC9&sortorder=asc&column=section HTTP/1.1" 200 111175
40.77.167.243 - - [28/Feb/2025:01:08:40 +0100] "GET /ticket2/opencms/dk/buy?page=1&edid=fde2cb1b-737b-857f-7431-bd450e7d3bbb HTTP/1.1" 200 8134
20.171.207.246 - - [28/Feb/2025:01:08:41 +0100] "GET /ticket2/opencms/set_aff_cookie.jsp?partner=6F250EA7-4505-FA01-D601-8847F2573405&url=%252Fen%252Fbuy%252Findex.html%253Fpage%253D1%2526edid%253D3289C097-2261-9433-8644-DF033A9EE354%2526hlv%253D666c5d18-04c8-4f51-a71d-4e220a01000f%2523v2027814600 HTTP/1.1" 200 246
20.171.207.246 - - [28/Feb/2025:01:08:42 +0100] "GET /ticket2/opencms/set_aff_cookie.jsp?partner=6F250EA7-4505-FA01-D601-8847F2573405&url=%252Fnl%252Fbuy%252Findex.html%253Fpage%253D1%2526edid%253D5C16C231-B966-190F-EDF0-005493349D4E%2526hlv%253D66924207-c070-4744-9f1e-068d0a01000f%2523v980138164 HTTP/1.1" 200 245
192.95.30.177 - - [28/Feb/2025:01:08:42 +0100] "GET /ticket2/opencms/sv/buy/?page=1&edid=DB57BF20-55CC-03D7-EC26-06E9610CC056&sortorder=asc&column=price HTTP/1.1" 200 90918
20.171.207.246 - - [28/Feb/2025:01:08:43 +0100] "GET /ticket2/opencms/set_aff_cookie.jsp?partner=6F250EA7-4505-FA01-D601-8847F2573405&url=%252Fnl%252Fbuy%252Findex.html%253Fpage%253D1%2526edid%253D9F8544B2-CF19-221B-478E-5476FF460535%2526hlv%253D6693ab49-1030-4d5b-9914-052e0a01000f%2523v500319614 HTTP/1.1" 200 245
37.120.184.190 - - [28/Feb/2025:01:08:44 +0100] "GET /ticket2/opencms/mt/sport/biljetti-tal-futbol/bundesliga/bayern-munchen HTTP/1.1" 200 99729
192.95.30.177 - - [28/Feb/2025:01:08:44 +0100] "GET /ticket2/opencms/sv/buy/?page=1&edid=DB653943-ECFB-7118-47D3-55EBC2A526B9 HTTP/1.1" 200 111857
20.171.207.246 - - [28/Feb/2025:01:08:44 +0100] "GET /ticket2/opencms/set_aff_cookie.jsp?partner=6F250EA7-4505-FA01-D601-8847F2573405&url=%252Fnl%252Fbuy%252Findex.html%253Fpage%253D1%2526edid%253D5C16C231-B966-190F-EDF0-005493349D4E%2526hlv%253D66924208-277c-4629-b135-068d0a01000f%2523v1729237184 HTTP/1.1" 200 246
54.36.148.65 - - [28/Feb/2025:01:08:45 +0100] "GET /ticket2/opencms/be/buy/?page=1&edid=56B38CDE-C52C-9D5C-A997-D65F4CB742AB HTTP/1.1" 200 114957
20.171.207.246 - - [28/Feb/2025:01:08:45 +0100] "GET /ticket2/opencms/set_aff_cookie.jsp?partner=6F250EA7-4505-FA01-D601-8847F2573405&url=%252Fnl%252Fbuy%252Findex.html%253Fpage%253D1%2526edid%253D7568E602-7C67-35D2-952F-D243F8930169%2526hlv%253D666dbc72-0248-49d7-83e8-4cf60a01000f%2523v2061485397 HTTP/1.1" 200 246
94.74.94.213 - - [28/Feb/2025:01:08:46 +0100] "GET /ticket2/opencms/bg/buy?page=1&edid=620EBF00-ABE0-9BB5-0F04-F120B08CF11C HTTP/1.1" 200 115162
192.95.30.177 - - [28/Feb/2025:01:08:46 +0100] "GET /ticket2/opencms/sv/buy/?page=1&edid=DB653943-ECFB-7118-47D3-55EBC2A526B9&sortorder=asc&column=row HTTP/1.1" 200 112661
20.171.207.246 - - [28/Feb/2025:01:08:47 +0100] "GET /ticket2/opencms/set_aff_cookie.jsp?partner=6F250EA7-4505-FA01-D601-8847F2573405&url=%252Fru%252Fbuy%252Findex.html%253Fpage%253D1%2526edid%253D47C0370F-9915-7673-E038-7AD65907592C%2526hlv%253D666d50d3-2740-4a31-8759-70d60a01000f%2523v660918162 HTTP/1.1" 200 245
47.128.110.9 - - [28/Feb/2025:01:08:47 +0100] "GET /ticket2/opencms/fi/urheilu/jalkapallo/la-liga/athletic_bilbao/ HTTP/1.1" 200 92009
20.171.207.246 - - [28/Feb/2025:01:08:48 +0100] "GET /ticket2/opencms/set_aff_cookie.jsp?partner=6F250EA7-4505-FA01-D601-8847F2573405&url=%252Fdk%252Fbuy%252Findex.html%253Fpage%253D1%2526edid%253D750C6040-29F7-425D-A24F-51B977F415A3%2526hlv%253D666c58a8-58c8-48a7-8563-49b80a01000f%2523v219656178 HTTP/1.1" 200 245
47.128.110.9 - - [28/Feb/2025:01:08:48 +0100] "GET /ticket2/opencms/system/modules/com.gridnine.opencms.ticketbrokerage.site/resources/pics/banners/team/la_liga/bilbao.png HTTP/1.1" 200 72685
192.95.30.177 - - [28/Feb/2025:01:08:48 +0100] "GET /ticket2/opencms/sv/buy/?page=1&edid=DB653943-ECFB-7118-47D3-55EBC2A526B9&sortorder=asc&column=section HTTP/1.1" 200 112802
52.167.144.161 - - [28/Feb/2025:01:08:49 +0100] "GET /ticket2/opencms/img/null HTTP/1.1" 404 -
31.13.103.7 - - [28/Feb/2025:01:08:49 +0100] "GET /ticket2/opencms/ HTTP/1.1" 302 -
20.171.207.246 - - [28/Feb/2025:01:08:49 +0100] "GET /ticket2/opencms/set_aff_cookie.jsp?partner=6F250EA7-4505-FA01-D601-8847F2573405&url=%252Fru%252Fbuy%252Findex.html%253Fpage%253D1%2526edid%253D32221081-B4D2-47EE-3316-CF1A694236FC%2526hlv%253D67b8a037-1084-434a-882d-04910a01000f%2523v1040540845 HTTP/1.1" 200 246
31.13.103.5 - - [28/Feb/2025:01:08:49 +0100] "GET /ticket2/opencms/en/buying_tickets HTTP/1.1" 200 90019
31.13.103.2 - - [28/Feb/2025:01:08:49 +0100] "GET /ticket2/opencms/en/ HTTP/1.1" 200 103737
52.167.144.161 - - [28/Feb/2025:01:08:50 +0100] "GET /ticket2/opencms/sl/buy?page=1&edid=BC022DAB-4498-A423-1B89-9E0C767B974D HTTP/1.1" 200 108500
20.171.207.246 - - [28/Feb/2025:01:08:50 +0100] "GET /ticket2/opencms/set_aff_cookie.jsp?partner=6F250EA7-4505-FA01-D601-8847F2573405&url=%252Fdk%252Fbuy%252Findex.html%253Fpage%253D1%2526edid%253D779DCE22-7865-5C8E-54FB-44794C9B955F%2526hlv%253D669241c3-3634-4657-8a65-0d450a01000f%2523v2020439643 HTTP/1.1" 200 246
192.95.30.177 - - [28/Feb/2025:01:08:51 +0100] "GET /ticket2/opencms/sv/buy/?page=1&edid=DB653943-ECFB-7118-47D3-55EBC2A526B9&sortorder=desc&column=price HTTP/1.1" 200 112866
185.191.171.13 - - [28/Feb/2025:01:08:51 +0100] "GET /ticket2/opencms/ro/ HTTP/1.1" 200 105672
20.171.207.246 - - [28/Feb/2025:01:08:51 +0100] "GET /ticket2/opencms/set_aff_cookie.jsp?partner=6F250EA7-4505-FA01-D601-8847F2573405&url=%252Fru%252Fbuy%252Findex.html%253Fpage%253D1%2526edid%253D47C0370F-9915-7673-E038-7AD65907592C%2526hlv%253D666d50d2-6674-49e5-9f55-70d60a01000f%2523v225475157 HTTP/1.1" 200 245
54.36.148.148 - - [28/Feb/2025:01:08:52 +0100] "GET /ticket2/opencms/nl/buy?page=1&edid=1B66F7E9-6D68-7258-D0DB-383034F8302F HTTP/1.1" 200 109529
20.171.207.246 - - [28/Feb/2025:01:08:52 +0100] "GET /ticket2/opencms/set_aff_cookie.jsp?partner=6F250EA7-4505-FA01-D601-8847F2573405&url=%252Fru%252Fbuy%252Findex.html%253Fpage%253D1%2526edid%253D47C0370F-9915-7673-E038-7AD65907592C%2526hlv%253D666d50d4-5650-4c25-a73a-70d60a01000f%2523v1767749214 HTTP/1.1" 200 246
192.95.30.177 - - [28/Feb/2025:01:08:53 +0100] "GET /ticket2/opencms/sv/buy/?page=1&edid=DB653943-ECFB-7118-47D3-55EBC2A526B9&sortorder=desc&column=row HTTP/1.1" 200 112745
54.90.8.255 - - [28/Feb/2025:01:08:53 +0100] "GET /ticket2/opencms/sites/ticketbrokerage/sv/sport/fotbollsbiljetter/premier_league/manchester_united/manchester_city.html HTTP/1.1" 404 -
