202.8.42.129 - - [28/Feb/2025:00:04:24 +0100] "GET /ticket2/opencms/system/modules/com.gridnine.opencms.ticketbrokerage.site/resources/js/stickyfill.min.js HTTP/1.1" 200 5672
202.8.42.129 - - [28/Feb/2025:00:04:24 +0100] "GET /ticket2/opencms/system/modules/com.gridnine.opencms.ticketbrokerage.site/resources/js/standard.js HTTP/1.1" 200 3983
202.8.42.129 - - [28/Feb/2025:00:04:24 +0100] "GET /ticket2/opencms/system/modules/com.gridnine.opencms.ticketbrokerage.site/resources/js/jquery.placeholder.min.js HTTP/1.1" 200 1737
202.8.42.129 - - [28/Feb/2025:00:04:24 +0100] "GET /ticket2/opencms/system/modules/com.gridnine.opencms.ticketbrokerage.site/resources/js/common-ajax.js HTTP/1.1" 200 20175
20.171.207.230 - - [28/Feb/2025:00:04:26 +0100] "GET /ticket2/opencms/set_aff_cookie.jsp?partner=2E02071B-A8C3-4CBA-3097-C27D61C02ED8&url=%252Ffi%252Fbuy%252Findex.html%253Fpage%253D1%2526edid%253D206775FB-5EFC-40BC-11F8-888FF769B2A9%2526hlv%253D66d04b35-99dc-41f7-8d44-07010a01000f%2523v_1165000465 HTTP/1.1" 200 247
20.171.207.230 - - [28/Feb/2025:00:04:29 +0100] "GET /ticket2/opencms/set_aff_cookie.jsp?partner=5E0CDF29-E7BE-9F6B-6869-7BF66B04006F&url=%252Fnl%252Fbuy%252Findex.html%253Fpage%253D1%2526edid%253D4AFEA37F-53E9-BCCD-AE1D-AD2A8EE2D653%2526hlv%253D60f7deba-bad4-4e0b-8f2d-46f70a01000f%2523v_1543021990 HTTP/1.1" 200 247
20.171.207.230 - - [28/Feb/2025:00:04:30 +0100] "GET /ticket2/opencms/set_aff_cookie.jsp?partner=8F6DE15D-D831-5787-AE7E-FEFF53476F85&url=%252Ffi%252Fbuy%252Findex.html%253Fpage%253D1%2526edid%253D1262C5E9-4459-6D63-F273-010CB7E37FF2%2526hlv%253D60ca1650-b158-4af9-a617-3ad80a01000f%2523v_681982795 HTTP/1.1" 200 246
66.249.75.227 - - [28/Feb/2025:00:04:31 +0100] "GET /ticket2/opencms/ka/buy?page=1&edid=8DE7A210-45E0-8C09-63EA-28CBA5412C0E&hlv=66d58fe0-bc84-4f5e-b70c-48440a01000f HTTP/1.1" 200 119248
40.77.167.27 - - [28/Feb/2025:00:04:31 +0100] "GET /ticket2/opencms/mo/login/ HTTP/1.1" 200 91842
20.171.207.230 - - [28/Feb/2025:00:04:32 +0100] "GET /ticket2/opencms/set_aff_cookie.jsp?partner=8F6DE15D-D831-5787-AE7E-FEFF53476F85&url=%252Ffi%252Fbuy%252Findex.html%253Fpage%253D1%2526edid%253D2E10707D-C051-6138-1E62-3BA0A6C4D8EB%2526hlv%253D666dbbfd-04ac-4f1c-9e51-4d610a01000f%2523v_782064331 HTTP/1.1" 200 246
185.191.171.13 - - [28/Feb/2025:00:04:35 +0100] "GET /ticket2/opencms/sl/about/press/ HTTP/1.1" 200 88856
85.208.96.201 - - [28/Feb/2025:00:04:35 +0100] "GET /ticket2/opencms/sl/magazine/article?title=manchester-city-tvega-izpadanje HTTP/1.1" 200 92263
101.44.25.208 - - [28/Feb/2025:00:04:37 +0100] "GET /ticket2/opencms/sr/buy?page=1&edid=C50C359D-FED8-6125-4F08-37D85D558529 HTTP/1.1" 200 109125
20.171.207.230 - - [28/Feb/2025:00:04:37 +0100] "GET /ticket2/opencms/set_aff_cookie.jsp?partner=8F6DE15D-D831-5787-AE7E-FEFF53476F85&url=%252Fru%252Fbuy%252Findex.html%253Fpage%253D1%2526edid%253DAD0E3D9F-2910-5DC4-03D7-A91917CC0ADD%2526hlv%253D6693ab72-aef4-43a4-b275-05c50a01000f%2523v_1981818361 HTTP/1.1" 200 247
54.36.148.145 - - [28/Feb/2025:00:04:39 +0100] "GET /ticket2/opencms/en/sport/football-tickets/premier_league/west-ham HTTP/1.1" 200 96707
20.171.207.230 - - [28/Feb/2025:00:04:39 +0100] "GET /ticket2/opencms/set_aff_cookie.jsp?partner=23A6AD98-906E-5BDD-600E-EC4EC8A45F97&url=%252Fen%252Fbuy%252Findex.html%253Fpage%253D1%2526edid%253D5A67179D-C7BD-4086-88F3-90FE704053E2%2526hlv%253D614c7a2b-b5ac-4c85-a7ff-1a270a01000f%2523v_1241697790 HTTP/1.1" 200 247
202.8.43.221 - - [28/Feb/2025:00:04:40 +0100] "GET /ticket2/opencms/system/modules/com.gridnine.opencms.ticketbrokerage.site/resources/css/ticketbrokerage.css HTTP/1.1" 200 39339
202.8.43.221 - - [28/Feb/2025:00:04:40 +0100] "GET /ticket2/opencms/system/modules/com.gridnine.opencms.ticketbrokerage.site/resources/css/calendar.css HTTP/1.1" 200 6871
202.8.43.221 - - [28/Feb/2025:00:04:40 +0100] "GET /ticket2/opencms/system/modules/com.gridnine.opencms.ticketbrokerage.site/resources/css/jquery-ui.css HTTP/1.1" 200 33221
202.8.43.221 - - [28/Feb/2025:00:04:40 +0100] "GET /ticket2/opencms/system/modules/com.gridnine.opencms.ticketbrokerage.site/resources/css/standard.css HTTP/1.1" 200 74207
202.8.43.221 - - [28/Feb/2025:00:04:40 +0100] "GET /ticket2/opencms/system/modules/com.gridnine.opencms.ticketbrokerage.site/resources/css/jquery.fancybox.css HTTP/1.1" 200 4939
202.8.43.221 - - [28/Feb/2025:00:04:40 +0100] "GET /ticket2/opencms/system/modules/com.gridnine.opencms.ticketbrokerage.site/resources/js/jquery/jquery.js HTTP/1.1" 200 93868
202.8.43.221 - - [28/Feb/2025:00:04:40 +0100] "GET /ticket2/opencms/system/modules/com.gridnine.opencms.ticketbrokerage.site/resources/js/jquery/jquery-ui.js HTTP/1.1" 200 228088
202.8.43.221 - - [28/Feb/2025:00:04:40 +0100] "GET /ticket2/opencms/system/modules/com.gridnine.opencms.ticketbrokerage.site/resources/js/functions.js HTTP/1.1" 200 1583
202.8.43.221 - - [28/Feb/2025:00:04:40 +0100] "GET /ticket2/opencms/system/modules/com.gridnine.opencms.ticketbrokerage.site/resources/js/calendar.js HTTP/1.1" 200 49229
202.8.43.221 - - [28/Feb/2025:00:04:40 +0100] "GET /ticket2/opencms/system/modules/com.gridnine.opencms.ticketbrokerage.site/resources/js/calendar-en.js HTTP/1.1" 200 3338
202.8.43.221 - - [28/Feb/2025:00:04:40 +0100] "GET /ticket2/opencms/system/modules/com.gridnine.opencms.ticketbrokerage.site/resources/js/calendar-setup.js HTTP/1.1" 200 4923
202.8.43.221 - - [28/Feb/2025:00:04:41 +0100] "GET /ticket2/opencms/system/modules/com.gridnine.opencms.ticketbrokerage.site/resources/js/jquery.fancybox.pack.js HTTP/1.1" 200 23187
202.8.43.221 - - [28/Feb/2025:00:04:41 +0100] "GET /ticket2/opencms/system/modules/com.gridnine.opencms.ticketbrokerage.site/resources/js/stickyfill.min.js HTTP/1.1" 200 5672
202.8.43.221 - - [28/Feb/2025:00:04:41 +0100] "GET /ticket2/opencms/system/modules/com.gridnine.opencms.ticketbrokerage.site/resources/js/standard.js HTTP/1.1" 200 3983
202.8.43.221 - - [28/Feb/2025:00:04:41 +0100] "GET /ticket2/opencms/system/modules/com.gridnine.opencms.ticketbrokerage.site/resources/js/jquery.placeholder.min.js HTTP/1.1" 200 1737
202.8.43.221 - - [28/Feb/2025:00:04:41 +0100] "GET /ticket2/opencms/system/modules/com.gridnine.opencms.ticketbrokerage.site/resources/js/common-ajax.js HTTP/1.1" 200 20175
54.225.148.123 - - [28/Feb/2025:00:04:41 +0100] "GET /ticket2/opencms/nl/sport/voetbal-tickets/la_liga/athletic_bilbao HTTP/1.1" 404 -
69.171.249.114 - - [28/Feb/2025:00:04:42 +0100] "GET /ticket2/opencms/bs/sport/fudbalske-karte/premier-league/arsenal HTTP/1.1" 200 93658
20.171.207.230 - - [28/Feb/2025:00:04:43 +0100] "GET /ticket2/opencms/set_aff_cookie.jsp?partner=2E02071B-A8C3-4CBA-3097-C27D61C02ED8&url=%252Fsv%252Fbuy%252Findex.html%253Fpage%253D1%2526edid%253DBB439D2C-76B4-AD0C-0FC4-79A0CD539AA0%2526hlv%253D666ddf5b-1994-44f1-a9f2-6d8b0a01000f%2523v_1355578975 HTTP/1.1" 200 247
20.171.207.230 - - [28/Feb/2025:00:04:45 +0100] "GET /ticket2/opencms/set_aff_cookie.jsp?partner=2E02071B-A8C3-4CBA-3097-C27D61C02ED8&url=%252Fdk%252Fbuy%252Findex.html%253Fpage%253D1%2526edid%253D9CB65BAE-DCD8-2D95-397D-813CF31BA500%2526hlv%253D666dbd7b-6620-4adb-9d19-4ff90a01000f%2523v_477905726 HTTP/1.1" 200 246
3.213.46.222 - - [28/Feb/2025:00:04:45 +0100] "GET /ticket2/opencms/sites/ticketbrokerage/sv/sport/fotbollsbiljetter/premier_league/wolverhampton/blackburn_rovers.html HTTP/1.1" 404 -
85.208.96.195 - - [28/Feb/2025:00:04:46 +0100] "GET /ticket2/opencms/es/magazine/article?title=la-liga-real-madrid-ha-ganado-mas-titulos HTTP/1.1" 200 95330
20.171.207.230 - - [28/Feb/2025:00:04:46 +0100] "GET /ticket2/opencms/set_aff_cookie.jsp?partner=5E0CDF29-E7BE-9F6B-6869-7BF66B04006F&url=%252Fdk%252Fbuy%252Findex.html%253Fpage%253D1%2526edid%253DFF312D4E-5B6B-8FA5-BA69-635DC61A8F79%2526hlv%253D666d505e-a580-412e-b4df-71710a01000f%2523v_1214515419 HTTP/1.1" 200 247
20.171.207.230 - - [28/Feb/2025:00:04:47 +0100] "GET /ticket2/opencms/set_aff_cookie.jsp?partner=8F6DE15D-D831-5787-AE7E-FEFF53476F85&url=%252Fsv%252Fbuy%252Findex.html%253Fpage%253D1%2526edid%253D6ED08D04-7263-AC79-DA04-AFB97DC97A00%2526hlv%253D6693908c-2278-4340-92db-74840a01000f%2523v_2023072096 HTTP/1.1" 200 247
54.36.148.82 - - [28/Feb/2025:00:04:48 +0100] "GET /ticket2/opencms/sk/magazine/article?title=jude-bellingham HTTP/1.1" 200 93030
20.171.207.230 - - [28/Feb/2025:00:04:50 +0100] "GET /ticket2/opencms/set_aff_cookie.jsp?partner=5E0CDF29-E7BE-9F6B-6869-7BF66B04006F&url=%252Fdk%252Fbuy%252Findex.html%253Fpage%253D1%2526edid%253D59EE7C1E-928C-0B67-F8CD-0935739262E0%2526hlv%253D66883a0d-6318-4223-a46a-2d260a01000f%2523v_1751909987 HTTP/1.1" 200 247
54.36.149.85 - - [28/Feb/2025:00:04:57 +0100] "GET /ticket2/opencms/bs/sport/fudbalske-karte/premier-league/everton HTTP/1.1" 200 99263
114.119.150.86 - - [28/Feb/2025:00:04:58 +0100] "GET /ticket2/opencms/nl/buy?page=1&=F86B9858-FECA-8B69-0345-5BABEB4E1340 HTTP/1.1" 200 -
202.8.43.20 - - [28/Feb/2025:00:04:58 +0100] "GET /ticket2/opencms/system/modules/com.gridnine.opencms.ticketbrokerage.site/resources/css/ticketbrokerage.css HTTP/1.1" 200 39339
202.8.43.20 - - [28/Feb/2025:00:04:58 +0100] "GET /ticket2/opencms/system/modules/com.gridnine.opencms.ticketbrokerage.site/resources/css/calendar.css HTTP/1.1" 200 6871
202.8.43.20 - - [28/Feb/2025:00:04:58 +0100] "GET /ticket2/opencms/system/modules/com.gridnine.opencms.ticketbrokerage.site/resources/css/jquery-ui.css HTTP/1.1" 200 33221
202.8.43.20 - - [28/Feb/2025:00:04:58 +0100] "GET /ticket2/opencms/system/modules/com.gridnine.opencms.ticketbrokerage.site/resources/css/jquery.fancybox.css HTTP/1.1" 200 4939
202.8.43.20 - - [28/Feb/2025:00:04:58 +0100] "GET /ticket2/opencms/system/modules/com.gridnine.opencms.ticketbrokerage.site/resources/css/standard.css HTTP/1.1" 200 74207
202.8.43.20 - - [28/Feb/2025:00:04:58 +0100] "GET /ticket2/opencms/system/modules/com.gridnine.opencms.ticketbrokerage.site/resources/js/jquery/jquery.js HTTP/1.1" 200 93868
202.8.43.20 - - [28/Feb/2025:00:04:58 +0100] "GET /ticket2/opencms/system/modules/com.gridnine.opencms.ticketbrokerage.site/resources/js/functions.js HTTP/1.1" 200 1583
202.8.43.20 - - [28/Feb/2025:00:04:58 +0100] "GET /ticket2/opencms/system/modules/com.gridnine.opencms.ticketbrokerage.site/resources/js/calendar.js HTTP/1.1" 200 49229
202.8.43.20 - - [28/Feb/2025:00:04:58 +0100] "GET /ticket2/opencms/system/modules/com.gridnine.opencms.ticketbrokerage.site/resources/js/jquery/jquery-ui.js HTTP/1.1" 200 228088
202.8.43.20 - - [28/Feb/2025:00:04:58 +0100] "GET /ticket2/opencms/system/modules/com.gridnine.opencms.ticketbrokerage.site/resources/js/calendar-en.js HTTP/1.1" 200 3338
202.8.43.20 - - [28/Feb/2025:00:04:58 +0100] "GET /ticket2/opencms/system/modules/com.gridnine.opencms.ticketbrokerage.site/resources/js/calendar-setup.js HTTP/1.1" 200 4923
69.176.87.58 - - [28/Feb/2025:00:04:58 +0100] "GET /ticket2/opencms/cs/sport/fotbalove-listky/premier-league/manchester-city HTTP/1.1" 200 101688
202.8.43.20 - - [28/Feb/2025:00:04:58 +0100] "GET /ticket2/opencms/system/modules/com.gridnine.opencms.ticketbrokerage.site/resources/js/jquery.fancybox.pack.js HTTP/1.1" 200 23187
202.8.43.20 - - [28/Feb/2025:00:04:58 +0100] "GET /ticket2/opencms/system/modules/com.gridnine.opencms.ticketbrokerage.site/resources/js/stickyfill.min.js HTTP/1.1" 200 5672
202.8.43.20 - - [28/Feb/2025:00:04:58 +0100] "GET /ticket2/opencms/system/modules/com.gridnine.opencms.ticketbrokerage.site/resources/js/standard.js HTTP/1.1" 200 3983
202.8.43.20 - - [28/Feb/2025:00:04:58 +0100] "GET /ticket2/opencms/system/modules/com.gridnine.opencms.ticketbrokerage.site/resources/js/jquery.placeholder.min.js HTTP/1.1" 200 1737
202.8.43.20 - - [28/Feb/2025:00:04:58 +0100] "GET /ticket2/opencms/system/modules/com.gridnine.opencms.ticketbrokerage.site/resources/js/common-ajax.js HTTP/1.1" 200 20175
114.119.150.86 - - [28/Feb/2025:00:04:59 +0100] "GET /ticket2/opencms/en/buy/?page=1&edid=7989D951-D5D2-7F28-EC94-576AD8E37318 HTTP/1.1" 200 112903
152.53.3.141 - - [28/Feb/2025:00:04:59 +0100] "GET /ticket2/opencms/be/sport/futbol-kvitki/bundesliga/bayer-leverkusen HTTP/1.1" 200 101262
20.171.207.230 - - [28/Feb/2025:00:05:01 +0100] "GET /ticket2/opencms/set_aff_cookie.jsp?partner=8F6DE15D-D831-5787-AE7E-FEFF53476F85&url=%252Fen%252Fbuy%252Findex.html%253Fpage%253D1%2526edid%253D9CB65BAE-DCD8-2D95-397D-813CF31BA500%2526hlv%253D666dbd7a-83dc-480b-ad98-4ff90a01000f%2523v_1557013343 HTTP/1.1" 200 247
52.4.213.199 - - [28/Feb/2025:00:05:01 +0100] "GET /ticket2/opencms/sites/ticketbrokerage/sv/tickets/stoke/fulham.html HTTP/1.1" 404 -
20.171.207.230 - - [28/Feb/2025:00:05:02 +0100] "GET /ticket2/opencms/set_aff_cookie.jsp?partner=2E02071B-A8C3-4CBA-3097-C27D61C02ED8&url=%252Fdk%252Fbuy%252Findex.html%253Fpage%253D1%2526edid%253D33C93D30-5D5F-70D5-E4DB-10F58238A7ED%2526hlv%253D67b89d47-fea0-4edc-b1cb-7fe90a01000f%2523v_1696011996 HTTP/1.1" 200 247
20.171.207.230 - - [28/Feb/2025:00:05:04 +0100] "GET /ticket2/opencms/set_aff_cookie.jsp?partner=692E2C6A-EC6F-1C93-AFCC-C5ACC23A93EA&url=%252Fnl%252Fbuy%252Findex.html%253Fpage%253D1%2526edid%253D71026AAF-622C-063D-34B3-C1AF36D7ED87%2526hlv%253D61151f5d-922c-4e4c-b656-04270a01000f%2523v_1821739851 HTTP/1.1" 200 247
114.119.134.48 - - [28/Feb/2025:00:05:04 +0100] "GET /ticket2/opencms/en/sell/?edid=926A6196-1B0E-3EB3-4076-F89D6522A501 HTTP/1.1" 302 -
85.208.96.209 - - [28/Feb/2025:00:05:05 +0100] "GET /ticket2/opencms/robots.txt HTTP/1.1" 200 773
20.171.207.230 - - [28/Feb/2025:00:05:05 +0100] "GET /ticket2/opencms/set_aff_cookie.jsp?partner=8F6DE15D-D831-5787-AE7E-FEFF53476F85&url=%252Fru%252Fbuy%252Findex.html%253Fpage%253D1%2526edid%253D4F823A18-A71D-F820-FD7B-2CC78F9C9CC8%2526hlv%253D6692486c-cb9c-4c4d-85eb-16d80a01000f%2523v_822645209 HTTP/1.1" 200 246
18.204.152.114 - - [28/Feb/2025:00:05:05 +0100] "GET /ticket2/opencms/sites/ticketbrokerage/sv/sport/fotbollsbiljetter/la_liga/sevilla/real_sociedad.html HTTP/1.1" 404 -
85.208.96.202 - - [28/Feb/2025:00:05:06 +0100] "GET /ticket2/opencms/lv/magazine/article?title=iespaidiga-spele-kura-zviedrs-kulusevski-turpina-sniegt-rezultatus HTTP/1.1" 200 94453
20.171.207.230 - - [28/Feb/2025:00:05:06 +0100] "GET /ticket2/opencms/set_aff_cookie.jsp?partner=8F6DE15D-D831-5787-AE7E-FEFF53476F85&url=%252Fen%252Fbuy%252Findex.html%253Fpage%253D1%2526edid%253D083AE95D-096C-41BA-96E0-6A784C0A08FB%2526hlv%253D6698d693-ec8c-46b6-97a7-3ec80a01000f%2523v_178250605 HTTP/1.1" 200 246
54.36.148.30 - - [28/Feb/2025:00:05:06 +0100] "GET /ticket2/opencms/ka/sport/pekhburti-biletebi/premier-league HTTP/1.1" 200 104486
202.8.40.77 - - [28/Feb/2025:00:05:08 +0100] "GET /ticket2/opencms/system/modules/com.gridnine.opencms.ticketbrokerage.site/resources/css/ticketbrokerage.css HTTP/1.1" 200 39339
202.8.40.77 - - [28/Feb/2025:00:05:08 +0100] "GET /ticket2/opencms/system/modules/com.gridnine.opencms.ticketbrokerage.site/resources/css/calendar.css HTTP/1.1" 200 6871
202.8.40.77 - - [28/Feb/2025:00:05:08 +0100] "GET /ticket2/opencms/system/modules/com.gridnine.opencms.ticketbrokerage.site/resources/css/jquery-ui.css HTTP/1.1" 200 33221
202.8.40.77 - - [28/Feb/2025:00:05:08 +0100] "GET /ticket2/opencms/system/modules/com.gridnine.opencms.ticketbrokerage.site/resources/css/standard.css HTTP/1.1" 200 74207
202.8.40.77 - - [28/Feb/2025:00:05:08 +0100] "GET /ticket2/opencms/system/modules/com.gridnine.opencms.ticketbrokerage.site/resources/css/jquery.fancybox.css HTTP/1.1" 200 4939
202.8.40.77 - - [28/Feb/2025:00:05:08 +0100] "GET /ticket2/opencms/system/modules/com.gridnine.opencms.ticketbrokerage.site/resources/js/jquery/jquery.js HTTP/1.1" 200 93868
202.8.40.77 - - [28/Feb/2025:00:05:08 +0100] "GET /ticket2/opencms/system/modules/com.gridnine.opencms.ticketbrokerage.site/resources/js/functions.js HTTP/1.1" 200 1583
202.8.40.77 - - [28/Feb/2025:00:05:08 +0100] "GET /ticket2/opencms/system/modules/com.gridnine.opencms.ticketbrokerage.site/resources/js/jquery/jquery-ui.js HTTP/1.1" 200 228088
202.8.40.77 - - [28/Feb/2025:00:05:08 +0100] "GET /ticket2/opencms/system/modules/com.gridnine.opencms.ticketbrokerage.site/resources/js/calendar.js HTTP/1.1" 200 49229
202.8.40.77 - - [28/Feb/2025:00:05:08 +0100] "GET /ticket2/opencms/system/modules/com.gridnine.opencms.ticketbrokerage.site/resources/js/calendar-en.js HTTP/1.1" 200 3338
202.8.40.77 - - [28/Feb/2025:00:05:08 +0100] "GET /ticket2/opencms/system/modules/com.gridnine.opencms.ticketbrokerage.site/resources/js/calendar-setup.js HTTP/1.1" 200 4923
202.8.40.77 - - [28/Feb/2025:00:05:08 +0100] "GET /ticket2/opencms/system/modules/com.gridnine.opencms.ticketbrokerage.site/resources/js/jquery.fancybox.pack.js HTTP/1.1" 200 23187
202.8.40.77 - - [28/Feb/2025:00:05:08 +0100] "GET /ticket2/opencms/system/modules/com.gridnine.opencms.ticketbrokerage.site/resources/js/stickyfill.min.js HTTP/1.1" 200 5672
202.8.40.77 - - [28/Feb/2025:00:05:08 +0100] "GET /ticket2/opencms/system/modules/com.gridnine.opencms.ticketbrokerage.site/resources/js/standard.js HTTP/1.1" 200 3983
202.8.40.77 - - [28/Feb/2025:00:05:08 +0100] "GET /ticket2/opencms/system/modules/com.gridnine.opencms.ticketbrokerage.site/resources/js/jquery.placeholder.min.js HTTP/1.1" 200 1737
202.8.40.77 - - [28/Feb/2025:00:05:08 +0100] "GET /ticket2/opencms/system/modules/com.gridnine.opencms.ticketbrokerage.site/resources/js/common-ajax.js HTTP/1.1" 200 20175
114.119.134.48 - - [28/Feb/2025:00:05:08 +0100] "GET /ticket2/opencms/en/login/?url=/en/sell/ HTTP/1.1" 200 90197
20.171.207.230 - - [28/Feb/2025:00:05:08 +0100] "GET /ticket2/opencms/set_aff_cookie.jsp?partner=692E2C6A-EC6F-1C93-AFCC-C5ACC23A93EA&url=%252Fru%252Fbuy%252Findex.html%253Fpage%253D1%2526edid%253DF166D780-1A48-2E28-815C-BAE49BC7C72D%2526hlv%253D60f81b5a-a66c-4428-9b36-5e5c0a01000f%2523v_339323225 HTTP/1.1" 200 246
94.74.96.209 - - [28/Feb/2025:00:05:09 +0100] "GET /ticket2/opencms/fr/buy?page=1&edid=A41E1AA3-2CBC-8C77-6CAE-A96D07E2BBF7 HTTP/1.1" 200 108387
85.208.96.209 - - [28/Feb/2025:00:05:09 +0100] "GET /ticket2/opencms/sq/magazine/article?title=sezoni-i-fundit-i-lionel-messit HTTP/1.1" 200 95764
20.171.207.230 - - [28/Feb/2025:00:05:09 +0100] "GET /ticket2/opencms/set_aff_cookie.jsp?partner=5E0CDF29-E7BE-9F6B-6869-7BF66B04006F&url=%252Fdk%252Fbuy%252Findex.html%253Fpage%253D1%2526edid%253DABE0D196-5A84-0064-2AAA-8BE846913E3B%2526hlv%253D666cbc55-8400-4c11-8fca-51ba0a01000f%2523v_517640616 HTTP/1.1" 200 246
54.87.62.248 - - [28/Feb/2025:00:05:09 +0100] "GET /ticket2/opencms/sites/ticketbrokerage/sv/tickets/juventus/parma.html HTTP/1.1" 404 -
20.171.207.230 - - [28/Feb/2025:00:05:10 +0100] "GET /ticket2/opencms/set_aff_cookie.jsp?partner=8F6DE15D-D831-5787-AE7E-FEFF53476F85&url=%252Fru%252Fbuy%252Findex.html%253Fpage%253D1%2526edid%253D48F110A0-CF55-13C3-BFB3-A057F2A6E27A%2526hlv%253D669148cb-129c-4795-b900-48240a01000f%2523v_1727517434 HTTP/1.1" 200 247
216.244.66.238 - - [28/Feb/2025:00:05:12 +0100] "GET /ticket2/opencms/dk/dk/sport/fodboldbilletter/bundesliga/ingolstadt/ HTTP/1.1" 404 -
20.171.207.230 - - [28/Feb/2025:00:05:13 +0100] "GET /ticket2/opencms/set_aff_cookie.jsp?partner=2E02071B-A8C3-4CBA-3097-C27D61C02ED8&url=%252Fdk%252Fbuy%252Findex.html%253Fpage%253D1%2526edid%253D94C5B0A9-45EC-824F-7DFB-E52A893ACA3D%2526hlv%253D666ddcd5-ccf4-4dca-a6a4-67690a01000f%2523v_925393758 HTTP/1.1" 200 246
54.152.163.42 - - [28/Feb/2025:00:05:14 +0100] "GET /ticket2/opencms/sites/ticketbrokerage/sv/tickets/fiorentina/inter.html HTTP/1.1" 404 -
66.249.77.139 - - [28/Feb/2025:00:05:14 +0100] "GET /ticket2/opencms/is/buy/?page=1&edid=6491C4B6-5C45-20F3-BDEC-54EE4BA903D5 HTTP/1.1" 200 111672
66.249.75.229 - - [28/Feb/2025:00:05:15 +0100] "GET /ticket2/opencms/dk/magazine/article?title=please-provide-the-text-you-would-like-to-be-translated-into-danish HTTP/1.1" 200 92416
52.203.65.83 - - [28/Feb/2025:00:05:17 +0100] "GET /ticket2/opencms/sites/ticketbrokerage/sv/sport/fotbollsbiljetter/la_liga/valencia/sevilla.html HTTP/1.1" 404 -
66.249.75.229 - - [28/Feb/2025:00:05:18 +0100] "GET /ticket2/opencms/tr/spor/futbol-biletleri/premier-league/chelsea HTTP/1.1" 200 100709
66.249.76.168 - - [28/Feb/2025:00:05:18 +0100] "GET /ticket2/opencms/dk/magazine/article?title=et-skifte-til-mexicanske-rayados HTTP/1.1" 200 93795
20.171.207.230 - - [28/Feb/2025:00:05:19 +0100] "GET /ticket2/opencms/set_aff_cookie.jsp?partner=8F6DE15D-D831-5787-AE7E-FEFF53476F85&url=%252Fen%252Fbuy%252Findex.html%253Fpage%253D1%2526edid%253DEEE973BA-8DC4-78CF-0AA2-8C97FEFEA03F%2526hlv%253D66914895-8ad8-4c14-bcbb-483a0a01000f%2523v_778232826 HTTP/1.1" 200 246
66.249.75.227 - - [28/Feb/2025:00:05:23 +0100] "GET /ticket2/opencms/cs/magazine/article?title=alexander-isak-prekonava-rekord HTTP/1.1" 200 92807
54.36.149.89 - - [28/Feb/2025:00:05:24 +0100] "GET /ticket2/opencms/sv/sport/fotbollsbiljetter HTTP/1.1" 200 96127
66.249.75.228 - - [28/Feb/2025:00:05:24 +0100] "GET /ticket2/opencms/ga/sport/ticeid-peile/champions-league/manchester-city HTTP/1.1" 200 97737
202.8.43.180 - - [28/Feb/2025:00:05:25 +0100] "GET /ticket2/opencms/system/modules/com.gridnine.opencms.ticketbrokerage.site/resources/css/ticketbrokerage.css HTTP/1.1" 200 39339
202.8.43.180 - - [28/Feb/2025:00:05:25 +0100] "GET /ticket2/opencms/system/modules/com.gridnine.opencms.ticketbrokerage.site/resources/css/calendar.css HTTP/1.1" 200 6871
202.8.43.180 - - [28/Feb/2025:00:05:25 +0100] "GET /ticket2/opencms/system/modules/com.gridnine.opencms.ticketbrokerage.site/resources/css/standard.css HTTP/1.1" 200 74207
202.8.43.180 - - [28/Feb/2025:00:05:25 +0100] "GET /ticket2/opencms/system/modules/com.gridnine.opencms.ticketbrokerage.site/resources/css/jquery.fancybox.css HTTP/1.1" 200 4939
202.8.43.180 - - [28/Feb/2025:00:05:25 +0100] "GET /ticket2/opencms/system/modules/com.gridnine.opencms.ticketbrokerage.site/resources/css/jquery-ui.css HTTP/1.1" 200 33221
202.8.43.180 - - [28/Feb/2025:00:05:25 +0100] "GET /ticket2/opencms/system/modules/com.gridnine.opencms.ticketbrokerage.site/resources/js/jquery/jquery.js HTTP/1.1" 200 93868
202.8.43.180 - - [28/Feb/2025:00:05:25 +0100] "GET /ticket2/opencms/system/modules/com.gridnine.opencms.ticketbrokerage.site/resources/js/jquery/jquery-ui.js HTTP/1.1" 200 228088
202.8.43.180 - - [28/Feb/2025:00:05:25 +0100] "GET /ticket2/opencms/system/modules/com.gridnine.opencms.ticketbrokerage.site/resources/js/functions.js HTTP/1.1" 200 1583
202.8.43.180 - - [28/Feb/2025:00:05:25 +0100] "GET /ticket2/opencms/system/modules/com.gridnine.opencms.ticketbrokerage.site/resources/js/calendar-setup.js HTTP/1.1" 200 4923
202.8.43.180 - - [28/Feb/2025:00:05:25 +0100] "GET /ticket2/opencms/system/modules/com.gridnine.opencms.ticketbrokerage.site/resources/js/calendar.js HTTP/1.1" 200 49229
202.8.43.180 - - [28/Feb/2025:00:05:25 +0100] "GET /ticket2/opencms/system/modules/com.gridnine.opencms.ticketbrokerage.site/resources/js/calendar-en.js HTTP/1.1" 200 3338
202.8.43.180 - - [28/Feb/2025:00:05:25 +0100] "GET /ticket2/opencms/system/modules/com.gridnine.opencms.ticketbrokerage.site/resources/js/jquery.fancybox.pack.js HTTP/1.1" 200 23187
202.8.43.180 - - [28/Feb/2025:00:05:25 +0100] "GET /ticket2/opencms/system/modules/com.gridnine.opencms.ticketbrokerage.site/resources/js/stickyfill.min.js HTTP/1.1" 200 5672
202.8.43.180 - - [28/Feb/2025:00:05:25 +0100] "GET /ticket2/opencms/system/modules/com.gridnine.opencms.ticketbrokerage.site/resources/js/standard.js HTTP/1.1" 200 3983
202.8.43.180 - - [28/Feb/2025:00:05:25 +0100] "GET /ticket2/opencms/system/modules/com.gridnine.opencms.ticketbrokerage.site/resources/js/jquery.placeholder.min.js HTTP/1.1" 200 1737
54.225.199.17 - - [28/Feb/2025:00:05:26 +0100] "GET /ticket2/opencms/sites/ticketbrokerage/sv/sport/fotbollsbiljetter/premier_league/arsenal/blackpool.html HTTP/1.1" 404 -
202.8.43.180 - - [28/Feb/2025:00:05:26 +0100] "GET /ticket2/opencms/system/modules/com.gridnine.opencms.ticketbrokerage.site/resources/js/common-ajax.js HTTP/1.1" 200 20175
20.171.207.230 - - [28/Feb/2025:00:05:26 +0100] "GET /ticket2/opencms/set_aff_cookie.jsp?partner=2E02071B-A8C3-4CBA-3097-C27D61C02ED8&url=%252Fdk%252Fbuy%252Findex.html%253Fpage%253D1%2526edid%253DC781C90E-2A4A-BE38-23EB-6039DE2F5FA8%2526hlv%253D666c4b6b-ed4c-4c89-8a20-3f5b0a01000f%2523v_1675747414 HTTP/1.1" 200 247
66.249.75.228 - - [28/Feb/2025:00:05:26 +0100] "GET /ticket2/opencms/be/buy?page=1&edid=50E84B3D-9D0C-3B92-7082-59B92FD223D3 HTTP/1.1" 200 117218
20.171.207.230 - - [28/Feb/2025:00:05:26 +0100] "GET /ticket2/opencms/set_aff_cookie.jsp?partner=6F250EA7-4505-FA01-D601-8847F2573405&url=%252Fnl%252Fbuy%252Findex.html%253Fpage%253D1%2526edid%253D27182C30-0424-098E-A8DB-2AA3B88A1ABD%2526hlv%253D666ddd86-37ec-4e23-a840-6b2b0a01000f%2523v_1153132531 HTTP/1.1" 200 247
20.171.207.230 - - [28/Feb/2025:00:05:28 +0100] "GET /ticket2/opencms/set_aff_cookie.jsp?partner=57601924-FB09-5BB2-867F-08B4EB522BA8&url=%252Fdk%252Fbuy%252Findex.html%253Fpage%253D1%2526edid%253DFB5480CB-FDB3-16C8-62C0-C378411EBA39%2526hlv%253D669388ff-2310-4b9d-8f19-6fc60a01000f%2523v_1836060376 HTTP/1.1" 200 247
85.208.96.201 - - [28/Feb/2025:00:05:29 +0100] "GET /ticket2/opencms/be/magazine/article?title=nine-wins-in-ten-matches HTTP/1.1" 200 93699
3.89.176.255 - - [28/Feb/2025:00:05:29 +0100] "GET /ticket2/opencms/sites/ticketbrokerage/sv/sport/fotbollsbiljetter/premier_league/wolverhampton/swansea.html HTTP/1.1" 404 -
185.191.171.10 - - [28/Feb/2025:00:05:30 +0100] "GET /ticket2/opencms/no/about/press/ HTTP/1.1" 200 90838
85.208.96.198 - - [28/Feb/2025:00:05:31 +0100] "GET /ticket2/opencms/lv/magazine/article?title=aizvert-pareju-logu-agrak HTTP/1.1" 200 92536
20.171.207.230 - - [28/Feb/2025:00:05:31 +0100] "GET /ticket2/opencms/set_aff_cookie.jsp?partner=2E02071B-A8C3-4CBA-3097-C27D61C02ED8&url=%252Fno%252Fbuy%252Findex.html%253Fpage%253D1%2526edid%253D9CB65BAE-DCD8-2D95-397D-813CF31BA500%2526hlv%253D666dbd79-7308-4a18-b5b3-4ff90a01000f%2523v_684668725 HTTP/1.1" 200 246
40.77.167.36 - - [28/Feb/2025:00:05:32 +0100] "GET /ticket2/opencms/mt/buy/?page=1&edid=ECECF905-3469-50E5-FAF9-B097EBC641AB HTTP/1.1" 200 108767
20.171.207.230 - - [28/Feb/2025:00:05:32 +0100] "GET /ticket2/opencms/set_aff_cookie.jsp?partner=8F6DE15D-D831-5787-AE7E-FEFF53476F85&url=%252Fnl%252Fbuy%252Findex.html%253Fpage%253D1%2526edid%253DBB2F3A74-7E9F-DB09-2C3F-D2D8CE32979C%2526hlv%253D6693ad49-6410-4f15-b47d-07f70a01000f%2523v_713871204 HTTP/1.1" 200 246
185.191.171.12 - - [28/Feb/2025:00:05:33 +0100] "GET /ticket2/opencms/sv/magazine/article?articleId=26 HTTP/1.1" 200 93461
66.249.77.137 - - [28/Feb/2025:00:05:34 +0100] "GET /ticket2/opencms/az/magazine/article?title=biz-klub-tarixinde-en-pis-komandayiq HTTP/1.1" 200 93379
20.171.207.230 - - [28/Feb/2025:00:05:35 +0100] "GET /ticket2/opencms/set_aff_cookie.jsp?partner=2E02071B-A8C3-4CBA-3097-C27D61C02ED8&url=%252Fen%252Fbuy%252Findex.html%253Fpage%253D1%2526edid%253DB7B5EA21-D0E1-5D4C-90B1-C2CC29A8B7DF%2526hlv%253D668edebc-a628-426f-9bb8-17560a01000f%2523v_1318104206 HTTP/1.1" 200 247
66.249.72.225 - - [28/Feb/2025:00:05:35 +0100] "GET /ticket2/opencms/fi/urheilu/jalkapallo/premier_league/tottenham/ HTTP/1.1" 200 91430
20.171.207.230 - - [28/Feb/2025:00:05:36 +0100] "GET /ticket2/opencms/set_aff_cookie.jsp?partner=57601924-FB09-5BB2-867F-08B4EB522BA8&url=%252Fdk%252Fbuy%252Findex.html%253Fpage%253D1%2526edid%253D605F0713-F5C5-5844-2344-BCDD5B5AC0EC%2526hlv%253D666ffec1-6738-44f9-a692-23e60a01000f%2523v_1568493866 HTTP/1.1" 200 247
54.36.148.103 - - [28/Feb/2025:00:05:36 +0100] "GET /ticket2/opencms/cs/buy/?page=1&edid=BD48505E-E559-55E9-6DFD-077C302A0A13 HTTP/1.1" 200 128850
119.8.30.129 - - [28/Feb/2025:00:05:42 +0100] "GET /ticket2/opencms/bg/buy?page=1&edid=7D165939-BF98-0026-A2D4-02E534C6E447 HTTP/1.1" 200 113320
114.119.157.43 - - [28/Feb/2025:00:05:42 +0100] "GET /ticket2/opencms/nl/buy?page=1&=D8011C50-93A6-4225-F35F-417FEFE3121C HTTP/1.1" 200 -
20.171.207.230 - - [28/Feb/2025:00:05:42 +0100] "GET /ticket2/opencms/set_aff_cookie.jsp?partner=8F6DE15D-D831-5787-AE7E-FEFF53476F85&url=%252Fsv%252Fbuy%252Findex.html%253Fpage%253D1%2526edid%253D8A1D7FDE-61D9-CA78-3F14-088E085C1428%2526hlv%253D610bcc6e-4e20-4a2b-a63f-155c0a01000f%2523v_2140853988 HTTP/1.1" 200 247
20.171.207.230 - - [28/Feb/2025:00:05:46 +0100] "GET /ticket2/opencms/set_aff_cookie.jsp?partner=692E2C6A-EC6F-1C93-AFCC-C5ACC23A93EA&url=%252Fdk%252Fbuy%252Findex.html%253Fpage%253D1%2526edid%253D0B813C59-BEEE-247A-4323-96A834637DDB%2526hlv%253D611514b9-c18c-4abd-bfc7-7c380a01000f%2523v_874701072 HTTP/1.1" 200 246
20.171.207.230 - - [28/Feb/2025:00:05:48 +0100] "GET /ticket2/opencms/set_aff_cookie.jsp?partner=23A6AD98-906E-5BDD-600E-EC4EC8A45F97&url=%252Fen%252Fbuy%252Findex.html%253Fpage%253D1%2526edid%253D9F8544B2-CF19-221B-478E-5476FF460535%2526hlv%253D6693ab4c-5d0c-4f8e-96d1-052e0a01000f%2523v_1483522243 HTTP/1.1" 200 247
20.171.207.230 - - [28/Feb/2025:00:05:50 +0100] "GET /ticket2/opencms/set_aff_cookie.jsp?partner=57601924-FB09-5BB2-867F-08B4EB522BA8&url=%252Fsv%252Fbuy%252Findex.html%253Fpage%253D1%2526edid%253D31B9C446-A8DC-95DD-A849-35A34B746A74%2526hlv%253D6693ab2c-9968-43e2-8447-052e0a01000f%2523v_1692040265 HTTP/1.1" 200 247
18.206.47.187 - - [28/Feb/2025:00:05:50 +0100] "GET /ticket2/opencms/sites/ticketbrokerage/sv/sport/fotbollsbiljetter/la_liga/barcelona/racing_santander.html HTTP/1.1" 404 -
20.171.207.230 - - [28/Feb/2025:00:05:51 +0100] "GET /ticket2/opencms/set_aff_cookie.jsp?partner=5E0CDF29-E7BE-9F6B-6869-7BF66B04006F&url=%252Ffi%252Fbuy%252Findex.html%253Fpage%253D1%2526edid%253DD4F26649-49E7-D9AD-008F-6A1EF16B5F3C%2526hlv%253D668684b8-df0c-49da-a73c-0b5a0a01000f%2523v_1957860131 HTTP/1.1" 200 247
47.128.54.63 - - [28/Feb/2025:00:05:51 +0100] "GET /ticket2/opencms/sv/buy/?edid=E5A432C8-DA4B-0B1D-D158-7FE1F332A199 HTTP/1.1" 200 91261
20.171.207.230 - - [28/Feb/2025:00:05:52 +0100] "GET /ticket2/opencms/set_aff_cookie.jsp?partner=692E2C6A-EC6F-1C93-AFCC-C5ACC23A93EA&url=%252Fsv%252Fbuy%252Findex.html%253Fpage%253D1%2526edid%253DE3B46C02-527F-BFED-1199-3D6C38556545%2526hlv%253D60c9e543-a6b8-47fd-8e24-237d0a01000f%2523v_1180533604 HTTP/1.1" 200 247
44.205.180.155 - - [28/Feb/2025:00:05:53 +0100] "GET /ticket2/opencms/sites/ticketbrokerage/sv/tickets/napoli/sampdoria.html HTTP/1.1" 404 -
20.171.207.230 - - [28/Feb/2025:00:05:54 +0100] "GET /ticket2/opencms/set_aff_cookie.jsp?partner=5E0CDF29-E7BE-9F6B-6869-7BF66B04006F&url=%252Ffi%252Fbuy%252Findex.html%253Fpage%253D1%2526edid%253DBD28444D-8483-F179-3965-1E8A674294B4%2526hlv%253D66c38da3-6e1c-4b45-83b5-6f2f0a01000f%2523v_414014822 HTTP/1.1" 200 246
54.36.149.47 - - [28/Feb/2025:00:05:55 +0100] "GET /ticket2/opencms/lv/sport/futbola-biletes/premier-league/everton HTTP/1.1" 200 99194
202.8.43.25 - - [28/Feb/2025:00:05:56 +0100] "GET /ticket2/opencms/system/modules/com.gridnine.opencms.ticketbrokerage.site/resources/css/ticketbrokerage.css HTTP/1.1" 200 39339
202.8.43.25 - - [28/Feb/2025:00:05:56 +0100] "GET /ticket2/opencms/system/modules/com.gridnine.opencms.ticketbrokerage.site/resources/css/calendar.css HTTP/1.1" 200 6871
202.8.43.25 - - [28/Feb/2025:00:05:56 +0100] "GET /ticket2/opencms/system/modules/com.gridnine.opencms.ticketbrokerage.site/resources/css/jquery-ui.css HTTP/1.1" 200 33221
202.8.43.25 - - [28/Feb/2025:00:05:56 +0100] "GET /ticket2/opencms/system/modules/com.gridnine.opencms.ticketbrokerage.site/resources/css/standard.css HTTP/1.1" 200 74207
202.8.43.25 - - [28/Feb/2025:00:05:56 +0100] "GET /ticket2/opencms/system/modules/com.gridnine.opencms.ticketbrokerage.site/resources/css/jquery.fancybox.css HTTP/1.1" 200 4939
202.8.43.25 - - [28/Feb/2025:00:05:56 +0100] "GET /ticket2/opencms/system/modules/com.gridnine.opencms.ticketbrokerage.site/resources/js/jquery/jquery.js HTTP/1.1" 200 93868
202.8.43.25 - - [28/Feb/2025:00:05:56 +0100] "GET /ticket2/opencms/system/modules/com.gridnine.opencms.ticketbrokerage.site/resources/js/jquery/jquery-ui.js HTTP/1.1" 200 228088
202.8.43.25 - - [28/Feb/2025:00:05:56 +0100] "GET /ticket2/opencms/system/modules/com.gridnine.opencms.ticketbrokerage.site/resources/js/functions.js HTTP/1.1" 200 1583
202.8.43.25 - - [28/Feb/2025:00:05:56 +0100] "GET /ticket2/opencms/system/modules/com.gridnine.opencms.ticketbrokerage.site/resources/js/calendar.js HTTP/1.1" 200 49229
202.8.43.25 - - [28/Feb/2025:00:05:56 +0100] "GET /ticket2/opencms/system/modules/com.gridnine.opencms.ticketbrokerage.site/resources/js/calendar-setup.js HTTP/1.1" 200 4923
202.8.43.25 - - [28/Feb/2025:00:05:56 +0100] "GET /ticket2/opencms/system/modules/com.gridnine.opencms.ticketbrokerage.site/resources/js/calendar-en.js HTTP/1.1" 200 3338
202.8.43.25 - - [28/Feb/2025:00:05:56 +0100] "GET /ticket2/opencms/system/modules/com.gridnine.opencms.ticketbrokerage.site/resources/js/jquery.fancybox.pack.js HTTP/1.1" 200 23187
202.8.43.25 - - [28/Feb/2025:00:05:56 +0100] "GET /ticket2/opencms/system/modules/com.gridnine.opencms.ticketbrokerage.site/resources/js/standard.js HTTP/1.1" 200 3983
202.8.43.25 - - [28/Feb/2025:00:05:56 +0100] "GET /ticket2/opencms/system/modules/com.gridnine.opencms.ticketbrokerage.site/resources/js/stickyfill.min.js HTTP/1.1" 200 5672
202.8.43.25 - - [28/Feb/2025:00:05:56 +0100] "GET /ticket2/opencms/system/modules/com.gridnine.opencms.ticketbrokerage.site/resources/js/jquery.placeholder.min.js HTTP/1.1" 200 1737
202.8.43.25 - - [28/Feb/2025:00:05:56 +0100] "GET /ticket2/opencms/system/modules/com.gridnine.opencms.ticketbrokerage.site/resources/js/common-ajax.js HTTP/1.1" 200 20175
20.171.207.230 - - [28/Feb/2025:00:05:57 +0100] "GET /ticket2/opencms/set_aff_cookie.jsp?partner=57601924-FB09-5BB2-867F-08B4EB522BA8&url=%252Fsv%252Fbuy%252Findex.html%253Fpage%253D1%2526edid%253DBA7B077D-41E0-093C-1E58-FE5BDBAE9EE8%2526hlv%253D66d04b66-dcdc-4d78-b00b-07840a01000f%2523v_1789227720 HTTP/1.1" 200 247
100.29.128.75 - - [28/Feb/2025:00:05:58 +0100] "GET /ticket2/opencms/bs/sport/fudbalske-karte/english-championship/norwich-city HTTP/1.1" 404 -
47.128.110.194 - - [28/Feb/2025:00:05:58 +0100] "GET /ticket2/opencms/mo/buy/?edid=9D89B626-BE34-D0AA-2430-149AC630E583 HTTP/1.1" 200 91743
20.171.207.230 - - [28/Feb/2025:00:05:59 +0100] "GET /ticket2/opencms/set_aff_cookie.jsp?partner=8F6DE15D-D831-5787-AE7E-FEFF53476F85&url=%252Fno%252Fbuy%252Findex.html%253Fpage%253D1%2526edid%253DF6846B21-DFB1-3342-F8E4-3CC69EE92178%2526hlv%253D61449737-9e78-430f-9b1f-79030a01000f%2523v_1751595628 HTTP/1.1" 200 247
40.77.167.36 - - [28/Feb/2025:00:06:01 +0100] "GET /ticket2/opencms/dk/?page=6&comcatid=A17713B6-D984-201A-4143-ED4DB5ED5C2E&catid=573B7747-EE85-D769-C87D-F3F61FB64AA5 HTTP/1.1" 200 104219
85.208.96.212 - - [28/Feb/2025:00:06:03 +0100] "GET /ticket2/opencms/bs/magazine/article?title=manchester-united-je-odlucio-otpustiti-erika-ten-haga HTTP/1.1" 200 96746
20.171.207.230 - - [28/Feb/2025:00:06:05 +0100] "GET /ticket2/opencms/set_aff_cookie.jsp?partner=8F6DE15D-D831-5787-AE7E-FEFF53476F85&url=%252Fen%252Fbuy%252Findex.html%253Fpage%253D1%2526edid%253DFDE2CB1B-737B-857F-7431-BD450E7D3BBB%2526hlv%253D666d6f2d-a9e0-446a-be24-0c190a01000f%2523v_1726635690 HTTP/1.1" 200 247
54.84.161.62 - - [28/Feb/2025:00:06:05 +0100] "GET /ticket2/opencms/sites/ticketbrokerage/sv/tickets/west-bromwich-albion/blackburn_rovers.html HTTP/1.1" 404 -
114.119.154.81 - - [28/Feb/2025:00:06:09 +0100] "GET /ticket2/opencms/en/venue/?venueid=BFAA7D00-C9A8-E5FE-E9DC-7972FAD436C1 HTTP/1.1" 200 85278
20.171.207.230 - - [28/Feb/2025:00:06:09 +0100] "GET /ticket2/opencms/set_aff_cookie.jsp?partner=8F6DE15D-D831-5787-AE7E-FEFF53476F85&url=%252Fno%252Fbuy%252Findex.html%253Fpage%253D1%2526edid%253D94E69B18-0F80-7FE4-39B6-9D83769C26BD%2526hlv%253D61475aca-3280-4a85-b53c-09a20a01000f%2523v_1584909254 HTTP/1.1" 200 247
3.223.134.5 - - [28/Feb/2025:00:06:09 +0100] "GET /ticket2/opencms/sites/ticketbrokerage/sv/tickets/juventus/bari.html HTTP/1.1" 404 -
20.171.207.230 - - [28/Feb/2025:00:06:12 +0100] "GET /ticket2/opencms/set_aff_cookie.jsp?partner=57601924-FB09-5BB2-867F-08B4EB522BA8&url=%252Fsv%252Fbuy%252Findex.html%253Fpage%253D1%2526edid%253D6CF16ABF-31A5-8D51-A63B-3077208955EB%2526hlv%253D666e9725-9e94-46ec-976d-50940a01000f%2523v_1707925317 HTTP/1.1" 200 247
54.36.148.25 - - [28/Feb/2025:00:06:13 +0100] "GET /ticket2/opencms/nl/sport/voetbal-tickets HTTP/1.1" 200 92777
190.92.233.156 - - [28/Feb/2025:00:06:14 +0100] "GET /ticket2/opencms/es/buy?page=1&edid=CBDF47AD-F7D8-A677-7E8E-783C31186D97 HTTP/1.1" 200 108600
20.171.207.230 - - [28/Feb/2025:00:06:14 +0100] "GET /ticket2/opencms/set_aff_cookie.jsp?partner=2E02071B-A8C3-4CBA-3097-C27D61C02ED8&url=%252Fsv%252Fbuy%252Findex.html%253Fpage%253D1%2526edid%253DFCF728A3-440F-219A-F294-671476E9F932%2526hlv%253D6698cf58-e4a0-4f56-a9dd-3c1e0a01000f%2523v_1181268050 HTTP/1.1" 200 247
202.8.43.206 - - [28/Feb/2025:00:06:14 +0100] "GET /ticket2/opencms/system/modules/com.gridnine.opencms.ticketbrokerage.site/resources/css/ticketbrokerage.css HTTP/1.1" 200 39339
202.8.43.206 - - [28/Feb/2025:00:06:14 +0100] "GET /ticket2/opencms/system/modules/com.gridnine.opencms.ticketbrokerage.site/resources/css/jquery-ui.css HTTP/1.1" 200 33221
202.8.43.206 - - [28/Feb/2025:00:06:14 +0100] "GET /ticket2/opencms/system/modules/com.gridnine.opencms.ticketbrokerage.site/resources/css/calendar.css HTTP/1.1" 200 6871
202.8.43.206 - - [28/Feb/2025:00:06:14 +0100] "GET /ticket2/opencms/system/modules/com.gridnine.opencms.ticketbrokerage.site/resources/css/jquery.fancybox.css HTTP/1.1" 200 4939
202.8.43.206 - - [28/Feb/2025:00:06:14 +0100] "GET /ticket2/opencms/system/modules/com.gridnine.opencms.ticketbrokerage.site/resources/css/standard.css HTTP/1.1" 200 74207
202.8.43.206 - - [28/Feb/2025:00:06:14 +0100] "GET /ticket2/opencms/system/modules/com.gridnine.opencms.ticketbrokerage.site/resources/js/jquery/jquery.js HTTP/1.1" 200 93868
202.8.43.206 - - [28/Feb/2025:00:06:14 +0100] "GET /ticket2/opencms/system/modules/com.gridnine.opencms.ticketbrokerage.site/resources/js/functions.js HTTP/1.1" 200 1583
202.8.43.206 - - [28/Feb/2025:00:06:14 +0100] "GET /ticket2/opencms/system/modules/com.gridnine.opencms.ticketbrokerage.site/resources/js/jquery/jquery-ui.js HTTP/1.1" 200 228088
202.8.43.206 - - [28/Feb/2025:00:06:14 +0100] "GET /ticket2/opencms/system/modules/com.gridnine.opencms.ticketbrokerage.site/resources/js/calendar.js HTTP/1.1" 200 49229
202.8.43.206 - - [28/Feb/2025:00:06:15 +0100] "GET /ticket2/opencms/system/modules/com.gridnine.opencms.ticketbrokerage.site/resources/js/calendar-en.js HTTP/1.1" 200 3338
202.8.43.206 - - [28/Feb/2025:00:06:15 +0100] "GET /ticket2/opencms/system/modules/com.gridnine.opencms.ticketbrokerage.site/resources/js/calendar-setup.js HTTP/1.1" 200 4923
202.8.43.206 - - [28/Feb/2025:00:06:15 +0100] "GET /ticket2/opencms/system/modules/com.gridnine.opencms.ticketbrokerage.site/resources/js/jquery.fancybox.pack.js HTTP/1.1" 200 23187
202.8.43.206 - - [28/Feb/2025:00:06:15 +0100] "GET /ticket2/opencms/system/modules/com.gridnine.opencms.ticketbrokerage.site/resources/js/stickyfill.min.js HTTP/1.1" 200 5672
202.8.43.206 - - [28/Feb/2025:00:06:15 +0100] "GET /ticket2/opencms/system/modules/com.gridnine.opencms.ticketbrokerage.site/resources/js/standard.js HTTP/1.1" 200 3983
202.8.43.206 - - [28/Feb/2025:00:06:15 +0100] "GET /ticket2/opencms/system/modules/com.gridnine.opencms.ticketbrokerage.site/resources/js/common-ajax.js HTTP/1.1" 200 20175
202.8.43.206 - - [28/Feb/2025:00:06:15 +0100] "GET /ticket2/opencms/system/modules/com.gridnine.opencms.ticketbrokerage.site/resources/js/jquery.placeholder.min.js HTTP/1.1" 200 1737
54.36.148.234 - - [28/Feb/2025:00:06:15 +0100] "GET /ticket2/opencms/sv/buy/?page=1&edid=81ED6DDC-8A95-C021-CA9A-A72788EB9E3B HTTP/1.1" 200 111562
20.171.207.230 - - [28/Feb/2025:00:06:15 +0100] "GET /ticket2/opencms/set_aff_cookie.jsp?partner=57601924-FB09-5BB2-867F-08B4EB522BA8&url=%252Fno%252Fbuy%252Findex.html%253Fpage%253D1%2526edid%253D89FE7505-90F7-E10A-4E29-615C9B572E94%2526hlv%253D60c9ee54-61d8-4dd9-a62d-298a0a01000f%2523v_1717254378 HTTP/1.1" 200 247
114.119.135.251 - - [28/Feb/2025:00:06:18 +0100] "GET /ticket2/opencms/en/venue/?venueid=0D8FB175-8FD4-BBC9-1FBC-8F0EBFF5E13C HTTP/1.1" 200 85266
20.171.207.230 - - [28/Feb/2025:00:06:20 +0100] "GET /ticket2/opencms/set_aff_cookie.jsp?partner=8F6DE15D-D831-5787-AE7E-FEFF53476F85&url=%252Fru%252Fbuy%252Findex.html%253Fpage%253D1%2526edid%253D497CFADB-43B9-65B9-4674-F7F3D004A91F%2526hlv%253D60c9e66a-0874-4717-9695-237e0a01000f%2523v_639982642 HTTP/1.1" 200 246
20.171.207.230 - - [28/Feb/2025:00:06:22 +0100] "GET /ticket2/opencms/set_aff_cookie.jsp?partner=57601924-FB09-5BB2-867F-08B4EB522BA8&url=%252Fen%252Fbuy%252Findex.html%253Fpage%253D1%2526edid%253D4457AAA5-B79C-4CFF-795B-48A1890E4376%2526hlv%253D6145cb6c-ce0c-4b5b-a226-684b0a01000f%2523v_2036414447 HTTP/1.1" 200 247
185.191.171.19 - - [28/Feb/2025:00:06:22 +0100] "GET /ticket2/opencms/ka/magazine/article?title=jud-belinghemi HTTP/1.1" 200 96950
20.171.207.230 - - [28/Feb/2025:00:06:24 +0100] "GET /ticket2/opencms/set_aff_cookie.jsp?partner=2E02071B-A8C3-4CBA-3097-C27D61C02ED8&url=%252Fru%252Fbuy%252Findex.html%253Fpage%253D1%2526edid%253DEEE973BA-8DC4-78CF-0AA2-8C97FEFEA03F%2526hlv%253D66914896-a888-405d-86b9-483a0a01000f%2523v_1043975822 HTTP/1.1" 200 247
85.208.96.207 - - [28/Feb/2025:00:06:26 +0100] "GET /ticket2/opencms/sr/magazine/article?title=uobicajeni-pojmovi-u-fudbalu HTTP/1.1" 200 96923
20.171.207.230 - - [28/Feb/2025:00:06:28 +0100] "GET /ticket2/opencms/set_aff_cookie.jsp?partner=8F6DE15D-D831-5787-AE7E-FEFF53476F85&url=%252Fdk%252Fbuy%252Findex.html%253Fpage%253D1%2526edid%253DF26F7624-B3C7-3F2B-5F3B-CAEEB7F1CB7F%2526hlv%253D666dbbeb-62e8-4129-aa06-4e800a01000f%2523v_1035118613 HTTP/1.1" 200 247
20.171.207.230 - - [28/Feb/2025:00:06:29 +0100] "GET /ticket2/opencms/set_aff_cookie.jsp?partner=8F6DE15D-D831-5787-AE7E-FEFF53476F85&url=%252Fno%252Fbuy%252Findex.html%253Fpage%253D1%2526edid%253D41CD7066-237A-B852-387D-3D5D7B688DF9%2526hlv%253D66a120e6-70ec-4316-ba97-08c90a01000f%2523v_572581035 HTTP/1.1" 200 246
66.249.75.228 - - [28/Feb/2025:00:06:29 +0100] "GET /ticket2/opencms/fr/buy?page=1&edid=E2D9A408-8935-6A15-C054-9FB347B10142&hlv=66d04ab9-2968-4574-9db5-06230a01000f HTTP/1.1" 200 112974
20.171.207.230 - - [28/Feb/2025:00:06:30 +0100] "GET /ticket2/opencms/set_aff_cookie.jsp?partner=2E02071B-A8C3-4CBA-3097-C27D61C02ED8&url=%252Fsv%252Fbuy%252Findex.html%253Fpage%253D1%2526edid%253D6A920F16-DD42-2262-3AA2-B83D5743F13A%2526hlv%253D666cb1c9-c00c-431e-8175-44290a01000f%2523v_1897360675 HTTP/1.1" 200 247
66.249.75.203 - - [28/Feb/2025:00:06:31 +0100] "GET /ticket2/opencms/en/venue/?venueid=316F63CB-1987-416B-84A9-D2C76D53F441 HTTP/1.1" 200 85332
20.171.207.230 - - [28/Feb/2025:00:06:32 +0100] "GET /ticket2/opencms/set_aff_cookie.jsp?partner=5E0CDF29-E7BE-9F6B-6869-7BF66B04006F&url=%252Ffi%252Fbuy%252Findex.html%253Fpage%253D1%2526edid%253D0415C45A-63CA-260A-2123-85A9DAAFCE72%2526hlv%253D6145c047-d164-4f37-8594-65ca0a01000f%2523v_857199932 HTTP/1.1" 200 246
114.119.146.220 - - [28/Feb/2025:00:06:33 +0100] "GET /ticket2/opencms/en/sell/?edid=91FAE701-E944-1968-F53E-1E91CED66301 HTTP/1.1" 302 -
54.36.148.177 - - [28/Feb/2025:00:06:33 +0100] "GET /ticket2/opencms/no/buy?page=1&edid=9BFFFF0C-C809-CAED-9589-C9537A82DE22 HTTP/1.1" 200 110082
20.171.207.230 - - [28/Feb/2025:00:06:35 +0100] "GET /ticket2/opencms/set_aff_cookie.jsp?partner=23A6AD98-906E-5BDD-600E-EC4EC8A45F97&url=%252Fen%252Fbuy%252Findex.html%253Fpage%253D1%2526edid%253D779DCE22-7865-5C8E-54FB-44794C9B955F%2526hlv%253D669241c4-598c-44f0-8de6-0d450a01000f%2523v_1776187454 HTTP/1.1" 200 247
114.119.146.220 - - [28/Feb/2025:00:06:37 +0100] "GET /ticket2/opencms/en/login/?url=/en/sell/ HTTP/1.1" 200 90135
20.171.207.230 - - [28/Feb/2025:00:06:38 +0100] "GET /ticket2/opencms/set_aff_cookie.jsp?partner=8F6DE15D-D831-5787-AE7E-FEFF53476F85&url=%252Fsv%252Fbuy%252Findex.html%253Fpage%253D1%2526edid%253D86A7D428-8E42-C0D0-846E-90C83426D4AE%2526hlv%253D6686653f-dfa4-45ef-a278-67400a01000f%2523v_2068493008 HTTP/1.1" 200 247
20.171.207.230 - - [28/Feb/2025:00:06:39 +0100] "GET /ticket2/opencms/set_aff_cookie.jsp?partner=6F250EA7-4505-FA01-D601-8847F2573405&url=%252Fsv%252Fbuy%252Findex.html%253Fpage%253D1%2526edid%253D9905BE36-3483-E35C-D446-E28B848EF37B%2526hlv%253D669028dc-86bc-4b7d-928f-27bf0a01000f%2523v_2044183678 HTTP/1.1" 200 247
185.191.171.19 - - [28/Feb/2025:00:06:40 +0100] "GET /ticket2/opencms/ro/magazine/article?title=arsenal-se-apropie-de-liverpool HTTP/1.1" 200 93185
173.252.83.1 - - [28/Feb/2025:00:06:41 +0100] "GET /ticket2/opencms/it/buy/?page=1&edid=E46B7BC6-4C27-35AD-CA54-AE12489EE42A HTTP/1.1" 200 111460
40.77.167.23 - - [28/Feb/2025:00:06:41 +0100] "GET /ticket2/opencms/dk/sport/fodboldbilletter/bundesliga/heidenheim/ HTTP/1.1" 200 96175
114.119.143.233 - - [28/Feb/2025:00:06:41 +0100] "GET /ticket2/opencms/nl/buy?page=1&=B7610A39-4144-0BE0-019F-B5A48CCD6AC6 HTTP/1.1" 200 -
20.171.207.230 - - [28/Feb/2025:00:06:43 +0100] "GET /ticket2/opencms/set_aff_cookie.jsp?partner=692E2C6A-EC6F-1C93-AFCC-C5ACC23A93EA&url=%252Fsv%252Fbuy%252Findex.html%253Fpage%253D1%2526edid%253DC5BE8910-C31D-1B7A-D498-4C5862D3F5A8%2526hlv%253D6145b70c-35c8-4182-a664-62e90a01000f%2523v_837489911 HTTP/1.1" 200 246
150.40.165.43 - - [28/Feb/2025:00:06:46 +0100] "GET /ticket2/opencms/bg/buy?page=1&edid=C2472D62-5082-1F11-D8B7-FFCB03AF0060 HTTP/1.1" 200 113246
54.36.148.242 - - [28/Feb/2025:00:06:47 +0100] "GET /ticket2/opencms/en/sport/football-tickets/serie_a/empoli HTTP/1.1" 200 92972
20.171.207.230 - - [28/Feb/2025:00:06:47 +0100] "GET /ticket2/opencms/set_aff_cookie.jsp?partner=692E2C6A-EC6F-1C93-AFCC-C5ACC23A93EA&url=%252Fdk%252Fbuy%252Findex.html%253Fpage%253D1%2526edid%253DB2C09047-47EF-D3CC-C470-1A1DFD8204C6%2526hlv%253D6140e36b-15cc-4fa1-a8f8-79710a01000f%2523v_143642774 HTTP/1.1" 200 246
202.8.40.24 - - [28/Feb/2025:00:06:48 +0100] "GET /ticket2/opencms/system/modules/com.gridnine.opencms.ticketbrokerage.site/resources/css/ticketbrokerage.css HTTP/1.1" 200 39339
202.8.40.24 - - [28/Feb/2025:00:06:48 +0100] "GET /ticket2/opencms/system/modules/com.gridnine.opencms.ticketbrokerage.site/resources/css/standard.css HTTP/1.1" 200 74207
202.8.40.24 - - [28/Feb/2025:00:06:48 +0100] "GET /ticket2/opencms/system/modules/com.gridnine.opencms.ticketbrokerage.site/resources/css/jquery.fancybox.css HTTP/1.1" 200 4939
202.8.40.24 - - [28/Feb/2025:00:06:48 +0100] "GET /ticket2/opencms/system/modules/com.gridnine.opencms.ticketbrokerage.site/resources/css/calendar.css HTTP/1.1" 200 6871
202.8.40.24 - - [28/Feb/2025:00:06:48 +0100] "GET /ticket2/opencms/system/modules/com.gridnine.opencms.ticketbrokerage.site/resources/css/jquery-ui.css HTTP/1.1" 200 33221
202.8.40.24 - - [28/Feb/2025:00:06:48 +0100] "GET /ticket2/opencms/system/modules/com.gridnine.opencms.ticketbrokerage.site/resources/js/jquery/jquery.js HTTP/1.1" 200 93868
202.8.40.24 - - [28/Feb/2025:00:06:48 +0100] "GET /ticket2/opencms/system/modules/com.gridnine.opencms.ticketbrokerage.site/resources/js/jquery/jquery-ui.js HTTP/1.1" 200 228088
202.8.40.24 - - [28/Feb/2025:00:06:48 +0100] "GET /ticket2/opencms/system/modules/com.gridnine.opencms.ticketbrokerage.site/resources/js/calendar-en.js HTTP/1.1" 200 3338
202.8.40.24 - - [28/Feb/2025:00:06:48 +0100] "GET /ticket2/opencms/system/modules/com.gridnine.opencms.ticketbrokerage.site/resources/js/calendar.js HTTP/1.1" 200 49229
202.8.40.24 - - [28/Feb/2025:00:06:48 +0100] "GET /ticket2/opencms/system/modules/com.gridnine.opencms.ticketbrokerage.site/resources/js/functions.js HTTP/1.1" 200 1583
202.8.40.24 - - [28/Feb/2025:00:06:48 +0100] "GET /ticket2/opencms/system/modules/com.gridnine.opencms.ticketbrokerage.site/resources/js/calendar-setup.js HTTP/1.1" 200 4923
202.8.40.24 - - [28/Feb/2025:00:06:48 +0100] "GET /ticket2/opencms/system/modules/com.gridnine.opencms.ticketbrokerage.site/resources/js/jquery.fancybox.pack.js HTTP/1.1" 200 23187
202.8.40.24 - - [28/Feb/2025:00:06:48 +0100] "GET /ticket2/opencms/system/modules/com.gridnine.opencms.ticketbrokerage.site/resources/js/stickyfill.min.js HTTP/1.1" 200 5672
202.8.40.24 - - [28/Feb/2025:00:06:48 +0100] "GET /ticket2/opencms/system/modules/com.gridnine.opencms.ticketbrokerage.site/resources/js/standard.js HTTP/1.1" 200 3983
202.8.40.24 - - [28/Feb/2025:00:06:48 +0100] "GET /ticket2/opencms/system/modules/com.gridnine.opencms.ticketbrokerage.site/resources/js/jquery.placeholder.min.js HTTP/1.1" 200 1737
202.8.40.24 - - [28/Feb/2025:00:06:48 +0100] "GET /ticket2/opencms/system/modules/com.gridnine.opencms.ticketbrokerage.site/resources/js/common-ajax.js HTTP/1.1" 200 20175
20.171.207.230 - - [28/Feb/2025:00:06:49 +0100] "GET /ticket2/opencms/set_aff_cookie.jsp?partner=57601924-FB09-5BB2-867F-08B4EB522BA8&url=%252Fen%252Fbuy%252Findex.html%253Fpage%253D1%2526edid%253D3502B50F-1738-D633-FD29-6C14BFE62906%2526hlv%253D61127be9-fa04-4c25-a8e7-2ed20a01000f%2523v_177822578 HTTP/1.1" 200 246
20.171.207.230 - - [28/Feb/2025:00:06:53 +0100] "GET /ticket2/opencms/set_aff_cookie.jsp?partner=5E0CDF29-E7BE-9F6B-6869-7BF66B04006F&url=%252Ffi%252Fbuy%252Findex.html%253Fpage%253D1%2526edid%253D096598FE-DA35-4351-DFEE-DC9ACA0F0EF9%2526hlv%253D666ddba0-6630-4cb4-9889-6a320a01000f%2523v_861524559 HTTP/1.1" 200 246
66.249.76.168 - - [28/Feb/2025:00:06:55 +0100] "GET /ticket2/opencms/set_aff_cookie.jsp?partner=2E02071B-A8C3-4CBA-3097-C27D61C02ED8&url=%252Fdk%252Fbuy%252Findex.html%253Fpage%253D1%2526edid%253D51218E22-B416-8A45-FFDA-8364D5067E03%2526hlv%253D6698d633-0fd8-4271-a3f9-40b20a01000f%2523v_1107850322 HTTP/1.1" 200 247
20.171.207.230 - - [28/Feb/2025:00:06:55 +0100] "GET /ticket2/opencms/set_aff_cookie.jsp?partner=8F6DE15D-D831-5787-AE7E-FEFF53476F85&url=%252Fnl%252Fbuy%252Findex.html%253Fpage%253D1%2526edid%253D57C8D150-DCBD-4911-196A-160A37952FA8%2526hlv%253D666cb397-93fc-41a1-b11f-46170a01000f%2523v_1041976770 HTTP/1.1" 200 247
