20.171.207.246 - - [28/Feb/2025:00:52:22 +0100] "GET /ticket2/opencms/set_aff_cookie.jsp?partner=5E0CDF29-E7BE-9F6B-6869-7BF66B04006F&url=%252Fno%252Fbuy%252Findex.html%253Fpage%253D1%2526edid%253D66C22035-E7EA-E10A-4BFC-2C30733037DC%2526hlv%253D666d4a3b-4548-401c-99b3-6bb30a01000f%2523v1373569127 HTTP/1.1" 200 246
172.70.240.31 - - [28/Feb/2025:00:52:22 +0100] "GET /ticket2/opencms/de/wordpress/wp-admin/setup-config.php HTTP/1.1" 404 -
149.202.86.139 - - [28/Feb/2025:00:52:23 +0100] "GET /ticket2/opencms/fi/venue/?venueid=BB736B8D-452E-548C-9145-71E4BC7BD986 HTTP/1.1" 200 86922
20.171.207.246 - - [28/Feb/2025:00:52:23 +0100] "GET /ticket2/opencms/set_aff_cookie.jsp?partner=2E02071B-A8C3-4CBA-3097-C27D61C02ED8&url=%252Fen%252Fbuy%252Findex.html%253Fpage%253D1%2526edid%253D1291CD6B-4651-52CC-8D36-B0FB58FEEDFA%2526hlv%253D66704ab6-e524-499c-86b4-69a10a01000f%2523v_1430460862 HTTP/1.1" 200 247
216.244.66.238 - - [28/Feb/2025:00:52:24 +0100] "GET /ticket2/opencms/bs/buy?page=1&edid=A4E0FC85-7C79-F9F5-C18A-2337C0D586CB HTTP/1.1" 200 111827
20.171.207.246 - - [28/Feb/2025:00:52:24 +0100] "GET /ticket2/opencms/set_aff_cookie.jsp?partner=8F6DE15D-D831-5787-AE7E-FEFF53476F85&url=%252Fdk%252Fbuy%252Findex.html%253Fpage%253D1%2526edid%253DE8BA54CC-B112-3D61-BE02-1B4D1E4F63D1%2526hlv%253D666ddc0d-873c-4279-8667-6a330a01000f%2523v_1989556122 HTTP/1.1" 200 247
20.171.207.246 - - [28/Feb/2025:00:52:25 +0100] "GET /ticket2/opencms/set_aff_cookie.jsp?partner=8F6DE15D-D831-5787-AE7E-FEFF53476F85&url=%252Ffi%252Fbuy%252Findex.html%253Fpage%253D1%2526edid%253D150C2B47-38EB-0C0E-C664-5F863E9426DB%2526hlv%253D66cafa7f-60f4-46b8-883a-33480a01000f%2523v_1334722314 HTTP/1.1" 200 247
20.171.207.246 - - [28/Feb/2025:00:52:26 +0100] "GET /ticket2/opencms/set_aff_cookie.jsp?partner=2E02071B-A8C3-4CBA-3097-C27D61C02ED8&url=%252Fsv%252Fbuy%252Findex.html%253Fpage%253D1%2526edid%253D66C22035-E7EA-E10A-4BFC-2C30733037DC%2526hlv%253D666d4a37-4e7c-4cfe-8701-6bb30a01000f%2523v1223834421 HTTP/1.1" 200 246
20.171.207.246 - - [28/Feb/2025:00:52:27 +0100] "GET /ticket2/opencms/set_aff_cookie.jsp?partner=57601924-FB09-5BB2-867F-08B4EB522BA8&url=%252Fru%252Fbuy%252Findex.html%253Fpage%253D1%2526edid%253D3FBB7D7B-D75F-7C1C-78F5-08C145E9FDB1%2526hlv%253D610bce49-4b80-4602-a13d-16280a01000f%2523v_893025052 HTTP/1.1" 200 246
149.202.86.139 - - [28/Feb/2025:00:52:28 +0100] "GET /ticket2/opencms/fi/venue/?venueid=E0CC7055-3FC4-A5FC-6597-028072A69213 HTTP/1.1" 200 86900
20.171.207.246 - - [28/Feb/2025:00:52:29 +0100] "GET /ticket2/opencms/set_aff_cookie.jsp?partner=8F6DE15D-D831-5787-AE7E-FEFF53476F85&url=%252Fnl%252Fbuy%252Findex.html%253Fpage%253D1%2526edid%253D76AC12AC-4686-41BA-93AB-CDA5668851B1%2526hlv%253D66900fc6-5b1c-4261-ae84-18030a01000f%2523v_917750356 HTTP/1.1" 200 246
20.171.207.246 - - [28/Feb/2025:00:52:30 +0100] "GET /ticket2/opencms/set_aff_cookie.jsp?partner=8F6DE15D-D831-5787-AE7E-FEFF53476F85&url=%252Fdk%252Fbuy%252Findex.html%253Fpage%253D1%2526edid%253D1AD4E11C-C792-1721-4D1A-2229101A30FD%2526hlv%253D666c8a13-1f24-41b2-abb7-7e6f0a01000f%2523v_1363547458 HTTP/1.1" 200 247
20.171.207.246 - - [28/Feb/2025:00:52:31 +0100] "GET /ticket2/opencms/set_aff_cookie.jsp?partner=2E02071B-A8C3-4CBA-3097-C27D61C02ED8&url=%252Fsv%252Fbuy%252Findex.html%253Fpage%253D1%2526edid%253D76AC12AC-4686-41BA-93AB-CDA5668851B1%2526hlv%253D66900fc6-d2b4-4fd9-8ea6-18030a01000f%2523v_678905769 HTTP/1.1" 200 246
149.202.86.139 - - [28/Feb/2025:00:52:32 +0100] "GET /ticket2/opencms/fi/venue/?venueid=E5062924-B4F3-0DE7-D5ED-74F1F93777E1 HTTP/1.1" 200 86902
20.171.207.246 - - [28/Feb/2025:00:52:32 +0100] "GET /ticket2/opencms/set_aff_cookie.jsp?partner=5E0CDF29-E7BE-9F6B-6869-7BF66B04006F&url=%252Fsv%252Fbuy%252Findex.html%253Fpage%253D1%2526edid%253D150C2B47-38EB-0C0E-C664-5F863E9426DB%2526hlv%253D66cafa7d-c3a4-4697-949d-33480a01000f%2523v_2043220951 HTTP/1.1" 200 247
54.36.149.78 - - [28/Feb/2025:00:52:32 +0100] "GET /ticket2/opencms/nl/buy?page=1&edid=0C675B35-F010-2227-D951-9B816929F720 HTTP/1.1" 200 115536
20.171.207.246 - - [28/Feb/2025:00:52:33 +0100] "GET /ticket2/opencms/set_aff_cookie.jsp?partner=8F6DE15D-D831-5787-AE7E-FEFF53476F85&url=%252Fno%252Fbuy%252Findex.html%253Fpage%253D1%2526edid%253D2E7C3DB6-FDBC-8B55-9268-E31142D44B61%2526hlv%253D612b52fb-c708-40d0-9947-3cac0a01000f%2523v_1865197721 HTTP/1.1" 200 247
20.171.207.246 - - [28/Feb/2025:00:52:34 +0100] "GET /ticket2/opencms/set_aff_cookie.jsp?partner=8F6DE15D-D831-5787-AE7E-FEFF53476F85&url=%252Fsv%252Fbuy%252Findex.html%253Fpage%253D1%2526edid%253D6ED08D04-7263-AC79-DA04-AFB97DC97A00%2526hlv%253D6693908e-f990-4ee4-89a5-74840a01000f%2523v_821101184 HTTP/1.1" 200 246
20.171.207.246 - - [28/Feb/2025:00:52:35 +0100] "GET /ticket2/opencms/set_aff_cookie.jsp?partner=2E02071B-A8C3-4CBA-3097-C27D61C02ED8&url=%252Fno%252Fbuy%252Findex.html%253Fpage%253D1%2526edid%253D66FFE717-0C93-3F01-2AC8-8E7FC5F9BAB1%2526hlv%253D6689076b-d208-4ad4-8160-1ba70a01000f%2523v1390442295 HTTP/1.1" 200 246
20.171.207.246 - - [28/Feb/2025:00:52:37 +0100] "GET /ticket2/opencms/set_aff_cookie.jsp?partner=8F6DE15D-D831-5787-AE7E-FEFF53476F85&url=%252Ffi%252Fbuy%252Findex.html%253Fpage%253D1%2526edid%253D697BE447-74B7-A748-152F-A1818DA4BEC9%2526hlv%253D666d6f1d-54c4-4b80-b1d7-0c190a01000f%2523v_1294518616 HTTP/1.1" 200 247
149.202.86.139 - - [28/Feb/2025:00:52:37 +0100] "GET /ticket2/opencms/fi/venue/?venueid=E68A45BC-0CBA-4CB6-8ECD-A427173821D5 HTTP/1.1" 200 86883
54.84.102.81 - - [28/Feb/2025:00:52:37 +0100] "GET /ticket2/opencms/sites/ticketbrokerage/sv/sport/fotbollsbiljetter/premier_league/blackburn_rovers/wolverhampton.html HTTP/1.1" 404 -
20.171.207.246 - - [28/Feb/2025:00:52:38 +0100] "GET /ticket2/opencms/set_aff_cookie.jsp?partner=2E02071B-A8C3-4CBA-3097-C27D61C02ED8&url=%252Fno%252Fbuy%252Findex.html%253Fpage%253D1%2526edid%253D66C22035-E7EA-E10A-4BFC-2C30733037DC%2526hlv%253D666d4a37-4e7c-4cfe-8701-6bb30a01000f%2523v1223834421 HTTP/1.1" 200 246
54.36.148.65 - - [28/Feb/2025:00:52:38 +0100] "GET /ticket2/opencms/hu/buy?page=1&edid=5605B728-A815-14DD-9E19-09BABDE81131 HTTP/1.1" 200 111858
122.8.180.31 - - [28/Feb/2025:00:52:39 +0100] "GET /ticket2/opencms/bg/buy/?page=1&edid=66639F01-2DC3-AE31-937D-1F5B14F403FD HTTP/1.1" 200 110999
20.171.207.246 - - [28/Feb/2025:00:52:39 +0100] "GET /ticket2/opencms/set_aff_cookie.jsp?partner=2E02071B-A8C3-4CBA-3097-C27D61C02ED8&url=%252Fru%252Fbuy%252Findex.html%253Fpage%253D1%2526edid%253D66C22035-E7EA-E10A-4BFC-2C30733037DC%2526hlv%253D666d4a3b-fb24-4111-a167-6bb30a01000f%2523v1670352733 HTTP/1.1" 200 246
202.8.41.59 - - [28/Feb/2025:00:52:39 +0100] "GET /ticket2/opencms/system/modules/com.gridnine.opencms.ticketbrokerage.site/resources/css/ticketbrokerage.css HTTP/1.1" 200 39339
202.8.41.59 - - [28/Feb/2025:00:52:39 +0100] "GET /ticket2/opencms/system/modules/com.gridnine.opencms.ticketbrokerage.site/resources/css/calendar.css HTTP/1.1" 200 6871
202.8.41.59 - - [28/Feb/2025:00:52:39 +0100] "GET /ticket2/opencms/system/modules/com.gridnine.opencms.ticketbrokerage.site/resources/css/standard.css HTTP/1.1" 200 74207
202.8.41.59 - - [28/Feb/2025:00:52:39 +0100] "GET /ticket2/opencms/system/modules/com.gridnine.opencms.ticketbrokerage.site/resources/css/jquery.fancybox.css HTTP/1.1" 200 4939
202.8.41.59 - - [28/Feb/2025:00:52:39 +0100] "GET /ticket2/opencms/system/modules/com.gridnine.opencms.ticketbrokerage.site/resources/css/jquery-ui.css HTTP/1.1" 200 33221
202.8.41.59 - - [28/Feb/2025:00:52:39 +0100] "GET /ticket2/opencms/system/modules/com.gridnine.opencms.ticketbrokerage.site/resources/js/jquery/jquery.js HTTP/1.1" 200 93868
202.8.41.59 - - [28/Feb/2025:00:52:39 +0100] "GET /ticket2/opencms/system/modules/com.gridnine.opencms.ticketbrokerage.site/resources/js/functions.js HTTP/1.1" 200 1583
202.8.41.59 - - [28/Feb/2025:00:52:39 +0100] "GET /ticket2/opencms/system/modules/com.gridnine.opencms.ticketbrokerage.site/resources/js/calendar-en.js HTTP/1.1" 200 3338
202.8.41.59 - - [28/Feb/2025:00:52:39 +0100] "GET /ticket2/opencms/system/modules/com.gridnine.opencms.ticketbrokerage.site/resources/js/calendar.js HTTP/1.1" 200 49229
202.8.41.59 - - [28/Feb/2025:00:52:39 +0100] "GET /ticket2/opencms/system/modules/com.gridnine.opencms.ticketbrokerage.site/resources/js/jquery/jquery-ui.js HTTP/1.1" 200 228088
202.8.41.59 - - [28/Feb/2025:00:52:39 +0100] "GET /ticket2/opencms/system/modules/com.gridnine.opencms.ticketbrokerage.site/resources/js/calendar-setup.js HTTP/1.1" 200 4923
202.8.41.59 - - [28/Feb/2025:00:52:39 +0100] "GET /ticket2/opencms/system/modules/com.gridnine.opencms.ticketbrokerage.site/resources/js/jquery.fancybox.pack.js HTTP/1.1" 200 23187
202.8.41.59 - - [28/Feb/2025:00:52:39 +0100] "GET /ticket2/opencms/system/modules/com.gridnine.opencms.ticketbrokerage.site/resources/js/stickyfill.min.js HTTP/1.1" 200 5672
202.8.41.59 - - [28/Feb/2025:00:52:39 +0100] "GET /ticket2/opencms/system/modules/com.gridnine.opencms.ticketbrokerage.site/resources/js/standard.js HTTP/1.1" 200 3983
202.8.41.59 - - [28/Feb/2025:00:52:40 +0100] "GET /ticket2/opencms/system/modules/com.gridnine.opencms.ticketbrokerage.site/resources/js/jquery.placeholder.min.js HTTP/1.1" 200 1737
202.8.41.59 - - [28/Feb/2025:00:52:40 +0100] "GET /ticket2/opencms/system/modules/com.gridnine.opencms.ticketbrokerage.site/resources/js/common-ajax.js HTTP/1.1" 200 20175
202.8.41.59 - - [28/Feb/2025:00:52:40 +0100] "GET /ticket2/opencms/hu/ask-form.html HTTP/1.1" 200 3156
202.8.41.59 - - [28/Feb/2025:00:52:40 +0100] "GET /ticket2/opencms/system/modules/com.gridnine.opencms.ticketbrokerage.site/resources/css/ticketbrokerage.css HTTP/1.1" 200 39339
20.171.207.246 - - [28/Feb/2025:00:52:40 +0100] "GET /ticket2/opencms/set_aff_cookie.jsp?partner=8F6DE15D-D831-5787-AE7E-FEFF53476F85&url=%252Fno%252Fbuy%252Findex.html%253Fpage%253D1%2526edid%253D6ED08D04-7263-AC79-DA04-AFB97DC97A00%2526hlv%253D6693908e-64ec-4660-8f1f-74840a01000f%2523v_289889636 HTTP/1.1" 200 246
216.244.66.238 - - [28/Feb/2025:00:52:40 +0100] "GET /ticket2/opencms/dk/sv/buy/?page=1&edid=51B2CB32-7951-739E-6893-05415B594B46 HTTP/1.1" 404 -
149.202.86.139 - - [28/Feb/2025:00:52:41 +0100] "GET /ticket2/opencms/fi/venue/?venueid=E6C7CF50-648B-EF95-A6BB-99DB19BC221E HTTP/1.1" 200 86827
20.171.207.246 - - [28/Feb/2025:00:52:41 +0100] "GET /ticket2/opencms/set_aff_cookie.jsp?partner=8F6DE15D-D831-5787-AE7E-FEFF53476F85&url=%252Fru%252Fbuy%252Findex.html%253Fpage%253D1%2526edid%253D66B6FB17-4C70-8B35-3D9C-B87B9C32022F%2526hlv%253D60f84baa-e2f8-4c6d-9396-72280a01000f%2523v_1888899702 HTTP/1.1" 200 247
20.171.207.246 - - [28/Feb/2025:00:52:42 +0100] "GET /ticket2/opencms/set_aff_cookie.jsp?partner=2E02071B-A8C3-4CBA-3097-C27D61C02ED8&url=%252Ffi%252Fbuy%252Findex.html%253Fpage%253D1%2526edid%253D1AD4E11C-C792-1721-4D1A-2229101A30FD%2526hlv%253D666c8a13-3abc-469f-bf10-7e6f0a01000f%2523v_1996233477 HTTP/1.1" 200 247
20.171.207.246 - - [28/Feb/2025:00:52:44 +0100] "GET /ticket2/opencms/set_aff_cookie.jsp?partner=8F6DE15D-D831-5787-AE7E-FEFF53476F85&url=%252Fno%252Fbuy%252Findex.html%253Fpage%253D1%2526edid%253D0CBED0CE-AD48-5853-8CA7-767C378C5971%2526hlv%253D6690089c-aa78-4ba6-a669-14010a01000f%2523v_468759873 HTTP/1.1" 200 246
152.53.23.137 - - [28/Feb/2025:00:52:44 +0100] "GET /ticket2/opencms/no/magazine/article?title=alexander-isak-setter-rekord HTTP/1.1" 200 92325
20.171.207.246 - - [28/Feb/2025:00:52:45 +0100] "GET /ticket2/opencms/set_aff_cookie.jsp?partner=8F6DE15D-D831-5787-AE7E-FEFF53476F85&url=%252Fen%252Fbuy%252Findex.html%253Fpage%253D1%2526edid%253D15EB8492-E613-A503-0EBC-61EBB18066B8%2526hlv%253D60f81f80-e8b8-4689-9de2-5e5c0a01000f%2523v_1017869119 HTTP/1.1" 200 247
185.191.171.3 - - [28/Feb/2025:00:52:45 +0100] "GET /ticket2/opencms/mo/faq HTTP/1.1" 200 90707
54.36.148.104 - - [28/Feb/2025:00:52:46 +0100] "GET /ticket2/opencms/tr/faq HTTP/1.1" 200 90690
149.202.86.139 - - [28/Feb/2025:00:52:46 +0100] "GET /ticket2/opencms/fi/venue/?venueid=E6FE59B7-6C05-A916-C36D-3FBE31FFEED3 HTTP/1.1" 200 86827
20.171.207.246 - - [28/Feb/2025:00:52:47 +0100] "GET /ticket2/opencms/el/buy/?edid=3590293B-3580-7B39-A58A-6ECDB1E34543&page=1 HTTP/1.1" 200 138289
114.119.148.14 - - [28/Feb/2025:00:52:47 +0100] "GET /ticket2/opencms/en/sell/?edid=88A5FA8D-B5B5-F577-3320-20F49E5C73A5 HTTP/1.1" 302 -
20.171.207.246 - - [28/Feb/2025:00:52:48 +0100] "GET /ticket2/opencms/el/buy/?edid=5C16C231-B966-190F-EDF0-005493349D4E&page=1 HTTP/1.1" 200 135938
47.82.10.156 - - [28/Feb/2025:00:52:49 +0100] "GET /ticket2/opencms/en/buy/?page=10&eventid=129E442B-C66D-2219-C8A0-66049517E2C0 HTTP/1.1" 200 91165
149.202.86.139 - - [28/Feb/2025:00:52:50 +0100] "GET /ticket2/opencms/fi/venue/?venueid=F6F762B7-B573-80DB-59E3-860FE5BEB66D HTTP/1.1" 200 86879
114.119.148.14 - - [28/Feb/2025:00:52:52 +0100] "GET /ticket2/opencms/en/login/?url=/en/sell/ HTTP/1.1" 200 90105
47.128.98.218 - - [28/Feb/2025:00:52:53 +0100] "GET /ticket2/opencms/de/sport/fussball-tickets/bundesliga/darmstadt/ HTTP/1.1" 200 97129
216.244.66.238 - - [28/Feb/2025:00:52:53 +0100] "GET /ticket2/opencms/dk/sv/buy/?page=1&edid=66EFF46D-2622-BDD4-8AF8-F588868FE432 HTTP/1.1" 404 -
54.36.149.79 - - [28/Feb/2025:00:52:54 +0100] "GET /ticket2/opencms/dk/sport/fodboldbilletter/la-liga/villarreal/ HTTP/1.1" 200 91233
149.202.86.139 - - [28/Feb/2025:00:52:54 +0100] "GET /ticket2/opencms/fi/venue/?venueid=F70F08EA-0F3A-95EA-07F1-FD6D52373424 HTTP/1.1" 200 86908
112.86.225.191 - - [28/Feb/2025:00:52:55 +0100] "GET /ticket2/opencms/ HTTP/1.1" 302 -
40.77.167.247 - - [28/Feb/2025:00:52:55 +0100] "GET /ticket2/opencms/lt/?page=6&comcatid=A17713B6-D984-201A-4143-ED4DB5ED5C2E&catid=0A6C99D2-F5BD-7A18-9A5F-5668827042E0&eventid=95E8846F-148F-9D89-2E4D-7714EAEAF9EE HTTP/1.1" 200 105689
185.191.171.2 - - [28/Feb/2025:00:52:57 +0100] "GET /ticket2/opencms/fr/faq/ HTTP/1.1" 200 94090
112.86.225.191 - - [28/Feb/2025:00:52:57 +0100] "GET /ticket2/opencms/en/ HTTP/1.1" 200 103735
66.249.76.131 - - [28/Feb/2025:00:52:57 +0100] "GET /ticket2/opencms/hr/buy/?page=1&edid=0FAACBE6-EEE9-1D79-AA22-B901E0624521 HTTP/1.1" 200 108589
149.202.86.139 - - [28/Feb/2025:00:52:58 +0100] "GET /ticket2/opencms/no/buy/?page=1&edid=170F0E9E-40BC-A898-35B2-3530EA3C6DB1&sortorder=asc&column=section HTTP/1.1" 200 112830
40.77.167.8 - - [28/Feb/2025:00:52:59 +0100] "GET /ticket2/opencms/lv/buy?page=1&edid=AA0CB053-7E44-E554-2B96-FB5320A1DEC1 HTTP/1.1" 200 107952
149.202.86.139 - - [28/Feb/2025:00:53:02 +0100] "GET /ticket2/opencms/no/buy/?page=1&edid=17362151-FA4A-523D-48A8-CAEB83F89370&sortorder=asc&column=row HTTP/1.1" 200 108810
54.36.148.144 - - [28/Feb/2025:00:53:04 +0100] "GET /ticket2/opencms/uk/buy?page=1&edid=C4A85847-D040-EB89-2141-54F1A8B66277 HTTP/1.1" 200 116965
202.8.40.47 - - [28/Feb/2025:00:53:05 +0100] "GET /ticket2/opencms/system/modules/com.gridnine.opencms.ticketbrokerage.site/resources/css/jquery-ui.css HTTP/1.1" 200 33221
202.8.40.47 - - [28/Feb/2025:00:53:05 +0100] "GET /ticket2/opencms/system/modules/com.gridnine.opencms.ticketbrokerage.site/resources/css/ticketbrokerage.css HTTP/1.1" 200 39339
202.8.40.47 - - [28/Feb/2025:00:53:05 +0100] "GET /ticket2/opencms/system/modules/com.gridnine.opencms.ticketbrokerage.site/resources/css/jquery.fancybox.css HTTP/1.1" 200 4939
202.8.40.47 - - [28/Feb/2025:00:53:05 +0100] "GET /ticket2/opencms/system/modules/com.gridnine.opencms.ticketbrokerage.site/resources/css/calendar.css HTTP/1.1" 200 6871
202.8.40.47 - - [28/Feb/2025:00:53:05 +0100] "GET /ticket2/opencms/system/modules/com.gridnine.opencms.ticketbrokerage.site/resources/css/standard.css HTTP/1.1" 200 74207
202.8.40.47 - - [28/Feb/2025:00:53:05 +0100] "GET /ticket2/opencms/system/modules/com.gridnine.opencms.ticketbrokerage.site/resources/js/jquery/jquery.js HTTP/1.1" 200 93868
202.8.40.47 - - [28/Feb/2025:00:53:05 +0100] "GET /ticket2/opencms/system/modules/com.gridnine.opencms.ticketbrokerage.site/resources/js/jquery/jquery-ui.js HTTP/1.1" 200 228088
202.8.40.47 - - [28/Feb/2025:00:53:05 +0100] "GET /ticket2/opencms/system/modules/com.gridnine.opencms.ticketbrokerage.site/resources/js/functions.js HTTP/1.1" 200 1583
202.8.40.47 - - [28/Feb/2025:00:53:05 +0100] "GET /ticket2/opencms/system/modules/com.gridnine.opencms.ticketbrokerage.site/resources/js/calendar-en.js HTTP/1.1" 200 3338
202.8.40.47 - - [28/Feb/2025:00:53:05 +0100] "GET /ticket2/opencms/system/modules/com.gridnine.opencms.ticketbrokerage.site/resources/js/calendar.js HTTP/1.1" 200 49229
202.8.40.47 - - [28/Feb/2025:00:53:05 +0100] "GET /ticket2/opencms/system/modules/com.gridnine.opencms.ticketbrokerage.site/resources/js/calendar-setup.js HTTP/1.1" 200 4923
216.244.66.238 - - [28/Feb/2025:00:53:05 +0100] "GET /ticket2/opencms/dk/sv/buy/?page=1&edid=9D1ED34F-C08D-4D7B-BF1E-E720A60E3898 HTTP/1.1" 404 -
202.8.40.47 - - [28/Feb/2025:00:53:06 +0100] "GET /ticket2/opencms/system/modules/com.gridnine.opencms.ticketbrokerage.site/resources/js/jquery.fancybox.pack.js HTTP/1.1" 200 23187
202.8.40.47 - - [28/Feb/2025:00:53:06 +0100] "GET /ticket2/opencms/system/modules/com.gridnine.opencms.ticketbrokerage.site/resources/js/stickyfill.min.js HTTP/1.1" 200 5672
202.8.40.47 - - [28/Feb/2025:00:53:06 +0100] "GET /ticket2/opencms/system/modules/com.gridnine.opencms.ticketbrokerage.site/resources/js/standard.js HTTP/1.1" 200 3983
202.8.40.47 - - [28/Feb/2025:00:53:06 +0100] "GET /ticket2/opencms/system/modules/com.gridnine.opencms.ticketbrokerage.site/resources/js/jquery.placeholder.min.js HTTP/1.1" 200 1737
202.8.40.47 - - [28/Feb/2025:00:53:06 +0100] "GET /ticket2/opencms/system/modules/com.gridnine.opencms.ticketbrokerage.site/resources/js/common-ajax.js HTTP/1.1" 200 20175
202.8.40.47 - - [28/Feb/2025:00:53:06 +0100] "GET /ticket2/opencms/uk/ask-form.html HTTP/1.1" 200 3156
202.8.40.47 - - [28/Feb/2025:00:53:06 +0100] "GET /ticket2/opencms/system/modules/com.gridnine.opencms.ticketbrokerage.site/resources/css/ticketbrokerage.css HTTP/1.1" 200 39339
149.202.86.139 - - [28/Feb/2025:00:53:06 +0100] "GET /ticket2/opencms/no/buy/?page=1&edid=1AC93B4F-A32B-A321-D128-F705A9908B4F&sortorder=desc&column=section HTTP/1.1" 200 112697
101.44.184.169 - - [28/Feb/2025:00:53:07 +0100] "GET /ticket2/opencms/sv/sport/langdskidor/vasaloppet/ HTTP/1.1" 200 88141
66.249.76.8 - - [28/Feb/2025:00:53:08 +0100] "GET /ticket2/opencms/is/buy/?page=1&edid=6491C4B6-5C45-20F3-BDEC-54EE4BA903D5 HTTP/1.1" 200 111640
54.36.148.142 - - [28/Feb/2025:00:53:08 +0100] "GET /ticket2/opencms/sl/magazine/article/ HTTP/1.1" 200 89086
149.202.86.139 - - [28/Feb/2025:00:53:10 +0100] "GET /ticket2/opencms/no/buy/?page=1&edid=1B4F6C5B-BAFB-1ABF-BC73-B86FEBD8CF90&sortorder=asc&column=price HTTP/1.1" 200 108942
172.68.10.203 - - [28/Feb/2025:00:53:13 +0100] "GET /ticket2/opencms/de/wordpress/wp-admin/setup-config.php HTTP/1.1" 404 -
54.36.148.53 - - [28/Feb/2025:00:53:13 +0100] "GET /ticket2/opencms/be/sport/futbol-kvitki/premier-league HTTP/1.1" 200 104041
202.8.43.120 - - [28/Feb/2025:00:53:14 +0100] "GET /ticket2/opencms/system/modules/com.gridnine.opencms.ticketbrokerage.site/resources/css/ticketbrokerage.css HTTP/1.1" 200 39339
202.8.43.120 - - [28/Feb/2025:00:53:14 +0100] "GET /ticket2/opencms/system/modules/com.gridnine.opencms.ticketbrokerage.site/resources/css/standard.css HTTP/1.1" 200 74207
202.8.43.120 - - [28/Feb/2025:00:53:14 +0100] "GET /ticket2/opencms/system/modules/com.gridnine.opencms.ticketbrokerage.site/resources/css/jquery.fancybox.css HTTP/1.1" 200 4939
202.8.43.120 - - [28/Feb/2025:00:53:14 +0100] "GET /ticket2/opencms/system/modules/com.gridnine.opencms.ticketbrokerage.site/resources/css/jquery-ui.css HTTP/1.1" 200 33221
202.8.43.120 - - [28/Feb/2025:00:53:14 +0100] "GET /ticket2/opencms/system/modules/com.gridnine.opencms.ticketbrokerage.site/resources/css/calendar.css HTTP/1.1" 200 6871
202.8.43.120 - - [28/Feb/2025:00:53:14 +0100] "GET /ticket2/opencms/system/modules/com.gridnine.opencms.ticketbrokerage.site/resources/js/jquery/jquery.js HTTP/1.1" 200 93868
202.8.43.120 - - [28/Feb/2025:00:53:14 +0100] "GET /ticket2/opencms/system/modules/com.gridnine.opencms.ticketbrokerage.site/resources/js/functions.js HTTP/1.1" 200 1583
202.8.43.120 - - [28/Feb/2025:00:53:14 +0100] "GET /ticket2/opencms/system/modules/com.gridnine.opencms.ticketbrokerage.site/resources/js/jquery/jquery-ui.js HTTP/1.1" 200 228088
202.8.43.120 - - [28/Feb/2025:00:53:14 +0100] "GET /ticket2/opencms/system/modules/com.gridnine.opencms.ticketbrokerage.site/resources/js/calendar.js HTTP/1.1" 200 49229
202.8.43.120 - - [28/Feb/2025:00:53:14 +0100] "GET /ticket2/opencms/system/modules/com.gridnine.opencms.ticketbrokerage.site/resources/js/calendar-en.js HTTP/1.1" 200 3338
202.8.43.120 - - [28/Feb/2025:00:53:14 +0100] "GET /ticket2/opencms/system/modules/com.gridnine.opencms.ticketbrokerage.site/resources/js/calendar-setup.js HTTP/1.1" 200 4923
185.191.171.14 - - [28/Feb/2025:00:53:14 +0100] "GET /ticket2/opencms/pl/magazine/article?title=koszmar-dla-manchesteru-city HTTP/1.1" 200 94779
149.202.86.139 - - [28/Feb/2025:00:53:14 +0100] "GET /ticket2/opencms/no/buy/?page=1&edid=1B4F6C5B-BAFB-1ABF-BC73-B86FEBD8CF90&sortorder=asc&column=row HTTP/1.1" 200 108822
202.8.43.120 - - [28/Feb/2025:00:53:14 +0100] "GET /ticket2/opencms/system/modules/com.gridnine.opencms.ticketbrokerage.site/resources/js/jquery.fancybox.pack.js HTTP/1.1" 200 23187
202.8.43.120 - - [28/Feb/2025:00:53:14 +0100] "GET /ticket2/opencms/system/modules/com.gridnine.opencms.ticketbrokerage.site/resources/js/stickyfill.min.js HTTP/1.1" 200 5672
202.8.43.120 - - [28/Feb/2025:00:53:14 +0100] "GET /ticket2/opencms/system/modules/com.gridnine.opencms.ticketbrokerage.site/resources/js/standard.js HTTP/1.1" 200 3983
202.8.43.120 - - [28/Feb/2025:00:53:15 +0100] "GET /ticket2/opencms/system/modules/com.gridnine.opencms.ticketbrokerage.site/resources/js/common-ajax.js HTTP/1.1" 200 20175
202.8.43.120 - - [28/Feb/2025:00:53:15 +0100] "GET /ticket2/opencms/system/modules/com.gridnine.opencms.ticketbrokerage.site/resources/js/jquery.placeholder.min.js HTTP/1.1" 200 1737
216.244.66.238 - - [28/Feb/2025:00:53:17 +0100] "GET /ticket2/opencms/et/buy?comcatid=A17713B6-D984-201A-4143-ED4DB5ED5C2E&catid=7ACC33AD-EE7E-AAA7-9050-0F4587759B87 HTTP/1.1" 200 103347
40.77.167.8 - - [28/Feb/2025:00:53:17 +0100] "GET /ticket2/opencms/sv/buy?page=1&edid=66c22035-e7ea-e10a-4bfc-2c30733037dc HTTP/1.1" 200 8134
149.202.86.139 - - [28/Feb/2025:00:53:18 +0100] "GET /ticket2/opencms/no/buy/?page=1&edid=1B4F6C5B-BAFB-1ABF-BC73-B86FEBD8CF90&sortorder=asc&column=section HTTP/1.1" 200 109038
47.128.22.171 - - [28/Feb/2025:00:53:21 +0100] "GET /ticket2/opencms/no/buy/?edid=8D24B546-C583-0AE0-A1BF-4A34E2FE9CC5 HTTP/1.1" 200 91027
149.202.86.139 - - [28/Feb/2025:00:53:22 +0100] "GET /ticket2/opencms/no/buy/?page=1&edid=1B4F6C5B-BAFB-1ABF-BC73-B86FEBD8CF90&sortorder=desc&column=row HTTP/1.1" 200 108894
54.36.149.72 - - [28/Feb/2025:00:53:24 +0100] "GET /ticket2/opencms/sv/buy?page=1&edid=9BFFFF0C-C809-CAED-9589-C9537A82DE22 HTTP/1.1" 200 110233
89.246.241.14 - - [28/Feb/2025:00:53:24 +0100] "GET /ticket2/opencms/en/sport/football-tickets/bundesliga HTTP/1.1" 200 95247
52.200.93.170 - - [28/Feb/2025:00:53:26 +0100] "GET /ticket2/opencms/sites/ticketbrokerage/sv/tickets/napoli/milan.html HTTP/1.1" 404 -
40.77.167.23 - - [28/Feb/2025:00:53:26 +0100] "GET /ticket2/opencms/de/buy?page=1&edid=01B70E9B-C185-115A-C9AE-37A5EA8A5347 HTTP/1.1" 200 111519
149.202.86.139 - - [28/Feb/2025:00:53:26 +0100] "GET /ticket2/opencms/no/buy/?page=1&edid=1C36F885-B0DA-599D-85B2-4A2C8FCB715F&sortorder=asc&column=price HTTP/1.1" 200 111124
40.77.167.36 - - [28/Feb/2025:00:53:26 +0100] "GET /ticket2/opencms/mo/magazine/article?title=pep-guardiolas-football-revolution-a-tactical-masters-influence HTTP/1.1" 200 94883
216.244.66.238 - - [28/Feb/2025:00:53:29 +0100] "GET /ticket2/opencms/et/buy?page=6&comcatid=A17713B6-D984-201A-4143-ED4DB5ED5C2E HTTP/1.1" 200 311035
149.202.86.139 - - [28/Feb/2025:00:53:30 +0100] "GET /ticket2/opencms/no/buy/?page=1&edid=1C36F885-B0DA-599D-85B2-4A2C8FCB715F&sortorder=asc&column=row HTTP/1.1" 200 110979
185.191.171.18 - - [28/Feb/2025:00:53:33 +0100] "GET /ticket2/opencms/it/magazine/article?title=le-stelle-degli-europei-piu-cercate-su-google-e-piu-grandi-su-instagram HTTP/1.1" 200 99347
54.36.149.93 - - [28/Feb/2025:00:53:33 +0100] "GET /ticket2/opencms/bg/buy?page=1&edid=5605B728-A815-14DD-9E19-09BABDE81131 HTTP/1.1" 200 114200
4.227.36.18 - - [28/Feb/2025:00:53:34 +0100] "GET /ticket2/opencms/robots.txt HTTP/1.1" 200 773
202.8.40.46 - - [28/Feb/2025:00:53:34 +0100] "GET /ticket2/opencms/system/modules/com.gridnine.opencms.ticketbrokerage.site/resources/css/jquery-ui.css HTTP/1.1" 200 33221
202.8.40.46 - - [28/Feb/2025:00:53:34 +0100] "GET /ticket2/opencms/system/modules/com.gridnine.opencms.ticketbrokerage.site/resources/css/jquery.fancybox.css HTTP/1.1" 200 4939
202.8.40.46 - - [28/Feb/2025:00:53:34 +0100] "GET /ticket2/opencms/system/modules/com.gridnine.opencms.ticketbrokerage.site/resources/css/calendar.css HTTP/1.1" 200 6871
202.8.40.46 - - [28/Feb/2025:00:53:34 +0100] "GET /ticket2/opencms/system/modules/com.gridnine.opencms.ticketbrokerage.site/resources/css/ticketbrokerage.css HTTP/1.1" 200 39339
202.8.40.46 - - [28/Feb/2025:00:53:34 +0100] "GET /ticket2/opencms/system/modules/com.gridnine.opencms.ticketbrokerage.site/resources/css/standard.css HTTP/1.1" 200 74207
202.8.40.46 - - [28/Feb/2025:00:53:34 +0100] "GET /ticket2/opencms/system/modules/com.gridnine.opencms.ticketbrokerage.site/resources/js/calendar-setup.js HTTP/1.1" 200 4923
202.8.40.46 - - [28/Feb/2025:00:53:34 +0100] "GET /ticket2/opencms/system/modules/com.gridnine.opencms.ticketbrokerage.site/resources/js/jquery.fancybox.pack.js HTTP/1.1" 200 23187
202.8.40.46 - - [28/Feb/2025:00:53:34 +0100] "GET /ticket2/opencms/system/modules/com.gridnine.opencms.ticketbrokerage.site/resources/js/stickyfill.min.js HTTP/1.1" 200 5672
202.8.40.46 - - [28/Feb/2025:00:53:34 +0100] "GET /ticket2/opencms/system/modules/com.gridnine.opencms.ticketbrokerage.site/resources/js/calendar.js HTTP/1.1" 200 49229
202.8.40.46 - - [28/Feb/2025:00:53:34 +0100] "GET /ticket2/opencms/system/modules/com.gridnine.opencms.ticketbrokerage.site/resources/js/jquery/jquery.js HTTP/1.1" 200 93868
202.8.40.46 - - [28/Feb/2025:00:53:34 +0100] "GET /ticket2/opencms/system/modules/com.gridnine.opencms.ticketbrokerage.site/resources/js/functions.js HTTP/1.1" 200 1583
202.8.40.46 - - [28/Feb/2025:00:53:34 +0100] "GET /ticket2/opencms/system/modules/com.gridnine.opencms.ticketbrokerage.site/resources/js/jquery/jquery-ui.js HTTP/1.1" 200 228088
202.8.40.46 - - [28/Feb/2025:00:53:34 +0100] "GET /ticket2/opencms/system/modules/com.gridnine.opencms.ticketbrokerage.site/resources/js/standard.js HTTP/1.1" 200 3983
202.8.40.46 - - [28/Feb/2025:00:53:34 +0100] "GET /ticket2/opencms/system/modules/com.gridnine.opencms.ticketbrokerage.site/resources/js/calendar-en.js HTTP/1.1" 200 3338
202.8.40.46 - - [28/Feb/2025:00:53:34 +0100] "GET /ticket2/opencms/system/modules/com.gridnine.opencms.ticketbrokerage.site/resources/js/jquery.placeholder.min.js HTTP/1.1" 200 1737
202.8.40.46 - - [28/Feb/2025:00:53:35 +0100] "GET /ticket2/opencms/system/modules/com.gridnine.opencms.ticketbrokerage.site/resources/js/common-ajax.js HTTP/1.1" 200 20175
202.8.40.46 - - [28/Feb/2025:00:53:35 +0100] "GET /ticket2/opencms/bg/ask-form.html HTTP/1.1" 200 3156
202.8.40.46 - - [28/Feb/2025:00:53:35 +0100] "GET /ticket2/opencms/system/modules/com.gridnine.opencms.ticketbrokerage.site/resources/css/ticketbrokerage.css HTTP/1.1" 200 39339
149.202.86.139 - - [28/Feb/2025:00:53:35 +0100] "GET /ticket2/opencms/no/buy/?page=1&edid=28FE0D80-AF6C-4AA1-8D78-65E3D3DBF7A3&sortorder=asc&column=section HTTP/1.1" 200 112150
20.171.207.246 - - [28/Feb/2025:00:53:37 +0100] "GET /ticket2/opencms/es/buy/?catid=465306FD-802C-5175-10FF-40E426DD2769&comcatid=0A6B8208-FDA4-E929-9D72-5312FD481B76&page=6 HTTP/1.1" 200 96756
149.202.86.139 - - [28/Feb/2025:00:53:39 +0100] "GET /ticket2/opencms/no/buy/?page=1&edid=2A02304F-C4E2-CB52-4AFF-BC677386FC96&sortorder=asc&column=row HTTP/1.1" 200 108883
54.36.148.162 - - [28/Feb/2025:00:53:39 +0100] "GET /ticket2/opencms/cs/buy?page=1&edid=AA0CB053-7E44-E554-2B96-FB5320A1DEC1 HTTP/1.1" 200 107978
185.191.171.14 - - [28/Feb/2025:00:53:39 +0100] "GET /ticket2/opencms/mo/buy_safety HTTP/1.1" 200 89645
202.8.43.132 - - [28/Feb/2025:00:53:40 +0100] "GET /ticket2/opencms/system/modules/com.gridnine.opencms.ticketbrokerage.site/resources/css/ticketbrokerage.css HTTP/1.1" 200 39339
202.8.43.132 - - [28/Feb/2025:00:53:40 +0100] "GET /ticket2/opencms/system/modules/com.gridnine.opencms.ticketbrokerage.site/resources/css/calendar.css HTTP/1.1" 200 6871
202.8.43.132 - - [28/Feb/2025:00:53:40 +0100] "GET /ticket2/opencms/system/modules/com.gridnine.opencms.ticketbrokerage.site/resources/css/jquery-ui.css HTTP/1.1" 200 33221
202.8.43.132 - - [28/Feb/2025:00:53:40 +0100] "GET /ticket2/opencms/system/modules/com.gridnine.opencms.ticketbrokerage.site/resources/css/standard.css HTTP/1.1" 200 74207
202.8.43.132 - - [28/Feb/2025:00:53:40 +0100] "GET /ticket2/opencms/system/modules/com.gridnine.opencms.ticketbrokerage.site/resources/css/jquery.fancybox.css HTTP/1.1" 200 4939
202.8.43.132 - - [28/Feb/2025:00:53:40 +0100] "GET /ticket2/opencms/system/modules/com.gridnine.opencms.ticketbrokerage.site/resources/js/jquery/jquery.js HTTP/1.1" 200 93868
202.8.43.132 - - [28/Feb/2025:00:53:40 +0100] "GET /ticket2/opencms/system/modules/com.gridnine.opencms.ticketbrokerage.site/resources/js/functions.js HTTP/1.1" 200 1583
202.8.43.132 - - [28/Feb/2025:00:53:40 +0100] "GET /ticket2/opencms/system/modules/com.gridnine.opencms.ticketbrokerage.site/resources/js/jquery/jquery-ui.js HTTP/1.1" 200 228088
202.8.43.132 - - [28/Feb/2025:00:53:40 +0100] "GET /ticket2/opencms/system/modules/com.gridnine.opencms.ticketbrokerage.site/resources/js/calendar-setup.js HTTP/1.1" 200 4923
202.8.43.132 - - [28/Feb/2025:00:53:40 +0100] "GET /ticket2/opencms/system/modules/com.gridnine.opencms.ticketbrokerage.site/resources/js/calendar.js HTTP/1.1" 200 49229
202.8.43.132 - - [28/Feb/2025:00:53:40 +0100] "GET /ticket2/opencms/system/modules/com.gridnine.opencms.ticketbrokerage.site/resources/js/calendar-en.js HTTP/1.1" 200 3338
202.8.43.132 - - [28/Feb/2025:00:53:40 +0100] "GET /ticket2/opencms/system/modules/com.gridnine.opencms.ticketbrokerage.site/resources/js/jquery.fancybox.pack.js HTTP/1.1" 200 23187
202.8.43.132 - - [28/Feb/2025:00:53:40 +0100] "GET /ticket2/opencms/system/modules/com.gridnine.opencms.ticketbrokerage.site/resources/js/stickyfill.min.js HTTP/1.1" 200 5672
202.8.43.132 - - [28/Feb/2025:00:53:40 +0100] "GET /ticket2/opencms/system/modules/com.gridnine.opencms.ticketbrokerage.site/resources/js/standard.js HTTP/1.1" 200 3983
202.8.43.132 - - [28/Feb/2025:00:53:40 +0100] "GET /ticket2/opencms/system/modules/com.gridnine.opencms.ticketbrokerage.site/resources/js/jquery.placeholder.min.js HTTP/1.1" 200 1737
202.8.43.132 - - [28/Feb/2025:00:53:40 +0100] "GET /ticket2/opencms/system/modules/com.gridnine.opencms.ticketbrokerage.site/resources/js/common-ajax.js HTTP/1.1" 200 20175
190.92.203.201 - - [28/Feb/2025:00:53:40 +0100] "GET /ticket2/opencms/bs/buy?page=1&edid=403C6528-29E0-E7F0-69C0-963918D78FCD HTTP/1.1" 200 108344
202.8.43.132 - - [28/Feb/2025:00:53:40 +0100] "GET /ticket2/opencms/cs/ask-form.html HTTP/1.1" 200 3156
202.8.43.132 - - [28/Feb/2025:00:53:41 +0100] "GET /ticket2/opencms/system/modules/com.gridnine.opencms.ticketbrokerage.site/resources/css/ticketbrokerage.css HTTP/1.1" 200 39339
20.171.207.246 - - [28/Feb/2025:00:53:41 +0100] "GET /ticket2/opencms/de/buy/?catid=6E0E0CA4-3F14-9697-92B9-3687047BE453&comcatid=A17713B6-D984-201A-4143-ED4DB5ED5C2E&page=6 HTTP/1.1" 200 103497
20.171.207.246 - - [28/Feb/2025:00:53:42 +0100] "GET /ticket2/opencms/de/buy/?catid=F2006A3D-5EE0-B40B-5749-60C15271538F&comcatid=A17713B6-D984-201A-4143-ED4DB5ED5C2E&page=6 HTTP/1.1" 200 103496
149.202.86.139 - - [28/Feb/2025:00:53:43 +0100] "GET /ticket2/opencms/no/buy/?page=1&edid=2C38A8F3-3FDB-4275-5B70-01B082026DE0&sortorder=asc&column=price HTTP/1.1" 200 110043
20.171.207.246 - - [28/Feb/2025:00:53:43 +0100] "GET /ticket2/opencms/de/buy/?catid=36394212-F82E-F845-399B-42BED55969CC&comcatid=A17713B6-D984-201A-4143-ED4DB5ED5C2E&page=6 HTTP/1.1" 200 127989
85.208.96.193 - - [28/Feb/2025:00:53:43 +0100] "GET /ticket2/opencms/mo/magazine/article?title=tottenham-burnley-2024-05-11 HTTP/1.1" 200 91880
149.202.86.139 - - [28/Feb/2025:00:53:46 +0100] "GET /ticket2/opencms/no/buy/?page=1&edid=2C38A8F3-3FDB-4275-5B70-01B082026DE0&sortorder=asc&column=row HTTP/1.1" 200 110004
54.36.149.56 - - [28/Feb/2025:00:53:47 +0100] "GET /ticket2/opencms/et/buy?page=1&edid=E170716C-2133-4776-C981-486A080B27F2 HTTP/1.1" 200 108438
20.171.207.246 - - [28/Feb/2025:00:53:50 +0100] "GET /ticket2/opencms/de/buy/?page=6 HTTP/1.1" 200 90136
114.119.130.91 - - [28/Feb/2025:00:53:50 +0100] "GET /ticket2/opencms/en/sell/?edid=889DA93B-6CCB-4785-D7E5-2D4770A5C1EC HTTP/1.1" 302 -
149.202.86.139 - - [28/Feb/2025:00:53:50 +0100] "GET /ticket2/opencms/no/buy/?page=1&edid=2C38A8F3-3FDB-4275-5B70-01B082026DE0&sortorder=asc&column=section HTTP/1.1" 200 110107
34.225.138.57 - - [28/Feb/2025:00:53:53 +0100] "GET /ticket2/opencms/sites/ticketbrokerage/sv/tickets/roma/inter.html HTTP/1.1" 404 -
149.202.86.139 - - [28/Feb/2025:00:53:54 +0100] "GET /ticket2/opencms/no/buy/?page=1&edid=2C4C8FD9-D258-441B-A3AB-3A6EDF25D53E&sortorder=asc&column=price HTTP/1.1" 200 108825
40.77.167.23 - - [28/Feb/2025:00:53:55 +0100] "GET /ticket2/opencms/is/?page=6&comcatid=A17713B6-D984-201A-4143-ED4DB5ED5C2E&catid=A3372871-3019-08B8-80CE-74B78F441ACA HTTP/1.1" 200 104853
114.119.130.91 - - [28/Feb/2025:00:53:55 +0100] "GET /ticket2/opencms/en/login/?url=/en/sell/ HTTP/1.1" 200 90071
54.36.148.219 - - [28/Feb/2025:00:53:56 +0100] "GET /ticket2/opencms/ka/buy?page=1&edid=9905BE36-3483-E35C-D446-E28B848EF37B HTTP/1.1" 200 127949
149.202.86.139 - - [28/Feb/2025:00:53:58 +0100] "GET /ticket2/opencms/no/buy/?page=1&edid=2C4C8FD9-D258-441B-A3AB-3A6EDF25D53E&sortorder=asc&column=row HTTP/1.1" 200 108731
40.77.167.247 - - [28/Feb/2025:00:53:58 +0100] "GET /ticket2/opencms/cs/buy/?page=1&edid=BBB940B6-8B69-6BE4-C45F-7EE004DD79A8 HTTP/1.1" 200 111834
20.171.207.246 - - [28/Feb/2025:00:53:58 +0100] "GET /ticket2/opencms/hr/buy/?edid=4583F62C-F880-E6C3-C3F7-F692CC3F1DC2&page=1 HTTP/1.1" 200 116597
20.171.207.246 - - [28/Feb/2025:00:54:00 +0100] "GET /ticket2/opencms/be/buy/?edid=CA9B3B0E-7FD3-E90E-7799-488AC7DDC244&page=1 HTTP/1.1" 200 134403
52.167.144.185 - - [28/Feb/2025:00:54:01 +0100] "GET /ticket2/opencms/fi/magazine/article?title=neymar-palaa-kotiin HTTP/1.1" 200 92655
20.171.207.246 - - [28/Feb/2025:00:54:01 +0100] "GET /ticket2/opencms/fr/buy/?edid=4583F62C-F880-E6C3-C3F7-F692CC3F1DC2&page=1 HTTP/1.1" 200 116302
52.54.95.127 - - [28/Feb/2025:00:54:01 +0100] "GET /ticket2/opencms/sites/ticketbrokerage/sv/sport/fotbollsbiljetter/premier_league/tottenham/blackburn_rovers.html HTTP/1.1" 404 -
149.202.86.139 - - [28/Feb/2025:00:54:02 +0100] "GET /ticket2/opencms/no/buy/?page=1&edid=2C4C8FD9-D258-441B-A3AB-3A6EDF25D53E&sortorder=asc&column=section HTTP/1.1" 200 108958
54.36.148.119 - - [28/Feb/2025:00:54:02 +0100] "GET /ticket2/opencms/el/buy?page=1&edid=9905BE36-3483-E35C-D446-E28B848EF37B HTTP/1.1" 200 125588
20.171.207.246 - - [28/Feb/2025:00:54:02 +0100] "GET /ticket2/opencms/tr/buy/?edid=4583F62C-F880-E6C3-C3F7-F692CC3F1DC2&page=1 HTTP/1.1" 200 116841
20.171.207.246 - - [28/Feb/2025:00:54:04 +0100] "GET /ticket2/opencms/bg/buy/?edid=5013A1E7-6B46-F1F8-6B39-0131EFEB0CDA&page=1 HTTP/1.1" 200 121051
20.171.207.246 - - [28/Feb/2025:00:54:05 +0100] "GET /ticket2/opencms/no/buy/?edid=4583F62C-F880-E6C3-C3F7-F692CC3F1DC2&page=1 HTTP/1.1" 200 115893
44.215.61.66 - - [28/Feb/2025:00:54:05 +0100] "GET /ticket2/opencms/sites/ticketbrokerage/sv/tickets/swansea/manchester_city.html HTTP/1.1" 404 -
149.202.86.139 - - [28/Feb/2025:00:54:06 +0100] "GET /ticket2/opencms/no/buy/?page=1&edid=2CC59489-60B1-DBB6-8A8B-B3F8A51347B3&sortorder=asc&column=price HTTP/1.1" 200 112147
20.171.207.246 - - [28/Feb/2025:00:54:06 +0100] "GET /ticket2/opencms/lv/buy/?edid=4583F62C-F880-E6C3-C3F7-F692CC3F1DC2&page=1 HTTP/1.1" 200 116500
20.171.207.246 - - [28/Feb/2025:00:54:07 +0100] "GET /ticket2/opencms/lt/buy/?edid=4583F62C-F880-E6C3-C3F7-F692CC3F1DC2&page=1 HTTP/1.1" 200 116640
109.56.157.128 - - [28/Feb/2025:00:54:08 +0100] "GET /ticket2/opencms/set_aff_cookie.jsp?partner=2E02071B-A8C3-4CBA-3097-C27D61C02ED8&url=/dk/buy/index.html%3Fpage%3D1%26edid%3DDC4F64BB-84C6-452C-2BFD-138DC45E79DD%26hlv%3D666de067-602c-40da-ade3-6d8a0a01000f%23v_117679210 HTTP/1.1" 200 225
20.171.207.246 - - [28/Feb/2025:00:54:08 +0100] "GET /ticket2/opencms/be/buy/?edid=5013A1E7-6B46-F1F8-6B39-0131EFEB0CDA&page=1 HTTP/1.1" 200 121192
109.56.157.128 - - [28/Feb/2025:00:54:09 +0100] "GET /ticket2/opencms/dk/buy/?page=1&edid=DC4F64BB-84C6-452C-2BFD-138DC45E79DD&hlv=666de067-602c-40da-ade3-6d8a0a01000f HTTP/1.1" 200 133847
109.56.157.128 - - [28/Feb/2025:00:54:09 +0100] "GET /ticket2/opencms/system/modules/com.gridnine.opencms.ticketbrokerage.site/resources/css/ticketbrokerage.css HTTP/1.1" 200 39339
109.56.157.128 - - [28/Feb/2025:00:54:09 +0100] "GET /ticket2/opencms/system/modules/com.gridnine.opencms.ticketbrokerage.site/resources/js/jquery/jquery.js HTTP/1.1" 200 93868
109.56.157.128 - - [28/Feb/2025:00:54:09 +0100] "GET /ticket2/opencms/system/modules/com.gridnine.opencms.ticketbrokerage.site/resources/js/jquery/jquery-ui.js HTTP/1.1" 200 228088
109.56.157.128 - - [28/Feb/2025:00:54:09 +0100] "GET /ticket2/opencms/system/modules/com.gridnine.opencms.ticketbrokerage.site/resources/css/calendar.css HTTP/1.1" 200 6871
109.56.157.128 - - [28/Feb/2025:00:54:09 +0100] "GET /ticket2/opencms/system/modules/com.gridnine.opencms.ticketbrokerage.site/resources/js/functions.js HTTP/1.1" 200 1583
109.56.157.128 - - [28/Feb/2025:00:54:09 +0100] "GET /ticket2/opencms/system/modules/com.gridnine.opencms.ticketbrokerage.site/resources/js/jquery.placeholder.min.js HTTP/1.1" 200 1737
54.85.7.119 - - [28/Feb/2025:00:54:09 +0100] "GET /ticket2/opencms/mt/sport/biljetti-tal-futbol/english-championship/west-bromwich-albion HTTP/1.1" 404 -
109.56.157.128 - - [28/Feb/2025:00:54:09 +0100] "GET /ticket2/opencms/system/modules/com.gridnine.opencms.ticketbrokerage.site/resources/css/jquery-ui.css HTTP/1.1" 200 33221
109.56.157.128 - - [28/Feb/2025:00:54:09 +0100] "GET /ticket2/opencms/system/modules/com.gridnine.opencms.ticketbrokerage.site/resources/css/standard.css HTTP/1.1" 200 74207
109.56.157.128 - - [28/Feb/2025:00:54:09 +0100] "GET /ticket2/opencms/system/modules/com.gridnine.opencms.ticketbrokerage.site/resources/js/calendar.js HTTP/1.1" 200 49229
109.56.157.128 - - [28/Feb/2025:00:54:09 +0100] "GET /ticket2/opencms/system/modules/com.gridnine.opencms.ticketbrokerage.site/resources/js/calendar-en.js HTTP/1.1" 200 3338
109.56.157.128 - - [28/Feb/2025:00:54:09 +0100] "GET /ticket2/opencms/system/modules/com.gridnine.opencms.ticketbrokerage.site/resources/css/jquery.fancybox.css HTTP/1.1" 200 4939
109.56.157.128 - - [28/Feb/2025:00:54:09 +0100] "GET /ticket2/opencms/system/modules/com.gridnine.opencms.ticketbrokerage.site/resources/js/calendar-setup.js HTTP/1.1" 200 4923
109.56.157.128 - - [28/Feb/2025:00:54:09 +0100] "GET /ticket2/opencms/system/modules/com.gridnine.opencms.ticketbrokerage.site/resources/js/common-ajax.js HTTP/1.1" 200 20175
109.56.157.128 - - [28/Feb/2025:00:54:09 +0100] "GET /ticket2/opencms/system/modules/com.gridnine.opencms.ticketbrokerage.site/resources/js/jquery.fancybox.pack.js HTTP/1.1" 200 23187
109.56.157.128 - - [28/Feb/2025:00:54:09 +0100] "GET /ticket2/opencms/system/modules/com.gridnine.opencms.ticketbrokerage.site/resources/js/stickyfill.min.js HTTP/1.1" 200 5672
109.56.157.128 - - [28/Feb/2025:00:54:09 +0100] "GET /ticket2/opencms/system/modules/com.gridnine.opencms.ticketbrokerage.site/resources/js/standard.js HTTP/1.1" 200 3983
109.56.157.128 - - [28/Feb/2025:00:54:09 +0100] "GET /ticket2/opencms/img/insta.png HTTP/1.1" 200 3967
109.56.157.128 - - [28/Feb/2025:00:54:09 +0100] "GET /ticket2/opencms/system/modules/com.gridnine.opencms.ticketbrokerage.site/resources/pics/logo-new.png HTTP/1.1" 200 13541
109.56.157.128 - - [28/Feb/2025:00:54:09 +0100] "GET /ticket2/opencms/img/icons/globe-white.png HTTP/1.1" 200 947
109.56.157.128 - - [28/Feb/2025:00:54:09 +0100] "GET /ticket2/opencms/system/modules/com.gridnine.opencms.ticketbrokerage.site/resources/pics/0.gif HTTP/1.1" 200 43
109.56.157.128 - - [28/Feb/2025:00:54:09 +0100] "GET /ticket2/opencms/venue/Craven_Cottage.jpg HTTP/1.1" 200 185543
109.56.157.128 - - [28/Feb/2025:00:54:09 +0100] "GET /ticket2/opencms/system/modules/com.gridnine.opencms.ticketbrokerage.site/resources/pics/two_man.png HTTP/1.1" 200 3407
109.56.157.128 - - [28/Feb/2025:00:54:09 +0100] "GET /ticket2/opencms/img/icons/se.png HTTP/1.1" 200 1258
109.56.157.128 - - [28/Feb/2025:00:54:09 +0100] "GET /ticket2/opencms/img/icons/en.png HTTP/1.1" 200 2415
109.56.157.128 - - [28/Feb/2025:00:54:09 +0100] "GET /ticket2/opencms/img/fb.png HTTP/1.1" 200 1269
109.56.157.128 - - [28/Feb/2025:00:54:09 +0100] "GET /ticket2/opencms/system/modules/com.gridnine.opencms.ticketbrokerage.site/resources/pics/ticket_info_button.png HTTP/1.1" 200 3820
109.56.157.128 - - [28/Feb/2025:00:54:09 +0100] "GET /ticket2/opencms/system/modules/com.gridnine.opencms.ticketbrokerage.site/resources/pics/footer-img.jpg HTTP/1.1" 200 67642
109.56.157.128 - - [28/Feb/2025:00:54:09 +0100] "GET /ticket2/opencms/img/icons/fi.png HTTP/1.1" 200 1785
109.56.157.128 - - [28/Feb/2025:00:54:09 +0100] "GET /ticket2/opencms/img/icons/no.png HTTP/1.1" 200 1958
109.56.157.128 - - [28/Feb/2025:00:54:09 +0100] "GET /ticket2/opencms/img/check.png HTTP/1.1" 200 548
109.56.157.128 - - [28/Feb/2025:00:54:09 +0100] "GET /ticket2/opencms/dk/ask-form.html HTTP/1.1" 200 2971
109.56.157.128 - - [28/Feb/2025:00:54:10 +0100] "GET /ticket2/opencms/img/icons/dk.png HTTP/1.1" 200 1706
109.56.157.128 - - [28/Feb/2025:00:54:10 +0100] "GET /ticket2/opencms/img/icons/nl.png HTTP/1.1" 200 1255
109.56.157.128 - - [28/Feb/2025:00:54:10 +0100] "GET /ticket2/opencms/img/mail.png HTTP/1.1" 200 403
20.171.207.246 - - [28/Feb/2025:00:54:10 +0100] "GET /ticket2/opencms/bg/buy/?edid=BB2F3A74-7E9F-DB09-2C3F-D2D8CE32979C&page=1 HTTP/1.1" 200 120189
109.56.157.128 - - [28/Feb/2025:00:54:10 +0100] "GET /ticket2/opencms/img/chat.png HTTP/1.1" 200 416
109.56.157.128 - - [28/Feb/2025:00:54:10 +0100] "GET /ticket2/opencms/system/modules/com.gridnine.opencms.ticketbrokerage.site/resources/css/ticketbrokerage.css HTTP/1.1" 200 39339
109.56.157.128 - - [28/Feb/2025:00:54:10 +0100] "GET /ticket2/opencms/img/icons/de.png HTTP/1.1" 200 1124
109.56.157.128 - - [28/Feb/2025:00:54:10 +0100] "GET /ticket2/opencms/img/arrow.png HTTP/1.1" 200 753
109.56.157.128 - - [28/Feb/2025:00:54:10 +0100] "GET /ticket2/opencms/system/modules/com.gridnine.opencms.ticketbrokerage.site/resources/pics/arrow.gif HTTP/1.1" 200 344
109.56.157.128 - - [28/Feb/2025:00:54:10 +0100] "GET /ticket2/opencms/img/icons/fr.png HTTP/1.1" 200 1764
109.56.157.128 - - [28/Feb/2025:00:54:10 +0100] "GET /ticket2/opencms/system/modules/com.gridnine.opencms.ticketbrokerage.site/resources/pics/form_marker.gif HTTP/1.1" 200 43
109.56.157.128 - - [28/Feb/2025:00:54:10 +0100] "GET /ticket2/opencms/system/modules/com.gridnine.opencms.ticketbrokerage.site/resources/pics/button1_left.gif HTTP/1.1" 200 232
109.56.157.128 - - [28/Feb/2025:00:54:10 +0100] "GET /ticket2/opencms/img/icons/es.png HTTP/1.1" 200 1005
109.56.157.128 - - [28/Feb/2025:00:54:10 +0100] "GET /ticket2/opencms/system/modules/com.gridnine.opencms.ticketbrokerage.site/resources/pics/button1_center.gif HTTP/1.1" 200 66
109.56.157.128 - - [28/Feb/2025:00:54:10 +0100] "GET /ticket2/opencms/system/modules/com.gridnine.opencms.ticketbrokerage.site/resources/pics/button1_right.gif HTTP/1.1" 200 232
109.56.157.128 - - [28/Feb/2025:00:54:10 +0100] "GET /ticket2/opencms/img/icons/it.png HTTP/1.1" 200 2040
109.56.157.128 - - [28/Feb/2025:00:54:10 +0100] "GET /ticket2/opencms/img/icons/pl.png HTTP/1.1" 200 1578
109.56.157.128 - - [28/Feb/2025:00:54:10 +0100] "GET /ticket2/opencms/img/icons/sq.png HTTP/1.1" 200 1619
109.56.157.128 - - [28/Feb/2025:00:54:10 +0100] "GET /ticket2/opencms/img/icons/az.png HTTP/1.1" 200 1445
109.56.157.128 - - [28/Feb/2025:00:54:10 +0100] "GET /ticket2/opencms/img/icons/be.png HTTP/1.1" 200 1663
109.56.157.128 - - [28/Feb/2025:00:54:10 +0100] "GET /ticket2/opencms/img/icons/bs.png HTTP/1.1" 200 1014
109.56.157.128 - - [28/Feb/2025:00:54:10 +0100] "GET /ticket2/opencms/img/icons/bg.png HTTP/1.1" 200 788
109.56.157.128 - - [28/Feb/2025:00:54:10 +0100] "GET /ticket2/opencms/img/icons/hr.png HTTP/1.1" 200 2024
149.202.86.139 - - [28/Feb/2025:00:54:10 +0100] "GET /ticket2/opencms/no/buy/?page=1&edid=2CC59489-60B1-DBB6-8A8B-B3F8A51347B3&sortorder=asc&column=row HTTP/1.1" 200 112045
109.56.157.128 - - [28/Feb/2025:00:54:10 +0100] "GET /ticket2/opencms/img/icons/cs.png HTTP/1.1" 200 1883
109.56.157.128 - - [28/Feb/2025:00:54:10 +0100] "GET /ticket2/opencms/img/icons/el.png HTTP/1.1" 200 1637
109.56.157.128 - - [28/Feb/2025:00:54:10 +0100] "GET /ticket2/opencms/img/icons/et.png HTTP/1.1" 200 754
109.56.157.128 - - [28/Feb/2025:00:54:10 +0100] "GET /ticket2/opencms/img/icons/ka.png HTTP/1.1" 200 860
109.56.157.128 - - [28/Feb/2025:00:54:10 +0100] "GET /ticket2/opencms/img/icons/hu.png HTTP/1.1" 200 733
109.56.157.128 - - [28/Feb/2025:00:54:10 +0100] "GET /ticket2/opencms/img/icons/is.png HTTP/1.1" 200 1884
109.56.157.128 - - [28/Feb/2025:00:54:10 +0100] "GET /ticket2/opencms/img/icons/ga.png HTTP/1.1" 200 1759
109.56.157.128 - - [28/Feb/2025:00:54:10 +0100] "GET /ticket2/opencms/img/icons/lv.png HTTP/1.1" 200 716
109.56.157.128 - - [28/Feb/2025:00:54:10 +0100] "GET /ticket2/opencms/img/icons/lt.png HTTP/1.1" 200 733
20.171.207.246 - - [28/Feb/2025:00:54:10 +0100] "GET /ticket2/opencms/sr/buy/?edid=4583F62C-F880-E6C3-C3F7-F692CC3F1DC2&page=1 HTTP/1.1" 200 117102
109.56.157.128 - - [28/Feb/2025:00:54:10 +0100] "GET /ticket2/opencms/img/icons/mt.png HTTP/1.1" 200 920
109.56.157.128 - - [28/Feb/2025:00:54:10 +0100] "GET /ticket2/opencms/img/icons/mo.png HTTP/1.1" 200 1468
109.56.157.128 - - [28/Feb/2025:00:54:11 +0100] "GET /ticket2/opencms/img/icons/ro.png HTTP/1.1" 200 1393
109.56.157.128 - - [28/Feb/2025:00:54:11 +0100] "GET /ticket2/opencms/img/icons/sr.png HTTP/1.1" 200 1602
109.56.157.128 - - [28/Feb/2025:00:54:11 +0100] "GET /ticket2/opencms/img/icons/sk.png HTTP/1.1" 200 1283
109.56.157.128 - - [28/Feb/2025:00:54:11 +0100] "GET /ticket2/opencms/img/icons/sl.png HTTP/1.1" 200 966
216.244.66.238 - - [28/Feb/2025:00:54:11 +0100] "GET /ticket2/opencms/se/dk/sport/fodboldbilletter/premier-league/ HTTP/1.1" 404 -
109.56.157.128 - - [28/Feb/2025:00:54:11 +0100] "GET /ticket2/opencms/img/icons/uk.png HTTP/1.1" 200 1272
109.56.157.128 - - [28/Feb/2025:00:54:11 +0100] "GET /ticket2/opencms/img/icons/tr.png HTTP/1.1" 200 1636
109.56.157.128 - - [28/Feb/2025:00:54:11 +0100] "GET /ticket2/opencms/img/arrow-down.png HTTP/1.1" 200 192
92.255.57.58 - - [28/Feb/2025:00:54:11 +0100] "GET /ticket2/opencms/de/actuator/gateway/routes HTTP/1.1" 404 -
111.119.236.102 - - [28/Feb/2025:00:54:11 +0100] "GET /ticket2/opencms/sr/buy?page=10&eventid=5DA5DC18-0429-6963-A61D-B44FBFE19212 HTTP/1.1" 200 93597
20.171.207.246 - - [28/Feb/2025:00:54:12 +0100] "GET /ticket2/opencms/sv/buy/?edid=4583F62C-F880-E6C3-C3F7-F692CC3F1DC2&page=1 HTTP/1.1" 200 115956
109.56.157.128 - - [28/Feb/2025:00:54:12 +0100] "GET /ticket2/opencms/img/icons/ticket2.thumbnail.png HTTP/1.1" 200 21519
109.56.157.128 - - [28/Feb/2025:00:54:12 +0100] "GET /ticket2/opencms/system/modules/com.gridnine.opencms.ticketbrokerage.site/resources/js/standard.js HTTP/1.1" 200 3983
47.128.111.252 - - [28/Feb/2025:00:54:12 +0100] "GET /ticket2/opencms/is/buy/?edid=84C1C15E-A3CC-07A1-AA6A-061FC4B03894 HTTP/1.1" 200 91489
20.171.207.246 - - [28/Feb/2025:00:54:13 +0100] "GET /ticket2/opencms/sl/buy/?edid=4583F62C-F880-E6C3-C3F7-F692CC3F1DC2&page=1 HTTP/1.1" 200 116336
149.202.86.139 - - [28/Feb/2025:00:54:14 +0100] "GET /ticket2/opencms/no/buy/?page=1&edid=2CC59489-60B1-DBB6-8A8B-B3F8A51347B3&sortorder=asc&column=section HTTP/1.1" 200 112160
20.171.207.246 - - [28/Feb/2025:00:54:14 +0100] "GET /ticket2/opencms/ga/buy/?edid=BB2F3A74-7E9F-DB09-2C3F-D2D8CE32979C&page=1 HTTP/1.1" 200 118335
54.36.148.25 - - [28/Feb/2025:00:54:15 +0100] "GET /ticket2/opencms/es/deporte/entradas-futbol/la-liga/barcelona HTTP/1.1" 200 96227
202.8.43.188 - - [28/Feb/2025:00:54:16 +0100] "GET /ticket2/opencms/system/modules/com.gridnine.opencms.ticketbrokerage.site/resources/css/calendar.css HTTP/1.1" 200 6871
202.8.43.188 - - [28/Feb/2025:00:54:16 +0100] "GET /ticket2/opencms/system/modules/com.gridnine.opencms.ticketbrokerage.site/resources/css/jquery.fancybox.css HTTP/1.1" 200 4939
202.8.43.188 - - [28/Feb/2025:00:54:16 +0100] "GET /ticket2/opencms/system/modules/com.gridnine.opencms.ticketbrokerage.site/resources/css/standard.css HTTP/1.1" 200 74207
202.8.43.188 - - [28/Feb/2025:00:54:16 +0100] "GET /ticket2/opencms/system/modules/com.gridnine.opencms.ticketbrokerage.site/resources/css/jquery-ui.css HTTP/1.1" 200 33221
202.8.43.188 - - [28/Feb/2025:00:54:16 +0100] "GET /ticket2/opencms/system/modules/com.gridnine.opencms.ticketbrokerage.site/resources/css/ticketbrokerage.css HTTP/1.1" 200 39339
202.8.43.188 - - [28/Feb/2025:00:54:16 +0100] "GET /ticket2/opencms/system/modules/com.gridnine.opencms.ticketbrokerage.site/resources/js/stickyfill.min.js HTTP/1.1" 200 5672
202.8.43.188 - - [28/Feb/2025:00:54:16 +0100] "GET /ticket2/opencms/system/modules/com.gridnine.opencms.ticketbrokerage.site/resources/js/jquery/jquery.js HTTP/1.1" 200 93868
