20.171.207.246 - - [28/Feb/2025:01:21:56 +0100] "GET /ticket2/opencms/set_aff_cookie.jsp?partner=6F250EA7-4505-FA01-D601-8847F2573405&url=%252Fno%252Fbuy%252Findex.html%253Fpage%253D1%2526edid%253D47C0370F-9915-7673-E038-7AD65907592C%2526hlv%253D666d50d2-9200-4b43-ae46-70d60a01000f%2523v2027012408 HTTP/1.1" 200 246
52.167.144.172 - - [28/Feb/2025:01:21:57 +0100] "GET /ticket2/opencms/dk/buy/?page=1&edid=28603009-1BBB-6024-D289-76A34CC16DB3 HTTP/1.1" 200 110500
20.171.207.246 - - [28/Feb/2025:01:21:57 +0100] "GET /ticket2/opencms/set_aff_cookie.jsp?partner=6F250EA7-4505-FA01-D601-8847F2573405&url=%252Fnl%252Fbuy%252Findex.html%253Fpage%253D1%2526edid%253D47C0370F-9915-7673-E038-7AD65907592C%2526hlv%253D666d50d5-db98-4007-b571-70d60a01000f%2523v1068355110 HTTP/1.1" 200 246
20.171.207.246 - - [28/Feb/2025:01:21:58 +0100] "GET /ticket2/opencms/set_aff_cookie.jsp?partner=6F250EA7-4505-FA01-D601-8847F2573405&url=%252Fdk%252Fbuy%252Findex.html%253Fpage%253D1%2526edid%253D9F8544B2-CF19-221B-478E-5476FF460535%2526hlv%253D6693ab49-1030-4d5b-9914-052e0a01000f%2523v500319614 HTTP/1.1" 200 245
20.171.207.246 - - [28/Feb/2025:01:21:59 +0100] "GET /ticket2/opencms/set_aff_cookie.jsp?partner=6F250EA7-4505-FA01-D601-8847F2573405&url=%252Fdk%252Fbuy%252Findex.html%253Fpage%253D1%2526edid%253D9AA6E90F-1A8F-8723-F266-C4056D23056B%2526hlv%253D6724b884-7740-4134-8138-2d1c0a01000f%2523v1844956645 HTTP/1.1" 200 246
54.36.148.175 - - [28/Feb/2025:01:22:00 +0100] "GET /ticket2/opencms/is/buy/?page=1&edid=DE88C997-F247-5EDB-AB8C-0BF21F57525F HTTP/1.1" 200 111244
20.171.207.246 - - [28/Feb/2025:01:22:00 +0100] "GET /ticket2/opencms/set_aff_cookie.jsp?partner=6F250EA7-4505-FA01-D601-8847F2573405&url=%252Fen%252Fbuy%252Findex.html%253Fpage%253D1%2526edid%253D47C0370F-9915-7673-E038-7AD65907592C%2526hlv%253D666d50d4-5650-4c25-a73a-70d60a01000f%2523v1767749214 HTTP/1.1" 200 246
20.171.207.246 - - [28/Feb/2025:01:22:01 +0100] "GET /ticket2/opencms/set_aff_cookie.jsp?partner=6F250EA7-4505-FA01-D601-8847F2573405&url=%252Ffi%252Fbuy%252Findex.html%253Fpage%253D1%2526edid%253D3289C097-2261-9433-8644-DF033A9EE354%2526hlv%253D67b330e3-4af4-4030-bc15-7e040a01000f%2523v1383270352 HTTP/1.1" 200 246
20.171.207.246 - - [28/Feb/2025:01:22:03 +0100] "GET /ticket2/opencms/set_aff_cookie.jsp?partner=6F250EA7-4505-FA01-D601-8847F2573405&url=%252Fru%252Fbuy%252Findex.html%253Fpage%253D1%2526edid%253D26467E66-E432-3709-0425-A75E81B5021A%2526hlv%253D666c5d2b-9668-4702-a8e1-4e220a01000f%2523v638927624 HTTP/1.1" 200 245
20.171.207.246 - - [28/Feb/2025:01:22:04 +0100] "GET /ticket2/opencms/set_aff_cookie.jsp?partner=57601924-FB09-5BB2-867F-08B4EB522BA8&url=%252Fen%252Fbuy%252Findex.html%253Fpage%253D1%2526edid%253D3289C097-2261-9433-8644-DF033A9EE354%2526hlv%253D666c5d14-7c74-4692-9608-4e220a01000f%2523v2060828805 HTTP/1.1" 200 246
47.128.34.84 - - [28/Feb/2025:01:22:04 +0100] "GET /ticket2/opencms/ga/buy/?edid=206775FB-5EFC-40BC-11F8-888FF769B2A9 HTTP/1.1" 200 91757
20.171.207.246 - - [28/Feb/2025:01:22:05 +0100] "GET /ticket2/opencms/set_aff_cookie.jsp?partner=6F250EA7-4505-FA01-D601-8847F2573405&url=%252Fnl%252Fbuy%252Findex.html%253Fpage%253D1%2526edid%253D7624E370-717C-E67C-7863-0581645F3814%2526hlv%253D6698ea36-51f8-490c-8c21-4dfb0a01000f%2523v625333074 HTTP/1.1" 200 245
114.119.143.233 - - [28/Feb/2025:01:22:05 +0100] "GET /ticket2/opencms/fr/buy?page=1&=0B7FA255-C9AB-C9F8-614B-A7252B3377ED HTTP/1.1" 200 -
20.171.207.246 - - [28/Feb/2025:01:22:06 +0100] "GET /ticket2/opencms/set_aff_cookie.jsp?partner=6F250EA7-4505-FA01-D601-8847F2573405&url=%252Fru%252Fbuy%252Findex.html%253Fpage%253D1%2526edid%253DA587FC63-4A93-6097-3B29-C1C51786267C%2526hlv%253D6693ad27-0070-4627-8423-07f70a01000f%2523v687712307 HTTP/1.1" 200 245
20.171.207.246 - - [28/Feb/2025:01:22:07 +0100] "GET /ticket2/opencms/set_aff_cookie.jsp?partner=6F250EA7-4505-FA01-D601-8847F2573405&url=%252Fnl%252Fbuy%252Findex.html%253Fpage%253D1%2526edid%253D47C0370F-9915-7673-E038-7AD65907592C%2526hlv%253D666d50d5-1500-4b72-86c5-70d60a01000f%2523v1634628002 HTTP/1.1" 200 246
20.171.207.246 - - [28/Feb/2025:01:22:08 +0100] "GET /ticket2/opencms/set_aff_cookie.jsp?partner=6F250EA7-4505-FA01-D601-8847F2573405&url=%252Fru%252Fbuy%252Findex.html%253Fpage%253D1%2526edid%253D78F53753-F856-B158-388A-6B70B4CA55C8%2526hlv%253D66b38016-042c-408e-9b13-74430a01000f%2523v1718787067 HTTP/1.1" 200 246
54.36.148.177 - - [28/Feb/2025:01:22:09 +0100] "GET /ticket2/opencms/tr/buy/?page=1&edid=93838642-5250-2673-0C4C-CF34056B55BD HTTP/1.1" 200 115142
20.171.207.246 - - [28/Feb/2025:01:22:09 +0100] "GET /ticket2/opencms/set_aff_cookie.jsp?partner=6F250EA7-4505-FA01-D601-8847F2573405&url=%252Fnl%252Fbuy%252Findex.html%253Fpage%253D1%2526edid%253D5C16C231-B966-190F-EDF0-005493349D4E%2526hlv%253D66924207-c214-4730-9f6b-068d0a01000f%2523v308749677 HTTP/1.1" 200 245
216.244.66.238 - - [28/Feb/2025:01:22:09 +0100] "GET /ticket2/opencms/mt/buy?page=1&edid=E00292B9-289F-EBF1-CED0-AB7E0F333572 HTTP/1.1" 200 112570
20.171.207.246 - - [28/Feb/2025:01:22:11 +0100] "GET /ticket2/opencms/set_aff_cookie.jsp?partner=6F250EA7-4505-FA01-D601-8847F2573405&url=%252Fnl%252Fbuy%252Findex.html%253Fpage%253D1%2526edid%253D3289C097-2261-9433-8644-DF033A9EE354%2526hlv%253D666c5d14-7c74-4692-9608-4e220a01000f%2523v2060828805 HTTP/1.1" 200 246
20.171.207.246 - - [28/Feb/2025:01:22:12 +0100] "GET /ticket2/opencms/set_aff_cookie.jsp?partner=6F250EA7-4505-FA01-D601-8847F2573405&url=%252Fnl%252Fbuy%252Findex.html%253Fpage%253D1%2526edid%253D3F2D99A8-7547-83C1-C9EB-9D79E7CF5003%2526hlv%253D669390b1-e520-4634-8044-74300a01000f%2523v1767775327 HTTP/1.1" 200 246
20.171.207.246 - - [28/Feb/2025:01:22:13 +0100] "GET /ticket2/opencms/set_aff_cookie.jsp?partner=6F250EA7-4505-FA01-D601-8847F2573405&url=%252Fsv%252Fbuy%252Findex.html%253Fpage%253D1%2526edid%253DB8A6965B-216E-27C8-9A3D-21241346030F%2526hlv%253D66866f91-7360-4459-b2a9-73060a01000f%2523v290266326 HTTP/1.1" 200 245
20.171.207.246 - - [28/Feb/2025:01:22:14 +0100] "GET /ticket2/opencms/set_aff_cookie.jsp?partner=6F250EA7-4505-FA01-D601-8847F2573405&url=%252Fdk%252Fbuy%252Findex.html%253Fpage%253D1%2526edid%253D26467E66-E432-3709-0425-A75E81B5021A%2526hlv%253D666c5d28-c8d8-4919-9353-4e220a01000f%2523v324473127 HTTP/1.1" 200 245
119.8.233.246 - - [28/Feb/2025:01:22:14 +0100] "GET /ticket2/opencms/tr/buy?page=6&comcatid=0A6B8208-FDA4-E929-9D72-5312FD481B76&catid=465306FD-802C-5175-10FF-40E426DD2769 HTTP/1.1" 200 96953
20.171.207.246 - - [28/Feb/2025:01:22:15 +0100] "GET /ticket2/opencms/set_aff_cookie.jsp?partner=6F250EA7-4505-FA01-D601-8847F2573405&url=%252Ffi%252Fbuy%252Findex.html%253Fpage%253D1%2526edid%253D50375D23-8B44-5172-3FB1-755B660EE76F%2526hlv%253D66867186-08b0-4174-bc32-73030a01000f%2523v105417665 HTTP/1.1" 200 245
20.171.207.246 - - [28/Feb/2025:01:22:16 +0100] "GET /ticket2/opencms/set_aff_cookie.jsp?partner=6F250EA7-4505-FA01-D601-8847F2573405&url=%252Fdk%252Fbuy%252Findex.html%253Fpage%253D1%2526edid%253D26467E66-E432-3709-0425-A75E81B5021A%2526hlv%253D666c5d2d-56b8-4468-ab04-4e220a01000f%2523v1926707565 HTTP/1.1" 200 246
20.171.207.246 - - [28/Feb/2025:01:22:17 +0100] "GET /ticket2/opencms/set_aff_cookie.jsp?partner=6F250EA7-4505-FA01-D601-8847F2573405&url=%252Fno%252Fbuy%252Findex.html%253Fpage%253D1%2526edid%253D5C16C231-B966-190F-EDF0-005493349D4E%2526hlv%253D66924207-9390-48fb-8a32-068d0a01000f%2523v467822495 HTTP/1.1" 200 245
20.171.207.246 - - [28/Feb/2025:01:22:19 +0100] "GET /ticket2/opencms/set_aff_cookie.jsp?partner=6F250EA7-4505-FA01-D601-8847F2573405&url=%252Fen%252Fbuy%252Findex.html%253Fpage%253D1%2526edid%253D26467E66-E432-3709-0425-A75E81B5021A%2526hlv%253D666c5d29-82bc-4874-a33d-4e220a01000f%2523v1543058175 HTTP/1.1" 200 246
54.36.148.109 - - [28/Feb/2025:01:22:20 +0100] "GET /ticket2/opencms/uk/buy/?page=1&edid=DE88C997-F247-5EDB-AB8C-0BF21F57525F HTTP/1.1" 200 113618
20.171.207.246 - - [28/Feb/2025:01:22:20 +0100] "GET /ticket2/opencms/set_aff_cookie.jsp?partner=6F250EA7-4505-FA01-D601-8847F2573405&url=%252Fdk%252Fbuy%252Findex.html%253Fpage%253D1%2526edid%253D47C0370F-9915-7673-E038-7AD65907592C%2526hlv%253D666d50d2-2ad8-465f-94b5-70d60a01000f%2523v717155756 HTTP/1.1" 200 245
20.171.207.246 - - [28/Feb/2025:01:22:21 +0100] "GET /ticket2/opencms/set_aff_cookie.jsp?partner=6F250EA7-4505-FA01-D601-8847F2573405&url=%252Fen%252Fbuy%252Findex.html%253Fpage%253D1%2526edid%253D47C0370F-9915-7673-E038-7AD65907592C%2526hlv%253D666d50d5-cc40-4ff9-8648-70d60a01000f%2523v2015728532 HTTP/1.1" 200 246
20.171.207.246 - - [28/Feb/2025:01:22:22 +0100] "GET /ticket2/opencms/set_aff_cookie.jsp?partner=6F250EA7-4505-FA01-D601-8847F2573405&url=%252Fsv%252Fbuy%252Findex.html%253Fpage%253D1%2526edid%253D0C675B35-F010-2227-D951-9B816929F720%2526hlv%253D6689073e-5d20-4ba0-b6f4-1a850a01000f%2523v299531869 HTTP/1.1" 200 245
20.171.207.246 - - [28/Feb/2025:01:22:23 +0100] "GET /ticket2/opencms/set_aff_cookie.jsp?partner=6F250EA7-4505-FA01-D601-8847F2573405&url=%252Fru%252Fbuy%252Findex.html%253Fpage%253D1%2526edid%253D7568E602-7C67-35D2-952F-D243F8930169%2526hlv%253D666dbc74-d420-4834-93c0-4cf60a01000f%2523v1336878179 HTTP/1.1" 200 246
185.191.171.15 - - [28/Feb/2025:01:22:24 +0100] "GET /ticket2/opencms/lt/magazine/article?title=ateities-zvaigzdes HTTP/1.1" 200 92821
185.191.171.19 - - [28/Feb/2025:01:22:24 +0100] "GET /ticket2/opencms/cs/buying_tickets HTTP/1.1" 200 89236
20.171.207.246 - - [28/Feb/2025:01:22:24 +0100] "GET /ticket2/opencms/set_aff_cookie.jsp?partner=6F250EA7-4505-FA01-D601-8847F2573405&url=%252Fnl%252Fbuy%252Findex.html%253Fpage%253D1%2526edid%253D5C16C231-B966-190F-EDF0-005493349D4E%2526hlv%253D66924207-9390-48fb-8a32-068d0a01000f%2523v467822495 HTTP/1.1" 200 245
20.171.207.246 - - [28/Feb/2025:01:22:26 +0100] "GET /ticket2/opencms/set_aff_cookie.jsp?partner=6F250EA7-4505-FA01-D601-8847F2573405&url=%252Fru%252Fbuy%252Findex.html%253Fpage%253D1%2526edid%253D3289C097-2261-9433-8644-DF033A9EE354%2526hlv%253D666c5d14-5524-47fb-a4f6-4e220a01000f%2523v2049372594 HTTP/1.1" 200 246
40.77.167.149 - - [28/Feb/2025:01:22:26 +0100] "GET /ticket2/opencms/mo/buy?page=1&edid=299450E2-FDAD-4E2B-0058-6290A7A2B57D HTTP/1.1" 200 112055
20.171.207.246 - - [28/Feb/2025:01:22:27 +0100] "GET /ticket2/opencms/set_aff_cookie.jsp?partner=6F250EA7-4505-FA01-D601-8847F2573405&url=%252Fdk%252Fbuy%252Findex.html%253Fpage%253D1%2526edid%253D26467E66-E432-3709-0425-A75E81B5021A%2526hlv%253D666c5d28-cb30-40b7-90a3-4e220a01000f%2523v1241042119 HTTP/1.1" 200 246
185.191.171.2 - - [28/Feb/2025:01:22:28 +0100] "GET /ticket2/opencms/en/archive/events/melodifestivalen/ HTTP/1.1" 200 88663
20.171.207.246 - - [28/Feb/2025:01:22:28 +0100] "GET /ticket2/opencms/set_aff_cookie.jsp?partner=6F250EA7-4505-FA01-D601-8847F2573405&url=%252Ffi%252Fbuy%252Findex.html%253Fpage%253D1%2526edid%253D47C0370F-9915-7673-E038-7AD65907592C%2526hlv%253D666d50d3-0470-4e78-9ba3-70d60a01000f%2523v118039397 HTTP/1.1" 200 245
54.36.148.184 - - [28/Feb/2025:01:22:29 +0100] "GET /ticket2/opencms/fr/buy/?page=1&edid=B7C31852-4938-05B8-A23C-0248E7A3D5BA HTTP/1.1" 200 112161
20.171.207.246 - - [28/Feb/2025:01:22:29 +0100] "GET /ticket2/opencms/set_aff_cookie.jsp?partner=6F250EA7-4505-FA01-D601-8847F2573405&url=%252Ffi%252Fbuy%252Findex.html%253Fpage%253D1%2526edid%253D5C16C231-B966-190F-EDF0-005493349D4E%2526hlv%253D66924207-1c60-433a-952a-068d0a01000f%2523v_1793588274 HTTP/1.1" 200 247
114.119.136.30 - - [28/Feb/2025:01:22:29 +0100] "GET /ticket2/opencms/en/venue/?venueid=FF5203A7-122F-1365-4962-1F8CB4E034AD HTTP/1.1" 200 85335
20.171.207.246 - - [28/Feb/2025:01:22:30 +0100] "GET /ticket2/opencms/set_aff_cookie.jsp?partner=6F250EA7-4505-FA01-D601-8847F2573405&url=%252Fen%252Fbuy%252Findex.html%253Fpage%253D1%2526edid%253D3289C097-2261-9433-8644-DF033A9EE354%2526hlv%253D666c5d12-8f84-48a3-998f-4e220a01000f%2523v215236724 HTTP/1.1" 200 245
20.171.207.246 - - [28/Feb/2025:01:22:31 +0100] "GET /ticket2/opencms/set_aff_cookie.jsp?partner=6F250EA7-4505-FA01-D601-8847F2573405&url=%252Fsv%252Fbuy%252Findex.html%253Fpage%253D1%2526edid%253D0C675B35-F010-2227-D951-9B816929F720%2526hlv%253D6689073e-333c-4cf5-8e5c-1a850a01000f%2523v114770690 HTTP/1.1" 200 245
20.171.207.246 - - [28/Feb/2025:01:22:32 +0100] "GET /ticket2/opencms/set_aff_cookie.jsp?partner=6F250EA7-4505-FA01-D601-8847F2573405&url=%252Fno%252Fbuy%252Findex.html%253Fpage%253D1%2526edid%253D87B3356E-6F78-7F45-235C-4CD49B95C308%2526hlv%253D669148e3-8210-4644-9db3-48a80a01000f%2523v888992986 HTTP/1.1" 200 245
66.249.75.228 - - [28/Feb/2025:01:22:33 +0100] "GET /ticket2/opencms/no/?page=6&comcatid=A17713B6-D984-201A-4143-ED4DB5ED5C2E HTTP/1.1" 200 104995
20.171.207.246 - - [28/Feb/2025:01:22:34 +0100] "GET /ticket2/opencms/set_aff_cookie.jsp?partner=6F250EA7-4505-FA01-D601-8847F2573405&url=%252Fdk%252Fbuy%252Findex.html%253Fpage%253D1%2526edid%253DB8A6965B-216E-27C8-9A3D-21241346030F%2526hlv%253D66866f91-3cb8-48e8-9138-73060a01000f%2523v472021892 HTTP/1.1" 200 245
20.171.207.246 - - [28/Feb/2025:01:22:35 +0100] "GET /ticket2/opencms/set_aff_cookie.jsp?partner=6F250EA7-4505-FA01-D601-8847F2573405&url=%252Fsv%252Fbuy%252Findex.html%253Fpage%253D1%2526edid%253D5C16C231-B966-190F-EDF0-005493349D4E%2526hlv%253D6692420a-9e70-4744-8941-068d0a01000f%2523v829429730 HTTP/1.1" 200 245
20.171.207.246 - - [28/Feb/2025:01:22:36 +0100] "GET /ticket2/opencms/set_aff_cookie.jsp?partner=6F250EA7-4505-FA01-D601-8847F2573405&url=%252Fdk%252Fbuy%252Findex.html%253Fpage%253D1%2526edid%253D47C0370F-9915-7673-E038-7AD65907592C%2526hlv%253D666d50d1-2830-4bb1-a714-70d60a01000f%2523v3101354 HTTP/1.1" 200 243
20.171.207.246 - - [28/Feb/2025:01:22:37 +0100] "GET /ticket2/opencms/set_aff_cookie.jsp?partner=6F250EA7-4505-FA01-D601-8847F2573405&url=%252Fno%252Fbuy%252Findex.html%253Fpage%253D1%2526edid%253D26467E66-E432-3709-0425-A75E81B5021A%2526hlv%253D666c5d2d-56b8-4468-ab04-4e220a01000f%2523v1926707565 HTTP/1.1" 200 246
54.36.149.93 - - [28/Feb/2025:01:22:38 +0100] "GET /ticket2/opencms/tr/buy/?page=1&edid=ED6B033E-FAAE-D3A6-3006-A43EA8437C62 HTTP/1.1" 200 116673
185.191.171.15 - - [28/Feb/2025:01:22:38 +0100] "GET /ticket2/opencms/is/magazine/article?title=arsenal-nalgast-liverpool HTTP/1.1" 200 93086
20.171.207.246 - - [28/Feb/2025:01:22:38 +0100] "GET /ticket2/opencms/set_aff_cookie.jsp?partner=6F250EA7-4505-FA01-D601-8847F2573405&url=%252Fnl%252Fbuy%252Findex.html%253Fpage%253D1%2526edid%253D51B4378F-6A88-5221-C69B-C34E0BB6A16E%2526hlv%253D66867799-4b40-4366-9720-7c920a01000f%2523v1590747076 HTTP/1.1" 200 246
216.244.66.238 - - [28/Feb/2025:01:22:39 +0100] "GET /ticket2/opencms/et/buy?page=1&edid=7FD7B983-A676-9DB5-DDC8-EBA42E6C40FA HTTP/1.1" 200 110576
20.171.207.246 - - [28/Feb/2025:01:22:39 +0100] "GET /ticket2/opencms/set_aff_cookie.jsp?partner=6F250EA7-4505-FA01-D601-8847F2573405&url=%252Ffi%252Fbuy%252Findex.html%253Fpage%253D1%2526edid%253D3289C097-2261-9433-8644-DF033A9EE354%2526hlv%253D66cb7337-5df4-4049-9d5d-04690a01000f%2523v1187207160 HTTP/1.1" 200 246
20.171.207.246 - - [28/Feb/2025:01:22:41 +0100] "GET /ticket2/opencms/set_aff_cookie.jsp?partner=6F250EA7-4505-FA01-D601-8847F2573405&url=%252Ffi%252Fbuy%252Findex.html%253Fpage%253D1%2526edid%253D26467E66-E432-3709-0425-A75E81B5021A%2526hlv%253D666c5d28-08cc-408a-8a90-4e220a01000f%2523v2018458264 HTTP/1.1" 200 246
20.171.207.246 - - [28/Feb/2025:01:22:42 +0100] "GET /ticket2/opencms/set_aff_cookie.jsp?partner=6F250EA7-4505-FA01-D601-8847F2573405&url=%252Fen%252Fbuy%252Findex.html%253Fpage%253D1%2526edid%253D26467E66-E432-3709-0425-A75E81B5021A%2526hlv%253D66cb7327-a7bc-4977-8ef1-04690a01000f%2523v1375962309 HTTP/1.1" 200 246
114.119.141.178 - - [28/Feb/2025:01:22:43 +0100] "GET /ticket2/opencms/fr/buy?page=1&edid=BBAFC2BC-085F-5A58-F761-2463D78A6F36 HTTP/1.1" 200 112237
20.171.207.246 - - [28/Feb/2025:01:22:43 +0100] "GET /ticket2/opencms/set_aff_cookie.jsp?partner=6F250EA7-4505-FA01-D601-8847F2573405&url=%252Fen%252Fbuy%252Findex.html%253Fpage%253D1%2526edid%253D26467E66-E432-3709-0425-A75E81B5021A%2526hlv%253D666c5d2a-2164-4333-91e0-4e220a01000f%2523v487559715 HTTP/1.1" 200 245
20.171.207.246 - - [28/Feb/2025:01:22:44 +0100] "GET /ticket2/opencms/set_aff_cookie.jsp?partner=6F250EA7-4505-FA01-D601-8847F2573405&url=%252Fnl%252Fbuy%252Findex.html%253Fpage%253D1%2526edid%253D47C0370F-9915-7673-E038-7AD65907592C%2526hlv%253D666d50d2-2c24-4573-a956-70d60a01000f%2523v1332063675 HTTP/1.1" 200 246
66.249.72.142 - - [28/Feb/2025:01:22:45 +0100] "GET /ticket2/opencms/en/buy/?comcatid=97ECA65A-72DA-F9AF-9DBB-245D3CFED1BE&catid=81B744E7-1FEE-E757-C0AB-C7AF73CDE252 HTTP/1.1" 200 96441
20.171.207.246 - - [28/Feb/2025:01:22:45 +0100] "GET /ticket2/opencms/set_aff_cookie.jsp?partner=6F250EA7-4505-FA01-D601-8847F2573405&url=%252Fdk%252Fbuy%252Findex.html%253Fpage%253D1%2526edid%253D5C16C231-B966-190F-EDF0-005493349D4E%2526hlv%253D6692420a-3608-4f85-978d-068d0a01000f%2523v1976012924 HTTP/1.1" 200 246
54.36.149.67 - - [28/Feb/2025:01:22:46 +0100] "GET /ticket2/opencms/az/buy/?page=1&edid=D16CBD56-F9C4-0265-CE8D-3642D2270494 HTTP/1.1" 200 109080
20.171.207.246 - - [28/Feb/2025:01:22:46 +0100] "GET /ticket2/opencms/set_aff_cookie.jsp?partner=6F250EA7-4505-FA01-D601-8847F2573405&url=%252Fsv%252Fbuy%252Findex.html%253Fpage%253D1%2526edid%253D51B4378F-6A88-5221-C69B-C34E0BB6A16E%2526hlv%253D66867799-4b40-4366-9720-7c920a01000f%2523v1590747076 HTTP/1.1" 200 246
52.167.144.17 - - [28/Feb/2025:01:22:47 +0100] "GET /ticket2/opencms/dk/magazine/article?title=graham-potter-fra-sverige-til-premier-league HTTP/1.1" 200 95928
166.108.236.77 - - [28/Feb/2025:01:22:47 +0100] "GET /ticket2/opencms/bs/buy?page=1&edid=C4141B0C-454E-2CA8-556F-909E6DA54D22 HTTP/1.1" 200 111187
20.171.207.246 - - [28/Feb/2025:01:22:48 +0100] "GET /ticket2/opencms/set_aff_cookie.jsp?partner=6F250EA7-4505-FA01-D601-8847F2573405&url=%252Fno%252Fbuy%252Findex.html%253Fpage%253D1%2526edid%253D47C0370F-9915-7673-E038-7AD65907592C%2526hlv%253D666d50d5-e558-44a8-81ba-70d60a01000f%2523v442306937 HTTP/1.1" 200 245
66.249.72.142 - - [28/Feb/2025:01:22:48 +0100] "GET /ticket2/opencms/system/modules/com.gridnine.opencms.ticketbrokerage.site/resources/js/calendar-setup.js HTTP/1.1" 200 4923
20.171.207.246 - - [28/Feb/2025:01:22:49 +0100] "GET /ticket2/opencms/set_aff_cookie.jsp?partner=6F250EA7-4505-FA01-D601-8847F2573405&url=%252Fru%252Fbuy%252Findex.html%253Fpage%253D1%2526edid%253D312E2B30-1BE8-80F9-5587-64D580752ED3%2526hlv%253D6690088b-241c-4b09-98a3-14010a01000f%2523v610567175 HTTP/1.1" 200 245
20.171.207.246 - - [28/Feb/2025:01:22:50 +0100] "GET /ticket2/opencms/set_aff_cookie.jsp?partner=6F250EA7-4505-FA01-D601-8847F2573405&url=%252Fdk%252Fbuy%252Findex.html%253Fpage%253D1%2526edid%253D47C0370F-9915-7673-E038-7AD65907592C%2526hlv%253D666d50d3-322c-424e-a918-70d60a01000f%2523v1184600907 HTTP/1.1" 200 246
20.171.207.246 - - [28/Feb/2025:01:22:52 +0100] "GET /ticket2/opencms/set_aff_cookie.jsp?partner=6F250EA7-4505-FA01-D601-8847F2573405&url=%252Fdk%252Fbuy%252Findex.html%253Fpage%253D1%2526edid%253D3289C097-2261-9433-8644-DF033A9EE354%2526hlv%253D6752c8e5-63c8-4550-bca5-77430a01000f%2523v2100295903 HTTP/1.1" 200 246
85.208.96.205 - - [28/Feb/2025:01:22:52 +0100] "GET /ticket2/opencms/ga/magazine/article?title=liosta-na-n-ainmnithe-don-ballon-dor HTTP/1.1" 200 94972
20.171.207.246 - - [28/Feb/2025:01:22:52 +0100] "GET /ticket2/opencms/set_aff_cookie.jsp?partner=6F250EA7-4505-FA01-D601-8847F2573405&url=%252Fsv%252Fbuy%252Findex.html%253Fpage%253D1%2526edid%253D3289C097-2261-9433-8644-DF033A9EE354%2526hlv%253D666c5d19-75f4-4867-8984-4e220a01000f%2523v994484857 HTTP/1.1" 200 245
52.167.144.204 - - [28/Feb/2025:01:22:53 +0100] "GET /ticket2/opencms/mt/magazine/article?title=graham-potter-minn-l-izvezja-sal-premier-league HTTP/1.1" 200 97039
20.171.207.246 - - [28/Feb/2025:01:22:53 +0100] "GET /ticket2/opencms/set_aff_cookie.jsp?partner=57601924-FB09-5BB2-867F-08B4EB522BA8&url=%252Fno%252Fbuy%252Findex.html%253Fpage%253D1%2526edid%253D3289C097-2261-9433-8644-DF033A9EE354%2526hlv%253D66cb7337-5124-4348-b364-04690a01000f%2523v626480708 HTTP/1.1" 200 245
20.171.207.246 - - [28/Feb/2025:01:22:55 +0100] "GET /ticket2/opencms/set_aff_cookie.jsp?partner=6F250EA7-4505-FA01-D601-8847F2573405&url=%252Fen%252Fbuy%252Findex.html%253Fpage%253D1%2526edid%253D47C0370F-9915-7673-E038-7AD65907592C%2526hlv%253D666d50d4-24c8-4d22-be78-70d60a01000f%2523v299111905 HTTP/1.1" 200 245
54.36.149.1 - - [28/Feb/2025:01:22:55 +0100] "GET /ticket2/opencms/mt/buy/?page=1&edid=DE88C997-F247-5EDB-AB8C-0BF21F57525F HTTP/1.1" 200 111450
20.171.207.246 - - [28/Feb/2025:01:22:56 +0100] "GET /ticket2/opencms/set_aff_cookie.jsp?partner=6F250EA7-4505-FA01-D601-8847F2573405&url=%252Fno%252Fbuy%252Findex.html%253Fpage%253D1%2526edid%253D3289C097-2261-9433-8644-DF033A9EE354%2526hlv%253D666c5d18-6634-466b-8f00-4e220a01000f%2523v1201516859 HTTP/1.1" 200 246
20.171.207.246 - - [28/Feb/2025:01:22:57 +0100] "GET /ticket2/opencms/set_aff_cookie.jsp?partner=6F250EA7-4505-FA01-D601-8847F2573405&url=%252Fdk%252Fbuy%252Findex.html%253Fpage%253D1%2526edid%253D78F53753-F856-B158-388A-6B70B4CA55C8%2526hlv%253D66b38017-9934-41b2-8259-74430a01000f%2523v127097729 HTTP/1.1" 200 245
20.171.207.246 - - [28/Feb/2025:01:22:58 +0100] "GET /ticket2/opencms/set_aff_cookie.jsp?partner=6F250EA7-4505-FA01-D601-8847F2573405&url=%252Fsv%252Fbuy%252Findex.html%253Fpage%253D1%2526edid%253D3289C097-2261-9433-8644-DF033A9EE354%2526hlv%253D666c5d16-ffb4-4636-b289-4e220a01000f%2523v1803892892 HTTP/1.1" 200 246
69.176.88.229 - - [28/Feb/2025:01:22:59 +0100] "GET /ticket2/opencms/az/buy?edid=0B7E5CA2-F588-894B-B701-64E6B9532C54&page=1 HTTP/1.1" 200 128123
20.171.207.246 - - [28/Feb/2025:01:22:59 +0100] "GET /ticket2/opencms/set_aff_cookie.jsp?partner=6F250EA7-4505-FA01-D601-8847F2573405&url=%252Fno%252Fbuy%252Findex.html%253Fpage%253D1%2526edid%253D47C0370F-9915-7673-E038-7AD65907592C%2526hlv%253D666d50d3-2740-4a31-8759-70d60a01000f%2523v660918162 HTTP/1.1" 200 245
20.171.207.246 - - [28/Feb/2025:01:23:00 +0100] "GET /ticket2/opencms/set_aff_cookie.jsp?partner=6F250EA7-4505-FA01-D601-8847F2573405&url=%252Fnl%252Fbuy%252Findex.html%253Fpage%253D1%2526edid%253D750C6040-29F7-425D-A24F-51B977F415A3%2526hlv%253D666c58a8-58c8-48a7-8563-49b80a01000f%2523v219656178 HTTP/1.1" 200 245
20.171.207.246 - - [28/Feb/2025:01:23:01 +0100] "GET /ticket2/opencms/set_aff_cookie.jsp?partner=6F250EA7-4505-FA01-D601-8847F2573405&url=%252Fsv%252Fbuy%252Findex.html%253Fpage%253D1%2526edid%253D5C16C231-B966-190F-EDF0-005493349D4E%2526hlv%253D66924209-8630-4485-9039-068d0a01000f%2523v2046733023 HTTP/1.1" 200 246
20.171.207.246 - - [28/Feb/2025:01:23:03 +0100] "GET /ticket2/opencms/set_aff_cookie.jsp?partner=6F250EA7-4505-FA01-D601-8847F2573405&url=%252Ffi%252Fbuy%252Findex.html%253Fpage%253D1%2526edid%253D0C675B35-F010-2227-D951-9B816929F720%2526hlv%253D6689073e-f3b8-4333-bcd9-1a850a01000f%2523v788028117 HTTP/1.1" 200 245
20.171.207.246 - - [28/Feb/2025:01:23:04 +0100] "GET /ticket2/opencms/set_aff_cookie.jsp?partner=6F250EA7-4505-FA01-D601-8847F2573405&url=%252Fnl%252Fbuy%252Findex.html%253Fpage%253D1%2526edid%253D47C0370F-9915-7673-E038-7AD65907592C%2526hlv%253D666d50d2-6674-49e5-9f55-70d60a01000f%2523v225475157 HTTP/1.1" 200 245
54.36.148.77 - - [28/Feb/2025:01:23:04 +0100] "GET /ticket2/opencms/sk/buy/?page=1&edid=DE88C997-F247-5EDB-AB8C-0BF21F57525F HTTP/1.1" 200 111333
20.171.207.246 - - [28/Feb/2025:01:23:05 +0100] "GET /ticket2/opencms/set_aff_cookie.jsp?partner=6F250EA7-4505-FA01-D601-8847F2573405&url=%252Fen%252Fbuy%252Findex.html%253Fpage%253D1%2526edid%253D5053E429-37C6-6922-FE45-2F7B4E327AEF%2526hlv%253D669024b4-e074-4563-9472-24d20a01000f%2523v1130007459 HTTP/1.1" 200 246
20.171.207.246 - - [28/Feb/2025:01:23:06 +0100] "GET /ticket2/opencms/set_aff_cookie.jsp?partner=6F250EA7-4505-FA01-D601-8847F2573405&url=%252Fsv%252Fbuy%252Findex.html%253Fpage%253D1%2526edid%253DB8A6965B-216E-27C8-9A3D-21241346030F%2526hlv%253D66866f91-3cb8-48e8-9138-73060a01000f%2523v472021892 HTTP/1.1" 200 245
20.171.207.246 - - [28/Feb/2025:01:23:07 +0100] "GET /ticket2/opencms/set_aff_cookie.jsp?partner=6F250EA7-4505-FA01-D601-8847F2573405&url=%252Fdk%252Fbuy%252Findex.html%253Fpage%253D1%2526edid%253D87B3356E-6F78-7F45-235C-4CD49B95C308%2526hlv%253D669148e1-62b4-4588-9e74-48a80a01000f%2523v556579989 HTTP/1.1" 200 245
114.119.148.14 - - [28/Feb/2025:01:23:07 +0100] "GET /ticket2/opencms/en/sell/?edid=8528F9BE-E74F-7018-BEA6-8631CBF08136 HTTP/1.1" 302 -
20.171.207.246 - - [28/Feb/2025:01:23:08 +0100] "GET /ticket2/opencms/set_aff_cookie.jsp?partner=6F250EA7-4505-FA01-D601-8847F2573405&url=%252Fno%252Fbuy%252Findex.html%253Fpage%253D1%2526edid%253D26467E66-E432-3709-0425-A75E81B5021A%2526hlv%253D666c5d28-c37c-4528-9869-4e220a01000f%2523v374931396 HTTP/1.1" 200 245
216.244.66.238 - - [28/Feb/2025:01:23:09 +0100] "GET /ticket2/opencms/hr/buy?page=1&edid=7FD7B983-A676-9DB5-DDC8-EBA42E6C40FA HTTP/1.1" 200 110741
20.171.207.246 - - [28/Feb/2025:01:23:10 +0100] "GET /ticket2/opencms/set_aff_cookie.jsp?partner=6F250EA7-4505-FA01-D601-8847F2573405&url=%252Fdk%252Fbuy%252Findex.html%253Fpage%253D1%2526edid%253D312E2B30-1BE8-80F9-5587-64D580752ED3%2526hlv%253D6690088b-7d18-4e23-b2e6-14010a01000f%2523v425136562 HTTP/1.1" 200 245
20.171.207.246 - - [28/Feb/2025:01:23:11 +0100] "GET /ticket2/opencms/set_aff_cookie.jsp?partner=6F250EA7-4505-FA01-D601-8847F2573405&url=%252Fdk%252Fbuy%252Findex.html%253Fpage%253D1%2526edid%253D26467E66-E432-3709-0425-A75E81B5021A%2526hlv%253D666c5d2c-6754-4fce-9138-4e220a01000f%2523v2047279709 HTTP/1.1" 200 246
114.119.148.14 - - [28/Feb/2025:01:23:11 +0100] "GET /ticket2/opencms/en/login/?url=/en/sell/ HTTP/1.1" 200 90070
20.171.207.246 - - [28/Feb/2025:01:23:12 +0100] "GET /ticket2/opencms/set_aff_cookie.jsp?partner=6F250EA7-4505-FA01-D601-8847F2573405&url=%252Fsv%252Fbuy%252Findex.html%253Fpage%253D1%2526edid%253D81B38BC2-1B10-C00A-7953-DB579F5D53A3%2526hlv%253D66924221-f920-4307-9533-073b0a01000f%2523v335930093 HTTP/1.1" 200 245
20.171.207.246 - - [28/Feb/2025:01:23:13 +0100] "GET /ticket2/opencms/set_aff_cookie.jsp?partner=6F250EA7-4505-FA01-D601-8847F2573405&url=%252Fsv%252Fbuy%252Findex.html%253Fpage%253D1%2526edid%253D0C675B35-F010-2227-D951-9B816929F720%2526hlv%253D6689073e-f3b8-4333-bcd9-1a850a01000f%2523v788028117 HTTP/1.1" 200 245
20.171.207.246 - - [28/Feb/2025:01:23:14 +0100] "GET /ticket2/opencms/set_aff_cookie.jsp?partner=6F250EA7-4505-FA01-D601-8847F2573405&url=%252Fno%252Fbuy%252Findex.html%253Fpage%253D1%2526edid%253D78F53753-F856-B158-388A-6B70B4CA55C8%2526hlv%253D66b38016-750c-4a21-836f-74430a01000f%2523v738822818 HTTP/1.1" 200 245
20.171.207.246 - - [28/Feb/2025:01:23:15 +0100] "GET /ticket2/opencms/set_aff_cookie.jsp?partner=6F250EA7-4505-FA01-D601-8847F2573405&url=%252Fen%252Fbuy%252Findex.html%253Fpage%253D1%2526edid%253D3289C097-2261-9433-8644-DF033A9EE354%2526hlv%253D666c5d17-4348-4913-a597-4e220a01000f%2523v197152429 HTTP/1.1" 200 245
20.171.207.246 - - [28/Feb/2025:01:23:17 +0100] "GET /ticket2/opencms/set_aff_cookie.jsp?partner=6F250EA7-4505-FA01-D601-8847F2573405&url=%252Fno%252Fbuy%252Findex.html%253Fpage%253D1%2526edid%253D87B3356E-6F78-7F45-235C-4CD49B95C308%2526hlv%253D669148e3-18a4-443d-8051-48a80a01000f%2523v1165525200 HTTP/1.1" 200 246
54.36.148.110 - - [28/Feb/2025:01:23:17 +0100] "GET /ticket2/opencms/be/buy/?page=1&edid=D3CFC94C-099A-20DC-B2B6-57B9CC37DA19 HTTP/1.1" 200 110880
20.171.207.246 - - [28/Feb/2025:01:23:18 +0100] "GET /ticket2/opencms/set_aff_cookie.jsp?partner=6F250EA7-4505-FA01-D601-8847F2573405&url=%252Fru%252Fbuy%252Findex.html%253Fpage%253D1%2526edid%253D3289C097-2261-9433-8644-DF033A9EE354%2526hlv%253D666c5d19-ee90-4da3-9635-4e220a01000f%2523v1550589481 HTTP/1.1" 200 246
188.239.44.222 - - [28/Feb/2025:01:23:18 +0100] "GET /ticket2/opencms/it/buy?page=1&edid=E1332E4A-0A6D-DD3D-14BF-DB0907B051D5 HTTP/1.1" 200 110937
20.171.207.246 - - [28/Feb/2025:01:23:19 +0100] "GET /ticket2/opencms/set_aff_cookie.jsp?partner=6F250EA7-4505-FA01-D601-8847F2573405&url=%252Ffi%252Fbuy%252Findex.html%253Fpage%253D1%2526edid%253D78F53753-F856-B158-388A-6B70B4CA55C8%2526hlv%253D66b38017-79d8-42c9-a247-74430a01000f%2523v867646333 HTTP/1.1" 200 245
20.171.207.246 - - [28/Feb/2025:01:23:20 +0100] "GET /ticket2/opencms/set_aff_cookie.jsp?partner=6F250EA7-4505-FA01-D601-8847F2573405&url=%252Fno%252Fbuy%252Findex.html%253Fpage%253D1%2526edid%253D26467E66-E432-3709-0425-A75E81B5021A%2526hlv%253D666c5d2c-2354-4068-b773-4e220a01000f%2523v963397203 HTTP/1.1" 200 245
185.191.171.14 - - [28/Feb/2025:01:23:21 +0100] "GET /ticket2/opencms/is/magazine/article?title=dramatiskur-leikur-a-milli-tottenham-og-chelsea HTTP/1.1" 200 94839
20.171.207.246 - - [28/Feb/2025:01:23:21 +0100] "GET /ticket2/opencms/set_aff_cookie.jsp?partner=6F250EA7-4505-FA01-D601-8847F2573405&url=%252Fen%252Fbuy%252Findex.html%253Fpage%253D1%2526edid%253D3289C097-2261-9433-8644-DF033A9EE354%2526hlv%253D66cb7337-5df4-4049-9d5d-04690a01000f%2523v1187207160 HTTP/1.1" 200 246
20.171.207.246 - - [28/Feb/2025:01:23:22 +0100] "GET /ticket2/opencms/set_aff_cookie.jsp?partner=6F250EA7-4505-FA01-D601-8847F2573405&url=%252Fru%252Fbuy%252Findex.html%253Fpage%253D1%2526edid%253D3289C097-2261-9433-8644-DF033A9EE354%2526hlv%253D666c5d16-ffb4-4636-b289-4e220a01000f%2523v1803892892 HTTP/1.1" 200 246
52.167.144.204 - - [28/Feb/2025:01:23:23 +0100] "GET /ticket2/opencms/lt/buy?page=1&edid=FDE2CB1B-737B-857F-7431-BD450E7D3BBB HTTP/1.1" 200 135371
20.171.207.246 - - [28/Feb/2025:01:23:24 +0100] "GET /ticket2/opencms/set_aff_cookie.jsp?partner=6F250EA7-4505-FA01-D601-8847F2573405&url=%252Fsv%252Fbuy%252Findex.html%253Fpage%253D1%2526edid%253DB8A6965B-216E-27C8-9A3D-21241346030F%2526hlv%253D66866f91-f630-4bf9-9464-73060a01000f%2523v6278283 HTTP/1.1" 200 243
47.128.33.246 - - [28/Feb/2025:01:23:25 +0100] "GET /ticket2/opencms/hu/magazine/article?title=manchester-united-ugy-dontott-hogy-kirugja-erik-ten-hagot HTTP/1.1" 200 99820
20.171.207.246 - - [28/Feb/2025:01:23:25 +0100] "GET /ticket2/opencms/set_aff_cookie.jsp?partner=6F250EA7-4505-FA01-D601-8847F2573405&url=%252Fnl%252Fbuy%252Findex.html%253Fpage%253D1%2526edid%253D26467E66-E432-3709-0425-A75E81B5021A%2526hlv%253D666c5d2c-2354-4068-b773-4e220a01000f%2523v963397203 HTTP/1.1" 200 245
54.36.149.59 - - [28/Feb/2025:01:23:26 +0100] "GET /ticket2/opencms/de/buy/?page=1&edid=B938704A-C364-E3C3-6D83-C5254E1A3103 HTTP/1.1" 200 111632
20.171.207.246 - - [28/Feb/2025:01:23:26 +0100] "GET /ticket2/opencms/set_aff_cookie.jsp?partner=6F250EA7-4505-FA01-D601-8847F2573405&url=%252Fsv%252Fbuy%252Findex.html%253Fpage%253D1%2526edid%253D26467E66-E432-3709-0425-A75E81B5021A%2526hlv%253D666c5d2c-2354-4068-b773-4e220a01000f%2523v963397203 HTTP/1.1" 200 245
20.171.207.246 - - [28/Feb/2025:01:23:27 +0100] "GET /ticket2/opencms/set_aff_cookie.jsp?partner=6F250EA7-4505-FA01-D601-8847F2573405&url=%252Fnl%252Fbuy%252Findex.html%253Fpage%253D1%2526edid%253D7568E602-7C67-35D2-952F-D243F8930169%2526hlv%253D666dbc71-3930-478b-84f2-4cf60a01000f%2523v957205362 HTTP/1.1" 200 245
47.128.33.246 - - [28/Feb/2025:01:23:28 +0100] "GET /ticket2/opencms/img/erik_manu_small.jpg HTTP/1.1" 200 149152
20.171.207.246 - - [28/Feb/2025:01:23:28 +0100] "GET /ticket2/opencms/set_aff_cookie.jsp?partner=6F250EA7-4505-FA01-D601-8847F2573405&url=%252Fno%252Fbuy%252Findex.html%253Fpage%253D1%2526edid%253D5C16C231-B966-190F-EDF0-005493349D4E%2526hlv%253D66924209-8990-47b6-9f92-068d0a01000f%2523v260548435 HTTP/1.1" 200 245
20.171.207.246 - - [28/Feb/2025:01:23:29 +0100] "GET /ticket2/opencms/set_aff_cookie.jsp?partner=6F250EA7-4505-FA01-D601-8847F2573405&url=%252Ffi%252Fbuy%252Findex.html%253Fpage%253D1%2526edid%253D7568E602-7C67-35D2-952F-D243F8930169%2526hlv%253D666dbc70-0210-4b40-83f5-4cf60a01000f%2523v1717772110 HTTP/1.1" 200 246
52.167.144.141 - - [28/Feb/2025:01:23:30 +0100] "GET /ticket2/opencms/dk/buy/?page=1&edid=D314C794-2441-468F-2E3C-5F1FB0544215 HTTP/1.1" 200 110376
20.171.207.246 - - [28/Feb/2025:01:23:31 +0100] "GET /ticket2/opencms/set_aff_cookie.jsp?partner=6F250EA7-4505-FA01-D601-8847F2573405&url=%252Fen%252Fbuy%252Findex.html%253Fpage%253D1%2526edid%253D26467E66-E432-3709-0425-A75E81B5021A%2526hlv%253D666c5d29-b598-4ac7-8c70-4e220a01000f%2523v1822926599 HTTP/1.1" 200 246
20.171.207.246 - - [28/Feb/2025:01:23:32 +0100] "GET /ticket2/opencms/set_aff_cookie.jsp?partner=6F250EA7-4505-FA01-D601-8847F2573405&url=%252Ffi%252Fbuy%252Findex.html%253Fpage%253D1%2526edid%253D3289C097-2261-9433-8644-DF033A9EE354%2526hlv%253D666c5d17-4c84-494f-b078-4e220a01000f%2523v1275680600 HTTP/1.1" 200 246
54.36.149.26 - - [28/Feb/2025:01:23:33 +0100] "GET /ticket2/opencms/mt/buy/?page=1&edid=14427B33-9BB8-BBB7-1EBA-73EE86A692A4 HTTP/1.1" 200 118030
20.171.207.246 - - [28/Feb/2025:01:23:33 +0100] "GET /ticket2/opencms/set_aff_cookie.jsp?partner=6F250EA7-4505-FA01-D601-8847F2573405&url=%252Fno%252Fbuy%252Findex.html%253Fpage%253D1%2526edid%253D5C16C231-B966-190F-EDF0-005493349D4E%2526hlv%253D6692420a-2168-418b-b661-068d0a01000f%2523v777960057 HTTP/1.1" 200 245
20.171.207.246 - - [28/Feb/2025:01:23:34 +0100] "GET /ticket2/opencms/set_aff_cookie.jsp?partner=6F250EA7-4505-FA01-D601-8847F2573405&url=%252Fnl%252Fbuy%252Findex.html%253Fpage%253D1%2526edid%253D3289C097-2261-9433-8644-DF033A9EE354%2526hlv%253D666c5d18-6634-466b-8f00-4e220a01000f%2523v1201516859 HTTP/1.1" 200 246
20.171.207.246 - - [28/Feb/2025:01:23:35 +0100] "GET /ticket2/opencms/set_aff_cookie.jsp?partner=6F250EA7-4505-FA01-D601-8847F2573405&url=%252Fru%252Fbuy%252Findex.html%253Fpage%253D1%2526edid%253D26467E66-E432-3709-0425-A75E81B5021A%2526hlv%253D666c5d29-aa94-479b-8566-4e220a01000f%2523v2009402928 HTTP/1.1" 200 246
216.244.66.238 - - [28/Feb/2025:01:23:36 +0100] "GET /ticket2/opencms/et/buy?page=1&edid=808C4AEE-16F2-300A-1DD0-5C4D09E0DA01 HTTP/1.1" 200 108345
20.171.207.246 - - [28/Feb/2025:01:23:36 +0100] "GET /ticket2/opencms/set_aff_cookie.jsp?partner=6F250EA7-4505-FA01-D601-8847F2573405&url=%252Fdk%252Fbuy%252Findex.html%253Fpage%253D1%2526edid%253D3289C097-2261-9433-8644-DF033A9EE354%2526hlv%253D666c5d14-1820-4ae5-9f23-4e220a01000f%2523v984834498 HTTP/1.1" 200 245
20.171.207.246 - - [28/Feb/2025:01:23:38 +0100] "GET /ticket2/opencms/set_aff_cookie.jsp?partner=6F250EA7-4505-FA01-D601-8847F2573405&url=%252Fen%252Fbuy%252Findex.html%253Fpage%253D1%2526edid%253D47C0370F-9915-7673-E038-7AD65907592C%2526hlv%253D666d50d2-8040-4a92-be9f-70d60a01000f%2523v1677579756 HTTP/1.1" 200 246
114.119.141.178 - - [28/Feb/2025:01:23:38 +0100] "GET /ticket2/opencms/fi/buy?page=1&edid=F0E96845-0FBB-2D8B-DF2D-4C8F92FCFECE HTTP/1.1" 200 112175
20.171.207.246 - - [28/Feb/2025:01:23:39 +0100] "GET /ticket2/opencms/set_aff_cookie.jsp?partner=6F250EA7-4505-FA01-D601-8847F2573405&url=%252Ffi%252Fbuy%252Findex.html%253Fpage%253D1%2526edid%253D3289C097-2261-9433-8644-DF033A9EE354%2526hlv%253D666c5d18-6634-466b-8f00-4e220a01000f%2523v1201516859 HTTP/1.1" 200 246
85.208.96.195 - - [28/Feb/2025:01:23:39 +0100] "GET /ticket2/opencms/cs/magazine/article?title=novy-kapitan-tymu-dejan-kulusevski HTTP/1.1" 200 92158
54.36.148.176 - - [28/Feb/2025:01:23:39 +0100] "GET /ticket2/opencms/de/buy?page=1&edid=AA408C72-2073-316B-FBC7-E94200A17373 HTTP/1.1" 200 89963
85.208.96.203 - - [28/Feb/2025:01:23:40 +0100] "GET /ticket2/opencms/de/magazine/article?title=joao-palhinha-zu-bayern-munchen-eine-neue-mittelfeldkraft-kommt-in-die-allianz-arena HTTP/1.1" 200 96475
20.171.207.246 - - [28/Feb/2025:01:23:40 +0100] "GET /ticket2/opencms/set_aff_cookie.jsp?partner=6F250EA7-4505-FA01-D601-8847F2573405&url=%252Fdk%252Fbuy%252Findex.html%253Fpage%253D1%2526edid%253D47C0370F-9915-7673-E038-7AD65907592C%2526hlv%253D666d50d2-5ea8-4646-9b80-70d60a01000f%2523v986962470 HTTP/1.1" 200 245
20.171.207.246 - - [28/Feb/2025:01:23:41 +0100] "GET /ticket2/opencms/set_aff_cookie.jsp?partner=6F250EA7-4505-FA01-D601-8847F2573405&url=%252Fnl%252Fbuy%252Findex.html%253Fpage%253D1%2526edid%253D47C0370F-9915-7673-E038-7AD65907592C%2526hlv%253D666d50d3-74e4-4229-abd8-70d60a01000f%2523v527356559 HTTP/1.1" 200 245
54.36.148.247 - - [28/Feb/2025:01:23:41 +0100] "GET /ticket2/opencms/et/buy/?page=1&edid=D3CFC94C-099A-20DC-B2B6-57B9CC37DA19 HTTP/1.1" 200 108553
20.171.207.246 - - [28/Feb/2025:01:23:42 +0100] "GET /ticket2/opencms/set_aff_cookie.jsp?partner=6F250EA7-4505-FA01-D601-8847F2573405&url=%252Fen%252Fbuy%252Findex.html%253Fpage%253D1%2526edid%253D3F2D99A8-7547-83C1-C9EB-9D79E7CF5003%2526hlv%253D669390b0-2198-495c-9583-74300a01000f%2523v1078638943 HTTP/1.1" 200 246
20.171.207.246 - - [28/Feb/2025:01:23:43 +0100] "GET /ticket2/opencms/set_aff_cookie.jsp?partner=6F250EA7-4505-FA01-D601-8847F2573405&url=%252Fno%252Fbuy%252Findex.html%253Fpage%253D1%2526edid%253D26467E66-E432-3709-0425-A75E81B5021A%2526hlv%253D666c5d29-b598-4ac7-8c70-4e220a01000f%2523v1822926599 HTTP/1.1" 200 246
20.171.207.246 - - [28/Feb/2025:01:23:44 +0100] "GET /ticket2/opencms/set_aff_cookie.jsp?partner=57601924-FB09-5BB2-867F-08B4EB522BA8&url=%252Fdk%252Fbuy%252Findex.html%253Fpage%253D1%2526edid%253D47C0370F-9915-7673-E038-7AD65907592C%2526hlv%253D666d50d3-02a4-4693-8245-70d60a01000f%2523v2051701271 HTTP/1.1" 200 246
20.171.207.246 - - [28/Feb/2025:01:23:46 +0100] "GET /ticket2/opencms/set_aff_cookie.jsp?partner=6F250EA7-4505-FA01-D601-8847F2573405&url=%252Ffi%252Fbuy%252Findex.html%253Fpage%253D1%2526edid%253D26467E66-E432-3709-0425-A75E81B5021A%2526hlv%253D666c5d2b-9668-4702-a8e1-4e220a01000f%2523v638927624 HTTP/1.1" 200 245
185.191.171.1 - - [28/Feb/2025:01:23:46 +0100] "GET /ticket2/opencms/robots.txt HTTP/1.1" 200 773
172.203.190.142 - - [28/Feb/2025:01:23:46 +0100] "GET /ticket2/opencms/robots.txt HTTP/1.1" 304 -
20.171.207.246 - - [28/Feb/2025:01:23:47 +0100] "GET /ticket2/opencms/set_aff_cookie.jsp?partner=6F250EA7-4505-FA01-D601-8847F2573405&url=%252Fen%252Fbuy%252Findex.html%253Fpage%253D1%2526edid%253D26467E66-E432-3709-0425-A75E81B5021A%2526hlv%253D666c5d28-4e60-4048-a072-4e220a01000f%2523v2138500678 HTTP/1.1" 200 246
185.191.171.18 - - [28/Feb/2025:01:23:47 +0100] "GET /ticket2/opencms/dk/sport/fodboldbilletter/champions_league/borussia_dortmund/ HTTP/1.1" 200 87773
20.171.207.246 - - [28/Feb/2025:01:23:48 +0100] "GET /ticket2/opencms/set_aff_cookie.jsp?partner=6F250EA7-4505-FA01-D601-8847F2573405&url=%252Fnl%252Fbuy%252Findex.html%253Fpage%253D1%2526edid%253D47C0370F-9915-7673-E038-7AD65907592C%2526hlv%253D666d50d4-8830-4586-aee4-70d60a01000f%2523v1773170043 HTTP/1.1" 200 246
54.36.149.86 - - [28/Feb/2025:01:23:49 +0100] "GET /ticket2/opencms/sv/buy/?page=1&edid=7F8DD7AE-C02D-DBD7-A437-1943525E7DF2 HTTP/1.1" 200 134466
20.171.207.246 - - [28/Feb/2025:01:23:49 +0100] "GET /ticket2/opencms/set_aff_cookie.jsp?partner=6F250EA7-4505-FA01-D601-8847F2573405&url=%252Fen%252Fbuy%252Findex.html%253Fpage%253D1%2526edid%253D26467E66-E432-3709-0425-A75E81B5021A%2526hlv%253D6752c834-0f14-49ce-a443-765d0a01000f%2523v1402220358 HTTP/1.1" 200 246
20.171.207.246 - - [28/Feb/2025:01:23:50 +0100] "GET /ticket2/opencms/set_aff_cookie.jsp?partner=6F250EA7-4505-FA01-D601-8847F2573405&url=%252Fdk%252Fbuy%252Findex.html%253Fpage%253D1%2526edid%253D3F2D99A8-7547-83C1-C9EB-9D79E7CF5003%2526hlv%253D669390b1-e520-4634-8044-74300a01000f%2523v1767775327 HTTP/1.1" 200 246
185.191.171.12 - - [28/Feb/2025:01:23:51 +0100] "GET /ticket2/opencms/sk/magazine/article?title=maximilian-ibrahimovic-podpisuje-za-druhy-tim-ac-milano HTTP/1.1" 200 96420
20.171.207.246 - - [28/Feb/2025:01:23:52 +0100] "GET /ticket2/opencms/set_aff_cookie.jsp?partner=6F250EA7-4505-FA01-D601-8847F2573405&url=%252Fnl%252Fbuy%252Findex.html%253Fpage%253D1%2526edid%253DB8A6965B-216E-27C8-9A3D-21241346030F%2526hlv%253D66866f91-4f14-4d53-9d78-73060a01000f%2523v752189693 HTTP/1.1" 200 245
185.191.171.15 - - [28/Feb/2025:01:23:52 +0100] "GET /ticket2/opencms/uk/magazine/article?title=arsenal-approaches-liverpool HTTP/1.1" 200 93643
20.171.207.246 - - [28/Feb/2025:01:23:53 +0100] "GET /ticket2/opencms/set_aff_cookie.jsp?partner=6F250EA7-4505-FA01-D601-8847F2573405&url=%252Fru%252Fbuy%252Findex.html%253Fpage%253D1%2526edid%253D779DCE22-7865-5C8E-54FB-44794C9B955F%2526hlv%253D669241c3-3634-4657-8a65-0d450a01000f%2523v2020439643 HTTP/1.1" 200 246
101.44.24.178 - - [28/Feb/2025:01:23:53 +0100] "GET /ticket2/opencms/bg/buy/?page=1&edid=3A9780A5-BD38-4C21-77F6-3CFD161A5931 HTTP/1.1" 200 110947
20.171.207.246 - - [28/Feb/2025:01:23:54 +0100] "GET /ticket2/opencms/set_aff_cookie.jsp?partner=6F250EA7-4505-FA01-D601-8847F2573405&url=%252Fsv%252Fbuy%252Findex.html%253Fpage%253D1%2526edid%253D3289C097-2261-9433-8644-DF033A9EE354%2526hlv%253D666c5d15-a648-4272-8fc5-4e220a01000f%2523v1440293849 HTTP/1.1" 200 246
20.171.207.246 - - [28/Feb/2025:01:23:55 +0100] "GET /ticket2/opencms/set_aff_cookie.jsp?partner=6F250EA7-4505-FA01-D601-8847F2573405&url=%252Fsv%252Fbuy%252Findex.html%253Fpage%253D1%2526edid%253D87B3356E-6F78-7F45-235C-4CD49B95C308%2526hlv%253D669148e3-18a4-443d-8051-48a80a01000f%2523v1165525200 HTTP/1.1" 200 246
54.36.148.137 - - [28/Feb/2025:01:23:56 +0100] "GET /ticket2/opencms/ka/buy/?page=1&edid=DE88C997-F247-5EDB-AB8C-0BF21F57525F HTTP/1.1" 200 117487
20.171.207.246 - - [28/Feb/2025:01:23:56 +0100] "GET /ticket2/opencms/set_aff_cookie.jsp?partner=6F250EA7-4505-FA01-D601-8847F2573405&url=%252Fru%252Fbuy%252Findex.html%253Fpage%253D1%2526edid%253D3289C097-2261-9433-8644-DF033A9EE354%2526hlv%253D6752c8d8-8cf0-4f8a-8703-77620a01000f%2523v1254446063 HTTP/1.1" 200 246
20.171.207.246 - - [28/Feb/2025:01:23:57 +0100] "GET /ticket2/opencms/set_aff_cookie.jsp?partner=6F250EA7-4505-FA01-D601-8847F2573405&url=%252Fdk%252Fbuy%252Findex.html%253Fpage%253D1%2526edid%253D3289C097-2261-9433-8644-DF033A9EE354%2526hlv%253D666c5d17-f794-4124-a323-4e220a01000f%2523v2060445819 HTTP/1.1" 200 246
20.171.207.246 - - [28/Feb/2025:01:23:59 +0100] "GET /ticket2/opencms/set_aff_cookie.jsp?partner=6F250EA7-4505-FA01-D601-8847F2573405&url=%252Fno%252Fbuy%252Findex.html%253Fpage%253D1%2526edid%253D47C0370F-9915-7673-E038-7AD65907592C%2526hlv%253D666d50d4-377c-4226-b485-70d60a01000f%2523v885460175 HTTP/1.1" 200 245
20.171.207.246 - - [28/Feb/2025:01:24:00 +0100] "GET /ticket2/opencms/set_aff_cookie.jsp?partner=6F250EA7-4505-FA01-D601-8847F2573405&url=%252Fen%252Fbuy%252Findex.html%253Fpage%253D1%2526edid%253D3289C097-2261-9433-8644-DF033A9EE354%2526hlv%253D666c5d16-d238-4638-bb75-4e220a01000f%2523v1229068720 HTTP/1.1" 200 246
89.246.241.14 - - [28/Feb/2025:01:24:00 +0100] "GET /ticket2/opencms/en/sport/football-tickets/premier_league HTTP/1.1" 200 96279
20.171.207.246 - - [28/Feb/2025:01:24:01 +0100] "GET /ticket2/opencms/set_aff_cookie.jsp?partner=6F250EA7-4505-FA01-D601-8847F2573405&url=%252Fdk%252Fbuy%252Findex.html%253Fpage%253D1%2526edid%253D5C16C231-B966-190F-EDF0-005493349D4E%2526hlv%253D66924209-e550-4913-9096-068d0a01000f%2523v1468805058 HTTP/1.1" 200 246
20.171.207.246 - - [28/Feb/2025:01:24:02 +0100] "GET /ticket2/opencms/set_aff_cookie.jsp?partner=6F250EA7-4505-FA01-D601-8847F2573405&url=%252Fsv%252Fbuy%252Findex.html%253Fpage%253D1%2526edid%253D3289C097-2261-9433-8644-DF033A9EE354%2526hlv%253D666c5d15-3e24-47fe-9779-4e220a01000f%2523v588198951 HTTP/1.1" 200 245
216.244.66.238 - - [28/Feb/2025:01:24:02 +0100] "GET /ticket2/opencms/lt/buy?page=1&edid=9042479A-254A-F760-0970-B15A807A4F1B HTTP/1.1" 200 110870
20.171.207.246 - - [28/Feb/2025:01:24:03 +0100] "GET /ticket2/opencms/set_aff_cookie.jsp?partner=6F250EA7-4505-FA01-D601-8847F2573405&url=%252Ffi%252Fbuy%252Findex.html%253Fpage%253D1%2526edid%253D3289C097-2261-9433-8644-DF033A9EE354%2526hlv%253D6752c976-5044-441f-a7cb-77b50a01000f%2523v1059269811 HTTP/1.1" 200 246
47.128.44.42 - - [28/Feb/2025:01:24:04 +0100] "GET /ticket2/opencms/hu/buy/?edid=294968E7-670E-500D-EF6F-F776CC397F5A HTTP/1.1" 200 91720
188.151.17.130 - - [28/Feb/2025:01:24:04 +0100] "GET /ticket2/opencms/sv/sport/fotbollsbiljetter/premier_league/ HTTP/1.1" 200 98707
20.171.207.246 - - [28/Feb/2025:01:24:04 +0100] "GET /ticket2/opencms/set_aff_cookie.jsp?partner=6F250EA7-4505-FA01-D601-8847F2573405&url=%252Fsv%252Fbuy%252Findex.html%253Fpage%253D1%2526edid%253D50375D23-8B44-5172-3FB1-755B660EE76F%2526hlv%253D66867187-d38c-40e5-8574-73030a01000f%2523v376369014 HTTP/1.1" 200 245
188.151.17.130 - - [28/Feb/2025:01:24:05 +0100] "GET /ticket2/opencms/system/modules/com.gridnine.opencms.ticketbrokerage.site/resources/css/jquery-ui.css HTTP/1.1" 200 33221
188.151.17.130 - - [28/Feb/2025:01:24:05 +0100] "GET /ticket2/opencms/system/modules/com.gridnine.opencms.ticketbrokerage.site/resources/js/calendar.js HTTP/1.1" 200 49229
188.151.17.130 - - [28/Feb/2025:01:24:05 +0100] "GET /ticket2/opencms/system/modules/com.gridnine.opencms.ticketbrokerage.site/resources/js/calendar-en.js HTTP/1.1" 200 3338
188.151.17.130 - - [28/Feb/2025:01:24:05 +0100] "GET /ticket2/opencms/system/modules/com.gridnine.opencms.ticketbrokerage.site/resources/js/jquery.placeholder.min.js HTTP/1.1" 200 1737
188.151.17.130 - - [28/Feb/2025:01:24:05 +0100] "GET /ticket2/opencms/system/modules/com.gridnine.opencms.ticketbrokerage.site/resources/css/jquery.fancybox.css HTTP/1.1" 200 4939
188.151.17.130 - - [28/Feb/2025:01:24:05 +0100] "GET /ticket2/opencms/system/modules/com.gridnine.opencms.ticketbrokerage.site/resources/js/jquery.fancybox.pack.js HTTP/1.1" 200 23187
188.151.17.130 - - [28/Feb/2025:01:24:05 +0100] "GET /ticket2/opencms/system/modules/com.gridnine.opencms.ticketbrokerage.site/resources/css/standard.css HTTP/1.1" 200 74207
188.151.17.130 - - [28/Feb/2025:01:24:05 +0100] "GET /ticket2/opencms/system/modules/com.gridnine.opencms.ticketbrokerage.site/resources/js/jquery/jquery.js HTTP/1.1" 200 93868
188.151.17.130 - - [28/Feb/2025:01:24:05 +0100] "GET /ticket2/opencms/system/modules/com.gridnine.opencms.ticketbrokerage.site/resources/js/jquery/jquery-ui.js HTTP/1.1" 200 228088
188.151.17.130 - - [28/Feb/2025:01:24:05 +0100] "GET /ticket2/opencms/system/modules/com.gridnine.opencms.ticketbrokerage.site/resources/js/stickyfill.min.js HTTP/1.1" 200 5672
188.151.17.130 - - [28/Feb/2025:01:24:05 +0100] "GET /ticket2/opencms/system/modules/com.gridnine.opencms.ticketbrokerage.site/resources/js/standard.js HTTP/1.1" 200 3983
188.151.17.130 - - [28/Feb/2025:01:24:05 +0100] "GET /ticket2/opencms/img/insta.png HTTP/1.1" 200 3967
54.36.149.81 - - [28/Feb/2025:01:24:05 +0100] "GET /ticket2/opencms/bg/buy/?page=1&edid=DE88C997-F247-5EDB-AB8C-0BF21F57525F HTTP/1.1" 200 113691
188.151.17.130 - - [28/Feb/2025:01:24:05 +0100] "GET /ticket2/opencms/img/fb.png HTTP/1.1" 200 1269
188.151.17.130 - - [28/Feb/2025:01:24:05 +0100] "GET /ticket2/opencms/system/modules/com.gridnine.opencms.ticketbrokerage.site/resources/pics/banners/sv/premier_league_sv.png HTTP/1.1" 200 13518
188.151.17.130 - - [28/Feb/2025:01:24:05 +0100] "GET /ticket2/opencms/system/modules/com.gridnine.opencms.ticketbrokerage.site/resources/pics/footer-img.jpg HTTP/1.1" 200 67642
188.151.17.130 - - [28/Feb/2025:01:24:05 +0100] "GET /ticket2/opencms/img/icons/fr.png HTTP/1.1" 200 1764
188.151.17.130 - - [28/Feb/2025:01:24:05 +0100] "GET /ticket2/opencms/img/icons/no.png HTTP/1.1" 200 1958
188.151.17.130 - - [28/Feb/2025:01:24:05 +0100] "GET /ticket2/opencms/img/icons/mo.png HTTP/1.1" 200 1468
188.151.17.130 - - [28/Feb/2025:01:24:05 +0100] "GET /ticket2/opencms/img/icons/tr.png HTTP/1.1" 200 1636
188.151.17.130 - - [28/Feb/2025:01:24:05 +0100] "GET /ticket2/opencms/img/icons/uk.png HTTP/1.1" 200 1272
188.151.17.130 - - [28/Feb/2025:01:24:05 +0100] "GET /ticket2/opencms/img/chat.png HTTP/1.1" 200 416
20.171.207.246 - - [28/Feb/2025:01:24:06 +0100] "GET /ticket2/opencms/set_aff_cookie.jsp?partner=6F250EA7-4505-FA01-D601-8847F2573405&url=%252Fno%252Fbuy%252Findex.html%253Fpage%253D1%2526edid%253D3289C097-2261-9433-8644-DF033A9EE354%2526hlv%253D666c5d12-b390-4d69-9b32-4e220a01000f%2523v1008696921 HTTP/1.1" 200 246
188.151.17.130 - - [28/Feb/2025:01:24:06 +0100] "GET /ticket2/opencms/img/icons/globe-white.png HTTP/1.1" 200 947
188.151.17.130 - - [28/Feb/2025:01:24:06 +0100] "GET /ticket2/opencms/img/icons/fi.png HTTP/1.1" 200 1785
188.151.17.130 - - [28/Feb/2025:01:24:06 +0100] "GET /ticket2/opencms/img/icons/be.png HTTP/1.1" 200 1663
188.151.17.130 - - [28/Feb/2025:01:24:06 +0100] "GET /ticket2/opencms/img/icons/cs.png HTTP/1.1" 200 1883
188.151.17.130 - - [28/Feb/2025:01:24:06 +0100] "GET /ticket2/opencms/img/icons/et.png HTTP/1.1" 200 754
188.151.17.130 - - [28/Feb/2025:01:24:06 +0100] "GET /ticket2/opencms/img/icons/el.png HTTP/1.1" 200 1637
188.151.17.130 - - [28/Feb/2025:01:24:06 +0100] "GET /ticket2/opencms/img/icons/ka.png HTTP/1.1" 200 860
188.151.17.130 - - [28/Feb/2025:01:24:06 +0100] "GET /ticket2/opencms/img/icons/ga.png HTTP/1.1" 200 1759
188.151.17.130 - - [28/Feb/2025:01:24:06 +0100] "GET /ticket2/opencms/img/icons/lt.png HTTP/1.1" 200 733
188.151.17.130 - - [28/Feb/2025:01:24:06 +0100] "GET /ticket2/opencms/img/icons/mt.png HTTP/1.1" 200 920
188.151.17.130 - - [28/Feb/2025:01:24:06 +0100] "GET /ticket2/opencms/img/icons/ro.png HTTP/1.1" 200 1393
188.151.17.130 - - [28/Feb/2025:01:24:06 +0100] "GET /ticket2/opencms/img/icons/sr.png HTTP/1.1" 200 1602
188.151.17.130 - - [28/Feb/2025:01:24:06 +0100] "GET /ticket2/opencms/img/icons/sk.png HTTP/1.1" 200 1283
188.151.17.130 - - [28/Feb/2025:01:24:06 +0100] "GET /ticket2/opencms/img/icons/sl.png HTTP/1.1" 200 966
188.151.17.130 - - [28/Feb/2025:01:24:06 +0100] "GET /ticket2/opencms/img/icons/pl.png HTTP/1.1" 200 1578
20.171.207.246 - - [28/Feb/2025:01:24:07 +0100] "GET /ticket2/opencms/set_aff_cookie.jsp?partner=6F250EA7-4505-FA01-D601-8847F2573405&url=%252Fno%252Fbuy%252Findex.html%253Fpage%253D1%2526edid%253D3289C097-2261-9433-8644-DF033A9EE354%2526hlv%253D666c5d12-8238-46bd-9263-4e220a01000f%2523v1441638821 HTTP/1.1" 200 246
194.36.147.49 - - [28/Feb/2025:01:24:08 +0100] "GET /ticket2/opencms/sv/sport/fotbollsbiljetter/serie_a/udinese/ HTTP/1.1" 200 94406
188.151.17.130 - - [28/Feb/2025:01:24:08 +0100] "GET /ticket2/opencms/img/icons/se.png HTTP/1.1" 200 1258
188.151.17.130 - - [28/Feb/2025:01:24:08 +0100] "GET /ticket2/opencms/img/icons/nl.png HTTP/1.1" 200 1255
