195.191.219.130 - - [28/Feb/2025:00:25:32 +0100] "GET /ticket2/opencms/it/buy/?page=1&edid=4814AF54-3FC1-5F59-61CB-54A43FF24393 HTTP/1.1" 200 108429
20.171.207.246 - - [28/Feb/2025:00:25:32 +0100] "GET /ticket2/opencms/set_aff_cookie.jsp?partner=5E0CDF29-E7BE-9F6B-6869-7BF66B04006F&url=%252Fdk%252Fbuy%252Findex.html%253Fpage%253D1%2526edid%253D160DAC9A-2A77-6FDC-52B8-296352B1ABF1%2526hlv%253D666c4b57-6f14-43a1-872b-3e290a01000f%2523v_1852641429 HTTP/1.1" 200 247
40.77.167.241 - - [28/Feb/2025:00:25:33 +0100] "GET /ticket2/opencms/fi/buy/?page=1&edid=10C00DD9-2619-A832-C970-E24EDAAD57C7 HTTP/1.1" 200 110612
20.171.207.246 - - [28/Feb/2025:00:25:34 +0100] "GET /ticket2/opencms/set_aff_cookie.jsp?partner=23A6AD98-906E-5BDD-600E-EC4EC8A45F97&url=%252Fen%252Fbuy%252Findex.html%253Fpage%253D1%2526edid%253D16BA48F9-E787-F00A-EC7D-F97A99AECBFB%2526hlv%253D66d03934-0788-4079-8624-72160a01000f%2523v_1899547278 HTTP/1.1" 200 247
40.77.167.241 - - [28/Feb/2025:00:25:35 +0100] "GET /ticket2/opencms/dk/magazine/article?title=svenske-fodboldspillere-i-premier-league HTTP/1.1" 200 94254
20.171.207.246 - - [28/Feb/2025:00:25:35 +0100] "GET /ticket2/opencms/set_aff_cookie.jsp?partner=8F6DE15D-D831-5787-AE7E-FEFF53476F85&url=%252Fnl%252Fbuy%252Findex.html%253Fpage%253D1%2526edid%253D633F01D0-5A5C-9D0B-88C4-F93446CDE176%2526hlv%253D60f8170e-4f18-474e-8bcb-5cf80a01000f%2523v_1908859647 HTTP/1.1" 200 247
195.191.219.130 - - [28/Feb/2025:00:25:35 +0100] "GET /ticket2/opencms/it/buy/?page=1&edid=4850D7A2-1335-E7AC-9D3F-41B304FBAA4C HTTP/1.1" 200 131626
20.171.207.246 - - [28/Feb/2025:00:25:36 +0100] "GET /ticket2/opencms/set_aff_cookie.jsp?partner=8F6DE15D-D831-5787-AE7E-FEFF53476F85&url=%252Fnl%252Fbuy%252Findex.html%253Fpage%253D1%2526edid%253D627EB4E4-AE9C-FF01-C3B4-87668CB2F4A5%2526hlv%253D6114026d-cfb4-4481-92a3-19c50a01000f%2523v_1991876791 HTTP/1.1" 200 247
195.191.219.130 - - [28/Feb/2025:00:25:37 +0100] "GET /ticket2/opencms/it/buy/?page=1&edid=486EB1CD-95BE-ED77-9E64-4E49BB28C6F8 HTTP/1.1" 200 110591
20.171.207.246 - - [28/Feb/2025:00:25:37 +0100] "GET /ticket2/opencms/set_aff_cookie.jsp?partner=2E02071B-A8C3-4CBA-3097-C27D61C02ED8&url=%252Fnl%252Fbuy%252Findex.html%253Fpage%253D1%2526edid%253D6F379414-70C4-400F-51D2-AFD37C8F2BC7%2526hlv%253D666d6ed0-ce60-4f4e-b648-0c140a01000f%2523v_1977606890 HTTP/1.1" 200 247
119.8.115.122 - - [28/Feb/2025:00:25:37 +0100] "GET /ticket2/opencms/bg/buy?page=1&edid=4E64A45B-C53A-FCF7-3F71-4F13C44D918C HTTP/1.1" 200 113679
195.191.219.130 - - [28/Feb/2025:00:25:38 +0100] "GET /ticket2/opencms/it/buy/?page=1&edid=489B0CEB-113D-2614-E16B-9EAAADCDC906 HTTP/1.1" 200 110661
20.171.207.246 - - [28/Feb/2025:00:25:38 +0100] "GET /ticket2/opencms/set_aff_cookie.jsp?partner=8F6DE15D-D831-5787-AE7E-FEFF53476F85&url=%252Fen%252Fbuy%252Findex.html%253Fpage%253D1%2526edid%253D6713F743-CFE1-C987-288D-AC8AB79C37B8%2526hlv%253D66900ffe-05ec-48aa-8753-18280a01000f%2523v_137783291 HTTP/1.1" 200 246
20.171.207.246 - - [28/Feb/2025:00:25:39 +0100] "GET /ticket2/opencms/set_aff_cookie.jsp?partner=57601924-FB09-5BB2-867F-08B4EB522BA8&url=%252Fdk%252Fbuy%252Findex.html%253Fpage%253D1%2526edid%253D1964B21D-BF30-22BC-8931-DEC6C4EDF1DE%2526hlv%253D611514d1-e7a4-4605-b5a1-7a5b0a01000f%2523v_1333911571 HTTP/1.1" 200 247
195.191.219.130 - - [28/Feb/2025:00:25:40 +0100] "GET /ticket2/opencms/it/buy/?page=1&edid=48E72B51-00CE-CE36-D8BB-29D37358C55B HTTP/1.1" 200 133753
20.171.207.246 - - [28/Feb/2025:00:25:41 +0100] "GET /ticket2/opencms/set_aff_cookie.jsp?partner=2E02071B-A8C3-4CBA-3097-C27D61C02ED8&url=%252Fno%252Fbuy%252Findex.html%253Fpage%253D1%2526edid%253D66C22035-E7EA-E10A-4BFC-2C30733037DC%2526hlv%253D666d4a38-a758-4e96-a8fb-6bb30a01000f%2523v1875591079 HTTP/1.1" 200 246
20.171.207.246 - - [28/Feb/2025:00:25:42 +0100] "GET /ticket2/opencms/set_aff_cookie.jsp?partner=2E02071B-A8C3-4CBA-3097-C27D61C02ED8&url=%252Fru%252Fbuy%252Findex.html%253Fpage%253D1%2526edid%253D1A0D0579-4E59-3474-5A13-81F3BA1DEBCE%2526hlv%253D60f95402-52d4-4d74-bdf5-580f0a01000f%2523v_182829570 HTTP/1.1" 200 246
195.191.219.130 - - [28/Feb/2025:00:25:42 +0100] "GET /ticket2/opencms/it/buy/?page=1&edid=48F110A0-CF55-13C3-BFB3-A057F2A6E27A HTTP/1.1" 200 134812
195.191.219.130 - - [28/Feb/2025:00:25:43 +0100] "GET /ticket2/opencms/it/buy/?page=1&edid=48F26EF6-82A1-E8D4-CC6F-2F1AD5851418 HTTP/1.1" 200 108332
20.171.207.246 - - [28/Feb/2025:00:25:43 +0100] "GET /ticket2/opencms/set_aff_cookie.jsp?partner=6F250EA7-4505-FA01-D601-8847F2573405&url=%252Fru%252Fbuy%252Findex.html%253Fpage%253D1%2526edid%253D1ABC406A-92BD-FDCF-3BD6-80A52E60B34F%2526hlv%253D666c88f1-96c8-47ac-8cd6-79b60a01000f%2523v_136158388 HTTP/1.1" 200 246
40.77.167.57 - - [28/Feb/2025:00:25:43 +0100] "GET /ticket2/opencms/sl/buy/football-tickets/capitalonecup HTTP/1.1" 404 -
20.171.207.246 - - [28/Feb/2025:00:25:44 +0100] "GET /ticket2/opencms/set_aff_cookie.jsp?partner=57601924-FB09-5BB2-867F-08B4EB522BA8&url=%252Ffi%252Fbuy%252Findex.html%253Fpage%253D1%2526edid%253D1922F4C1-0D89-1ACA-A50D-EFC3C58AA17B%2526hlv%253D6149f251-9548-43a5-bacc-24390a01000f%2523v_374285044 HTTP/1.1" 200 246
195.191.219.130 - - [28/Feb/2025:00:25:44 +0100] "GET /ticket2/opencms/it/buy/?page=1&edid=490280ED-96FA-5EC6-1DCC-A75EC34A3EFC HTTP/1.1" 200 90130
20.171.207.246 - - [28/Feb/2025:00:25:45 +0100] "GET /ticket2/opencms/set_aff_cookie.jsp?partner=2E02071B-A8C3-4CBA-3097-C27D61C02ED8&url=%252Fno%252Fbuy%252Findex.html%253Fpage%253D1%2526edid%253D160DAC9A-2A77-6FDC-52B8-296352B1ABF1%2526hlv%253D666c4b57-6eac-4970-917c-3e290a01000f%2523v_992673081 HTTP/1.1" 200 246
195.191.219.130 - - [28/Feb/2025:00:25:45 +0100] "GET /ticket2/opencms/it/buy/?page=1&edid=490A3EB7-122E-45F6-B34E-808127A7B906 HTTP/1.1" 200 111594
185.191.171.11 - - [28/Feb/2025:00:25:46 +0100] "GET /ticket2/opencms/sv/magazine/article?title=manchester-city-riskerar-nedflyttning HTTP/1.1" 200 92329
20.171.207.246 - - [28/Feb/2025:00:25:46 +0100] "GET /ticket2/opencms/set_aff_cookie.jsp?partner=8F6DE15D-D831-5787-AE7E-FEFF53476F85&url=%252Fdk%252Fbuy%252Findex.html%253Fpage%253D1%2526edid%253D6ED08D04-7263-AC79-DA04-AFB97DC97A00%2526hlv%253D6693908d-91a0-4a84-b8d3-74840a01000f%2523v_443724965 HTTP/1.1" 200 246
195.191.219.130 - - [28/Feb/2025:00:25:46 +0100] "GET /ticket2/opencms/it/buy/?page=1&edid=492C270D-AAEA-3890-F385-951BFDA8F433 HTTP/1.1" 200 111522
54.36.148.50 - - [28/Feb/2025:00:25:47 +0100] "GET /ticket2/opencms/sv/sport/fotbollsbiljetter/premier_league/everton HTTP/1.1" 200 98101
195.191.219.130 - - [28/Feb/2025:00:25:47 +0100] "GET /ticket2/opencms/it/buy/?page=1&edid=49599CA7-0844-E2DA-A659-546B6DDC9473 HTTP/1.1" 200 108331
20.171.207.246 - - [28/Feb/2025:00:25:48 +0100] "GET /ticket2/opencms/set_aff_cookie.jsp?partner=57601924-FB09-5BB2-867F-08B4EB522BA8&url=%252Fru%252Fbuy%252Findex.html%253Fpage%253D1%2526edid%253D66FFE717-0C93-3F01-2AC8-8E7FC5F9BAB1%2526hlv%253D6689076a-b340-43f0-98cf-1ba70a01000f%2523v714845692 HTTP/1.1" 200 245
202.8.40.76 - - [28/Feb/2025:00:25:48 +0100] "GET /ticket2/opencms/system/modules/com.gridnine.opencms.ticketbrokerage.site/resources/css/ticketbrokerage.css HTTP/1.1" 200 39339
202.8.40.76 - - [28/Feb/2025:00:25:48 +0100] "GET /ticket2/opencms/system/modules/com.gridnine.opencms.ticketbrokerage.site/resources/css/calendar.css HTTP/1.1" 200 6871
202.8.40.76 - - [28/Feb/2025:00:25:48 +0100] "GET /ticket2/opencms/system/modules/com.gridnine.opencms.ticketbrokerage.site/resources/css/jquery-ui.css HTTP/1.1" 200 33221
202.8.40.76 - - [28/Feb/2025:00:25:48 +0100] "GET /ticket2/opencms/system/modules/com.gridnine.opencms.ticketbrokerage.site/resources/css/standard.css HTTP/1.1" 200 74207
202.8.40.76 - - [28/Feb/2025:00:25:48 +0100] "GET /ticket2/opencms/system/modules/com.gridnine.opencms.ticketbrokerage.site/resources/css/jquery.fancybox.css HTTP/1.1" 200 4939
202.8.40.76 - - [28/Feb/2025:00:25:48 +0100] "GET /ticket2/opencms/system/modules/com.gridnine.opencms.ticketbrokerage.site/resources/js/jquery/jquery.js HTTP/1.1" 200 93868
202.8.40.76 - - [28/Feb/2025:00:25:48 +0100] "GET /ticket2/opencms/system/modules/com.gridnine.opencms.ticketbrokerage.site/resources/js/jquery/jquery-ui.js HTTP/1.1" 200 228088
202.8.40.76 - - [28/Feb/2025:00:25:48 +0100] "GET /ticket2/opencms/system/modules/com.gridnine.opencms.ticketbrokerage.site/resources/js/calendar-en.js HTTP/1.1" 200 3338
202.8.40.76 - - [28/Feb/2025:00:25:48 +0100] "GET /ticket2/opencms/system/modules/com.gridnine.opencms.ticketbrokerage.site/resources/js/calendar.js HTTP/1.1" 200 49229
202.8.40.76 - - [28/Feb/2025:00:25:48 +0100] "GET /ticket2/opencms/system/modules/com.gridnine.opencms.ticketbrokerage.site/resources/js/functions.js HTTP/1.1" 200 1583
202.8.40.76 - - [28/Feb/2025:00:25:48 +0100] "GET /ticket2/opencms/system/modules/com.gridnine.opencms.ticketbrokerage.site/resources/js/calendar-setup.js HTTP/1.1" 200 4923
202.8.40.76 - - [28/Feb/2025:00:25:48 +0100] "GET /ticket2/opencms/system/modules/com.gridnine.opencms.ticketbrokerage.site/resources/js/jquery.fancybox.pack.js HTTP/1.1" 200 23187
202.8.40.76 - - [28/Feb/2025:00:25:48 +0100] "GET /ticket2/opencms/system/modules/com.gridnine.opencms.ticketbrokerage.site/resources/js/stickyfill.min.js HTTP/1.1" 200 5672
202.8.40.76 - - [28/Feb/2025:00:25:48 +0100] "GET /ticket2/opencms/system/modules/com.gridnine.opencms.ticketbrokerage.site/resources/js/standard.js HTTP/1.1" 200 3983
202.8.40.76 - - [28/Feb/2025:00:25:48 +0100] "GET /ticket2/opencms/system/modules/com.gridnine.opencms.ticketbrokerage.site/resources/js/jquery.placeholder.min.js HTTP/1.1" 200 1737
195.191.219.130 - - [28/Feb/2025:00:25:49 +0100] "GET /ticket2/opencms/it/buy/?page=1&edid=4981A465-C3DA-791B-A6A5-9D4DAB1B5DA0 HTTP/1.1" 200 90189
52.167.144.199 - - [28/Feb/2025:00:25:49 +0100] "GET /ticket2/opencms/sl/buy/?page=1&edid=E09F1AF7-B167-432A-3C6D-E881E14AF05C HTTP/1.1" 200 108520
202.8.40.76 - - [28/Feb/2025:00:25:49 +0100] "GET /ticket2/opencms/system/modules/com.gridnine.opencms.ticketbrokerage.site/resources/js/common-ajax.js HTTP/1.1" 200 20175
20.171.207.246 - - [28/Feb/2025:00:25:49 +0100] "GET /ticket2/opencms/set_aff_cookie.jsp?partner=8F6DE15D-D831-5787-AE7E-FEFF53476F85&url=%252Fno%252Fbuy%252Findex.html%253Fpage%253D1%2526edid%253D6713F743-CFE1-C987-288D-AC8AB79C37B8%2526hlv%253D66900ffe-06f8-45e1-9db5-18280a01000f%2523v_1728742312 HTTP/1.1" 200 247
52.167.144.199 - - [28/Feb/2025:00:25:50 +0100] "GET /ticket2/opencms/az/buy/?page=1&edid=AA500953-8492-D532-F825-CF6C26938A56 HTTP/1.1" 200 112247
195.191.219.130 - - [28/Feb/2025:00:25:50 +0100] "GET /ticket2/opencms/it/buy/?page=1&edid=49AE40A4-FFEF-9739-399E-88E262ED311F HTTP/1.1" 200 108304
20.171.207.246 - - [28/Feb/2025:00:25:50 +0100] "GET /ticket2/opencms/set_aff_cookie.jsp?partner=8F6DE15D-D831-5787-AE7E-FEFF53476F85&url=%252Fru%252Fbuy%252Findex.html%253Fpage%253D1%2526edid%253D4C9574E0-424E-5C98-5F7A-2F377ACC6101%2526hlv%253D611cd240-2254-4d9d-92bc-5ec50a01000f%2523v_105096797 HTTP/1.1" 200 246
195.191.219.130 - - [28/Feb/2025:00:25:51 +0100] "GET /ticket2/opencms/it/buy/?page=1&edid=49D8C017-6E14-30F3-126A-0488D76DB7BC HTTP/1.1" 200 111520
20.171.207.246 - - [28/Feb/2025:00:25:51 +0100] "GET /ticket2/opencms/set_aff_cookie.jsp?partner=2E02071B-A8C3-4CBA-3097-C27D61C02ED8&url=%252Fno%252Fbuy%252Findex.html%253Fpage%253D1%2526edid%253D1C663B38-AAE8-15E5-78AB-F7247D2C67D4%2526hlv%253D666d70a2-cf7c-4325-9c38-0e670a01000f%2523v_184759686 HTTP/1.1" 200 246
47.128.121.58 - - [28/Feb/2025:00:25:51 +0100] "GET /ticket2/opencms/et/buy_safety/ HTTP/1.1" 200 89460
195.191.219.130 - - [28/Feb/2025:00:25:52 +0100] "GET /ticket2/opencms/it/buy/?page=1&edid=4A20FC8C-AAFC-FDF0-B2AF-D242A54B9394 HTTP/1.1" 200 111562
20.171.207.246 - - [28/Feb/2025:00:25:52 +0100] "GET /ticket2/opencms/set_aff_cookie.jsp?partner=2E02071B-A8C3-4CBA-3097-C27D61C02ED8&url=%252Fdk%252Fbuy%252Findex.html%253Fpage%253D1%2526edid%253D697BE447-74B7-A748-152F-A1818DA4BEC9%2526hlv%253D666d6f1d-4138-4c6c-bbfb-0c190a01000f%2523v_1575230478 HTTP/1.1" 200 247
47.128.121.58 - - [28/Feb/2025:00:25:53 +0100] "GET /ticket2/opencms/system/modules/com.gridnine.opencms.ticketbrokerage.site/resources/css/images/event-banner.png HTTP/1.1" 404 -
40.77.167.57 - - [28/Feb/2025:00:25:53 +0100] "GET /ticket2/opencms/sk/buy?page=1&edid=f17c9a03-9ee8-3021-f3ed-c1a41f2235fa HTTP/1.1" 200 8134
20.171.207.246 - - [28/Feb/2025:00:25:53 +0100] "GET /ticket2/opencms/set_aff_cookie.jsp?partner=57601924-FB09-5BB2-867F-08B4EB522BA8&url=%252Fsv%252Fbuy%252Findex.html%253Fpage%253D1%2526edid%253D150C2B47-38EB-0C0E-C664-5F863E9426DB%2526hlv%253D66cafa7f-a0fc-49b4-a733-33480a01000f%2523v_129852535 HTTP/1.1" 200 246
195.191.219.130 - - [28/Feb/2025:00:25:53 +0100] "GET /ticket2/opencms/it/buy/?page=1&edid=4A2B37C9-3D90-F2FE-13EA-D5249A2BEA8E HTTP/1.1" 200 108446
20.171.207.246 - - [28/Feb/2025:00:25:55 +0100] "GET /ticket2/opencms/set_aff_cookie.jsp?partner=2E02071B-A8C3-4CBA-3097-C27D61C02ED8&url=%252Fdk%252Fbuy%252Findex.html%253Fpage%253D1%2526edid%253D68B485F7-9483-6E4F-656D-602EE2AC621D%2526hlv%253D666d4b7a-24d8-47bd-aeb1-68b70a01000f%2523v_1879157183 HTTP/1.1" 200 247
195.191.219.130 - - [28/Feb/2025:00:25:55 +0100] "GET /ticket2/opencms/it/buy/?page=1&edid=4A644F79-03D4-1407-F30E-5603B128C97F HTTP/1.1" 200 111685
195.191.219.130 - - [28/Feb/2025:00:25:56 +0100] "GET /ticket2/opencms/it/buy/?page=1&edid=4A8989F3-1686-5872-E1B8-5372AB312373 HTTP/1.1" 200 90273
20.171.207.246 - - [28/Feb/2025:00:25:56 +0100] "GET /ticket2/opencms/set_aff_cookie.jsp?partner=8F6DE15D-D831-5787-AE7E-FEFF53476F85&url=%252Fnl%252Fbuy%252Findex.html%253Fpage%253D1%2526edid%253D1AD4E11C-C792-1721-4D1A-2229101A30FD%2526hlv%253D666c8a13-e640-4ded-99ff-7e6f0a01000f%2523v_1682959744 HTTP/1.1" 200 247
195.191.219.130 - - [28/Feb/2025:00:25:57 +0100] "GET /ticket2/opencms/it/buy/?page=1&edid=4AD725E8-32BF-557B-C84C-ACBE0C56CBE4 HTTP/1.1" 200 111566
20.171.207.246 - - [28/Feb/2025:00:25:57 +0100] "GET /ticket2/opencms/set_aff_cookie.jsp?partner=8F6DE15D-D831-5787-AE7E-FEFF53476F85&url=%252Ffi%252Fbuy%252Findex.html%253Fpage%253D1%2526edid%253D6CAEF99D-9998-6F77-216C-946754C92C2B%2526hlv%253D610bce8d-3bdc-43c1-8309-16270a01000f%2523v_389067864 HTTP/1.1" 200 246
195.191.219.130 - - [28/Feb/2025:00:25:58 +0100] "GET /ticket2/opencms/it/buy/?page=1&edid=4B1D3147-0626-1199-3684-B75D2E6533A2 HTTP/1.1" 200 108367
20.171.207.246 - - [28/Feb/2025:00:25:58 +0100] "GET /ticket2/opencms/set_aff_cookie.jsp?partner=2E02071B-A8C3-4CBA-3097-C27D61C02ED8&url=%252Fnl%252Fbuy%252Findex.html%253Fpage%253D1%2526edid%253D6F6062BE-21E9-FCCC-41A7-E76CFE6D47E3%2526hlv%253D66938923-d9b4-49d1-9b34-703c0a01000f%2523v_1528412082 HTTP/1.1" 200 247
195.191.219.130 - - [28/Feb/2025:00:25:59 +0100] "GET /ticket2/opencms/it/buy/?page=1&edid=4B89AA06-472F-50BD-2557-E83252BE3048 HTTP/1.1" 200 108340
20.171.207.246 - - [28/Feb/2025:00:25:59 +0100] "GET /ticket2/opencms/set_aff_cookie.jsp?partner=6F250EA7-4505-FA01-D601-8847F2573405&url=%252Fnl%252Fbuy%252Findex.html%253Fpage%253D1%2526edid%253D1F0062E5-B41B-134F-9FBF-4A7B26C9CCE3%2526hlv%253D611bb8dd-9cc8-43c3-85aa-4af30a01000f%2523v_750448041 HTTP/1.1" 200 246
195.191.219.130 - - [28/Feb/2025:00:26:00 +0100] "GET /ticket2/opencms/it/buy/?page=1&edid=4BA781DE-2024-5888-8F0F-2E0AC0F53952 HTTP/1.1" 200 114391
20.171.207.246 - - [28/Feb/2025:00:26:00 +0100] "GET /ticket2/opencms/set_aff_cookie.jsp?partner=2E02071B-A8C3-4CBA-3097-C27D61C02ED8&url=%252Fno%252Fbuy%252Findex.html%253Fpage%253D1%2526edid%253D160DAC9A-2A77-6FDC-52B8-296352B1ABF1%2526hlv%253D666c4b56-2d14-44a3-bb3a-3e290a01000f%2523v_1097454612 HTTP/1.1" 200 247
195.191.219.130 - - [28/Feb/2025:00:26:01 +0100] "GET /ticket2/opencms/it/buy/?page=1&edid=4BA78F1B-E48D-30C2-5D4F-CB6F294B5082 HTTP/1.1" 200 110712
20.171.207.246 - - [28/Feb/2025:00:26:01 +0100] "GET /ticket2/opencms/set_aff_cookie.jsp?partner=2E02071B-A8C3-4CBA-3097-C27D61C02ED8&url=%252Fru%252Fbuy%252Findex.html%253Fpage%253D1%2526edid%253D1E25B326-4F8F-7BA0-5AB1-018D89AC8C22%2526hlv%253D60f811ce-e174-4c9c-93a1-5a960a01000f%2523v_1134076699 HTTP/1.1" 200 247
44.213.36.21 - - [28/Feb/2025:00:26:01 +0100] "GET /ticket2/opencms/sites/ticketbrokerage/sv/tickets/wolverhampton/tottenham.html HTTP/1.1" 404 -
195.191.219.130 - - [28/Feb/2025:00:26:02 +0100] "GET /ticket2/opencms/it/buy/?page=1&edid=4BB86639-5E8A-308E-E195-0856E56FD3F8 HTTP/1.1" 200 110917
20.171.207.246 - - [28/Feb/2025:00:26:02 +0100] "GET /ticket2/opencms/set_aff_cookie.jsp?partner=8F6DE15D-D831-5787-AE7E-FEFF53476F85&url=%252Fsv%252Fbuy%252Findex.html%253Fpage%253D1%2526edid%253D70EF0ABB-9A80-4CE0-EE48-CC9265C1B361%2526hlv%253D6692485f-196c-47d1-91a2-16d80a01000f%2523v_1803458239 HTTP/1.1" 200 247
195.191.219.130 - - [28/Feb/2025:00:26:03 +0100] "GET /ticket2/opencms/it/buy/?page=1&edid=4BF6A542-B6C8-E36E-90B2-447AC159728B HTTP/1.1" 200 108337
20.171.207.246 - - [28/Feb/2025:00:26:04 +0100] "GET /ticket2/opencms/set_aff_cookie.jsp?partner=2E02071B-A8C3-4CBA-3097-C27D61C02ED8&url=%252Fnl%252Fbuy%252Findex.html%253Fpage%253D1%2526edid%253D6F379414-70C4-400F-51D2-AFD37C8F2BC7%2526hlv%253D666d6ed0-5404-48cd-bdbe-0c140a01000f%2523v_1861623260 HTTP/1.1" 200 247
195.191.219.130 - - [28/Feb/2025:00:26:04 +0100] "GET /ticket2/opencms/it/buy/?page=1&edid=4CA369BE-7848-7A9B-1CC8-A6F58FD34D24 HTTP/1.1" 200 111633
20.171.207.246 - - [28/Feb/2025:00:26:05 +0100] "GET /ticket2/opencms/set_aff_cookie.jsp?partner=6F250EA7-4505-FA01-D601-8847F2573405&url=%252Fnl%252Fbuy%252Findex.html%253Fpage%253D1%2526edid%253DE8BA54CC-B112-3D61-BE02-1B4D1E4F63D1%2526hlv%253D666ddc0d-c3fc-47e1-9c06-6a330a01000f%2523v_481592026 HTTP/1.1" 200 246
195.191.219.130 - - [28/Feb/2025:00:26:06 +0100] "GET /ticket2/opencms/it/buy/?page=1&edid=4CC7453F-C63E-6008-8856-0A2D44DEDEAD HTTP/1.1" 200 108397
20.171.207.246 - - [28/Feb/2025:00:26:06 +0100] "GET /ticket2/opencms/set_aff_cookie.jsp?partner=8F6DE15D-D831-5787-AE7E-FEFF53476F85&url=%252Fdk%252Fbuy%252Findex.html%253Fpage%253D1%2526edid%253D0DC29C5C-A273-34CB-58F3-441C87554AF1%2526hlv%253D66b47f8c-2414-4f5c-b427-209b0a01000f%2523v_714072129 HTTP/1.1" 200 246
195.191.219.130 - - [28/Feb/2025:00:26:06 +0100] "GET /ticket2/opencms/it/buy/?page=1&edid=4CDBC715-BC6C-15EB-10EF-16147FA80F71 HTTP/1.1" 200 90207
54.36.148.165 - - [28/Feb/2025:00:26:07 +0100] "GET /ticket2/opencms/fi/buy?page=1&edid=2E10707D-C051-6138-1E62-3BA0A6C4D8EB HTTP/1.1" 200 134562
54.36.148.1 - - [28/Feb/2025:00:26:07 +0100] "GET /ticket2/opencms/en/buy/?page=1&edid=885A2607-A223-24CC-17AE-7C8ECDA8D47C HTTP/1.1" 200 132299
20.171.207.246 - - [28/Feb/2025:00:26:07 +0100] "GET /ticket2/opencms/set_aff_cookie.jsp?partner=2E02071B-A8C3-4CBA-3097-C27D61C02ED8&url=%252Fnl%252Fbuy%252Findex.html%253Fpage%253D1%2526edid%253D49FEC43E-3E83-185B-C185-BAAB3CE353B1%2526hlv%253D60f81bf8-8c68-4233-810b-5e890a01000f%2523v_625887186 HTTP/1.1" 200 246
40.77.167.57 - - [28/Feb/2025:00:26:07 +0100] "GET /ticket2/opencms/uk/buy?page=1&edid=F29E626E-0493-93E2-96F6-AC5379D5046E HTTP/1.1" 200 114970
195.191.219.130 - - [28/Feb/2025:00:26:07 +0100] "GET /ticket2/opencms/it/buy/?page=1&edid=4D046EC3-3569-AF35-BEE2-37E289C85DAB HTTP/1.1" 200 110659
20.171.207.246 - - [28/Feb/2025:00:26:08 +0100] "GET /ticket2/opencms/set_aff_cookie.jsp?partner=23A6AD98-906E-5BDD-600E-EC4EC8A45F97&url=%252Fen%252Fbuy%252Findex.html%253Fpage%253D1%2526edid%253D1C663B38-AAE8-15E5-78AB-F7247D2C67D4%2526hlv%253D666d70a1-3ae8-403b-87e2-0e670a01000f%2523v_2074336173 HTTP/1.1" 200 247
195.191.219.130 - - [28/Feb/2025:00:26:09 +0100] "GET /ticket2/opencms/it/buy/?page=1&edid=4D0E8B6F-4A4C-13EE-EC78-4C4A42CB13B0 HTTP/1.1" 200 110511
114.119.141.34 - - [28/Feb/2025:00:26:09 +0100] "GET /ticket2/opencms/en/venue/?venueid=94AAF185-B873-A170-54BE-95B64803F134 HTTP/1.1" 200 85321
20.171.207.246 - - [28/Feb/2025:00:26:09 +0100] "GET /ticket2/opencms/set_aff_cookie.jsp?partner=8F6DE15D-D831-5787-AE7E-FEFF53476F85&url=%252Fsv%252Fbuy%252Findex.html%253Fpage%253D1%2526edid%253D66FFE717-0C93-3F01-2AC8-8E7FC5F9BAB1%2526hlv%253D6689076b-7138-4102-a53a-1ba70a01000f%2523v1691558017 HTTP/1.1" 200 246
195.191.219.130 - - [28/Feb/2025:00:26:10 +0100] "GET /ticket2/opencms/it/buy/?page=1&edid=4D569333-A725-AF23-311D-520AB9757B29 HTTP/1.1" 200 111532
20.171.207.246 - - [28/Feb/2025:00:26:10 +0100] "GET /ticket2/opencms/set_aff_cookie.jsp?partner=57601924-FB09-5BB2-867F-08B4EB522BA8&url=%252Fsv%252Fbuy%252Findex.html%253Fpage%253D1%2526edid%253D150C2B47-38EB-0C0E-C664-5F863E9426DB%2526hlv%253D66cafa7c-fa80-4519-ba2b-33480a01000f%2523v_319895752 HTTP/1.1" 200 246
195.191.219.130 - - [28/Feb/2025:00:26:11 +0100] "GET /ticket2/opencms/it/buy/?page=1&edid=4D881CD2-EFEB-E2E9-A476-A74B720D12D9 HTTP/1.1" 200 90161
188.239.13.27 - - [28/Feb/2025:00:26:11 +0100] "GET /ticket2/opencms/it/buy?page=1&edid=A9C35541-ABB7-0662-52F4-8AD61BAC9B1C HTTP/1.1" 200 134933
195.191.219.130 - - [28/Feb/2025:00:26:12 +0100] "GET /ticket2/opencms/it/buy/?page=1&edid=4D95C4E4-B7FF-C71E-110D-D09544A9044A HTTP/1.1" 200 110999
20.171.207.246 - - [28/Feb/2025:00:26:12 +0100] "GET /ticket2/opencms/set_aff_cookie.jsp?partner=5E0CDF29-E7BE-9F6B-6869-7BF66B04006F&url=%252Ffi%252Fbuy%252Findex.html%253Fpage%253D1%2526edid%253D1AD4E11C-C792-1721-4D1A-2229101A30FD%2526hlv%253D666c8a12-7ebc-4c0a-8a40-7e6f0a01000f%2523v_1005141303 HTTP/1.1" 200 247
195.191.219.130 - - [28/Feb/2025:00:26:13 +0100] "GET /ticket2/opencms/it/buy/?page=1&edid=4DAA35EF-C139-DEFB-5916-EBE779C23EE3 HTTP/1.1" 200 108310
20.171.207.246 - - [28/Feb/2025:00:26:13 +0100] "GET /ticket2/opencms/set_aff_cookie.jsp?partner=8F6DE15D-D831-5787-AE7E-FEFF53476F85&url=%252Fdk%252Fbuy%252Findex.html%253Fpage%253D1%2526edid%253D6C1ED87B-DDA5-3BB2-3EDA-87860E37D5E0%2526hlv%253D66884500-8070-42b0-84cc-34030a01000f%2523v_359361460 HTTP/1.1" 200 246
195.191.219.130 - - [28/Feb/2025:00:26:14 +0100] "GET /ticket2/opencms/it/buy/?page=1&edid=4DF0D9FC-63B4-BC0C-C1C6-5A8F2E684398 HTTP/1.1" 200 111102
20.171.207.246 - - [28/Feb/2025:00:26:14 +0100] "GET /ticket2/opencms/set_aff_cookie.jsp?partner=8F6DE15D-D831-5787-AE7E-FEFF53476F85&url=%252Ffi%252Fbuy%252Findex.html%253Fpage%253D1%2526edid%253D6F6062BE-21E9-FCCC-41A7-E76CFE6D47E3%2526hlv%253D66938922-0d2c-4802-97ce-703c0a01000f%2523v_2027692627 HTTP/1.1" 200 247
195.191.219.130 - - [28/Feb/2025:00:26:15 +0100] "GET /ticket2/opencms/it/buy/?page=1&edid=4DFADB48-D949-97F7-B374-193C167D2333 HTTP/1.1" 200 110764
20.171.207.246 - - [28/Feb/2025:00:26:15 +0100] "GET /ticket2/opencms/set_aff_cookie.jsp?partner=2E02071B-A8C3-4CBA-3097-C27D61C02ED8&url=%252Fnl%252Fbuy%252Findex.html%253Fpage%253D1%2526edid%253D150C2B47-38EB-0C0E-C664-5F863E9426DB%2526hlv%253D66cafa7f-8714-4efe-b938-33480a01000f%2523v_662711866 HTTP/1.1" 200 246
195.191.219.130 - - [28/Feb/2025:00:26:16 +0100] "GET /ticket2/opencms/it/buy/?page=1&edid=4DFD725A-4EAE-5578-E2C8-F093AEA223CD HTTP/1.1" 200 112091
20.171.207.246 - - [28/Feb/2025:00:26:16 +0100] "GET /ticket2/opencms/set_aff_cookie.jsp?partner=2E02071B-A8C3-4CBA-3097-C27D61C02ED8&url=%252Ffi%252Fbuy%252Findex.html%253Fpage%253D1%2526edid%253D160DAC9A-2A77-6FDC-52B8-296352B1ABF1%2526hlv%253D666c4b55-9334-47f8-acb6-3e290a01000f%2523v_1535309056 HTTP/1.1" 200 247
195.191.219.130 - - [28/Feb/2025:00:26:17 +0100] "GET /ticket2/opencms/it/buy/?page=1&edid=4E121EC7-87EA-ACE7-3E61-53A747B52A04 HTTP/1.1" 200 107659
18.215.49.176 - - [28/Feb/2025:00:26:17 +0100] "GET /ticket2/opencms/sites/ticketbrokerage/sv/sport/fotbollsbiljetter/premier_league/liverpool/stoke.html HTTP/1.1" 404 -
20.171.207.246 - - [28/Feb/2025:00:26:17 +0100] "GET /ticket2/opencms/set_aff_cookie.jsp?partner=2E02071B-A8C3-4CBA-3097-C27D61C02ED8&url=%252Ffi%252Fbuy%252Findex.html%253Fpage%253D1%2526edid%253DDD7009E0-BEDD-5FDF-FBEC-9803C9276491%2526hlv%253D6144852c-4d14-475c-9a57-734b0a01000f%2523v_1088783345 HTTP/1.1" 200 247
195.191.219.130 - - [28/Feb/2025:00:26:18 +0100] "GET /ticket2/opencms/it/buy/?page=1&edid=4E3FD371-418F-2707-0FE4-F6E7006C81F9 HTTP/1.1" 200 110579
20.171.207.246 - - [28/Feb/2025:00:26:18 +0100] "GET /ticket2/opencms/set_aff_cookie.jsp?partner=2E02071B-A8C3-4CBA-3097-C27D61C02ED8&url=%252Fsv%252Fbuy%252Findex.html%253Fpage%253D1%2526edid%253DC68D3A19-7AB1-B0F6-2F8E-E937CB754241%2526hlv%253D669388d6-df64-45f4-ae19-6fc60a01000f%2523v_510380486 HTTP/1.1" 200 246
54.36.148.57 - - [28/Feb/2025:00:26:19 +0100] "GET /ticket2/opencms/el/buy?page=1&edid=47EBAE6F-817A-37A2-D93C-48B4FE4F8A77 HTTP/1.1" 200 115026
195.191.219.130 - - [28/Feb/2025:00:26:19 +0100] "GET /ticket2/opencms/it/buy/?page=1&edid=4E7205D6-706A-C532-7304-E1DEEF899767 HTTP/1.1" 200 108422
20.171.207.246 - - [28/Feb/2025:00:26:20 +0100] "GET /ticket2/opencms/set_aff_cookie.jsp?partner=2E02071B-A8C3-4CBA-3097-C27D61C02ED8&url=%252Fen%252Fbuy%252Findex.html%253Fpage%253D1%2526edid%253D70EF0ABB-9A80-4CE0-EE48-CC9265C1B361%2526hlv%253D6692485c-2d24-4d92-ade0-16d80a01000f%2523v_1761356653 HTTP/1.1" 200 247
195.191.219.130 - - [28/Feb/2025:00:26:20 +0100] "GET /ticket2/opencms/it/buy/?page=1&edid=4EEBDF1A-3C1D-BDB9-B11A-8D66ED171C2B HTTP/1.1" 200 108337
85.208.96.201 - - [28/Feb/2025:00:26:20 +0100] "GET /ticket2/opencms/be/magazine/article?title=kevin-de-bruyne HTTP/1.1" 200 94349
20.171.207.246 - - [28/Feb/2025:00:26:21 +0100] "GET /ticket2/opencms/set_aff_cookie.jsp?partner=8F6DE15D-D831-5787-AE7E-FEFF53476F85&url=%252Fnl%252Fbuy%252Findex.html%253Fpage%253D1%2526edid%253D160DAC9A-2A77-6FDC-52B8-296352B1ABF1%2526hlv%253D666c4b55-4d90-47b9-a9c6-3e290a01000f%2523v_1867759964 HTTP/1.1" 200 247
47.128.111.40 - - [28/Feb/2025:00:26:21 +0100] "GET /ticket2/opencms/ga/buy?edid=0D37E384-2B78-1FC5-2B22-30B553C53918 HTTP/1.1" 200 91762
154.54.249.216 - - [28/Feb/2025:00:26:21 +0100] "GET /ticket2/opencms/ga/buy?page=6&comcatid=0A6B8208-FDA4-E929-9D72-5312FD481B76 HTTP/1.1" 200 101972
20.171.207.246 - - [28/Feb/2025:00:26:22 +0100] "GET /ticket2/opencms/set_aff_cookie.jsp?partner=2E02071B-A8C3-4CBA-3097-C27D61C02ED8&url=%252Ffi%252Fbuy%252Findex.html%253Fpage%253D1%2526edid%253D697BE447-74B7-A748-152F-A1818DA4BEC9%2526hlv%253D666d6f1b-582c-4fed-87ad-0c190a01000f%2523v_1022324467 HTTP/1.1" 200 247
195.191.219.130 - - [28/Feb/2025:00:26:23 +0100] "GET /ticket2/opencms/it/buy/?page=1&edid=4EF4CC9A-B0ED-46BC-F297-21E10A9EA6B6 HTTP/1.1" 200 111534
20.171.207.246 - - [28/Feb/2025:00:26:23 +0100] "GET /ticket2/opencms/set_aff_cookie.jsp?partner=8F6DE15D-D831-5787-AE7E-FEFF53476F85&url=%252Fsv%252Fbuy%252Findex.html%253Fpage%253D1%2526edid%253D18631B4D-241F-1419-AEC9-B2739BCE7CC3%2526hlv%253D66b47e17-1000-4dec-99be-1f380a01000f%2523v_2121735820 HTTP/1.1" 200 247
20.171.207.246 - - [28/Feb/2025:00:26:24 +0100] "GET /ticket2/opencms/set_aff_cookie.jsp?partner=5E0CDF29-E7BE-9F6B-6869-7BF66B04006F&url=%252Fdk%252Fbuy%252Findex.html%253Fpage%253D1%2526edid%253D66C22035-E7EA-E10A-4BFC-2C30733037DC%2526hlv%253D666d4a39-9118-4359-a6ca-6bb30a01000f%2523v714830775 HTTP/1.1" 200 245
20.171.207.246 - - [28/Feb/2025:00:26:25 +0100] "GET /ticket2/opencms/set_aff_cookie.jsp?partner=5E0CDF29-E7BE-9F6B-6869-7BF66B04006F&url=%252Fru%252Fbuy%252Findex.html%253Fpage%253D1%2526edid%253D616E0307-EF5A-C0BC-E2E4-858595D5400D%2526hlv%253D60c9e9a2-6478-4bdd-8c5f-271f0a01000f%2523v_1569524598 HTTP/1.1" 200 247
40.77.167.57 - - [28/Feb/2025:00:26:25 +0100] "GET /ticket2/opencms/bs/buy/?page=1&edid=28778BA3-9F9A-CFF0-ACA3-13CC71675A86 HTTP/1.1" 200 108378
20.171.207.246 - - [28/Feb/2025:00:26:26 +0100] "GET /ticket2/opencms/set_aff_cookie.jsp?partner=5E0CDF29-E7BE-9F6B-6869-7BF66B04006F&url=%252Fsv%252Fbuy%252Findex.html%253Fpage%253D1%2526edid%253D6F379414-70C4-400F-51D2-AFD37C8F2BC7%2526hlv%253D666d6ed0-f3b4-4d15-a456-0c140a01000f%2523v_1539504664 HTTP/1.1" 200 247
195.191.219.130 - - [28/Feb/2025:00:26:27 +0100] "GET /ticket2/opencms/it/buy/?page=1&edid=4EFD7CD3-3CCD-738E-DDE8-5250B4FC1DE6 HTTP/1.1" 200 90246
20.171.207.246 - - [28/Feb/2025:00:26:28 +0100] "GET /ticket2/opencms/set_aff_cookie.jsp?partner=57601924-FB09-5BB2-867F-08B4EB522BA8&url=%252Fdk%252Fbuy%252Findex.html%253Fpage%253D1%2526edid%253D66C22035-E7EA-E10A-4BFC-2C30733037DC%2526hlv%253D666d4a3c-43ac-49c7-8a44-6bb30a01000f%2523v142735615 HTTP/1.1" 200 245
20.171.207.246 - - [28/Feb/2025:00:26:29 +0100] "GET /ticket2/opencms/set_aff_cookie.jsp?partner=2E02071B-A8C3-4CBA-3097-C27D61C02ED8&url=%252Fdk%252Fbuy%252Findex.html%253Fpage%253D1%2526edid%253D135439EE-24C6-CFFE-A3F6-AD08F6CB1A03%2526hlv%253D61449725-2970-4a5b-a97b-786f0a01000f%2523v_788827892 HTTP/1.1" 200 246
20.171.207.246 - - [28/Feb/2025:00:26:30 +0100] "GET /ticket2/opencms/set_aff_cookie.jsp?partner=2E02071B-A8C3-4CBA-3097-C27D61C02ED8&url=%252Fdk%252Fbuy%252Findex.html%253Fpage%253D1%2526edid%253D66FFE717-0C93-3F01-2AC8-8E7FC5F9BAB1%2526hlv%253D6689076b-8854-46f2-af64-1ba70a01000f%2523v1695620783 HTTP/1.1" 200 246
20.171.207.246 - - [28/Feb/2025:00:26:31 +0100] "GET /ticket2/opencms/set_aff_cookie.jsp?partner=2E02071B-A8C3-4CBA-3097-C27D61C02ED8&url=%252Fdk%252Fbuy%252Findex.html%253Fpage%253D1%2526edid%253DBF34F1E5-432B-C27C-0DC0-AA009BE6EB81%2526hlv%253D60f8171c-2494-445a-a641-5d370a01000f%2523v_348108164 HTTP/1.1" 200 246
20.171.207.246 - - [28/Feb/2025:00:26:32 +0100] "GET /ticket2/opencms/set_aff_cookie.jsp?partner=8F6DE15D-D831-5787-AE7E-FEFF53476F85&url=%252Fdk%252Fbuy%252Findex.html%253Fpage%253D1%2526edid%253D66C22035-E7EA-E10A-4BFC-2C30733037DC%2526hlv%253D666d4a37-a9e4-4793-9b67-6bb30a01000f%2523v347725872 HTTP/1.1" 200 245
195.191.219.130 - - [28/Feb/2025:00:26:33 +0100] "GET /ticket2/opencms/it/buy/?page=1&edid=4F04B384-F03D-7561-DCF9-2375D49FE618 HTTP/1.1" 200 131549
20.171.207.246 - - [28/Feb/2025:00:26:33 +0100] "GET /ticket2/opencms/set_aff_cookie.jsp?partner=5E0CDF29-E7BE-9F6B-6869-7BF66B04006F&url=%252Fen%252Fbuy%252Findex.html%253Fpage%253D1%2526edid%253D616E0307-EF5A-C0BC-E2E4-858595D5400D%2526hlv%253D60c9e748-4f50-4e9f-b37b-237c0a01000f%2523v_224964912 HTTP/1.1" 200 246
207.46.13.151 - - [28/Feb/2025:00:26:34 +0100] "GET /ticket2/opencms/sv/buy/?page=1&edid=CFE3AD1D-4887-F2C9-CE30-778894EF867F HTTP/1.1" 200 117361
195.191.219.130 - - [28/Feb/2025:00:26:34 +0100] "GET /ticket2/opencms/it/buy/?page=1&edid=4F823A18-A71D-F820-FD7B-2CC78F9C9CC8 HTTP/1.1" 200 131639
20.171.207.246 - - [28/Feb/2025:00:26:35 +0100] "GET /ticket2/opencms/set_aff_cookie.jsp?partner=2E02071B-A8C3-4CBA-3097-C27D61C02ED8&url=%252Fen%252Fbuy%252Findex.html%253Fpage%253D1%2526edid%253D6F379414-70C4-400F-51D2-AFD37C8F2BC7%2526hlv%253D666d6ed2-240c-42bf-92f6-0c140a01000f%2523v_635395827 HTTP/1.1" 200 246
54.36.148.207 - - [28/Feb/2025:00:26:35 +0100] "GET /ticket2/opencms/et/buy?page=1&edid=47EBAE6F-817A-37A2-D93C-48B4FE4F8A77 HTTP/1.1" 200 110940
20.171.207.246 - - [28/Feb/2025:00:26:36 +0100] "GET /ticket2/opencms/set_aff_cookie.jsp?partner=8F6DE15D-D831-5787-AE7E-FEFF53476F85&url=%252Fru%252Fbuy%252Findex.html%253Fpage%253D1%2526edid%253D150C2B47-38EB-0C0E-C664-5F863E9426DB%2526hlv%253D66cafa7e-0308-405e-b94b-33480a01000f%2523v_1078875217 HTTP/1.1" 200 247
195.191.219.130 - - [28/Feb/2025:00:26:36 +0100] "GET /ticket2/opencms/it/buy/?page=1&edid=4FD24057-EB4D-8E12-8B0B-F9683A75094C HTTP/1.1" 200 111351
20.171.207.246 - - [28/Feb/2025:00:26:37 +0100] "GET /ticket2/opencms/set_aff_cookie.jsp?partner=2E02071B-A8C3-4CBA-3097-C27D61C02ED8&url=%252Fno%252Fbuy%252Findex.html%253Fpage%253D1%2526edid%253D18631B4D-241F-1419-AEC9-B2739BCE7CC3%2526hlv%253D66b47e16-d670-4da0-a21a-1f380a01000f%2523v_1989693350 HTTP/1.1" 200 247
20.171.207.246 - - [28/Feb/2025:00:26:38 +0100] "GET /ticket2/opencms/set_aff_cookie.jsp?partner=8F6DE15D-D831-5787-AE7E-FEFF53476F85&url=%252Ffi%252Fbuy%252Findex.html%253Fpage%253D1%2526edid%253DC68D3A19-7AB1-B0F6-2F8E-E937CB754241%2526hlv%253D669388d6-f820-4ccc-9843-6fc60a01000f%2523v_831432232 HTTP/1.1" 200 246
47.128.36.234 - - [28/Feb/2025:00:26:39 +0100] "GET /ticket2/opencms/hu/buy/?edid=94C5B0A9-45EC-824F-7DFB-E52A893ACA3D HTTP/1.1" 200 91719
20.171.207.246 - - [28/Feb/2025:00:26:39 +0100] "GET /ticket2/opencms/set_aff_cookie.jsp?partner=8F6DE15D-D831-5787-AE7E-FEFF53476F85&url=%252Fru%252Fbuy%252Findex.html%253Fpage%253D1%2526edid%253D68B485F7-9483-6E4F-656D-602EE2AC621D%2526hlv%253D666d4b78-050c-446b-adeb-68b70a01000f%2523v_765409680 HTTP/1.1" 200 246
114.119.151.93 - - [28/Feb/2025:00:26:39 +0100] "GET /ticket2/opencms/ka/buy?page=1&edid=06EAB243-46C0-65AE-FF61-8C7D584748E6 HTTP/1.1" 200 117556
195.191.219.130 - - [28/Feb/2025:00:26:39 +0100] "GET /ticket2/opencms/it/buy/?page=1&edid=5013A1E7-6B46-F1F8-6B39-0131EFEB0CDA HTTP/1.1" 200 90230
51.222.253.16 - - [28/Feb/2025:00:26:40 +0100] "GET /ticket2/opencms/robots.txt HTTP/1.1" 200 773
20.171.207.246 - - [28/Feb/2025:00:26:40 +0100] "GET /ticket2/opencms/set_aff_cookie.jsp?partner=5E0CDF29-E7BE-9F6B-6869-7BF66B04006F&url=%252Ffi%252Fbuy%252Findex.html%253Fpage%253D1%2526edid%253D150C2B47-38EB-0C0E-C664-5F863E9426DB%2526hlv%253D66cafa7b-1228-446a-bf0c-33480a01000f%2523v_2012570627 HTTP/1.1" 200 247
195.191.219.130 - - [28/Feb/2025:00:26:41 +0100] "GET /ticket2/opencms/it/buy/?page=1&edid=50375D23-8B44-5172-3FB1-755B660EE76F HTTP/1.1" 200 114404
20.171.207.246 - - [28/Feb/2025:00:26:41 +0100] "GET /ticket2/opencms/set_aff_cookie.jsp?partner=2E02071B-A8C3-4CBA-3097-C27D61C02ED8&url=%252Fno%252Fbuy%252Findex.html%253Fpage%253D1%2526edid%253D6F6062BE-21E9-FCCC-41A7-E76CFE6D47E3%2526hlv%253D66938920-a368-437e-b76f-703c0a01000f%2523v_1613772258 HTTP/1.1" 200 247
195.191.219.130 - - [28/Feb/2025:00:26:42 +0100] "GET /ticket2/opencms/it/buy/?page=1&edid=5053E429-37C6-6922-FE45-2F7B4E327AEF HTTP/1.1" 200 90198
54.36.148.147 - - [28/Feb/2025:00:26:42 +0100] "GET /ticket2/opencms/lt/magazine/article?title=bergvall-ir-kulusevski-ispudingai-zaidzia HTTP/1.1" 200 94269
173.252.69.114 - - [28/Feb/2025:00:26:42 +0100] "GET /ticket2/opencms/fi/buy?page=1&edid=812FD49D-304A-7328-3A5E-992562A1F44A HTTP/1.1" 200 111662
20.171.207.246 - - [28/Feb/2025:00:26:43 +0100] "GET /ticket2/opencms/set_aff_cookie.jsp?partner=8F6DE15D-D831-5787-AE7E-FEFF53476F85&url=%252Fen%252Fbuy%252Findex.html%253Fpage%253D1%2526edid%253D10597F35-2AC7-31D2-FB61-15A36BB6D73B%2526hlv%253D666d451f-2918-4eed-bcfb-64610a01000f%2523v_1036908374 HTTP/1.1" 200 247
124.243.178.155 - - [28/Feb/2025:00:26:43 +0100] "GET /ticket2/opencms/bg/buy?comcatid=A17713B6-D984-201A-4143-ED4DB5ED5C2E&catid=E92E6B1B-7CD1-74B1-312C-265A7D8125D0 HTTP/1.1" 200 104344
20.171.207.246 - - [28/Feb/2025:00:26:44 +0100] "GET /ticket2/opencms/set_aff_cookie.jsp?partner=8F6DE15D-D831-5787-AE7E-FEFF53476F85&url=%252Fen%252Fbuy%252Findex.html%253Fpage%253D1%2526edid%253D6F6062BE-21E9-FCCC-41A7-E76CFE6D47E3%2526hlv%253D66938923-1384-433a-ae70-703c0a01000f%2523v_1940605889 HTTP/1.1" 200 247
195.191.219.130 - - [28/Feb/2025:00:26:45 +0100] "GET /ticket2/opencms/it/buy/?page=1&edid=5066B61F-02EE-32E6-4312-320F42EFA97E HTTP/1.1" 200 90242
20.171.207.246 - - [28/Feb/2025:00:26:45 +0100] "GET /ticket2/opencms/set_aff_cookie.jsp?partner=57601924-FB09-5BB2-867F-08B4EB522BA8&url=%252Fru%252Fbuy%252Findex.html%253Fpage%253D1%2526edid%253D3BF089D2-CA6A-D5BF-ED58-5522099ECEE1%2526hlv%253D60f810c9-282c-4767-b21c-5a1d0a01000f%2523v_197262413 HTTP/1.1" 200 246
66.249.76.44 - - [28/Feb/2025:00:26:46 +0100] "GET /ticket2/opencms/it/magazine/article?title=londra-una-citta-di-calcio-di-classe-mondiale HTTP/1.1" 200 92702
20.171.207.246 - - [28/Feb/2025:00:26:46 +0100] "GET /ticket2/opencms/set_aff_cookie.jsp?partner=2E02071B-A8C3-4CBA-3097-C27D61C02ED8&url=%252Fsv%252Fbuy%252Findex.html%253Fpage%253D1%2526edid%253D6C1ED87B-DDA5-3BB2-3EDA-87860E37D5E0%2526hlv%253D6688450a-86ac-47a7-8df0-34510a01000f%2523v_1344666822 HTTP/1.1" 200 247
195.191.219.130 - - [28/Feb/2025:00:26:47 +0100] "GET /ticket2/opencms/it/buy/?page=1&edid=509FEEF0-A681-4182-A33B-D247D315C9CD HTTP/1.1" 200 111598
66.249.76.160 - - [28/Feb/2025:00:26:47 +0100] "GET /ticket2/opencms/be/buy/?page=1&edid=8085E80D-BC8F-CDCF-7CC8-2F497FE082D3 HTTP/1.1" 200 140695
20.171.207.246 - - [28/Feb/2025:00:26:47 +0100] "GET /ticket2/opencms/set_aff_cookie.jsp?partner=2E02071B-A8C3-4CBA-3097-C27D61C02ED8&url=%252Fnl%252Fbuy%252Findex.html%253Fpage%253D1%2526edid%253D2D210BFD-73B3-FBB7-71E1-6587B60103F1%2526hlv%253D66cf0b4b-dadc-448c-920b-25050a01000f%2523v_1648431881 HTTP/1.1" 200 247
114.119.143.233 - - [28/Feb/2025:00:26:48 +0100] "GET /ticket2/opencms/en/buy/?comcatid=0A6B8208-FDA4-E929-9D72-5312FD481B76&catid=53E7B32E-5CAA-6CE7-D6AA-FFC41D70EE01 HTTP/1.1" 200 105831
20.171.207.246 - - [28/Feb/2025:00:26:49 +0100] "GET /ticket2/opencms/set_aff_cookie.jsp?partner=23A6AD98-906E-5BDD-600E-EC4EC8A45F97&url=%252Fen%252Fbuy%252Findex.html%253Fpage%253D1%2526edid%253D8EF7EC9D-9BC8-1DEC-C27C-0541D5C5F471%2526hlv%253D668692c9-7ca8-4989-8236-37960a01000f%2523v_122678052 HTTP/1.1" 200 246
195.191.219.130 - - [28/Feb/2025:00:26:50 +0100] "GET /ticket2/opencms/it/buy/?page=1&edid=50B41314-485A-DCFC-6E02-326077D4DE43 HTTP/1.1" 200 111628
20.171.207.246 - - [28/Feb/2025:00:26:50 +0100] "GET /ticket2/opencms/set_aff_cookie.jsp?partner=5E0CDF29-E7BE-9F6B-6869-7BF66B04006F&url=%252Fnl%252Fbuy%252Findex.html%253Fpage%253D1%2526edid%253D10597F35-2AC7-31D2-FB61-15A36BB6D73B%2526hlv%253D666d451e-3d88-4cae-ad96-64610a01000f%2523v_936440186 HTTP/1.1" 200 246
185.191.171.13 - - [28/Feb/2025:00:26:51 +0100] "GET /ticket2/opencms/bs/magazine/article?title=o-arsenal-fc HTTP/1.1" 200 93263
54.36.148.1 - - [28/Feb/2025:00:26:51 +0100] "GET /ticket2/opencms/uk HTTP/1.1" 200 106342
20.171.207.246 - - [28/Feb/2025:00:26:51 +0100] "GET /ticket2/opencms/set_aff_cookie.jsp?partner=2E02071B-A8C3-4CBA-3097-C27D61C02ED8&url=%252Fno%252Fbuy%252Findex.html%253Fpage%253D1%2526edid%253D1922F4C1-0D89-1ACA-A50D-EFC3C58AA17B%2526hlv%253D6149ea82-30a0-47e9-8925-1dc50a01000f%2523v_2099987030 HTTP/1.1" 200 247
20.171.207.246 - - [28/Feb/2025:00:26:52 +0100] "GET /ticket2/opencms/set_aff_cookie.jsp?partner=57601924-FB09-5BB2-867F-08B4EB522BA8&url=%252Fsv%252Fbuy%252Findex.html%253Fpage%253D1%2526edid%253DE8BA54CC-B112-3D61-BE02-1B4D1E4F63D1%2526hlv%253D666ddc10-be30-43f8-94c7-6a330a01000f%2523v_861732479 HTTP/1.1" 200 246
114.119.155.118 - - [28/Feb/2025:00:26:53 +0100] "GET /ticket2/opencms/en/venue/?venueid=7BE96A80-409A-37FB-9444-3580682D6340 HTTP/1.1" 200 85216
114.119.151.50 - - [28/Feb/2025:00:26:53 +0100] "GET /ticket2/opencms/en/venue/?venueid=01A0ADB8-E909-7B52-7382-807C1E2FCC75 HTTP/1.1" 200 85394
20.171.207.246 - - [28/Feb/2025:00:26:53 +0100] "GET /ticket2/opencms/set_aff_cookie.jsp?partner=8F6DE15D-D831-5787-AE7E-FEFF53476F85&url=%252Fdk%252Fbuy%252Findex.html%253Fpage%253D1%2526edid%253DC68D3A19-7AB1-B0F6-2F8E-E937CB754241%2526hlv%253D669388d5-0230-45ed-8eb6-6fc60a01000f%2523v_2121085194 HTTP/1.1" 200 247
52.200.54.136 - - [28/Feb/2025:00:26:53 +0100] "GET /ticket2/opencms/sites/ticketbrokerage/sv/tickets/inter/sampdoria.html HTTP/1.1" 404 -
195.191.219.130 - - [28/Feb/2025:00:26:54 +0100] "GET /ticket2/opencms/it/buy/?page=1&edid=50D37B13-6F20-71F9-54D9-90E7B6C8DECF HTTP/1.1" 200 111294
20.171.207.246 - - [28/Feb/2025:00:26:54 +0100] "GET /ticket2/opencms/set_aff_cookie.jsp?partner=5E0CDF29-E7BE-9F6B-6869-7BF66B04006F&url=%252Fnl%252Fbuy%252Findex.html%253Fpage%253D1%2526edid%253D1571DB1B-206B-93FC-5429-333D7E9FCB65%2526hlv%253D66902205-2cac-46ab-9fcb-23460a01000f%2523v_2017749941 HTTP/1.1" 200 247
20.171.207.246 - - [28/Feb/2025:00:26:56 +0100] "GET /ticket2/opencms/set_aff_cookie.jsp?partner=6F250EA7-4505-FA01-D601-8847F2573405&url=%252Fen%252Fbuy%252Findex.html%253Fpage%253D1%2526edid%253D16BA48F9-E787-F00A-EC7D-F97A99AECBFB%2526hlv%253D66d03934-2dfc-4ada-8b1b-72160a01000f%2523v_1376276933 HTTP/1.1" 200 247
195.191.219.130 - - [28/Feb/2025:00:26:56 +0100] "GET /ticket2/opencms/it/buy/?page=1&edid=50E84B3D-9D0C-3B92-7082-59B92FD223D3 HTTP/1.1" 200 114512
20.171.207.246 - - [28/Feb/2025:00:26:57 +0100] "GET /ticket2/opencms/set_aff_cookie.jsp?partner=8F6DE15D-D831-5787-AE7E-FEFF53476F85&url=%252Fsv%252Fbuy%252Findex.html%253Fpage%253D1%2526edid%253DE8BA54CC-B112-3D61-BE02-1B4D1E4F63D1%2526hlv%253D666ddc10-a298-4088-8806-6a330a01000f%2523v_698423835 HTTP/1.1" 200 246
44.220.2.97 - - [28/Feb/2025:00:26:57 +0100] "GET /ticket2/opencms/sites/ticketbrokerage/sv/tickets/arsenal/stoke.html HTTP/1.1" 404 -
185.191.171.15 - - [28/Feb/2025:00:26:57 +0100] "GET /ticket2/opencms/lt/magazine/article?title=manchester-city-pries-queens-park-rangers HTTP/1.1" 200 94480
20.171.207.246 - - [28/Feb/2025:00:26:58 +0100] "GET /ticket2/opencms/set_aff_cookie.jsp?partner=8F6DE15D-D831-5787-AE7E-FEFF53476F85&url=%252Ffi%252Fbuy%252Findex.html%253Fpage%253D1%2526edid%253D150C2B47-38EB-0C0E-C664-5F863E9426DB%2526hlv%253D66cafa7e-0308-405e-b94b-33480a01000f%2523v_1078875217 HTTP/1.1" 200 247
195.191.219.130 - - [28/Feb/2025:00:26:59 +0100] "GET /ticket2/opencms/it/buy/?page=1&edid=511F4D14-32A6-951A-CF83-6CDB1707BEA4 HTTP/1.1" 200 108384
20.171.207.246 - - [28/Feb/2025:00:26:59 +0100] "GET /ticket2/opencms/set_aff_cookie.jsp?partner=2E02071B-A8C3-4CBA-3097-C27D61C02ED8&url=%252Fdk%252Fbuy%252Findex.html%253Fpage%253D1%2526edid%253D68B485F7-9483-6E4F-656D-602EE2AC621D%2526hlv%253D666d4b7b-1e30-486d-abfd-68b70a01000f%2523v_1409665528 HTTP/1.1" 200 247
173.252.87.8 - - [28/Feb/2025:00:27:00 +0100] "GET /ticket2/opencms/hr/buy/?page=1&edid=31FDA527-9BE5-CC0F-08BA-BAC5423FB404 HTTP/1.1" 200 108533
20.171.207.246 - - [28/Feb/2025:00:27:00 +0100] "GET /ticket2/opencms/set_aff_cookie.jsp?partner=6F250EA7-4505-FA01-D601-8847F2573405&url=%252Fsv%252Fbuy%252Findex.html%253Fpage%253D1%2526edid%253D1B6F6A2B-A0DA-FF91-EC4E-3DCAA442C25B%2526hlv%253D666d531d-5e00-4b42-8fb1-72b30a01000f%2523v_1996742030 HTTP/1.1" 200 247
195.191.219.130 - - [28/Feb/2025:00:27:01 +0100] "GET /ticket2/opencms/it/buy/?page=1&edid=533C9666-8CEC-6A87-EB2B-BCF155BFF94A HTTP/1.1" 200 111629
20.171.207.246 - - [28/Feb/2025:00:27:01 +0100] "GET /ticket2/opencms/set_aff_cookie.jsp?partner=57601924-FB09-5BB2-867F-08B4EB522BA8&url=%252Fen%252Fbuy%252Findex.html%253Fpage%253D1%2526edid%253D66C22035-E7EA-E10A-4BFC-2C30733037DC%2526hlv%253D666d4a39-6ca0-4aa5-b0f3-6bb30a01000f%2523v532059184 HTTP/1.1" 200 245
52.3.155.146 - - [28/Feb/2025:00:27:01 +0100] "GET /ticket2/opencms/sites/ticketbrokerage/sv/tickets/inter/cagliari.html HTTP/1.1" 404 -
20.171.207.246 - - [28/Feb/2025:00:27:02 +0100] "GET /ticket2/opencms/set_aff_cookie.jsp?partner=2E02071B-A8C3-4CBA-3097-C27D61C02ED8&url=%252Ffi%252Fbuy%252Findex.html%253Fpage%253D1%2526edid%253D6F379414-70C4-400F-51D2-AFD37C8F2BC7%2526hlv%253D666d6ed0-1ed8-43aa-85a9-0c140a01000f%2523v_2024501111 HTTP/1.1" 200 247
195.191.219.130 - - [28/Feb/2025:00:27:03 +0100] "GET /ticket2/opencms/it/buy/?page=1&edid=5373B514-9338-569F-0BEB-077FE0734007 HTTP/1.1" 200 108370
20.171.207.246 - - [28/Feb/2025:00:27:04 +0100] "GET /ticket2/opencms/set_aff_cookie.jsp?partner=57601924-FB09-5BB2-867F-08B4EB522BA8&url=%252Fen%252Fbuy%252Findex.html%253Fpage%253D1%2526edid%253D0D33199C-853B-C4DC-F1E2-6CF75BE0B211%2526hlv%253D61475aa4-aaf8-42f6-96f1-0be80a01000f%2523v_1591594498 HTTP/1.1" 200 247
20.171.207.246 - - [28/Feb/2025:00:27:05 +0100] "GET /ticket2/opencms/set_aff_cookie.jsp?partner=5E0CDF29-E7BE-9F6B-6869-7BF66B04006F&url=%252Fru%252Fbuy%252Findex.html%253Fpage%253D1%2526edid%253D66C22035-E7EA-E10A-4BFC-2C30733037DC%2526hlv%253D666d4a3a-2348-4547-8d3e-6bb30a01000f%2523v2142444335 HTTP/1.1" 200 246
54.36.148.193 - - [28/Feb/2025:00:27:05 +0100] "GET /ticket2/opencms/be/sport/futbol-kvitki/bundesliga/bayern-munchen HTTP/1.1" 200 101308
195.191.219.130 - - [28/Feb/2025:00:27:06 +0100] "GET /ticket2/opencms/it/buy/?page=1&edid=53A92FA4-2865-3EC4-1DE2-3CECE2D5DCBD HTTP/1.1" 200 111638
20.171.207.246 - - [28/Feb/2025:00:27:06 +0100] "GET /ticket2/opencms/set_aff_cookie.jsp?partner=2E02071B-A8C3-4CBA-3097-C27D61C02ED8&url=%252Ffi%252Fbuy%252Findex.html%253Fpage%253D1%2526edid%253D16BA48F9-E787-F00A-EC7D-F97A99AECBFB%2526hlv%253D66d03934-3668-4536-ac00-72160a01000f%2523v_1096721736 HTTP/1.1" 200 247
202.8.42.155 - - [28/Feb/2025:00:27:07 +0100] "GET /ticket2/opencms/system/modules/com.gridnine.opencms.ticketbrokerage.site/resources/css/jquery-ui.css HTTP/1.1" 200 33221
202.8.42.155 - - [28/Feb/2025:00:27:07 +0100] "GET /ticket2/opencms/system/modules/com.gridnine.opencms.ticketbrokerage.site/resources/css/ticketbrokerage.css HTTP/1.1" 200 39339
202.8.42.155 - - [28/Feb/2025:00:27:07 +0100] "GET /ticket2/opencms/system/modules/com.gridnine.opencms.ticketbrokerage.site/resources/css/jquery.fancybox.css HTTP/1.1" 200 4939
202.8.42.155 - - [28/Feb/2025:00:27:07 +0100] "GET /ticket2/opencms/system/modules/com.gridnine.opencms.ticketbrokerage.site/resources/css/standard.css HTTP/1.1" 200 74207
202.8.42.155 - - [28/Feb/2025:00:27:07 +0100] "GET /ticket2/opencms/system/modules/com.gridnine.opencms.ticketbrokerage.site/resources/css/calendar.css HTTP/1.1" 200 6871
202.8.42.155 - - [28/Feb/2025:00:27:07 +0100] "GET /ticket2/opencms/system/modules/com.gridnine.opencms.ticketbrokerage.site/resources/js/calendar-en.js HTTP/1.1" 200 3338
202.8.42.155 - - [28/Feb/2025:00:27:07 +0100] "GET /ticket2/opencms/system/modules/com.gridnine.opencms.ticketbrokerage.site/resources/js/calendar.js HTTP/1.1" 200 49229
202.8.42.155 - - [28/Feb/2025:00:27:07 +0100] "GET /ticket2/opencms/system/modules/com.gridnine.opencms.ticketbrokerage.site/resources/js/functions.js HTTP/1.1" 200 1583
202.8.42.155 - - [28/Feb/2025:00:27:07 +0100] "GET /ticket2/opencms/system/modules/com.gridnine.opencms.ticketbrokerage.site/resources/js/jquery/jquery-ui.js HTTP/1.1" 200 228088
202.8.42.155 - - [28/Feb/2025:00:27:07 +0100] "GET /ticket2/opencms/system/modules/com.gridnine.opencms.ticketbrokerage.site/resources/js/jquery/jquery.js HTTP/1.1" 200 93868
202.8.42.155 - - [28/Feb/2025:00:27:07 +0100] "GET /ticket2/opencms/system/modules/com.gridnine.opencms.ticketbrokerage.site/resources/js/calendar-setup.js HTTP/1.1" 200 4923
202.8.42.155 - - [28/Feb/2025:00:27:07 +0100] "GET /ticket2/opencms/system/modules/com.gridnine.opencms.ticketbrokerage.site/resources/js/jquery.fancybox.pack.js HTTP/1.1" 200 23187
20.171.207.246 - - [28/Feb/2025:00:27:07 +0100] "GET /ticket2/opencms/set_aff_cookie.jsp?partner=8F6DE15D-D831-5787-AE7E-FEFF53476F85&url=%252Ffi%252Fbuy%252Findex.html%253Fpage%253D1%2526edid%253D697BE447-74B7-A748-152F-A1818DA4BEC9%2526hlv%253D666d6f1c-d624-4e24-a6c6-0c190a01000f%2523v_1879248022 HTTP/1.1" 200 247
202.8.42.155 - - [28/Feb/2025:00:27:07 +0100] "GET /ticket2/opencms/system/modules/com.gridnine.opencms.ticketbrokerage.site/resources/js/stickyfill.min.js HTTP/1.1" 200 5672
202.8.42.155 - - [28/Feb/2025:00:27:07 +0100] "GET /ticket2/opencms/system/modules/com.gridnine.opencms.ticketbrokerage.site/resources/js/standard.js HTTP/1.1" 200 3983
202.8.42.155 - - [28/Feb/2025:00:27:07 +0100] "GET /ticket2/opencms/system/modules/com.gridnine.opencms.ticketbrokerage.site/resources/js/jquery.placeholder.min.js HTTP/1.1" 200 1737
202.8.42.155 - - [28/Feb/2025:00:27:07 +0100] "GET /ticket2/opencms/system/modules/com.gridnine.opencms.ticketbrokerage.site/resources/js/common-ajax.js HTTP/1.1" 200 20175
20.171.207.246 - - [28/Feb/2025:00:27:08 +0100] "GET /ticket2/opencms/set_aff_cookie.jsp?partner=8F6DE15D-D831-5787-AE7E-FEFF53476F85&url=%252Fnl%252Fbuy%252Findex.html%253Fpage%253D1%2526edid%253D1571DB1B-206B-93FC-5429-333D7E9FCB65%2526hlv%253D66902257-b3dc-41b6-8a5d-22d00a01000f%2523v_986932298 HTTP/1.1" 200 246
20.171.207.246 - - [28/Feb/2025:00:27:09 +0100] "GET /ticket2/opencms/set_aff_cookie.jsp?partner=8F6DE15D-D831-5787-AE7E-FEFF53476F85&url=%252Fno%252Fbuy%252Findex.html%253Fpage%253D1%2526edid%253D8EF7EC9D-9BC8-1DEC-C27C-0541D5C5F471%2526hlv%253D6686913d-2c50-4356-91d5-2fa90a01000f%2523v_2009808122 HTTP/1.1" 200 247
85.208.96.202 - - [28/Feb/2025:00:27:10 +0100] "GET /ticket2/opencms/fi/urheilu/jalkapallo/premier_league/fulham/ HTTP/1.1" 200 97269
114.119.141.206 - - [28/Feb/2025:00:27:10 +0100] "GET /ticket2/opencms/en/venue/?venueid=9B08A22F-3415-C8C6-6EBA-E63C520CFD46 HTTP/1.1" 200 85326
40.77.167.150 - - [28/Feb/2025:00:27:10 +0100] "GET /ticket2/opencms/et/buy/?page=1&edid=BA0F8DEE-5B47-CEE4-147B-0950F10B9786 HTTP/1.1" 200 111683
20.171.207.246 - - [28/Feb/2025:00:27:10 +0100] "GET /ticket2/opencms/set_aff_cookie.jsp?partner=8F6DE15D-D831-5787-AE7E-FEFF53476F85&url=%252Fru%252Fbuy%252Findex.html%253Fpage%253D1%2526edid%253D4C9574E0-424E-5C98-5F7A-2F377ACC6101%2526hlv%253D611cd240-be00-4f73-85f3-5ec50a01000f%2523v_528978014 HTTP/1.1" 200 246
20.171.207.246 - - [28/Feb/2025:00:27:12 +0100] "GET /ticket2/opencms/set_aff_cookie.jsp?partner=8F6DE15D-D831-5787-AE7E-FEFF53476F85&url=%252Fen%252Fbuy%252Findex.html%253Fpage%253D1%2526edid%253D1C663B38-AAE8-15E5-78AB-F7247D2C67D4%2526hlv%253D666d70a1-b918-4dc1-b672-0e670a01000f%2523v_1155111066 HTTP/1.1" 200 247
66.249.75.229 - - [28/Feb/2025:00:27:12 +0100] "GET /ticket2/opencms/be/buy?page=1&edid=F0845893-AB25-79ED-E273-8681A31846EB&hlv=666d4460-bee4-4b1e-95da-64080a01000f HTTP/1.1" 200 116262
20.171.207.246 - - [28/Feb/2025:00:27:13 +0100] "GET /ticket2/opencms/set_aff_cookie.jsp?partner=5E0CDF29-E7BE-9F6B-6869-7BF66B04006F&url=%252Fsv%252Fbuy%252Findex.html%253Fpage%253D1%2526edid%253D3365A2FF-D272-1DCA-3F68-9640C946FBC1%2526hlv%253D61151f6f-8f58-4f63-a6d6-05ee0a01000f%2523v_1540111736 HTTP/1.1" 200 247
20.171.207.246 - - [28/Feb/2025:00:27:14 +0100] "GET /ticket2/opencms/set_aff_cookie.jsp?partner=692E2C6A-EC6F-1C93-AFCC-C5ACC23A93EA&url=%252Fno%252Fbuy%252Findex.html%253Fpage%253D1%2526edid%253D6B3BF078-C100-90F5-6150-C146B5879A8A%2526hlv%253D611cd250-cd78-4195-8155-5e000a01000f%2523v_546957172 HTTP/1.1" 200 246
20.171.207.246 - - [28/Feb/2025:00:27:15 +0100] "GET /ticket2/opencms/set_aff_cookie.jsp?partner=5E0CDF29-E7BE-9F6B-6869-7BF66B04006F&url=%252Fno%252Fbuy%252Findex.html%253Fpage%253D1%2526edid%253D6CAEF99D-9998-6F77-216C-946754C92C2B%2526hlv%253D610bce8d-4850-4af6-ae6b-16270a01000f%2523v_1688447877 HTTP/1.1" 200 247
159.138.98.43 - - [28/Feb/2025:00:27:15 +0100] "GET /ticket2/opencms/bg/buy?comcatid=97ECA65A-72DA-F9AF-9DBB-245D3CFED1BE&catid=2E79AED8-FF58-B4E8-AFB0-43E7CEBE7864 HTTP/1.1" 200 99300
