202.8.43.13 - - [28/Feb/2025:00:24:13 +0100] "GET /ticket2/opencms/system/modules/com.gridnine.opencms.ticketbrokerage.site/resources/css/jquery.fancybox.css HTTP/1.1" 200 4939
202.8.43.13 - - [28/Feb/2025:00:24:13 +0100] "GET /ticket2/opencms/system/modules/com.gridnine.opencms.ticketbrokerage.site/resources/css/ticketbrokerage.css HTTP/1.1" 200 39339
202.8.43.13 - - [28/Feb/2025:00:24:13 +0100] "GET /ticket2/opencms/system/modules/com.gridnine.opencms.ticketbrokerage.site/resources/css/jquery-ui.css HTTP/1.1" 200 33221
202.8.43.13 - - [28/Feb/2025:00:24:13 +0100] "GET /ticket2/opencms/system/modules/com.gridnine.opencms.ticketbrokerage.site/resources/js/jquery.fancybox.pack.js HTTP/1.1" 200 23187
202.8.43.13 - - [28/Feb/2025:00:24:13 +0100] "GET /ticket2/opencms/system/modules/com.gridnine.opencms.ticketbrokerage.site/resources/css/calendar.css HTTP/1.1" 200 6871
202.8.43.13 - - [28/Feb/2025:00:24:13 +0100] "GET /ticket2/opencms/system/modules/com.gridnine.opencms.ticketbrokerage.site/resources/css/standard.css HTTP/1.1" 200 74207
202.8.43.13 - - [28/Feb/2025:00:24:13 +0100] "GET /ticket2/opencms/system/modules/com.gridnine.opencms.ticketbrokerage.site/resources/js/stickyfill.min.js HTTP/1.1" 200 5672
202.8.43.13 - - [28/Feb/2025:00:24:13 +0100] "GET /ticket2/opencms/system/modules/com.gridnine.opencms.ticketbrokerage.site/resources/js/jquery/jquery-ui.js HTTP/1.1" 200 228088
202.8.43.13 - - [28/Feb/2025:00:24:13 +0100] "GET /ticket2/opencms/system/modules/com.gridnine.opencms.ticketbrokerage.site/resources/js/jquery/jquery.js HTTP/1.1" 200 93868
202.8.43.13 - - [28/Feb/2025:00:24:13 +0100] "GET /ticket2/opencms/system/modules/com.gridnine.opencms.ticketbrokerage.site/resources/js/functions.js HTTP/1.1" 200 1583
202.8.43.13 - - [28/Feb/2025:00:24:13 +0100] "GET /ticket2/opencms/system/modules/com.gridnine.opencms.ticketbrokerage.site/resources/js/calendar.js HTTP/1.1" 200 49229
202.8.43.13 - - [28/Feb/2025:00:24:13 +0100] "GET /ticket2/opencms/system/modules/com.gridnine.opencms.ticketbrokerage.site/resources/js/calendar-en.js HTTP/1.1" 200 3338
202.8.43.13 - - [28/Feb/2025:00:24:13 +0100] "GET /ticket2/opencms/system/modules/com.gridnine.opencms.ticketbrokerage.site/resources/js/calendar-setup.js HTTP/1.1" 200 4923
202.8.43.13 - - [28/Feb/2025:00:24:13 +0100] "GET /ticket2/opencms/system/modules/com.gridnine.opencms.ticketbrokerage.site/resources/js/standard.js HTTP/1.1" 200 3983
202.8.43.13 - - [28/Feb/2025:00:24:13 +0100] "GET /ticket2/opencms/system/modules/com.gridnine.opencms.ticketbrokerage.site/resources/js/jquery.placeholder.min.js HTTP/1.1" 200 1737
195.191.219.130 - - [28/Feb/2025:00:24:13 +0100] "GET /ticket2/opencms/it/buy/?page=1&edid=3F963FD5-1ED2-6ECC-F4D2-23E1A97126FB HTTP/1.1" 200 111465
202.8.43.13 - - [28/Feb/2025:00:24:13 +0100] "GET /ticket2/opencms/system/modules/com.gridnine.opencms.ticketbrokerage.site/resources/js/common-ajax.js HTTP/1.1" 200 20175
52.2.4.213 - - [28/Feb/2025:00:24:13 +0100] "GET /ticket2/opencms/sites/ticketbrokerage/sv/tickets/blackburn_rovers/bolton_wanderers.html HTTP/1.1" 404 -
195.191.219.130 - - [28/Feb/2025:00:24:14 +0100] "GET /ticket2/opencms/it/buy/?page=1&edid=3FB52ADD-0B76-D8A6-EF8F-19BF0AABB668 HTTP/1.1" 200 110738
40.77.167.48 - - [28/Feb/2025:00:24:14 +0100] "GET /ticket2/opencms/sv/buy/?page=1&edid=1125FC06-6A3C-872B-D830-B5A68C80CEE6 HTTP/1.1" 200 108180
20.171.207.246 - - [28/Feb/2025:00:24:15 +0100] "GET /ticket2/opencms/set_aff_cookie.jsp?partner=2E02071B-A8C3-4CBA-3097-C27D61C02ED8&url=%252Fsv%252Fbuy%252Findex.html%253Fpage%253D1%2526edid%253DE8BA54CC-B112-3D61-BE02-1B4D1E4F63D1%2526hlv%253D666ddc0d-01a0-4492-8392-6a330a01000f%2523v_2005118999 HTTP/1.1" 200 247
195.191.219.130 - - [28/Feb/2025:00:24:15 +0100] "GET /ticket2/opencms/it/buy/?page=1&edid=4014222D-402E-25E3-0225-E4402DF849A6 HTTP/1.1" 200 111332
195.191.219.130 - - [28/Feb/2025:00:24:17 +0100] "GET /ticket2/opencms/it/buy/?page=1&edid=402D4ADF-F1A8-8EDD-0E47-FAEC0616E1C7 HTTP/1.1" 200 117622
47.82.0.163 - - [28/Feb/2025:00:24:17 +0100] "GET /ticket2/opencms/en/buy/?page=1&edid=BCFEEDAA-813D-8218-6D25-11A561123F64 HTTP/1.1" 200 106843
20.171.207.246 - - [28/Feb/2025:00:24:17 +0100] "GET /ticket2/opencms/set_aff_cookie.jsp?partner=8F6DE15D-D831-5787-AE7E-FEFF53476F85&url=%252Fsv%252Fbuy%252Findex.html%253Fpage%253D1%2526edid%253D97B6F388-41F1-ECE1-6945-6F81F9384D51%2526hlv%253D60f81c15-d194-485e-9ecd-5dc90a01000f%2523v_264168434 HTTP/1.1" 200 246
195.191.219.130 - - [28/Feb/2025:00:24:18 +0100] "GET /ticket2/opencms/it/buy/?page=1&edid=403B436C-97BC-2EFB-A98B-42727D330360 HTTP/1.1" 200 90186
195.191.219.130 - - [28/Feb/2025:00:24:19 +0100] "GET /ticket2/opencms/it/buy/?page=1&edid=403C6528-29E0-E7F0-69C0-963918D78FCD HTTP/1.1" 200 108303
20.171.207.246 - - [28/Feb/2025:00:24:19 +0100] "GET /ticket2/opencms/set_aff_cookie.jsp?partner=2E02071B-A8C3-4CBA-3097-C27D61C02ED8&url=%252Fdk%252Fbuy%252Findex.html%253Fpage%253D1%2526edid%253D1C1F0032-002D-2F22-451D-87EF7B1CBD85%2526hlv%253D60f81a22-cf64-4b33-b3e3-5dc60a01000f%2523v_1778158924 HTTP/1.1" 200 247
185.191.171.19 - - [28/Feb/2025:00:24:20 +0100] "GET /ticket2/opencms/cs/magazine/article?title=bergvall-a-kulusevski-udelali-dojem HTTP/1.1" 200 94789
195.191.219.130 - - [28/Feb/2025:00:24:20 +0100] "GET /ticket2/opencms/it/buy/?page=1&edid=40635446-3A1B-F16A-9B72-5E5BD25B028F HTTP/1.1" 200 108395
47.128.21.140 - - [28/Feb/2025:00:24:21 +0100] "GET /ticket2/opencms/hu/buy/?edid=FBDD6D75-E50D-E656-DD0D-140A87A57CDC HTTP/1.1" 200 91708
20.171.207.246 - - [28/Feb/2025:00:24:21 +0100] "GET /ticket2/opencms/set_aff_cookie.jsp?partner=8F6DE15D-D831-5787-AE7E-FEFF53476F85&url=%252Fsv%252Fbuy%252Findex.html%253Fpage%253D1%2526edid%253D6A920F16-DD42-2262-3AA2-B83D5743F13A%2526hlv%253D666cb1ca-f9b4-4a82-91ee-44290a01000f%2523v_1127909261 HTTP/1.1" 200 247
195.191.219.130 - - [28/Feb/2025:00:24:21 +0100] "GET /ticket2/opencms/it/buy/?page=1&edid=40C0E1B7-ADB1-62A5-2AFA-BC9667D7636D HTTP/1.1" 200 108333
20.171.207.246 - - [28/Feb/2025:00:24:23 +0100] "GET /ticket2/opencms/set_aff_cookie.jsp?partner=2E02071B-A8C3-4CBA-3097-C27D61C02ED8&url=%252Fen%252Fbuy%252Findex.html%253Fpage%253D1%2526edid%253D66C22035-E7EA-E10A-4BFC-2C30733037DC%2526hlv%253D666d4a38-79c8-453d-a154-6bb30a01000f%2523v53271697 HTTP/1.1" 200 244
40.77.167.24 - - [28/Feb/2025:00:24:23 +0100] "GET /ticket2/opencms/de/buy/?comcatid=0A6B8208-FDA4-E929-9D72-5312FD481B76&catid=465306FD-802C-5175-10FF-40E426DD2769 HTTP/1.1" 200 96572
195.191.219.130 - - [28/Feb/2025:00:24:23 +0100] "GET /ticket2/opencms/it/buy/?page=1&edid=4100BC31-B21E-692B-10F2-5632E9B20F37 HTTP/1.1" 200 111599
37.120.162.214 - - [28/Feb/2025:00:24:23 +0100] "GET /ticket2/opencms/en/sport/football-tickets/premier_league/burnley/ HTTP/1.1" 200 87512
20.171.207.246 - - [28/Feb/2025:00:24:24 +0100] "GET /ticket2/opencms/set_aff_cookie.jsp?partner=6F250EA7-4505-FA01-D601-8847F2573405&url=%252Fen%252Fbuy%252Findex.html%253Fpage%253D1%2526edid%253D1046C14E-D95C-B350-CBCD-2ECE5F3DCC46%2526hlv%253D668668ae-79ec-4c32-9e64-6ca00a01000f%2523v_479499732 HTTP/1.1" 200 246
195.191.219.130 - - [28/Feb/2025:00:24:24 +0100] "GET /ticket2/opencms/it/buy/?page=1&edid=411D3DBB-027B-B862-22E5-46D3DA36810A HTTP/1.1" 200 108265
20.171.207.246 - - [28/Feb/2025:00:24:26 +0100] "GET /ticket2/opencms/set_aff_cookie.jsp?partner=2E02071B-A8C3-4CBA-3097-C27D61C02ED8&url=%252Fen%252Fbuy%252Findex.html%253Fpage%253D1%2526edid%253D697BE447-74B7-A748-152F-A1818DA4BEC9%2526hlv%253D666d6f1e-bc90-4a30-9e84-0c190a01000f%2523v_491442209 HTTP/1.1" 200 246
195.191.219.130 - - [28/Feb/2025:00:24:26 +0100] "GET /ticket2/opencms/it/buy/?page=1&edid=41223DA8-F64F-F12A-66D9-9E5666E9DFB2 HTTP/1.1" 200 90239
195.191.219.130 - - [28/Feb/2025:00:24:27 +0100] "GET /ticket2/opencms/it/buy/?page=1&edid=4130944B-8419-6A0B-A839-9FB45260F568 HTTP/1.1" 200 110701
20.171.207.246 - - [28/Feb/2025:00:24:27 +0100] "GET /ticket2/opencms/set_aff_cookie.jsp?partner=57601924-FB09-5BB2-867F-08B4EB522BA8&url=%252Fnl%252Fbuy%252Findex.html%253Fpage%253D1%2526edid%253D66EA5353-0EED-D56D-04FB-B3F43B6CCED9%2526hlv%253D60d0e54c-2c00-42e1-b2d8-41670a01000f%2523v_2032698816 HTTP/1.1" 200 247
85.208.96.197 - - [28/Feb/2025:00:24:27 +0100] "GET /ticket2/opencms/sk/magazine/article?title=mohamed-salah-predzit-s-liverpoolom HTTP/1.1" 200 95836
20.171.207.246 - - [28/Feb/2025:00:24:28 +0100] "GET /ticket2/opencms/set_aff_cookie.jsp?partner=23A6AD98-906E-5BDD-600E-EC4EC8A45F97&url=%252Fen%252Fbuy%252Findex.html%253Fpage%253D1%2526edid%253D150C2B47-38EB-0C0E-C664-5F863E9426DB%2526hlv%253D66cafa7c-4694-49e1-8a8b-33480a01000f%2523v_1861912462 HTTP/1.1" 200 247
195.191.219.130 - - [28/Feb/2025:00:24:28 +0100] "GET /ticket2/opencms/it/buy/?page=1&edid=41CD7066-237A-B852-387D-3D5D7B688DF9 HTTP/1.1" 200 135027
20.171.207.246 - - [28/Feb/2025:00:24:29 +0100] "GET /ticket2/opencms/set_aff_cookie.jsp?partner=6F250EA7-4505-FA01-D601-8847F2573405&url=%252Fno%252Fbuy%252Findex.html%253Fpage%253D1%2526edid%253D66FFE717-0C93-3F01-2AC8-8E7FC5F9BAB1%2526hlv%253D6689076b-9cfc-47fe-b4fa-1ba70a01000f%2523v1413640785 HTTP/1.1" 200 246
54.36.148.47 - - [28/Feb/2025:00:24:29 +0100] "GET /ticket2/opencms/ro/sport/bilete-fotbal/serie-a/empoli HTTP/1.1" 200 96703
47.82.11.175 - - [28/Feb/2025:00:24:30 +0100] "GET /ticket2/opencms/en/sport/football-tickets/serie_a/ac_milan/ HTTP/1.1" 200 94705
195.191.219.130 - - [28/Feb/2025:00:24:30 +0100] "GET /ticket2/opencms/it/buy/?page=1&edid=421EF6BF-D580-6FA1-0E7A-4B469073E0C9 HTTP/1.1" 200 108353
20.171.207.246 - - [28/Feb/2025:00:24:30 +0100] "GET /ticket2/opencms/set_aff_cookie.jsp?partner=2E02071B-A8C3-4CBA-3097-C27D61C02ED8&url=%252Fno%252Fbuy%252Findex.html%253Fpage%253D1%2526edid%253D6C1ED87B-DDA5-3BB2-3EDA-87860E37D5E0%2526hlv%253D668844c7-f920-46e5-b58d-34100a01000f%2523v_300856642 HTTP/1.1" 200 246
114.119.146.220 - - [28/Feb/2025:00:24:30 +0100] "GET /ticket2/opencms/es/buy/?page=1&edid=B5480FEC-C7FC-18FB-0EEB-9717E2722B5A HTTP/1.1" 200 90214
202.8.41.197 - - [28/Feb/2025:00:24:30 +0100] "GET /ticket2/opencms/system/modules/com.gridnine.opencms.ticketbrokerage.site/resources/css/jquery-ui.css HTTP/1.1" 200 33221
202.8.41.197 - - [28/Feb/2025:00:24:30 +0100] "GET /ticket2/opencms/system/modules/com.gridnine.opencms.ticketbrokerage.site/resources/css/jquery.fancybox.css HTTP/1.1" 200 4939
202.8.41.197 - - [28/Feb/2025:00:24:30 +0100] "GET /ticket2/opencms/system/modules/com.gridnine.opencms.ticketbrokerage.site/resources/css/calendar.css HTTP/1.1" 200 6871
202.8.41.197 - - [28/Feb/2025:00:24:30 +0100] "GET /ticket2/opencms/system/modules/com.gridnine.opencms.ticketbrokerage.site/resources/css/standard.css HTTP/1.1" 200 74207
202.8.41.197 - - [28/Feb/2025:00:24:30 +0100] "GET /ticket2/opencms/system/modules/com.gridnine.opencms.ticketbrokerage.site/resources/css/ticketbrokerage.css HTTP/1.1" 200 39339
202.8.41.197 - - [28/Feb/2025:00:24:30 +0100] "GET /ticket2/opencms/system/modules/com.gridnine.opencms.ticketbrokerage.site/resources/js/functions.js HTTP/1.1" 200 1583
202.8.41.197 - - [28/Feb/2025:00:24:31 +0100] "GET /ticket2/opencms/system/modules/com.gridnine.opencms.ticketbrokerage.site/resources/js/jquery/jquery.js HTTP/1.1" 200 93868
202.8.41.197 - - [28/Feb/2025:00:24:31 +0100] "GET /ticket2/opencms/system/modules/com.gridnine.opencms.ticketbrokerage.site/resources/js/calendar.js HTTP/1.1" 200 49229
202.8.41.197 - - [28/Feb/2025:00:24:31 +0100] "GET /ticket2/opencms/system/modules/com.gridnine.opencms.ticketbrokerage.site/resources/js/jquery/jquery-ui.js HTTP/1.1" 200 228088
202.8.41.197 - - [28/Feb/2025:00:24:31 +0100] "GET /ticket2/opencms/system/modules/com.gridnine.opencms.ticketbrokerage.site/resources/js/calendar-en.js HTTP/1.1" 200 3338
202.8.41.197 - - [28/Feb/2025:00:24:31 +0100] "GET /ticket2/opencms/system/modules/com.gridnine.opencms.ticketbrokerage.site/resources/js/calendar-setup.js HTTP/1.1" 200 4923
202.8.41.197 - - [28/Feb/2025:00:24:31 +0100] "GET /ticket2/opencms/system/modules/com.gridnine.opencms.ticketbrokerage.site/resources/js/jquery.fancybox.pack.js HTTP/1.1" 200 23187
202.8.41.197 - - [28/Feb/2025:00:24:31 +0100] "GET /ticket2/opencms/system/modules/com.gridnine.opencms.ticketbrokerage.site/resources/js/stickyfill.min.js HTTP/1.1" 200 5672
202.8.41.197 - - [28/Feb/2025:00:24:31 +0100] "GET /ticket2/opencms/system/modules/com.gridnine.opencms.ticketbrokerage.site/resources/js/standard.js HTTP/1.1" 200 3983
202.8.41.197 - - [28/Feb/2025:00:24:31 +0100] "GET /ticket2/opencms/system/modules/com.gridnine.opencms.ticketbrokerage.site/resources/js/jquery.placeholder.min.js HTTP/1.1" 200 1737
202.8.41.197 - - [28/Feb/2025:00:24:31 +0100] "GET /ticket2/opencms/system/modules/com.gridnine.opencms.ticketbrokerage.site/resources/js/common-ajax.js HTTP/1.1" 200 20175
20.171.207.246 - - [28/Feb/2025:00:24:31 +0100] "GET /ticket2/opencms/set_aff_cookie.jsp?partner=8F6DE15D-D831-5787-AE7E-FEFF53476F85&url=%252Fno%252Fbuy%252Findex.html%253Fpage%253D1%2526edid%253D681ED521-EBC9-E1AB-D0B9-DB2B7375D564%2526hlv%253D60f81639-19a8-452a-b180-5b6e0a01000f%2523v_1819809467 HTTP/1.1" 200 247
20.171.207.246 - - [28/Feb/2025:00:24:33 +0100] "GET /ticket2/opencms/set_aff_cookie.jsp?partner=5E0CDF29-E7BE-9F6B-6869-7BF66B04006F&url=%252Fnl%252Fbuy%252Findex.html%253Fpage%253D1%2526edid%253D1086B72F-DBD6-9692-F63A-F48C5075D0F2%2526hlv%253D66939075-8e2c-40d6-bece-74840a01000f%2523v_780966405 HTTP/1.1" 200 246
195.191.219.130 - - [28/Feb/2025:00:24:33 +0100] "GET /ticket2/opencms/it/buy/?page=1&edid=428D934B-266D-69A5-FC2D-05CA08A2DC1A HTTP/1.1" 200 108367
189.1.223.251 - - [28/Feb/2025:00:24:33 +0100] "GET /ticket2/opencms/et/magazine/article?title=neymar-naaseb-koju HTTP/1.1" 200 92679
20.171.207.246 - - [28/Feb/2025:00:24:34 +0100] "GET /ticket2/opencms/set_aff_cookie.jsp?partner=2E02071B-A8C3-4CBA-3097-C27D61C02ED8&url=%252Fno%252Fbuy%252Findex.html%253Fpage%253D1%2526edid%253D1B2497C9-50FD-C481-B810-5D82DC9B4FE5%2526hlv%253D60ca1e8b-17b0-47cd-9a72-41000a01000f%2523v_891064728 HTTP/1.1" 200 246
40.77.167.150 - - [28/Feb/2025:00:24:34 +0100] "GET /ticket2/opencms/hu/buy?page=1&edid=959254C8-9F5F-6179-1CA1-062F7936CA77 HTTP/1.1" 200 108850
195.191.219.130 - - [28/Feb/2025:00:24:34 +0100] "GET /ticket2/opencms/it/buy/?page=1&edid=42C5D83C-45F5-510D-23C9-7B4CE8796C8F HTTP/1.1" 200 112113
40.77.167.243 - - [28/Feb/2025:00:24:34 +0100] "GET /ticket2/opencms/bs/buy/?comcatid=810BB404-4103-77F2-A6C2-12D5E6C338E2 HTTP/1.1" 200 93384
20.171.207.246 - - [28/Feb/2025:00:24:35 +0100] "GET /ticket2/opencms/set_aff_cookie.jsp?partner=5E0CDF29-E7BE-9F6B-6869-7BF66B04006F&url=%252Fru%252Fbuy%252Findex.html%253Fpage%253D1%2526edid%253D92971269-2FFE-3DDA-49A2-724A87B9C001%2526hlv%253D60f8453b-89f4-439c-acff-6e190a01000f%2523v_807111725 HTTP/1.1" 200 246
20.171.207.246 - - [28/Feb/2025:00:24:36 +0100] "GET /ticket2/opencms/set_aff_cookie.jsp?partner=8F6DE15D-D831-5787-AE7E-FEFF53476F85&url=%252Fno%252Fbuy%252Findex.html%253Fpage%253D1%2526edid%253D14427B33-9BB8-BBB7-1EBA-73EE86A692A4%2526hlv%253D6693ad33-14a4-46b8-a0a3-07f70a01000f%2523v_2058606370 HTTP/1.1" 200 247
66.249.75.227 - - [28/Feb/2025:00:24:36 +0100] "GET /ticket2/opencms/es/buy?page=1&edid=F0845893-AB25-79ED-E273-8681A31846EB&hlv=666d4460-bee4-4b1e-95da-64080a01000f HTTP/1.1" 200 113678
195.191.219.130 - - [28/Feb/2025:00:24:37 +0100] "GET /ticket2/opencms/it/buy/?page=1&edid=42E8617D-7ECE-B375-F977-D5B4ED32BE05 HTTP/1.1" 200 108374
20.171.207.246 - - [28/Feb/2025:00:24:37 +0100] "GET /ticket2/opencms/set_aff_cookie.jsp?partner=57601924-FB09-5BB2-867F-08B4EB522BA8&url=%252Fdk%252Fbuy%252Findex.html%253Fpage%253D1%2526edid%253D63D25C1E-F945-3D8C-F981-1BC33FDCD607%2526hlv%253D668677c7-b3ac-48bb-b8a4-7b160a01000f%2523v_461700046 HTTP/1.1" 200 246
195.191.219.130 - - [28/Feb/2025:00:24:38 +0100] "GET /ticket2/opencms/it/buy/?page=1&edid=434B3C2D-9CD8-AFEA-B58E-B738E272C6E3 HTTP/1.1" 200 108383
20.171.207.246 - - [28/Feb/2025:00:24:38 +0100] "GET /ticket2/opencms/set_aff_cookie.jsp?partner=8F6DE15D-D831-5787-AE7E-FEFF53476F85&url=%252Fnl%252Fbuy%252Findex.html%253Fpage%253D1%2526edid%253DC68D3A19-7AB1-B0F6-2F8E-E937CB754241%2526hlv%253D669388d6-173c-4a4e-82b5-6fc60a01000f%2523v_238065422 HTTP/1.1" 200 246
20.171.207.246 - - [28/Feb/2025:00:24:39 +0100] "GET /ticket2/opencms/set_aff_cookie.jsp?partner=5E0CDF29-E7BE-9F6B-6869-7BF66B04006F&url=%252Ffi%252Fbuy%252Findex.html%253Fpage%253D1%2526edid%253D66C22035-E7EA-E10A-4BFC-2C30733037DC%2526hlv%253D666d4a37-64f4-4e97-8d15-6bb30a01000f%2523v1453889687 HTTP/1.1" 200 246
20.171.207.246 - - [28/Feb/2025:00:24:41 +0100] "GET /ticket2/opencms/set_aff_cookie.jsp?partner=8F6DE15D-D831-5787-AE7E-FEFF53476F85&url=%252Fnl%252Fbuy%252Findex.html%253Fpage%253D1%2526edid%253D1AD4E11C-C792-1721-4D1A-2229101A30FD%2526hlv%253D66ccb377-8074-4c0c-ab3a-61a10a01000f%2523v_1543285310 HTTP/1.1" 200 247
195.191.219.130 - - [28/Feb/2025:00:24:41 +0100] "GET /ticket2/opencms/it/buy/?page=1&edid=43648BE5-AFA4-732B-7692-9089D01AA770 HTTP/1.1" 200 110694
195.191.219.130 - - [28/Feb/2025:00:24:42 +0100] "GET /ticket2/opencms/it/buy/?page=1&edid=448D741C-5B44-5664-E0F1-99C29A503B40 HTTP/1.1" 200 108399
20.171.207.246 - - [28/Feb/2025:00:24:42 +0100] "GET /ticket2/opencms/set_aff_cookie.jsp?partner=692E2C6A-EC6F-1C93-AFCC-C5ACC23A93EA&url=%252Fsv%252Fbuy%252Findex.html%253Fpage%253D1%2526edid%253D1262C5E9-4459-6D63-F273-010CB7E37FF2%2526hlv%253D60ca1483-6970-419e-b083-3ad80a01000f%2523v_1029881404 HTTP/1.1" 200 247
20.171.207.246 - - [28/Feb/2025:00:24:43 +0100] "GET /ticket2/opencms/set_aff_cookie.jsp?partner=5E0CDF29-E7BE-9F6B-6869-7BF66B04006F&url=%252Fru%252Fbuy%252Findex.html%253Fpage%253D1%2526edid%253D66C22035-E7EA-E10A-4BFC-2C30733037DC%2526hlv%253D666d4a38-79c8-453d-a154-6bb30a01000f%2523v53271697 HTTP/1.1" 200 244
66.249.76.1 - - [28/Feb/2025:00:24:44 +0100] "GET /ticket2/opencms/et/magazine/article?title=rahvuste-liiga-on-taies-hoos HTTP/1.1" 200 94457
20.171.207.246 - - [28/Feb/2025:00:24:44 +0100] "GET /ticket2/opencms/set_aff_cookie.jsp?partner=5E0CDF29-E7BE-9F6B-6869-7BF66B04006F&url=%252Fnl%252Fbuy%252Findex.html%253Fpage%253D1%2526edid%253D1BFF3C4B-0AF3-F040-1041-C55D427FE053%2526hlv%253D60f84819-a3c4-4388-a72e-6f470a01000f%2523v_196929786 HTTP/1.1" 200 246
54.36.148.115 - - [28/Feb/2025:00:24:44 +0100] "GET /ticket2/opencms/az/buy?page=1&edid=5605B728-A815-14DD-9E19-09BABDE81131 HTTP/1.1" 200 112021
195.191.219.130 - - [28/Feb/2025:00:24:44 +0100] "GET /ticket2/opencms/it/buy/?page=1&edid=44D167E7-554F-DC29-C45D-3596737FE6BB HTTP/1.1" 200 111530
20.171.207.246 - - [28/Feb/2025:00:24:45 +0100] "GET /ticket2/opencms/set_aff_cookie.jsp?partner=8F6DE15D-D831-5787-AE7E-FEFF53476F85&url=%252Fnl%252Fbuy%252Findex.html%253Fpage%253D1%2526edid%253D6F379414-70C4-400F-51D2-AFD37C8F2BC7%2526hlv%253D666d6ed0-5924-4e1b-b9b7-0c140a01000f%2523v_2025774505 HTTP/1.1" 200 247
202.8.40.77 - - [28/Feb/2025:00:24:45 +0100] "GET /ticket2/opencms/system/modules/com.gridnine.opencms.ticketbrokerage.site/resources/css/jquery-ui.css HTTP/1.1" 200 33221
195.191.219.130 - - [28/Feb/2025:00:24:45 +0100] "GET /ticket2/opencms/it/buy/?page=1&edid=44FBC1CF-A416-2795-B9FA-E57E9A79C34D HTTP/1.1" 200 110524
202.8.40.77 - - [28/Feb/2025:00:24:45 +0100] "GET /ticket2/opencms/system/modules/com.gridnine.opencms.ticketbrokerage.site/resources/css/jquery.fancybox.css HTTP/1.1" 200 4939
202.8.40.77 - - [28/Feb/2025:00:24:45 +0100] "GET /ticket2/opencms/system/modules/com.gridnine.opencms.ticketbrokerage.site/resources/css/ticketbrokerage.css HTTP/1.1" 200 39339
202.8.40.77 - - [28/Feb/2025:00:24:45 +0100] "GET /ticket2/opencms/system/modules/com.gridnine.opencms.ticketbrokerage.site/resources/css/standard.css HTTP/1.1" 200 74207
202.8.40.77 - - [28/Feb/2025:00:24:45 +0100] "GET /ticket2/opencms/system/modules/com.gridnine.opencms.ticketbrokerage.site/resources/css/calendar.css HTTP/1.1" 200 6871
202.8.40.77 - - [28/Feb/2025:00:24:45 +0100] "GET /ticket2/opencms/system/modules/com.gridnine.opencms.ticketbrokerage.site/resources/js/jquery/jquery.js HTTP/1.1" 200 93868
202.8.40.77 - - [28/Feb/2025:00:24:46 +0100] "GET /ticket2/opencms/system/modules/com.gridnine.opencms.ticketbrokerage.site/resources/js/jquery/jquery-ui.js HTTP/1.1" 200 228088
202.8.40.77 - - [28/Feb/2025:00:24:46 +0100] "GET /ticket2/opencms/system/modules/com.gridnine.opencms.ticketbrokerage.site/resources/js/functions.js HTTP/1.1" 200 1583
202.8.40.77 - - [28/Feb/2025:00:24:46 +0100] "GET /ticket2/opencms/system/modules/com.gridnine.opencms.ticketbrokerage.site/resources/js/calendar.js HTTP/1.1" 200 49229
202.8.40.77 - - [28/Feb/2025:00:24:46 +0100] "GET /ticket2/opencms/system/modules/com.gridnine.opencms.ticketbrokerage.site/resources/js/calendar-en.js HTTP/1.1" 200 3338
202.8.40.77 - - [28/Feb/2025:00:24:46 +0100] "GET /ticket2/opencms/system/modules/com.gridnine.opencms.ticketbrokerage.site/resources/js/jquery.fancybox.pack.js HTTP/1.1" 200 23187
202.8.40.77 - - [28/Feb/2025:00:24:46 +0100] "GET /ticket2/opencms/system/modules/com.gridnine.opencms.ticketbrokerage.site/resources/js/stickyfill.min.js HTTP/1.1" 200 5672
202.8.40.77 - - [28/Feb/2025:00:24:46 +0100] "GET /ticket2/opencms/system/modules/com.gridnine.opencms.ticketbrokerage.site/resources/js/calendar-setup.js HTTP/1.1" 200 4923
202.8.40.77 - - [28/Feb/2025:00:24:46 +0100] "GET /ticket2/opencms/system/modules/com.gridnine.opencms.ticketbrokerage.site/resources/js/standard.js HTTP/1.1" 200 3983
202.8.40.77 - - [28/Feb/2025:00:24:46 +0100] "GET /ticket2/opencms/system/modules/com.gridnine.opencms.ticketbrokerage.site/resources/js/jquery.placeholder.min.js HTTP/1.1" 200 1737
202.8.40.77 - - [28/Feb/2025:00:24:46 +0100] "GET /ticket2/opencms/system/modules/com.gridnine.opencms.ticketbrokerage.site/resources/js/common-ajax.js HTTP/1.1" 200 20175
202.8.40.77 - - [28/Feb/2025:00:24:46 +0100] "GET /ticket2/opencms/az/ask-form.html HTTP/1.1" 200 3156
202.8.40.77 - - [28/Feb/2025:00:24:46 +0100] "GET /ticket2/opencms/system/modules/com.gridnine.opencms.ticketbrokerage.site/resources/css/ticketbrokerage.css HTTP/1.1" 200 39339
20.171.207.246 - - [28/Feb/2025:00:24:46 +0100] "GET /ticket2/opencms/set_aff_cookie.jsp?partner=2E02071B-A8C3-4CBA-3097-C27D61C02ED8&url=%252Ffi%252Fbuy%252Findex.html%253Fpage%253D1%2526edid%253D66C22035-E7EA-E10A-4BFC-2C30733037DC%2526hlv%253D666d4a3b-85ec-4c21-a014-6bb30a01000f%2523v1925250544 HTTP/1.1" 200 246
20.171.207.246 - - [28/Feb/2025:00:24:48 +0100] "GET /ticket2/opencms/set_aff_cookie.jsp?partner=2E02071B-A8C3-4CBA-3097-C27D61C02ED8&url=%252Ffi%252Fbuy%252Findex.html%253Fpage%253D1%2526edid%253D1C663B38-AAE8-15E5-78AB-F7247D2C67D4%2526hlv%253D666d70a0-5d4c-476b-b1a1-0e670a01000f%2523v_1837458202 HTTP/1.1" 200 247
20.171.207.246 - - [28/Feb/2025:00:24:49 +0100] "GET /ticket2/opencms/set_aff_cookie.jsp?partner=57601924-FB09-5BB2-867F-08B4EB522BA8&url=%252Fen%252Fbuy%252Findex.html%253Fpage%253D1%2526edid%253D135439EE-24C6-CFFE-A3F6-AD08F6CB1A03%2526hlv%253D61448db1-3cf0-46d9-bc35-760b0a01000f%2523v_1207717719 HTTP/1.1" 200 247
195.191.219.130 - - [28/Feb/2025:00:24:49 +0100] "GET /ticket2/opencms/it/buy/?page=1&edid=45154ED5-FA84-B67F-49E1-915F660F7EFF HTTP/1.1" 200 108413
20.171.207.246 - - [28/Feb/2025:00:24:50 +0100] "GET /ticket2/opencms/set_aff_cookie.jsp?partner=8F6DE15D-D831-5787-AE7E-FEFF53476F85&url=%252Fen%252Fbuy%252Findex.html%253Fpage%253D1%2526edid%253DE8BA54CC-B112-3D61-BE02-1B4D1E4F63D1%2526hlv%253D666ddc0d-5a14-4107-8967-6a330a01000f%2523v_2050004921 HTTP/1.1" 200 247
85.208.96.197 - - [28/Feb/2025:00:24:50 +0100] "GET /ticket2/opencms/it/magazine/article?title=declan-rice HTTP/1.1" 200 93273
20.171.207.246 - - [28/Feb/2025:00:24:51 +0100] "GET /ticket2/opencms/set_aff_cookie.jsp?partner=6F250EA7-4505-FA01-D601-8847F2573405&url=%252Fen%252Fbuy%252Findex.html%253Fpage%253D1%2526edid%253DDD7009E0-BEDD-5FDF-FBEC-9803C9276491%2526hlv%253D60ca1006-eef0-48d7-a27d-34ce0a01000f%2523v_1862546921 HTTP/1.1" 200 247
195.191.219.130 - - [28/Feb/2025:00:24:51 +0100] "GET /ticket2/opencms/it/buy/?page=1&edid=4583F62C-F880-E6C3-C3F7-F692CC3F1DC2 HTTP/1.1" 200 116233
20.171.207.246 - - [28/Feb/2025:00:24:52 +0100] "GET /ticket2/opencms/set_aff_cookie.jsp?partner=8F6DE15D-D831-5787-AE7E-FEFF53476F85&url=%252Fnl%252Fbuy%252Findex.html%253Fpage%253D1%2526edid%253D18631B4D-241F-1419-AEC9-B2739BCE7CC3%2526hlv%253D66b47e17-a5d4-41a5-a568-1f380a01000f%2523v_322750817 HTTP/1.1" 200 246
20.171.207.246 - - [28/Feb/2025:00:24:53 +0100] "GET /ticket2/opencms/set_aff_cookie.jsp?partner=57601924-FB09-5BB2-867F-08B4EB522BA8&url=%252Fsv%252Fbuy%252Findex.html%253Fpage%253D1%2526edid%253D6C1ED87B-DDA5-3BB2-3EDA-87860E37D5E0%2526hlv%253D66884500-72fc-45eb-9dbf-34030a01000f%2523v501000484 HTTP/1.1" 200 245
40.77.167.150 - - [28/Feb/2025:00:24:53 +0100] "GET /ticket2/opencms/en/magazine/article?title=chelsea-vs-tottenham-2-0 HTTP/1.1" 200 92784
47.79.123.101 - - [28/Feb/2025:00:24:53 +0100] "GET /ticket2/opencms/en/buy/?page=6&comcatid=0A6B8208-FDA4-E929-9D72-5312FD481B76 HTTP/1.1" 200 99872
195.191.219.130 - - [28/Feb/2025:00:24:54 +0100] "GET /ticket2/opencms/it/buy/?page=1&edid=459129C1-A0F8-2D8B-54E1-F5067FEFFAF4 HTTP/1.1" 200 108472
20.171.207.246 - - [28/Feb/2025:00:24:54 +0100] "GET /ticket2/opencms/set_aff_cookie.jsp?partner=2E02071B-A8C3-4CBA-3097-C27D61C02ED8&url=%252Ffi%252Fbuy%252Findex.html%253Fpage%253D1%2526edid%253D6F379414-70C4-400F-51D2-AFD37C8F2BC7%2526hlv%253D666d6ed3-a944-470d-a30e-0c140a01000f%2523v_996047966 HTTP/1.1" 200 246
40.77.167.57 - - [28/Feb/2025:00:24:55 +0100] "GET /ticket2/opencms/ka/buy/?id=BE041FBE-C1A7-918C-EB61-99ED02D12F5B HTTP/1.1" 200 93936
20.171.207.246 - - [28/Feb/2025:00:24:56 +0100] "GET /ticket2/opencms/set_aff_cookie.jsp?partner=2E02071B-A8C3-4CBA-3097-C27D61C02ED8&url=%252Ffi%252Fbuy%252Findex.html%253Fpage%253D1%2526edid%253DDD7009E0-BEDD-5FDF-FBEC-9803C9276491%2526hlv%253D6144852c-5c1c-4c72-8f89-734b0a01000f%2523v_1085675786 HTTP/1.1" 200 247
195.191.219.130 - - [28/Feb/2025:00:24:56 +0100] "GET /ticket2/opencms/it/buy/?page=1&edid=462C13B4-D520-FF5C-33C4-1D131FBF3162 HTTP/1.1" 200 90284
20.171.207.246 - - [28/Feb/2025:00:24:57 +0100] "GET /ticket2/opencms/set_aff_cookie.jsp?partner=2E02071B-A8C3-4CBA-3097-C27D61C02ED8&url=%252Fen%252Fbuy%252Findex.html%253Fpage%253D1%2526edid%253D2D210BFD-73B3-FBB7-71E1-6587B60103F1%2526hlv%253D66cf0ab9-de18-4180-b220-23ca0a01000f%2523v_955435023 HTTP/1.1" 200 246
195.191.219.130 - - [28/Feb/2025:00:24:57 +0100] "GET /ticket2/opencms/it/buy/?page=1&edid=46387882-96DC-F7A5-D33D-152A1A6DE740 HTTP/1.1" 200 108358
54.36.148.166 - - [28/Feb/2025:00:24:58 +0100] "GET /ticket2/opencms/az/sport/futbol-biletleri/serie-a/empoli HTTP/1.1" 200 96109
20.171.207.246 - - [28/Feb/2025:00:24:58 +0100] "GET /ticket2/opencms/set_aff_cookie.jsp?partner=6F250EA7-4505-FA01-D601-8847F2573405&url=%252Fru%252Fbuy%252Findex.html%253Fpage%253D1%2526edid%253DE8BA54CC-B112-3D61-BE02-1B4D1E4F63D1%2526hlv%253D666ddc0d-fd14-4373-aa6a-6a330a01000f%2523v_197712829 HTTP/1.1" 200 246
20.171.207.246 - - [28/Feb/2025:00:24:59 +0100] "GET /ticket2/opencms/set_aff_cookie.jsp?partner=2E02071B-A8C3-4CBA-3097-C27D61C02ED8&url=%252Fru%252Fbuy%252Findex.html%253Fpage%253D1%2526edid%253D14427B33-9BB8-BBB7-1EBA-73EE86A692A4%2526hlv%253D6693ad33-db58-4ad5-8c65-07f70a01000f%2523v_1310092816 HTTP/1.1" 200 247
202.8.40.201 - - [28/Feb/2025:00:24:59 +0100] "GET /ticket2/opencms/system/modules/com.gridnine.opencms.ticketbrokerage.site/resources/css/ticketbrokerage.css HTTP/1.1" 200 39339
202.8.40.201 - - [28/Feb/2025:00:24:59 +0100] "GET /ticket2/opencms/system/modules/com.gridnine.opencms.ticketbrokerage.site/resources/css/calendar.css HTTP/1.1" 200 6871
202.8.40.201 - - [28/Feb/2025:00:24:59 +0100] "GET /ticket2/opencms/system/modules/com.gridnine.opencms.ticketbrokerage.site/resources/css/jquery-ui.css HTTP/1.1" 200 33221
202.8.40.201 - - [28/Feb/2025:00:24:59 +0100] "GET /ticket2/opencms/system/modules/com.gridnine.opencms.ticketbrokerage.site/resources/css/standard.css HTTP/1.1" 200 74207
202.8.40.201 - - [28/Feb/2025:00:24:59 +0100] "GET /ticket2/opencms/system/modules/com.gridnine.opencms.ticketbrokerage.site/resources/css/jquery.fancybox.css HTTP/1.1" 200 4939
202.8.40.201 - - [28/Feb/2025:00:24:59 +0100] "GET /ticket2/opencms/system/modules/com.gridnine.opencms.ticketbrokerage.site/resources/js/jquery/jquery.js HTTP/1.1" 200 93868
202.8.40.201 - - [28/Feb/2025:00:24:59 +0100] "GET /ticket2/opencms/system/modules/com.gridnine.opencms.ticketbrokerage.site/resources/js/functions.js HTTP/1.1" 200 1583
202.8.40.201 - - [28/Feb/2025:00:24:59 +0100] "GET /ticket2/opencms/system/modules/com.gridnine.opencms.ticketbrokerage.site/resources/js/jquery/jquery-ui.js HTTP/1.1" 200 228088
202.8.40.201 - - [28/Feb/2025:00:24:59 +0100] "GET /ticket2/opencms/system/modules/com.gridnine.opencms.ticketbrokerage.site/resources/js/calendar-en.js HTTP/1.1" 200 3338
202.8.40.201 - - [28/Feb/2025:00:24:59 +0100] "GET /ticket2/opencms/system/modules/com.gridnine.opencms.ticketbrokerage.site/resources/js/calendar-setup.js HTTP/1.1" 200 4923
202.8.40.201 - - [28/Feb/2025:00:24:59 +0100] "GET /ticket2/opencms/system/modules/com.gridnine.opencms.ticketbrokerage.site/resources/js/calendar.js HTTP/1.1" 200 49229
207.46.13.7 - - [28/Feb/2025:00:24:59 +0100] "GET /ticket2/opencms/en/buy/?page=1&edid=BFAFDC2C-908C-DD1E-38F3-2E405A281188 HTTP/1.1" 200 109787
202.8.40.201 - - [28/Feb/2025:00:24:59 +0100] "GET /ticket2/opencms/system/modules/com.gridnine.opencms.ticketbrokerage.site/resources/js/jquery.fancybox.pack.js HTTP/1.1" 200 23187
202.8.40.201 - - [28/Feb/2025:00:24:59 +0100] "GET /ticket2/opencms/system/modules/com.gridnine.opencms.ticketbrokerage.site/resources/js/stickyfill.min.js HTTP/1.1" 200 5672
202.8.40.201 - - [28/Feb/2025:00:24:59 +0100] "GET /ticket2/opencms/system/modules/com.gridnine.opencms.ticketbrokerage.site/resources/js/standard.js HTTP/1.1" 200 3983
40.77.167.116 - - [28/Feb/2025:00:25:00 +0100] "GET /ticket2/opencms/sv/search.html?searchQuery=2024 HTTP/1.1" 200 98446
202.8.40.201 - - [28/Feb/2025:00:25:00 +0100] "GET /ticket2/opencms/system/modules/com.gridnine.opencms.ticketbrokerage.site/resources/js/jquery.placeholder.min.js HTTP/1.1" 200 1737
202.8.40.201 - - [28/Feb/2025:00:25:00 +0100] "GET /ticket2/opencms/system/modules/com.gridnine.opencms.ticketbrokerage.site/resources/js/common-ajax.js HTTP/1.1" 200 20175
20.171.207.246 - - [28/Feb/2025:00:25:00 +0100] "GET /ticket2/opencms/set_aff_cookie.jsp?partner=2E02071B-A8C3-4CBA-3097-C27D61C02ED8&url=%252Fru%252Fbuy%252Findex.html%253Fpage%253D1%2526edid%253D6F379414-70C4-400F-51D2-AFD37C8F2BC7%2526hlv%253D666d6ed1-5c1c-41ef-8c96-0c140a01000f%2523v_220792738 HTTP/1.1" 200 246
47.128.115.133 - - [28/Feb/2025:00:25:00 +0100] "GET /ticket2/opencms/sv/buy/?edid=9A8891BD-C3B9-2FD5-1633-7AEF0F073762 HTTP/1.1" 200 91189
44.195.145.102 - - [28/Feb/2025:00:25:01 +0100] "GET /ticket2/opencms/sites/ticketbrokerage/sv/sport/fotbollsbiljetter/premier_league/manchester_city/newcastle-united.html HTTP/1.1" 404 -
20.171.207.246 - - [28/Feb/2025:00:25:01 +0100] "GET /ticket2/opencms/set_aff_cookie.jsp?partner=57601924-FB09-5BB2-867F-08B4EB522BA8&url=%252Fen%252Fbuy%252Findex.html%253Fpage%253D1%2526edid%253D8FA89923-43E1-C2D4-CF2D-7AD58BCB6B41%2526hlv%253D61127bd5-d7f8-4a55-9b06-2da10a01000f%2523v_466736037 HTTP/1.1" 200 246
195.191.219.130 - - [28/Feb/2025:00:25:02 +0100] "GET /ticket2/opencms/it/buy/?page=1&edid=463B85F1-158C-B9D0-587B-5FBBABC2ECA2 HTTP/1.1" 200 134799
20.171.207.246 - - [28/Feb/2025:00:25:03 +0100] "GET /ticket2/opencms/set_aff_cookie.jsp?partner=8F6DE15D-D831-5787-AE7E-FEFF53476F85&url=%252Fdk%252Fbuy%252Findex.html%253Fpage%253D1%2526edid%253D18631B4D-241F-1419-AEC9-B2739BCE7CC3%2526hlv%253D66b47e16-bbdc-4527-9c00-1f380a01000f%2523v_1629758524 HTTP/1.1" 200 247
20.171.207.246 - - [28/Feb/2025:00:25:04 +0100] "GET /ticket2/opencms/set_aff_cookie.jsp?partner=692E2C6A-EC6F-1C93-AFCC-C5ACC23A93EA&url=%252Fru%252Fbuy%252Findex.html%253Fpage%253D1%2526edid%253D15663D62-2271-4E56-54F8-D55FBC72F26B%2526hlv%253D61152026-6678-4e89-8ccc-05810a01000f%2523v_637195123 HTTP/1.1" 200 246
20.171.207.246 - - [28/Feb/2025:00:25:05 +0100] "GET /ticket2/opencms/set_aff_cookie.jsp?partner=2E02071B-A8C3-4CBA-3097-C27D61C02ED8&url=%252Fdk%252Fbuy%252Findex.html%253Fpage%253D1%2526edid%253D6ED08D04-7263-AC79-DA04-AFB97DC97A00%2526hlv%253D6693908f-1990-4bee-8ef5-74840a01000f%2523v_658279149 HTTP/1.1" 200 246
159.138.39.20 - - [28/Feb/2025:00:25:05 +0100] "GET /ticket2/opencms/mo/sport/bilete-la-fotbal/english-championship/ HTTP/1.1" 200 104970
20.171.207.246 - - [28/Feb/2025:00:25:06 +0100] "GET /ticket2/opencms/set_aff_cookie.jsp?partner=8F6DE15D-D831-5787-AE7E-FEFF53476F85&url=%252Fru%252Fbuy%252Findex.html%253Fpage%253D1%2526edid%253D1C663B38-AAE8-15E5-78AB-F7247D2C67D4%2526hlv%253D666d70a2-4568-49e1-abce-0e670a01000f%2523v_1135501311 HTTP/1.1" 200 247
195.191.219.130 - - [28/Feb/2025:00:25:07 +0100] "GET /ticket2/opencms/it/buy/?page=1&edid=4660DE29-C3F1-FFBE-5E6B-4C74E874EC91 HTTP/1.1" 200 112075
20.171.207.246 - - [28/Feb/2025:00:25:07 +0100] "GET /ticket2/opencms/set_aff_cookie.jsp?partner=6F250EA7-4505-FA01-D601-8847F2573405&url=%252Fnl%252Fbuy%252Findex.html%253Fpage%253D1%2526edid%253D890CCDBB-BBBF-11B0-1E79-EA111E8EF281%2526hlv%253D668839fe-1a40-44c3-abda-2d260a01000f%2523v_1598309303 HTTP/1.1" 200 247
20.171.207.246 - - [28/Feb/2025:00:25:08 +0100] "GET /ticket2/opencms/set_aff_cookie.jsp?partner=8F6DE15D-D831-5787-AE7E-FEFF53476F85&url=%252Fdk%252Fbuy%252Findex.html%253Fpage%253D1%2526edid%253D156562D2-0263-CCAA-DF54-9314F5D26523%2526hlv%253D60ca1214-9ed8-479e-ab7e-3a900a01000f%2523v_106948791 HTTP/1.1" 200 246
54.36.148.182 - - [28/Feb/2025:00:25:09 +0100] "GET /ticket2/opencms/ga/sport/ticeid-peile/bundesliga/bayern-munchen HTTP/1.1" 200 100739
172.178.140.156 - - [28/Feb/2025:00:25:09 +0100] "GET /ticket2/opencms/robots.txt HTTP/1.1" 200 773
114.119.153.152 - - [28/Feb/2025:00:25:09 +0100] "GET /ticket2/opencms/en/sell/?edid=631B7B95-4A80-92E3-56CC-8C92B2697E4D HTTP/1.1" 302 -
20.171.207.246 - - [28/Feb/2025:00:25:10 +0100] "GET /ticket2/opencms/set_aff_cookie.jsp?partner=2E02071B-A8C3-4CBA-3097-C27D61C02ED8&url=%252Fnl%252Fbuy%252Findex.html%253Fpage%253D1%2526edid%253D135439EE-24C6-CFFE-A3F6-AD08F6CB1A03%2526hlv%253D61449725-2970-4a5b-a97b-786f0a01000f%2523v_788827892 HTTP/1.1" 200 246
202.8.42.103 - - [28/Feb/2025:00:25:10 +0100] "GET /ticket2/opencms/system/modules/com.gridnine.opencms.ticketbrokerage.site/resources/css/ticketbrokerage.css HTTP/1.1" 200 39339
202.8.42.103 - - [28/Feb/2025:00:25:10 +0100] "GET /ticket2/opencms/system/modules/com.gridnine.opencms.ticketbrokerage.site/resources/css/standard.css HTTP/1.1" 200 74207
202.8.42.103 - - [28/Feb/2025:00:25:10 +0100] "GET /ticket2/opencms/system/modules/com.gridnine.opencms.ticketbrokerage.site/resources/css/jquery.fancybox.css HTTP/1.1" 200 4939
202.8.42.103 - - [28/Feb/2025:00:25:10 +0100] "GET /ticket2/opencms/system/modules/com.gridnine.opencms.ticketbrokerage.site/resources/css/jquery-ui.css HTTP/1.1" 200 33221
202.8.42.103 - - [28/Feb/2025:00:25:10 +0100] "GET /ticket2/opencms/system/modules/com.gridnine.opencms.ticketbrokerage.site/resources/css/calendar.css HTTP/1.1" 200 6871
202.8.42.103 - - [28/Feb/2025:00:25:10 +0100] "GET /ticket2/opencms/system/modules/com.gridnine.opencms.ticketbrokerage.site/resources/js/jquery/jquery-ui.js HTTP/1.1" 200 228088
202.8.42.103 - - [28/Feb/2025:00:25:10 +0100] "GET /ticket2/opencms/system/modules/com.gridnine.opencms.ticketbrokerage.site/resources/js/functions.js HTTP/1.1" 200 1583
202.8.42.103 - - [28/Feb/2025:00:25:10 +0100] "GET /ticket2/opencms/system/modules/com.gridnine.opencms.ticketbrokerage.site/resources/js/calendar.js HTTP/1.1" 200 49229
202.8.42.103 - - [28/Feb/2025:00:25:10 +0100] "GET /ticket2/opencms/system/modules/com.gridnine.opencms.ticketbrokerage.site/resources/js/calendar-en.js HTTP/1.1" 200 3338
202.8.42.103 - - [28/Feb/2025:00:25:10 +0100] "GET /ticket2/opencms/system/modules/com.gridnine.opencms.ticketbrokerage.site/resources/js/jquery/jquery.js HTTP/1.1" 200 93868
202.8.42.103 - - [28/Feb/2025:00:25:10 +0100] "GET /ticket2/opencms/system/modules/com.gridnine.opencms.ticketbrokerage.site/resources/js/calendar-setup.js HTTP/1.1" 200 4923
202.8.42.103 - - [28/Feb/2025:00:25:10 +0100] "GET /ticket2/opencms/system/modules/com.gridnine.opencms.ticketbrokerage.site/resources/js/jquery.fancybox.pack.js HTTP/1.1" 200 23187
202.8.42.103 - - [28/Feb/2025:00:25:10 +0100] "GET /ticket2/opencms/system/modules/com.gridnine.opencms.ticketbrokerage.site/resources/js/stickyfill.min.js HTTP/1.1" 200 5672
202.8.42.103 - - [28/Feb/2025:00:25:10 +0100] "GET /ticket2/opencms/system/modules/com.gridnine.opencms.ticketbrokerage.site/resources/js/standard.js HTTP/1.1" 200 3983
202.8.42.103 - - [28/Feb/2025:00:25:10 +0100] "GET /ticket2/opencms/system/modules/com.gridnine.opencms.ticketbrokerage.site/resources/js/jquery.placeholder.min.js HTTP/1.1" 200 1737
202.8.42.103 - - [28/Feb/2025:00:25:10 +0100] "GET /ticket2/opencms/system/modules/com.gridnine.opencms.ticketbrokerage.site/resources/js/common-ajax.js HTTP/1.1" 200 20175
20.171.207.246 - - [28/Feb/2025:00:25:11 +0100] "GET /ticket2/opencms/set_aff_cookie.jsp?partner=8F6DE15D-D831-5787-AE7E-FEFF53476F85&url=%252Fnl%252Fbuy%252Findex.html%253Fpage%253D1%2526edid%253D70EF0ABB-9A80-4CE0-EE48-CC9265C1B361%2526hlv%253D6692485c-a38c-4e62-8048-16d80a01000f%2523v_1803234944 HTTP/1.1" 200 247
172.178.140.149 - - [28/Feb/2025:00:25:11 +0100] "GET /ticket2/opencms/en/sport/football-tickets/english-championship/ HTTP/1.1" 200 103299
20.171.207.246 - - [28/Feb/2025:00:25:12 +0100] "GET /ticket2/opencms/set_aff_cookie.jsp?partner=6F250EA7-4505-FA01-D601-8847F2573405&url=%252Fno%252Fbuy%252Findex.html%253Fpage%253D1%2526edid%253D1B6F6A2B-A0DA-FF91-EC4E-3DCAA442C25B%2526hlv%253D666d531b-5308-44f1-aa93-72b30a01000f%2523v_916538468 HTTP/1.1" 200 246
195.191.219.130 - - [28/Feb/2025:00:25:12 +0100] "GET /ticket2/opencms/it/buy/?page=1&edid=467AD8BD-9746-1FC6-18BE-8BFA3E2345DF HTTP/1.1" 200 108379
114.119.153.152 - - [28/Feb/2025:00:25:13 +0100] "GET /ticket2/opencms/en/login/?url=/en/sell/ HTTP/1.1" 200 90096
20.171.207.246 - - [28/Feb/2025:00:25:13 +0100] "GET /ticket2/opencms/set_aff_cookie.jsp?partner=2E02071B-A8C3-4CBA-3097-C27D61C02ED8&url=%252Fsv%252Fbuy%252Findex.html%253Fpage%253D1%2526edid%253D70EF0ABB-9A80-4CE0-EE48-CC9265C1B361%2526hlv%253D6692485f-6dd4-48ad-8b31-16d80a01000f%2523v_1567100240 HTTP/1.1" 200 247
195.191.219.130 - - [28/Feb/2025:00:25:13 +0100] "GET /ticket2/opencms/it/buy/?page=1&edid=469C358C-9841-0666-81F6-722FE887E89C HTTP/1.1" 200 108357
20.171.207.246 - - [28/Feb/2025:00:25:14 +0100] "GET /ticket2/opencms/set_aff_cookie.jsp?partner=2E02071B-A8C3-4CBA-3097-C27D61C02ED8&url=%252Fen%252Fbuy%252Findex.html%253Fpage%253D1%2526edid%253DDD7009E0-BEDD-5FDF-FBEC-9803C9276491%2526hlv%253D6144852c-4d14-475c-9a57-734b0a01000f%2523v_1088783345 HTTP/1.1" 200 247
195.191.219.130 - - [28/Feb/2025:00:25:15 +0100] "GET /ticket2/opencms/it/buy/?page=1&edid=46A0A34E-8D3F-1FC3-D540-5ED6BED24380 HTTP/1.1" 200 108445
20.171.207.246 - - [28/Feb/2025:00:25:15 +0100] "GET /ticket2/opencms/set_aff_cookie.jsp?partner=8F6DE15D-D831-5787-AE7E-FEFF53476F85&url=%252Fno%252Fbuy%252Findex.html%253Fpage%253D1%2526edid%253D66C22035-E7EA-E10A-4BFC-2C30733037DC%2526hlv%253D666d4a3a-2348-4547-8d3e-6bb30a01000f%2523v2142444335 HTTP/1.1" 200 246
195.191.219.130 - - [28/Feb/2025:00:25:16 +0100] "GET /ticket2/opencms/it/buy/?page=1&edid=46DDC203-41AB-936F-F42F-3447B1C39BFC HTTP/1.1" 200 110585
114.119.130.154 - - [28/Feb/2025:00:25:16 +0100] "GET /ticket2/opencms/ka/buy?page=1&edid=D5742773-78DA-401C-AB02-281EE4F8A14C HTTP/1.1" 200 118794
20.171.207.246 - - [28/Feb/2025:00:25:16 +0100] "GET /ticket2/opencms/set_aff_cookie.jsp?partner=8F6DE15D-D831-5787-AE7E-FEFF53476F85&url=%252Fen%252Fbuy%252Findex.html%253Fpage%253D1%2526edid%253D18631B4D-241F-1419-AEC9-B2739BCE7CC3%2526hlv%253D66b47e16-fd70-429a-a478-1f380a01000f%2523v_1186139102 HTTP/1.1" 200 247
216.244.66.196 - - [28/Feb/2025:00:25:17 +0100] "GET /ticket2/opencms/robots.txt HTTP/1.1" 200 773
85.208.96.208 - - [28/Feb/2025:00:25:17 +0100] "GET /ticket2/opencms/az/magazine/article?title=premyer-liqa-transfer-penceresinin-en-maraqli-kecidleri HTTP/1.1" 200 95833
195.191.219.130 - - [28/Feb/2025:00:25:17 +0100] "GET /ticket2/opencms/it/buy/?page=1&edid=46ED3103-DE6B-A6DD-76D4-FB2A3432E453 HTTP/1.1" 200 111029
40.77.167.57 - - [28/Feb/2025:00:25:17 +0100] "GET /ticket2/opencms/no/buy/?page=1&edid=AC0B9D95-EFDF-620F-1AF4-978A4B3BD208 HTTP/1.1" 200 108023
20.171.207.246 - - [28/Feb/2025:00:25:18 +0100] "GET /ticket2/opencms/set_aff_cookie.jsp?partner=8F6DE15D-D831-5787-AE7E-FEFF53476F85&url=%252Fru%252Fbuy%252Findex.html%253Fpage%253D1%2526edid%253D1C1F0032-002D-2F22-451D-87EF7B1CBD85%2526hlv%253D60f81a22-cf64-4b33-b3e3-5dc60a01000f%2523v_1778158924 HTTP/1.1" 200 247
195.191.219.130 - - [28/Feb/2025:00:25:18 +0100] "GET /ticket2/opencms/it/buy/?page=1&edid=46F37BE7-B2F6-BEA5-12C9-E1FFD36B0DD0 HTTP/1.1" 200 117563
20.171.207.246 - - [28/Feb/2025:00:25:19 +0100] "GET /ticket2/opencms/set_aff_cookie.jsp?partner=5E0CDF29-E7BE-9F6B-6869-7BF66B04006F&url=%252Fnl%252Fbuy%252Findex.html%253Fpage%253D1%2526edid%253DDD7009E0-BEDD-5FDF-FBEC-9803C9276491%2526hlv%253D6144852c-4d14-475c-9a57-734b0a01000f%2523v_1088783345 HTTP/1.1" 200 247
195.191.219.130 - - [28/Feb/2025:00:25:19 +0100] "GET /ticket2/opencms/it/buy/?page=1&edid=473B0CA2-5DEF-8724-CEB4-D099FD62177B HTTP/1.1" 200 108382
173.252.87.21 - - [28/Feb/2025:00:25:19 +0100] "GET /ticket2/opencms/en/magazine/article?title=how-does-it-work-on-the-football-field HTTP/1.1" 200 88877
195.191.219.130 - - [28/Feb/2025:00:25:20 +0100] "GET /ticket2/opencms/it/buy/?page=1&edid=47721D14-2C82-CD87-6865-EDC5A8129AF3 HTTP/1.1" 200 108354
20.171.207.246 - - [28/Feb/2025:00:25:20 +0100] "GET /ticket2/opencms/set_aff_cookie.jsp?partner=57601924-FB09-5BB2-867F-08B4EB522BA8&url=%252Ffi%252Fbuy%252Findex.html%253Fpage%253D1%2526edid%253D11CA2095-DE4E-F08C-CA73-D1F7DF0C2455%2526hlv%253D60c9e431-9b7c-41bb-8f8c-23650a01000f%2523v_1872385420 HTTP/1.1" 200 247
195.191.219.130 - - [28/Feb/2025:00:25:21 +0100] "GET /ticket2/opencms/it/buy/?page=1&edid=47897DF9-E5EE-B446-181C-40A80CD54BEB HTTP/1.1" 200 108347
20.171.207.246 - - [28/Feb/2025:00:25:21 +0100] "GET /ticket2/opencms/set_aff_cookie.jsp?partner=5E0CDF29-E7BE-9F6B-6869-7BF66B04006F&url=%252Fen%252Fbuy%252Findex.html%253Fpage%253D1%2526edid%253D6B3BF078-C100-90F5-6150-C146B5879A8A%2526hlv%253D611cd250-a56c-4aeb-9a3d-5e000a01000f%2523v_1721295426 HTTP/1.1" 200 247
20.171.207.246 - - [28/Feb/2025:00:25:22 +0100] "GET /ticket2/opencms/set_aff_cookie.jsp?partner=2E02071B-A8C3-4CBA-3097-C27D61C02ED8&url=%252Fru%252Fbuy%252Findex.html%253Fpage%253D1%2526edid%253D11CA2095-DE4E-F08C-CA73-D1F7DF0C2455%2526hlv%253D60c9e431-1154-4eab-b768-23650a01000f%2523v_198611871 HTTP/1.1" 200 246
195.191.219.130 - - [28/Feb/2025:00:25:23 +0100] "GET /ticket2/opencms/it/buy/?page=1&edid=478DA7E3-5E72-614D-155A-B45A5AC4AA8D HTTP/1.1" 200 108444
20.171.207.246 - - [28/Feb/2025:00:25:23 +0100] "GET /ticket2/opencms/set_aff_cookie.jsp?partner=2E02071B-A8C3-4CBA-3097-C27D61C02ED8&url=%252Fsv%252Fbuy%252Findex.html%253Fpage%253D1%2526edid%253DEC2BC309-3510-AA04-CA0C-F3088D5C1D31%2526hlv%253D6686686c-d8ec-4cb9-9b55-6b040a01000f%2523v_1996776432 HTTP/1.1" 200 247
20.171.207.246 - - [28/Feb/2025:00:25:24 +0100] "GET /ticket2/opencms/set_aff_cookie.jsp?partner=2E02071B-A8C3-4CBA-3097-C27D61C02ED8&url=%252Fsv%252Fbuy%252Findex.html%253Fpage%253D1%2526edid%253D66C22035-E7EA-E10A-4BFC-2C30733037DC%2526hlv%253D666d4a37-bcb8-4778-811f-6bb30a01000f%2523v1829879747 HTTP/1.1" 200 246
195.191.219.130 - - [28/Feb/2025:00:25:25 +0100] "GET /ticket2/opencms/it/buy/?page=1&edid=47C0370F-9915-7673-E038-7AD65907592C HTTP/1.1" 200 134210
20.171.207.246 - - [28/Feb/2025:00:25:26 +0100] "GET /ticket2/opencms/set_aff_cookie.jsp?partner=57601924-FB09-5BB2-867F-08B4EB522BA8&url=%252Fsv%252Fbuy%252Findex.html%253Fpage%253D1%2526edid%253D2D210BFD-73B3-FBB7-71E1-6587B60103F1%2526hlv%253D66cf0b4b-d11c-4cbc-aa2e-25050a01000f%2523v_1650140239 HTTP/1.1" 200 247
195.191.219.130 - - [28/Feb/2025:00:25:26 +0100] "GET /ticket2/opencms/it/buy/?page=1&edid=47E4C29F-87ED-56B6-4058-D325184E756B HTTP/1.1" 200 111637
66.249.76.1 - - [28/Feb/2025:00:25:27 +0100] "GET /ticket2/opencms/system/modules/com.gridnine.opencms.ticketbrokerage.site/resources/css/ticketbrokerage.css HTTP/1.1" 200 39339
20.171.207.246 - - [28/Feb/2025:00:25:27 +0100] "GET /ticket2/opencms/set_aff_cookie.jsp?partner=5E0CDF29-E7BE-9F6B-6869-7BF66B04006F&url=%252Fen%252Fbuy%252Findex.html%253Fpage%253D1%2526edid%253D1F546517-7633-42B2-A140-E9D704EF0B28%2526hlv%253D611bb8fa-6c50-4a7b-a0af-4b580a01000f%2523v_422521934 HTTP/1.1" 200 246
195.191.219.130 - - [28/Feb/2025:00:25:27 +0100] "GET /ticket2/opencms/it/buy/?page=1&edid=47F5B60C-8368-4B7A-53D3-C8F8857816DC HTTP/1.1" 200 108393
20.171.207.246 - - [28/Feb/2025:00:25:28 +0100] "GET /ticket2/opencms/set_aff_cookie.jsp?partner=692E2C6A-EC6F-1C93-AFCC-C5ACC23A93EA&url=%252Fnl%252Fbuy%252Findex.html%253Fpage%253D1%2526edid%253D2E7C3DB6-FDBC-8B55-9268-E31142D44B61%2526hlv%253D612b5406-3588-4254-86d2-3d340a01000f%2523v_1781488423 HTTP/1.1" 200 247
195.191.219.130 - - [28/Feb/2025:00:25:28 +0100] "GET /ticket2/opencms/it/buy/?page=1&edid=4800554E-FCD8-CA52-DDBF-1B3255DB288E HTTP/1.1" 200 90299
54.36.148.36 - - [28/Feb/2025:00:25:29 +0100] "GET /ticket2/opencms/sl/buy?page=1&edid=E2BA261D-8AA4-C0D3-44EE-1FFEB3ECFAE6 HTTP/1.1" 200 135146
20.171.207.246 - - [28/Feb/2025:00:25:29 +0100] "GET /ticket2/opencms/set_aff_cookie.jsp?partner=2E02071B-A8C3-4CBA-3097-C27D61C02ED8&url=%252Ffi%252Fbuy%252Findex.html%253Fpage%253D1%2526edid%253D150C2B47-38EB-0C0E-C664-5F863E9426DB%2526hlv%253D66cafa7f-14b0-491b-be45-33480a01000f%2523v_1870767243 HTTP/1.1" 200 247
195.191.219.130 - - [28/Feb/2025:00:25:29 +0100] "GET /ticket2/opencms/it/buy/?page=1&edid=48068E02-4FA3-02E2-3D63-5475325BD481 HTTP/1.1" 200 108354
66.249.76.161 - - [28/Feb/2025:00:25:29 +0100] "GET /ticket2/opencms/nl/buy?page=1&edid=F0845893-AB25-79ED-E273-8681A31846EB&hlv=666d4460-bee4-4b1e-95da-64080a01000f HTTP/1.1" 200 111290
202.8.42.192 - - [28/Feb/2025:00:25:30 +0100] "GET /ticket2/opencms/system/modules/com.gridnine.opencms.ticketbrokerage.site/resources/css/jquery.fancybox.css HTTP/1.1" 200 4939
202.8.42.192 - - [28/Feb/2025:00:25:30 +0100] "GET /ticket2/opencms/system/modules/com.gridnine.opencms.ticketbrokerage.site/resources/css/standard.css HTTP/1.1" 200 74207
202.8.42.192 - - [28/Feb/2025:00:25:30 +0100] "GET /ticket2/opencms/system/modules/com.gridnine.opencms.ticketbrokerage.site/resources/css/ticketbrokerage.css HTTP/1.1" 200 39339
202.8.42.192 - - [28/Feb/2025:00:25:30 +0100] "GET /ticket2/opencms/system/modules/com.gridnine.opencms.ticketbrokerage.site/resources/css/calendar.css HTTP/1.1" 200 6871
202.8.42.192 - - [28/Feb/2025:00:25:30 +0100] "GET /ticket2/opencms/system/modules/com.gridnine.opencms.ticketbrokerage.site/resources/js/jquery/jquery.js HTTP/1.1" 200 93868
202.8.42.192 - - [28/Feb/2025:00:25:30 +0100] "GET /ticket2/opencms/system/modules/com.gridnine.opencms.ticketbrokerage.site/resources/css/jquery-ui.css HTTP/1.1" 200 33221
202.8.42.192 - - [28/Feb/2025:00:25:30 +0100] "GET /ticket2/opencms/system/modules/com.gridnine.opencms.ticketbrokerage.site/resources/js/jquery/jquery-ui.js HTTP/1.1" 200 228088
202.8.42.192 - - [28/Feb/2025:00:25:30 +0100] "GET /ticket2/opencms/system/modules/com.gridnine.opencms.ticketbrokerage.site/resources/js/functions.js HTTP/1.1" 200 1583
202.8.42.192 - - [28/Feb/2025:00:25:30 +0100] "GET /ticket2/opencms/system/modules/com.gridnine.opencms.ticketbrokerage.site/resources/js/calendar-en.js HTTP/1.1" 200 3338
202.8.42.192 - - [28/Feb/2025:00:25:30 +0100] "GET /ticket2/opencms/system/modules/com.gridnine.opencms.ticketbrokerage.site/resources/js/calendar.js HTTP/1.1" 200 49229
202.8.42.192 - - [28/Feb/2025:00:25:30 +0100] "GET /ticket2/opencms/system/modules/com.gridnine.opencms.ticketbrokerage.site/resources/js/calendar-setup.js HTTP/1.1" 200 4923
202.8.42.192 - - [28/Feb/2025:00:25:30 +0100] "GET /ticket2/opencms/system/modules/com.gridnine.opencms.ticketbrokerage.site/resources/js/stickyfill.min.js HTTP/1.1" 200 5672
202.8.42.192 - - [28/Feb/2025:00:25:30 +0100] "GET /ticket2/opencms/system/modules/com.gridnine.opencms.ticketbrokerage.site/resources/js/jquery.fancybox.pack.js HTTP/1.1" 200 23187
202.8.42.192 - - [28/Feb/2025:00:25:30 +0100] "GET /ticket2/opencms/system/modules/com.gridnine.opencms.ticketbrokerage.site/resources/js/standard.js HTTP/1.1" 200 3983
20.171.207.246 - - [28/Feb/2025:00:25:30 +0100] "GET /ticket2/opencms/set_aff_cookie.jsp?partner=57601924-FB09-5BB2-867F-08B4EB522BA8&url=%252Fdk%252Fbuy%252Findex.html%253Fpage%253D1%2526edid%253D605F0713-F5C5-5844-2344-BCDD5B5AC0EC%2526hlv%253D666ffe9a-cbf0-4414-8f9b-23df0a01000f%2523v_1225910939 HTTP/1.1" 200 247
202.8.42.192 - - [28/Feb/2025:00:25:30 +0100] "GET /ticket2/opencms/system/modules/com.gridnine.opencms.ticketbrokerage.site/resources/js/jquery.placeholder.min.js HTTP/1.1" 200 1737
202.8.42.192 - - [28/Feb/2025:00:25:30 +0100] "GET /ticket2/opencms/system/modules/com.gridnine.opencms.ticketbrokerage.site/resources/js/common-ajax.js HTTP/1.1" 200 20175
202.8.42.192 - - [28/Feb/2025:00:25:30 +0100] "GET /ticket2/opencms/sl/ask-form.html HTTP/1.1" 200 3156
202.8.42.192 - - [28/Feb/2025:00:25:31 +0100] "GET /ticket2/opencms/system/modules/com.gridnine.opencms.ticketbrokerage.site/resources/css/ticketbrokerage.css HTTP/1.1" 200 39339
20.171.207.246 - - [28/Feb/2025:00:25:31 +0100] "GET /ticket2/opencms/set_aff_cookie.jsp?partner=5E0CDF29-E7BE-9F6B-6869-7BF66B04006F&url=%252Ffi%252Fbuy%252Findex.html%253Fpage%253D1%2526edid%253D1B2497C9-50FD-C481-B810-5D82DC9B4FE5%2526hlv%253D60ca1b61-4038-4d30-940e-3f2f0a01000f%2523v_1126610865 HTTP/1.1" 200 247
