20.171.207.246 - - [28/Feb/2025:00:37:20 +0100] "GET /ticket2/opencms/set_aff_cookie.jsp?partner=6F250EA7-4505-FA01-D601-8847F2573405&url=%252Fnl%252Fbuy%252Findex.html%253Fpage%253D1%2526edid%253D1291CD6B-4651-52CC-8D36-B0FB58FEEDFA%2526hlv%253D66704c8d-ed68-4ada-87da-67bf0a01000f%2523v_2030840626 HTTP/1.1" 200 247
89.246.241.14 - - [28/Feb/2025:00:37:21 +0100] "GET /ticket2/opencms/en/magazine HTTP/1.1" 200 160033
20.171.207.246 - - [28/Feb/2025:00:37:21 +0100] "GET /ticket2/opencms/set_aff_cookie.jsp?partner=23A6AD98-906E-5BDD-600E-EC4EC8A45F97&url=%252Fen%252Fbuy%252Findex.html%253Fpage%253D1%2526edid%253D1AD4E11C-C792-1721-4D1A-2229101A30FD%2526hlv%253D666c8a13-a5c0-46e1-93d3-7e6f0a01000f%2523v_1062087038 HTTP/1.1" 200 247
20.171.207.246 - - [28/Feb/2025:00:37:22 +0100] "GET /ticket2/opencms/set_aff_cookie.jsp?partner=2E02071B-A8C3-4CBA-3097-C27D61C02ED8&url=%252Fnl%252Fbuy%252Findex.html%253Fpage%253D1%2526edid%253D681ED521-EBC9-E1AB-D0B9-DB2B7375D564%2526hlv%253D60f81639-19a8-452a-b180-5b6e0a01000f%2523v_1819809467 HTTP/1.1" 200 247
20.171.207.246 - - [28/Feb/2025:00:37:23 +0100] "GET /ticket2/opencms/set_aff_cookie.jsp?partner=2E02071B-A8C3-4CBA-3097-C27D61C02ED8&url=%252Fen%252Fbuy%252Findex.html%253Fpage%253D1%2526edid%253D66C22035-E7EA-E10A-4BFC-2C30733037DC%2526hlv%253D666d4a38-ca4c-428f-8119-6bb30a01000f%2523v1222337187 HTTP/1.1" 200 246
20.171.207.246 - - [28/Feb/2025:00:37:24 +0100] "GET /ticket2/opencms/set_aff_cookie.jsp?partner=8F6DE15D-D831-5787-AE7E-FEFF53476F85&url=%252Fen%252Fbuy%252Findex.html%253Fpage%253D1%2526edid%253D66FFE717-0C93-3F01-2AC8-8E7FC5F9BAB1%2526hlv%253D6689076b-7138-4102-a53a-1ba70a01000f%2523v1691558017 HTTP/1.1" 200 246
20.171.207.246 - - [28/Feb/2025:00:37:26 +0100] "GET /ticket2/opencms/set_aff_cookie.jsp?partner=2E02071B-A8C3-4CBA-3097-C27D61C02ED8&url=%252Fno%252Fbuy%252Findex.html%253Fpage%253D1%2526edid%253D6ED08D04-7263-AC79-DA04-AFB97DC97A00%2526hlv%253D6693908e-8438-47ea-bfc3-74840a01000f%2523v_165756023 HTTP/1.1" 200 246
85.208.96.197 - - [28/Feb/2025:00:37:26 +0100] "GET /ticket2/opencms/is/magazine/article?title=michail-antonio-meiddur-eftir-bilslys HTTP/1.1" 200 93907
54.36.148.193 - - [28/Feb/2025:00:37:27 +0100] "GET /ticket2/opencms/es/buy?page=1&edid=C8463748-B145-33AD-CEE6-A9DF95CEBC4A HTTP/1.1" 200 121793
20.171.207.246 - - [28/Feb/2025:00:37:27 +0100] "GET /ticket2/opencms/set_aff_cookie.jsp?partner=8F6DE15D-D831-5787-AE7E-FEFF53476F85&url=%252Fno%252Fbuy%252Findex.html%253Fpage%253D1%2526edid%253D6619AF23-B82A-4933-7AAB-7FCD989DC8B0%2526hlv%253D6145b50c-cc48-4b42-9c22-62280a01000f%2523v_529593622 HTTP/1.1" 200 246
20.171.207.246 - - [28/Feb/2025:00:37:28 +0100] "GET /ticket2/opencms/set_aff_cookie.jsp?partner=5E0CDF29-E7BE-9F6B-6869-7BF66B04006F&url=%252Fsv%252Fbuy%252Findex.html%253Fpage%253D1%2526edid%253D1BFF3C4B-0AF3-F040-1041-C55D427FE053%2526hlv%253D60f84819-a3c4-4388-a72e-6f470a01000f%2523v_196929786 HTTP/1.1" 200 246
69.171.230.7 - - [28/Feb/2025:00:37:28 +0100] "GET /ticket2/opencms/bs/buy?page=1&edid=EFCA122E-EFD5-12F8-6F83-6930A0BC1F37 HTTP/1.1" 200 123696
20.171.207.246 - - [28/Feb/2025:00:37:29 +0100] "GET /ticket2/opencms/set_aff_cookie.jsp?partner=23A6AD98-906E-5BDD-600E-EC4EC8A45F97&url=%252Fen%252Fbuy%252Findex.html%253Fpage%253D1%2526edid%253D150C2B47-38EB-0C0E-C664-5F863E9426DB%2526hlv%253D66cafa7b-2a18-4f87-8512-33480a01000f%2523v_790681683 HTTP/1.1" 200 246
122.8.185.72 - - [28/Feb/2025:00:37:29 +0100] "GET /ticket2/opencms/de/buy?page=1&edid=F37055A0-5AEF-F369-8190-70050C1CE511 HTTP/1.1" 200 108164
20.171.207.246 - - [28/Feb/2025:00:37:30 +0100] "GET /ticket2/opencms/set_aff_cookie.jsp?partner=57601924-FB09-5BB2-867F-08B4EB522BA8&url=%252Fdk%252Fbuy%252Findex.html%253Fpage%253D1%2526edid%253DE8BA54CC-B112-3D61-BE02-1B4D1E4F63D1%2526hlv%253D666ddc0e-2bb0-4a38-960d-6a330a01000f%2523v_2008542152 HTTP/1.1" 200 247
20.171.207.246 - - [28/Feb/2025:00:37:31 +0100] "GET /ticket2/opencms/set_aff_cookie.jsp?partner=57601924-FB09-5BB2-867F-08B4EB522BA8&url=%252Fdk%252Fbuy%252Findex.html%253Fpage%253D1%2526edid%253DE8BA54CC-B112-3D61-BE02-1B4D1E4F63D1%2526hlv%253D666ddc0e-400c-48e9-a7c8-6a330a01000f%2523v_1730976205 HTTP/1.1" 200 247
154.54.249.216 - - [28/Feb/2025:00:37:32 +0100] "GET /ticket2/opencms/de/buy?page=1&edid=A4BFDF12-F160-7F33-EF7D-BF0F1E332ED5 HTTP/1.1" 200 108209
20.171.207.246 - - [28/Feb/2025:00:37:32 +0100] "GET /ticket2/opencms/set_aff_cookie.jsp?partner=5E0CDF29-E7BE-9F6B-6869-7BF66B04006F&url=%252Fnl%252Fbuy%252Findex.html%253Fpage%253D1%2526edid%253D66C22035-E7EA-E10A-4BFC-2C30733037DC%2526hlv%253D666d4a39-a330-4e7f-8087-6bb30a01000f%2523v1552284576 HTTP/1.1" 200 246
20.171.207.246 - - [28/Feb/2025:00:37:34 +0100] "GET /ticket2/opencms/set_aff_cookie.jsp?partner=23A6AD98-906E-5BDD-600E-EC4EC8A45F97&url=%252Fen%252Fbuy%252Findex.html%253Fpage%253D1%2526edid%253D66C22035-E7EA-E10A-4BFC-2C30733037DC%2526hlv%253D666d4a3b-0d90-42c0-9034-6bb30a01000f%2523v1253496087 HTTP/1.1" 200 246
89.246.241.14 - - [28/Feb/2025:00:37:34 +0100] "GET /ticket2/opencms/en/magazine/article?title=thomas-tuchel-becomes-englands-new-national-team-coach HTTP/1.1" 200 91820
40.77.167.10 - - [28/Feb/2025:00:37:35 +0100] "GET /ticket2/opencms/be/buy?page=1&edid=76CABAA5-9A14-4522-8FC4-18AFD4820765 HTTP/1.1" 200 114575
20.171.207.246 - - [28/Feb/2025:00:37:35 +0100] "GET /ticket2/opencms/set_aff_cookie.jsp?partner=2E02071B-A8C3-4CBA-3097-C27D61C02ED8&url=%252Fru%252Fbuy%252Findex.html%253Fpage%253D1%2526edid%253D697BE447-74B7-A748-152F-A1818DA4BEC9%2526hlv%253D666d6f1b-5bb8-460d-a5c4-0c190a01000f%2523v_1232727008 HTTP/1.1" 200 247
85.208.96.202 - - [28/Feb/2025:00:37:35 +0100] "GET /ticket2/opencms/lt HTTP/1.1" 200 105672
40.77.167.10 - - [28/Feb/2025:00:37:36 +0100] "GET /ticket2/opencms/cs/buy?page=1&edid=ED12F6CE-A80E-35CB-38A4-6FFF7BEE81E3 HTTP/1.1" 200 108552
20.171.207.246 - - [28/Feb/2025:00:37:36 +0100] "GET /ticket2/opencms/set_aff_cookie.jsp?partner=8F6DE15D-D831-5787-AE7E-FEFF53476F85&url=%252Fen%252Fbuy%252Findex.html%253Fpage%253D1%2526edid%253D66C22035-E7EA-E10A-4BFC-2C30733037DC%2526hlv%253D666d4a39-3894-4a88-a6d2-6bb30a01000f%2523v536684080 HTTP/1.1" 200 245
20.171.207.246 - - [28/Feb/2025:00:37:37 +0100] "GET /ticket2/opencms/set_aff_cookie.jsp?partner=5E0CDF29-E7BE-9F6B-6869-7BF66B04006F&url=%252Fsv%252Fbuy%252Findex.html%253Fpage%253D1%2526edid%253D70EF0ABB-9A80-4CE0-EE48-CC9265C1B361%2526hlv%253D6692485f-2058-450e-aa86-16d80a01000f%2523v_1904405914 HTTP/1.1" 200 247
54.36.148.69 - - [28/Feb/2025:00:37:38 +0100] "GET /ticket2/opencms/sl/buy?page=1&edid=E5A432C8-DA4B-0B1D-D158-7FE1F332A199 HTTP/1.1" 200 108553
20.171.207.246 - - [28/Feb/2025:00:37:38 +0100] "GET /ticket2/opencms/set_aff_cookie.jsp?partner=2E02071B-A8C3-4CBA-3097-C27D61C02ED8&url=%252Fno%252Fbuy%252Findex.html%253Fpage%253D1%2526edid%253D627EB4E4-AE9C-FF01-C3B4-87668CB2F4A5%2526hlv%253D6114026d-cfb4-4481-92a3-19c50a01000f%2523v_1991876791 HTTP/1.1" 200 247
202.8.41.199 - - [28/Feb/2025:00:37:39 +0100] "GET /ticket2/opencms/system/modules/com.gridnine.opencms.ticketbrokerage.site/resources/css/ticketbrokerage.css HTTP/1.1" 200 39339
202.8.41.199 - - [28/Feb/2025:00:37:39 +0100] "GET /ticket2/opencms/system/modules/com.gridnine.opencms.ticketbrokerage.site/resources/css/jquery-ui.css HTTP/1.1" 200 33221
202.8.41.199 - - [28/Feb/2025:00:37:39 +0100] "GET /ticket2/opencms/system/modules/com.gridnine.opencms.ticketbrokerage.site/resources/css/jquery.fancybox.css HTTP/1.1" 200 4939
202.8.41.199 - - [28/Feb/2025:00:37:39 +0100] "GET /ticket2/opencms/system/modules/com.gridnine.opencms.ticketbrokerage.site/resources/css/calendar.css HTTP/1.1" 200 6871
202.8.41.199 - - [28/Feb/2025:00:37:39 +0100] "GET /ticket2/opencms/system/modules/com.gridnine.opencms.ticketbrokerage.site/resources/js/jquery/jquery-ui.js HTTP/1.1" 200 228088
202.8.41.199 - - [28/Feb/2025:00:37:39 +0100] "GET /ticket2/opencms/system/modules/com.gridnine.opencms.ticketbrokerage.site/resources/css/standard.css HTTP/1.1" 200 74207
202.8.41.199 - - [28/Feb/2025:00:37:39 +0100] "GET /ticket2/opencms/system/modules/com.gridnine.opencms.ticketbrokerage.site/resources/js/jquery/jquery.js HTTP/1.1" 200 93868
202.8.41.199 - - [28/Feb/2025:00:37:39 +0100] "GET /ticket2/opencms/system/modules/com.gridnine.opencms.ticketbrokerage.site/resources/js/calendar-en.js HTTP/1.1" 200 3338
202.8.41.199 - - [28/Feb/2025:00:37:39 +0100] "GET /ticket2/opencms/system/modules/com.gridnine.opencms.ticketbrokerage.site/resources/js/functions.js HTTP/1.1" 200 1583
202.8.41.199 - - [28/Feb/2025:00:37:39 +0100] "GET /ticket2/opencms/system/modules/com.gridnine.opencms.ticketbrokerage.site/resources/js/calendar.js HTTP/1.1" 200 49229
202.8.41.199 - - [28/Feb/2025:00:37:39 +0100] "GET /ticket2/opencms/system/modules/com.gridnine.opencms.ticketbrokerage.site/resources/js/calendar-setup.js HTTP/1.1" 200 4923
20.171.207.246 - - [28/Feb/2025:00:37:39 +0100] "GET /ticket2/opencms/set_aff_cookie.jsp?partner=2E02071B-A8C3-4CBA-3097-C27D61C02ED8&url=%252Ffi%252Fbuy%252Findex.html%253Fpage%253D1%2526edid%253D97B6F388-41F1-ECE1-6945-6F81F9384D51%2526hlv%253D60f819cc-26b8-4fbf-88fc-5d1e0a01000f%2523v_977567522 HTTP/1.1" 200 246
202.8.41.199 - - [28/Feb/2025:00:37:39 +0100] "GET /ticket2/opencms/system/modules/com.gridnine.opencms.ticketbrokerage.site/resources/js/stickyfill.min.js HTTP/1.1" 200 5672
202.8.41.199 - - [28/Feb/2025:00:37:39 +0100] "GET /ticket2/opencms/system/modules/com.gridnine.opencms.ticketbrokerage.site/resources/js/jquery.fancybox.pack.js HTTP/1.1" 200 23187
202.8.41.199 - - [28/Feb/2025:00:37:39 +0100] "GET /ticket2/opencms/system/modules/com.gridnine.opencms.ticketbrokerage.site/resources/js/standard.js HTTP/1.1" 200 3983
202.8.41.199 - - [28/Feb/2025:00:37:39 +0100] "GET /ticket2/opencms/system/modules/com.gridnine.opencms.ticketbrokerage.site/resources/js/jquery.placeholder.min.js HTTP/1.1" 200 1737
202.8.41.199 - - [28/Feb/2025:00:37:39 +0100] "GET /ticket2/opencms/system/modules/com.gridnine.opencms.ticketbrokerage.site/resources/js/common-ajax.js HTTP/1.1" 200 20175
202.8.41.199 - - [28/Feb/2025:00:37:40 +0100] "GET /ticket2/opencms/sl/ask-form.html HTTP/1.1" 200 3156
202.8.41.199 - - [28/Feb/2025:00:37:40 +0100] "GET /ticket2/opencms/system/modules/com.gridnine.opencms.ticketbrokerage.site/resources/css/ticketbrokerage.css HTTP/1.1" 200 39339
89.246.241.14 - - [28/Feb/2025:00:37:40 +0100] "GET /ticket2/opencms/en/magazine/article?title=new-team-captain-dejan-kulusevski HTTP/1.1" 200 90249
20.171.207.246 - - [28/Feb/2025:00:37:40 +0100] "GET /ticket2/opencms/set_aff_cookie.jsp?partner=2E02071B-A8C3-4CBA-3097-C27D61C02ED8&url=%252Fdk%252Fbuy%252Findex.html%253Fpage%253D1%2526edid%253D16BA48F9-E787-F00A-EC7D-F97A99AECBFB%2526hlv%253D66d03934-95d4-4160-a589-72160a01000f%2523v_817171471 HTTP/1.1" 200 246
114.119.130.210 - - [28/Feb/2025:00:37:41 +0100] "GET /ticket2/opencms/en/buy/?page=1&edid=51218E22-B416-8A45-FFDA-8364D5067E03 HTTP/1.1" 200 109931
20.171.207.246 - - [28/Feb/2025:00:37:42 +0100] "GET /ticket2/opencms/set_aff_cookie.jsp?partner=2E02071B-A8C3-4CBA-3097-C27D61C02ED8&url=%252Fsv%252Fbuy%252Findex.html%253Fpage%253D1%2526edid%253D605F0713-F5C5-5844-2344-BCDD5B5AC0EC%2526hlv%253D666ffe9e-6220-476b-820a-23df0a01000f%2523v_625310384 HTTP/1.1" 200 246
20.171.207.246 - - [28/Feb/2025:00:37:43 +0100] "GET /ticket2/opencms/set_aff_cookie.jsp?partner=8F6DE15D-D831-5787-AE7E-FEFF53476F85&url=%252Fnl%252Fbuy%252Findex.html%253Fpage%253D1%2526edid%253D66C22035-E7EA-E10A-4BFC-2C30733037DC%2526hlv%253D666d4a38-91e0-40d3-99cc-6bb30a01000f%2523v1474455949 HTTP/1.1" 200 246
20.171.207.246 - - [28/Feb/2025:00:37:44 +0100] "GET /ticket2/opencms/set_aff_cookie.jsp?partner=57601924-FB09-5BB2-867F-08B4EB522BA8&url=%252Fnl%252Fbuy%252Findex.html%253Fpage%253D1%2526edid%253DE8BA54CC-B112-3D61-BE02-1B4D1E4F63D1%2526hlv%253D666ddc0d-8c74-4740-9f0a-6a330a01000f%2523v_2087194163 HTTP/1.1" 200 247
20.171.207.246 - - [28/Feb/2025:00:37:45 +0100] "GET /ticket2/opencms/set_aff_cookie.jsp?partner=6F250EA7-4505-FA01-D601-8847F2573405&url=%252Ffi%252Fbuy%252Findex.html%253Fpage%253D1%2526edid%253D1704DC47-D333-EEEA-B66A-BC4C3DDB8A1C%2526hlv%253D6144935a-d504-42c4-bcbc-77230a01000f%2523v_851187934 HTTP/1.1" 200 246
216.244.66.238 - - [28/Feb/2025:00:37:45 +0100] "GET /ticket2/opencms/nl/buy?page=1&edid=0704BD6D-31E9-BB79-1A42-1B64AF5D31BB HTTP/1.1" 200 110032
89.246.241.14 - - [28/Feb/2025:00:37:45 +0100] "GET /ticket2/opencms/en/magazine/article?title=joao-palhinha-to-bayern-munich-a-new-midfield-force-arrives-at-allianz-arena HTTP/1.1" 200 94106
20.171.207.246 - - [28/Feb/2025:00:37:46 +0100] "GET /ticket2/opencms/set_aff_cookie.jsp?partner=57601924-FB09-5BB2-867F-08B4EB522BA8&url=%252Fnl%252Fbuy%252Findex.html%253Fpage%253D1%2526edid%253D0D33199C-853B-C4DC-F1E2-6CF75BE0B211%2526hlv%253D6145ccdc-bbb8-414e-b432-68280a01000f%2523v_1151828526 HTTP/1.1" 200 247
20.171.207.246 - - [28/Feb/2025:00:37:47 +0100] "GET /ticket2/opencms/set_aff_cookie.jsp?partner=2E02071B-A8C3-4CBA-3097-C27D61C02ED8&url=%252Fen%252Fbuy%252Findex.html%253Fpage%253D1%2526edid%253D66C22035-E7EA-E10A-4BFC-2C30733037DC%2526hlv%253D666d4a3b-85ec-4c21-a014-6bb30a01000f%2523v1925250544 HTTP/1.1" 200 246
20.171.207.246 - - [28/Feb/2025:00:37:49 +0100] "GET /ticket2/opencms/set_aff_cookie.jsp?partner=57601924-FB09-5BB2-867F-08B4EB522BA8&url=%252Fsv%252Fbuy%252Findex.html%253Fpage%253D1%2526edid%253D150C2B47-38EB-0C0E-C664-5F863E9426DB%2526hlv%253D66cafa7f-03ec-4996-8edf-33480a01000f%2523v_759999930 HTTP/1.1" 200 246
184.73.195.18 - - [28/Feb/2025:00:37:49 +0100] "GET /ticket2/opencms/is/sport/fotbolti/english-championship/west-bromwich-albion HTTP/1.1" 404 -
20.171.207.246 - - [28/Feb/2025:00:37:50 +0100] "GET /ticket2/opencms/set_aff_cookie.jsp?partner=2E02071B-A8C3-4CBA-3097-C27D61C02ED8&url=%252Ffi%252Fbuy%252Findex.html%253Fpage%253D1%2526edid%253D6F6062BE-21E9-FCCC-41A7-E76CFE6D47E3%2526hlv%253D66938921-479c-45d1-9e1d-703c0a01000f%2523v_1071753331 HTTP/1.1" 200 247
20.171.207.246 - - [28/Feb/2025:00:37:51 +0100] "GET /ticket2/opencms/set_aff_cookie.jsp?partner=5E0CDF29-E7BE-9F6B-6869-7BF66B04006F&url=%252Fdk%252Fbuy%252Findex.html%253Fpage%253D1%2526edid%253D160DAC9A-2A77-6FDC-52B8-296352B1ABF1%2526hlv%253D666c4b55-4d90-47b9-a9c6-3e290a01000f%2523v_1867759964 HTTP/1.1" 200 247
47.128.31.213 - - [28/Feb/2025:00:37:51 +0100] "GET /ticket2/opencms/dk/sport/fodboldbilletter/bundesliga/werder_bremen/ HTTP/1.1" 200 96508
40.77.167.14 - - [28/Feb/2025:00:37:51 +0100] "GET /ticket2/opencms/be/buy?page=1&edid=D11D82D4-28DA-1768-D317-EF521A2F97E6 HTTP/1.1" 200 114726
47.128.31.213 - - [28/Feb/2025:00:37:52 +0100] "GET /ticket2/opencms/img/insta.png HTTP/1.1" 200 3967
20.171.207.246 - - [28/Feb/2025:00:37:53 +0100] "GET /ticket2/opencms/set_aff_cookie.jsp?partner=5E0CDF29-E7BE-9F6B-6869-7BF66B04006F&url=%252Fen%252Fbuy%252Findex.html%253Fpage%253D1%2526edid%253D66870AC2-190A-A6B7-504A-473B5293D621%2526hlv%253D610bcbf4-bc98-407b-83b2-14fe0a01000f%2523v_357225824 HTTP/1.1" 200 246
20.171.207.246 - - [28/Feb/2025:00:37:53 +0100] "GET /ticket2/opencms/set_aff_cookie.jsp?partner=8F6DE15D-D831-5787-AE7E-FEFF53476F85&url=%252Fnl%252Fbuy%252Findex.html%253Fpage%253D1%2526edid%253D150C2B47-38EB-0C0E-C664-5F863E9426DB%2526hlv%253D66cafa7e-8480-46e0-999a-33480a01000f%2523v_412620988 HTTP/1.1" 200 246
54.36.148.132 - - [28/Feb/2025:00:37:53 +0100] "GET /ticket2/opencms/is/buy?page=1&edid=E5A432C8-DA4B-0B1D-D158-7FE1F332A199 HTTP/1.1" 200 108565
34.203.111.15 - - [28/Feb/2025:00:37:54 +0100] "GET /ticket2/opencms/sites/ticketbrokerage/sv/tickets/liverpool/chelsea.html HTTP/1.1" 404 -
20.171.207.246 - - [28/Feb/2025:00:37:54 +0100] "GET /ticket2/opencms/set_aff_cookie.jsp?partner=8F6DE15D-D831-5787-AE7E-FEFF53476F85&url=%252Fen%252Fbuy%252Findex.html%253Fpage%253D1%2526edid%253D10597F35-2AC7-31D2-FB61-15A36BB6D73B%2526hlv%253D666d451e-3d88-4cae-ad96-64610a01000f%2523v_936440186 HTTP/1.1" 200 246
202.8.40.249 - - [28/Feb/2025:00:37:54 +0100] "GET /ticket2/opencms/system/modules/com.gridnine.opencms.ticketbrokerage.site/resources/css/jquery-ui.css HTTP/1.1" 200 33221
202.8.40.249 - - [28/Feb/2025:00:37:54 +0100] "GET /ticket2/opencms/system/modules/com.gridnine.opencms.ticketbrokerage.site/resources/css/ticketbrokerage.css HTTP/1.1" 200 39339
202.8.40.249 - - [28/Feb/2025:00:37:54 +0100] "GET /ticket2/opencms/system/modules/com.gridnine.opencms.ticketbrokerage.site/resources/css/standard.css HTTP/1.1" 200 74207
202.8.40.249 - - [28/Feb/2025:00:37:54 +0100] "GET /ticket2/opencms/system/modules/com.gridnine.opencms.ticketbrokerage.site/resources/css/calendar.css HTTP/1.1" 200 6871
202.8.40.249 - - [28/Feb/2025:00:37:54 +0100] "GET /ticket2/opencms/system/modules/com.gridnine.opencms.ticketbrokerage.site/resources/css/jquery.fancybox.css HTTP/1.1" 200 4939
202.8.40.249 - - [28/Feb/2025:00:37:55 +0100] "GET /ticket2/opencms/system/modules/com.gridnine.opencms.ticketbrokerage.site/resources/js/jquery/jquery.js HTTP/1.1" 200 93868
202.8.40.249 - - [28/Feb/2025:00:37:55 +0100] "GET /ticket2/opencms/system/modules/com.gridnine.opencms.ticketbrokerage.site/resources/js/calendar.js HTTP/1.1" 200 49229
202.8.40.249 - - [28/Feb/2025:00:37:55 +0100] "GET /ticket2/opencms/system/modules/com.gridnine.opencms.ticketbrokerage.site/resources/js/functions.js HTTP/1.1" 200 1583
202.8.40.249 - - [28/Feb/2025:00:37:55 +0100] "GET /ticket2/opencms/system/modules/com.gridnine.opencms.ticketbrokerage.site/resources/js/jquery/jquery-ui.js HTTP/1.1" 200 228088
202.8.40.249 - - [28/Feb/2025:00:37:55 +0100] "GET /ticket2/opencms/system/modules/com.gridnine.opencms.ticketbrokerage.site/resources/js/calendar-en.js HTTP/1.1" 200 3338
202.8.40.249 - - [28/Feb/2025:00:37:55 +0100] "GET /ticket2/opencms/system/modules/com.gridnine.opencms.ticketbrokerage.site/resources/js/stickyfill.min.js HTTP/1.1" 200 5672
202.8.40.249 - - [28/Feb/2025:00:37:55 +0100] "GET /ticket2/opencms/system/modules/com.gridnine.opencms.ticketbrokerage.site/resources/js/jquery.fancybox.pack.js HTTP/1.1" 200 23187
202.8.40.249 - - [28/Feb/2025:00:37:55 +0100] "GET /ticket2/opencms/system/modules/com.gridnine.opencms.ticketbrokerage.site/resources/js/standard.js HTTP/1.1" 200 3983
202.8.40.249 - - [28/Feb/2025:00:37:55 +0100] "GET /ticket2/opencms/system/modules/com.gridnine.opencms.ticketbrokerage.site/resources/js/calendar-setup.js HTTP/1.1" 200 4923
202.8.40.249 - - [28/Feb/2025:00:37:55 +0100] "GET /ticket2/opencms/system/modules/com.gridnine.opencms.ticketbrokerage.site/resources/js/jquery.placeholder.min.js HTTP/1.1" 200 1737
202.8.40.249 - - [28/Feb/2025:00:37:55 +0100] "GET /ticket2/opencms/system/modules/com.gridnine.opencms.ticketbrokerage.site/resources/js/common-ajax.js HTTP/1.1" 200 20175
202.8.40.249 - - [28/Feb/2025:00:37:55 +0100] "GET /ticket2/opencms/is/ask-form.html HTTP/1.1" 200 3156
202.8.40.249 - - [28/Feb/2025:00:37:55 +0100] "GET /ticket2/opencms/system/modules/com.gridnine.opencms.ticketbrokerage.site/resources/css/ticketbrokerage.css HTTP/1.1" 200 39339
20.171.207.246 - - [28/Feb/2025:00:37:56 +0100] "GET /ticket2/opencms/set_aff_cookie.jsp?partner=5E0CDF29-E7BE-9F6B-6869-7BF66B04006F&url=%252Fen%252Fbuy%252Findex.html%253Fpage%253D1%2526edid%253D66C22035-E7EA-E10A-4BFC-2C30733037DC%2526hlv%253D666d4a38-9d5c-434e-a439-6bb30a01000f%2523v1330847715 HTTP/1.1" 200 246
66.249.72.7 - - [28/Feb/2025:00:37:56 +0100] "GET /ticket2/opencms/de/buying_tickets/ HTTP/1.1" 200 91880
20.171.207.246 - - [28/Feb/2025:00:37:57 +0100] "GET /ticket2/opencms/set_aff_cookie.jsp?partner=5E0CDF29-E7BE-9F6B-6869-7BF66B04006F&url=%252Fsv%252Fbuy%252Findex.html%253Fpage%253D1%2526edid%253DE8BA54CC-B112-3D61-BE02-1B4D1E4F63D1%2526hlv%253D666ddc0d-873c-4279-8667-6a330a01000f%2523v_1989556122 HTTP/1.1" 200 247
85.208.96.206 - - [28/Feb/2025:00:37:57 +0100] "GET /ticket2/opencms/sk/magazine/article?title=brighton-and-hove-albion HTTP/1.1" 200 93204
173.252.87.13 - - [28/Feb/2025:00:37:57 +0100] "GET /ticket2/opencms/et/sport/jalgpallipiletid/bundesliga/koln HTTP/1.1" 200 96041
20.171.207.246 - - [28/Feb/2025:00:37:58 +0100] "GET /ticket2/opencms/set_aff_cookie.jsp?partner=8F6DE15D-D831-5787-AE7E-FEFF53476F85&url=%252Fen%252Fbuy%252Findex.html%253Fpage%253D1%2526edid%253D150C2B47-38EB-0C0E-C664-5F863E9426DB%2526hlv%253D66cafa7f-e8a8-4d35-9e62-33480a01000f%2523v_2128487148 HTTP/1.1" 200 247
20.171.207.246 - - [28/Feb/2025:00:37:59 +0100] "GET /ticket2/opencms/set_aff_cookie.jsp?partner=2E02071B-A8C3-4CBA-3097-C27D61C02ED8&url=%252Fdk%252Fbuy%252Findex.html%253Fpage%253D1%2526edid%253DE8BA54CC-B112-3D61-BE02-1B4D1E4F63D1%2526hlv%253D666ddc0f-1624-43d7-925f-6a330a01000f%2523v_1854594505 HTTP/1.1" 200 247
114.119.136.30 - - [28/Feb/2025:00:38:00 +0100] "GET /ticket2/opencms/nl/buy?page=1&=AC0F73E1-0232-61EB-B03D-E2D48293DDC3 HTTP/1.1" 200 -
173.252.107.26 - - [28/Feb/2025:00:38:00 +0100] "GET /ticket2/opencms/bs/buy?page=1&edid=C019DBB8-FF11-8C7C-90B0-E1EB2510B252 HTTP/1.1" 200 111568
20.171.207.246 - - [28/Feb/2025:00:38:00 +0100] "GET /ticket2/opencms/set_aff_cookie.jsp?partner=8F6DE15D-D831-5787-AE7E-FEFF53476F85&url=%252Ffi%252Fbuy%252Findex.html%253Fpage%253D1%2526edid%253DDD7009E0-BEDD-5FDF-FBEC-9803C9276491%2526hlv%253D6144852c-5e98-4b58-a935-734b0a01000f%2523v_2110918077 HTTP/1.1" 200 247
20.171.207.246 - - [28/Feb/2025:00:38:01 +0100] "GET /ticket2/opencms/set_aff_cookie.jsp?partner=8F6DE15D-D831-5787-AE7E-FEFF53476F85&url=%252Fdk%252Fbuy%252Findex.html%253Fpage%253D1%2526edid%253D70EF0ABB-9A80-4CE0-EE48-CC9265C1B361%2526hlv%253D6692485e-06a0-44d7-97a5-16d80a01000f%2523v_950407814 HTTP/1.1" 200 246
20.171.207.246 - - [28/Feb/2025:00:38:03 +0100] "GET /ticket2/opencms/set_aff_cookie.jsp?partner=2E02071B-A8C3-4CBA-3097-C27D61C02ED8&url=%252Ffi%252Fbuy%252Findex.html%253Fpage%253D1%2526edid%253D160DAC9A-2A77-6FDC-52B8-296352B1ABF1%2526hlv%253D666c4b54-769c-41cb-8d79-3e290a01000f%2523v_1424580480 HTTP/1.1" 200 247
154.54.249.216 - - [28/Feb/2025:00:38:03 +0100] "GET /ticket2/opencms/de/buy?page=1&edid=B9BDEAF5-F51E-A11C-141F-68C6CA1EBFF7 HTTP/1.1" 200 108342
20.171.207.246 - - [28/Feb/2025:00:38:04 +0100] "GET /ticket2/opencms/set_aff_cookie.jsp?partner=2E02071B-A8C3-4CBA-3097-C27D61C02ED8&url=%252Fsv%252Fbuy%252Findex.html%253Fpage%253D1%2526edid%253D24A843F5-AE99-1BDD-5A34-93381BE14187%2526hlv%253D6698d3ac-44ac-44a9-b688-3e8f0a01000f%2523v_127199814 HTTP/1.1" 200 246
20.171.207.246 - - [28/Feb/2025:00:38:05 +0100] "GET /ticket2/opencms/set_aff_cookie.jsp?partner=5E0CDF29-E7BE-9F6B-6869-7BF66B04006F&url=%252Fdk%252Fbuy%252Findex.html%253Fpage%253D1%2526edid%253D66FFE717-0C93-3F01-2AC8-8E7FC5F9BAB1%2526hlv%253D6689076b-934c-4c44-9941-1ba70a01000f%2523v1331275948 HTTP/1.1" 200 246
20.171.207.246 - - [28/Feb/2025:00:38:06 +0100] "GET /ticket2/opencms/set_aff_cookie.jsp?partner=2E02071B-A8C3-4CBA-3097-C27D61C02ED8&url=%252Fdk%252Fbuy%252Findex.html%253Fpage%253D1%2526edid%253D6C1ED87B-DDA5-3BB2-3EDA-87860E37D5E0%2526hlv%253D668844c7-f920-46e5-b58d-34100a01000f%2523v_300856642 HTTP/1.1" 200 246
46.250.169.224 - - [28/Feb/2025:00:38:06 +0100] "GET /ticket2/opencms/bg/buy/?page=1&edid=87B3356E-6F78-7F45-235C-4CD49B95C308 HTTP/1.1" 200 137947
54.36.149.1 - - [28/Feb/2025:00:38:07 +0100] "GET /ticket2/opencms/sl/sport/nogometne-vstopnice/bundesliga/bayern-munchen HTTP/1.1" 200 99769
20.171.207.246 - - [28/Feb/2025:00:38:07 +0100] "GET /ticket2/opencms/set_aff_cookie.jsp?partner=8F6DE15D-D831-5787-AE7E-FEFF53476F85&url=%252Fen%252Fbuy%252Findex.html%253Fpage%253D1%2526edid%253D70EF0ABB-9A80-4CE0-EE48-CC9265C1B361%2526hlv%253D6692485b-d024-4c4d-a415-16d80a01000f%2523v_1252849947 HTTP/1.1" 200 247
202.8.43.89 - - [28/Feb/2025:00:38:08 +0100] "GET /ticket2/opencms/system/modules/com.gridnine.opencms.ticketbrokerage.site/resources/css/jquery.fancybox.css HTTP/1.1" 200 4939
202.8.43.89 - - [28/Feb/2025:00:38:08 +0100] "GET /ticket2/opencms/system/modules/com.gridnine.opencms.ticketbrokerage.site/resources/css/ticketbrokerage.css HTTP/1.1" 200 39339
202.8.43.89 - - [28/Feb/2025:00:38:08 +0100] "GET /ticket2/opencms/system/modules/com.gridnine.opencms.ticketbrokerage.site/resources/css/calendar.css HTTP/1.1" 200 6871
202.8.43.89 - - [28/Feb/2025:00:38:08 +0100] "GET /ticket2/opencms/system/modules/com.gridnine.opencms.ticketbrokerage.site/resources/css/standard.css HTTP/1.1" 200 74207
202.8.43.89 - - [28/Feb/2025:00:38:08 +0100] "GET /ticket2/opencms/system/modules/com.gridnine.opencms.ticketbrokerage.site/resources/css/jquery-ui.css HTTP/1.1" 200 33221
202.8.43.89 - - [28/Feb/2025:00:38:08 +0100] "GET /ticket2/opencms/system/modules/com.gridnine.opencms.ticketbrokerage.site/resources/js/jquery/jquery.js HTTP/1.1" 200 93868
47.128.35.219 - - [28/Feb/2025:00:38:08 +0100] "GET /ticket2/opencms/az/buy/?edid=7C66830B-04B4-AE40-EDE3-9E8728F88692 HTTP/1.1" 200 91805
202.8.43.89 - - [28/Feb/2025:00:38:08 +0100] "GET /ticket2/opencms/system/modules/com.gridnine.opencms.ticketbrokerage.site/resources/js/functions.js HTTP/1.1" 200 1583
202.8.43.89 - - [28/Feb/2025:00:38:08 +0100] "GET /ticket2/opencms/system/modules/com.gridnine.opencms.ticketbrokerage.site/resources/js/jquery/jquery-ui.js HTTP/1.1" 200 228088
202.8.43.89 - - [28/Feb/2025:00:38:08 +0100] "GET /ticket2/opencms/system/modules/com.gridnine.opencms.ticketbrokerage.site/resources/js/calendar-en.js HTTP/1.1" 200 3338
202.8.43.89 - - [28/Feb/2025:00:38:08 +0100] "GET /ticket2/opencms/system/modules/com.gridnine.opencms.ticketbrokerage.site/resources/js/calendar.js HTTP/1.1" 200 49229
202.8.43.89 - - [28/Feb/2025:00:38:08 +0100] "GET /ticket2/opencms/system/modules/com.gridnine.opencms.ticketbrokerage.site/resources/js/calendar-setup.js HTTP/1.1" 200 4923
202.8.43.89 - - [28/Feb/2025:00:38:08 +0100] "GET /ticket2/opencms/system/modules/com.gridnine.opencms.ticketbrokerage.site/resources/js/jquery.fancybox.pack.js HTTP/1.1" 200 23187
202.8.43.89 - - [28/Feb/2025:00:38:08 +0100] "GET /ticket2/opencms/system/modules/com.gridnine.opencms.ticketbrokerage.site/resources/js/stickyfill.min.js HTTP/1.1" 200 5672
202.8.43.89 - - [28/Feb/2025:00:38:08 +0100] "GET /ticket2/opencms/system/modules/com.gridnine.opencms.ticketbrokerage.site/resources/js/standard.js HTTP/1.1" 200 3983
202.8.43.89 - - [28/Feb/2025:00:38:08 +0100] "GET /ticket2/opencms/system/modules/com.gridnine.opencms.ticketbrokerage.site/resources/js/jquery.placeholder.min.js HTTP/1.1" 200 1737
202.8.43.89 - - [28/Feb/2025:00:38:08 +0100] "GET /ticket2/opencms/system/modules/com.gridnine.opencms.ticketbrokerage.site/resources/js/common-ajax.js HTTP/1.1" 200 20175
20.171.207.246 - - [28/Feb/2025:00:38:08 +0100] "GET /ticket2/opencms/set_aff_cookie.jsp?partner=8F6DE15D-D831-5787-AE7E-FEFF53476F85&url=%252Fsv%252Fbuy%252Findex.html%253Fpage%253D1%2526edid%253D66C22035-E7EA-E10A-4BFC-2C30733037DC%2526hlv%253D666d4a38-81b0-42d8-86ec-6bb30a01000f%2523v1843241588 HTTP/1.1" 200 246
20.171.207.246 - - [28/Feb/2025:00:38:09 +0100] "GET /ticket2/opencms/set_aff_cookie.jsp?partner=57601924-FB09-5BB2-867F-08B4EB522BA8&url=%252Fdk%252Fbuy%252Findex.html%253Fpage%253D1%2526edid%253D457A4AFF-A6EF-C071-9DEF-1F13C05D6B21%2526hlv%253D611514f6-58b0-402b-bd71-7a5b0a01000f%2523v_1381984752 HTTP/1.1" 200 247
20.171.207.246 - - [28/Feb/2025:00:38:11 +0100] "GET /ticket2/opencms/set_aff_cookie.jsp?partner=57601924-FB09-5BB2-867F-08B4EB522BA8&url=%252Fen%252Fbuy%252Findex.html%253Fpage%253D1%2526edid%253D66FFE717-0C93-3F01-2AC8-8E7FC5F9BAB1%2526hlv%253D6689076a-b340-43f0-98cf-1ba70a01000f%2523v714845692 HTTP/1.1" 200 245
20.171.207.246 - - [28/Feb/2025:00:38:12 +0100] "GET /ticket2/opencms/set_aff_cookie.jsp?partner=2E02071B-A8C3-4CBA-3097-C27D61C02ED8&url=%252Fru%252Fbuy%252Findex.html%253Fpage%253D1%2526edid%253D697BE447-74B7-A748-152F-A1818DA4BEC9%2526hlv%253D666d6f1d-b34c-421b-8b72-0c190a01000f%2523v_117731810 HTTP/1.1" 200 246
216.244.66.238 - - [28/Feb/2025:00:38:13 +0100] "GET /ticket2/opencms/nl/buy?page=1&edid=FDC70D4B-A88B-5334-5A88-AC1F94FAEBF8 HTTP/1.1" 200 108386
54.36.148.35 - - [28/Feb/2025:00:38:13 +0100] "GET /ticket2/opencms/sk/magazine/article?title=luka-modric-zostava-v-reale-madrid HTTP/1.1" 200 96126
20.171.207.246 - - [28/Feb/2025:00:38:13 +0100] "GET /ticket2/opencms/set_aff_cookie.jsp?partner=8F6DE15D-D831-5787-AE7E-FEFF53476F85&url=%252Fdk%252Fbuy%252Findex.html%253Fpage%253D1%2526edid%253D68B485F7-9483-6E4F-656D-602EE2AC621D%2526hlv%253D666d4b76-a96c-4ec7-91fd-68b70a01000f%2523v_1058756668 HTTP/1.1" 200 247
20.171.207.246 - - [28/Feb/2025:00:38:14 +0100] "GET /ticket2/opencms/set_aff_cookie.jsp?partner=5E0CDF29-E7BE-9F6B-6869-7BF66B04006F&url=%252Fnl%252Fbuy%252Findex.html%253Fpage%253D1%2526edid%253D681ED521-EBC9-E1AB-D0B9-DB2B7375D564%2526hlv%253D60f81639-f594-4456-b27b-5b6e0a01000f%2523v_1777416201 HTTP/1.1" 200 247
20.171.207.246 - - [28/Feb/2025:00:38:15 +0100] "GET /ticket2/opencms/set_aff_cookie.jsp?partner=8F6DE15D-D831-5787-AE7E-FEFF53476F85&url=%252Fdk%252Fbuy%252Findex.html%253Fpage%253D1%2526edid%253D65E16DAE-FB3A-0D73-DEF4-C746943F02B1%2526hlv%253D61152000-b380-44eb-a204-06080a01000f%2523v_132404430 HTTP/1.1" 200 246
20.171.207.246 - - [28/Feb/2025:00:38:16 +0100] "GET /ticket2/opencms/set_aff_cookie.jsp?partner=57601924-FB09-5BB2-867F-08B4EB522BA8&url=%252Fdk%252Fbuy%252Findex.html%253Fpage%253D1%2526edid%253D76EC6065-A9FD-2158-21EE-D9457194B3F1%2526hlv%253D60c9ebe9-c94c-4b48-bdce-28790a01000f%2523v_608039334 HTTP/1.1" 200 246
157.55.39.202 - - [28/Feb/2025:00:38:17 +0100] "GET /ticket2/opencms/bs/buy?page=1&edid=C64002B7-B7A3-A646-1770-7E79C914EDA5 HTTP/1.1" 200 135045
20.171.207.246 - - [28/Feb/2025:00:38:17 +0100] "GET /ticket2/opencms/set_aff_cookie.jsp?partner=2E02071B-A8C3-4CBA-3097-C27D61C02ED8&url=%252Fdk%252Fbuy%252Findex.html%253Fpage%253D1%2526edid%253D1B0DA330-38AA-5CD6-6C89-F2963014EF68%2526hlv%253D610bcf9a-8bb0-4740-bda5-16280a01000f%2523v_353111812 HTTP/1.1" 200 246
54.36.148.63 - - [28/Feb/2025:00:38:18 +0100] "GET /ticket2/opencms/bs/buy?page=1&edid=5605B728-A815-14DD-9E19-09BABDE81131 HTTP/1.1" 200 111410
20.171.207.246 - - [28/Feb/2025:00:38:19 +0100] "GET /ticket2/opencms/set_aff_cookie.jsp?partner=5E0CDF29-E7BE-9F6B-6869-7BF66B04006F&url=%252Fdk%252Fbuy%252Findex.html%253Fpage%253D1%2526edid%253D6F6062BE-21E9-FCCC-41A7-E76CFE6D47E3%2526hlv%253D66938920-81c8-409e-9e22-703c0a01000f%2523v_1466008328 HTTP/1.1" 200 247
202.8.40.195 - - [28/Feb/2025:00:38:19 +0100] "GET /ticket2/opencms/system/modules/com.gridnine.opencms.ticketbrokerage.site/resources/css/calendar.css HTTP/1.1" 200 6871
202.8.40.195 - - [28/Feb/2025:00:38:19 +0100] "GET /ticket2/opencms/system/modules/com.gridnine.opencms.ticketbrokerage.site/resources/css/ticketbrokerage.css HTTP/1.1" 200 39339
202.8.40.195 - - [28/Feb/2025:00:38:19 +0100] "GET /ticket2/opencms/system/modules/com.gridnine.opencms.ticketbrokerage.site/resources/css/standard.css HTTP/1.1" 200 74207
202.8.40.195 - - [28/Feb/2025:00:38:19 +0100] "GET /ticket2/opencms/system/modules/com.gridnine.opencms.ticketbrokerage.site/resources/css/jquery-ui.css HTTP/1.1" 200 33221
202.8.40.195 - - [28/Feb/2025:00:38:19 +0100] "GET /ticket2/opencms/system/modules/com.gridnine.opencms.ticketbrokerage.site/resources/js/jquery/jquery.js HTTP/1.1" 200 93868
202.8.40.195 - - [28/Feb/2025:00:38:19 +0100] "GET /ticket2/opencms/system/modules/com.gridnine.opencms.ticketbrokerage.site/resources/css/jquery.fancybox.css HTTP/1.1" 200 4939
202.8.40.195 - - [28/Feb/2025:00:38:19 +0100] "GET /ticket2/opencms/system/modules/com.gridnine.opencms.ticketbrokerage.site/resources/js/calendar.js HTTP/1.1" 200 49229
202.8.40.195 - - [28/Feb/2025:00:38:19 +0100] "GET /ticket2/opencms/system/modules/com.gridnine.opencms.ticketbrokerage.site/resources/js/functions.js HTTP/1.1" 200 1583
202.8.40.195 - - [28/Feb/2025:00:38:19 +0100] "GET /ticket2/opencms/system/modules/com.gridnine.opencms.ticketbrokerage.site/resources/js/jquery/jquery-ui.js HTTP/1.1" 200 228088
202.8.40.195 - - [28/Feb/2025:00:38:19 +0100] "GET /ticket2/opencms/system/modules/com.gridnine.opencms.ticketbrokerage.site/resources/js/calendar-setup.js HTTP/1.1" 200 4923
202.8.40.195 - - [28/Feb/2025:00:38:19 +0100] "GET /ticket2/opencms/system/modules/com.gridnine.opencms.ticketbrokerage.site/resources/js/calendar-en.js HTTP/1.1" 200 3338
202.8.40.195 - - [28/Feb/2025:00:38:20 +0100] "GET /ticket2/opencms/system/modules/com.gridnine.opencms.ticketbrokerage.site/resources/js/jquery.fancybox.pack.js HTTP/1.1" 200 23187
202.8.40.195 - - [28/Feb/2025:00:38:20 +0100] "GET /ticket2/opencms/system/modules/com.gridnine.opencms.ticketbrokerage.site/resources/js/standard.js HTTP/1.1" 200 3983
202.8.40.195 - - [28/Feb/2025:00:38:20 +0100] "GET /ticket2/opencms/system/modules/com.gridnine.opencms.ticketbrokerage.site/resources/js/stickyfill.min.js HTTP/1.1" 200 5672
202.8.40.195 - - [28/Feb/2025:00:38:20 +0100] "GET /ticket2/opencms/system/modules/com.gridnine.opencms.ticketbrokerage.site/resources/js/jquery.placeholder.min.js HTTP/1.1" 200 1737
20.171.207.246 - - [28/Feb/2025:00:38:20 +0100] "GET /ticket2/opencms/set_aff_cookie.jsp?partner=2E02071B-A8C3-4CBA-3097-C27D61C02ED8&url=%252Fno%252Fbuy%252Findex.html%253Fpage%253D1%2526edid%253D697BE447-74B7-A748-152F-A1818DA4BEC9%2526hlv%253D666d6f20-b580-45f7-8eee-0c190a01000f%2523v_846076391 HTTP/1.1" 200 246
202.8.40.195 - - [28/Feb/2025:00:38:20 +0100] "GET /ticket2/opencms/system/modules/com.gridnine.opencms.ticketbrokerage.site/resources/js/common-ajax.js HTTP/1.1" 200 20175
202.8.40.195 - - [28/Feb/2025:00:38:20 +0100] "GET /ticket2/opencms/bs/ask-form.html HTTP/1.1" 200 3156
202.8.40.195 - - [28/Feb/2025:00:38:20 +0100] "GET /ticket2/opencms/system/modules/com.gridnine.opencms.ticketbrokerage.site/resources/css/ticketbrokerage.css HTTP/1.1" 200 39339
20.171.207.246 - - [28/Feb/2025:00:38:21 +0100] "GET /ticket2/opencms/set_aff_cookie.jsp?partner=8F6DE15D-D831-5787-AE7E-FEFF53476F85&url=%252Fru%252Fbuy%252Findex.html%253Fpage%253D1%2526edid%253D10597F35-2AC7-31D2-FB61-15A36BB6D73B%2526hlv%253D666d4520-bfd0-4cd9-a322-64610a01000f%2523v_782165424 HTTP/1.1" 200 246
20.171.207.246 - - [28/Feb/2025:00:38:22 +0100] "GET /ticket2/opencms/set_aff_cookie.jsp?partner=2E02071B-A8C3-4CBA-3097-C27D61C02ED8&url=%252Fnl%252Fbuy%252Findex.html%253Fpage%253D1%2526edid%253DE8BA54CC-B112-3D61-BE02-1B4D1E4F63D1%2526hlv%253D666ddc0f-626c-4691-9b05-6a330a01000f%2523v_1209394279 HTTP/1.1" 200 247
20.171.207.246 - - [28/Feb/2025:00:38:23 +0100] "GET /ticket2/opencms/set_aff_cookie.jsp?partner=2E02071B-A8C3-4CBA-3097-C27D61C02ED8&url=%252Fno%252Fbuy%252Findex.html%253Fpage%253D1%2526edid%253D66C22035-E7EA-E10A-4BFC-2C30733037DC%2526hlv%253D66d0931c-a82c-4f32-a9f8-4ad90a01000f%2523v1956755329 HTTP/1.1" 200 246
20.171.207.246 - - [28/Feb/2025:00:38:24 +0100] "GET /ticket2/opencms/set_aff_cookie.jsp?partner=57601924-FB09-5BB2-867F-08B4EB522BA8&url=%252Fru%252Fbuy%252Findex.html%253Fpage%253D1%2526edid%253D1DBF14B5-C823-5399-D365-712859C1D3D3%2526hlv%253D60f84fa1-d4fc-4ba1-ba1b-6ecf0a01000f%2523v_1539215351 HTTP/1.1" 200 247
20.171.207.246 - - [28/Feb/2025:00:38:26 +0100] "GET /ticket2/opencms/set_aff_cookie.jsp?partner=8F6DE15D-D831-5787-AE7E-FEFF53476F85&url=%252Fdk%252Fbuy%252Findex.html%253Fpage%253D1%2526edid%253D6ED08D04-7263-AC79-DA04-AFB97DC97A00%2526hlv%253D6693908e-64ec-4660-8f1f-74840a01000f%2523v_289889636 HTTP/1.1" 200 246
185.191.171.4 - - [28/Feb/2025:00:38:26 +0100] "GET /ticket2/opencms/bg/magazine/article?title=crystal-palace-naj-dobrite-fenove-v-premiur-liga HTTP/1.1" 200 97562
20.171.207.246 - - [28/Feb/2025:00:38:27 +0100] "GET /ticket2/opencms/set_aff_cookie.jsp?partner=2E02071B-A8C3-4CBA-3097-C27D61C02ED8&url=%252Fdk%252Fbuy%252Findex.html%253Fpage%253D1%2526edid%253D6BB08CE9-0D81-41FE-EE1F-F84E2D4B4721%2526hlv%253D66cf0d18-8c78-4af9-9477-29010a01000f%2523v_103173689 HTTP/1.1" 200 246
20.171.207.246 - - [28/Feb/2025:00:38:28 +0100] "GET /ticket2/opencms/set_aff_cookie.jsp?partner=23A6AD98-906E-5BDD-600E-EC4EC8A45F97&url=%252Fen%252Fbuy%252Findex.html%253Fpage%253D1%2526edid%253D6ED08D04-7263-AC79-DA04-AFB97DC97A00%2526hlv%253D6693908f-0cec-4e80-9039-74840a01000f%2523v_234841797 HTTP/1.1" 200 246
20.171.207.246 - - [28/Feb/2025:00:38:29 +0100] "GET /ticket2/opencms/set_aff_cookie.jsp?partner=57601924-FB09-5BB2-867F-08B4EB522BA8&url=%252Fno%252Fbuy%252Findex.html%253Fpage%253D1%2526edid%253DCD9CCE5B-E45C-7CA4-806C-47052D704B01%2526hlv%253D60f82010-09d8-4cc9-a6df-5e5c0a01000f%2523v_1027876736 HTTP/1.1" 200 247
47.128.62.21 - - [28/Feb/2025:00:38:30 +0100] "GET /ticket2/opencms/sr/magazine/article?title=bukajo-ajojinka-t-m-saka HTTP/1.1" 200 94933
20.171.207.246 - - [28/Feb/2025:00:38:30 +0100] "GET /ticket2/opencms/set_aff_cookie.jsp?partner=2E02071B-A8C3-4CBA-3097-C27D61C02ED8&url=%252Fdk%252Fbuy%252Findex.html%253Fpage%253D1%2526edid%253D3365A2FF-D272-1DCA-3F68-9640C946FBC1%2526hlv%253D61151f6f-8f58-4f63-a6d6-05ee0a01000f%2523v_1540111736 HTTP/1.1" 200 247
20.171.207.246 - - [28/Feb/2025:00:38:31 +0100] "GET /ticket2/opencms/set_aff_cookie.jsp?partner=2E02071B-A8C3-4CBA-3097-C27D61C02ED8&url=%252Fdk%252Fbuy%252Findex.html%253Fpage%253D1%2526edid%253D616E0307-EF5A-C0BC-E2E4-858595D5400D%2526hlv%253D60c9e9a2-e0c8-4479-a18a-271f0a01000f%2523v_744208480 HTTP/1.1" 200 246
54.36.148.50 - - [28/Feb/2025:00:38:32 +0100] "GET /ticket2/opencms/ka/buy?page=1&edid=5605B728-A815-14DD-9E19-09BABDE81131 HTTP/1.1" 200 117847
20.171.207.246 - - [28/Feb/2025:00:38:32 +0100] "GET /ticket2/opencms/set_aff_cookie.jsp?partner=2E02071B-A8C3-4CBA-3097-C27D61C02ED8&url=%252Fnl%252Fbuy%252Findex.html%253Fpage%253D1%2526edid%253DC68D3A19-7AB1-B0F6-2F8E-E937CB754241%2526hlv%253D669388d8-8ab8-4c18-8f7b-6fc60a01000f%2523v_1123725225 HTTP/1.1" 200 247
202.8.43.61 - - [28/Feb/2025:00:38:34 +0100] "GET /ticket2/opencms/system/modules/com.gridnine.opencms.ticketbrokerage.site/resources/css/ticketbrokerage.css HTTP/1.1" 200 39339
202.8.43.61 - - [28/Feb/2025:00:38:34 +0100] "GET /ticket2/opencms/system/modules/com.gridnine.opencms.ticketbrokerage.site/resources/css/jquery-ui.css HTTP/1.1" 200 33221
202.8.43.61 - - [28/Feb/2025:00:38:34 +0100] "GET /ticket2/opencms/system/modules/com.gridnine.opencms.ticketbrokerage.site/resources/css/calendar.css HTTP/1.1" 200 6871
202.8.43.61 - - [28/Feb/2025:00:38:34 +0100] "GET /ticket2/opencms/system/modules/com.gridnine.opencms.ticketbrokerage.site/resources/css/standard.css HTTP/1.1" 200 74207
20.171.207.246 - - [28/Feb/2025:00:38:34 +0100] "GET /ticket2/opencms/set_aff_cookie.jsp?partner=8F6DE15D-D831-5787-AE7E-FEFF53476F85&url=%252Fno%252Fbuy%252Findex.html%253Fpage%253D1%2526edid%253DC68D3A19-7AB1-B0F6-2F8E-E937CB754241%2526hlv%253D669388d5-bfd0-44a2-9791-6fc60a01000f%2523v_2057348895 HTTP/1.1" 200 247
202.8.43.61 - - [28/Feb/2025:00:38:34 +0100] "GET /ticket2/opencms/system/modules/com.gridnine.opencms.ticketbrokerage.site/resources/css/jquery.fancybox.css HTTP/1.1" 200 4939
202.8.43.61 - - [28/Feb/2025:00:38:34 +0100] "GET /ticket2/opencms/system/modules/com.gridnine.opencms.ticketbrokerage.site/resources/js/jquery/jquery-ui.js HTTP/1.1" 200 228088
202.8.43.61 - - [28/Feb/2025:00:38:34 +0100] "GET /ticket2/opencms/system/modules/com.gridnine.opencms.ticketbrokerage.site/resources/js/jquery/jquery.js HTTP/1.1" 200 93868
202.8.43.61 - - [28/Feb/2025:00:38:34 +0100] "GET /ticket2/opencms/system/modules/com.gridnine.opencms.ticketbrokerage.site/resources/js/functions.js HTTP/1.1" 200 1583
202.8.43.61 - - [28/Feb/2025:00:38:34 +0100] "GET /ticket2/opencms/system/modules/com.gridnine.opencms.ticketbrokerage.site/resources/js/calendar.js HTTP/1.1" 200 49229
154.54.249.216 - - [28/Feb/2025:00:38:34 +0100] "GET /ticket2/opencms/de/buy?page=1&edid=C679FB28-6B69-BA52-CE13-F9A24AD8BC7E HTTP/1.1" 200 89821
202.8.43.61 - - [28/Feb/2025:00:38:34 +0100] "GET /ticket2/opencms/system/modules/com.gridnine.opencms.ticketbrokerage.site/resources/js/calendar-en.js HTTP/1.1" 200 3338
202.8.43.61 - - [28/Feb/2025:00:38:34 +0100] "GET /ticket2/opencms/system/modules/com.gridnine.opencms.ticketbrokerage.site/resources/js/calendar-setup.js HTTP/1.1" 200 4923
202.8.43.61 - - [28/Feb/2025:00:38:34 +0100] "GET /ticket2/opencms/system/modules/com.gridnine.opencms.ticketbrokerage.site/resources/js/jquery.fancybox.pack.js HTTP/1.1" 200 23187
202.8.43.61 - - [28/Feb/2025:00:38:34 +0100] "GET /ticket2/opencms/system/modules/com.gridnine.opencms.ticketbrokerage.site/resources/js/stickyfill.min.js HTTP/1.1" 200 5672
202.8.43.61 - - [28/Feb/2025:00:38:34 +0100] "GET /ticket2/opencms/system/modules/com.gridnine.opencms.ticketbrokerage.site/resources/js/standard.js HTTP/1.1" 200 3983
202.8.43.61 - - [28/Feb/2025:00:38:34 +0100] "GET /ticket2/opencms/system/modules/com.gridnine.opencms.ticketbrokerage.site/resources/js/jquery.placeholder.min.js HTTP/1.1" 200 1737
202.8.43.61 - - [28/Feb/2025:00:38:34 +0100] "GET /ticket2/opencms/system/modules/com.gridnine.opencms.ticketbrokerage.site/resources/js/common-ajax.js HTTP/1.1" 200 20175
202.8.43.61 - - [28/Feb/2025:00:38:34 +0100] "GET /ticket2/opencms/ka/ask-form.html HTTP/1.1" 200 3156
202.8.43.61 - - [28/Feb/2025:00:38:34 +0100] "GET /ticket2/opencms/system/modules/com.gridnine.opencms.ticketbrokerage.site/resources/css/ticketbrokerage.css HTTP/1.1" 200 39339
20.171.207.246 - - [28/Feb/2025:00:38:35 +0100] "GET /ticket2/opencms/set_aff_cookie.jsp?partner=2E02071B-A8C3-4CBA-3097-C27D61C02ED8&url=%252Fen%252Fbuy%252Findex.html%253Fpage%253D1%2526edid%253D1291CD6B-4651-52CC-8D36-B0FB58FEEDFA%2526hlv%253D66704ab9-2760-4296-a418-69a10a01000f%2523v_581265126 HTTP/1.1" 200 246
20.171.207.246 - - [28/Feb/2025:00:38:36 +0100] "GET /ticket2/opencms/set_aff_cookie.jsp?partner=5E0CDF29-E7BE-9F6B-6869-7BF66B04006F&url=%252Fnl%252Fbuy%252Findex.html%253Fpage%253D1%2526edid%253D160DAC9A-2A77-6FDC-52B8-296352B1ABF1%2526hlv%253D666c4b56-5068-411d-ab3d-3e290a01000f%2523v_1379575074 HTTP/1.1" 200 247
185.191.171.11 - - [28/Feb/2025:00:38:36 +0100] "GET /ticket2/opencms/nl/sport/ijshockeytickets/nhl/ HTTP/1.1" 200 85544
20.171.207.246 - - [28/Feb/2025:00:38:37 +0100] "GET /ticket2/opencms/set_aff_cookie.jsp?partner=6F250EA7-4505-FA01-D601-8847F2573405&url=%252Fsv%252Fbuy%252Findex.html%253Fpage%253D1%2526edid%253D1B6F6A2B-A0DA-FF91-EC4E-3DCAA442C25B%2526hlv%253D666d531c-eca8-4b97-8261-72b30a01000f%2523v_1885490124 HTTP/1.1" 200 247
111.119.234.238 - - [28/Feb/2025:00:38:37 +0100] "GET /ticket2/opencms/bg/buy?page=1&edid=F73B99E5-B80D-7F20-3343-FD9C622F3B77 HTTP/1.1" 200 111074
114.119.148.14 - - [28/Feb/2025:00:38:37 +0100] "GET /ticket2/opencms/en/sell/?edid=8A63874A-765C-2949-7E17-CD1789FAFF50 HTTP/1.1" 302 -
114.119.130.154 - - [28/Feb/2025:00:38:38 +0100] "GET /ticket2/opencms/nl/buy?page=1&=7CC9F686-E01E-7AA7-6B2C-57C81D223169 HTTP/1.1" 200 -
20.171.207.246 - - [28/Feb/2025:00:38:38 +0100] "GET /ticket2/opencms/set_aff_cookie.jsp?partner=8F6DE15D-D831-5787-AE7E-FEFF53476F85&url=%252Fen%252Fbuy%252Findex.html%253Fpage%253D1%2526edid%253D6F379414-70C4-400F-51D2-AFD37C8F2BC7%2526hlv%253D666d6ed0-5924-4e1b-b9b7-0c140a01000f%2523v_2025774505 HTTP/1.1" 200 247
20.171.207.246 - - [28/Feb/2025:00:38:39 +0100] "GET /ticket2/opencms/set_aff_cookie.jsp?partner=2E02071B-A8C3-4CBA-3097-C27D61C02ED8&url=%252Fno%252Fbuy%252Findex.html%253Fpage%253D1%2526edid%253D160DAC9A-2A77-6FDC-52B8-296352B1ABF1%2526hlv%253D666c4b56-6488-4fef-8b07-3e290a01000f%2523v_1913112895 HTTP/1.1" 200 247
66.249.76.170 - - [28/Feb/2025:00:38:40 +0100] "GET /ticket2/opencms/bs/buy?page=1&edid=F0845893-AB25-79ED-E273-8681A31846EB&hlv=666d4460-bee4-4b1e-95da-64080a01000f HTTP/1.1" 200 113341
20.171.207.246 - - [28/Feb/2025:00:38:40 +0100] "GET /ticket2/opencms/set_aff_cookie.jsp?partner=5E0CDF29-E7BE-9F6B-6869-7BF66B04006F&url=%252Fnl%252Fbuy%252Findex.html%253Fpage%253D1%2526edid%253D697BE447-74B7-A748-152F-A1818DA4BEC9%2526hlv%253D666d6f1f-61a4-470f-bd39-0c190a01000f%2523v_1193829287 HTTP/1.1" 200 247
20.171.207.246 - - [28/Feb/2025:00:38:42 +0100] "GET /ticket2/opencms/set_aff_cookie.jsp?partner=6F250EA7-4505-FA01-D601-8847F2573405&url=%252Ffi%252Fbuy%252Findex.html%253Fpage%253D1%2526edid%253DAEE686B1-0F06-BE3A-CE07-98C2BAFB7F71%2526hlv%253D611515d7-9b6c-4f03-aa7c-7cee0a01000f%2523v_1938552899 HTTP/1.1" 200 247
114.119.148.14 - - [28/Feb/2025:00:38:42 +0100] "GET /ticket2/opencms/en/login/?url=/en/sell/ HTTP/1.1" 200 90129
20.171.207.246 - - [28/Feb/2025:00:38:43 +0100] "GET /ticket2/opencms/set_aff_cookie.jsp?partner=8F6DE15D-D831-5787-AE7E-FEFF53476F85&url=%252Fnl%252Fbuy%252Findex.html%253Fpage%253D1%2526edid%253D633F01D0-5A5C-9D0B-88C4-F93446CDE176%2526hlv%253D60f8170e-c49c-43b4-a6e4-5cf80a01000f%2523v_2139006271 HTTP/1.1" 200 247
40.77.167.10 - - [28/Feb/2025:00:38:44 +0100] "GET /ticket2/opencms/dk/magazine/article???%20Error%20reading%20resource%20from%20path HTTP/1.1" 200 88096
20.171.207.246 - - [28/Feb/2025:00:38:44 +0100] "GET /ticket2/opencms/set_aff_cookie.jsp?partner=57601924-FB09-5BB2-867F-08B4EB522BA8&url=%252Fdk%252Fbuy%252Findex.html%253Fpage%253D1%2526edid%253D50F7AB81-6A9C-C90F-2794-DEB00B53E681%2526hlv%253D612aadca-1eb4-45b4-a9bc-73000a01000f%2523v_1967807037 HTTP/1.1" 200 247
54.36.148.55 - - [28/Feb/2025:00:38:44 +0100] "GET /ticket2/opencms/hr/buy?page=1&edid=5605B728-A815-14DD-9E19-09BABDE81131 HTTP/1.1" 200 111716
52.167.144.161 - - [28/Feb/2025:00:38:44 +0100] "GET /ticket2/opencms/fi/buy?page=1&edid=B7C31852-4938-05B8-A23C-0248E7A3D5BA HTTP/1.1" 200 112163
20.171.207.246 - - [28/Feb/2025:00:38:45 +0100] "GET /ticket2/opencms/set_aff_cookie.jsp?partner=6F250EA7-4505-FA01-D601-8847F2573405&url=%252Fen%252Fbuy%252Findex.html%253Fpage%253D1%2526edid%253D1DC40ECC-FC78-CDB2-9510-7E73DAAD0489%2526hlv%253D668841af-f4c0-4f50-abd0-31cf0a01000f%2523v_1771604816 HTTP/1.1" 200 247
202.8.43.91 - - [28/Feb/2025:00:38:45 +0100] "GET /ticket2/opencms/system/modules/com.gridnine.opencms.ticketbrokerage.site/resources/css/standard.css HTTP/1.1" 200 74207
202.8.43.91 - - [28/Feb/2025:00:38:45 +0100] "GET /ticket2/opencms/system/modules/com.gridnine.opencms.ticketbrokerage.site/resources/css/jquery.fancybox.css HTTP/1.1" 200 4939
202.8.43.91 - - [28/Feb/2025:00:38:45 +0100] "GET /ticket2/opencms/system/modules/com.gridnine.opencms.ticketbrokerage.site/resources/css/calendar.css HTTP/1.1" 200 6871
85.208.96.198 - - [28/Feb/2025:00:38:45 +0100] "GET /ticket2/opencms/mt/buying_tickets/ HTTP/1.1" 200 89237
202.8.43.91 - - [28/Feb/2025:00:38:45 +0100] "GET /ticket2/opencms/system/modules/com.gridnine.opencms.ticketbrokerage.site/resources/css/ticketbrokerage.css HTTP/1.1" 200 39339
202.8.43.91 - - [28/Feb/2025:00:38:45 +0100] "GET /ticket2/opencms/system/modules/com.gridnine.opencms.ticketbrokerage.site/resources/js/jquery/jquery.js HTTP/1.1" 200 93868
202.8.43.91 - - [28/Feb/2025:00:38:45 +0100] "GET /ticket2/opencms/system/modules/com.gridnine.opencms.ticketbrokerage.site/resources/css/jquery-ui.css HTTP/1.1" 200 33221
202.8.43.91 - - [28/Feb/2025:00:38:45 +0100] "GET /ticket2/opencms/system/modules/com.gridnine.opencms.ticketbrokerage.site/resources/js/calendar-en.js HTTP/1.1" 200 3338
202.8.43.91 - - [28/Feb/2025:00:38:45 +0100] "GET /ticket2/opencms/system/modules/com.gridnine.opencms.ticketbrokerage.site/resources/js/jquery/jquery-ui.js HTTP/1.1" 200 228088
202.8.43.91 - - [28/Feb/2025:00:38:45 +0100] "GET /ticket2/opencms/system/modules/com.gridnine.opencms.ticketbrokerage.site/resources/js/functions.js HTTP/1.1" 200 1583
202.8.43.91 - - [28/Feb/2025:00:38:45 +0100] "GET /ticket2/opencms/system/modules/com.gridnine.opencms.ticketbrokerage.site/resources/js/calendar.js HTTP/1.1" 200 49229
202.8.43.91 - - [28/Feb/2025:00:38:45 +0100] "GET /ticket2/opencms/system/modules/com.gridnine.opencms.ticketbrokerage.site/resources/js/calendar-setup.js HTTP/1.1" 200 4923
3.93.211.16 - - [28/Feb/2025:00:38:45 +0100] "GET /ticket2/opencms/sites/ticketbrokerage/sv/tickets/valencia/barcelona.html HTTP/1.1" 404 -
202.8.43.91 - - [28/Feb/2025:00:38:45 +0100] "GET /ticket2/opencms/system/modules/com.gridnine.opencms.ticketbrokerage.site/resources/js/jquery.fancybox.pack.js HTTP/1.1" 200 23187
202.8.43.91 - - [28/Feb/2025:00:38:45 +0100] "GET /ticket2/opencms/system/modules/com.gridnine.opencms.ticketbrokerage.site/resources/js/stickyfill.min.js HTTP/1.1" 200 5672
202.8.43.91 - - [28/Feb/2025:00:38:45 +0100] "GET /ticket2/opencms/system/modules/com.gridnine.opencms.ticketbrokerage.site/resources/js/standard.js HTTP/1.1" 200 3983
202.8.43.91 - - [28/Feb/2025:00:38:45 +0100] "GET /ticket2/opencms/system/modules/com.gridnine.opencms.ticketbrokerage.site/resources/js/jquery.placeholder.min.js HTTP/1.1" 200 1737
202.8.43.91 - - [28/Feb/2025:00:38:46 +0100] "GET /ticket2/opencms/system/modules/com.gridnine.opencms.ticketbrokerage.site/resources/js/common-ajax.js HTTP/1.1" 200 20175
202.8.43.91 - - [28/Feb/2025:00:38:46 +0100] "GET /ticket2/opencms/hr/ask-form.html HTTP/1.1" 200 3156
202.8.43.91 - - [28/Feb/2025:00:38:46 +0100] "GET /ticket2/opencms/system/modules/com.gridnine.opencms.ticketbrokerage.site/resources/css/ticketbrokerage.css HTTP/1.1" 200 39339
20.171.207.246 - - [28/Feb/2025:00:38:46 +0100] "GET /ticket2/opencms/set_aff_cookie.jsp?partner=8F6DE15D-D831-5787-AE7E-FEFF53476F85&url=%252Fno%252Fbuy%252Findex.html%253Fpage%253D1%2526edid%253D10597F35-2AC7-31D2-FB61-15A36BB6D73B%2526hlv%253D666d451e-4aa4-47f8-a36d-64610a01000f%2523v_940404103 HTTP/1.1" 200 246
20.171.207.246 - - [28/Feb/2025:00:38:47 +0100] "GET /ticket2/opencms/set_aff_cookie.jsp?partner=57601924-FB09-5BB2-867F-08B4EB522BA8&url=%252Fen%252Fbuy%252Findex.html%253Fpage%253D1%2526edid%253DE8BA54CC-B112-3D61-BE02-1B4D1E4F63D1%2526hlv%253D666ddc0e-0b94-475e-81db-6a330a01000f%2523v_2090779612 HTTP/1.1" 200 247
20.171.207.246 - - [28/Feb/2025:00:38:48 +0100] "GET /ticket2/opencms/set_aff_cookie.jsp?partner=8F6DE15D-D831-5787-AE7E-FEFF53476F85&url=%252Fru%252Fbuy%252Findex.html%253Fpage%253D1%2526edid%253D6ED08D04-7263-AC79-DA04-AFB97DC97A00%2526hlv%253D6693908e-d57c-4d33-8f18-74840a01000f%2523v_600791299 HTTP/1.1" 200 246
