202.8.42.5 - - [28/Feb/2025:00:36:18 +0100] "GET /ticket2/opencms/system/modules/com.gridnine.opencms.ticketbrokerage.site/resources/js/functions.js HTTP/1.1" 200 1583
202.8.42.5 - - [28/Feb/2025:00:36:18 +0100] "GET /ticket2/opencms/system/modules/com.gridnine.opencms.ticketbrokerage.site/resources/js/calendar.js HTTP/1.1" 200 49229
202.8.42.5 - - [28/Feb/2025:00:36:18 +0100] "GET /ticket2/opencms/system/modules/com.gridnine.opencms.ticketbrokerage.site/resources/js/calendar-en.js HTTP/1.1" 200 3338
202.8.42.5 - - [28/Feb/2025:00:36:18 +0100] "GET /ticket2/opencms/system/modules/com.gridnine.opencms.ticketbrokerage.site/resources/js/calendar-setup.js HTTP/1.1" 200 4923
202.8.42.5 - - [28/Feb/2025:00:36:18 +0100] "GET /ticket2/opencms/system/modules/com.gridnine.opencms.ticketbrokerage.site/resources/js/jquery.fancybox.pack.js HTTP/1.1" 200 23187
202.8.42.5 - - [28/Feb/2025:00:36:18 +0100] "GET /ticket2/opencms/system/modules/com.gridnine.opencms.ticketbrokerage.site/resources/js/stickyfill.min.js HTTP/1.1" 200 5672
202.8.42.5 - - [28/Feb/2025:00:36:18 +0100] "GET /ticket2/opencms/system/modules/com.gridnine.opencms.ticketbrokerage.site/resources/js/standard.js HTTP/1.1" 200 3983
202.8.42.5 - - [28/Feb/2025:00:36:18 +0100] "GET /ticket2/opencms/system/modules/com.gridnine.opencms.ticketbrokerage.site/resources/js/jquery.placeholder.min.js HTTP/1.1" 200 1737
202.8.42.5 - - [28/Feb/2025:00:36:18 +0100] "GET /ticket2/opencms/system/modules/com.gridnine.opencms.ticketbrokerage.site/resources/js/common-ajax.js HTTP/1.1" 200 20175
202.8.42.5 - - [28/Feb/2025:00:36:18 +0100] "GET /ticket2/opencms/cs/ask-form.html HTTP/1.1" 200 3156
202.8.42.5 - - [28/Feb/2025:00:36:18 +0100] "GET /ticket2/opencms/system/modules/com.gridnine.opencms.ticketbrokerage.site/resources/css/ticketbrokerage.css HTTP/1.1" 200 39339
20.171.207.246 - - [28/Feb/2025:00:36:19 +0100] "GET /ticket2/opencms/set_aff_cookie.jsp?partner=6F250EA7-4505-FA01-D601-8847F2573405&url=%252Fsv%252Fbuy%252Findex.html%253Fpage%253D1%2526edid%253D1B6F6A2B-A0DA-FF91-EC4E-3DCAA442C25B%2526hlv%253D666d531d-ba0c-430a-8371-72b30a01000f%2523v_1796753348 HTTP/1.1" 200 247
20.171.207.246 - - [28/Feb/2025:00:36:20 +0100] "GET /ticket2/opencms/set_aff_cookie.jsp?partner=5E0CDF29-E7BE-9F6B-6869-7BF66B04006F&url=%252Fnl%252Fbuy%252Findex.html%253Fpage%253D1%2526edid%253D1B0DA330-38AA-5CD6-6C89-F2963014EF68%2526hlv%253D610bcf9a-0230-4d6c-b65f-16280a01000f%2523v_1016236540 HTTP/1.1" 200 247
20.171.207.246 - - [28/Feb/2025:00:36:21 +0100] "GET /ticket2/opencms/set_aff_cookie.jsp?partner=8F6DE15D-D831-5787-AE7E-FEFF53476F85&url=%252Fsv%252Fbuy%252Findex.html%253Fpage%253D1%2526edid%253D6E64EF54-063D-0F55-A1E7-7781348B9C83%2526hlv%253D6149ec3e-a834-415a-96e7-1fbf0a01000f%2523v_996801485 HTTP/1.1" 200 246
52.207.47.227 - - [28/Feb/2025:00:36:21 +0100] "GET /ticket2/opencms/sites/ticketbrokerage/sv/tickets/chelsea/stoke.html HTTP/1.1" 404 -
20.171.207.246 - - [28/Feb/2025:00:36:22 +0100] "GET /ticket2/opencms/set_aff_cookie.jsp?partner=5E0CDF29-E7BE-9F6B-6869-7BF66B04006F&url=%252Fno%252Fbuy%252Findex.html%253Fpage%253D1%2526edid%253D1A8318F4-54FD-CF28-6FE4-70A4EF1323B0%2526hlv%253D610a55e9-fc58-48a9-87ed-083c0a01000f%2523v_2003197826 HTTP/1.1" 200 247
20.171.207.246 - - [28/Feb/2025:00:36:23 +0100] "GET /ticket2/opencms/set_aff_cookie.jsp?partner=5E0CDF29-E7BE-9F6B-6869-7BF66B04006F&url=%252Fsv%252Fbuy%252Findex.html%253Fpage%253D1%2526edid%253D671D6D35-C6CF-A718-CE96-A40CDF33711B%2526hlv%253D61140278-8f48-4c06-bcdb-19c50a01000f%2523v_1279857945 HTTP/1.1" 200 247
20.171.207.246 - - [28/Feb/2025:00:36:25 +0100] "GET /ticket2/opencms/set_aff_cookie.jsp?partner=57601924-FB09-5BB2-867F-08B4EB522BA8&url=%252Ffi%252Fbuy%252Findex.html%253Fpage%253D1%2526edid%253D66B6FB17-4C70-8B35-3D9C-B87B9C32022F%2526hlv%253D60f84baa-3ecc-4c84-bbb5-72280a01000f%2523v_1708790551 HTTP/1.1" 200 247
100.27.153.9 - - [28/Feb/2025:00:36:25 +0100] "GET /ticket2/opencms/sites/ticketbrokerage/sv/sport/fotbollsbiljetter/premier_league/wigan/west_ham.html HTTP/1.1" 404 -
166.108.199.104 - - [28/Feb/2025:00:36:25 +0100] "GET /ticket2/opencms/it/buy?page=1&edid=155A8AD9-1DB8-C195-1912-F1BA2EAEC8CF HTTP/1.1" 200 111592
20.171.207.246 - - [28/Feb/2025:00:36:26 +0100] "GET /ticket2/opencms/set_aff_cookie.jsp?partner=57601924-FB09-5BB2-867F-08B4EB522BA8&url=%252Fno%252Fbuy%252Findex.html%253Fpage%253D1%2526edid%253DDD7009E0-BEDD-5FDF-FBEC-9803C9276491%2526hlv%253D60ca1006-3228-4b74-aa57-34ce0a01000f%2523v_103632468 HTTP/1.1" 200 246
20.171.207.246 - - [28/Feb/2025:00:36:27 +0100] "GET /ticket2/opencms/set_aff_cookie.jsp?partner=8F6DE15D-D831-5787-AE7E-FEFF53476F85&url=%252Fnl%252Fbuy%252Findex.html%253Fpage%253D1%2526edid%253DE8BA54CC-B112-3D61-BE02-1B4D1E4F63D1%2526hlv%253D666ddc11-1160-4063-be55-6a330a01000f%2523v_1067772516 HTTP/1.1" 200 247
185.191.171.18 - - [28/Feb/2025:00:36:27 +0100] "GET /ticket2/opencms/be/magazine/article?title=pep-guardiolas-football-revolution-a-tactical-masters-influence HTTP/1.1" 200 96007
85.208.96.196 - - [28/Feb/2025:00:36:28 +0100] "GET /ticket2/opencms/sv/sport/fotbollsbiljetter/premier_league/fulham/ HTTP/1.1" 200 97668
157.55.39.202 - - [28/Feb/2025:00:36:28 +0100] "GET /ticket2/opencms/ka/magazine/article?title=abdul-fatawu-gamotovebs-sezonis-darchenil-natsils HTTP/1.1" 200 97701
20.171.207.246 - - [28/Feb/2025:00:36:28 +0100] "GET /ticket2/opencms/set_aff_cookie.jsp?partner=5E0CDF29-E7BE-9F6B-6869-7BF66B04006F&url=%252Fsv%252Fbuy%252Findex.html%253Fpage%253D1%2526edid%253DC68D3A19-7AB1-B0F6-2F8E-E937CB754241%2526hlv%253D669388d6-e29c-4710-8f7c-6fc60a01000f%2523v_1719244216 HTTP/1.1" 200 247
20.171.207.246 - - [28/Feb/2025:00:36:29 +0100] "GET /ticket2/opencms/set_aff_cookie.jsp?partner=2E02071B-A8C3-4CBA-3097-C27D61C02ED8&url=%252Fen%252Fbuy%252Findex.html%253Fpage%253D1%2526edid%253D1262C5E9-4459-6D63-F273-010CB7E37FF2%2526hlv%253D60ca1483-57ec-41d3-ace1-3ad80a01000f%2523v_558223042 HTTP/1.1" 200 246
3.211.181.86 - - [28/Feb/2025:00:36:30 +0100] "GET /ticket2/opencms/sites/ticketbrokerage/sv/sport/fotbollsbiljetter/la_liga/valencia/osasuna.html HTTP/1.1" 404 -
20.171.207.246 - - [28/Feb/2025:00:36:30 +0100] "GET /ticket2/opencms/set_aff_cookie.jsp?partner=5E0CDF29-E7BE-9F6B-6869-7BF66B04006F&url=%252Ffi%252Fbuy%252Findex.html%253Fpage%253D1%2526edid%253D66FFE717-0C93-3F01-2AC8-8E7FC5F9BAB1%2526hlv%253D6689076b-8854-46f2-af64-1ba70a01000f%2523v1695620783 HTTP/1.1" 200 246
47.82.10.23 - - [28/Feb/2025:00:36:30 +0100] "GET /ticket2/opencms/en/buy/?page=10&eventid=39FCBD24-59DC-2166-D38A-3F699085410C HTTP/1.1" 200 91266
114.119.157.43 - - [28/Feb/2025:00:36:31 +0100] "GET /ticket2/opencms/pl/buy?page=1&=2DF71579-8539-9953-A2E8-0E8B3100119A HTTP/1.1" 200 -
20.171.207.246 - - [28/Feb/2025:00:36:31 +0100] "GET /ticket2/opencms/set_aff_cookie.jsp?partner=2E02071B-A8C3-4CBA-3097-C27D61C02ED8&url=%252Fno%252Fbuy%252Findex.html%253Fpage%253D1%2526edid%253D1A8318F4-54FD-CF28-6FE4-70A4EF1323B0%2526hlv%253D610a55e9-b724-4e7a-a1c6-083c0a01000f%2523v_2037284927 HTTP/1.1" 200 247
20.171.207.246 - - [28/Feb/2025:00:36:33 +0100] "GET /ticket2/opencms/set_aff_cookie.jsp?partner=2E02071B-A8C3-4CBA-3097-C27D61C02ED8&url=%252Fen%252Fbuy%252Findex.html%253Fpage%253D1%2526edid%253D1291CD6B-4651-52CC-8D36-B0FB58FEEDFA%2526hlv%253D66704ae9-5908-4a03-be49-69a10a01000f%2523v_2057576559 HTTP/1.1" 200 247
20.171.207.246 - - [28/Feb/2025:00:36:34 +0100] "GET /ticket2/opencms/set_aff_cookie.jsp?partner=57601924-FB09-5BB2-867F-08B4EB522BA8&url=%252Fen%252Fbuy%252Findex.html%253Fpage%253D1%2526edid%253DDD7009E0-BEDD-5FDF-FBEC-9803C9276491%2526hlv%253D611bab7d-d154-4d14-8673-45a00a01000f%2523v_1679458657 HTTP/1.1" 200 247
52.167.144.182 - - [28/Feb/2025:00:36:34 +0100] "GET /ticket2/opencms/fi/magazine/article?title=bergvall-ja-kulusevski-tekevat-vaikutuksen HTTP/1.1" 200 94614
40.77.167.10 - - [28/Feb/2025:00:36:34 +0100] "GET /ticket2/opencms/sq/kontaktoni HTTP/1.1" 200 89655
20.171.207.246 - - [28/Feb/2025:00:36:35 +0100] "GET /ticket2/opencms/set_aff_cookie.jsp?partner=5E0CDF29-E7BE-9F6B-6869-7BF66B04006F&url=%252Ffi%252Fbuy%252Findex.html%253Fpage%253D1%2526edid%253D66C22035-E7EA-E10A-4BFC-2C30733037DC%2526hlv%253D666d4a38-79c8-453d-a154-6bb30a01000f%2523v53271697 HTTP/1.1" 200 244
40.77.167.10 - - [28/Feb/2025:00:36:35 +0100] "GET /ticket2/opencms/uk/buy?page=1&edid=33CFCCFE-A22A-4A2C-1202-26E0FBDCB686 HTTP/1.1" 200 123468
20.171.207.246 - - [28/Feb/2025:00:36:36 +0100] "GET /ticket2/opencms/set_aff_cookie.jsp?partner=8F6DE15D-D831-5787-AE7E-FEFF53476F85&url=%252Fsv%252Fbuy%252Findex.html%253Fpage%253D1%2526edid%253D18631B4D-241F-1419-AEC9-B2739BCE7CC3%2526hlv%253D66b47e17-c810-4114-b2da-1f380a01000f%2523v_516959801 HTTP/1.1" 200 246
54.36.148.158 - - [28/Feb/2025:00:36:36 +0100] "GET /ticket2/opencms/cs/sport/fotbalove-listky/premier-league/everton HTTP/1.1" 200 100424
20.171.207.246 - - [28/Feb/2025:00:36:37 +0100] "GET /ticket2/opencms/set_aff_cookie.jsp?partner=2E02071B-A8C3-4CBA-3097-C27D61C02ED8&url=%252Fru%252Fbuy%252Findex.html%253Fpage%253D1%2526edid%253D10404C2E-90F1-82CF-4642-1D2B3FC97049%2526hlv%253D668ee281-ba4c-46c9-abc5-1a570a01000f%2523v_633316476 HTTP/1.1" 200 246
202.8.41.178 - - [28/Feb/2025:00:36:37 +0100] "GET /ticket2/opencms/system/modules/com.gridnine.opencms.ticketbrokerage.site/resources/css/standard.css HTTP/1.1" 200 74207
202.8.41.178 - - [28/Feb/2025:00:36:37 +0100] "GET /ticket2/opencms/system/modules/com.gridnine.opencms.ticketbrokerage.site/resources/css/jquery-ui.css HTTP/1.1" 200 33221
202.8.41.178 - - [28/Feb/2025:00:36:37 +0100] "GET /ticket2/opencms/system/modules/com.gridnine.opencms.ticketbrokerage.site/resources/css/jquery.fancybox.css HTTP/1.1" 200 4939
202.8.41.178 - - [28/Feb/2025:00:36:37 +0100] "GET /ticket2/opencms/system/modules/com.gridnine.opencms.ticketbrokerage.site/resources/css/ticketbrokerage.css HTTP/1.1" 200 39339
202.8.41.178 - - [28/Feb/2025:00:36:37 +0100] "GET /ticket2/opencms/system/modules/com.gridnine.opencms.ticketbrokerage.site/resources/css/calendar.css HTTP/1.1" 200 6871
202.8.41.178 - - [28/Feb/2025:00:36:37 +0100] "GET /ticket2/opencms/system/modules/com.gridnine.opencms.ticketbrokerage.site/resources/js/jquery/jquery.js HTTP/1.1" 200 93868
202.8.41.178 - - [28/Feb/2025:00:36:37 +0100] "GET /ticket2/opencms/system/modules/com.gridnine.opencms.ticketbrokerage.site/resources/js/functions.js HTTP/1.1" 200 1583
202.8.41.178 - - [28/Feb/2025:00:36:37 +0100] "GET /ticket2/opencms/system/modules/com.gridnine.opencms.ticketbrokerage.site/resources/js/calendar.js HTTP/1.1" 200 49229
202.8.41.178 - - [28/Feb/2025:00:36:37 +0100] "GET /ticket2/opencms/system/modules/com.gridnine.opencms.ticketbrokerage.site/resources/js/calendar-en.js HTTP/1.1" 200 3338
202.8.41.178 - - [28/Feb/2025:00:36:37 +0100] "GET /ticket2/opencms/system/modules/com.gridnine.opencms.ticketbrokerage.site/resources/js/jquery/jquery-ui.js HTTP/1.1" 200 228088
202.8.41.178 - - [28/Feb/2025:00:36:37 +0100] "GET /ticket2/opencms/system/modules/com.gridnine.opencms.ticketbrokerage.site/resources/js/calendar-setup.js HTTP/1.1" 200 4923
202.8.41.178 - - [28/Feb/2025:00:36:37 +0100] "GET /ticket2/opencms/system/modules/com.gridnine.opencms.ticketbrokerage.site/resources/js/jquery.fancybox.pack.js HTTP/1.1" 200 23187
202.8.41.178 - - [28/Feb/2025:00:36:37 +0100] "GET /ticket2/opencms/system/modules/com.gridnine.opencms.ticketbrokerage.site/resources/js/stickyfill.min.js HTTP/1.1" 200 5672
202.8.41.178 - - [28/Feb/2025:00:36:37 +0100] "GET /ticket2/opencms/system/modules/com.gridnine.opencms.ticketbrokerage.site/resources/js/standard.js HTTP/1.1" 200 3983
202.8.41.178 - - [28/Feb/2025:00:36:38 +0100] "GET /ticket2/opencms/system/modules/com.gridnine.opencms.ticketbrokerage.site/resources/js/jquery.placeholder.min.js HTTP/1.1" 200 1737
202.8.41.178 - - [28/Feb/2025:00:36:38 +0100] "GET /ticket2/opencms/system/modules/com.gridnine.opencms.ticketbrokerage.site/resources/js/common-ajax.js HTTP/1.1" 200 20175
20.171.207.246 - - [28/Feb/2025:00:36:38 +0100] "GET /ticket2/opencms/set_aff_cookie.jsp?partner=57601924-FB09-5BB2-867F-08B4EB522BA8&url=%252Fsv%252Fbuy%252Findex.html%253Fpage%253D1%2526edid%253DE8BA54CC-B112-3D61-BE02-1B4D1E4F63D1%2526hlv%253D666ddc0d-e594-4407-a47f-6a330a01000f%2523v_1880870162 HTTP/1.1" 200 247
20.171.207.246 - - [28/Feb/2025:00:36:39 +0100] "GET /ticket2/opencms/set_aff_cookie.jsp?partner=2E02071B-A8C3-4CBA-3097-C27D61C02ED8&url=%252Fnl%252Fbuy%252Findex.html%253Fpage%253D1%2526edid%253D6ED08D04-7263-AC79-DA04-AFB97DC97A00%2526hlv%253D6693908d-b3c0-4e7c-9a6a-74840a01000f%2523v_767866358 HTTP/1.1" 200 246
20.171.207.246 - - [28/Feb/2025:00:36:41 +0100] "GET /ticket2/opencms/set_aff_cookie.jsp?partner=2E02071B-A8C3-4CBA-3097-C27D61C02ED8&url=%252Fnl%252Fbuy%252Findex.html%253Fpage%253D1%2526edid%253D66C22035-E7EA-E10A-4BFC-2C30733037DC%2526hlv%253D666d4a39-96b4-4eb9-89a4-6bb30a01000f%2523v271777003 HTTP/1.1" 200 245
114.119.132.9 - - [28/Feb/2025:00:36:41 +0100] "GET /ticket2/opencms/es/buy/?page=1&edid=FCF728A3-440F-219A-F294-671476E9F932 HTTP/1.1" 200 90367
20.171.207.246 - - [28/Feb/2025:00:36:42 +0100] "GET /ticket2/opencms/set_aff_cookie.jsp?partner=5E0CDF29-E7BE-9F6B-6869-7BF66B04006F&url=%252Fnl%252Fbuy%252Findex.html%253Fpage%253D1%2526edid%253D697BE447-74B7-A748-152F-A1818DA4BEC9%2526hlv%253D666d6f1c-dc00-4f59-91f6-0c190a01000f%2523v_1110813438 HTTP/1.1" 200 247
216.244.66.238 - - [28/Feb/2025:00:36:43 +0100] "GET /ticket2/opencms/it/buy?page=1&edid=CF26472E-6CDB-0E31-3AAA-2C759812B996 HTTP/1.1" 200 90157
20.171.207.246 - - [28/Feb/2025:00:36:43 +0100] "GET /ticket2/opencms/set_aff_cookie.jsp?partner=692E2C6A-EC6F-1C93-AFCC-C5ACC23A93EA&url=%252Fru%252Fbuy%252Findex.html%253Fpage%253D1%2526edid%253D156562D2-0263-CCAA-DF54-9314F5D26523%2526hlv%253D60f2a64e-e098-49a1-9460-3b350a01000f%2523v_1508735557 HTTP/1.1" 200 247
20.171.207.246 - - [28/Feb/2025:00:36:44 +0100] "GET /ticket2/opencms/set_aff_cookie.jsp?partner=23A6AD98-906E-5BDD-600E-EC4EC8A45F97&url=%252Fen%252Fbuy%252Findex.html%253Fpage%253D1%2526edid%253D1C663B38-AAE8-15E5-78AB-F7247D2C67D4%2526hlv%253D666d70a0-f070-4fa3-8529-0e670a01000f%2523v_752461647 HTTP/1.1" 200 246
185.191.171.16 - - [28/Feb/2025:00:36:44 +0100] "GET /ticket2/opencms/de/search.html HTTP/1.1" 200 97159
20.171.207.246 - - [28/Feb/2025:00:36:45 +0100] "GET /ticket2/opencms/set_aff_cookie.jsp?partner=5E0CDF29-E7BE-9F6B-6869-7BF66B04006F&url=%252Fnl%252Fbuy%252Findex.html%253Fpage%253D1%2526edid%253D18631B4D-241F-1419-AEC9-B2739BCE7CC3%2526hlv%253D66b47e16-d670-4da0-a21a-1f380a01000f%2523v_1989693350 HTTP/1.1" 200 247
40.77.167.10 - - [28/Feb/2025:00:36:45 +0100] "GET /ticket2/opencms/sv/sport/fotbollsbiljetter/premier_league/tottenham/arsenal.html HTTP/1.1" 200 87340
185.191.171.18 - - [28/Feb/2025:00:36:45 +0100] "GET /ticket2/opencms/fr/sport/billets-football/english-championship/ HTTP/1.1" 200 101559
154.54.249.216 - - [28/Feb/2025:00:36:46 +0100] "GET /ticket2/opencms/de/buy?page=1&edid=C2FB40E1-BEEF-E1A4-6ED5-33C8A69FD5CE HTTP/1.1" 200 111590
20.171.207.246 - - [28/Feb/2025:00:36:46 +0100] "GET /ticket2/opencms/set_aff_cookie.jsp?partner=2E02071B-A8C3-4CBA-3097-C27D61C02ED8&url=%252Fnl%252Fbuy%252Findex.html%253Fpage%253D1%2526edid%253D150C2B47-38EB-0C0E-C664-5F863E9426DB%2526hlv%253D66cafa7b-83f4-4d39-9b76-33480a01000f%2523v_678068939 HTTP/1.1" 200 246
20.171.207.246 - - [28/Feb/2025:00:36:48 +0100] "GET /ticket2/opencms/set_aff_cookie.jsp?partner=8F6DE15D-D831-5787-AE7E-FEFF53476F85&url=%252Fno%252Fbuy%252Findex.html%253Fpage%253D1%2526edid%253D6F6062BE-21E9-FCCC-41A7-E76CFE6D47E3%2526hlv%253D66938920-c250-46f3-a367-703c0a01000f%2523v_554918116 HTTP/1.1" 200 246
185.191.171.3 - - [28/Feb/2025:00:36:48 +0100] "GET /ticket2/opencms/et/magazine/article?title=em-finaal-2024 HTTP/1.1" 200 94529
185.191.171.9 - - [28/Feb/2025:00:36:49 +0100] "GET /ticket2/opencms/en/sport/football-tickets/serie_a/empoli HTTP/1.1" 200 92945
20.171.207.246 - - [28/Feb/2025:00:36:49 +0100] "GET /ticket2/opencms/set_aff_cookie.jsp?partner=57601924-FB09-5BB2-867F-08B4EB522BA8&url=%252Fnl%252Fbuy%252Findex.html%253Fpage%253D1%2526edid%253D627EB4E4-AE9C-FF01-C3B4-87668CB2F4A5%2526hlv%253D6114026d-9894-4ab6-bece-19c50a01000f%2523v_1992258030 HTTP/1.1" 200 247
52.167.144.203 - - [28/Feb/2025:00:36:49 +0100] "GET /ticket2/opencms/az/magazine/article?title=kylian-mbappe-tesir-bagislayir HTTP/1.1" 200 93123
20.171.207.246 - - [28/Feb/2025:00:36:50 +0100] "GET /ticket2/opencms/set_aff_cookie.jsp?partner=5E0CDF29-E7BE-9F6B-6869-7BF66B04006F&url=%252Fen%252Fbuy%252Findex.html%253Fpage%253D1%2526edid%253D66FFE717-0C93-3F01-2AC8-8E7FC5F9BAB1%2526hlv%253D6689076b-d9c0-4393-b068-1ba70a01000f%2523v1162475434 HTTP/1.1" 200 246
20.171.207.246 - - [28/Feb/2025:00:36:51 +0100] "GET /ticket2/opencms/set_aff_cookie.jsp?partner=8F6DE15D-D831-5787-AE7E-FEFF53476F85&url=%252Fnl%252Fbuy%252Findex.html%253Fpage%253D1%2526edid%253D1AD4E11C-C792-1721-4D1A-2229101A30FD%2526hlv%253D666c8a11-76ec-44e2-854c-7e6f0a01000f%2523v_323819648 HTTP/1.1" 200 246
52.167.144.222 - - [28/Feb/2025:00:36:52 +0100] "GET /ticket2/opencms/fr/buy?page=1&edid=BB3F8D1C-F850-FE7D-2AC5-9536E18D91DF HTTP/1.1" 200 108366
20.171.207.246 - - [28/Feb/2025:00:36:52 +0100] "GET /ticket2/opencms/set_aff_cookie.jsp?partner=5E0CDF29-E7BE-9F6B-6869-7BF66B04006F&url=%252Fnl%252Fbuy%252Findex.html%253Fpage%253D1%2526edid%253D10404C2E-90F1-82CF-4642-1D2B3FC97049%2526hlv%253D668ee281-a4f8-49f5-abc2-1a570a01000f%2523v_883607348 HTTP/1.1" 200 246
188.148.83.135 - - [28/Feb/2025:00:36:52 +0100] "GET /ticket2/opencms/sv/?gad_source=1&gclid=CjwKCAiAt4C-BhBcEiwA8Kp0CZmAgHn2AZT-Uqg-CygclgH6PzBcXLMklZhcz8q6rKVeMYGvOyA_lBoC_BQQAvD_BwE HTTP/1.1" 200 105239
188.148.83.135 - - [28/Feb/2025:00:36:52 +0100] "GET /ticket2/opencms/system/modules/com.gridnine.opencms.ticketbrokerage.site/resources/js/jquery/jquery.js HTTP/1.1" 200 93868
47.128.98.39 - - [28/Feb/2025:00:36:52 +0100] "GET /ticket2/opencms/fi/venue/?venueid=83B8B6B9-A2B4-D4CB-2D8F-CE8D0CB4BEF2 HTTP/1.1" 200 86864
188.148.83.135 - - [28/Feb/2025:00:36:53 +0100] "GET /ticket2/opencms/system/modules/com.gridnine.opencms.ticketbrokerage.site/resources/js/jquery/jquery-ui.js HTTP/1.1" 200 228088
188.148.83.135 - - [28/Feb/2025:00:36:53 +0100] "GET /ticket2/opencms/system/modules/com.gridnine.opencms.ticketbrokerage.site/resources/css/standard.css HTTP/1.1" 200 74207
188.148.83.135 - - [28/Feb/2025:00:36:53 +0100] "GET /ticket2/opencms/system/modules/com.gridnine.opencms.ticketbrokerage.site/resources/css/calendar.css HTTP/1.1" 200 6871
188.148.83.135 - - [28/Feb/2025:00:36:53 +0100] "GET /ticket2/opencms/system/modules/com.gridnine.opencms.ticketbrokerage.site/resources/css/jquery.fancybox.css HTTP/1.1" 200 4939
188.148.83.135 - - [28/Feb/2025:00:36:53 +0100] "GET /ticket2/opencms/system/modules/com.gridnine.opencms.ticketbrokerage.site/resources/css/jquery-ui.css HTTP/1.1" 200 33221
188.148.83.135 - - [28/Feb/2025:00:36:53 +0100] "GET /ticket2/opencms/system/modules/com.gridnine.opencms.ticketbrokerage.site/resources/css/ticketbrokerage.css HTTP/1.1" 200 39339
188.148.83.135 - - [28/Feb/2025:00:36:53 +0100] "GET /ticket2/opencms/system/modules/com.gridnine.opencms.ticketbrokerage.site/resources/js/functions.js HTTP/1.1" 200 1583
188.148.83.135 - - [28/Feb/2025:00:36:53 +0100] "GET /ticket2/opencms/system/modules/com.gridnine.opencms.ticketbrokerage.site/resources/js/calendar-en.js HTTP/1.1" 200 3338
188.148.83.135 - - [28/Feb/2025:00:36:53 +0100] "GET /ticket2/opencms/system/modules/com.gridnine.opencms.ticketbrokerage.site/resources/js/calendar.js HTTP/1.1" 200 49229
188.148.83.135 - - [28/Feb/2025:00:36:53 +0100] "GET /ticket2/opencms/system/modules/com.gridnine.opencms.ticketbrokerage.site/resources/js/calendar-setup.js HTTP/1.1" 200 4923
188.148.83.135 - - [28/Feb/2025:00:36:53 +0100] "GET /ticket2/opencms/system/modules/com.gridnine.opencms.ticketbrokerage.site/resources/js/jquery.fancybox.pack.js HTTP/1.1" 200 23187
188.148.83.135 - - [28/Feb/2025:00:36:53 +0100] "GET /ticket2/opencms/system/modules/com.gridnine.opencms.ticketbrokerage.site/resources/js/stickyfill.min.js HTTP/1.1" 200 5672
188.148.83.135 - - [28/Feb/2025:00:36:53 +0100] "GET /ticket2/opencms/system/modules/com.gridnine.opencms.ticketbrokerage.site/resources/js/standard.js HTTP/1.1" 200 3983
188.148.83.135 - - [28/Feb/2025:00:36:53 +0100] "GET /ticket2/opencms/system/modules/com.gridnine.opencms.ticketbrokerage.site/resources/js/common-ajax.js HTTP/1.1" 200 20175
188.148.83.135 - - [28/Feb/2025:00:36:53 +0100] "GET /ticket2/opencms/system/modules/com.gridnine.opencms.ticketbrokerage.site/resources/js/jquery.placeholder.min.js HTTP/1.1" 200 1737
188.148.83.135 - - [28/Feb/2025:00:36:53 +0100] "GET /ticket2/opencms/img/insta.png HTTP/1.1" 200 3967
188.148.83.135 - - [28/Feb/2025:00:36:53 +0100] "GET /ticket2/opencms/system/modules/com.gridnine.opencms.ticketbrokerage.site/resources/pics/logo-new.png HTTP/1.1" 200 13541
188.148.83.135 - - [28/Feb/2025:00:36:53 +0100] "GET /ticket2/opencms/system/modules/com.gridnine.opencms.ticketbrokerage.site/resources/pics/footer-img.jpg HTTP/1.1" 200 67642
188.148.83.135 - - [28/Feb/2025:00:36:53 +0100] "GET /ticket2/opencms/img/fb.png HTTP/1.1" 200 1269
188.148.83.135 - - [28/Feb/2025:00:36:53 +0100] "GET /ticket2/opencms/img/check.png HTTP/1.1" 200 548
188.148.83.135 - - [28/Feb/2025:00:36:53 +0100] "GET /ticket2/opencms/img/mail.png HTTP/1.1" 200 403
188.148.83.135 - - [28/Feb/2025:00:36:53 +0100] "GET /ticket2/opencms/img/chat.png HTTP/1.1" 200 416
188.148.83.135 - - [28/Feb/2025:00:36:53 +0100] "GET /ticket2/opencms/img/arrow.png HTTP/1.1" 200 753
20.171.207.246 - - [28/Feb/2025:00:36:53 +0100] "GET /ticket2/opencms/set_aff_cookie.jsp?partner=57601924-FB09-5BB2-867F-08B4EB522BA8&url=%252Fdk%252Fbuy%252Findex.html%253Fpage%253D1%2526edid%253DE8BA54CC-B112-3D61-BE02-1B4D1E4F63D1%2526hlv%253D666ddc0d-66e4-458c-8b58-6a330a01000f%2523v_1165400764 HTTP/1.1" 200 247
114.119.130.178 - - [28/Feb/2025:00:36:53 +0100] "GET /ticket2/opencms/en/venue/?countryid=A9198A40-C385-3F3F-F1E3-C36DF8CBA8BE HTTP/1.1" 200 114669
188.148.83.135 - - [28/Feb/2025:00:36:54 +0100] "GET /ticket2/opencms/img/icons/globe-white.png HTTP/1.1" 200 947
20.171.207.246 - - [28/Feb/2025:00:36:54 +0100] "GET /ticket2/opencms/set_aff_cookie.jsp?partner=57601924-FB09-5BB2-867F-08B4EB522BA8&url=%252Fen%252Fbuy%252Findex.html%253Fpage%253D1%2526edid%253D66FFE717-0C93-3F01-2AC8-8E7FC5F9BAB1%2526hlv%253D6689076a-30d4-47be-8aa8-1ba70a01000f%2523v109486587 HTTP/1.1" 200 245
188.148.83.135 - - [28/Feb/2025:00:36:55 +0100] "GET /ticket2/opencms/img/icons/en.png HTTP/1.1" 200 2415
66.249.75.161 - - [28/Feb/2025:00:36:55 +0100] "GET /ticket2/opencms/sr/buy?page=1&edid=8EE24D2F-4BF0-A103-6944-36103BCA6278 HTTP/1.1" 200 123052
188.148.83.135 - - [28/Feb/2025:00:36:55 +0100] "GET /ticket2/opencms/img/banner-pl.jpeg HTTP/1.1" 200 41818
20.171.207.246 - - [28/Feb/2025:00:36:56 +0100] "GET /ticket2/opencms/set_aff_cookie.jsp?partner=5E0CDF29-E7BE-9F6B-6869-7BF66B04006F&url=%252Ffi%252Fbuy%252Findex.html%253Fpage%253D1%2526edid%253D0CBED0CE-AD48-5853-8CA7-767C378C5971%2526hlv%253D6690089c-a61c-48b5-9cde-14010a01000f%2523v_600587654 HTTP/1.1" 200 246
188.148.83.135 - - [28/Feb/2025:00:36:56 +0100] "GET /ticket2/opencms/img/icons/se.png HTTP/1.1" 200 1258
188.148.83.135 - - [28/Feb/2025:00:36:56 +0100] "GET /ticket2/opencms/img/banner-ll.jpeg HTTP/1.1" 200 41825
188.148.83.135 - - [28/Feb/2025:00:36:56 +0100] "GET /ticket2/opencms/img/banner-sa.jpeg HTTP/1.1" 200 41270
188.148.83.135 - - [28/Feb/2025:00:36:56 +0100] "GET /ticket2/opencms/img/icons/fi.png HTTP/1.1" 200 1785
188.148.83.135 - - [28/Feb/2025:00:36:56 +0100] "GET /ticket2/opencms/img/icons/no.png HTTP/1.1" 200 1958
188.148.83.135 - - [28/Feb/2025:00:36:56 +0100] "GET /ticket2/opencms/img/icons/nl.png HTTP/1.1" 200 1255
188.148.83.135 - - [28/Feb/2025:00:36:56 +0100] "GET /ticket2/opencms/img/icons/dk.png HTTP/1.1" 200 1706
188.148.83.135 - - [28/Feb/2025:00:36:56 +0100] "GET /ticket2/opencms/img/icons/it.png HTTP/1.1" 200 2040
188.148.83.135 - - [28/Feb/2025:00:36:56 +0100] "GET /ticket2/opencms/img/icons/pl.png HTTP/1.1" 200 1578
188.148.83.135 - - [28/Feb/2025:00:36:56 +0100] "GET /ticket2/opencms/img/icons/az.png HTTP/1.1" 200 1445
188.148.83.135 - - [28/Feb/2025:00:36:56 +0100] "GET /ticket2/opencms/img/icons/bs.png HTTP/1.1" 200 1014
188.148.83.135 - - [28/Feb/2025:00:36:56 +0100] "GET /ticket2/opencms/img/icons/bg.png HTTP/1.1" 200 788
188.148.83.135 - - [28/Feb/2025:00:36:56 +0100] "GET /ticket2/opencms/img/icons/hr.png HTTP/1.1" 200 2024
188.148.83.135 - - [28/Feb/2025:00:36:56 +0100] "GET /ticket2/opencms/img/icons/cs.png HTTP/1.1" 200 1883
188.148.83.135 - - [28/Feb/2025:00:36:56 +0100] "GET /ticket2/opencms/img/icons/fr.png HTTP/1.1" 200 1764
188.148.83.135 - - [28/Feb/2025:00:36:56 +0100] "GET /ticket2/opencms/img/icons/el.png HTTP/1.1" 200 1637
188.148.83.135 - - [28/Feb/2025:00:36:56 +0100] "GET /ticket2/opencms/img/icons/de.png HTTP/1.1" 200 1124
188.148.83.135 - - [28/Feb/2025:00:36:56 +0100] "GET /ticket2/opencms/img/icons/hu.png HTTP/1.1" 200 733
188.148.83.135 - - [28/Feb/2025:00:36:56 +0100] "GET /ticket2/opencms/img/icons/ka.png HTTP/1.1" 200 860
188.148.83.135 - - [28/Feb/2025:00:36:56 +0100] "GET /ticket2/opencms/img/icons/is.png HTTP/1.1" 200 1884
188.148.83.135 - - [28/Feb/2025:00:36:56 +0100] "GET /ticket2/opencms/img/icons/ga.png HTTP/1.1" 200 1759
188.148.83.135 - - [28/Feb/2025:00:36:56 +0100] "GET /ticket2/opencms/img/icons/lv.png HTTP/1.1" 200 716
188.148.83.135 - - [28/Feb/2025:00:36:56 +0100] "GET /ticket2/opencms/img/icons/lt.png HTTP/1.1" 200 733
188.148.83.135 - - [28/Feb/2025:00:36:56 +0100] "GET /ticket2/opencms/img/icons/sr.png HTTP/1.1" 200 1602
188.148.83.135 - - [28/Feb/2025:00:36:56 +0100] "GET /ticket2/opencms/img/icons/mo.png HTTP/1.1" 200 1468
188.148.83.135 - - [28/Feb/2025:00:36:56 +0100] "GET /ticket2/opencms/img/icons/mt.png HTTP/1.1" 200 920
188.148.83.135 - - [28/Feb/2025:00:36:56 +0100] "GET /ticket2/opencms/img/icons/ro.png HTTP/1.1" 200 1393
188.148.83.135 - - [28/Feb/2025:00:36:56 +0100] "GET /ticket2/opencms/img/icons/sl.png HTTP/1.1" 200 966
188.148.83.135 - - [28/Feb/2025:00:36:56 +0100] "GET /ticket2/opencms/img/icons/sk.png HTTP/1.1" 200 1283
188.148.83.135 - - [28/Feb/2025:00:36:56 +0100] "GET /ticket2/opencms/img/icons/uk.png HTTP/1.1" 200 1272
188.148.83.135 - - [28/Feb/2025:00:36:56 +0100] "GET /ticket2/opencms/img/icons/tr.png HTTP/1.1" 200 1636
188.148.83.135 - - [28/Feb/2025:00:36:56 +0100] "GET /ticket2/opencms/img/icons/be.png HTTP/1.1" 200 1663
54.36.148.238 - - [28/Feb/2025:00:36:57 +0100] "GET /ticket2/opencms/sv/buy?page=1&edid=463B85F1-158C-B9D0-587B-5FBBABC2ECA2 HTTP/1.1" 200 134524
188.148.83.135 - - [28/Feb/2025:00:36:57 +0100] "GET /ticket2/opencms/img/icons/sq.png HTTP/1.1" 200 1619
188.148.83.135 - - [28/Feb/2025:00:36:57 +0100] "GET /ticket2/opencms/img/icons/et.png HTTP/1.1" 200 754
188.148.83.135 - - [28/Feb/2025:00:36:57 +0100] "GET /ticket2/opencms/img/icons/es.png HTTP/1.1" 200 1005
188.148.83.135 - - [28/Feb/2025:00:36:57 +0100] "GET /ticket2/opencms/system/modules/com.gridnine.opencms.ticketbrokerage.site/resources/js/standard.js HTTP/1.1" 200 3983
20.171.207.246 - - [28/Feb/2025:00:36:57 +0100] "GET /ticket2/opencms/set_aff_cookie.jsp?partner=57601924-FB09-5BB2-867F-08B4EB522BA8&url=%252Fnl%252Fbuy%252Findex.html%253Fpage%253D1%2526edid%253D1704DC47-D333-EEEA-B66A-BC4C3DDB8A1C%2526hlv%253D60ca0f75-18e4-4c29-8a84-36340a01000f%2523v_1230545933 HTTP/1.1" 200 247
188.148.83.135 - - [28/Feb/2025:00:36:57 +0100] "GET /ticket2/opencms/sv/sport/fotbollsbiljetter/la_liga HTTP/1.1" 200 97504
188.148.83.135 - - [28/Feb/2025:00:36:57 +0100] "GET /ticket2/opencms/system/modules/com.gridnine.opencms.ticketbrokerage.site/resources/css/ticketbrokerage.css HTTP/1.1" 200 39339
188.148.83.135 - - [28/Feb/2025:00:36:57 +0100] "GET /ticket2/opencms/system/modules/com.gridnine.opencms.ticketbrokerage.site/resources/css/standard.css HTTP/1.1" 200 74207
188.148.83.135 - - [28/Feb/2025:00:36:57 +0100] "GET /ticket2/opencms/system/modules/com.gridnine.opencms.ticketbrokerage.site/resources/css/calendar.css HTTP/1.1" 200 6871
188.148.83.135 - - [28/Feb/2025:00:36:57 +0100] "GET /ticket2/opencms/system/modules/com.gridnine.opencms.ticketbrokerage.site/resources/js/calendar-en.js HTTP/1.1" 200 3338
188.148.83.135 - - [28/Feb/2025:00:36:57 +0100] "GET /ticket2/opencms/system/modules/com.gridnine.opencms.ticketbrokerage.site/resources/js/calendar.js HTTP/1.1" 200 49229
188.148.83.135 - - [28/Feb/2025:00:36:57 +0100] "GET /ticket2/opencms/system/modules/com.gridnine.opencms.ticketbrokerage.site/resources/js/functions.js HTTP/1.1" 200 1583
188.148.83.135 - - [28/Feb/2025:00:36:57 +0100] "GET /ticket2/opencms/system/modules/com.gridnine.opencms.ticketbrokerage.site/resources/js/standard.js HTTP/1.1" 200 3983
188.148.83.135 - - [28/Feb/2025:00:36:58 +0100] "GET /ticket2/opencms/system/modules/com.gridnine.opencms.ticketbrokerage.site/resources/js/calendar-setup.js HTTP/1.1" 200 4923
188.148.83.135 - - [28/Feb/2025:00:36:58 +0100] "GET /ticket2/opencms/system/modules/com.gridnine.opencms.ticketbrokerage.site/resources/pics/banners/sv/la_liga_sv.png HTTP/1.1" 200 13455
202.8.43.222 - - [28/Feb/2025:00:36:58 +0100] "GET /ticket2/opencms/system/modules/com.gridnine.opencms.ticketbrokerage.site/resources/css/standard.css HTTP/1.1" 200 74207
202.8.43.222 - - [28/Feb/2025:00:36:58 +0100] "GET /ticket2/opencms/system/modules/com.gridnine.opencms.ticketbrokerage.site/resources/css/jquery.fancybox.css HTTP/1.1" 200 4939
202.8.43.222 - - [28/Feb/2025:00:36:58 +0100] "GET /ticket2/opencms/system/modules/com.gridnine.opencms.ticketbrokerage.site/resources/css/jquery-ui.css HTTP/1.1" 200 33221
202.8.43.222 - - [28/Feb/2025:00:36:58 +0100] "GET /ticket2/opencms/system/modules/com.gridnine.opencms.ticketbrokerage.site/resources/css/calendar.css HTTP/1.1" 200 6871
202.8.43.222 - - [28/Feb/2025:00:36:58 +0100] "GET /ticket2/opencms/system/modules/com.gridnine.opencms.ticketbrokerage.site/resources/css/ticketbrokerage.css HTTP/1.1" 200 39339
202.8.43.222 - - [28/Feb/2025:00:36:58 +0100] "GET /ticket2/opencms/system/modules/com.gridnine.opencms.ticketbrokerage.site/resources/js/jquery/jquery.js HTTP/1.1" 200 93868
202.8.43.222 - - [28/Feb/2025:00:36:58 +0100] "GET /ticket2/opencms/system/modules/com.gridnine.opencms.ticketbrokerage.site/resources/js/calendar.js HTTP/1.1" 200 49229
202.8.43.222 - - [28/Feb/2025:00:36:58 +0100] "GET /ticket2/opencms/system/modules/com.gridnine.opencms.ticketbrokerage.site/resources/js/functions.js HTTP/1.1" 200 1583
202.8.43.222 - - [28/Feb/2025:00:36:58 +0100] "GET /ticket2/opencms/system/modules/com.gridnine.opencms.ticketbrokerage.site/resources/js/jquery/jquery-ui.js HTTP/1.1" 200 228088
202.8.43.222 - - [28/Feb/2025:00:36:58 +0100] "GET /ticket2/opencms/system/modules/com.gridnine.opencms.ticketbrokerage.site/resources/js/calendar-en.js HTTP/1.1" 200 3338
202.8.43.222 - - [28/Feb/2025:00:36:58 +0100] "GET /ticket2/opencms/system/modules/com.gridnine.opencms.ticketbrokerage.site/resources/js/calendar-setup.js HTTP/1.1" 200 4923
20.171.207.246 - - [28/Feb/2025:00:36:58 +0100] "GET /ticket2/opencms/set_aff_cookie.jsp?partner=2E02071B-A8C3-4CBA-3097-C27D61C02ED8&url=%252Fno%252Fbuy%252Findex.html%253Fpage%253D1%2526edid%253D70EF0ABB-9A80-4CE0-EE48-CC9265C1B361%2526hlv%253D6692485d-5828-4d1b-95dd-16d80a01000f%2523v_524968791 HTTP/1.1" 200 246
202.8.43.222 - - [28/Feb/2025:00:36:58 +0100] "GET /ticket2/opencms/system/modules/com.gridnine.opencms.ticketbrokerage.site/resources/js/jquery.fancybox.pack.js HTTP/1.1" 200 23187
202.8.43.222 - - [28/Feb/2025:00:36:58 +0100] "GET /ticket2/opencms/system/modules/com.gridnine.opencms.ticketbrokerage.site/resources/js/stickyfill.min.js HTTP/1.1" 200 5672
202.8.43.222 - - [28/Feb/2025:00:36:58 +0100] "GET /ticket2/opencms/system/modules/com.gridnine.opencms.ticketbrokerage.site/resources/js/standard.js HTTP/1.1" 200 3983
202.8.43.222 - - [28/Feb/2025:00:36:58 +0100] "GET /ticket2/opencms/system/modules/com.gridnine.opencms.ticketbrokerage.site/resources/js/jquery.placeholder.min.js HTTP/1.1" 200 1737
202.8.43.222 - - [28/Feb/2025:00:36:58 +0100] "GET /ticket2/opencms/system/modules/com.gridnine.opencms.ticketbrokerage.site/resources/js/common-ajax.js HTTP/1.1" 200 20175
202.8.43.222 - - [28/Feb/2025:00:36:58 +0100] "GET /ticket2/opencms/sv/ask-form.html HTTP/1.1" 200 2950
202.8.43.222 - - [28/Feb/2025:00:36:58 +0100] "GET /ticket2/opencms/system/modules/com.gridnine.opencms.ticketbrokerage.site/resources/css/ticketbrokerage.css HTTP/1.1" 200 39339
20.171.207.246 - - [28/Feb/2025:00:36:59 +0100] "GET /ticket2/opencms/set_aff_cookie.jsp?partner=6F250EA7-4505-FA01-D601-8847F2573405&url=%252Fen%252Fbuy%252Findex.html%253Fpage%253D1%2526edid%253D1046C14E-D95C-B350-CBCD-2ECE5F3DCC46%2526hlv%253D668668af-3e24-48be-a3e7-6ca00a01000f%2523v_238119816 HTTP/1.1" 200 246
20.171.207.246 - - [28/Feb/2025:00:37:00 +0100] "GET /ticket2/opencms/set_aff_cookie.jsp?partner=8F6DE15D-D831-5787-AE7E-FEFF53476F85&url=%252Fsv%252Fbuy%252Findex.html%253Fpage%253D1%2526edid%253D1C663B38-AAE8-15E5-78AB-F7247D2C67D4%2526hlv%253D666d70a0-b680-4d1d-94e0-0e670a01000f%2523v_1203830011 HTTP/1.1" 200 247
124.243.176.248 - - [28/Feb/2025:00:37:01 +0100] "GET /ticket2/opencms/bg/buy/?page=1&edid=D63941C3-9D9D-1874-34EF-F67984762D0B HTTP/1.1" 200 113172
18.214.238.178 - - [28/Feb/2025:00:37:01 +0100] "GET /ticket2/opencms/sites/ticketbrokerage/sv/sport/fotbollsbiljetter/serie_a/inter/napoli.html HTTP/1.1" 404 -
66.220.149.8 - - [28/Feb/2025:00:37:01 +0100] "GET /ticket2/opencms/en/faq/ HTTP/1.1" 200 90689
54.36.148.225 - - [28/Feb/2025:00:37:01 +0100] "GET /ticket2/opencms/sk/magazine/article?title=drama-zapas-medzi-tottenhamom-a-chelsea HTTP/1.1" 200 94738
20.171.207.246 - - [28/Feb/2025:00:37:01 +0100] "GET /ticket2/opencms/set_aff_cookie.jsp?partner=8F6DE15D-D831-5787-AE7E-FEFF53476F85&url=%252Fdk%252Fbuy%252Findex.html%253Fpage%253D1%2526edid%253DC68D3A19-7AB1-B0F6-2F8E-E937CB754241%2526hlv%253D669388d8-60f0-41f4-829e-6fc60a01000f%2523v_265942406 HTTP/1.1" 200 246
20.171.207.246 - - [28/Feb/2025:00:37:03 +0100] "GET /ticket2/opencms/set_aff_cookie.jsp?partner=8F6DE15D-D831-5787-AE7E-FEFF53476F85&url=%252Fnl%252Fbuy%252Findex.html%253Fpage%253D1%2526edid%253D66C22035-E7EA-E10A-4BFC-2C30733037DC%2526hlv%253D666d4a37-64c4-4e3f-8c31-6bb30a01000f%2523v1765961200 HTTP/1.1" 200 246
114.119.138.214 - - [28/Feb/2025:00:37:03 +0100] "GET /ticket2/opencms/en/venue/?venueid=FA1F63EA-EA54-4899-F30D-0FB3D87C3647 HTTP/1.1" 200 85425
20.171.207.246 - - [28/Feb/2025:00:37:04 +0100] "GET /ticket2/opencms/set_aff_cookie.jsp?partner=2E02071B-A8C3-4CBA-3097-C27D61C02ED8&url=%252Fsv%252Fbuy%252Findex.html%253Fpage%253D1%2526edid%253D671D6D35-C6CF-A718-CE96-A40CDF33711B%2526hlv%253D61140278-dd88-4c26-be74-19c50a01000f%2523v_877667754 HTTP/1.1" 200 246
20.171.207.246 - - [28/Feb/2025:00:37:05 +0100] "GET /ticket2/opencms/set_aff_cookie.jsp?partner=8F6DE15D-D831-5787-AE7E-FEFF53476F85&url=%252Fno%252Fbuy%252Findex.html%253Fpage%253D1%2526edid%253DC68D3A19-7AB1-B0F6-2F8E-E937CB754241%2526hlv%253D669388d6-b784-46f8-b2ef-6fc60a01000f%2523v_1193830071 HTTP/1.1" 200 247
20.171.207.246 - - [28/Feb/2025:00:37:06 +0100] "GET /ticket2/opencms/set_aff_cookie.jsp?partner=57601924-FB09-5BB2-867F-08B4EB522BA8&url=%252Fdk%252Fbuy%252Findex.html%253Fpage%253D1%2526edid%253D160DAC9A-2A77-6FDC-52B8-296352B1ABF1%2526hlv%253D666c4b57-a358-4b8b-9a8b-3e290a01000f%2523v_684730961 HTTP/1.1" 200 246
20.171.207.246 - - [28/Feb/2025:00:37:07 +0100] "GET /ticket2/opencms/set_aff_cookie.jsp?partner=8F6DE15D-D831-5787-AE7E-FEFF53476F85&url=%252Fdk%252Fbuy%252Findex.html%253Fpage%253D1%2526edid%253D1C663B38-AAE8-15E5-78AB-F7247D2C67D4%2526hlv%253D666d70a2-5248-40f7-b84f-0e670a01000f%2523v_515482662 HTTP/1.1" 200 246
114.119.141.178 - - [28/Feb/2025:00:37:08 +0100] "GET /ticket2/opencms/nl/buy?page=1&edid=5013A1E7-6B46-F1F8-6B39-0131EFEB0CDA HTTP/1.1" 200 116256
20.171.207.246 - - [28/Feb/2025:00:37:08 +0100] "GET /ticket2/opencms/set_aff_cookie.jsp?partner=2E02071B-A8C3-4CBA-3097-C27D61C02ED8&url=%252Fdk%252Fbuy%252Findex.html%253Fpage%253D1%2526edid%253D66C22035-E7EA-E10A-4BFC-2C30733037DC%2526hlv%253D666d4a38-122c-4a74-b757-6bb30a01000f%2523v501684742 HTTP/1.1" 200 245
47.128.49.233 - - [28/Feb/2025:00:37:09 +0100] "GET /ticket2/opencms/fi/venue/?venueid=8F69F39C-B5DA-1E67-5E28-A694F58730E7 HTTP/1.1" 200 86915
188.148.83.135 - - [28/Feb/2025:00:37:09 +0100] "GET /ticket2/opencms/sv/search.html?searchQuery=Real+Madrid&submit= HTTP/1.1" 200 108179
20.171.207.246 - - [28/Feb/2025:00:37:10 +0100] "GET /ticket2/opencms/set_aff_cookie.jsp?partner=8F6DE15D-D831-5787-AE7E-FEFF53476F85&url=%252Fdk%252Fbuy%252Findex.html%253Fpage%253D1%2526edid%253D14427B33-9BB8-BBB7-1EBA-73EE86A692A4%2526hlv%253D6693ad33-14a4-46b8-a0a3-07f70a01000f%2523v_2058606370 HTTP/1.1" 200 247
173.252.83.113 - - [28/Feb/2025:00:37:10 +0100] "GET /ticket2/opencms/es/deporte/entradas-futbol/serie-a/atalanta/ HTTP/1.1" 200 101156
188.148.83.135 - - [28/Feb/2025:00:37:10 +0100] "GET /ticket2/opencms/system/modules/com.gridnine.opencms.ticketbrokerage.site/resources/js/calendar-setup.js HTTP/1.1" 200 4923
188.148.83.135 - - [28/Feb/2025:00:37:10 +0100] "GET /ticket2/opencms/system/modules/com.gridnine.opencms.ticketbrokerage.site/resources/js/functions.js HTTP/1.1" 200 1583
188.148.83.135 - - [28/Feb/2025:00:37:10 +0100] "GET /ticket2/opencms/system/modules/com.gridnine.opencms.ticketbrokerage.site/resources/css/ticketbrokerage.css HTTP/1.1" 200 39339
188.148.83.135 - - [28/Feb/2025:00:37:10 +0100] "GET /ticket2/opencms/system/modules/com.gridnine.opencms.ticketbrokerage.site/resources/js/standard.js HTTP/1.1" 200 3983
188.148.83.135 - - [28/Feb/2025:00:37:10 +0100] "GET /ticket2/opencms/system/modules/com.gridnine.opencms.ticketbrokerage.site/resources/css/standard.css HTTP/1.1" 200 74207
188.148.83.135 - - [28/Feb/2025:00:37:10 +0100] "GET /ticket2/opencms/system/modules/com.gridnine.opencms.ticketbrokerage.site/resources/css/calendar.css HTTP/1.1" 200 6871
188.148.83.135 - - [28/Feb/2025:00:37:10 +0100] "GET /ticket2/opencms/system/modules/com.gridnine.opencms.ticketbrokerage.site/resources/js/calendar-en.js HTTP/1.1" 200 3338
188.148.83.135 - - [28/Feb/2025:00:37:10 +0100] "GET /ticket2/opencms/system/modules/com.gridnine.opencms.ticketbrokerage.site/resources/js/calendar.js HTTP/1.1" 200 49229
188.148.83.135 - - [28/Feb/2025:00:37:10 +0100] "GET /ticket2/opencms/system/modules/com.gridnine.opencms.ticketbrokerage.site/resources/pics/bank_1_nordea.png HTTP/1.1" 200 4807
188.148.83.135 - - [28/Feb/2025:00:37:10 +0100] "GET /ticket2/opencms/system/modules/com.gridnine.opencms.ticketbrokerage.site/resources/pics/bank_2_handelsbanken.png HTTP/1.1" 200 4509
188.148.83.135 - - [28/Feb/2025:00:37:10 +0100] "GET /ticket2/opencms/system/modules/com.gridnine.opencms.ticketbrokerage.site/resources/pics/bank_3_swedbank.png HTTP/1.1" 200 5740
188.148.83.135 - - [28/Feb/2025:00:37:10 +0100] "GET /ticket2/opencms/sv/ask-form.html HTTP/1.1" 200 2950
188.148.83.135 - - [28/Feb/2025:00:37:10 +0100] "GET /ticket2/opencms/system/modules/com.gridnine.opencms.ticketbrokerage.site/resources/pics/bank_5_visa_mastercard.png HTTP/1.1" 200 8196
188.148.83.135 - - [28/Feb/2025:00:37:10 +0100] "GET /ticket2/opencms/system/modules/com.gridnine.opencms.ticketbrokerage.site/resources/pics/bank_4_seb.png HTTP/1.1" 200 2487
188.148.83.135 - - [28/Feb/2025:00:37:10 +0100] "GET /ticket2/opencms/system/modules/com.gridnine.opencms.ticketbrokerage.site/resources/pics/bank_6_american_express.png HTTP/1.1" 200 5570
188.148.83.135 - - [28/Feb/2025:00:37:10 +0100] "GET /ticket2/opencms/system/modules/com.gridnine.opencms.ticketbrokerage.site/resources/css/images/ui-bg_flat_75_ffffff_40x100.png HTTP/1.1" 404 -
188.148.83.135 - - [28/Feb/2025:00:37:10 +0100] "GET /ticket2/opencms/system/modules/com.gridnine.opencms.ticketbrokerage.site/resources/css/ticketbrokerage.css HTTP/1.1" 200 39339
188.148.83.135 - - [28/Feb/2025:00:37:10 +0100] "GET /ticket2/opencms/system/modules/com.gridnine.opencms.ticketbrokerage.site/resources/pics/form_marker.gif HTTP/1.1" 200 43
188.148.83.135 - - [28/Feb/2025:00:37:10 +0100] "GET /ticket2/opencms/system/modules/com.gridnine.opencms.ticketbrokerage.site/resources/pics/arrow.gif HTTP/1.1" 200 344
188.148.83.135 - - [28/Feb/2025:00:37:10 +0100] "GET /ticket2/opencms/system/modules/com.gridnine.opencms.ticketbrokerage.site/resources/pics/button1_right.gif HTTP/1.1" 200 232
188.148.83.135 - - [28/Feb/2025:00:37:10 +0100] "GET /ticket2/opencms/system/modules/com.gridnine.opencms.ticketbrokerage.site/resources/pics/button1_left.gif HTTP/1.1" 200 232
188.148.83.135 - - [28/Feb/2025:00:37:10 +0100] "GET /ticket2/opencms/system/modules/com.gridnine.opencms.ticketbrokerage.site/resources/pics/button1_center.gif HTTP/1.1" 200 66
20.171.207.246 - - [28/Feb/2025:00:37:11 +0100] "GET /ticket2/opencms/set_aff_cookie.jsp?partner=2E02071B-A8C3-4CBA-3097-C27D61C02ED8&url=%252Fnl%252Fbuy%252Findex.html%253Fpage%253D1%2526edid%253D66FFE717-0C93-3F01-2AC8-8E7FC5F9BAB1%2526hlv%253D6689076b-25ec-423a-9314-1ba70a01000f%2523v867818641 HTTP/1.1" 200 245
54.36.149.44 - - [28/Feb/2025:00:37:11 +0100] "GET /ticket2/opencms/sr/buy?page=1&edid=E2BA261D-8AA4-C0D3-44EE-1FFEB3ECFAE6 HTTP/1.1" 200 135890
20.171.207.246 - - [28/Feb/2025:00:37:12 +0100] "GET /ticket2/opencms/set_aff_cookie.jsp?partner=2E02071B-A8C3-4CBA-3097-C27D61C02ED8&url=%252Fno%252Fbuy%252Findex.html%253Fpage%253D1%2526edid%253D66C22035-E7EA-E10A-4BFC-2C30733037DC%2526hlv%253D666d4a38-81b0-42d8-86ec-6bb30a01000f%2523v1843241588 HTTP/1.1" 200 246
202.8.43.220 - - [28/Feb/2025:00:37:13 +0100] "GET /ticket2/opencms/system/modules/com.gridnine.opencms.ticketbrokerage.site/resources/css/calendar.css HTTP/1.1" 200 6871
202.8.43.220 - - [28/Feb/2025:00:37:13 +0100] "GET /ticket2/opencms/system/modules/com.gridnine.opencms.ticketbrokerage.site/resources/css/standard.css HTTP/1.1" 200 74207
202.8.43.220 - - [28/Feb/2025:00:37:13 +0100] "GET /ticket2/opencms/system/modules/com.gridnine.opencms.ticketbrokerage.site/resources/css/ticketbrokerage.css HTTP/1.1" 200 39339
202.8.43.220 - - [28/Feb/2025:00:37:13 +0100] "GET /ticket2/opencms/system/modules/com.gridnine.opencms.ticketbrokerage.site/resources/css/jquery.fancybox.css HTTP/1.1" 200 4939
202.8.43.220 - - [28/Feb/2025:00:37:13 +0100] "GET /ticket2/opencms/system/modules/com.gridnine.opencms.ticketbrokerage.site/resources/css/jquery-ui.css HTTP/1.1" 200 33221
202.8.43.220 - - [28/Feb/2025:00:37:13 +0100] "GET /ticket2/opencms/system/modules/com.gridnine.opencms.ticketbrokerage.site/resources/js/jquery/jquery-ui.js HTTP/1.1" 200 228088
202.8.43.220 - - [28/Feb/2025:00:37:13 +0100] "GET /ticket2/opencms/system/modules/com.gridnine.opencms.ticketbrokerage.site/resources/js/jquery/jquery.js HTTP/1.1" 200 93868
202.8.43.220 - - [28/Feb/2025:00:37:13 +0100] "GET /ticket2/opencms/system/modules/com.gridnine.opencms.ticketbrokerage.site/resources/js/functions.js HTTP/1.1" 200 1583
202.8.43.220 - - [28/Feb/2025:00:37:13 +0100] "GET /ticket2/opencms/system/modules/com.gridnine.opencms.ticketbrokerage.site/resources/js/calendar-setup.js HTTP/1.1" 200 4923
202.8.43.220 - - [28/Feb/2025:00:37:13 +0100] "GET /ticket2/opencms/system/modules/com.gridnine.opencms.ticketbrokerage.site/resources/js/calendar-en.js HTTP/1.1" 200 3338
202.8.43.220 - - [28/Feb/2025:00:37:13 +0100] "GET /ticket2/opencms/system/modules/com.gridnine.opencms.ticketbrokerage.site/resources/js/calendar.js HTTP/1.1" 200 49229
202.8.43.220 - - [28/Feb/2025:00:37:13 +0100] "GET /ticket2/opencms/system/modules/com.gridnine.opencms.ticketbrokerage.site/resources/js/jquery.fancybox.pack.js HTTP/1.1" 200 23187
202.8.43.220 - - [28/Feb/2025:00:37:13 +0100] "GET /ticket2/opencms/system/modules/com.gridnine.opencms.ticketbrokerage.site/resources/js/stickyfill.min.js HTTP/1.1" 200 5672
202.8.43.220 - - [28/Feb/2025:00:37:13 +0100] "GET /ticket2/opencms/system/modules/com.gridnine.opencms.ticketbrokerage.site/resources/js/standard.js HTTP/1.1" 200 3983
20.171.207.246 - - [28/Feb/2025:00:37:13 +0100] "GET /ticket2/opencms/set_aff_cookie.jsp?partner=2E02071B-A8C3-4CBA-3097-C27D61C02ED8&url=%252Fnl%252Fbuy%252Findex.html%253Fpage%253D1%2526edid%253D605F0713-F5C5-5844-2344-BCDD5B5AC0EC%2526hlv%253D666ffe9e-6220-476b-820a-23df0a01000f%2523v_625310384 HTTP/1.1" 200 246
202.8.43.220 - - [28/Feb/2025:00:37:13 +0100] "GET /ticket2/opencms/system/modules/com.gridnine.opencms.ticketbrokerage.site/resources/js/jquery.placeholder.min.js HTTP/1.1" 200 1737
202.8.43.220 - - [28/Feb/2025:00:37:13 +0100] "GET /ticket2/opencms/system/modules/com.gridnine.opencms.ticketbrokerage.site/resources/js/common-ajax.js HTTP/1.1" 200 20175
202.8.43.220 - - [28/Feb/2025:00:37:13 +0100] "GET /ticket2/opencms/sr/ask-form.html HTTP/1.1" 200 3156
202.8.43.220 - - [28/Feb/2025:00:37:13 +0100] "GET /ticket2/opencms/system/modules/com.gridnine.opencms.ticketbrokerage.site/resources/css/ticketbrokerage.css HTTP/1.1" 200 39339
114.119.133.220 - - [28/Feb/2025:00:37:14 +0100] "GET /ticket2/opencms/en/sell/?edid=8B6C5B52-E40B-31A1-BC32-9570B2D8DEF8 HTTP/1.1" 302 -
216.244.66.238 - - [28/Feb/2025:00:37:14 +0100] "GET /ticket2/opencms/dk/buy?page=6&comcatid=A17713B6-D984-201A-4143-ED4DB5ED5C2E&catid=7ACC33AD-EE7E-AAA7-9050-0F4587759B87 HTTP/1.1" 200 102828
20.171.207.246 - - [28/Feb/2025:00:37:14 +0100] "GET /ticket2/opencms/set_aff_cookie.jsp?partner=57601924-FB09-5BB2-867F-08B4EB522BA8&url=%252Fru%252Fbuy%252Findex.html%253Fpage%253D1%2526edid%253D6C1ED87B-DDA5-3BB2-3EDA-87860E37D5E0%2526hlv%253D66884500-72fc-45eb-9dbf-34030a01000f%2523v501000484 HTTP/1.1" 200 245
185.191.171.3 - - [28/Feb/2025:00:37:15 +0100] "GET /ticket2/opencms/ro/magazine/article?title=liga-campionilor-bilete-pe-ticket2 HTTP/1.1" 200 97982
20.171.207.246 - - [28/Feb/2025:00:37:15 +0100] "GET /ticket2/opencms/set_aff_cookie.jsp?partner=8F6DE15D-D831-5787-AE7E-FEFF53476F85&url=%252Fru%252Fbuy%252Findex.html%253Fpage%253D1%2526edid%253D76AC12AC-4686-41BA-93AB-CDA5668851B1%2526hlv%253D66900fc6-c268-4a70-8b3a-18030a01000f%2523v_895358641 HTTP/1.1" 200 246
20.171.207.246 - - [28/Feb/2025:00:37:16 +0100] "GET /ticket2/opencms/set_aff_cookie.jsp?partner=2E02071B-A8C3-4CBA-3097-C27D61C02ED8&url=%252Ffi%252Fbuy%252Findex.html%253Fpage%253D1%2526edid%253D1B2497C9-50FD-C481-B810-5D82DC9B4FE5%2526hlv%253D60ca1b61-84f4-49fe-9218-3f2f0a01000f%2523v_1918245299 HTTP/1.1" 200 247
188.148.83.135 - - [28/Feb/2025:00:37:17 +0100] "GET /ticket2/opencms/sv/buy/?page=1&edid=719E6B6D-707F-E825-E3AA-0E552980E1EB HTTP/1.1" 200 123448
20.171.207.246 - - [28/Feb/2025:00:37:18 +0100] "GET /ticket2/opencms/set_aff_cookie.jsp?partner=8F6DE15D-D831-5787-AE7E-FEFF53476F85&url=%252Fnl%252Fbuy%252Findex.html%253Fpage%253D1%2526edid%253D6F6062BE-21E9-FCCC-41A7-E76CFE6D47E3%2526hlv%253D66938922-63a8-4242-9b92-703c0a01000f%2523v_296763246 HTTP/1.1" 200 246
188.148.83.135 - - [28/Feb/2025:00:37:18 +0100] "GET /ticket2/opencms/system/modules/com.gridnine.opencms.ticketbrokerage.site/resources/css/standard.css HTTP/1.1" 200 74207
188.148.83.135 - - [28/Feb/2025:00:37:18 +0100] "GET /ticket2/opencms/system/modules/com.gridnine.opencms.ticketbrokerage.site/resources/css/ticketbrokerage.css HTTP/1.1" 200 39339
188.148.83.135 - - [28/Feb/2025:00:37:18 +0100] "GET /ticket2/opencms/system/modules/com.gridnine.opencms.ticketbrokerage.site/resources/css/calendar.css HTTP/1.1" 200 6871
114.119.133.220 - - [28/Feb/2025:00:37:18 +0100] "GET /ticket2/opencms/en/login/?url=/en/sell/ HTTP/1.1" 200 90135
188.148.83.135 - - [28/Feb/2025:00:37:18 +0100] "GET /ticket2/opencms/system/modules/com.gridnine.opencms.ticketbrokerage.site/resources/js/calendar.js HTTP/1.1" 200 49229
188.148.83.135 - - [28/Feb/2025:00:37:18 +0100] "GET /ticket2/opencms/system/modules/com.gridnine.opencms.ticketbrokerage.site/resources/js/functions.js HTTP/1.1" 200 1583
188.148.83.135 - - [28/Feb/2025:00:37:18 +0100] "GET /ticket2/opencms/system/modules/com.gridnine.opencms.ticketbrokerage.site/resources/js/calendar-setup.js HTTP/1.1" 200 4923
188.148.83.135 - - [28/Feb/2025:00:37:18 +0100] "GET /ticket2/opencms/system/modules/com.gridnine.opencms.ticketbrokerage.site/resources/js/calendar-en.js HTTP/1.1" 200 3338
188.148.83.135 - - [28/Feb/2025:00:37:18 +0100] "GET /ticket2/opencms/venue/santiago-bernabeu.jpg HTTP/1.1" 200 223960
188.148.83.135 - - [28/Feb/2025:00:37:18 +0100] "GET /ticket2/opencms/system/modules/com.gridnine.opencms.ticketbrokerage.site/resources/js/standard.js HTTP/1.1" 200 3983
188.148.83.135 - - [28/Feb/2025:00:37:18 +0100] "GET /ticket2/opencms/system/modules/com.gridnine.opencms.ticketbrokerage.site/resources/pics/0.gif HTTP/1.1" 200 43
188.148.83.135 - - [28/Feb/2025:00:37:18 +0100] "GET /ticket2/opencms/sv/ask-form.html HTTP/1.1" 200 2950
188.148.83.135 - - [28/Feb/2025:00:37:18 +0100] "GET /ticket2/opencms/system/modules/com.gridnine.opencms.ticketbrokerage.site/resources/pics/two_man.png HTTP/1.1" 200 3407
188.148.83.135 - - [28/Feb/2025:00:37:18 +0100] "GET /ticket2/opencms/system/modules/com.gridnine.opencms.ticketbrokerage.site/resources/css/ticketbrokerage.css HTTP/1.1" 200 39339
188.148.83.135 - - [28/Feb/2025:00:37:18 +0100] "GET /ticket2/opencms/system/modules/com.gridnine.opencms.ticketbrokerage.site/resources/pics/ticket_info_button.png HTTP/1.1" 200 3820
188.148.83.135 - - [28/Feb/2025:00:37:18 +0100] "GET /ticket2/opencms/img/arrow-down.png HTTP/1.1" 200 192
20.171.207.246 - - [28/Feb/2025:00:37:19 +0100] "GET /ticket2/opencms/set_aff_cookie.jsp?partner=2E02071B-A8C3-4CBA-3097-C27D61C02ED8&url=%252Fen%252Fbuy%252Findex.html%253Fpage%253D1%2526edid%253D150C2B47-38EB-0C0E-C664-5F863E9426DB%2526hlv%253D66cafa7e-ed2c-4618-9b42-33480a01000f%2523v_1234957467 HTTP/1.1" 200 247
