20.171.207.246 - - [28/Feb/2025:01:10:31 +0100] "GET /ticket2/opencms/set_aff_cookie.jsp?partner=6F250EA7-4505-FA01-D601-8847F2573405&url=%252Fen%252Fbuy%252Findex.html%253Fpage%253D1%2526edid%253D9F8544B2-CF19-221B-478E-5476FF460535%2526hlv%253D6693ab49-1030-4d5b-9914-052e0a01000f%2523v500319614 HTTP/1.1" 200 245
192.95.30.177 - - [28/Feb/2025:01:10:31 +0100] "GET /ticket2/opencms/sv/buy/?page=1&edid=E299A264-623B-31F5-6B20-87BBA4545091&sortorder=desc&column=price HTTP/1.1" 200 112869
20.171.207.246 - - [28/Feb/2025:01:10:32 +0100] "GET /ticket2/opencms/set_aff_cookie.jsp?partner=6F250EA7-4505-FA01-D601-8847F2573405&url=%252Fno%252Fbuy%252Findex.html%253Fpage%253D1%2526edid%253D3289C097-2261-9433-8644-DF033A9EE354%2526hlv%253D666c5d12-a990-4776-87a1-4e220a01000f%2523v1695225178 HTTP/1.1" 200 246
20.171.207.246 - - [28/Feb/2025:01:10:33 +0100] "GET /ticket2/opencms/set_aff_cookie.jsp?partner=6F250EA7-4505-FA01-D601-8847F2573405&url=%252Ffi%252Fbuy%252Findex.html%253Fpage%253D1%2526edid%253D87B3356E-6F78-7F45-235C-4CD49B95C308%2526hlv%253D669148e1-8754-4b92-9768-48a80a01000f%2523v1383892532 HTTP/1.1" 200 246
192.95.30.177 - - [28/Feb/2025:01:10:33 +0100] "GET /ticket2/opencms/sv/buy/?page=1&edid=E299A264-623B-31F5-6B20-87BBA4545091&sortorder=desc&column=row HTTP/1.1" 200 112743
20.171.207.246 - - [28/Feb/2025:01:10:34 +0100] "GET /ticket2/opencms/set_aff_cookie.jsp?partner=6F250EA7-4505-FA01-D601-8847F2573405&url=%252Ffi%252Fbuy%252Findex.html%253Fpage%253D1%2526edid%253D0C675B35-F010-2227-D951-9B816929F720%2526hlv%253D6689073e-66b4-4b4e-9b7c-1a850a01000f%2523v1582559207 HTTP/1.1" 200 246
20.171.207.246 - - [28/Feb/2025:01:10:35 +0100] "GET /ticket2/opencms/set_aff_cookie.jsp?partner=6F250EA7-4505-FA01-D601-8847F2573405&url=%252Fsv%252Fbuy%252Findex.html%253Fpage%253D1%2526edid%253D5C16C231-B966-190F-EDF0-005493349D4E%2526hlv%253D66924207-17f8-4611-8c53-068d0a01000f%2523v1655801209 HTTP/1.1" 200 246
192.95.30.177 - - [28/Feb/2025:01:10:36 +0100] "GET /ticket2/opencms/sv/buy/?page=1&edid=E299A264-623B-31F5-6B20-87BBA4545091&sortorder=desc&column=section HTTP/1.1" 200 112900
20.171.207.246 - - [28/Feb/2025:01:10:36 +0100] "GET /ticket2/opencms/set_aff_cookie.jsp?partner=6F250EA7-4505-FA01-D601-8847F2573405&url=%252Fsv%252Fbuy%252Findex.html%253Fpage%253D1%2526edid%253D47C0370F-9915-7673-E038-7AD65907592C%2526hlv%253D666d50d2-7a48-4483-9723-70d60a01000f%2523v752749080 HTTP/1.1" 200 245
54.36.149.27 - - [28/Feb/2025:01:10:37 +0100] "GET /ticket2/opencms/dk/buy/?page=1&edid=F96EC4CB-A7BC-CFD8-70A7-924DB40FAA5B HTTP/1.1" 200 107211
20.171.207.246 - - [28/Feb/2025:01:10:37 +0100] "GET /ticket2/opencms/set_aff_cookie.jsp?partner=6F250EA7-4505-FA01-D601-8847F2573405&url=%252Fdk%252Fbuy%252Findex.html%253Fpage%253D1%2526edid%253D7568E602-7C67-35D2-952F-D243F8930169%2526hlv%253D666dbc74-5f60-4970-94b7-4cf60a01000f%2523v1614692342 HTTP/1.1" 200 246
192.95.30.177 - - [28/Feb/2025:01:10:38 +0100] "GET /ticket2/opencms/sv/buy/?page=1&edid=E2DE5E1E-4055-6F0B-0D78-BD4BC6C49DCF&sortorder=desc&column=price HTTP/1.1" 200 111248
20.171.207.246 - - [28/Feb/2025:01:10:39 +0100] "GET /ticket2/opencms/set_aff_cookie.jsp?partner=6F250EA7-4505-FA01-D601-8847F2573405&url=%252Fnl%252Fbuy%252Findex.html%253Fpage%253D1%2526edid%253D7568E602-7C67-35D2-952F-D243F8930169%2526hlv%253D666dbc73-9050-420b-a580-4cf60a01000f%2523v1122167172 HTTP/1.1" 200 246
185.191.171.6 - - [28/Feb/2025:01:10:39 +0100] "GET /ticket2/opencms/el/magazine/article?title=jude-bellingham HTTP/1.1" 200 95940
192.95.30.177 - - [28/Feb/2025:01:10:40 +0100] "GET /ticket2/opencms/sv/buy/?page=1&edid=E94EB3D4-47F8-5B4B-AFCC-5DA76D6F5A89&sortorder=asc&column=section HTTP/1.1" 200 112879
20.171.207.246 - - [28/Feb/2025:01:10:40 +0100] "GET /ticket2/opencms/set_aff_cookie.jsp?partner=6F250EA7-4505-FA01-D601-8847F2573405&url=%252Fsv%252Fbuy%252Findex.html%253Fpage%253D1%2526edid%253D779DCE22-7865-5C8E-54FB-44794C9B955F%2526hlv%253D669241c3-3634-4657-8a65-0d450a01000f%2523v2020439643 HTTP/1.1" 200 246
20.171.207.246 - - [28/Feb/2025:01:10:41 +0100] "GET /ticket2/opencms/set_aff_cookie.jsp?partner=6F250EA7-4505-FA01-D601-8847F2573405&url=%252Ffi%252Fbuy%252Findex.html%253Fpage%253D1%2526edid%253D3289C097-2261-9433-8644-DF033A9EE354%2526hlv%253D666c5d18-d654-47a9-b51a-4e220a01000f%2523v1162843043 HTTP/1.1" 200 246
192.95.30.177 - - [28/Feb/2025:01:10:42 +0100] "GET /ticket2/opencms/sv/buy/?page=1&edid=EBC3D801-195F-FAAD-6D1F-1C9AE8B7AB43&sortorder=asc&column=section HTTP/1.1" 200 112751
20.171.207.246 - - [28/Feb/2025:01:10:42 +0100] "GET /ticket2/opencms/set_aff_cookie.jsp?partner=6F250EA7-4505-FA01-D601-8847F2573405&url=%252Fsv%252Fbuy%252Findex.html%253Fpage%253D1%2526edid%253D3289C097-2261-9433-8644-DF033A9EE354%2526hlv%253D666c5d16-442c-473c-940e-4e220a01000f%2523v1731668204 HTTP/1.1" 200 246
20.171.207.246 - - [28/Feb/2025:01:10:43 +0100] "GET /ticket2/opencms/set_aff_cookie.jsp?partner=6F250EA7-4505-FA01-D601-8847F2573405&url=%252Fdk%252Fbuy%252Findex.html%253Fpage%253D1%2526edid%253D3289C097-2261-9433-8644-DF033A9EE354%2526hlv%253D666c5d14-4c38-4009-a464-4e220a01000f%2523v1218331416 HTTP/1.1" 200 246
192.95.30.177 - - [28/Feb/2025:01:10:44 +0100] "GET /ticket2/opencms/sv/buy/?page=1&edid=EBC3D801-195F-FAAD-6D1F-1C9AE8B7AB43&sortorder=desc&column=price HTTP/1.1" 200 112792
20.171.207.246 - - [28/Feb/2025:01:10:44 +0100] "GET /ticket2/opencms/set_aff_cookie.jsp?partner=6F250EA7-4505-FA01-D601-8847F2573405&url=%252Ffi%252Fbuy%252Findex.html%253Fpage%253D1%2526edid%253D3289C097-2261-9433-8644-DF033A9EE354%2526hlv%253D666c5d18-667c-4b04-990c-4e220a01000f%2523v230605807 HTTP/1.1" 200 245
20.171.207.246 - - [28/Feb/2025:01:10:46 +0100] "GET /ticket2/opencms/set_aff_cookie.jsp?partner=6F250EA7-4505-FA01-D601-8847F2573405&url=%252Fru%252Fbuy%252Findex.html%253Fpage%253D1%2526edid%253D87B3356E-6F78-7F45-235C-4CD49B95C308%2526hlv%253D669148e1-62b4-4588-9e74-48a80a01000f%2523v556579989 HTTP/1.1" 200 245
54.36.148.128 - - [28/Feb/2025:01:10:46 +0100] "GET /ticket2/opencms/sv/buy?page=1&edid=6C755BD2-3E40-1F18-AF57-4283F42FB67F HTTP/1.1" 200 111164
192.95.30.177 - - [28/Feb/2025:01:10:46 +0100] "GET /ticket2/opencms/sv/buy/?page=1&edid=F1A94DF6-0410-4651-F3FB-0AB19BC09731&sortorder=desc&column=price HTTP/1.1" 200 111370
20.171.207.246 - - [28/Feb/2025:01:10:47 +0100] "GET /ticket2/opencms/set_aff_cookie.jsp?partner=6F250EA7-4505-FA01-D601-8847F2573405&url=%252Fsv%252Fbuy%252Findex.html%253Fpage%253D1%2526edid%253DE3251761-EB52-79D3-066B-585D4F470E3B%2526hlv%253D66884199-a360-4373-8597-31cf0a01000f%2523v345788026 HTTP/1.1" 200 245
85.208.96.210 - - [28/Feb/2025:01:10:48 +0100] "GET /ticket2/opencms/sr/magazine/article?title=crystal-palace-najbolji-navijaci-premier-lige HTTP/1.1" 200 94586
20.171.207.246 - - [28/Feb/2025:01:10:48 +0100] "GET /ticket2/opencms/set_aff_cookie.jsp?partner=6F250EA7-4505-FA01-D601-8847F2573405&url=%252Fnl%252Fbuy%252Findex.html%253Fpage%253D1%2526edid%253D9F8544B2-CF19-221B-478E-5476FF460535%2526hlv%253D6693ab4a-31d8-4139-9831-052e0a01000f%2523v513408732 HTTP/1.1" 200 245
192.95.30.177 - - [28/Feb/2025:01:10:48 +0100] "GET /ticket2/opencms/sv/buy/?page=1&edid=F2AAEAC6-0FA1-D834-2990-EDC1FBE1D38B&sortorder=asc&column=row HTTP/1.1" 200 111603
20.171.207.246 - - [28/Feb/2025:01:10:49 +0100] "GET /ticket2/opencms/set_aff_cookie.jsp?partner=6F250EA7-4505-FA01-D601-8847F2573405&url=%252Fnl%252Fbuy%252Findex.html%253Fpage%253D1%2526edid%253D47C0370F-9915-7673-E038-7AD65907592C%2526hlv%253D666d50d5-9170-4de7-a1b0-70d60a01000f%2523v1051262336 HTTP/1.1" 200 246
20.171.207.246 - - [28/Feb/2025:01:10:50 +0100] "GET /ticket2/opencms/set_aff_cookie.jsp?partner=57601924-FB09-5BB2-867F-08B4EB522BA8&url=%252Fdk%252Fbuy%252Findex.html%253Fpage%253D1%2526edid%253D47C0370F-9915-7673-E038-7AD65907592C%2526hlv%253D666d50d2-7a48-4483-9723-70d60a01000f%2523v752749080 HTTP/1.1" 200 245
192.95.30.177 - - [28/Feb/2025:01:10:51 +0100] "GET /ticket2/opencms/sv/buy/?page=1&edid=F2AAEAC6-0FA1-D834-2990-EDC1FBE1D38B&sortorder=asc&column=section HTTP/1.1" 200 111622
20.171.207.246 - - [28/Feb/2025:01:10:51 +0100] "GET /ticket2/opencms/set_aff_cookie.jsp?partner=6F250EA7-4505-FA01-D601-8847F2573405&url=%252Fnl%252Fbuy%252Findex.html%253Fpage%253D1%2526edid%253D59510E33-7947-2FED-CC14-F0612B76476A%2526hlv%253D66866f77-e0fc-4684-9938-71630a01000f%2523v597240766 HTTP/1.1" 200 245
54.36.148.254 - - [28/Feb/2025:01:10:52 +0100] "GET /ticket2/opencms/sq/buy/?page=1&edid=E0AE80B3-D973-1C4A-1E4A-4F34E588C3A0 HTTP/1.1" 200 109164
20.171.207.246 - - [28/Feb/2025:01:10:52 +0100] "GET /ticket2/opencms/set_aff_cookie.jsp?partner=6F250EA7-4505-FA01-D601-8847F2573405&url=%252Fru%252Fbuy%252Findex.html%253Fpage%253D1%2526edid%253D78F53753-F856-B158-388A-6B70B4CA55C8%2526hlv%253D66b38017-9834-473b-9109-74430a01000f%2523v140160772 HTTP/1.1" 200 245
192.95.30.177 - - [28/Feb/2025:01:10:53 +0100] "GET /ticket2/opencms/sv/buy/?page=1&edid=F32982F9-8DBA-9119-12C3-8C280A2BFA84&sortorder=asc&column=section HTTP/1.1" 200 111340
20.171.207.246 - - [28/Feb/2025:01:10:54 +0100] "GET /ticket2/opencms/set_aff_cookie.jsp?partner=6F250EA7-4505-FA01-D601-8847F2573405&url=%252Fsv%252Fbuy%252Findex.html%253Fpage%253D1%2526edid%253D3289C097-2261-9433-8644-DF033A9EE354%2526hlv%253D666c5d17-0d58-421b-9e81-4e220a01000f%2523v2065646382 HTTP/1.1" 200 246
185.191.171.19 - - [28/Feb/2025:01:10:54 +0100] "GET /ticket2/opencms/az/faq HTTP/1.1" 200 90820
20.171.207.246 - - [28/Feb/2025:01:10:55 +0100] "GET /ticket2/opencms/set_aff_cookie.jsp?partner=6F250EA7-4505-FA01-D601-8847F2573405&url=%252Fru%252Fbuy%252Findex.html%253Fpage%253D1%2526edid%253D81B38BC2-1B10-C00A-7953-DB579F5D53A3%2526hlv%253D66924222-2910-4c42-8723-073b0a01000f%2523v606994332 HTTP/1.1" 200 245
192.95.30.177 - - [28/Feb/2025:01:10:55 +0100] "GET /ticket2/opencms/sv/buy/?page=1&edid=F32982F9-8DBA-9119-12C3-8C280A2BFA84&sortorder=desc&column=section HTTP/1.1" 200 111458
114.119.130.154 - - [28/Feb/2025:01:10:55 +0100] "GET /ticket2/opencms/hu/buy?page=1&=A6EF4FE9-AE81-1F17-8E2D-2A4D92605292 HTTP/1.1" 200 -
111.119.199.137 - - [28/Feb/2025:01:10:55 +0100] "GET /ticket2/opencms/bg/buy?page=1&edid=75DB9E0C-160D-3025-2938-CBFD4F5F1C36 HTTP/1.1" 200 114340
20.171.207.246 - - [28/Feb/2025:01:10:56 +0100] "GET /ticket2/opencms/set_aff_cookie.jsp?partner=6F250EA7-4505-FA01-D601-8847F2573405&url=%252Fru%252Fbuy%252Findex.html%253Fpage%253D1%2526edid%253D47C0370F-9915-7673-E038-7AD65907592C%2526hlv%253D666d50d3-74e4-4229-abd8-70d60a01000f%2523v527356559 HTTP/1.1" 200 245
216.244.66.196 - - [28/Feb/2025:01:10:57 +0100] "GET /ticket2/opencms/robots.txt HTTP/1.1" 200 773
20.171.207.246 - - [28/Feb/2025:01:10:57 +0100] "GET /ticket2/opencms/set_aff_cookie.jsp?partner=6F250EA7-4505-FA01-D601-8847F2573405&url=%252Ffi%252Fbuy%252Findex.html%253Fpage%253D1%2526edid%253D86A7D428-8E42-C0D0-846E-90C83426D4AE%2526hlv%253D6686653e-633c-469f-8172-67400a01000f%2523v1492333314 HTTP/1.1" 200 246
192.95.30.177 - - [28/Feb/2025:01:10:57 +0100] "GET /ticket2/opencms/sv/buy/?page=1&edid=F4A838CD-C7EB-CDA8-6118-FDD4414B7F98&sortorder=asc&column=price HTTP/1.1" 200 112296
52.167.144.166 - - [28/Feb/2025:01:10:58 +0100] "GET /ticket2/opencms/de/buy/?page=1&edid=959254C8-9F5F-6179-1CA1-062F7936CA77 HTTP/1.1" 200 89876
20.171.207.246 - - [28/Feb/2025:01:10:58 +0100] "GET /ticket2/opencms/set_aff_cookie.jsp?partner=57601924-FB09-5BB2-867F-08B4EB522BA8&url=%252Fdk%252Fbuy%252Findex.html%253Fpage%253D1%2526edid%253D5C16C231-B966-190F-EDF0-005493349D4E%2526hlv%253D66924209-8630-4485-9039-068d0a01000f%2523v2046733023 HTTP/1.1" 200 246
66.249.75.227 - - [28/Feb/2025:01:10:58 +0100] "GET /ticket2/opencms/az/buy?page=1&edid=5A8732CC-AF4A-0CF1-393F-1AFA3ED17001&hlv=66d60117-4140-4484-8f05-37b70a01000f HTTP/1.1" 200 113670
20.171.207.246 - - [28/Feb/2025:01:10:59 +0100] "GET /ticket2/opencms/set_aff_cookie.jsp?partner=6F250EA7-4505-FA01-D601-8847F2573405&url=%252Fdk%252Fbuy%252Findex.html%253Fpage%253D1%2526edid%253D3F2D99A8-7547-83C1-C9EB-9D79E7CF5003%2526hlv%253D669390b0-2198-495c-9583-74300a01000f%2523v1078638943 HTTP/1.1" 200 246
192.95.30.177 - - [28/Feb/2025:01:11:00 +0100] "GET /ticket2/opencms/sv/buy/?page=1&edid=F4A838CD-C7EB-CDA8-6118-FDD4414B7F98&sortorder=asc&column=row HTTP/1.1" 200 112276
20.171.207.246 - - [28/Feb/2025:01:11:00 +0100] "GET /ticket2/opencms/set_aff_cookie.jsp?partner=6F250EA7-4505-FA01-D601-8847F2573405&url=%252Fen%252Fbuy%252Findex.html%253Fpage%253D1%2526edid%253D59510E33-7947-2FED-CC14-F0612B76476A%2526hlv%253D66866f77-4250-4ee2-9515-71630a01000f%2523v970243698 HTTP/1.1" 200 245
54.36.148.97 - - [28/Feb/2025:01:11:00 +0100] "GET /ticket2/opencms/es/deporte/entradas-futbol/la-liga/real-madrid HTTP/1.1" 200 95348
20.171.207.246 - - [28/Feb/2025:01:11:02 +0100] "GET /ticket2/opencms/set_aff_cookie.jsp?partner=6F250EA7-4505-FA01-D601-8847F2573405&url=%252Fen%252Fbuy%252Findex.html%253Fpage%253D1%2526edid%253D87B3356E-6F78-7F45-235C-4CD49B95C308%2526hlv%253D669148e1-1738-46be-9860-48a80a01000f%2523v1663098828 HTTP/1.1" 200 246
202.8.42.155 - - [28/Feb/2025:01:11:02 +0100] "GET /ticket2/opencms/system/modules/com.gridnine.opencms.ticketbrokerage.site/resources/css/ticketbrokerage.css HTTP/1.1" 200 39339
202.8.42.155 - - [28/Feb/2025:01:11:02 +0100] "GET /ticket2/opencms/system/modules/com.gridnine.opencms.ticketbrokerage.site/resources/css/standard.css HTTP/1.1" 200 74207
202.8.42.155 - - [28/Feb/2025:01:11:02 +0100] "GET /ticket2/opencms/system/modules/com.gridnine.opencms.ticketbrokerage.site/resources/css/calendar.css HTTP/1.1" 200 6871
202.8.42.155 - - [28/Feb/2025:01:11:02 +0100] "GET /ticket2/opencms/system/modules/com.gridnine.opencms.ticketbrokerage.site/resources/css/jquery-ui.css HTTP/1.1" 200 33221
202.8.42.155 - - [28/Feb/2025:01:11:02 +0100] "GET /ticket2/opencms/system/modules/com.gridnine.opencms.ticketbrokerage.site/resources/css/jquery.fancybox.css HTTP/1.1" 200 4939
202.8.42.155 - - [28/Feb/2025:01:11:02 +0100] "GET /ticket2/opencms/system/modules/com.gridnine.opencms.ticketbrokerage.site/resources/js/jquery/jquery.js HTTP/1.1" 200 93868
202.8.42.155 - - [28/Feb/2025:01:11:02 +0100] "GET /ticket2/opencms/system/modules/com.gridnine.opencms.ticketbrokerage.site/resources/js/calendar.js HTTP/1.1" 200 49229
202.8.42.155 - - [28/Feb/2025:01:11:02 +0100] "GET /ticket2/opencms/system/modules/com.gridnine.opencms.ticketbrokerage.site/resources/js/calendar-en.js HTTP/1.1" 200 3338
202.8.42.155 - - [28/Feb/2025:01:11:02 +0100] "GET /ticket2/opencms/system/modules/com.gridnine.opencms.ticketbrokerage.site/resources/js/functions.js HTTP/1.1" 200 1583
202.8.42.155 - - [28/Feb/2025:01:11:02 +0100] "GET /ticket2/opencms/system/modules/com.gridnine.opencms.ticketbrokerage.site/resources/js/calendar-setup.js HTTP/1.1" 200 4923
202.8.42.155 - - [28/Feb/2025:01:11:02 +0100] "GET /ticket2/opencms/system/modules/com.gridnine.opencms.ticketbrokerage.site/resources/js/jquery/jquery-ui.js HTTP/1.1" 200 228088
192.95.30.177 - - [28/Feb/2025:01:11:02 +0100] "GET /ticket2/opencms/sv/buy/?page=1&edid=F4A838CD-C7EB-CDA8-6118-FDD4414B7F98&sortorder=asc&column=section HTTP/1.1" 200 112438
202.8.42.155 - - [28/Feb/2025:01:11:02 +0100] "GET /ticket2/opencms/system/modules/com.gridnine.opencms.ticketbrokerage.site/resources/js/stickyfill.min.js HTTP/1.1" 200 5672
202.8.42.155 - - [28/Feb/2025:01:11:02 +0100] "GET /ticket2/opencms/system/modules/com.gridnine.opencms.ticketbrokerage.site/resources/js/jquery.fancybox.pack.js HTTP/1.1" 200 23187
202.8.42.155 - - [28/Feb/2025:01:11:02 +0100] "GET /ticket2/opencms/system/modules/com.gridnine.opencms.ticketbrokerage.site/resources/js/standard.js HTTP/1.1" 200 3983
202.8.42.155 - - [28/Feb/2025:01:11:02 +0100] "GET /ticket2/opencms/system/modules/com.gridnine.opencms.ticketbrokerage.site/resources/js/jquery.placeholder.min.js HTTP/1.1" 200 1737
202.8.42.155 - - [28/Feb/2025:01:11:02 +0100] "GET /ticket2/opencms/system/modules/com.gridnine.opencms.ticketbrokerage.site/resources/js/common-ajax.js HTTP/1.1" 200 20175
20.171.207.246 - - [28/Feb/2025:01:11:03 +0100] "GET /ticket2/opencms/set_aff_cookie.jsp?partner=6F250EA7-4505-FA01-D601-8847F2573405&url=%252Fdk%252Fbuy%252Findex.html%253Fpage%253D1%2526edid%253D26467E66-E432-3709-0425-A75E81B5021A%2526hlv%253D666c5d28-0374-428b-a98f-4e220a01000f%2523v1353543997 HTTP/1.1" 200 246
40.77.167.243 - - [28/Feb/2025:01:11:03 +0100] "GET /ticket2/opencms/ro/?comcatid=0A6B8208-FDA4-E929-9D72-5312FD481B76&catid=1DB7F66B-473B-B427-F752-358FEEFE8EC0 HTTP/1.1" 200 105653
20.171.207.246 - - [28/Feb/2025:01:11:04 +0100] "GET /ticket2/opencms/set_aff_cookie.jsp?partner=6F250EA7-4505-FA01-D601-8847F2573405&url=%252Fdk%252Fbuy%252Findex.html%253Fpage%253D1%2526edid%253D47C0370F-9915-7673-E038-7AD65907592C%2526hlv%253D666d50d3-94c0-4869-892a-70d60a01000f%2523v400600058 HTTP/1.1" 200 245
192.95.30.177 - - [28/Feb/2025:01:11:04 +0100] "GET /ticket2/opencms/sv/buy/?page=1&edid=F7BC7CFE-230C-3CFF-5454-428BE07CEFC4&sortorder=asc&column=price HTTP/1.1" 200 109115
20.171.207.246 - - [28/Feb/2025:01:11:05 +0100] "GET /ticket2/opencms/set_aff_cookie.jsp?partner=6F250EA7-4505-FA01-D601-8847F2573405&url=%252Fru%252Fbuy%252Findex.html%253Fpage%253D1%2526edid%253D3289C097-2261-9433-8644-DF033A9EE354%2526hlv%253D666c5d14-4c38-4009-a464-4e220a01000f%2523v1218331416 HTTP/1.1" 200 246
43.153.44.96 - - [28/Feb/2025:01:11:06 +0100] "GET /ticket2/opencms/it/magazine/article?title=la-liga-real-madrid-ha-vinto-piu-titoli HTTP/1.1" 200 94946
20.171.207.246 - - [28/Feb/2025:01:11:06 +0100] "GET /ticket2/opencms/set_aff_cookie.jsp?partner=6F250EA7-4505-FA01-D601-8847F2573405&url=%252Fen%252Fbuy%252Findex.html%253Fpage%253D1%2526edid%253D50375D23-8B44-5172-3FB1-755B660EE76F%2526hlv%253D66867186-7a3c-4e20-86a8-73030a01000f%2523v857485469 HTTP/1.1" 200 245
192.95.30.177 - - [28/Feb/2025:01:11:06 +0100] "GET /ticket2/opencms/sv/buy/?page=1&edid=F7BC7CFE-230C-3CFF-5454-428BE07CEFC4&sortorder=asc&column=row HTTP/1.1" 200 109017
20.171.207.246 - - [28/Feb/2025:01:11:07 +0100] "GET /ticket2/opencms/set_aff_cookie.jsp?partner=6F250EA7-4505-FA01-D601-8847F2573405&url=%252Fdk%252Fbuy%252Findex.html%253Fpage%253D1%2526edid%253D47C0370F-9915-7673-E038-7AD65907592C%2526hlv%253D666d50d3-c738-4864-92b8-70d60a01000f%2523v1773072805 HTTP/1.1" 200 246
54.36.148.193 - - [28/Feb/2025:01:11:08 +0100] "GET /ticket2/opencms/fi/buy?page=1&edid=B221A7A0-0672-9C92-94FE-8BC4C1F907CD HTTP/1.1" 200 117753
192.95.30.177 - - [28/Feb/2025:01:11:08 +0100] "GET /ticket2/opencms/sv/buy/?page=1&edid=F8FA001B-C08F-DF43-999E-0F7893F7398D&sortorder=asc&column=price HTTP/1.1" 200 111372
20.171.207.246 - - [28/Feb/2025:01:11:08 +0100] "GET /ticket2/opencms/set_aff_cookie.jsp?partner=6F250EA7-4505-FA01-D601-8847F2573405&url=%252Fen%252Fbuy%252Findex.html%253Fpage%253D1%2526edid%253D87B3356E-6F78-7F45-235C-4CD49B95C308%2526hlv%253D669148e1-3558-4794-9502-48a80a01000f%2523v1952668550 HTTP/1.1" 200 246
34.224.132.215 - - [28/Feb/2025:01:11:09 +0100] "GET /ticket2/opencms/sites/ticketbrokerage/sv/tickets/milan/palermo.html HTTP/1.1" 404 -
20.171.207.246 - - [28/Feb/2025:01:11:10 +0100] "GET /ticket2/opencms/set_aff_cookie.jsp?partner=6F250EA7-4505-FA01-D601-8847F2573405&url=%252Fdk%252Fbuy%252Findex.html%253Fpage%253D1%2526edid%253D26467E66-E432-3709-0425-A75E81B5021A%2526hlv%253D666c5d29-34e4-4268-a50b-4e220a01000f%2523v2124810982 HTTP/1.1" 200 246
192.95.30.177 - - [28/Feb/2025:01:11:10 +0100] "GET /ticket2/opencms/sv/buy/?page=1&edid=F8FA001B-C08F-DF43-999E-0F7893F7398D&sortorder=asc&column=row HTTP/1.1" 200 111264
20.171.207.246 - - [28/Feb/2025:01:11:11 +0100] "GET /ticket2/opencms/set_aff_cookie.jsp?partner=6F250EA7-4505-FA01-D601-8847F2573405&url=%252Fdk%252Fbuy%252Findex.html%253Fpage%253D1%2526edid%253D81B38BC2-1B10-C00A-7953-DB579F5D53A3%2526hlv%253D66924222-00e4-4398-8688-073b0a01000f%2523v153015206 HTTP/1.1" 200 245
20.171.207.246 - - [28/Feb/2025:01:11:12 +0100] "GET /ticket2/opencms/set_aff_cookie.jsp?partner=6F250EA7-4505-FA01-D601-8847F2573405&url=%252Fno%252Fbuy%252Findex.html%253Fpage%253D1%2526edid%253D3289C097-2261-9433-8644-DF033A9EE354%2526hlv%253D666c5d18-667c-4b04-990c-4e220a01000f%2523v230605807 HTTP/1.1" 200 245
192.95.30.177 - - [28/Feb/2025:01:11:13 +0100] "GET /ticket2/opencms/sv/buy/?page=1&edid=F8FA001B-C08F-DF43-999E-0F7893F7398D&sortorder=asc&column=section HTTP/1.1" 200 111512
20.171.207.246 - - [28/Feb/2025:01:11:13 +0100] "GET /ticket2/opencms/set_aff_cookie.jsp?partner=6F250EA7-4505-FA01-D601-8847F2573405&url=%252Fsv%252Fbuy%252Findex.html%253Fpage%253D1%2526edid%253D7624E370-717C-E67C-7863-0581645F3814%2526hlv%253D6698ea36-0408-467b-af62-4dfb0a01000f%2523v1698262898 HTTP/1.1" 200 246
20.171.207.246 - - [28/Feb/2025:01:11:14 +0100] "GET /ticket2/opencms/set_aff_cookie.jsp?partner=6F250EA7-4505-FA01-D601-8847F2573405&url=%252Fno%252Fbuy%252Findex.html%253Fpage%253D1%2526edid%253D3289C097-2261-9433-8644-DF033A9EE354%2526hlv%253D666c5d16-442c-473c-940e-4e220a01000f%2523v1731668204 HTTP/1.1" 200 246
192.95.30.177 - - [28/Feb/2025:01:11:15 +0100] "GET /ticket2/opencms/sv/buy/?page=1&edid=F9848465-BCEF-16F2-151C-E77261BB7A1C&sortorder=asc&column=price HTTP/1.1" 200 111661
20.171.207.246 - - [28/Feb/2025:01:11:15 +0100] "GET /ticket2/opencms/set_aff_cookie.jsp?partner=6F250EA7-4505-FA01-D601-8847F2573405&url=%252Fno%252Fbuy%252Findex.html%253Fpage%253D1%2526edid%253D0C675B35-F010-2227-D951-9B816929F720%2526hlv%253D6689073e-9b70-4c48-ae2f-1a850a01000f%2523v1085577928 HTTP/1.1" 200 246
47.128.99.126 - - [28/Feb/2025:01:11:16 +0100] "GET /ticket2/opencms/sv/magazine/article?title=luka-modric-stannar-i-real-madrid HTTP/1.1" 200 95479
20.171.207.246 - - [28/Feb/2025:01:11:17 +0100] "GET /ticket2/opencms/set_aff_cookie.jsp?partner=6F250EA7-4505-FA01-D601-8847F2573405&url=%252Fno%252Fbuy%252Findex.html%253Fpage%253D1%2526edid%253D47C0370F-9915-7673-E038-7AD65907592C%2526hlv%253D666d50d5-e610-43ef-8b90-70d60a01000f%2523v1061718556 HTTP/1.1" 200 246
66.249.75.228 - - [28/Feb/2025:01:11:17 +0100] "GET /ticket2/opencms/set_aff_cookie.jsp?partner=5E0CDF29-E7BE-9F6B-6869-7BF66B04006F&url=%252Fdk%252Fbuy%252Findex.html%253Fpage%253D1%2526edid%253D9EC5AE33-287A-CC49-3DDC-A59FEEE111B7%2526hlv%253D66cf0b67-4df4-4562-8db0-24de0a01000f%2523v_1660053370 HTTP/1.1" 200 247
192.95.30.177 - - [28/Feb/2025:01:11:17 +0100] "GET /ticket2/opencms/sv/buy/?page=1&edid=FC0C5A3D-89D5-4CCC-0C13-E556ACA3DDE8&sortorder=asc&column=price HTTP/1.1" 200 112672
52.167.144.166 - - [28/Feb/2025:01:11:17 +0100] "GET /ticket2/opencms/ka/buy/?page=1&edid=DBC2FDA7-391E-9027-A160-9B0C7C1D5DD1 HTTP/1.1" 200 117012
20.171.207.246 - - [28/Feb/2025:01:11:18 +0100] "GET /ticket2/opencms/set_aff_cookie.jsp?partner=6F250EA7-4505-FA01-D601-8847F2573405&url=%252Fnl%252Fbuy%252Findex.html%253Fpage%253D1%2526edid%253D5C16C231-B966-190F-EDF0-005493349D4E%2526hlv%253D66924209-f218-42a7-b582-068d0a01000f%2523v422240046 HTTP/1.1" 200 245
20.171.207.246 - - [28/Feb/2025:01:11:19 +0100] "GET /ticket2/opencms/set_aff_cookie.jsp?partner=6F250EA7-4505-FA01-D601-8847F2573405&url=%252Fen%252Fbuy%252Findex.html%253Fpage%253D1%2526edid%253D7624E370-717C-E67C-7863-0581645F3814%2526hlv%253D6698ea36-48d8-46c6-a938-4dfb0a01000f%2523v959916306 HTTP/1.1" 200 245
54.36.148.249 - - [28/Feb/2025:01:11:19 +0100] "GET /ticket2/opencms/es/buy/?page=1&edid=B77FE1E7-5650-33DC-BECF-5C05072625BA HTTP/1.1" 200 111943
192.95.30.177 - - [28/Feb/2025:01:11:19 +0100] "GET /ticket2/opencms/sv/buy/?page=1&edid=FC0C5A3D-89D5-4CCC-0C13-E556ACA3DDE8&sortorder=asc&column=section HTTP/1.1" 200 112810
20.171.207.246 - - [28/Feb/2025:01:11:20 +0100] "GET /ticket2/opencms/set_aff_cookie.jsp?partner=6F250EA7-4505-FA01-D601-8847F2573405&url=%252Fno%252Fbuy%252Findex.html%253Fpage%253D1%2526edid%253D57C8D150-DCBD-4911-196A-160A37952FA8%2526hlv%253D66cb36a4-3230-4246-8837-57260a01000f%2523v2098244515 HTTP/1.1" 200 246
54.197.102.71 - - [28/Feb/2025:01:11:21 +0100] "GET /ticket2/opencms/sites/ticketbrokerage/sv/tickets/manchester_city/fulham.html HTTP/1.1" 404 -
20.171.207.246 - - [28/Feb/2025:01:11:21 +0100] "GET /ticket2/opencms/set_aff_cookie.jsp?partner=6F250EA7-4505-FA01-D601-8847F2573405&url=%252Fen%252Fbuy%252Findex.html%253Fpage%253D1%2526edid%253D50375D23-8B44-5172-3FB1-755B660EE76F%2526hlv%253D66867187-8724-49cf-a5b3-73030a01000f%2523v124099072 HTTP/1.1" 200 245
192.95.30.177 - - [28/Feb/2025:01:11:21 +0100] "GET /ticket2/opencms/sv/buy/?page=1&edid=FFAAA239-0E9E-BD40-91CF-CB4C6549214A&sortorder=desc&column=section HTTP/1.1" 200 112971
54.36.148.185 - - [28/Feb/2025:01:11:21 +0100] "GET /ticket2/opencms/de/buy/?page=1&edid=8F340A1C-D664-7FDD-8257-FE31525DAB7C HTTP/1.1" 200 111857
20.171.207.246 - - [28/Feb/2025:01:11:22 +0100] "GET /ticket2/opencms/set_aff_cookie.jsp?partner=6F250EA7-4505-FA01-D601-8847F2573405&url=%252Fdk%252Fbuy%252Findex.html%253Fpage%253D1%2526edid%253D3289C097-2261-9433-8644-DF033A9EE354%2526hlv%253D666c5d12-b390-4d69-9b32-4e220a01000f%2523v1008696921 HTTP/1.1" 200 246
20.171.207.246 - - [28/Feb/2025:01:11:23 +0100] "GET /ticket2/opencms/set_aff_cookie.jsp?partner=6F250EA7-4505-FA01-D601-8847F2573405&url=%252Fru%252Fbuy%252Findex.html%253Fpage%253D1%2526edid%253D3289C097-2261-9433-8644-DF033A9EE354%2526hlv%253D666c5d14-d54c-4279-aa49-4e220a01000f%2523v1444456339 HTTP/1.1" 200 246
20.171.207.246 - - [28/Feb/2025:01:11:25 +0100] "GET /ticket2/opencms/set_aff_cookie.jsp?partner=6F250EA7-4505-FA01-D601-8847F2573405&url=%252Fsv%252Fbuy%252Findex.html%253Fpage%253D1%2526edid%253D5C16C231-B966-190F-EDF0-005493349D4E%2526hlv%253D66924209-f9e4-4698-9905-068d0a01000f%2523v1350253268 HTTP/1.1" 200 246
192.95.30.177 - - [28/Feb/2025:01:11:25 +0100] "GET /ticket2/opencms/sv/login/?edid=09770EB0-07AD-2C98-0806-35997BA6526F HTTP/1.1" 200 91483
34.192.125.239 - - [28/Feb/2025:01:11:25 +0100] "GET /ticket2/opencms/sites/ticketbrokerage/sv/tickets/wigan/swansea.html HTTP/1.1" 404 -
52.167.144.161 - - [28/Feb/2025:01:11:26 +0100] "GET /ticket2/opencms/fr/buy/?page=10&eventid=88125886-B9B5-9F59-AF43-51EE7A6E60C4&venueid=E649B15F-1340-1561-C110-0CA0784E39A8 HTTP/1.1" 200 99279
20.171.207.246 - - [28/Feb/2025:01:11:26 +0100] "GET /ticket2/opencms/set_aff_cookie.jsp?partner=6F250EA7-4505-FA01-D601-8847F2573405&url=%252Fru%252Fbuy%252Findex.html%253Fpage%253D1%2526edid%253D26467E66-E432-3709-0425-A75E81B5021A%2526hlv%253D666c5d28-8f98-48e9-8d23-4e220a01000f%2523v1654600153 HTTP/1.1" 200 246
20.171.207.246 - - [28/Feb/2025:01:11:27 +0100] "GET /ticket2/opencms/set_aff_cookie.jsp?partner=6F250EA7-4505-FA01-D601-8847F2573405&url=%252Fsv%252Fbuy%252Findex.html%253Fpage%253D1%2526edid%253DB8A6965B-216E-27C8-9A3D-21241346030F%2526hlv%253D66866f91-3584-411e-9333-73060a01000f%2523v1121347337 HTTP/1.1" 200 246
52.167.144.161 - - [28/Feb/2025:01:11:27 +0100] "GET /ticket2/opencms/et/buy/?page=1&edid=6EA2D348-88C2-3D24-490F-B5624CA04074 HTTP/1.1" 200 110750
189.1.232.49 - - [28/Feb/2025:01:11:27 +0100] "GET /ticket2/opencms/tr/buy?page=1&edid=B1B260FB-CC2B-FBC8-401E-5012AB84C2A6 HTTP/1.1" 200 90609
20.171.207.246 - - [28/Feb/2025:01:11:28 +0100] "GET /ticket2/opencms/set_aff_cookie.jsp?partner=6F250EA7-4505-FA01-D601-8847F2573405&url=%252Fru%252Fbuy%252Findex.html%253Fpage%253D1%2526edid%253D50375D23-8B44-5172-3FB1-755B660EE76F%2526hlv%253D66867186-d0c4-43d1-8c9d-73030a01000f%2523v1953024342 HTTP/1.1" 200 246
192.95.30.177 - - [28/Feb/2025:01:11:29 +0100] "GET /ticket2/opencms/sv/login/?edid=0993F451-2A27-B97B-1E8A-397D4C7362D6 HTTP/1.1" 200 91582
20.171.207.246 - - [28/Feb/2025:01:11:29 +0100] "GET /ticket2/opencms/set_aff_cookie.jsp?partner=6F250EA7-4505-FA01-D601-8847F2573405&url=%252Fsv%252Fbuy%252Findex.html%253Fpage%253D1%2526edid%253D9A8891BD-C3B9-2FD5-1633-7AEF0F073762%2526hlv%253D669390d9-4370-473d-9080-75040a01000f%2523v607585053 HTTP/1.1" 200 245
20.171.207.246 - - [28/Feb/2025:01:11:30 +0100] "GET /ticket2/opencms/set_aff_cookie.jsp?partner=6F250EA7-4505-FA01-D601-8847F2573405&url=%252Fno%252Fbuy%252Findex.html%253Fpage%253D1%2526edid%253D47C0370F-9915-7673-E038-7AD65907592C%2526hlv%253D666d50d3-16a4-441d-a4c9-70d60a01000f%2523v2004148637 HTTP/1.1" 200 246
20.171.207.246 - - [28/Feb/2025:01:11:32 +0100] "GET /ticket2/opencms/set_aff_cookie.jsp?partner=6F250EA7-4505-FA01-D601-8847F2573405&url=%252Fnl%252Fbuy%252Findex.html%253Fpage%253D1%2526edid%253D87B3356E-6F78-7F45-235C-4CD49B95C308%2526hlv%253D669148e4-3338-4792-8a3c-48a80a01000f%2523v106504140 HTTP/1.1" 200 245
185.191.171.15 - - [28/Feb/2025:01:11:32 +0100] "GET /ticket2/opencms/cs/magazine/article?title=vinicius-jr HTTP/1.1" 200 92716
54.36.149.27 - - [28/Feb/2025:01:11:33 +0100] "GET /ticket2/opencms/el/buy/?page=1&edid=6C755BD2-3E40-1F18-AF57-4283F42FB67F HTTP/1.1" 200 115529
20.171.207.246 - - [28/Feb/2025:01:11:33 +0100] "GET /ticket2/opencms/set_aff_cookie.jsp?partner=6F250EA7-4505-FA01-D601-8847F2573405&url=%252Fnl%252Fbuy%252Findex.html%253Fpage%253D1%2526edid%253D47C0370F-9915-7673-E038-7AD65907592C%2526hlv%253D666d50d4-6e1c-4546-8f8c-70d60a01000f%2523v2049774037 HTTP/1.1" 200 246
192.95.30.177 - - [28/Feb/2025:01:11:33 +0100] "GET /ticket2/opencms/sv/login/?edid=1B7F1FCD-F1D1-57D9-ED65-AFC2400FAEC4 HTTP/1.1" 200 91452
85.208.96.210 - - [28/Feb/2025:01:11:33 +0100] "GET /ticket2/opencms/el/magazine/article?title=brighton-and-hove-albion HTTP/1.1" 200 96076
47.82.11.140 - - [28/Feb/2025:01:11:33 +0100] "GET /ticket2/opencms/sv/sport/fotbollsbiljetter/premier_league/west_ham_united/ HTTP/1.1" 200 99313
20.171.207.246 - - [28/Feb/2025:01:11:34 +0100] "GET /ticket2/opencms/set_aff_cookie.jsp?partner=6F250EA7-4505-FA01-D601-8847F2573405&url=%252Fno%252Fbuy%252Findex.html%253Fpage%253D1%2526edid%253D47C0370F-9915-7673-E038-7AD65907592C%2526hlv%253D666d50d5-70c0-4283-8d93-70d60a01000f%2523v1691261402 HTTP/1.1" 200 246
20.171.207.246 - - [28/Feb/2025:01:11:35 +0100] "GET /ticket2/opencms/set_aff_cookie.jsp?partner=6F250EA7-4505-FA01-D601-8847F2573405&url=%252Fno%252Fbuy%252Findex.html%253Fpage%253D1%2526edid%253D26467E66-E432-3709-0425-A75E81B5021A%2526hlv%253D666c5d2b-4810-4de2-8075-4e220a01000f%2523v736082057 HTTP/1.1" 200 245
20.171.207.246 - - [28/Feb/2025:01:11:36 +0100] "GET /ticket2/opencms/set_aff_cookie.jsp?partner=57601924-FB09-5BB2-867F-08B4EB522BA8&url=%252Fru%252Fbuy%252Findex.html%253Fpage%253D1%2526edid%253D5C16C231-B966-190F-EDF0-005493349D4E%2526hlv%253D66924208-4520-4541-9381-068d0a01000f%2523v1943623717 HTTP/1.1" 200 246
192.95.30.177 - - [28/Feb/2025:01:11:37 +0100] "GET /ticket2/opencms/sv/login/?edid=2C9BA7A6-8675-78E4-6894-D591F957E2E0 HTTP/1.1" 200 91483
20.171.207.246 - - [28/Feb/2025:01:11:37 +0100] "GET /ticket2/opencms/set_aff_cookie.jsp?partner=6F250EA7-4505-FA01-D601-8847F2573405&url=%252Fdk%252Fbuy%252Findex.html%253Fpage%253D1%2526edid%253D750C6040-29F7-425D-A24F-51B977F415A3%2526hlv%253D678d22b1-7874-48e1-a51f-08810a01000f%2523v534457582 HTTP/1.1" 200 245
20.171.207.246 - - [28/Feb/2025:01:11:38 +0100] "GET /ticket2/opencms/set_aff_cookie.jsp?partner=6F250EA7-4505-FA01-D601-8847F2573405&url=%252Fsv%252Fbuy%252Findex.html%253Fpage%253D1%2526edid%253D47C0370F-9915-7673-E038-7AD65907592C%2526hlv%253D666d50d3-5aa8-4759-aa66-70d60a01000f%2523v174922447 HTTP/1.1" 200 245
20.171.207.246 - - [28/Feb/2025:01:11:40 +0100] "GET /ticket2/opencms/set_aff_cookie.jsp?partner=57601924-FB09-5BB2-867F-08B4EB522BA8&url=%252Fdk%252Fbuy%252Findex.html%253Fpage%253D1%2526edid%253D3289C097-2261-9433-8644-DF033A9EE354%2526hlv%253D666c5d15-1028-4869-9726-4e220a01000f%2523v478846745 HTTP/1.1" 200 245
114.119.159.129 - - [28/Feb/2025:01:11:40 +0100] "GET /ticket2/opencms/en/venue/?venueid=F1735286-7AD2-7B98-D4E5-03066C2CD758 HTTP/1.1" 200 85365
20.171.207.246 - - [28/Feb/2025:01:11:41 +0100] "GET /ticket2/opencms/set_aff_cookie.jsp?partner=6F250EA7-4505-FA01-D601-8847F2573405&url=%252Fsv%252Fbuy%252Findex.html%253Fpage%253D1%2526edid%253D7568E602-7C67-35D2-952F-D243F8930169%2526hlv%253D666dbc72-0248-49d7-83e8-4cf60a01000f%2523v2061485397 HTTP/1.1" 200 246
192.95.30.177 - - [28/Feb/2025:01:11:41 +0100] "GET /ticket2/opencms/sv/login/?edid=437F7F57-119B-3C88-4AE1-DB313FC6EF55 HTTP/1.1" 200 91469
20.171.207.246 - - [28/Feb/2025:01:11:42 +0100] "GET /ticket2/opencms/set_aff_cookie.jsp?partner=6F250EA7-4505-FA01-D601-8847F2573405&url=%252Ffi%252Fbuy%252Findex.html%253Fpage%253D1%2526edid%253D7624E370-717C-E67C-7863-0581645F3814%2526hlv%253D6698ea36-65c8-4073-8d5b-4dfb0a01000f%2523v1478288509 HTTP/1.1" 200 246
20.171.207.246 - - [28/Feb/2025:01:11:43 +0100] "GET /ticket2/opencms/set_aff_cookie.jsp?partner=6F250EA7-4505-FA01-D601-8847F2573405&url=%252Fen%252Fbuy%252Findex.html%253Fpage%253D1%2526edid%253D26467E66-E432-3709-0425-A75E81B5021A%2526hlv%253D666c5d28-08cc-408a-8a90-4e220a01000f%2523v2018458264 HTTP/1.1" 200 246
185.191.171.8 - - [28/Feb/2025:01:11:44 +0100] "GET /ticket2/opencms/sl/about/press/ HTTP/1.1" 200 88836
20.171.207.246 - - [28/Feb/2025:01:11:44 +0100] "GET /ticket2/opencms/set_aff_cookie.jsp?partner=57601924-FB09-5BB2-867F-08B4EB522BA8&url=%252Fno%252Fbuy%252Findex.html%253Fpage%253D1%2526edid%253D3289C097-2261-9433-8644-DF033A9EE354%2526hlv%253D67b330e3-2858-4711-8078-7e040a01000f%2523v573553400 HTTP/1.1" 200 245
54.36.149.39 - - [28/Feb/2025:01:11:44 +0100] "GET /ticket2/opencms/is/buy?page=1&edid=AA408C72-2073-316B-FBC7-E94200A17373 HTTP/1.1" 200 108627
20.171.207.246 - - [28/Feb/2025:01:11:45 +0100] "GET /ticket2/opencms/set_aff_cookie.jsp?partner=6F250EA7-4505-FA01-D601-8847F2573405&url=%252Fru%252Fbuy%252Findex.html%253Fpage%253D1%2526edid%253D312E2B30-1BE8-80F9-5587-64D580752ED3%2526hlv%253D6690088b-46f0-4a66-94d2-14010a01000f%2523v1644801965 HTTP/1.1" 200 246
192.95.30.177 - - [28/Feb/2025:01:11:45 +0100] "GET /ticket2/opencms/sv/login/?edid=459BE882-0565-B24D-DB56-F6A166521FB6 HTTP/1.1" 200 91462
185.191.171.2 - - [28/Feb/2025:01:11:46 +0100] "GET /ticket2/opencms/hu/buy_safety/ HTTP/1.1" 200 89602
20.171.207.246 - - [28/Feb/2025:01:11:46 +0100] "GET /ticket2/opencms/set_aff_cookie.jsp?partner=6F250EA7-4505-FA01-D601-8847F2573405&url=%252Ffi%252Fbuy%252Findex.html%253Fpage%253D1%2526edid%253D3289C097-2261-9433-8644-DF033A9EE354%2526hlv%253D666c5d14-d470-41ca-a615-4e220a01000f%2523v432948305 HTTP/1.1" 200 245
20.171.207.246 - - [28/Feb/2025:01:11:48 +0100] "GET /ticket2/opencms/set_aff_cookie.jsp?partner=6F250EA7-4505-FA01-D601-8847F2573405&url=%252Fru%252Fbuy%252Findex.html%253Fpage%253D1%2526edid%253D2B44308E-1778-CFAE-7385-18758823F6EB%2526hlv%253D675f26e7-1f78-4637-8d00-72190a01000f%2523v1184960567 HTTP/1.1" 200 246
185.191.171.4 - - [28/Feb/2025:01:11:48 +0100] "GET /ticket2/opencms/sk/magazine/article?title=liverpool-tottenham HTTP/1.1" 200 92875
20.171.207.246 - - [28/Feb/2025:01:11:49 +0100] "GET /ticket2/opencms/set_aff_cookie.jsp?partner=6F250EA7-4505-FA01-D601-8847F2573405&url=%252Fen%252Fbuy%252Findex.html%253Fpage%253D1%2526edid%253D47C0370F-9915-7673-E038-7AD65907592C%2526hlv%253D666d50d3-c4e8-498e-8a56-70d60a01000f%2523v_119801873 HTTP/1.1" 200 246
192.95.30.177 - - [28/Feb/2025:01:11:50 +0100] "GET /ticket2/opencms/sv/login/?edid=45D0E964-F15A-16ED-D99F-8CFB40DF8662 HTTP/1.1" 200 91586
20.171.207.246 - - [28/Feb/2025:01:11:50 +0100] "GET /ticket2/opencms/set_aff_cookie.jsp?partner=6F250EA7-4505-FA01-D601-8847F2573405&url=%252Ffi%252Fbuy%252Findex.html%253Fpage%253D1%2526edid%253D3289C097-2261-9433-8644-DF033A9EE354%2526hlv%253D666c5d15-40bc-4225-8c13-4e220a01000f%2523v972823728 HTTP/1.1" 200 245
20.171.207.246 - - [28/Feb/2025:01:11:51 +0100] "GET /ticket2/opencms/set_aff_cookie.jsp?partner=6F250EA7-4505-FA01-D601-8847F2573405&url=%252Fno%252Fbuy%252Findex.html%253Fpage%253D1%2526edid%253D3289C097-2261-9433-8644-DF033A9EE354%2526hlv%253D666c5d17-2900-436a-b54b-4e220a01000f%2523v1648041181 HTTP/1.1" 200 246
114.119.157.43 - - [28/Feb/2025:01:11:52 +0100] "GET /ticket2/opencms/hu/buy?page=1&=39D2D755-8464-8F52-377C-8885A51D4032 HTTP/1.1" 200 -
114.119.151.50 - - [28/Feb/2025:01:11:52 +0100] "GET /ticket2/opencms/en/venue/?countryid=52F4A5D1-57D1-3DCD-E1E5-1C5778B3C28E HTTP/1.1" 200 114784
20.171.207.246 - - [28/Feb/2025:01:11:52 +0100] "GET /ticket2/opencms/set_aff_cookie.jsp?partner=6F250EA7-4505-FA01-D601-8847F2573405&url=%252Fdk%252Fbuy%252Findex.html%253Fpage%253D1%2526edid%253D3289C097-2261-9433-8644-DF033A9EE354%2526hlv%253D666c5d19-5770-4a12-86ad-4e220a01000f%2523v712587823 HTTP/1.1" 200 245
20.171.207.246 - - [28/Feb/2025:01:11:53 +0100] "GET /ticket2/opencms/set_aff_cookie.jsp?partner=6F250EA7-4505-FA01-D601-8847F2573405&url=%252Fen%252Fbuy%252Findex.html%253Fpage%253D1%2526edid%253D26467E66-E432-3709-0425-A75E81B5021A%2526hlv%253D666c5d28-c8d8-4919-9353-4e220a01000f%2523v324473127 HTTP/1.1" 200 245
192.95.30.177 - - [28/Feb/2025:01:11:54 +0100] "GET /ticket2/opencms/sv/login/?edid=7CED7E0F-6B54-D4FC-72EC-13278592A560 HTTP/1.1" 200 91588
54.36.148.17 - - [28/Feb/2025:01:11:54 +0100] "GET /ticket2/opencms/bg/sport/futbolni-bileti/premier-league/liverpool HTTP/1.1" 200 95427
20.171.207.246 - - [28/Feb/2025:01:11:55 +0100] "GET /ticket2/opencms/set_aff_cookie.jsp?partner=6F250EA7-4505-FA01-D601-8847F2573405&url=%252Fnl%252Fbuy%252Findex.html%253Fpage%253D1%2526edid%253D26467E66-E432-3709-0425-A75E81B5021A%2526hlv%253D666c5d2a-2164-4333-91e0-4e220a01000f%2523v487559715 HTTP/1.1" 200 245
202.8.41.199 - - [28/Feb/2025:01:11:55 +0100] "GET /ticket2/opencms/system/modules/com.gridnine.opencms.ticketbrokerage.site/resources/css/ticketbrokerage.css HTTP/1.1" 200 39339
202.8.41.199 - - [28/Feb/2025:01:11:55 +0100] "GET /ticket2/opencms/system/modules/com.gridnine.opencms.ticketbrokerage.site/resources/css/jquery.fancybox.css HTTP/1.1" 200 4939
202.8.41.199 - - [28/Feb/2025:01:11:55 +0100] "GET /ticket2/opencms/system/modules/com.gridnine.opencms.ticketbrokerage.site/resources/css/jquery-ui.css HTTP/1.1" 200 33221
202.8.41.199 - - [28/Feb/2025:01:11:55 +0100] "GET /ticket2/opencms/system/modules/com.gridnine.opencms.ticketbrokerage.site/resources/js/jquery/jquery.js HTTP/1.1" 200 93868
202.8.41.199 - - [28/Feb/2025:01:11:55 +0100] "GET /ticket2/opencms/system/modules/com.gridnine.opencms.ticketbrokerage.site/resources/css/calendar.css HTTP/1.1" 200 6871
202.8.41.199 - - [28/Feb/2025:01:11:55 +0100] "GET /ticket2/opencms/system/modules/com.gridnine.opencms.ticketbrokerage.site/resources/css/standard.css HTTP/1.1" 200 74207
202.8.41.199 - - [28/Feb/2025:01:11:55 +0100] "GET /ticket2/opencms/system/modules/com.gridnine.opencms.ticketbrokerage.site/resources/js/functions.js HTTP/1.1" 200 1583
202.8.41.199 - - [28/Feb/2025:01:11:55 +0100] "GET /ticket2/opencms/system/modules/com.gridnine.opencms.ticketbrokerage.site/resources/js/jquery/jquery-ui.js HTTP/1.1" 200 228088
202.8.41.199 - - [28/Feb/2025:01:11:55 +0100] "GET /ticket2/opencms/system/modules/com.gridnine.opencms.ticketbrokerage.site/resources/js/calendar.js HTTP/1.1" 200 49229
202.8.41.199 - - [28/Feb/2025:01:11:55 +0100] "GET /ticket2/opencms/system/modules/com.gridnine.opencms.ticketbrokerage.site/resources/js/calendar-en.js HTTP/1.1" 200 3338
202.8.41.199 - - [28/Feb/2025:01:11:55 +0100] "GET /ticket2/opencms/system/modules/com.gridnine.opencms.ticketbrokerage.site/resources/js/calendar-setup.js HTTP/1.1" 200 4923
202.8.41.199 - - [28/Feb/2025:01:11:55 +0100] "GET /ticket2/opencms/system/modules/com.gridnine.opencms.ticketbrokerage.site/resources/js/jquery.fancybox.pack.js HTTP/1.1" 200 23187
202.8.41.199 - - [28/Feb/2025:01:11:55 +0100] "GET /ticket2/opencms/system/modules/com.gridnine.opencms.ticketbrokerage.site/resources/js/stickyfill.min.js HTTP/1.1" 200 5672
202.8.41.199 - - [28/Feb/2025:01:11:55 +0100] "GET /ticket2/opencms/system/modules/com.gridnine.opencms.ticketbrokerage.site/resources/js/standard.js HTTP/1.1" 200 3983
202.8.41.199 - - [28/Feb/2025:01:11:55 +0100] "GET /ticket2/opencms/system/modules/com.gridnine.opencms.ticketbrokerage.site/resources/js/jquery.placeholder.min.js HTTP/1.1" 200 1737
202.8.41.199 - - [28/Feb/2025:01:11:56 +0100] "GET /ticket2/opencms/system/modules/com.gridnine.opencms.ticketbrokerage.site/resources/js/common-ajax.js HTTP/1.1" 200 20175
85.208.96.202 - - [28/Feb/2025:01:11:56 +0100] "GET /ticket2/opencms/tr/buying_tickets HTTP/1.1" 200 89338
20.171.207.246 - - [28/Feb/2025:01:11:56 +0100] "GET /ticket2/opencms/set_aff_cookie.jsp?partner=6F250EA7-4505-FA01-D601-8847F2573405&url=%252Ffi%252Fbuy%252Findex.html%253Fpage%253D1%2526edid%253D3289C097-2261-9433-8644-DF033A9EE354%2526hlv%253D666c5d14-7c74-4692-9608-4e220a01000f%2523v2060828805 HTTP/1.1" 200 246
20.171.207.246 - - [28/Feb/2025:01:11:57 +0100] "GET /ticket2/opencms/set_aff_cookie.jsp?partner=6F250EA7-4505-FA01-D601-8847F2573405&url=%252Fru%252Fbuy%252Findex.html%253Fpage%253D1%2526edid%253D26467E66-E432-3709-0425-A75E81B5021A%2526hlv%253D666c5d28-4e60-4048-a072-4e220a01000f%2523v2138500678 HTTP/1.1" 200 246
192.95.30.177 - - [28/Feb/2025:01:11:58 +0100] "GET /ticket2/opencms/sv/login/?edid=82A37505-231E-F9C1-D725-CF8D739AAF42 HTTP/1.1" 200 91482
20.171.207.246 - - [28/Feb/2025:01:11:58 +0100] "GET /ticket2/opencms/set_aff_cookie.jsp?partner=6F250EA7-4505-FA01-D601-8847F2573405&url=%252Fdk%252Fbuy%252Findex.html%253Fpage%253D1%2526edid%253D5C16C231-B966-190F-EDF0-005493349D4E%2526hlv%253D6692420a-43e0-4262-8a16-068d0a01000f%2523v110483492 HTTP/1.1" 200 245
20.171.207.246 - - [28/Feb/2025:01:11:59 +0100] "GET /ticket2/opencms/set_aff_cookie.jsp?partner=6F250EA7-4505-FA01-D601-8847F2573405&url=%252Fru%252Fbuy%252Findex.html%253Fpage%253D1%2526edid%253D81B38BC2-1B10-C00A-7953-DB579F5D53A3%2526hlv%253D66924221-f920-4307-9533-073b0a01000f%2523v335930093 HTTP/1.1" 200 245
49.0.244.30 - - [28/Feb/2025:01:12:00 +0100] "GET /ticket2/opencms/bg/buy?page=1&edid=73A88563-7759-0E47-FDEF-C8A00CE04F94 HTTP/1.1" 200 114266
85.208.96.210 - - [28/Feb/2025:01:12:00 +0100] "GET /ticket2/opencms/it/magazine/article?title=declan-rice HTTP/1.1" 200 93255
20.171.207.246 - - [28/Feb/2025:01:12:00 +0100] "GET /ticket2/opencms/set_aff_cookie.jsp?partner=6F250EA7-4505-FA01-D601-8847F2573405&url=%252Fsv%252Fbuy%252Findex.html%253Fpage%253D1%2526edid%253D3289C097-2261-9433-8644-DF033A9EE354%2526hlv%253D666c5d17-36bc-4390-a623-4e220a01000f%2523v1518381367 HTTP/1.1" 200 246
20.171.207.246 - - [28/Feb/2025:01:12:01 +0100] "GET /ticket2/opencms/set_aff_cookie.jsp?partner=6F250EA7-4505-FA01-D601-8847F2573405&url=%252Ffi%252Fbuy%252Findex.html%253Fpage%253D1%2526edid%253D47C0370F-9915-7673-E038-7AD65907592C%2526hlv%253D666d50d1-82bc-4080-a095-70d60a01000f%2523v131065879 HTTP/1.1" 200 245
192.95.30.177 - - [28/Feb/2025:01:12:02 +0100] "GET /ticket2/opencms/sv/login/?edid=9576732A-F5D5-F141-9D9C-CCA5D74DCCC4 HTTP/1.1" 200 91491
54.36.148.7 - - [28/Feb/2025:01:12:03 +0100] "GET /ticket2/opencms/bg/magazine/article?title=cole-palmer-reshava-macha-i-aleksandur-isak-se-zavrusha HTTP/1.1" 200 95249
20.171.207.246 - - [28/Feb/2025:01:12:03 +0100] "GET /ticket2/opencms/set_aff_cookie.jsp?partner=6F250EA7-4505-FA01-D601-8847F2573405&url=%252Fru%252Fbuy%252Findex.html%253Fpage%253D1%2526edid%253D47C0370F-9915-7673-E038-7AD65907592C%2526hlv%253D666d50d2-2ad8-465f-94b5-70d60a01000f%2523v717155756 HTTP/1.1" 200 245
54.36.148.42 - - [28/Feb/2025:01:12:03 +0100] "GET /ticket2/opencms/it/buy?page=1&edid=299450E2-FDAD-4E2B-0058-6290A7A2B57D HTTP/1.1" 200 111636
20.171.207.246 - - [28/Feb/2025:01:12:04 +0100] "GET /ticket2/opencms/set_aff_cookie.jsp?partner=6F250EA7-4505-FA01-D601-8847F2573405&url=%252Fsv%252Fbuy%252Findex.html%253Fpage%253D1%2526edid%253D3289C097-2261-9433-8644-DF033A9EE354%2526hlv%253D666c5d18-6634-466b-8f00-4e220a01000f%2523v1201516859 HTTP/1.1" 200 246
20.171.207.246 - - [28/Feb/2025:01:12:05 +0100] "GET /ticket2/opencms/set_aff_cookie.jsp?partner=6F250EA7-4505-FA01-D601-8847F2573405&url=%252Fnl%252Fbuy%252Findex.html%253Fpage%253D1%2526edid%253D7568E602-7C67-35D2-952F-D243F8930169%2526hlv%253D666dbc73-c380-43a4-9388-4cf60a01000f%2523v1535236002 HTTP/1.1" 200 246
23.23.214.190 - - [28/Feb/2025:01:12:05 +0100] "GET /ticket2/opencms/sites/ticketbrokerage/sv/tickets/manchester_united/everton.html HTTP/1.1" 404 -
192.95.30.177 - - [28/Feb/2025:01:12:06 +0100] "GET /ticket2/opencms/sv/login/?edid=9D00920C-2E3F-5BEF-6B01-689827B960FF HTTP/1.1" 200 91553
20.171.207.246 - - [28/Feb/2025:01:12:06 +0100] "GET /ticket2/opencms/set_aff_cookie.jsp?partner=6F250EA7-4505-FA01-D601-8847F2573405&url=%252Fdk%252Fbuy%252Findex.html%253Fpage%253D1%2526edid%253D5C16C231-B966-190F-EDF0-005493349D4E%2526hlv%253D66924209-8990-47b6-9f92-068d0a01000f%2523v260548435 HTTP/1.1" 200 245
20.171.207.246 - - [28/Feb/2025:01:12:07 +0100] "GET /ticket2/opencms/set_aff_cookie.jsp?partner=6F250EA7-4505-FA01-D601-8847F2573405&url=%252Fdk%252Fbuy%252Findex.html%253Fpage%253D1%2526edid%253DA587FC63-4A93-6097-3B29-C1C51786267C%2526hlv%253D6693ad27-6968-4549-b586-07f70a01000f%2523v697418226 HTTP/1.1" 200 245
20.171.207.246 - - [28/Feb/2025:01:12:08 +0100] "GET /ticket2/opencms/set_aff_cookie.jsp?partner=6F250EA7-4505-FA01-D601-8847F2573405&url=%252Fru%252Fbuy%252Findex.html%253Fpage%253D1%2526edid%253D3289C097-2261-9433-8644-DF033A9EE354%2526hlv%253D666c5d19-d650-436f-9134-4e220a01000f%2523v423096710 HTTP/1.1" 200 245
54.36.148.40 - - [28/Feb/2025:01:12:08 +0100] "GET /ticket2/opencms/lv/magazine/article?title=abdul-fatawu-palaidis-garam-atlikuso-sezonas-dalu HTTP/1.1" 200 94177
185.191.171.2 - - [28/Feb/2025:01:12:09 +0100] "GET /ticket2/opencms/lt/magazine/article?title=hugo-larsson-20-metis-kuris-zengia-is-sviesos-i-sviesa HTTP/1.1" 200 95444
114.119.140.85 - - [28/Feb/2025:01:12:09 +0100] "GET /ticket2/opencms/en/venue/?venueid=75885D15-264E-60FB-5DAC-D1D386082DD7 HTTP/1.1" 200 85326
20.171.207.246 - - [28/Feb/2025:01:12:10 +0100] "GET /ticket2/opencms/set_aff_cookie.jsp?partner=6F250EA7-4505-FA01-D601-8847F2573405&url=%252Fsv%252Fbuy%252Findex.html%253Fpage%253D1%2526edid%253D26467E66-E432-3709-0425-A75E81B5021A%2526hlv%253D666c5d28-cb30-40b7-90a3-4e220a01000f%2523v1241042119 HTTP/1.1" 200 246
54.36.149.38 - - [28/Feb/2025:01:12:10 +0100] "GET /ticket2/opencms/dk/buy/?page=1&edid=CB9583C2-830F-C234-1777-18BB6FF1FE1C HTTP/1.1" 200 107270
192.95.30.177 - - [28/Feb/2025:01:12:10 +0100] "GET /ticket2/opencms/sv/login/?edid=AF3F1A90-7936-05D6-918A-3B21A37A3CB9 HTTP/1.1" 200 91645
20.171.207.246 - - [28/Feb/2025:01:12:11 +0100] "GET /ticket2/opencms/set_aff_cookie.jsp?partner=6F250EA7-4505-FA01-D601-8847F2573405&url=%252Fno%252Fbuy%252Findex.html%253Fpage%253D1%2526edid%253D0C675B35-F010-2227-D951-9B816929F720%2526hlv%253D6689073e-5c94-49b5-8004-1a850a01000f%2523v188605986 HTTP/1.1" 200 245
85.208.96.198 - - [28/Feb/2025:01:12:11 +0100] "GET /ticket2/opencms/robots.txt HTTP/1.1" 200 773
20.171.207.246 - - [28/Feb/2025:01:12:12 +0100] "GET /ticket2/opencms/set_aff_cookie.jsp?partner=6F250EA7-4505-FA01-D601-8847F2573405&url=%252Fno%252Fbuy%252Findex.html%253Fpage%253D1%2526edid%253D50375D23-8B44-5172-3FB1-755B660EE76F%2526hlv%253D66867186-8eb0-47b1-8cd8-73030a01000f%2523v824045557 HTTP/1.1" 200 245
85.208.96.204 - - [28/Feb/2025:01:12:12 +0100] "GET /ticket2/opencms/es/magazine/article?title=luton HTTP/1.1" 200 92748
20.171.207.246 - - [28/Feb/2025:01:12:13 +0100] "GET /ticket2/opencms/set_aff_cookie.jsp?partner=6F250EA7-4505-FA01-D601-8847F2573405&url=%252Ffi%252Fbuy%252Findex.html%253Fpage%253D1%2526edid%253D3289C097-2261-9433-8644-DF033A9EE354%2526hlv%253D666c5d12-8f84-48a3-998f-4e220a01000f%2523v215236724 HTTP/1.1" 200 245
192.95.30.177 - - [28/Feb/2025:01:12:14 +0100] "GET /ticket2/opencms/sv/login/?edid=B0BA2757-8221-E87D-9DEA-439CE1F87613 HTTP/1.1" 200 91627
20.171.207.246 - - [28/Feb/2025:01:12:14 +0100] "GET /ticket2/opencms/set_aff_cookie.jsp?partner=6F250EA7-4505-FA01-D601-8847F2573405&url=%252Fsv%252Fbuy%252Findex.html%253Fpage%253D1%2526edid%253D3289C097-2261-9433-8644-DF033A9EE354%2526hlv%253D666c5d16-0b1c-4017-a769-4e220a01000f%2523v1515878399 HTTP/1.1" 200 246
20.171.207.246 - - [28/Feb/2025:01:12:15 +0100] "GET /ticket2/opencms/set_aff_cookie.jsp?partner=6F250EA7-4505-FA01-D601-8847F2573405&url=%252Fdk%252Fbuy%252Findex.html%253Fpage%253D1%2526edid%253D3289C097-2261-9433-8644-DF033A9EE354%2526hlv%253D666c5d18-04c8-4f51-a71d-4e220a01000f%2523v2027814600 HTTP/1.1" 200 246
20.171.207.246 - - [28/Feb/2025:01:12:17 +0100] "GET /ticket2/opencms/set_aff_cookie.jsp?partner=6F250EA7-4505-FA01-D601-8847F2573405&url=%252Fen%252Fbuy%252Findex.html%253Fpage%253D1%2526edid%253D0C675B35-F010-2227-D951-9B816929F720%2526hlv%253D6689073e-8c4c-4a91-9de2-1a850a01000f%2523v131509698 HTTP/1.1" 200 245
20.171.207.246 - - [28/Feb/2025:01:12:18 +0100] "GET /ticket2/opencms/set_aff_cookie.jsp?partner=6F250EA7-4505-FA01-D601-8847F2573405&url=%252Fen%252Fbuy%252Findex.html%253Fpage%253D1%2526edid%253D78F53753-F856-B158-388A-6B70B4CA55C8%2526hlv%253D66b38017-f69c-4542-870e-74430a01000f%2523v2125502308 HTTP/1.1" 200 246
192.95.30.177 - - [28/Feb/2025:01:12:18 +0100] "GET /ticket2/opencms/sv/login/?edid=B4ED35E0-F6E1-A7C7-5FDD-67B8072FAF0B HTTP/1.1" 200 91664
66.249.72.6 - - [28/Feb/2025:01:12:18 +0100] "GET /ticket2/opencms/ga/buy/?page=1&edid=BC5D7CD2-EB5B-8786-D71A-5AE6232D27A7 HTTP/1.1" 200 112380
66.249.75.227 - - [28/Feb/2025:01:12:19 +0100] "GET /ticket2/opencms/fi/sv/ HTTP/1.1" 404 -
20.171.207.246 - - [28/Feb/2025:01:12:19 +0100] "GET /ticket2/opencms/set_aff_cookie.jsp?partner=6F250EA7-4505-FA01-D601-8847F2573405&url=%252Fru%252Fbuy%252Findex.html%253Fpage%253D1%2526edid%253D50375D23-8B44-5172-3FB1-755B660EE76F%2526hlv%253D66867186-88fc-4f4a-9087-73030a01000f%2523v1895071113 HTTP/1.1" 200 246
114.119.135.171 - - [28/Feb/2025:01:12:20 +0100] "GET /ticket2/opencms/en/buy/?page=1&edid=CC833B36-DD7F-9B45-5264-9FD44391A499 HTTP/1.1" 200 110494
20.171.207.246 - - [28/Feb/2025:01:12:20 +0100] "GET /ticket2/opencms/set_aff_cookie.jsp?partner=57601924-FB09-5BB2-867F-08B4EB522BA8&url=%252Fen%252Fbuy%252Findex.html%253Fpage%253D1%2526edid%253D47C0370F-9915-7673-E038-7AD65907592C%2526hlv%253D666d50d3-2740-4a31-8759-70d60a01000f%2523v660918162 HTTP/1.1" 200 245
54.36.148.1 - - [28/Feb/2025:01:12:21 +0100] "GET /ticket2/opencms/uk/magazine/article?title=ipswichs-first-win-in-the-premier-league-in-22-years HTTP/1.1" 200 94448
