114.119.154.81 - - [07/Mar/2025:03:17:46 +0100] "GET /ticket2/opencms/en/venue/?venueid=8A3E15E6-9EA2-1FB9-3117-432C267C960A HTTP/1.1" 200 85328
114.119.152.134 - - [07/Mar/2025:03:17:46 +0100] "GET /ticket2/opencms/es/buy/?page=1&edid=7A0F0D40-9DB7-378F-AD47-13D628B3BD24 HTTP/1.1" 200 108519
217.182.175.38 - - [07/Mar/2025:03:17:49 +0100] "GET /ticket2/opencms/dk/dk/buy/?page=1&edid=AA5AE919-4BFF-B48F-3D5F-56D1DBCA6D67&sortorder=asc&column=row HTTP/1.1" 404 -
95.217.114.173 - - [07/Mar/2025:03:17:50 +0100] "GET /ticket2/opencms/fi/buy/?page=1&edid=2EE507F3-808B-9FC3-0AF8-CB6905B06BBA HTTP/1.1" 200 111459
114.119.152.77 - - [07/Mar/2025:03:17:56 +0100] "GET /ticket2/opencms/ru/buy/?page=1&edid=B63A2D15-1363-3F7D-6FAD-9E0AE65FC077 HTTP/1.1" 200 109189
95.217.114.173 - - [07/Mar/2025:03:17:57 +0100] "GET /ticket2/opencms/fi/buy/?page=1&edid=2EE5FE6D-D48C-F366-EBEF-C207DB7D5BC0 HTTP/1.1" 200 112309
217.182.175.38 - - [07/Mar/2025:03:17:58 +0100] "GET /ticket2/opencms/dk/dk/buy/?page=1&edid=AA5AE919-4BFF-B48F-3D5F-56D1DBCA6D67&sortorder=asc&column=section HTTP/1.1" 404 -
185.191.171.19 - - [07/Mar/2025:03:17:59 +0100] "GET /ticket2/opencms/hu/magazine/article?title=burnley-fc HTTP/1.1" 200 92969
192.99.36.61 - - [07/Mar/2025:03:18:00 +0100] "GET /ticket2/opencms/dk/ru/buy/?page=1&edid=6391B8D2-4805-E3DF-858D-572DEDE95203&sortorder=asc&column=section HTTP/1.1" 404 -
85.208.96.212 - - [07/Mar/2025:03:18:02 +0100] "GET /ticket2/opencms/uk/sell/ HTTP/1.1" 302 -
95.217.114.173 - - [07/Mar/2025:03:18:03 +0100] "GET /ticket2/opencms/fi/buy/?page=1&edid=2EED34F6-5C2B-A7AD-06F9-0E781DE8D640 HTTP/1.1" 200 111470
47.128.60.124 - - [07/Mar/2025:03:18:05 +0100] "GET /ticket2/opencms/ka/buy?edid=FD4DCA3B-ED43-1043-8648-63C229A27832 HTTP/1.1" 200 94169
217.182.175.38 - - [07/Mar/2025:03:18:07 +0100] "GET /ticket2/opencms/dk/dk/buy/?page=1&edid=AB4ED0AB-78AE-687D-2259-4B7771A21F0C&sortorder=desc&column=price HTTP/1.1" 404 -
85.208.96.206 - - [07/Mar/2025:03:18:10 +0100] "GET /ticket2/opencms/lv/magazine/article?title=viljams-alens-andre-gabriels-saliba HTTP/1.1" 200 94155
185.191.171.11 - - [07/Mar/2025:03:18:10 +0100] "GET /ticket2/opencms/uk/login/?url=%25252Fuk%25252Fsell%25252F HTTP/1.1" 200 92377
185.191.171.1 - - [07/Mar/2025:03:18:11 +0100] "GET /ticket2/opencms/de/magazine/article?title=neuer-mannschaftskapitan-dejan-kulusevski HTTP/1.1" 200 92018
95.217.114.173 - - [07/Mar/2025:03:18:12 +0100] "GET /ticket2/opencms/fi/buy/?page=1&edid=2EFD2627-895E-361A-639F-C8A896660F7C HTTP/1.1" 200 112184
140.228.23.46 - - [07/Mar/2025:03:18:12 +0100] "GET /ticket2/opencms/is/sport/fotbolti/champions-league/ HTTP/1.1" 200 106885
192.99.36.61 - - [07/Mar/2025:03:18:13 +0100] "GET /ticket2/opencms/dk/ru/buy/?page=1&edid=6391B8D2-4805-E3DF-858D-572DEDE95203&sortorder=desc&column=price HTTP/1.1" 404 -
217.182.175.38 - - [07/Mar/2025:03:18:15 +0100] "GET /ticket2/opencms/dk/dk/buy/?page=1&edid=AB50204C-215A-4600-59BC-2DA2AB6F3782&sortorder=asc&column=section HTTP/1.1" 404 -
185.191.171.12 - - [07/Mar/2025:03:18:19 +0100] "GET /ticket2/opencms/de/en/buy_safety/ HTTP/1.1" 404 -
95.217.114.173 - - [07/Mar/2025:03:18:20 +0100] "GET /ticket2/opencms/fi/buy/?page=1&edid=2F0D1B9B-6D23-4A6A-BEA5-3143DF8B7FAF HTTP/1.1" 200 108325
217.182.175.38 - - [07/Mar/2025:03:18:23 +0100] "GET /ticket2/opencms/dk/dk/buy/?page=1&edid=AB82714E-6963-E775-D4D6-9BFD51ADB158&sortorder=desc&column=section HTTP/1.1" 404 -
192.99.36.61 - - [07/Mar/2025:03:18:28 +0100] "GET /ticket2/opencms/dk/ru/buy/?page=1&edid=6391B8D2-4805-E3DF-858D-572DEDE95203&sortorder=desc&column=row HTTP/1.1" 404 -
95.217.114.173 - - [07/Mar/2025:03:18:28 +0100] "GET /ticket2/opencms/fi/buy/?page=1&edid=2F110274-C71F-5BF7-7AAC-162C2E4D1A7F HTTP/1.1" 200 111055
114.119.134.48 - - [07/Mar/2025:03:18:28 +0100] "GET /ticket2/opencms/en/buy/?page=1&edid=ECB2E95C-C285-416F-0D71-4CEEF81AD0D2 HTTP/1.1" 200 106664
185.191.171.3 - - [07/Mar/2025:03:18:31 +0100] "GET /ticket2/opencms/nl/magazine/article?title=manchester-city-vs-queens-park-rangers HTTP/1.1" 200 92644
157.55.39.49 - - [07/Mar/2025:03:18:32 +0100] "GET /ticket2/opencms/sv/buy/?comcatid=810BB404-4103-77F2-A6C2-12D5E6C338E2&catid=95AE85B5-8979-BB11-643C-430ACC6D50F9 HTTP/1.1" 200 94687
217.182.175.38 - - [07/Mar/2025:03:18:32 +0100] "GET /ticket2/opencms/dk/dk/buy/?page=1&edid=ABC4721A-B6F2-670A-2EEB-D6F5D16C69F5&sortorder=asc&column=price HTTP/1.1" 404 -
95.217.114.173 - - [07/Mar/2025:03:18:33 +0100] "GET /ticket2/opencms/fi/buy/?page=1&edid=2F23695C-1C28-072A-23EC-D52BA9A7809E HTTP/1.1" 200 112351
47.128.55.128 - - [07/Mar/2025:03:18:36 +0100] "GET /ticket2/opencms/sl/about/contact/ HTTP/1.1" 200 86354
66.249.65.235 - - [07/Mar/2025:03:18:37 +0100] "GET /ticket2/opencms/et/buy?page=1&edid=CC748805-AA77-5D07-7352-96CD97D4F5AC HTTP/1.1" 200 136818
47.128.55.128 - - [07/Mar/2025:03:18:38 +0100] "GET /ticket2/opencms/system/modules/com.gridnine.opencms.ticketbrokerage.site/resources/css/images/event-banner.png HTTP/1.1" 404 -
52.167.144.238 - - [07/Mar/2025:03:18:39 +0100] "GET /ticket2/opencms/en/buy/?page=1&edid=CDC8380D-9E34-4AA8-C5EB-B98118612E7B HTTP/1.1" 200 119576
66.249.65.235 - - [07/Mar/2025:03:18:39 +0100] "GET /ticket2/opencms/et/buy?page=1&edid=10597F35-2AC7-31D2-FB61-15A36BB6D73B HTTP/1.1" 200 135908
95.217.114.173 - - [07/Mar/2025:03:18:39 +0100] "GET /ticket2/opencms/fi/buy/?page=1&edid=2F602CFA-E8AD-C082-01F3-110FF826CCBF HTTP/1.1" 200 112116
217.182.175.38 - - [07/Mar/2025:03:18:39 +0100] "GET /ticket2/opencms/dk/dk/buy/?page=1&edid=ABC4721A-B6F2-670A-2EEB-D6F5D16C69F5&sortorder=asc&column=row HTTP/1.1" 404 -
194.120.230.215 - - [07/Mar/2025:03:18:40 +0100] "GET /ticket2/opencms/de/cgi-bin/luci/;stok=/locale HTTP/1.1" 404 -
216.244.66.238 - - [07/Mar/2025:03:18:41 +0100] "GET /ticket2/opencms/robots.txt HTTP/1.1" 200 773
216.244.66.238 - - [07/Mar/2025:03:18:41 +0100] "GET /ticket2/opencms/robots.txt HTTP/1.1" 200 773
173.252.69.116 - - [07/Mar/2025:03:18:44 +0100] "GET /ticket2/opencms/sl/buy?page=1&edid=49599CA7-0844-E2DA-A659-546B6DDC9473 HTTP/1.1" 200 108558
192.99.36.61 - - [07/Mar/2025:03:18:44 +0100] "GET /ticket2/opencms/dk/ru/buy/?page=1&edid=6391B8D2-4805-E3DF-858D-572DEDE95203&sortorder=desc&column=section HTTP/1.1" 404 -
95.217.114.173 - - [07/Mar/2025:03:18:45 +0100] "GET /ticket2/opencms/fi/buy/?page=1&edid=2F65F54D-DCC7-B427-02A2-07A0F98A264C HTTP/1.1" 200 110764
217.182.175.38 - - [07/Mar/2025:03:18:48 +0100] "GET /ticket2/opencms/dk/dk/buy/?page=1&edid=AD612BBB-46D8-BB1F-941A-99367E0AEDEE&sortorder=asc&column=price HTTP/1.1" 404 -
114.119.135.251 - - [07/Mar/2025:03:18:49 +0100] "GET /ticket2/opencms/es/buy/?page=1&edid=5D4ED722-E7EE-750F-EB84-B354A599964F HTTP/1.1" 200 117815
20.171.207.36 - - [07/Mar/2025:03:18:49 +0100] "GET /ticket2/opencms/be/sport/futbol-kvitki/ligue-1/paris-saint-germain HTTP/1.1" 500 -
114.119.157.43 - - [07/Mar/2025:03:18:50 +0100] "GET /ticket2/opencms/az/buy?page=1&edid=7A598B9C-F2D5-14CB-B337-B4B5F910E2F7 HTTP/1.1" 200 111210
4.227.36.107 - - [07/Mar/2025:03:18:51 +0100] "GET /ticket2/opencms/robots.txt HTTP/1.1" 200 773
95.217.114.173 - - [07/Mar/2025:03:18:55 +0100] "GET /ticket2/opencms/fi/buy/?page=1&edid=2F7CCFEA-11D9-C739-94AB-D08CAE52A423 HTTP/1.1" 200 110770
192.99.36.61 - - [07/Mar/2025:03:18:56 +0100] "GET /ticket2/opencms/dk/ru/buy/?page=1&edid=63B3D2EE-B950-115E-194C-CCC7BBD6F3BB&sortorder=asc&column=price HTTP/1.1" 404 -
52.167.144.146 - - [07/Mar/2025:03:18:57 +0100] "GET /ticket2/opencms/dk/buy/?page=1&edid=D720E039-4A9E-CF3F-A8B6-CE592EC53EAE HTTP/1.1" 200 110446
217.182.175.38 - - [07/Mar/2025:03:18:58 +0100] "GET /ticket2/opencms/dk/dk/buy/?page=1&edid=B01EB766-CA7D-1A19-0DC1-D3305DF28EF7&sortorder=asc&column=row HTTP/1.1" 404 -
52.167.144.146 - - [07/Mar/2025:03:18:58 +0100] "GET /ticket2/opencms/sr/buy/?page=1&edid=A457FF13-7A37-0365-AFA9-2CC7C635642A HTTP/1.1" 200 111613
47.128.63.92 - - [07/Mar/2025:03:19:02 +0100] "GET /ticket2/opencms/de/magazine/article?title=cole-palmer-entscheidet-das-spiel-und-alexander-isak-ist-zuruck HTTP/1.1" 200 93802
95.217.114.173 - - [07/Mar/2025:03:19:03 +0100] "GET /ticket2/opencms/fi/buy/?page=1&edid=2F880491-42B3-B2CF-F49A-9DDCD43581D2 HTTP/1.1" 200 111436
114.119.141.178 - - [07/Mar/2025:03:19:04 +0100] "GET /ticket2/opencms/az/buy?page=1&edid=79F212CD-FC40-B2A4-D854-08D44B487350 HTTP/1.1" 200 109080
172.68.10.205 - - [07/Mar/2025:03:19:04 +0100] "GET /ticket2/opencms/de/wp-admin/setup-config.php HTTP/1.1" 404 -
66.249.65.35 - - [07/Mar/2025:03:19:05 +0100] "GET /ticket2/opencms/system/modules/com.gridnine.opencms.ticketbrokerage.site/resources/js/common-ajax.js HTTP/1.1" 200 20175
217.182.175.38 - - [07/Mar/2025:03:19:05 +0100] "GET /ticket2/opencms/dk/dk/buy/?page=1&edid=B01EB766-CA7D-1A19-0DC1-D3305DF28EF7&sortorder=asc&column=section HTTP/1.1" 404 -
114.119.141.206 - - [07/Mar/2025:03:19:06 +0100] "GET /ticket2/opencms/en/venue/?venueid=78FDA09C-41E1-3EB5-FA25-29EBD1B668CE HTTP/1.1" 200 85320
95.217.114.173 - - [07/Mar/2025:03:19:07 +0100] "GET /ticket2/opencms/fi/buy/?page=1&edid=2FD314DB-D16F-8C23-B2AF-B3343415D5C2 HTTP/1.1" 200 111532
192.99.36.61 - - [07/Mar/2025:03:19:08 +0100] "GET /ticket2/opencms/dk/ru/buy/?page=1&edid=63B3D2EE-B950-115E-194C-CCC7BBD6F3BB&sortorder=asc&column=section HTTP/1.1" 404 -
47.128.36.249 - - [07/Mar/2025:03:19:08 +0100] "GET /ticket2/opencms/sv/sport/fotbollsbiljetter/eredivisie/hollandska-ligan/ajax/ HTTP/1.1" 200 93452
47.128.36.249 - - [07/Mar/2025:03:19:10 +0100] "GET /ticket2/opencms/system/modules/com.gridnine.opencms.ticketbrokerage.site/resources/pics/banners/sv/ajax_sv.png HTTP/1.1" 200 72362
217.182.175.38 - - [07/Mar/2025:03:19:13 +0100] "GET /ticket2/opencms/dk/dk/buy/?page=1&edid=B0327BA1-3277-D05F-6143-E026DFCBF7B3&sortorder=asc&column=price HTTP/1.1" 404 -
95.217.114.173 - - [07/Mar/2025:03:19:13 +0100] "GET /ticket2/opencms/fi/buy/?page=1&edid=2FD5F0EB-47D4-01C1-109D-EE3555FD94EC HTTP/1.1" 200 110465
40.77.167.42 - - [07/Mar/2025:03:19:15 +0100] "GET /ticket2/opencms/ka/magazine/article?title=gadasvla-meksikur-raiadosshi HTTP/1.1" 200 97314
66.249.74.2 - - [07/Mar/2025:03:19:17 +0100] "GET /ticket2/opencms/tr/magazine/article???%20Error%20reading%20resource%20from%20path HTTP/1.1" 200 89167
192.99.36.61 - - [07/Mar/2025:03:19:19 +0100] "GET /ticket2/opencms/dk/ru/buy/?page=1&edid=649D46CC-01CF-83EF-27C5-336542CC7BE4&sortorder=asc&column=price HTTP/1.1" 404 -
185.191.171.16 - - [07/Mar/2025:03:19:20 +0100] "GET /ticket2/opencms/uk/magazine/article?title=emirates-stadium-an-iconic-arena HTTP/1.1" 200 96222
95.217.114.173 - - [07/Mar/2025:03:19:21 +0100] "GET /ticket2/opencms/fi/buy/?page=1&edid=2FDBA5C4-B03A-E339-C217-B46915961F86 HTTP/1.1" 200 110806
217.182.175.38 - - [07/Mar/2025:03:19:21 +0100] "GET /ticket2/opencms/dk/dk/buy/?page=1&edid=B0327BA1-3277-D05F-6143-E026DFCBF7B3&sortorder=asc&column=row HTTP/1.1" 404 -
52.167.144.226 - - [07/Mar/2025:03:19:24 +0100] "GET /ticket2/opencms/hy/buy?page=1&edid=27BD86C3-7872-0F2C-F4EA-C29B4E4DC0EF HTTP/1.1" 404 -
95.217.114.173 - - [07/Mar/2025:03:19:26 +0100] "GET /ticket2/opencms/fi/buy/?page=1&edid=302B5F33-6329-3D6E-06FE-ACDBCD643B56 HTTP/1.1" 200 111440
185.191.171.4 - - [07/Mar/2025:03:19:29 +0100] "GET /ticket2/opencms/sr/sport/fudbalske-karte/english-championship/leeds-united HTTP/1.1" 404 -
217.182.175.38 - - [07/Mar/2025:03:19:30 +0100] "GET /ticket2/opencms/dk/dk/buy/?page=1&edid=B0327BA1-3277-D05F-6143-E026DFCBF7B3&sortorder=asc&column=section HTTP/1.1" 404 -
185.191.171.1 - - [07/Mar/2025:03:19:33 +0100] "GET /ticket2/opencms/dk/magazine/article?title=anfield-liverpools-hjemmebane HTTP/1.1" 200 90164
192.99.36.61 - - [07/Mar/2025:03:19:33 +0100] "GET /ticket2/opencms/dk/ru/buy/?page=1&edid=674A96E1-4B9C-1EEC-4D35-A637DDEAF802&sortorder=desc&column=row HTTP/1.1" 404 -
95.217.114.173 - - [07/Mar/2025:03:19:35 +0100] "GET /ticket2/opencms/fi/buy/?page=1&edid=302F6FCC-B6A1-E86C-569B-79647C8934F7 HTTP/1.1" 200 110565
40.77.167.254 - - [07/Mar/2025:03:19:37 +0100] "GET /ticket2/opencms/el/buy/?page=1&edid=AE716F73-508D-DEB7-E6E2-5D76473CBEAD HTTP/1.1" 200 116380
18.118.196.177 - - [07/Mar/2025:03:19:37 +0100] "GET /ticket2/opencms/robots.txt HTTP/1.1" 200 773
18.118.196.177 - - [07/Mar/2025:03:19:38 +0100] "GET /ticket2/opencms/it/magazine/article?title=liverpool-una-citta-di-cultura-e-storia HTTP/1.1" 200 93178
217.182.175.38 - - [07/Mar/2025:03:19:39 +0100] "GET /ticket2/opencms/dk/dk/buy/?page=1&edid=B1065CE9-A8E7-1323-5A3F-FB994F024940&sortorder=asc&column=price HTTP/1.1" 404 -
66.249.65.235 - - [07/Mar/2025:03:19:40 +0100] "GET /ticket2/opencms/et/buy?page=1&edid=33C93D30-5D5F-70D5-E4DB-10F58238A7ED HTTP/1.1" 200 120621
95.217.114.173 - - [07/Mar/2025:03:19:41 +0100] "GET /ticket2/opencms/fi/buy/?page=1&edid=30818A5F-1681-939E-0B10-926ABBA13517 HTTP/1.1" 200 111603
66.249.74.135 - - [07/Mar/2025:03:19:41 +0100] "GET /ticket2/opencms/nl/buy/?page=1&edid=627DD27E-C54C-E728-A0EA-5E098C44319A HTTP/1.1" 200 110191
185.191.171.1 - - [07/Mar/2025:03:19:43 +0100] "GET /ticket2/opencms/sr/magazine/article?title=brentford-fc-drugi-u-championshipu HTTP/1.1" 200 93535
114.119.135.171 - - [07/Mar/2025:03:19:46 +0100] "GET /ticket2/opencms/ru/buy/?page=1&edid=44C48A0E-0A68-7D3F-8873-815B24226A4B HTTP/1.1" 200 106325
173.252.83.114 - - [07/Mar/2025:03:19:46 +0100] "GET /ticket2/opencms/sl/buy?page=1&edid=C28B3B84-6A6E-6FCB-67EF-1F8424FD799A HTTP/1.1" 200 123823
192.99.36.61 - - [07/Mar/2025:03:19:47 +0100] "GET /ticket2/opencms/dk/ru/buy/?page=1&edid=A829FE1F-6A28-AF43-85C9-A10373B8D0AC&sortorder=desc&column=row HTTP/1.1" 404 -
95.217.114.173 - - [07/Mar/2025:03:19:48 +0100] "GET /ticket2/opencms/fi/buy/?page=1&edid=30924A43-4427-5878-59F6-BE2DD0659AA2 HTTP/1.1" 200 110790
217.182.175.38 - - [07/Mar/2025:03:19:48 +0100] "GET /ticket2/opencms/dk/dk/buy/?page=1&edid=B1065CE9-A8E7-1323-5A3F-FB994F024940&sortorder=asc&column=section HTTP/1.1" 404 -
114.119.157.43 - - [07/Mar/2025:03:19:50 +0100] "GET /ticket2/opencms/az/buy?page=1&edid=796DCB74-D51D-44AF-C5A3-0783294E5E3B HTTP/1.1" 200 108951
114.119.141.34 - - [07/Mar/2025:03:19:50 +0100] "GET /ticket2/opencms/en/buy/?page=1&edid=EC875542-DD3E-49DF-CF17-BA943F259AF5 HTTP/1.1" 200 106734
20.171.207.36 - - [07/Mar/2025:03:19:50 +0100] "GET /ticket2/opencms/be/sport/futbol-kvitki/champions-league/arsenal/ HTTP/1.1" 200 100447
95.217.114.173 - - [07/Mar/2025:03:19:57 +0100] "GET /ticket2/opencms/fi/buy/?page=1&edid=30B90E18-08FF-50F0-57E7-09B58974F8E4 HTTP/1.1" 200 112177
217.182.175.38 - - [07/Mar/2025:03:19:57 +0100] "GET /ticket2/opencms/dk/dk/buy/?page=1&edid=B1A91EDB-F255-C25B-6C02-C3BE04687ACE&sortorder=asc&column=price HTTP/1.1" 404 -
207.46.13.150 - - [07/Mar/2025:03:19:57 +0100] "GET /ticket2/opencms/mo/buy?page=1&edid=6F379414-70C4-400F-51D2-AFD37C8F2BC7 HTTP/1.1" 200 135102
192.99.36.61 - - [07/Mar/2025:03:19:58 +0100] "GET /ticket2/opencms/dk/ru/buy/?page=1&edid=A90447D4-1BF5-9CDF-A67A-35873286A39C HTTP/1.1" 404 -
40.77.167.25 - - [07/Mar/2025:03:19:58 +0100] "GET /ticket2/opencms/en/venue/?venueid=4B59E4CA-1599-6119-1C68-7B9E529278FF HTTP/1.1" 200 85315
40.77.167.7 - - [07/Mar/2025:03:20:00 +0100] "GET /ticket2/opencms/es/buy?page=1&edid=6212DF4D-4668-E736-5D5B-91D288A2C1AE HTTP/1.1" 200 108550
185.191.171.15 - - [07/Mar/2025:03:20:01 +0100] "GET /ticket2/opencms/sr/sport/fudbalske-karte/english-championship/hull-city HTTP/1.1" 404 -
217.182.175.38 - - [07/Mar/2025:03:20:05 +0100] "GET /ticket2/opencms/dk/dk/buy/?page=1&edid=B1A91EDB-F255-C25B-6C02-C3BE04687ACE&sortorder=desc&column=price HTTP/1.1" 404 -
95.217.114.173 - - [07/Mar/2025:03:20:05 +0100] "GET /ticket2/opencms/fi/buy/?page=1&edid=30CB7959-9308-5BEA-03F2-ADAC2FC91A64 HTTP/1.1" 200 111752
192.99.36.61 - - [07/Mar/2025:03:20:09 +0100] "GET /ticket2/opencms/dk/ru/buy/?page=1&edid=AA5AE919-4BFF-B48F-3D5F-56D1DBCA6D67&sortorder=desc&column=price HTTP/1.1" 404 -
95.217.114.173 - - [07/Mar/2025:03:20:11 +0100] "GET /ticket2/opencms/fi/buy/?page=1&edid=30DE2284-5E31-18B8-020D-05EFA1FEFED1 HTTP/1.1" 200 108367
217.182.175.38 - - [07/Mar/2025:03:20:12 +0100] "GET /ticket2/opencms/dk/dk/buy/?page=1&edid=B1A91EDB-F255-C25B-6C02-C3BE04687ACE&sortorder=desc&column=row HTTP/1.1" 404 -
194.120.230.215 - - [07/Mar/2025:03:20:15 +0100] "GET /ticket2/opencms/de/cgi-bin/luci/;stok=/locale HTTP/1.1" 404 -
95.217.114.173 - - [07/Mar/2025:03:20:18 +0100] "GET /ticket2/opencms/fi/buy/?page=1&edid=30EE0FC7-4330-7251-77A0-0EEC2CF05AF0 HTTP/1.1" 200 112325
185.191.171.13 - - [07/Mar/2025:03:20:18 +0100] "GET /ticket2/opencms/sk/magazine/article?title=manchester-city-7-zapasov-bez-vitazstva HTTP/1.1" 200 95514
114.119.135.251 - - [07/Mar/2025:03:20:19 +0100] "GET /ticket2/opencms/es/buy/?page=1&edid=3F2D99A8-7547-83C1-C9EB-9D79E7CF5003 HTTP/1.1" 200 135129
114.119.136.8 - - [07/Mar/2025:03:20:20 +0100] "GET /ticket2/opencms/en/buy/?page=10&eventid=57BE8363-4DC6-4A02-534F-EA7CD045F0C5&venueid=1296F5D3-4505-F292-99A1-ABFE76F323BD HTTP/1.1" 200 92819
185.191.171.14 - - [07/Mar/2025:03:20:20 +0100] "GET /ticket2/opencms/ro/magazine/article?title=manchester-city-vs-queens-park-rangers HTTP/1.1" 200 95012
217.182.175.38 - - [07/Mar/2025:03:20:21 +0100] "GET /ticket2/opencms/dk/dk/buy/?page=1&edid=B1A91EDB-F255-C25B-6C02-C3BE04687ACE&sortorder=desc&column=section HTTP/1.1" 404 -
192.99.36.61 - - [07/Mar/2025:03:20:21 +0100] "GET /ticket2/opencms/dk/ru/buy/?page=1&edid=AA5AE919-4BFF-B48F-3D5F-56D1DBCA6D67&sortorder=desc&column=section HTTP/1.1" 404 -
47.128.32.32 - - [07/Mar/2025:03:20:23 +0100] "GET /ticket2/opencms/be/buy/?edid=2F903B76-B444-9E06-66EB-768066A106B0 HTTP/1.1" 200 92565
95.217.114.173 - - [07/Mar/2025:03:20:24 +0100] "GET /ticket2/opencms/fi/buy/?page=1&edid=30EFD9FA-9D64-4BEF-2A04-84DAF1853867 HTTP/1.1" 200 111754
114.119.150.49 - - [07/Mar/2025:03:20:24 +0100] "GET /ticket2/opencms/en/venue/?venueid=785962EB-8414-D059-305F-74BBF3E070CF HTTP/1.1" 200 85327
52.167.144.226 - - [07/Mar/2025:03:20:25 +0100] "GET /ticket2/opencms/ga/buy/?page=6&comcatid=A17713B6-D984-201A-4143-ED4DB5ED5C2E&catid=0A6C99D2-F5BD-7A18-9A5F-5668827042E0&eventid=E1F7E93A-157E-48B5-16F5-20CB837CCB35 HTTP/1.1" 200 113709
52.167.144.226 - - [07/Mar/2025:03:20:27 +0100] "GET /ticket2/opencms/hr/buy/?page=1&edid=2F959FEF-0277-463A-7AA1-8B479CA506D8 HTTP/1.1" 200 108682
217.182.175.38 - - [07/Mar/2025:03:20:29 +0100] "GET /ticket2/opencms/dk/dk/buy/?page=1&edid=B3E34151-6539-ECA7-BBF6-044DE2786FAA&sortorder=desc&column=section HTTP/1.1" 404 -
114.119.141.178 - - [07/Mar/2025:03:20:30 +0100] "GET /ticket2/opencms/az/buy?page=1&edid=76CABAA5-9A14-4522-8FC4-18AFD4820765 HTTP/1.1" 200 112183
95.217.114.173 - - [07/Mar/2025:03:20:33 +0100] "GET /ticket2/opencms/fi/buy/?page=1&edid=3116A066-ACEB-377F-2839-1A261D0878C5 HTTP/1.1" 200 110577
192.99.36.61 - - [07/Mar/2025:03:20:34 +0100] "GET /ticket2/opencms/dk/ru/buy/?page=1&edid=AA66C67A-2B69-E1E0-8AB1-425B8E34A4A9&sortorder=asc&column=section HTTP/1.1" 404 -
47.128.44.225 - - [07/Mar/2025:03:20:34 +0100] "GET /ticket2/opencms/mo/buy?edid=1B0FD2CF-7989-14DE-F7CF-3A2E39F20BD8 HTTP/1.1" 200 91658
217.182.175.38 - - [07/Mar/2025:03:20:37 +0100] "GET /ticket2/opencms/dk/dk/buy/?page=1&edid=B4285E0E-A58D-ABE6-DA17-011524A15E7C&sortorder=asc&column=section HTTP/1.1" 404 -
95.217.114.173 - - [07/Mar/2025:03:20:39 +0100] "GET /ticket2/opencms/fi/buy/?page=1&edid=3162CA97-90A3-818D-CF45-2A7A973595B1 HTTP/1.1" 200 111676
40.77.167.241 - - [07/Mar/2025:03:20:39 +0100] "GET /ticket2/opencms/ga/buy?page=1&edid=8085E80D-BC8F-CDCF-7CC8-2F497FE082D3 HTTP/1.1" 200 138857
40.77.167.7 - - [07/Mar/2025:03:20:40 +0100] "GET /ticket2/opencms/tr/buy?page=1&edid=80029262-7012-7DB4-2F2F-CAD8A832F353 HTTP/1.1" 200 111040
217.182.175.38 - - [07/Mar/2025:03:20:45 +0100] "GET /ticket2/opencms/dk/dk/buy/?page=1&edid=B4285E0E-A58D-ABE6-DA17-011524A15E7C&sortorder=desc&column=price HTTP/1.1" 404 -
192.99.36.61 - - [07/Mar/2025:03:20:45 +0100] "GET /ticket2/opencms/dk/ru/buy/?page=1&edid=AA846239-9C01-F79F-429F-223A194A604D HTTP/1.1" 404 -
95.217.114.173 - - [07/Mar/2025:03:20:46 +0100] "GET /ticket2/opencms/fi/buy/?page=1&edid=316C8B21-EA90-86CD-1903-2A74EF25D5CD HTTP/1.1" 200 112441
173.252.87.7 - - [07/Mar/2025:03:20:49 +0100] "GET /ticket2/opencms/sr/sport/fudbalske-karte/bundesliga/eintracht_frankfurt HTTP/1.1" 200 101779
40.77.167.7 - - [07/Mar/2025:03:20:49 +0100] "GET /ticket2/opencms/fr/buy?page=1&edid=25D1E1A5-48CB-BCBE-9193-C6660AC8A78B HTTP/1.1" 200 111540
20.171.207.36 - - [07/Mar/2025:03:20:50 +0100] "GET /ticket2/opencms/uk/sport/kvytky-na-futbol/bundesliga/heidenheim/ HTTP/1.1" 200 99422
217.182.175.38 - - [07/Mar/2025:03:20:51 +0100] "GET /ticket2/opencms/dk/dk/buy/?page=1&edid=B4285E0E-A58D-ABE6-DA17-011524A15E7C&sortorder=desc&column=row HTTP/1.1" 404 -
95.217.114.173 - - [07/Mar/2025:03:20:54 +0100] "GET /ticket2/opencms/fi/buy/?page=1&edid=31705C01-A63C-4B02-3884-2009D5CA2E67 HTTP/1.1" 200 111665
185.191.171.13 - - [07/Mar/2025:03:20:58 +0100] "GET /ticket2/opencms/be/magazine/article?title=can-viktor-gyokeres-leave-sporting-earlier-than-planned HTTP/1.1" 200 94644
192.99.36.61 - - [07/Mar/2025:03:20:58 +0100] "GET /ticket2/opencms/dk/ru/buy/?page=1&edid=AA846239-9C01-F79F-429F-223A194A604D&sortorder=desc&column=row HTTP/1.1" 404 -
217.182.175.38 - - [07/Mar/2025:03:20:59 +0100] "GET /ticket2/opencms/dk/dk/buy/?page=1&edid=B4285E0E-A58D-ABE6-DA17-011524A15E7C&sortorder=desc&column=section HTTP/1.1" 404 -
40.77.167.254 - - [07/Mar/2025:03:21:00 +0100] "GET /ticket2/opencms/fi/buy?page=1&edid=CE5FAEA5-49F6-8E22-3844-617657C3217A HTTP/1.1" 200 111676
85.208.96.198 - - [07/Mar/2025:03:21:01 +0100] "GET /ticket2/opencms/es/magazine/article?title=compra-entradas-para-la-bundesliga-en-ticket2com HTTP/1.1" 200 93011
95.217.114.173 - - [07/Mar/2025:03:21:04 +0100] "GET /ticket2/opencms/fi/buy/?page=1&edid=31B57CB4-5BAE-CD30-1F07-2FBEC8C03183 HTTP/1.1" 200 112178
85.208.96.194 - - [07/Mar/2025:03:21:07 +0100] "GET /ticket2/opencms/en/sport/football-tickets/champions-league/benfica HTTP/1.1" 500 -
217.182.175.38 - - [07/Mar/2025:03:21:07 +0100] "GET /ticket2/opencms/dk/dk/buy/?page=1&edid=B45E1AD2-1369-CFCC-BA36-8169D6C56034&sortorder=asc&column=price HTTP/1.1" 404 -
192.99.36.61 - - [07/Mar/2025:03:21:10 +0100] "GET /ticket2/opencms/dk/ru/buy/?page=1&edid=AA8ACCF2-6F11-0649-AAE7-BD2964B0B78F&sortorder=desc&column=price HTTP/1.1" 404 -
114.119.136.30 - - [07/Mar/2025:03:21:11 +0100] "GET /ticket2/opencms/az/buy?page=1&edid=7688C6EE-586D-CDED-4F8D-81480DD2EC0C HTTP/1.1" 200 112504
95.217.114.173 - - [07/Mar/2025:03:21:12 +0100] "GET /ticket2/opencms/fi/buy/?page=1&edid=31CECE39-C1FC-F090-49FC-B872E815E667 HTTP/1.1" 200 110994
114.119.150.22 - - [07/Mar/2025:03:21:13 +0100] "GET /ticket2/opencms/en/buy/?page=1&edid=EC685237-9496-05D1-5CE5-C33133A00CAB HTTP/1.1" 200 110261
217.182.175.38 - - [07/Mar/2025:03:21:15 +0100] "GET /ticket2/opencms/dk/dk/buy/?page=1&edid=B45E1AD2-1369-CFCC-BA36-8169D6C56034&sortorder=asc&column=row HTTP/1.1" 404 -
85.208.96.194 - - [07/Mar/2025:03:21:15 +0100] "GET /ticket2/opencms/en/sport/football-tickets/premier_league/brighton/ HTTP/1.1" 200 98695
54.36.149.103 - - [07/Mar/2025:03:21:16 +0100] "GET /ticket2/opencms/dk/search.html HTTP/1.1" 200 96348
95.217.114.173 - - [07/Mar/2025:03:21:19 +0100] "GET /ticket2/opencms/fi/buy/?page=1&edid=31F5CF5E-4CB3-EBA3-49F4-589199A00779 HTTP/1.1" 200 111103
217.182.175.38 - - [07/Mar/2025:03:21:21 +0100] "GET /ticket2/opencms/dk/dk/buy/?page=1&edid=B45E1AD2-1369-CFCC-BA36-8169D6C56034&sortorder=asc&column=section HTTP/1.1" 404 -
192.99.36.61 - - [07/Mar/2025:03:21:23 +0100] "GET /ticket2/opencms/dk/ru/buy/?page=1&edid=AA8ACCF2-6F11-0649-AAE7-BD2964B0B78F&sortorder=desc&column=row HTTP/1.1" 404 -
95.217.114.173 - - [07/Mar/2025:03:21:24 +0100] "GET /ticket2/opencms/fi/buy/?page=1&edid=32134176-F0AA-BAD2-9EEC-9C7891AB172B HTTP/1.1" 200 111689
40.77.167.254 - - [07/Mar/2025:03:21:27 +0100] "GET /ticket2/opencms/it/buy?page=1&edid=141CBD95-4293-294B-CF07-71BC79C50A54 HTTP/1.1" 200 108361
217.182.175.38 - - [07/Mar/2025:03:21:28 +0100] "GET /ticket2/opencms/dk/dk/buy/?page=1&edid=B45E1AD2-1369-CFCC-BA36-8169D6C56034&sortorder=desc&column=price HTTP/1.1" 404 -
40.77.167.254 - - [07/Mar/2025:03:21:29 +0100] "GET /ticket2/opencms/hr/buy?page=1&edid=5A25EFE3-6135-A75C-5C16-FC7C3F6D82B3 HTTP/1.1" 200 108643
40.77.167.254 - - [07/Mar/2025:03:21:29 +0100] "GET /ticket2/opencms/el/buy?page=1&edid=CEF9A464-8C88-BC1F-3827-126FBE3CBAA4 HTTP/1.1" 200 115439
95.217.114.173 - - [07/Mar/2025:03:21:31 +0100] "GET /ticket2/opencms/fi/buy/?page=1&edid=322923FD-6346-980B-F04C-E6D850ADF155 HTTP/1.1" 200 111715
40.77.167.7 - - [07/Mar/2025:03:21:31 +0100] "GET /ticket2/opencms/sq/buy/?page=1&edid=125D5AA8-AD90-8CAC-0060-B35EE32435FE HTTP/1.1" 200 108994
40.77.167.7 - - [07/Mar/2025:03:21:32 +0100] "GET /ticket2/opencms/mo/buy/?page=1&edid=C7A5CA36-9C67-BB9A-AC81-A8A9B9C68365 HTTP/1.1" 200 108750
216.244.66.196 - - [07/Mar/2025:03:21:34 +0100] "GET /ticket2/opencms/robots.txt HTTP/1.1" 200 773
192.99.36.61 - - [07/Mar/2025:03:21:35 +0100] "GET /ticket2/opencms/dk/ru/buy/?page=1&edid=AFBC7C6C-0902-9DFD-66C8-0C8691268512 HTTP/1.1" 404 -
217.182.175.38 - - [07/Mar/2025:03:21:35 +0100] "GET /ticket2/opencms/dk/dk/buy/?page=1&edid=B45E1AD2-1369-CFCC-BA36-8169D6C56034&sortorder=desc&column=row HTTP/1.1" 404 -
95.217.114.173 - - [07/Mar/2025:03:21:38 +0100] "GET /ticket2/opencms/fi/buy/?page=1&edid=32383021-E0A1-F77B-1AA6-B356381F213B HTTP/1.1" 200 110988
185.191.171.15 - - [07/Mar/2025:03:21:38 +0100] "GET /ticket2/opencms/bs/sport/fudbalske-karte/serie-a/sassuolo HTTP/1.1" 500 -
217.182.175.38 - - [07/Mar/2025:03:21:42 +0100] "GET /ticket2/opencms/dk/dk/buy/?page=1&edid=B461BF01-8096-3162-6C25-1DC71021C836&sortorder=asc&column=price HTTP/1.1" 404 -
66.249.65.233 - - [07/Mar/2025:03:21:43 +0100] "GET /ticket2/opencms/et/buy?page=1&edid=0C94170C-17F1-0823-E8AC-91EC149F33EC HTTP/1.1" 200 135055
95.217.114.173 - - [07/Mar/2025:03:21:45 +0100] "GET /ticket2/opencms/fi/buy/?page=1&edid=325B1ED6-7B15-4D0E-D8E7-20609740D0F8 HTTP/1.1" 200 111021
172.68.193.142 - - [07/Mar/2025:03:21:45 +0100] "GET /ticket2/opencms/de/wordpress/wp-admin/setup-config.php HTTP/1.1" 404 -
52.167.144.226 - - [07/Mar/2025:03:21:45 +0100] "GET /ticket2/opencms/ka/buy/?page=1&edid=14427B33-9BB8-BBB7-1EBA-73EE86A692A4 HTTP/1.1" 200 124148
192.99.36.61 - - [07/Mar/2025:03:21:45 +0100] "GET /ticket2/opencms/dk/ru/buy/?page=1&edid=B9927E9D-FCD6-90B0-3423-28EF9B3256EA&sortorder=asc&column=row HTTP/1.1" 404 -
20.171.207.36 - - [07/Mar/2025:03:21:46 +0100] "GET /ticket2/opencms/uk/sport/kvytky-na-futbol/fa-cup HTTP/1.1" 404 -
40.77.167.254 - - [07/Mar/2025:03:21:49 +0100] "GET /ticket2/opencms/en/buy?page=1&edid=939FCE8D-90FF-C6DA-8BEE-B4E9DB00F993 HTTP/1.1" 200 109572
217.182.175.38 - - [07/Mar/2025:03:21:49 +0100] "GET /ticket2/opencms/dk/dk/buy/?page=1&edid=B461BF01-8096-3162-6C25-1DC71021C836&sortorder=asc&column=section HTTP/1.1" 404 -
95.217.114.173 - - [07/Mar/2025:03:21:51 +0100] "GET /ticket2/opencms/fi/buy/?page=1&edid=32647890-869B-410A-68B1-1878E139AE5E HTTP/1.1" 200 110590
85.208.96.207 - - [07/Mar/2025:03:21:53 +0100] "GET /ticket2/opencms/cs/sell/ HTTP/1.1" 302 -
114.119.154.13 - - [07/Mar/2025:03:21:53 +0100] "GET /ticket2/opencms/en/venue/?venueid=90F56EC8-280A-E445-5613-32898972C4C3 HTTP/1.1" 200 85328
217.182.175.38 - - [07/Mar/2025:03:21:56 +0100] "GET /ticket2/opencms/dk/dk/buy/?page=1&edid=B4F6E9EC-C5D7-9EC3-8A2E-907C10F1B7FA&sortorder=asc&column=section HTTP/1.1" 404 -
95.217.114.173 - - [07/Mar/2025:03:21:56 +0100] "GET /ticket2/opencms/fi/buy/?page=1&edid=32684C15-3991-14C8-FF47-6D8EBA34F95A HTTP/1.1" 200 111638
192.99.36.61 - - [07/Mar/2025:03:21:59 +0100] "GET /ticket2/opencms/dk/ru/buy/?page=1&edid=BBC9E6CA-B1D9-1FBB-70CA-BD39F7126BAB&sortorder=asc&column=price HTTP/1.1" 404 -
114.119.129.189 - - [07/Mar/2025:03:22:01 +0100] "GET /ticket2/opencms/es/buy/?page=1&edid=1C10CC18-4291-CEF7-0875-B8ABB6B6CC74 HTTP/1.1" 200 108651
185.191.171.11 - - [07/Mar/2025:03:22:01 +0100] "GET /ticket2/opencms/cs/login/?url=%25252Fcs%25252Fsell%25252F HTTP/1.1" 200 91901
47.128.97.134 - - [07/Mar/2025:03:22:02 +0100] "GET /ticket2/opencms/no/buy/?catid=F7FF413B-5FDF-82CF-E5BB-CD4AB6027974&comcatid=97ECA65A-72DA-F9AF-9DBB-245D3CFED1BE&page=6 HTTP/1.1" 200 97816
217.182.175.38 - - [07/Mar/2025:03:22:03 +0100] "GET /ticket2/opencms/dk/dk/buy/?page=1&edid=B4FC85CE-934D-C2FF-C197-68C576598958&sortorder=asc&column=price HTTP/1.1" 404 -
114.119.154.81 - - [07/Mar/2025:03:22:06 +0100] "GET /ticket2/opencms/en/venue/?venueid=73886E8B-D0CE-D693-4D83-304172C400FE HTTP/1.1" 200 85283
95.217.114.173 - - [07/Mar/2025:03:22:07 +0100] "GET /ticket2/opencms/fi/buy/?page=1&edid=32733024-1A70-1A8E-A3DD-B8EE80D33C10 HTTP/1.1" 200 111751
40.77.167.116 - - [07/Mar/2025:03:22:09 +0100] "GET /ticket2/opencms/mo/buy?page=1&edid=7D93CEA8-790B-90BC-58EC-CA5B0CB3CBFB HTTP/1.1" 200 112360
192.99.36.61 - - [07/Mar/2025:03:22:10 +0100] "GET /ticket2/opencms/dk/ru/buy/?page=1&edid=BBC9E6CA-B1D9-1FBB-70CA-BD39F7126BAB&sortorder=asc&column=row HTTP/1.1" 404 -
217.182.175.38 - - [07/Mar/2025:03:22:11 +0100] "GET /ticket2/opencms/dk/dk/buy/?page=1&edid=B5418821-46EB-580F-2878-5A022EF273FD&sortorder=asc&column=price HTTP/1.1" 404 -
95.217.114.173 - - [07/Mar/2025:03:22:13 +0100] "GET /ticket2/opencms/fi/buy/?page=1&edid=327AE0DA-94B2-C94C-18B8-D6746C6CB956 HTTP/1.1" 200 111730
54.36.149.27 - - [07/Mar/2025:03:22:14 +0100] "GET /ticket2/opencms/hu/magazine/article?title=viktor-gyokeres-a-manchester-unitedhoz HTTP/1.1" 200 93244
114.119.136.30 - - [07/Mar/2025:03:22:16 +0100] "GET /ticket2/opencms/az/buy?page=1&edid=74430233-0066-0F2D-297C-6BDDB67075CE HTTP/1.1" 200 121825
194.120.230.215 - - [07/Mar/2025:03:22:17 +0100] "GET /cgi-bin/luci/;stok=/locale HTTP/1.1" 404 -
85.208.96.199 - - [07/Mar/2025:03:22:17 +0100] "GET /ticket2/opencms/robots.txt HTTP/1.1" 200 773
85.208.96.205 - - [07/Mar/2025:03:22:17 +0100] "GET /ticket2/opencms/uk/sell/ HTTP/1.1" 302 -
217.182.175.38 - - [07/Mar/2025:03:22:18 +0100] "GET /ticket2/opencms/dk/dk/buy/?page=1&edid=B5418821-46EB-580F-2878-5A022EF273FD&sortorder=asc&column=row HTTP/1.1" 404 -
85.208.96.208 - - [07/Mar/2025:03:22:19 +0100] "GET /ticket2/opencms/lv/selling_tickets/ HTTP/1.1" 500 -
95.217.114.173 - - [07/Mar/2025:03:22:21 +0100] "GET /ticket2/opencms/fi/buy/?page=1&edid=327C3DFA-5D4B-3C19-2350-F43C324B5A08 HTTP/1.1" 200 111919
192.99.36.61 - - [07/Mar/2025:03:22:22 +0100] "GET /ticket2/opencms/dk/ru/buy/?page=1&edid=E0E0A92E-E970-D7B2-B5EB-9799FE58777D&sortorder=asc&column=section HTTP/1.1" 404 -
185.191.171.15 - - [07/Mar/2025:03:22:24 +0100] "GET /ticket2/opencms/uk/login/?url=%25252Fuk%25252Fsell%25252F HTTP/1.1" 200 92443
217.182.175.38 - - [07/Mar/2025:03:22:25 +0100] "GET /ticket2/opencms/dk/dk/buy/?page=1&edid=B5418821-46EB-580F-2878-5A022EF273FD&sortorder=asc&column=section HTTP/1.1" 404 -
114.119.136.30 - - [07/Mar/2025:03:22:26 +0100] "GET /ticket2/opencms/az/buy?page=1&edid=6EC6BD23-78CA-71E4-67D1-B90AB5C3430E HTTP/1.1" 200 111555
95.217.114.173 - - [07/Mar/2025:03:22:28 +0100] "GET /ticket2/opencms/fi/buy/?page=1&edid=32AF2F6F-F4AA-C9F3-8E82-B7B8DB065132 HTTP/1.1" 200 111585
217.182.175.38 - - [07/Mar/2025:03:22:33 +0100] "GET /ticket2/opencms/dk/dk/buy/?page=1&edid=B5418821-46EB-580F-2878-5A022EF273FD&sortorder=desc&column=section HTTP/1.1" 404 -
192.99.36.61 - - [07/Mar/2025:03:22:34 +0100] "GET /ticket2/opencms/dk/ru/buy/?page=1&edid=E3B46C02-527F-BFED-1199-3D6C38556545&sortorder=asc&column=section HTTP/1.1" 404 -
52.167.144.226 - - [07/Mar/2025:03:22:34 +0100] "GET /ticket2/opencms/sl/buy?page=1&edid=DABBB04A-934B-281D-ABA7-8CACF7859BC6 HTTP/1.1" 200 108471
95.217.114.173 - - [07/Mar/2025:03:22:35 +0100] "GET /ticket2/opencms/fi/buy/?page=1&edid=32C84788-8258-761B-31DE-9CBA78728125 HTTP/1.1" 200 111517
20.171.207.36 - - [07/Mar/2025:03:22:36 +0100] "GET /ticket2/opencms/uk/sport/kvytky-na-futbol/ligue-1 HTTP/1.1" 500 -
114.119.146.220 - - [07/Mar/2025:03:22:38 +0100] "GET /ticket2/opencms/en/buy/?page=1&edid=EC11C071-10BD-B126-C94D-E5A734236E5D HTTP/1.1" 200 106748
161.97.130.75 - - [07/Mar/2025:03:22:39 +0100] "GET /ticket2/opencms/en/login/?edid=5FDB0F24-0C6F-483A-29C3-00DD28FFC972 HTTP/1.1" 200 90241
40.77.167.7 - - [07/Mar/2025:03:22:39 +0100] "GET /ticket2/opencms/is/buy/?page=1&edid=F9CBDA74-1975-ACB0-9F7B-F63B7B1D5539 HTTP/1.1" 200 111029
217.182.175.38 - - [07/Mar/2025:03:22:40 +0100] "GET /ticket2/opencms/dk/dk/buy/?page=1&edid=B59A72B6-E031-5568-9B9A-94FDDE3CF17D&sortorder=asc&column=price HTTP/1.1" 404 -
85.208.96.208 - - [07/Mar/2025:03:22:40 +0100] "GET /ticket2/opencms/sl/magazine/article?title=burnley-fc HTTP/1.1" 200 91749
47.128.29.97 - - [07/Mar/2025:03:22:41 +0100] "GET /ticket2/opencms/is/buy/?edid=E776A00C-D3F1-2828-91C2-D234EAF400D2 HTTP/1.1" 200 91587
95.217.114.173 - - [07/Mar/2025:03:22:41 +0100] "GET /ticket2/opencms/fi/buy/?page=1&edid=330779C0-23DC-75FF-C0A6-1FF90F29B015 HTTP/1.1" 200 111486
173.252.87.113 - - [07/Mar/2025:03:22:43 +0100] "GET /ticket2/opencms/sr/buy?page=1&edid=76EAECA7-64F4-2580-38CA-B14BCC95A1C5 HTTP/1.1" 200 118458
192.99.36.61 - - [07/Mar/2025:03:22:44 +0100] "GET /ticket2/opencms/dk/sv/buy/?page=1&edid=294F17B7-744E-4BB6-3486-8E45BFCF45D8&sortorder=desc&column=row HTTP/1.1" 404 -
66.249.65.234 - - [07/Mar/2025:03:22:45 +0100] "GET /ticket2/opencms/et/buy?page=1&edid=41CD7066-237A-B852-387D-3D5D7B688DF9 HTTP/1.1" 200 135282
47.128.38.113 - - [07/Mar/2025:03:22:46 +0100] "GET /ticket2/opencms/sv/sport/fotbollsbiljetter/premier_league/tottenham/restips_ny_arena_tottenham/ HTTP/1.1" 200 94249
217.182.175.38 - - [07/Mar/2025:03:22:47 +0100] "GET /ticket2/opencms/dk/dk/buy/?page=1&edid=B59A72B6-E031-5568-9B9A-94FDDE3CF17D&sortorder=asc&column=row HTTP/1.1" 404 -
47.128.38.113 - - [07/Mar/2025:03:22:47 +0100] "GET /ticket2/opencms/system/modules/com.gridnine.opencms.ticketbrokerage.site/resources/pics/banners/sv/restips.jpg HTTP/1.1" 200 32426
185.191.171.14 - - [07/Mar/2025:03:22:48 +0100] "GET /ticket2/opencms/robots.txt HTTP/1.1" 200 773
185.191.171.16 - - [07/Mar/2025:03:22:50 +0100] "GET /ticket2/opencms/fr/magazine/article?title=deuxieme-place-deuxieme-annee-consecutive HTTP/1.1" 200 89102
40.77.167.7 - - [07/Mar/2025:03:22:50 +0100] "GET /ticket2/opencms/mt/magazine/article?title=kunetti-komuni-fil-futbol HTTP/1.1" 200 94708
152.53.109.94 - - [07/Mar/2025:03:22:50 +0100] "GET /ticket2/opencms/mo/sport/bilete-la-fotbal HTTP/1.1" 200 94612
95.217.114.173 - - [07/Mar/2025:03:22:51 +0100] "GET /ticket2/opencms/fi/buy/?page=1&edid=330F2908-F2E8-6925-771A-2D5FC8A92AD5 HTTP/1.1" 200 110540
161.97.130.75 - - [07/Mar/2025:03:22:51 +0100] "GET /ticket2/opencms/en/login/?edid=6018B583-E8C8-6E96-F165-DFDD897381E6 HTTP/1.1" 200 90116
114.119.153.152 - - [07/Mar/2025:03:22:52 +0100] "GET /ticket2/opencms/en/magazine/article?title=arsenal-season-reflection HTTP/1.1" 200 92345
192.99.36.61 - - [07/Mar/2025:03:22:53 +0100] "GET /ticket2/opencms/dk/sv/buy/?page=1&edid=3365A2FF-D272-1DCA-3F68-9640C946FBC1&sortorder=asc&column=row HTTP/1.1" 404 -
52.167.144.226 - - [07/Mar/2025:03:22:54 +0100] "GET /ticket2/opencms/pl/sport/bilety-futbol/english-championship/coventry HTTP/1.1" 200 102416
217.182.175.38 - - [07/Mar/2025:03:22:55 +0100] "GET /ticket2/opencms/dk/dk/buy/?page=1&edid=B59A72B6-E031-5568-9B9A-94FDDE3CF17D&sortorder=asc&column=section HTTP/1.1" 404 -
85.208.96.202 - - [07/Mar/2025:03:22:57 +0100] "GET /ticket2/opencms/sv/selling_tickets HTTP/1.1" 200 87069
95.217.114.173 - - [07/Mar/2025:03:22:57 +0100] "GET /ticket2/opencms/fi/buy/?page=1&edid=333E3452-C437-2ACD-A4A9-9FA33977FDCE HTTP/1.1" 200 111594
40.77.167.48 - - [07/Mar/2025:03:22:58 +0100] "GET /ticket2/opencms/is/buy/?page=1&edid=D3CFC94C-099A-20DC-B2B6-57B9CC37DA19 HTTP/1.1" 200 108584
104.23.166.148 - - [07/Mar/2025:03:22:59 +0100] "GET /ticket2/opencms/de/wordpress/wp-admin/setup-config.php HTTP/1.1" 404 -
217.182.175.38 - - [07/Mar/2025:03:23:02 +0100] "GET /ticket2/opencms/dk/dk/buy/?page=1&edid=B63B2B4B-F889-2390-9B9F-DFE3A2A9A7DE&sortorder=asc&column=section HTTP/1.1" 404 -
47.128.47.109 - - [07/Mar/2025:03:23:02 +0100] "GET /ticket2/opencms/mt/affiliateprogram.html HTTP/1.1" 200 87776
192.99.36.61 - - [07/Mar/2025:03:23:03 +0100] "GET /ticket2/opencms/dk/sv/buy/?page=1&edid=33CC4948-6558-3EC2-FACA-6AF19D354AA8&sortorder=asc&column=price HTTP/1.1" 404 -
95.217.114.173 - - [07/Mar/2025:03:23:03 +0100] "GET /ticket2/opencms/fi/buy/?page=1&edid=33527540-7EBD-7F15-3945-F4F16D7AF760 HTTP/1.1" 200 108341
161.97.130.75 - - [07/Mar/2025:03:23:04 +0100] "GET /ticket2/opencms/en/login/?edid=62489F87-75B0-4AAA-9F3C-9761AE6AAF85 HTTP/1.1" 200 90099
52.167.144.156 - - [07/Mar/2025:03:23:06 +0100] "GET /ticket2/opencms/en/buy/?page=1&edid=52F83580-0FD4-F06F-050A-AE1CCE4A20C1 HTTP/1.1" 200 110171
217.182.175.38 - - [07/Mar/2025:03:23:08 +0100] "GET /ticket2/opencms/dk/dk/buy/?page=1&edid=B6519826-8267-EC30-B1D9-4C457BE51657&sortorder=desc&column=row HTTP/1.1" 404 -
114.119.135.251 - - [07/Mar/2025:03:23:08 +0100] "GET /ticket2/opencms/es/buy/?page=1&edid=126E7844-E6E1-432A-5140-6A6B87787BFF HTTP/1.1" 200 111206
40.77.167.7 - - [07/Mar/2025:03:23:10 +0100] "GET /ticket2/opencms/sv/buy?page=1&edid=62AF51D1-2518-721A-94C3-2C65FC5328DE HTTP/1.1" 200 111195
95.217.114.173 - - [07/Mar/2025:03:23:12 +0100] "GET /ticket2/opencms/fi/buy/?page=1&edid=3352776A-1A34-2607-A523-19EB28320719 HTTP/1.1" 200 110670
217.182.175.38 - - [07/Mar/2025:03:23:14 +0100] "GET /ticket2/opencms/dk/dk/buy/?page=1&edid=B66201C6-47A2-1FD6-6A7A-29C47396EC5D&sortorder=asc&column=price HTTP/1.1" 404 -
192.99.36.61 - - [07/Mar/2025:03:23:15 +0100] "GET /ticket2/opencms/dk/sv/buy/?page=1&edid=3549536B-5431-B4B9-9C70-24B661A63E68&sortorder=asc&column=price HTTP/1.1" 404 -
66.249.65.197 - - [07/Mar/2025:03:23:15 +0100] "GET /ticket2/opencms/ga/buy/?page=1&edid=3E86A9D2-1F76-94AC-46C5-9F4298C72DA0 HTTP/1.1" 200 112900
95.217.114.173 - - [07/Mar/2025:03:23:17 +0100] "GET /ticket2/opencms/fi/buy/?page=1&edid=3365A2FF-D272-1DCA-3F68-9640C946FBC1 HTTP/1.1" 200 111609
161.97.130.75 - - [07/Mar/2025:03:23:17 +0100] "GET /ticket2/opencms/en/login/?edid=65B74A82-6275-46AC-7C06-85D0866D2D84 HTTP/1.1" 200 90124
172.71.102.168 - - [07/Mar/2025:03:23:19 +0100] "GET /ticket2/opencms/de/wp-admin/setup-config.php HTTP/1.1" 404 -
52.167.144.188 - - [07/Mar/2025:03:23:20 +0100] "GET /ticket2/opencms/sv/buy/?page=1&edid=E191F800-BEBE-94E3-2A9A-C8072A850396 HTTP/1.1" 200 111412
217.182.175.38 - - [07/Mar/2025:03:23:21 +0100] "GET /ticket2/opencms/dk/dk/buy/?page=1&edid=B66201C6-47A2-1FD6-6A7A-29C47396EC5D&sortorder=asc&column=row HTTP/1.1" 404 -
114.119.130.61 - - [07/Mar/2025:03:23:22 +0100] "GET /ticket2/opencms/ru/buy/?page=1&edid=22EC4137-73E0-6CCE-0699-2175D4DB160A HTTP/1.1" 200 110030
95.217.114.173 - - [07/Mar/2025:03:23:23 +0100] "GET /ticket2/opencms/fi/buy/?page=1&edid=336FF404-4298-7672-F52D-64D86BEC998E HTTP/1.1" 200 112267
192.99.36.61 - - [07/Mar/2025:03:23:25 +0100] "GET /ticket2/opencms/dk/sv/buy/?page=1&edid=3549536B-5431-B4B9-9C70-24B661A63E68&sortorder=asc&column=row HTTP/1.1" 404 -
114.119.140.111 - - [07/Mar/2025:03:23:26 +0100] "GET /ticket2/opencms/en/venue/?venueid=736BE71F-E4C1-8631-07B9-076E72E29705 HTTP/1.1" 200 85201
47.128.121.251 - - [07/Mar/2025:03:23:28 +0100] "GET /ticket2/opencms/lv/buy?edid=076411AC-E16D-03B5-E9C0-15F71C5D24A8 HTTP/1.1" 200 91555
20.171.207.36 - - [07/Mar/2025:03:23:28 +0100] "GET /ticket2/opencms/uk/sport/kvytky-na-futbol HTTP/1.1" 500 -
217.182.175.38 - - [07/Mar/2025:03:23:28 +0100] "GET /ticket2/opencms/dk/dk/buy/?page=1&edid=B66201C6-47A2-1FD6-6A7A-29C47396EC5D&sortorder=asc&column=section HTTP/1.1" 404 -
161.97.130.75 - - [07/Mar/2025:03:23:29 +0100] "GET /ticket2/opencms/en/login/?edid=6D30E340-56B1-01B8-DD3B-154093610B8B HTTP/1.1" 200 90116
95.217.114.173 - - [07/Mar/2025:03:23:31 +0100] "GET /ticket2/opencms/fi/buy/?page=1&edid=3389708C-18F0-B6AB-9F44-A1534328131C HTTP/1.1" 200 111718
114.119.157.43 - - [07/Mar/2025:03:23:35 +0100] "GET /ticket2/opencms/az/buy?page=1&edid=6EA2D348-88C2-3D24-490F-B5624CA04074 HTTP/1.1" 200 111218
217.182.175.38 - - [07/Mar/2025:03:23:36 +0100] "GET /ticket2/opencms/dk/dk/buy/?page=1&edid=B66201C6-47A2-1FD6-6A7A-29C47396EC5D&sortorder=desc&column=row HTTP/1.1" 404 -
40.77.167.254 - - [07/Mar/2025:03:23:37 +0100] "GET /ticket2/opencms/be/buy/?page=1&edid=3C1AA9C0-084D-56FD-71F5-AB68BF8D6A9C HTTP/1.1" 200 111109
161.97.130.75 - - [07/Mar/2025:03:23:38 +0100] "GET /ticket2/opencms/en/login/?edid=6DAD0E53-BC17-A492-E500-2A4FF2A813DF HTTP/1.1" 200 90080
173.252.69.114 - - [07/Mar/2025:03:23:38 +0100] "GET /ticket2/opencms/en/buy/?page=1&edid=6212DF4D-4668-E736-5D5B-91D288A2C1AE HTTP/1.1" 200 106822
192.99.36.61 - - [07/Mar/2025:03:23:38 +0100] "GET /ticket2/opencms/dk/sv/buy/?page=1&edid=35B50084-B9AA-1B2B-99FE-C3FBA2700019&sortorder=asc&column=price HTTP/1.1" 404 -
95.217.114.173 - - [07/Mar/2025:03:23:39 +0100] "GET /ticket2/opencms/fi/buy/?page=1&edid=33A57F6C-77CD-3DDE-BD5F-98D88FA5F41C HTTP/1.1" 200 110618
114.119.130.91 - - [07/Mar/2025:03:23:39 +0100] "GET /ticket2/opencms/en/buy/?page=1&edid=E6777D31-ED93-0A8C-1CE2-D4BF9C5F90C2 HTTP/1.1" 200 106826
217.182.175.38 - - [07/Mar/2025:03:23:41 +0100] "GET /ticket2/opencms/dk/dk/buy/?page=1&edid=B66201C6-47A2-1FD6-6A7A-29C47396EC5D&sortorder=desc&column=section HTTP/1.1" 404 -
95.217.114.173 - - [07/Mar/2025:03:23:47 +0100] "GET /ticket2/opencms/fi/buy/?page=1&edid=33AC2018-FF82-CAE5-C108-59325F42AB8A HTTP/1.1" 200 111043
161.97.130.75 - - [07/Mar/2025:03:23:47 +0100] "GET /ticket2/opencms/en/login/?edid=7611CF3E-3333-25ED-A846-596E922794E6 HTTP/1.1" 200 90115
217.182.175.38 - - [07/Mar/2025:03:23:47 +0100] "GET /ticket2/opencms/dk/dk/buy/?page=1&edid=B6E408F2-B613-C975-E8E0-700BE6FFCAC2&sortorder=asc&column=price HTTP/1.1" 404 -
192.99.36.61 - - [07/Mar/2025:03:23:49 +0100] "GET /ticket2/opencms/dk/sv/buy/?page=1&edid=35B50084-B9AA-1B2B-99FE-C3FBA2700019&sortorder=asc&column=row HTTP/1.1" 404 -
217.182.175.38 - - [07/Mar/2025:03:23:53 +0100] "GET /ticket2/opencms/dk/dk/buy/?page=1&edid=B6E408F2-B613-C975-E8E0-700BE6FFCAC2&sortorder=asc&column=row HTTP/1.1" 404 -
95.217.114.173 - - [07/Mar/2025:03:23:55 +0100] "GET /ticket2/opencms/fi/buy/?page=1&edid=33B60E77-3FE4-234E-6EA4-8047F997E120 HTTP/1.1" 200 108414
192.99.36.61 - - [07/Mar/2025:03:23:57 +0100] "GET /ticket2/opencms/dk/sv/buy/?page=1&edid=35B50084-B9AA-1B2B-99FE-C3FBA2700019&sortorder=asc&column=section HTTP/1.1" 404 -
161.97.130.75 - - [07/Mar/2025:03:23:57 +0100] "GET /ticket2/opencms/en/login/?edid=76B6762F-4B46-119D-2582-3611BC3599E7 HTTP/1.1" 200 90157
54.36.149.94 - - [07/Mar/2025:03:24:00 +0100] "GET /ticket2/opencms/ro/search.html HTTP/1.1" 200 97081
217.182.175.38 - - [07/Mar/2025:03:24:00 +0100] "GET /ticket2/opencms/dk/dk/buy/?page=1&edid=B6E408F2-B613-C975-E8E0-700BE6FFCAC2&sortorder=asc&column=section HTTP/1.1" 404 -
95.217.114.173 - - [07/Mar/2025:03:24:02 +0100] "GET /ticket2/opencms/fi/buy/?page=1&edid=33CC4948-6558-3EC2-FACA-6AF19D354AA8 HTTP/1.1" 200 111014
52.167.144.192 - - [07/Mar/2025:03:24:04 +0100] "GET /ticket2/opencms/bg/buy?page=1&edid=BAD9FFBD-F4AE-EBC4-F709-41B9941BD007 HTTP/1.1" 200 113343
192.99.36.61 - - [07/Mar/2025:03:24:05 +0100] "GET /ticket2/opencms/dk/sv/buy/?page=1&edid=3724421D-8712-70E6-408D-D3669BC23C72&sortorder=asc&column=price HTTP/1.1" 404 -
152.53.110.68 - - [07/Mar/2025:03:24:06 +0100] "GET /ticket2/opencms/sq/sport/bileta-per-futboll/premier-league/chelsea HTTP/1.1" 200 103357
217.182.175.38 - - [07/Mar/2025:03:24:06 +0100] "GET /ticket2/opencms/dk/dk/buy/?page=1&edid=B6E408F2-B613-C975-E8E0-700BE6FFCAC2&sortorder=desc&column=price HTTP/1.1" 404 -
40.77.167.254 - - [07/Mar/2025:03:24:08 +0100] "GET /ticket2/opencms/cs/buy/?page=1&edid=52F83580-0FD4-F06F-050A-AE1CCE4A20C1 HTTP/1.1" 200 111890
85.208.96.197 - - [07/Mar/2025:03:24:08 +0100] "GET /ticket2/opencms/hu/magazine/article?title=legenda-heves-szovaltasban-egy-szurkoloval HTTP/1.1" 200 94960
161.97.130.75 - - [07/Mar/2025:03:24:10 +0100] "GET /ticket2/opencms/en/login/?edid=77662010-5CF0-526E-5D4F-82C3FEEC0A4F HTTP/1.1" 200 90155
95.217.114.173 - - [07/Mar/2025:03:24:10 +0100] "GET /ticket2/opencms/fi/buy/?page=1&edid=33E897C7-A5CE-1BF0-B567-E134125C5950 HTTP/1.1" 200 108311
217.182.175.38 - - [07/Mar/2025:03:24:12 +0100] "GET /ticket2/opencms/dk/dk/buy/?page=1&edid=B6E408F2-B613-C975-E8E0-700BE6FFCAC2&sortorder=desc&column=section HTTP/1.1" 404 -
192.99.36.61 - - [07/Mar/2025:03:24:13 +0100] "GET /ticket2/opencms/dk/sv/buy/?page=1&edid=3724421D-8712-70E6-408D-D3669BC23C72&sortorder=asc&column=row HTTP/1.1" 404 -
85.208.96.204 - - [07/Mar/2025:03:24:15 +0100] "GET /ticket2/opencms/fi/magazine/article?title=chelsea-fcn-ja-heidan-taistelunsa-vakauden-puolesta HTTP/1.1" 200 94242
85.208.96.196 - - [07/Mar/2025:03:24:15 +0100] "GET /ticket2/opencms/uk/magazine/article?title=how-should-manchester-united-handle-the-crisis HTTP/1.1" 200 93540
217.182.175.38 - - [07/Mar/2025:03:24:18 +0100] "GET /ticket2/opencms/dk/dk/buy/?page=1&edid=B6FD6F56-B8F2-9BA8-8B4B-AE0A1C6D3F3D&sortorder=asc&column=section HTTP/1.1" 404 -
185.191.171.6 - - [07/Mar/2025:03:24:18 +0100] "GET /ticket2/opencms/lt/magazine/article?title=bergvall-ir-kulusevski-ispudingai-zaidzia HTTP/1.1" 200 94262
95.217.114.173 - - [07/Mar/2025:03:24:18 +0100] "GET /ticket2/opencms/fi/buy/?page=1&edid=3403A3AF-D8A2-2601-F446-9CED67F7B893 HTTP/1.1" 200 111870
192.99.36.61 - - [07/Mar/2025:03:24:21 +0100] "GET /ticket2/opencms/dk/sv/buy/?page=1&edid=3724421D-8712-70E6-408D-D3669BC23C72&sortorder=desc&column=section HTTP/1.1" 404 -
217.182.175.38 - - [07/Mar/2025:03:24:24 +0100] "GET /ticket2/opencms/dk/dk/buy/?page=1&edid=B855F537-DE06-C9FC-EE20-2B91E0343DA6&sortorder=asc&column=price HTTP/1.1" 404 -
95.217.114.173 - - [07/Mar/2025:03:24:24 +0100] "GET /ticket2/opencms/fi/buy/?page=1&edid=340E5BC0-0678-0F69-8AB7-C49A393DA512 HTTP/1.1" 200 110546
52.167.144.192 - - [07/Mar/2025:03:24:24 +0100] "GET /ticket2/opencms/ga/buy/?page=1&edid=C1909DD5-0220-3110-1A79-CF1D777040F3 HTTP/1.1" 200 109084
114.119.140.111 - - [07/Mar/2025:03:24:25 +0100] "GET /ticket2/opencms/es/buy/?page=1&edid=56B38CDE-C52C-9D5C-A997-D65F4CB742AB HTTP/1.1" 200 112408
161.97.130.75 - - [07/Mar/2025:03:24:28 +0100] "GET /ticket2/opencms/en/login/?edid=7899CB15-CC69-037A-749E-1E1E1BEFACB1 HTTP/1.1" 200 90077
114.119.153.152 - - [07/Mar/2025:03:24:28 +0100] "GET /ticket2/opencms/en/buy/?page=1&=57449F59-3EAF-BBAB-4AC9-B7A456A32485 HTTP/1.1" 200 -
85.208.96.196 - - [07/Mar/2025:03:24:29 +0100] "GET /ticket2/opencms/uk/magazine/article?title=about-the-football-team-liverpool-fc HTTP/1.1" 200 96305
114.119.143.233 - - [07/Mar/2025:03:24:30 +0100] "GET /ticket2/opencms/tr/buy?page=1&edid=206775FB-5EFC-40BC-11F8-888FF769B2A9 HTTP/1.1" 200 112086
114.119.136.8 - - [07/Mar/2025:03:24:30 +0100] "GET /ticket2/opencms/en/buy/?page=1&edid=9DCC0E66-25C8-5156-35A8-BF56F5E3E1AA HTTP/1.1" 200 109636
217.182.175.38 - - [07/Mar/2025:03:24:30 +0100] "GET /ticket2/opencms/dk/dk/buy/?page=1&edid=B939F61B-1162-C4A7-30F7-5D013667E7F3&sortorder=desc&column=price HTTP/1.1" 404 -
192.99.36.61 - - [07/Mar/2025:03:24:31 +0100] "GET /ticket2/opencms/dk/sv/buy/?page=1&edid=3738F2CC-D0C9-3638-FE16-E3CC3D548765&sortorder=asc&column=price HTTP/1.1" 404 -
95.217.114.173 - - [07/Mar/2025:03:24:32 +0100] "GET /ticket2/opencms/fi/buy/?page=1&edid=341717E0-F486-82E0-0608-F32ECE95BFBA HTTP/1.1" 200 108467
20.171.207.36 - - [07/Mar/2025:03:24:33 +0100] "GET /ticket2/opencms/uk/sport/kvytky-na-futbol/premier-league/west-ham HTTP/1.1" 404 -
185.191.171.4 - - [07/Mar/2025:03:24:35 +0100] "GET /ticket2/opencms/uk/magazine/article?title=em-players-who-stand-out HTTP/1.1" 200 94664
217.182.175.38 - - [07/Mar/2025:03:24:36 +0100] "GET /ticket2/opencms/dk/dk/buy/?page=1&edid=BB786D37-9A63-734D-1EB8-BE43F552023D&sortorder=asc&column=price HTTP/1.1" 404 -
95.217.114.173 - - [07/Mar/2025:03:24:38 +0100] "GET /ticket2/opencms/fi/buy/?page=1&edid=344C12BF-1434-E2E6-3B30-43B5F73B5D44 HTTP/1.1" 200 108415
192.99.36.61 - - [07/Mar/2025:03:24:39 +0100] "GET /ticket2/opencms/dk/sv/buy/?page=1&edid=3754A801-0360-9F1A-6DA4-BE3220BB9FC0&sortorder=asc&column=price HTTP/1.1" 404 -
161.97.130.75 - - [07/Mar/2025:03:24:40 +0100] "GET /ticket2/opencms/en/login/?edid=7F8C8657-1175-5E36-90F1-A19607745DA5 HTTP/1.1" 200 90029
217.182.175.38 - - [07/Mar/2025:03:24:43 +0100] "GET /ticket2/opencms/dk/dk/buy/?page=1&edid=BDEBDFC7-284E-9E6E-D1BB-65EBB5818C8B&sortorder=asc&column=section HTTP/1.1" 404 -
192.99.36.61 - - [07/Mar/2025:03:24:46 +0100] "GET /ticket2/opencms/dk/sv/buy/?page=1&edid=3754A801-0360-9F1A-6DA4-BE3220BB9FC0&sortorder=asc&column=row HTTP/1.1" 404 -
66.249.65.235 - - [07/Mar/2025:03:24:47 +0100] "GET /ticket2/opencms/et/buy?page=1&edid=160DAC9A-2A77-6FDC-52B8-296352B1ABF1 HTTP/1.1" 200 137246
95.217.114.173 - - [07/Mar/2025:03:24:47 +0100] "GET /ticket2/opencms/fi/buy/?page=1&edid=347F0F8E-F432-46BA-EFD5-1063B0744C73 HTTP/1.1" 200 110984
217.182.175.38 - - [07/Mar/2025:03:24:49 +0100] "GET /ticket2/opencms/dk/dk/buy/?page=1&edid=BF34F1E5-432B-C27C-0DC0-AA009BE6EB81&sortorder=desc&column=price HTTP/1.1" 404 -
114.119.136.30 - - [07/Mar/2025:03:24:51 +0100] "GET /ticket2/opencms/no/buy?page=1&edid=8AEE234E-20C1-5EEC-44A7-091205146968 HTTP/1.1" 200 110114
114.119.145.123 - - [07/Mar/2025:03:24:52 +0100] "GET /ticket2/opencms/ru/buy/?page=1&edid=BFBA40E2-8FE7-D144-D9EC-AA67FFE17B27 HTTP/1.1" 200 109088
85.208.96.210 - - [07/Mar/2025:03:24:52 +0100] "GET /ticket2/opencms/ga/sport/ticeid-peile/champions-league/dortmund HTTP/1.1" 500 -
161.97.130.75 - - [07/Mar/2025:03:24:53 +0100] "GET /ticket2/opencms/en/login/?edid=8133C942-66F5-124A-FBC6-6DFF6D7DA76C HTTP/1.1" 200 90132
95.217.114.173 - - [07/Mar/2025:03:24:54 +0100] "GET /ticket2/opencms/fi/buy/?page=1&edid=3499415D-4F7B-7BB9-0845-C58C8CBE95E0 HTTP/1.1" 200 111497
