123.160.223.73 - - [07/Mar/2025:03:43:47 +0100] "GET /ticket2/opencms/system/modules/com.gridnine.opencms.ticketbrokerage.site/resources/js/calendar-en.js HTTP/1.1" 200 3338
123.160.223.72 - - [07/Mar/2025:03:43:47 +0100] "GET /ticket2/opencms/system/modules/com.gridnine.opencms.ticketbrokerage.site/resources/js/calendar-setup.js HTTP/1.1" 200 4923
123.160.223.73 - - [07/Mar/2025:03:43:47 +0100] "GET /ticket2/opencms/system/modules/com.gridnine.opencms.ticketbrokerage.site/resources/js/jquery.fancybox.pack.js HTTP/1.1" 200 23187
123.160.223.72 - - [07/Mar/2025:03:43:47 +0100] "GET /ticket2/opencms/system/modules/com.gridnine.opencms.ticketbrokerage.site/resources/js/calendar.js HTTP/1.1" 200 49229
123.160.223.72 - - [07/Mar/2025:03:43:47 +0100] "GET /ticket2/opencms/system/modules/com.gridnine.opencms.ticketbrokerage.site/resources/js/jquery/jquery-ui.js HTTP/1.1" 200 228088
123.160.223.72 - - [07/Mar/2025:03:43:47 +0100] "GET /ticket2/opencms/system/modules/com.gridnine.opencms.ticketbrokerage.site/resources/js/functions.js HTTP/1.1" 200 1583
85.208.96.194 - - [07/Mar/2025:03:43:50 +0100] "GET /ticket2/opencms/es/magazine/article?title=fulham-fc HTTP/1.1" 200 92838
95.217.114.173 - - [07/Mar/2025:03:43:51 +0100] "GET /ticket2/opencms/fi/buy/?page=1&edid=4610EA55-7476-6CBC-A47D-8EF333C01165 HTTP/1.1" 200 111526
185.191.171.5 - - [07/Mar/2025:03:43:51 +0100] "GET /ticket2/opencms/mo/login/?url=%25252Fmo%25252Fsell%25252F HTTP/1.1" 200 91893
192.99.36.61 - - [07/Mar/2025:03:43:52 +0100] "GET /ticket2/opencms/dk/sv/buy/?page=1&edid=ED7CF137-3BFC-2E0C-6A25-38550AB9EA4F&sortorder=asc&column=price HTTP/1.1" 404 -
123.160.223.73 - - [07/Mar/2025:03:43:52 +0100] "GET /ticket2/opencms/system/modules/com.gridnine.opencms.ticketbrokerage.site/resources/js/common-ajax.js HTTP/1.1" 200 20175
123.160.223.73 - - [07/Mar/2025:03:43:54 +0100] "GET /ticket2/opencms/system/modules/com.gridnine.opencms.ticketbrokerage.site/resources/js/jquery.placeholder.min.js HTTP/1.1" 200 1737
162.158.94.219 - - [07/Mar/2025:03:43:55 +0100] "GET /ticket2/opencms/de/wp-admin/setup-config.php HTTP/1.1" 404 -
111.7.96.165 - - [07/Mar/2025:03:43:56 +0100] "GET /ticket2/opencms/ HTTP/1.1" 302 -
95.217.114.173 - - [07/Mar/2025:03:43:56 +0100] "GET /ticket2/opencms/fi/buy/?page=1&edid=4617CD2B-7E67-6DAD-11BD-51C4ACE66266 HTTP/1.1" 200 111557
111.7.96.165 - - [07/Mar/2025:03:43:57 +0100] "GET /ticket2/opencms/en/ HTTP/1.1" 200 103828
54.36.149.65 - - [07/Mar/2025:03:43:58 +0100] "GET /ticket2/opencms/dk/sport/fodboldbilletter/premier-league/aston-villa/ HTTP/1.1" 200 98210
192.99.36.61 - - [07/Mar/2025:03:43:58 +0100] "GET /ticket2/opencms/dk/sv/buy/?page=1&edid=ED7CF137-3BFC-2E0C-6A25-38550AB9EA4F&sortorder=asc&column=row HTTP/1.1" 404 -
111.7.96.165 - - [07/Mar/2025:03:43:59 +0100] "GET /ticket2/opencms/img/icons/ticket2.thumbnail.png HTTP/1.1" 200 21519
45.15.17.67 - - [07/Mar/2025:03:44:01 +0100] "GET /ticket2/opencms/system/modules/com.gridnine.opencms.ticketbrokerage.site/resources/js/standard.js HTTP/1.1" 200 3983
123.160.223.73 - - [07/Mar/2025:03:44:02 +0100] "GET /ticket2/opencms/system/modules/com.gridnine.opencms.ticketbrokerage.site/resources/js/standard.js HTTP/1.1" 200 3983
216.244.66.238 - - [07/Mar/2025:03:44:03 +0100] "GET /ticket2/opencms/no/buy?page=1&edid=8EE24D2F-4BF0-A103-6944-36103BCA6278 HTTP/1.1" 200 121794
20.171.207.36 - - [07/Mar/2025:03:44:04 +0100] "GET /ticket2/opencms/et/sport/jalgpallipiletid/serie-a/ HTTP/1.1" 200 103644
192.99.36.61 - - [07/Mar/2025:03:44:04 +0100] "GET /ticket2/opencms/dk/sv/buy/?page=1&edid=ED7CF137-3BFC-2E0C-6A25-38550AB9EA4F&sortorder=asc&column=section HTTP/1.1" 404 -
123.160.223.73 - - [07/Mar/2025:03:44:04 +0100] "GET /ticket2/opencms/img/icons/ticket2.thumbnail.png HTTP/1.1" 200 21519
95.217.114.173 - - [07/Mar/2025:03:44:04 +0100] "GET /ticket2/opencms/fi/buy/?page=1&edid=46369855-29B7-27EF-3C22-12B854D98B93 HTTP/1.1" 200 111091
114.119.141.206 - - [07/Mar/2025:03:44:09 +0100] "GET /ticket2/opencms/en/venue/?venueid=2ECF2351-C750-A7A7-654E-B9CAF140FBB1 HTTP/1.1" 200 85324
192.99.36.61 - - [07/Mar/2025:03:44:10 +0100] "GET /ticket2/opencms/dk/sv/buy/?page=1&edid=EEFC1BEF-3684-4C35-A311-E5C6220A9067&sortorder=asc&column=row HTTP/1.1" 404 -
114.119.145.123 - - [07/Mar/2025:03:44:10 +0100] "GET /ticket2/opencms/es/buy/?page=1&edid=5053E429-37C6-6922-FE45-2F7B4E327AEF HTTP/1.1" 200 118582
95.217.114.173 - - [07/Mar/2025:03:44:12 +0100] "GET /ticket2/opencms/fi/buy/?page=1&edid=46484497-40E3-24DA-1A4A-CD115F7A9621 HTTP/1.1" 200 111193
192.99.36.61 - - [07/Mar/2025:03:44:16 +0100] "GET /ticket2/opencms/dk/sv/buy/?page=1&edid=EF98F1F8-18FB-14FE-0FD5-18D0CF7A8566 HTTP/1.1" 404 -
114.119.161.177 - - [07/Mar/2025:03:44:16 +0100] "GET /ticket2/opencms/robots.txt HTTP/1.1" 200 773
95.217.114.173 - - [07/Mar/2025:03:44:18 +0100] "GET /ticket2/opencms/fi/buy/?page=1&edid=467C66D6-CDB7-D867-1FE7-8347968DFEDD HTTP/1.1" 200 111785
172.71.184.65 - - [07/Mar/2025:03:44:19 +0100] "GET /ticket2/opencms/de/wp-admin/setup-config.php HTTP/1.1" 404 -
52.167.144.17 - - [07/Mar/2025:03:44:20 +0100] "GET /ticket2/opencms/nl/buy?page=1&edid=AADDCD78-DE28-F8AE-4D11-4F1E8CBEB1E9 HTTP/1.1" 200 110224
192.99.36.61 - - [07/Mar/2025:03:44:22 +0100] "GET /ticket2/opencms/dk/sv/buy/?page=1&edid=EF98F1F8-18FB-14FE-0FD5-18D0CF7A8566&sortorder=asc&column=price HTTP/1.1" 404 -
185.191.171.6 - - [07/Mar/2025:03:44:23 +0100] "GET /ticket2/opencms/ka/magazine/article?title=lucas-bergvall-akhali-devid-bekhemi HTTP/1.1" 200 97731
95.217.114.173 - - [07/Mar/2025:03:44:24 +0100] "GET /ticket2/opencms/fi/buy/?page=1&edid=46AA4F76-91C4-2474-44EC-074AAAAB2066 HTTP/1.1" 200 111790
40.77.167.76 - - [07/Mar/2025:03:44:24 +0100] "GET /ticket2/opencms/it/sport/biglietti-calcio/serie-a/lecce HTTP/1.1" 500 -
114.119.143.233 - - [07/Mar/2025:03:44:24 +0100] "GET /ticket2/opencms/az/buy?page=1&edid=3BF84162-7DAE-562C-A4D1-16310EB68CA0 HTTP/1.1" 200 112670
185.191.171.15 - - [07/Mar/2025:03:44:24 +0100] "GET /ticket2/opencms/sk/sell/ HTTP/1.1" 302 -
40.77.167.76 - - [07/Mar/2025:03:44:25 +0100] "GET /ticket2/opencms/ga/buy?page=1&edid=A9F18DD6-949E-804B-CC3E-8A0C8C9B7053 HTTP/1.1" 200 111867
192.99.36.61 - - [07/Mar/2025:03:44:28 +0100] "GET /ticket2/opencms/dk/sv/buy/?page=1&edid=F2FA4242-01BE-3FE2-3A47-7E833A37D435&sortorder=desc&column=section HTTP/1.1" 404 -
114.119.134.48 - - [07/Mar/2025:03:44:28 +0100] "GET /ticket2/opencms/en/buy/?page=1&edid=D5B81160-5A22-90F4-4C7D-41FAC7585E96 HTTP/1.1" 200 106810
85.208.96.194 - - [07/Mar/2025:03:44:30 +0100] "GET /ticket2/opencms/sk/login/?url=%25252Fsk%25252Fsell%25252F HTTP/1.1" 200 91941
95.217.114.173 - - [07/Mar/2025:03:44:33 +0100] "GET /ticket2/opencms/fi/buy/?page=1&edid=46CB9550-4A60-EB44-0968-F0DC6C611ED2 HTTP/1.1" 200 111139
192.99.36.61 - - [07/Mar/2025:03:44:34 +0100] "GET /ticket2/opencms/dk/sv/buy/?page=1&edid=F304E181-E936-71FB-E213-CFCB44032C9B&sortorder=desc&column=section HTTP/1.1" 404 -
52.167.144.139 - - [07/Mar/2025:03:44:34 +0100] "GET /ticket2/opencms/tr/buy/?page=1&edid=F78B03FA-4A60-BDC0-B4DA-96975C817683 HTTP/1.1" 200 111782
40.77.167.14 - - [07/Mar/2025:03:44:36 +0100] "GET /ticket2/opencms/en/venue/?countryid=6941D863-6987-AFB6-0EB8-DD9A02005855 HTTP/1.1" 200 114709
95.217.114.173 - - [07/Mar/2025:03:44:37 +0100] "GET /ticket2/opencms/fi/buy/?page=1&edid=47258BBF-9D72-136F-FE2D-6B67ED68E2F4 HTTP/1.1" 200 111585
185.191.171.16 - - [07/Mar/2025:03:44:37 +0100] "GET /ticket2/opencms/lt/magazine/article?title=arsenal-arteja-prie-liverpool HTTP/1.1" 200 92900
185.191.171.5 - - [07/Mar/2025:03:44:39 +0100] "GET /ticket2/opencms/de/sport/fussball-tickets/bundesliga/stuttgart/ HTTP/1.1" 200 101419
192.99.36.61 - - [07/Mar/2025:03:44:40 +0100] "GET /ticket2/opencms/dk/sv/buy/?page=1&edid=F3756B07-2F5C-FFFD-72BE-0A74CDBD5EA0&sortorder=asc&column=section HTTP/1.1" 404 -
95.217.114.173 - - [07/Mar/2025:03:44:42 +0100] "GET /ticket2/opencms/fi/buy/?page=1&edid=4733CC89-BE57-D0F5-4043-F4F18330B564 HTTP/1.1" 200 110555
192.99.36.61 - - [07/Mar/2025:03:44:46 +0100] "GET /ticket2/opencms/dk/sv/buy/?page=1&edid=F3756B07-2F5C-FFFD-72BE-0A74CDBD5EA0&sortorder=desc&column=row HTTP/1.1" 404 -
95.217.114.173 - - [07/Mar/2025:03:44:48 +0100] "GET /ticket2/opencms/fi/buy/?page=1&edid=4736DF7C-C1C2-2C08-48FA-1D2EB109FC30 HTTP/1.1" 200 110639
185.191.171.5 - - [07/Mar/2025:03:44:48 +0100] "GET /ticket2/opencms/az/magazine/article?title=erling-braut-haaland HTTP/1.1" 200 93828
20.171.207.36 - - [07/Mar/2025:03:44:51 +0100] "GET /ticket2/opencms/el/buy/?edid=3F963FD5-1ED2-6ECC-F4D2-23E1A97126FB&page=1 HTTP/1.1" 200 115457
123.160.223.72 - - [07/Mar/2025:03:44:51 +0100] "GET /ticket2/opencms/ HTTP/1.1" 302 -
194.120.230.215 - - [07/Mar/2025:03:44:52 +0100] "GET /ticket2/opencms/de/cgi-bin/luci/;stok=/locale HTTP/1.1" 404 -
192.99.36.61 - - [07/Mar/2025:03:44:53 +0100] "GET /ticket2/opencms/dk/sv/buy/?page=1&edid=F3756B07-2F5C-FFFD-72BE-0A74CDBD5EA0&sortorder=desc&column=section HTTP/1.1" 404 -
123.160.223.73 - - [07/Mar/2025:03:44:54 +0100] "GET /ticket2/opencms/en/ HTTP/1.1" 200 103733
95.217.114.173 - - [07/Mar/2025:03:44:54 +0100] "GET /ticket2/opencms/fi/buy/?page=1&edid=4762DED1-D0F0-E02F-7740-40C01DC51B7B HTTP/1.1" 200 112147
123.160.223.75 - - [07/Mar/2025:03:44:55 +0100] "GET /ticket2/opencms/img/icons/ticket2.thumbnail.png HTTP/1.1" 200 21519
192.99.36.61 - - [07/Mar/2025:03:44:59 +0100] "GET /ticket2/opencms/dk/sv/buy/?page=1&edid=F4167223-BE9D-8076-FAEB-44CE8CD5CEB9&sortorder=asc&column=price HTTP/1.1" 404 -
185.191.171.18 - - [07/Mar/2025:03:45:00 +0100] "GET /ticket2/opencms/sq/magazine/article?title=manchester-city-rrezikon-te-bien-nga-kategoria HTTP/1.1" 200 92968
66.249.65.34 - - [07/Mar/2025:03:45:00 +0100] "GET /ticket2/opencms/fi/venue/?countryid=CEA98181-AF32-4AD7-7F85-B2BF5D143D52 HTTP/1.1" 200 116273
95.217.114.173 - - [07/Mar/2025:03:45:01 +0100] "GET /ticket2/opencms/fi/buy/?page=1&edid=4767511A-7A13-FE82-852A-E42C79A7D688 HTTP/1.1" 200 111196
162.158.111.20 - - [07/Mar/2025:03:45:02 +0100] "GET /ticket2/opencms/de/wordpress/wp-admin/setup-config.php HTTP/1.1" 404 -
40.77.167.243 - - [07/Mar/2025:03:45:02 +0100] "GET /ticket2/opencms/en/venue/?venueid=C78858BB-8329-647A-A73A-0B2A266EBDBF HTTP/1.1" 200 85343
47.128.25.21 - - [07/Mar/2025:03:45:04 +0100] "GET /ticket2/opencms/de/buy?edid=CA09799F-8631-DBFB-6C22-0BF147840F7B HTTP/1.1" 200 90985
192.99.36.61 - - [07/Mar/2025:03:45:05 +0100] "GET /ticket2/opencms/dk/sv/buy/?page=1&edid=F4167223-BE9D-8076-FAEB-44CE8CD5CEB9&sortorder=asc&column=row HTTP/1.1" 404 -
95.217.114.173 - - [07/Mar/2025:03:45:07 +0100] "GET /ticket2/opencms/fi/buy/?page=1&edid=476B3685-5506-7751-C38E-7E1FBCA83AB4 HTTP/1.1" 200 111020
114.119.153.152 - - [07/Mar/2025:03:45:08 +0100] "GET /ticket2/opencms/az/buy?page=1&edid=39E08466-3157-8796-4667-43E78BDCCF55 HTTP/1.1" 200 112732
192.99.36.61 - - [07/Mar/2025:03:45:11 +0100] "GET /ticket2/opencms/dk/sv/buy/?page=1&edid=F4167223-BE9D-8076-FAEB-44CE8CD5CEB9&sortorder=asc&column=section HTTP/1.1" 404 -
52.167.144.139 - - [07/Mar/2025:03:45:13 +0100] "GET /ticket2/opencms/en/venue/?venueid=298D27CF-C72A-A8BB-2811-F2F021053028 HTTP/1.1" 200 85424
95.217.114.173 - - [07/Mar/2025:03:45:14 +0100] "GET /ticket2/opencms/fi/buy/?page=1&edid=47765F02-5EE4-F2A0-55C6-9B445E387E6A HTTP/1.1" 200 111488
54.36.148.190 - - [07/Mar/2025:03:45:15 +0100] "GET /ticket2/opencms/nl/buy?page=1&edid=C781C90E-2A4A-BE38-23EB-6039DE2F5FA8 HTTP/1.1" 200 135385
192.99.36.61 - - [07/Mar/2025:03:45:17 +0100] "GET /ticket2/opencms/dk/sv/buy/?page=1&edid=F4167223-BE9D-8076-FAEB-44CE8CD5CEB9&sortorder=desc&column=price HTTP/1.1" 404 -
52.167.144.17 - - [07/Mar/2025:03:45:21 +0100] "GET /ticket2/opencms/ka/buy/?page=1&edid=B566C61B-5438-BBCE-B4D3-8DE9C2913E81 HTTP/1.1" 200 117719
95.217.114.173 - - [07/Mar/2025:03:45:21 +0100] "GET /ticket2/opencms/fi/buy/?page=1&edid=477D7922-EBC2-E820-8625-06A092199F2C HTTP/1.1" 200 111645
114.119.139.202 - - [07/Mar/2025:03:45:23 +0100] "GET /ticket2/opencms/es/buy/?page=1&edid=348C0D4F-C07E-3755-DFEC-416D881A5AC9 HTTP/1.1" 200 112609
66.249.65.196 - - [07/Mar/2025:03:45:24 +0100] "GET /ticket2/opencms/system/modules/com.gridnine.opencms.ticketbrokerage.site/resources/pics/buy_button_small_sk.png HTTP/1.1" 404 -
192.99.36.61 - - [07/Mar/2025:03:45:25 +0100] "GET /ticket2/opencms/dk/sv/buy/?page=1&edid=F4167223-BE9D-8076-FAEB-44CE8CD5CEB9&sortorder=desc&column=row HTTP/1.1" 404 -
111.7.96.171 - - [07/Mar/2025:03:45:27 +0100] "GET /ticket2/opencms/ HTTP/1.1" 302 -
95.217.114.173 - - [07/Mar/2025:03:45:27 +0100] "GET /ticket2/opencms/fi/buy/?page=1&edid=4780BD51-BE59-D2D1-2E7C-44E378F7FCDC HTTP/1.1" 200 110487
92.255.85.164 - - [07/Mar/2025:03:45:28 +0100] "GET /ticket2/opencms/de/ HTTP/1.0" 200 105202
92.255.85.164 - - [07/Mar/2025:03:45:29 +0100] "GET /ticket2/opencms/de/about/contact HTTP/1.0" 200 89342
185.191.171.17 - - [07/Mar/2025:03:45:29 +0100] "GET /ticket2/opencms/sv/magazine/article?title=zlatan-om-sin-nya-roll HTTP/1.1" 200 90199
92.255.85.164 - - [07/Mar/2025:03:45:30 +0100] "GET /ticket2/opencms/de/about/contact/ HTTP/1.0" 200 89519
111.7.96.171 - - [07/Mar/2025:03:45:30 +0100] "GET /ticket2/opencms/en/ HTTP/1.1" 200 103777
111.7.96.171 - - [07/Mar/2025:03:45:32 +0100] "GET /ticket2/opencms/img/icons/ticket2.thumbnail.png HTTP/1.1" 200 21519
192.99.36.61 - - [07/Mar/2025:03:45:32 +0100] "GET /ticket2/opencms/dk/sv/buy/?page=1&edid=F4167223-BE9D-8076-FAEB-44CE8CD5CEB9&sortorder=desc&column=section HTTP/1.1" 404 -
20.171.207.36 - - [07/Mar/2025:03:45:34 +0100] "GET /ticket2/opencms/el/buy/?edid=5ED2EB91-C7BF-DB4E-E8CC-C708B8706497&page=1 HTTP/1.1" 200 112130
185.191.171.11 - - [07/Mar/2025:03:45:34 +0100] "GET /ticket2/opencms/be/magazine/article?title=estadio-emirates HTTP/1.1" 200 95824
95.217.114.173 - - [07/Mar/2025:03:45:34 +0100] "GET /ticket2/opencms/fi/buy/?page=1&edid=47A04F1B-F127-382D-DF54-4D81669CB663 HTTP/1.1" 200 111513
47.128.44.135 - - [07/Mar/2025:03:45:39 +0100] "GET /ticket2/opencms/tr/about/press/ HTTP/1.1" 200 89044
95.217.114.173 - - [07/Mar/2025:03:45:40 +0100] "GET /ticket2/opencms/fi/buy/?page=1&edid=47B01215-3C98-898D-7204-E5C307F94209 HTTP/1.1" 200 111657
47.128.44.135 - - [07/Mar/2025:03:45:40 +0100] "GET /ticket2/opencms/system/modules/com.gridnine.opencms.ticketbrokerage.site/resources/css/images/event-banner.png HTTP/1.1" 404 -
192.99.36.61 - - [07/Mar/2025:03:45:41 +0100] "GET /ticket2/opencms/dk/sv/buy/?page=1&edid=F488B6B7-F65E-2A9C-F46B-E6910C7895D3&sortorder=asc&column=price HTTP/1.1" 404 -
114.119.132.9 - - [07/Mar/2025:03:45:41 +0100] "GET /ticket2/opencms/en/venue/?venueid=267DBA39-B580-6CF8-7197-2F8B829B4979 HTTP/1.1" 200 85335
95.217.114.173 - - [07/Mar/2025:03:45:44 +0100] "GET /ticket2/opencms/fi/buy/?page=1&edid=47BA693D-ECC2-4068-5C64-C1DC5F266899 HTTP/1.1" 200 111731
40.77.167.75 - - [07/Mar/2025:03:45:46 +0100] "GET /ticket2/opencms/ga/buy/?page=1&edid=E44DC375-BF25-5777-5BCC-50DEE64DB819 HTTP/1.1" 200 112192
123.160.223.72 - - [07/Mar/2025:03:45:48 +0100] "GET /ticket2/opencms/dk/ HTTP/1.1" 200 104301
192.99.36.61 - - [07/Mar/2025:03:45:49 +0100] "GET /ticket2/opencms/dk/sv/buy/?page=1&edid=F488B6B7-F65E-2A9C-F46B-E6910C7895D3&sortorder=asc&column=row HTTP/1.1" 404 -
114.119.151.93 - - [07/Mar/2025:03:45:49 +0100] "GET /ticket2/opencms/az/buy?page=1&edid=397521D5-C7AB-930B-258F-17E9104F07FF HTTP/1.1" 200 112327
95.217.114.173 - - [07/Mar/2025:03:45:49 +0100] "GET /ticket2/opencms/fi/buy/?page=1&edid=47C5221C-D928-A354-3BAB-DBCEA1F436C4 HTTP/1.1" 200 112285
123.160.223.72 - - [07/Mar/2025:03:45:53 +0100] "GET /ticket2/opencms/img/icons/ticket2.thumbnail.png HTTP/1.1" 200 21519
40.77.167.60 - - [07/Mar/2025:03:45:55 +0100] "GET /ticket2/opencms/el/magazine/article?title=o-jurgen-klopp-afhnei-th-liberpoyl-mia-istoria-epityxias-sto-anfield HTTP/1.1" 200 98731
95.217.114.173 - - [07/Mar/2025:03:45:55 +0100] "GET /ticket2/opencms/fi/buy/?page=1&edid=47CC0F53-F067-291E-2086-0E3D1251A29F HTTP/1.1" 200 110567
192.99.36.61 - - [07/Mar/2025:03:45:57 +0100] "GET /ticket2/opencms/dk/sv/buy/?page=1&edid=F488B6B7-F65E-2A9C-F46B-E6910C7895D3&sortorder=asc&column=section HTTP/1.1" 404 -
85.208.96.206 - - [07/Mar/2025:03:45:57 +0100] "GET /ticket2/opencms/sk/magazine/article?title=kylian-mbappe-do-real-madrid HTTP/1.1" 200 93847
123.160.223.72 - - [07/Mar/2025:03:46:00 +0100] "GET /ticket2/opencms/img/icons/ticket2.thumbnail.png HTTP/1.1" 200 21519
95.217.114.173 - - [07/Mar/2025:03:46:01 +0100] "GET /ticket2/opencms/fi/buy/?page=1&edid=47D4702F-48AA-DF69-B934-17BA6AAC0460 HTTP/1.1" 200 111845
66.249.73.229 - - [07/Mar/2025:03:46:02 +0100] "GET /ticket2/opencms/lt/buy/?page=1&edid=E4AB8B9B-D715-946F-66CB-04AA56069E4B HTTP/1.1" 200 111061
192.99.36.61 - - [07/Mar/2025:03:46:03 +0100] "GET /ticket2/opencms/dk/sv/buy/?page=1&edid=F4C61204-D1C7-427C-4F65-1F077CA01CD3&sortorder=asc&column=price HTTP/1.1" 404 -
66.249.76.168 - - [07/Mar/2025:03:46:04 +0100] "GET /ticket2/opencms/sq/?page=6&comcatid=A17713B6-D984-201A-4143-ED4DB5ED5C2E&catid=21C3854B-901E-11F9-7B7D-6838CC6AFAA4&eventid=ADB4BA94-4A6D-0826-5992-F7DEA47BAAA3 HTTP/1.1" 200 105770
95.217.114.173 - - [07/Mar/2025:03:46:07 +0100] "GET /ticket2/opencms/fi/buy/?page=1&edid=47DA0B47-0595-5910-F5BA-1042C4AAEA56 HTTP/1.1" 200 112083
114.119.133.220 - - [07/Mar/2025:03:46:08 +0100] "GET /ticket2/opencms/en/buy/?page=1&edid=D402E731-16BD-6054-BEC0-D195836DBFA5 HTTP/1.1" 200 118432
185.191.171.4 - - [07/Mar/2025:03:46:08 +0100] "GET /ticket2/opencms/es/magazine/article?title=william-alain-andre-gabriel-saliba HTTP/1.1" 200 94462
20.171.207.36 - - [07/Mar/2025:03:46:10 +0100] "GET /ticket2/opencms/el/buy/?edid=DC4F64BB-84C6-452C-2BFD-138DC45E79DD&page=1 HTTP/1.1" 200 138137
192.99.36.61 - - [07/Mar/2025:03:46:11 +0100] "GET /ticket2/opencms/dk/sv/buy/?page=1&edid=F4C61204-D1C7-427C-4F65-1F077CA01CD3&sortorder=asc&column=row HTTP/1.1" 404 -
95.217.114.173 - - [07/Mar/2025:03:46:12 +0100] "GET /ticket2/opencms/fi/buy/?page=1&edid=47DA8E11-8013-0505-D2B8-9944C6B9E038 HTTP/1.1" 200 112373
95.217.114.173 - - [07/Mar/2025:03:46:17 +0100] "GET /ticket2/opencms/fi/buy/?page=1&edid=47EAF487-CAC8-F299-35A2-B620095260CC HTTP/1.1" 200 110586
192.99.36.61 - - [07/Mar/2025:03:46:19 +0100] "GET /ticket2/opencms/dk/sv/buy/?page=1&edid=F4C61204-D1C7-427C-4F65-1F077CA01CD3&sortorder=asc&column=section HTTP/1.1" 404 -
54.36.148.22 - - [07/Mar/2025:03:46:19 +0100] "GET /ticket2/opencms/dk/sport/fodboldbilletter/serie-a/torino/ HTTP/1.1" 500 -
185.191.171.12 - - [07/Mar/2025:03:46:21 +0100] "GET /ticket2/opencms/sv/terms_of_service/ HTTP/1.1" 200 98573
95.217.114.173 - - [07/Mar/2025:03:46:23 +0100] "GET /ticket2/opencms/fi/buy/?page=1&edid=47F132D7-ED44-6182-A4BB-A6671EF2E9E5 HTTP/1.1" 200 110545
192.99.36.61 - - [07/Mar/2025:03:46:26 +0100] "GET /ticket2/opencms/dk/sv/buy/?page=1&edid=F68975D8-2DB7-B52A-F7B9-092BBCD03C6B HTTP/1.1" 404 -
95.217.114.173 - - [07/Mar/2025:03:46:28 +0100] "GET /ticket2/opencms/fi/buy/?page=1&edid=47F8CDD4-9C92-945D-2179-85E755939116 HTTP/1.1" 200 110445
114.119.136.30 - - [07/Mar/2025:03:46:28 +0100] "GET /ticket2/opencms/ru/buy/?page=1&edid=E7560AB3-0BA2-E806-DEFE-5D8CC4C6CAA3 HTTP/1.1" 200 110216
152.53.53.44 - - [07/Mar/2025:03:46:29 +0100] "GET /ticket2/opencms/en/sport/football-tickets/premier_league/bournemouth/ HTTP/1.1" 200 99609
47.128.31.173 - - [07/Mar/2025:03:46:30 +0100] "GET /ticket2/opencms/hr/magazine/Arsenal%20slutade%20p%C3%A5%20andra%20plats%20i%20Premier%20League%20f%C3%B6r%20andra%20%C3%A5ret%20i%20rad,%20och%20vill%20nu%20ta%20nya%20tag. HTTP/1.1" 404 -
95.217.114.173 - - [07/Mar/2025:03:46:33 +0100] "GET /ticket2/opencms/fi/buy/?page=1&edid=4805292B-3822-D6A4-8FA1-43007F8A43AD HTTP/1.1" 200 112076
192.99.36.61 - - [07/Mar/2025:03:46:34 +0100] "GET /ticket2/opencms/dk/sv/buy/?page=1&edid=F6CC0FC0-119E-8C04-0DA1-6DA80CB43AB2&sortorder=desc&column=price HTTP/1.1" 404 -
185.191.171.5 - - [07/Mar/2025:03:46:35 +0100] "GET /ticket2/opencms/no/sport/fotballsbilletter/champions_league/leipzig/ HTTP/1.1" 500 -
95.217.114.173 - - [07/Mar/2025:03:46:38 +0100] "GET /ticket2/opencms/fi/buy/?page=1&edid=481F653D-3435-0BDC-9447-46EEEF491092 HTTP/1.1" 200 110567
20.171.207.36 - - [07/Mar/2025:03:46:43 +0100] "GET /ticket2/opencms/system/modules/com.gridnine.opencms.ticketbrokerage.site/resources/pics/banners/team/la_liga/sevilla.png HTTP/1.1" 200 72025
95.217.114.173 - - [07/Mar/2025:03:46:43 +0100] "GET /ticket2/opencms/fi/buy/?page=1&edid=4826A287-E992-0C32-C836-2BE23EC4A7E1 HTTP/1.1" 200 112046
192.99.36.61 - - [07/Mar/2025:03:46:44 +0100] "GET /ticket2/opencms/dk/sv/buy/?page=1&edid=F6CC0FC0-119E-8C04-0DA1-6DA80CB43AB2&sortorder=desc&column=row HTTP/1.1" 404 -
114.119.129.189 - - [07/Mar/2025:03:46:45 +0100] "GET /ticket2/opencms/ru/sell/?edid=552202FE-6CC9-18FE-8F33-9429723BB7EB HTTP/1.1" 302 -
185.191.171.15 - - [07/Mar/2025:03:46:47 +0100] "GET /ticket2/opencms/hr/magazine/article?title=chelsea-fc-i-njihova-borba-za-stabilnost HTTP/1.1" 200 93816
114.119.129.189 - - [07/Mar/2025:03:46:50 +0100] "GET /ticket2/opencms/ru/login/?url=/ru/sell/ HTTP/1.1" 200 87724
95.217.114.173 - - [07/Mar/2025:03:46:50 +0100] "GET /ticket2/opencms/fi/buy/?page=1&edid=482A3E6B-F6F4-FCF6-CF6F-F9FEE87AC240 HTTP/1.1" 200 112081
192.99.36.61 - - [07/Mar/2025:03:46:53 +0100] "GET /ticket2/opencms/dk/sv/buy/?page=1&edid=F8EF455C-C1A9-C141-4970-96384C3A2AFD HTTP/1.1" 404 -
52.167.144.139 - - [07/Mar/2025:03:46:55 +0100] "GET /ticket2/opencms/nl/buy?page=1&edid=CF18DFBB-8910-D629-9C73-21920BE7E2F2 HTTP/1.1" 200 109571
95.217.114.173 - - [07/Mar/2025:03:46:57 +0100] "GET /ticket2/opencms/fi/buy/?page=1&edid=482CBF6C-6FA4-A941-FEFF-A1A09587771F HTTP/1.1" 200 107765
40.77.167.75 - - [07/Mar/2025:03:46:59 +0100] "GET /ticket2/opencms/ru/buy/?page=1&edid=8637C090-8488-5902-952D-020E3ADF8CC0 HTTP/1.1" 200 106957
192.99.36.61 - - [07/Mar/2025:03:47:01 +0100] "GET /ticket2/opencms/dk/sv/buy/?page=1&edid=F8EF455C-C1A9-C141-4970-96384C3A2AFD&sortorder=desc&column=section HTTP/1.1" 404 -
47.128.45.182 - - [07/Mar/2025:03:47:01 +0100] "GET /ticket2/opencms/no/sport/fotballsbilletter/champions_league/final/ HTTP/1.1" 500 -
114.119.141.206 - - [07/Mar/2025:03:47:02 +0100] "GET /ticket2/opencms/tr/magazine/article?title=thomas-tuchel-ingilterenin-yeni-milli-takim-teknik-direktoru-oldu HTTP/1.1" 200 93735
95.217.114.173 - - [07/Mar/2025:03:47:03 +0100] "GET /ticket2/opencms/fi/buy/?page=1&edid=4843A1B1-5DFE-6325-FBD6-98BB977A514A HTTP/1.1" 200 111198
216.244.66.238 - - [07/Mar/2025:03:47:04 +0100] "GET /ticket2/opencms/ka/buy?page=1&edid=37DFD68F-280A-1D30-F150-17131E8FCDF4 HTTP/1.1" 200 114356
85.208.96.210 - - [07/Mar/2025:03:47:05 +0100] "GET /ticket2/opencms/es/login/?url=%25252Fhr%25252Fsell%25252F HTTP/1.1" 200 91789
185.191.171.18 - - [07/Mar/2025:03:47:07 +0100] "GET /ticket2/opencms/fi/magazine/article?title=ruotsalainen-lahjakkuus-lucas-bergvall-on-valmis-siirtymaan-tottenham-hotspuriin HTTP/1.1" 200 95871
192.99.36.61 - - [07/Mar/2025:03:47:08 +0100] "GET /ticket2/opencms/dk/sv/buy/?page=1&edid=F90DC262-1A9F-4FB5-A462-84BFB9E077F0&sortorder=asc&column=price HTTP/1.1" 404 -
95.217.114.173 - - [07/Mar/2025:03:47:09 +0100] "GET /ticket2/opencms/fi/buy/?page=1&edid=488F292D-D222-709A-DC11-3ACAB9AA4C1F HTTP/1.1" 200 111589
114.119.150.86 - - [07/Mar/2025:03:47:09 +0100] "GET /ticket2/opencms/ru/buy/?page=1&edid=A60952DA-299F-820E-67E8-C4650D264DE5&sortorder=asc&column=row HTTP/1.1" 200 109976
20.171.207.36 - - [07/Mar/2025:03:47:12 +0100] "GET /ticket2/opencms/system/modules/com.gridnine.opencms.ticketbrokerage.site/resources/pics/banners/team/la_liga/celta_vigo.png HTTP/1.1" 200 70344
216.244.66.238 - - [07/Mar/2025:03:47:12 +0100] "GET /ticket2/opencms/lt/buy?page=1&edid=A45990B9-A12C-0577-BA2E-9F588E99A8DB HTTP/1.1" 200 111937
192.99.36.61 - - [07/Mar/2025:03:47:15 +0100] "GET /ticket2/opencms/dk/sv/buy/?page=1&edid=F90DC262-1A9F-4FB5-A462-84BFB9E077F0&sortorder=asc&column=row HTTP/1.1" 404 -
95.217.114.173 - - [07/Mar/2025:03:47:16 +0100] "GET /ticket2/opencms/fi/buy/?page=1&edid=48BCEF73-0B8A-F4F2-25F8-5A95ADAF131D HTTP/1.1" 200 111148
123.160.223.74 - - [07/Mar/2025:03:47:18 +0100] "GET /ticket2/opencms/ HTTP/1.1" 302 -
123.160.223.72 - - [07/Mar/2025:03:47:21 +0100] "GET /ticket2/opencms/en/ HTTP/1.1" 200 103736
95.217.114.173 - - [07/Mar/2025:03:47:21 +0100] "GET /ticket2/opencms/fi/buy/?page=1&edid=48D2B664-85D5-13C5-BCEA-EF3B3F7D167C HTTP/1.1" 200 110689
123.160.223.74 - - [07/Mar/2025:03:47:22 +0100] "GET /ticket2/opencms/img/icons/ticket2.thumbnail.png HTTP/1.1" 200 21519
52.167.144.139 - - [07/Mar/2025:03:47:23 +0100] "GET /ticket2/opencms/el/buy/?page=1&edid=3E614CE3-7605-80A5-EDE5-1940F2DB48F5 HTTP/1.1" 200 115752
192.99.36.61 - - [07/Mar/2025:03:47:23 +0100] "GET /ticket2/opencms/dk/sv/buy/?page=1&edid=F90DC262-1A9F-4FB5-A462-84BFB9E077F0&sortorder=asc&column=section HTTP/1.1" 404 -
52.167.144.139 - - [07/Mar/2025:03:47:24 +0100] "GET /ticket2/opencms/el/buy?page=1&edid=7E056ED7-F323-35BF-BD6F-6C4B0DFA2D20 HTTP/1.1" 200 112176
95.217.114.173 - - [07/Mar/2025:03:47:25 +0100] "GET /ticket2/opencms/fi/buy/?page=1&edid=48F19A2F-CC21-5868-EEAD-31E7C22A13DE HTTP/1.1" 200 111606
185.191.171.1 - - [07/Mar/2025:03:47:26 +0100] "GET /ticket2/opencms/no/magazine/article?title=manchester-city-7-kamper-uten-seier HTTP/1.1" 200 94571
216.244.66.238 - - [07/Mar/2025:03:47:29 +0100] "GET /ticket2/opencms/dk/buy?page=1&edid=7A146577-8F65-06C8-4C0F-1812EF8BCA1F HTTP/1.1" 200 110455
192.99.36.61 - - [07/Mar/2025:03:47:30 +0100] "GET /ticket2/opencms/dk/sv/buy/?page=1&edid=F90DC262-1A9F-4FB5-A462-84BFB9E077F0&sortorder=desc&column=price HTTP/1.1" 404 -
66.249.65.196 - - [07/Mar/2025:03:47:32 +0100] "GET /ticket2/opencms/tr/buy/?page=1&edid=1499F703-DFC9-3CEE-AC19-8B22C17A288A HTTP/1.1" 200 108915
95.217.114.173 - - [07/Mar/2025:03:47:33 +0100] "GET /ticket2/opencms/fi/buy/?page=1&edid=4912F0FE-7064-B89A-517A-21A27C476D76 HTTP/1.1" 200 108394
192.99.36.61 - - [07/Mar/2025:03:47:36 +0100] "GET /ticket2/opencms/dk/sv/buy/?page=1&edid=F90DC262-1A9F-4FB5-A462-84BFB9E077F0&sortorder=desc&column=section HTTP/1.1" 404 -
95.217.114.173 - - [07/Mar/2025:03:47:38 +0100] "GET /ticket2/opencms/fi/buy/?page=1&edid=49370274-9F81-C046-30B4-13C7AA6023A6 HTTP/1.1" 200 108432
20.171.207.36 - - [07/Mar/2025:03:47:40 +0100] "GET /ticket2/opencms/system/modules/com.gridnine.opencms.ticketbrokerage.site/resources/pics/banners/team/bundesliga/borussia_09_dortmund.png HTTP/1.1" 200 69688
114.119.141.34 - - [07/Mar/2025:03:47:41 +0100] "GET /ticket2/opencms/en/buy/?page=1&edid=D3D3DD2F-45AB-08AC-9828-06CC767876E5 HTTP/1.1" 200 109036
192.99.36.61 - - [07/Mar/2025:03:47:42 +0100] "GET /ticket2/opencms/dk/sv/buy/?page=1&edid=F920C9EB-FBBB-08CB-045F-AA52A8ABB18F&sortorder=asc&column=price HTTP/1.1" 404 -
95.217.114.173 - - [07/Mar/2025:03:47:43 +0100] "GET /ticket2/opencms/fi/buy/?page=1&edid=49490FE3-CDFC-3A61-01C2-2A186AA3DA63 HTTP/1.1" 200 110652
185.191.171.6 - - [07/Mar/2025:03:47:46 +0100] "GET /ticket2/opencms/cs/magazine/article?title=manchester-city-vyhrava-premier-league HTTP/1.1" 200 93135
47.128.45.118 - - [07/Mar/2025:03:47:46 +0100] "GET /ticket2/opencms/dk/sport/fodboldbilletter/champions_league/lazio/ HTTP/1.1" 500 -
111.7.96.154 - - [07/Mar/2025:03:47:48 +0100] "GET /ticket2/opencms/ HTTP/1.1" 302 -
216.244.66.238 - - [07/Mar/2025:03:47:49 +0100] "GET /ticket2/opencms/no/buy?page=1&edid=3BF84162-7DAE-562C-A4D1-16310EB68CA0 HTTP/1.1" 200 111578
192.99.36.61 - - [07/Mar/2025:03:47:49 +0100] "GET /ticket2/opencms/dk/sv/buy/?page=1&edid=F920C9EB-FBBB-08CB-045F-AA52A8ABB18F&sortorder=asc&column=row HTTP/1.1" 404 -
95.217.114.173 - - [07/Mar/2025:03:47:49 +0100] "GET /ticket2/opencms/fi/buy/?page=1&edid=494A3A9F-B36B-215D-43E8-EDF2201A6F39 HTTP/1.1" 200 110644
111.7.96.154 - - [07/Mar/2025:03:47:50 +0100] "GET /ticket2/opencms/en/ HTTP/1.1" 200 103777
111.7.96.154 - - [07/Mar/2025:03:47:51 +0100] "GET /ticket2/opencms/img/icons/ticket2.thumbnail.png HTTP/1.1" 200 21519
114.119.150.86 - - [07/Mar/2025:03:47:53 +0100] "GET /ticket2/opencms/nl/buy?page=1&edid=DCAC7F7B-63BD-4E18-6301-0E66418A9358 HTTP/1.1" 200 106281
192.99.36.61 - - [07/Mar/2025:03:47:55 +0100] "GET /ticket2/opencms/dk/sv/buy/?page=1&edid=F920C9EB-FBBB-08CB-045F-AA52A8ABB18F&sortorder=asc&column=section HTTP/1.1" 404 -
95.217.114.173 - - [07/Mar/2025:03:47:55 +0100] "GET /ticket2/opencms/fi/buy/?page=1&edid=4956AE31-3942-7A23-9572-C94FABDC2555 HTTP/1.1" 200 108500
47.128.40.101 - - [07/Mar/2025:03:47:57 +0100] "GET /ticket2/opencms/sl/buy/?catid=BF886BAE-FC84-8CB3-A193-6DFA251F7985&comcatid=B41CCF2B-5558-7AEE-3602-09BBDE417D65 HTTP/1.1" 200 95510
47.128.63.3 - - [07/Mar/2025:03:47:57 +0100] "GET /ticket2/opencms/mt/faq HTTP/1.1" 200 90929
52.167.144.166 - - [07/Mar/2025:03:47:58 +0100] "GET /ticket2/opencms/sl/buy/ HTTP/1.1" 200 90259
185.191.171.9 - - [07/Mar/2025:03:47:58 +0100] "GET /ticket2/opencms/bg/magazine/article?title=aston-villa-edin-ot-naj-starite-klubove-v-premiur-lijg HTTP/1.1" 200 96153
216.244.66.238 - - [07/Mar/2025:03:48:02 +0100] "GET /ticket2/opencms/is/buy?page=1&edid=A134960E-B2EE-5140-FE1D-DD5D90F5903C HTTP/1.1" 200 110913
192.99.36.61 - - [07/Mar/2025:03:48:02 +0100] "GET /ticket2/opencms/dk/sv/buy/?page=1&edid=F97EE36E-F366-44A1-2194-D9131518A2E9 HTTP/1.1" 404 -
20.171.207.36 - - [07/Mar/2025:03:48:04 +0100] "GET /ticket2/opencms/sr/sport/fudbalske-karte/champions-league/arsenal HTTP/1.1" 404 -
185.191.171.3 - - [07/Mar/2025:03:48:05 +0100] "GET /ticket2/opencms/dk/magazine/article?title=oplev-la-liga-live-kob-billetter-pa-ticket2 HTTP/1.1" 200 93282
66.249.74.75 - - [07/Mar/2025:03:48:05 +0100] "GET /ticket2/opencms/robots.txt HTTP/1.1" 200 773
66.249.65.236 - - [07/Mar/2025:03:48:06 +0100] "GET /ticket2/opencms/mt/buy/?page=1&edid=D63941C3-9D9D-1874-34EF-F67984762D0B HTTP/1.1" 200 110956
114.119.129.189 - - [07/Mar/2025:03:48:06 +0100] "GET /ticket2/opencms/ru/buy/?page=1&edid=A7D6A714-8A6C-3728-5E6E-E4850DE5EBA9 HTTP/1.1" 200 109179
95.217.114.173 - - [07/Mar/2025:03:48:07 +0100] "GET /ticket2/opencms/fi/buy/?page=1&edid=497CFADB-43B9-65B9-4674-F7F3D004A91F HTTP/1.1" 200 112190
192.99.36.61 - - [07/Mar/2025:03:48:08 +0100] "GET /ticket2/opencms/dk/sv/buy/?page=1&edid=F9BBE6C5-FC76-172B-1A0C-2F0C14E7CDB9&sortorder=desc&column=row HTTP/1.1" 404 -
66.249.76.132 - - [07/Mar/2025:03:48:09 +0100] "GET /ticket2/opencms/et/buy/?page=1&edid=2EB15005-07E4-0DB7-1EF8-52C1740D2595 HTTP/1.1" 200 117897
66.249.76.2 - - [07/Mar/2025:03:48:09 +0100] "GET /ticket2/opencms/en/buy/?page=1&edid=3F2482EE-6B7A-310D-17CE-1C7E3CC58C7F HTTP/1.1" 200 110601
66.249.65.195 - - [07/Mar/2025:03:48:12 +0100] "GET /ticket2/opencms/be/buy/?page=1&edid=650A0D78-456F-EC5A-28FD-BB522C4AB0A0 HTTP/1.1" 200 113348
66.249.65.195 - - [07/Mar/2025:03:48:13 +0100] "GET /ticket2/opencms/mt/sport/biljetti-tal-futbol/premier-league/west-ham HTTP/1.1" 404 -
95.217.114.173 - - [07/Mar/2025:03:48:13 +0100] "GET /ticket2/opencms/fi/buy/?page=1&edid=49CF7842-AD0F-7A2A-F729-3F3371875F18 HTTP/1.1" 200 111711
40.77.167.241 - - [07/Mar/2025:03:48:17 +0100] "GET /ticket2/opencms/en/buy/?page=1&edid=7AB34CAD-A4AA-AF21-0381-DCC4282D2AA3 HTTP/1.1" 200 109955
111.7.96.156 - - [07/Mar/2025:03:48:18 +0100] "GET /ticket2/opencms/ HTTP/1.1" 302 -
95.217.114.173 - - [07/Mar/2025:03:48:20 +0100] "GET /ticket2/opencms/fi/buy/?page=1&edid=49D609BF-3EC8-D074-841F-D5E5548BA8B3 HTTP/1.1" 200 110614
111.7.96.156 - - [07/Mar/2025:03:48:20 +0100] "GET /ticket2/opencms/en/ HTTP/1.1" 200 103730
111.7.96.156 - - [07/Mar/2025:03:48:22 +0100] "GET /ticket2/opencms/img/icons/ticket2.thumbnail.png HTTP/1.1" 200 21519
216.244.66.238 - - [07/Mar/2025:03:48:22 +0100] "GET /ticket2/opencms/nl/buy?page=1&edid=1A82C8B3-D894-CCBC-5C74-BE426CBA229B HTTP/1.1" 200 106297
95.217.114.173 - - [07/Mar/2025:03:48:25 +0100] "GET /ticket2/opencms/fi/buy/?page=1&edid=49F9C16A-F28B-735A-3D9A-12CAF652D3B2 HTTP/1.1" 200 112266
185.191.171.3 - - [07/Mar/2025:03:48:25 +0100] "GET /ticket2/opencms/tr/magazine/article?title=kylian-mbappe-real-madride HTTP/1.1" 200 93540
20.171.207.36 - - [07/Mar/2025:03:48:27 +0100] "GET /ticket2/opencms/sk/sport/futbalove-listky/champions-league/arsenal HTTP/1.1" 404 -
52.167.144.17 - - [07/Mar/2025:03:48:28 +0100] "GET /ticket2/opencms/mt/buy/?page=1&edid=86016FCC-B629-DB25-1B97-EF7601F07523 HTTP/1.1" 200 108898
114.119.143.233 - - [07/Mar/2025:03:48:30 +0100] "GET /ticket2/opencms/mt/buy?page=1&edid=A9166140-FA58-145B-C965-B5558AECD78F HTTP/1.1" 200 111180
52.167.144.17 - - [07/Mar/2025:03:48:30 +0100] "GET /ticket2/opencms/hr/buy/?page=1&edid=634CEDAF-396E-B096-68D8-C8A6B14E9658 HTTP/1.1" 200 108752
194.120.230.215 - - [07/Mar/2025:03:48:32 +0100] "GET /ticket2/opencms/de/cgi-bin/luci/;stok=/locale HTTP/1.1" 404 -
95.217.114.173 - - [07/Mar/2025:03:48:33 +0100] "GET /ticket2/opencms/fi/buy/?page=1&edid=49FEC43E-3E83-185B-C185-BAAB3CE353B1 HTTP/1.1" 200 110587
114.119.140.111 - - [07/Mar/2025:03:48:34 +0100] "GET /ticket2/opencms/tr/magazine/article?title=emirates-stadyumu HTTP/1.1" 200 95791
114.119.135.171 - - [07/Mar/2025:03:48:36 +0100] "GET /ticket2/opencms/en/buy/?page=1&edid=31FDA527-9BE5-CC0F-08BA-BAC5423FB404 HTTP/1.1" 200 106835
95.217.114.173 - - [07/Mar/2025:03:48:38 +0100] "GET /ticket2/opencms/fi/buy/?page=1&edid=4A606CC1-3EB7-F330-47E1-112651E2EC66 HTTP/1.1" 200 111458
54.36.148.110 - - [07/Mar/2025:03:48:39 +0100] "GET /ticket2/opencms/dk/sport/fodboldbilletter/serie-a/bologna/ HTTP/1.1" 500 -
95.217.114.173 - - [07/Mar/2025:03:48:44 +0100] "GET /ticket2/opencms/fi/buy/?page=1&edid=4A66E0EE-4010-51F0-E633-A52519A11CEB HTTP/1.1" 200 110549
185.191.171.15 - - [07/Mar/2025:03:48:47 +0100] "GET /ticket2/opencms/sv/sport/fotbollsbiljetter/uefa-champions-league/chelsea/ HTTP/1.1" 500 -
216.244.66.238 - - [07/Mar/2025:03:48:48 +0100] "GET /ticket2/opencms/et/buy?page=1&edid=660EB9E2-5EAA-DCDE-B75E-74855AFB1F01 HTTP/1.1" 200 108414
20.171.207.36 - - [07/Mar/2025:03:48:50 +0100] "GET /ticket2/opencms/fi/urheilu/jalkapallo/champions-league/arsenal HTTP/1.1" 500 -
95.217.114.173 - - [07/Mar/2025:03:48:50 +0100] "GET /ticket2/opencms/fi/buy/?page=1&edid=4A71CE9B-9435-0FA8-F5FD-C54FD4252A45 HTTP/1.1" 200 110997
114.119.134.48 - - [07/Mar/2025:03:48:55 +0100] "GET /ticket2/opencms/en/buy/?page=1&edid=D3D1A511-385D-0A89-1FCD-2C30ED5A7E8C HTTP/1.1" 200 106796
95.217.114.173 - - [07/Mar/2025:03:48:56 +0100] "GET /ticket2/opencms/fi/buy/?page=1&edid=4A821F38-50DC-2259-FA57-2665C1B72876 HTTP/1.1" 200 112326
85.208.96.206 - - [07/Mar/2025:03:48:57 +0100] "GET /ticket2/opencms/ga/sell/ HTTP/1.1" 302 -
123.160.223.72 - - [07/Mar/2025:03:48:59 +0100] "GET /ticket2/opencms/ HTTP/1.1" 302 -
123.160.223.74 - - [07/Mar/2025:03:49:00 +0100] "GET /ticket2/opencms/en/ HTTP/1.1" 200 103755
95.217.114.173 - - [07/Mar/2025:03:49:02 +0100] "GET /ticket2/opencms/fi/buy/?page=1&edid=4AA6517A-20F8-FABD-7232-64064D349205 HTTP/1.1" 200 111673
123.160.223.73 - - [07/Mar/2025:03:49:03 +0100] "GET /ticket2/opencms/img/icons/ticket2.thumbnail.png HTTP/1.1" 200 21519
185.191.171.5 - - [07/Mar/2025:03:49:03 +0100] "GET /ticket2/opencms/ga/login/?url=%25252Fga%25252Fsell%25252F HTTP/1.1" 200 91717
216.244.66.238 - - [07/Mar/2025:03:49:05 +0100] "GET /ticket2/opencms/nl/buy?page=1&edid=4955C57D-F2DF-09B3-F5D4-0E9BE56A0217 HTTP/1.1" 200 106375
52.167.144.139 - - [07/Mar/2025:03:49:05 +0100] "GET /ticket2/opencms/en/buy?page=1&edid=6E5B69BA-BAC6-DB5A-4781-6AB592C7D855 HTTP/1.1" 200 110212
95.217.114.173 - - [07/Mar/2025:03:49:07 +0100] "GET /ticket2/opencms/fi/buy/?page=1&edid=4ADF930A-7A46-B485-98C4-0AA4CEB52311 HTTP/1.1" 200 108438
20.171.207.36 - - [07/Mar/2025:03:49:12 +0100] "GET /ticket2/opencms/et/sport/jalgpallipiletid/serie-a/salernitana HTTP/1.1" 500 -
114.119.150.86 - - [07/Mar/2025:03:49:13 +0100] "GET /ticket2/opencms/ka/buy?page=1&=A37ED125-657A-7B90-0884-EE61D72C27E6 HTTP/1.1" 200 -
95.217.114.173 - - [07/Mar/2025:03:49:14 +0100] "GET /ticket2/opencms/fi/buy/?page=1&edid=4AECB71E-9E06-6EB7-B63B-B603F3E03F24 HTTP/1.1" 200 111468
66.249.73.229 - - [07/Mar/2025:03:49:14 +0100] "GET /ticket2/opencms/hu/buy/?page=1&edid=D11D82D4-28DA-1768-D317-EF521A2F97E6 HTTP/1.1" 200 112635
185.191.171.10 - - [07/Mar/2025:03:49:16 +0100] "GET /ticket2/opencms/sr/sport/fudbalske-karte/english-championship/watford/ HTTP/1.1" 500 -
95.217.114.173 - - [07/Mar/2025:03:49:18 +0100] "GET /ticket2/opencms/fi/buy/?page=1&edid=4AFEA37F-53E9-BCCD-AE1D-AD2A8EE2D653 HTTP/1.1" 200 110815
216.244.66.237 - - [07/Mar/2025:03:49:18 +0100] "GET /ticket2/opencms/dk/robots.txt HTTP/1.1" 404 -
66.249.73.8 - - [07/Mar/2025:03:49:21 +0100] "GET /ticket2/opencms/fi/magazine/article?title=manchester-city-voittaa-valioliigan HTTP/1.1" 200 92423
47.128.40.155 - - [07/Mar/2025:03:49:23 +0100] "GET /ticket2/opencms/no/buy/?edid=F26F7624-B3C7-3F2B-5F3B-CAEEB7F1CB7F HTTP/1.1" 200 91103
95.217.114.173 - - [07/Mar/2025:03:49:23 +0100] "GET /ticket2/opencms/fi/buy/?page=1&edid=4B16E804-B399-18A3-BF25-24C38C6D0330 HTTP/1.1" 200 110547
52.167.144.139 - - [07/Mar/2025:03:49:25 +0100] "GET /ticket2/opencms/ka/buy?page=1&edid=112C184D-3A94-44FA-B313-A385348972F5 HTTP/1.1" 200 114354
216.244.66.238 - - [07/Mar/2025:03:49:25 +0100] "GET /ticket2/opencms/cs/buy?page=1&edid=5B798669-5101-DFDA-74DC-0F364B61FBD5 HTTP/1.1" 200 120605
52.167.144.139 - - [07/Mar/2025:03:49:25 +0100] "GET /ticket2/opencms/sv/tickets/fiorentina/chievo.html HTTP/1.1" 500 -
95.217.114.173 - - [07/Mar/2025:03:49:31 +0100] "GET /ticket2/opencms/fi/buy/?page=1&edid=4B9546FF-39BA-AA7B-BC1B-3F03EDF76625 HTTP/1.1" 200 110667
111.7.96.180 - - [07/Mar/2025:03:49:37 +0100] "GET /ticket2/opencms/ HTTP/1.1" 302 -
111.7.96.180 - - [07/Mar/2025:03:49:38 +0100] "GET /ticket2/opencms/en/ HTTP/1.1" 200 103729
69.171.230.4 - - [07/Mar/2025:03:49:40 +0100] "GET /ticket2/opencms/bs/buy/?page=1&edid=8551F24F-7E36-E365-707B-96D4F958640A HTTP/1.1" 200 111562
111.7.96.180 - - [07/Mar/2025:03:49:40 +0100] "GET /ticket2/opencms/img/icons/ticket2.thumbnail.png HTTP/1.1" 200 21519
194.120.230.215 - - [07/Mar/2025:03:49:42 +0100] "GET /cgi-bin/luci/;stok=/locale HTTP/1.1" 404 -
216.244.66.238 - - [07/Mar/2025:03:49:44 +0100] "GET /ticket2/opencms/en/buy?page=1&edid=DD282B35-B6B7-ECA0-02E0-90864F5E2B50 HTTP/1.1" 200 109384
114.119.154.207 - - [07/Mar/2025:03:49:44 +0100] "GET /ticket2/opencms/ru/buy/?page=1&edid=A443FF53-1C00-C4E0-1D4A-9FD8734D5FCD HTTP/1.1" 200 109153
114.119.141.206 - - [07/Mar/2025:03:49:47 +0100] "GET /ticket2/opencms/it/magazine/article?title=maximilian-ibrahimovic-firma-per-la-seconda-squadra-del-milan-ac HTTP/1.1" 200 95350
157.55.39.61 - - [07/Mar/2025:03:49:50 +0100] "GET /ticket2/opencms/sl/standard/ HTTP/1.1" 500 -
114.119.143.233 - - [07/Mar/2025:03:50:00 +0100] "GET /ticket2/opencms/hu/buy?page=1&edid=633F01D0-5A5C-9D0B-88C4-F93446CDE176 HTTP/1.1" 200 111742
95.217.114.173 - - [07/Mar/2025:03:50:04 +0100] "GET /ticket2/opencms/fi/buy/?page=1&edid=4BE9945D-61CF-0C84-2CF6-8990DDEECD67 HTTP/1.1" 200 111548
40.77.167.25 - - [07/Mar/2025:03:50:07 +0100] "GET /ticket2/opencms/sv/buy/?page=1&edid=EF258200-AD35-9DFD-2E38-835E58C44B28 HTTP/1.1" 200 111413
95.217.114.173 - - [07/Mar/2025:03:50:10 +0100] "GET /ticket2/opencms/fi/buy/?page=1&edid=4C057F1A-F8DE-8654-F39E-9DF6A45A6174 HTTP/1.1" 200 112232
52.167.144.17 - - [07/Mar/2025:03:50:10 +0100] "GET /ticket2/opencms/mo/buy?page=1&edid=55D1893A-18D7-BF3D-C95C-B7BB78833B39 HTTP/1.1" 200 111292
52.167.144.17 - - [07/Mar/2025:03:50:12 +0100] "GET /ticket2/opencms/de/buy?page=1&edid=4F433787-259F-BD57-B7B1-0159F9115345 HTTP/1.1" 200 110314
20.171.207.36 - - [07/Mar/2025:03:50:14 +0100] "GET /ticket2/opencms/et/sport/jalgpallipiletid/serie-a/lecce HTTP/1.1" 500 -
47.128.51.252 - - [07/Mar/2025:03:50:15 +0100] "GET /ticket2/opencms/is/buy/?edid=473B0CA2-5DEF-8724-CEB4-D099FD62177B HTTP/1.1" 200 91497
95.217.114.173 - - [07/Mar/2025:03:50:15 +0100] "GET /ticket2/opencms/fi/buy/?page=1&edid=4C0DA220-1779-502C-4D80-034CC2AA90C5 HTTP/1.1" 200 110778
66.249.73.227 - - [07/Mar/2025:03:50:22 +0100] "GET /ticket2/opencms/hu/ask-form.html HTTP/1.1" 200 3156
95.217.114.173 - - [07/Mar/2025:03:50:22 +0100] "GET /ticket2/opencms/fi/buy/?page=1&edid=4C8B7443-E2C5-8844-C14E-75C45B179DA9 HTTP/1.1" 200 111158
66.249.73.7 - - [07/Mar/2025:03:50:23 +0100] "GET /ticket2/opencms/fi/magazine/article?title=kevin-de-bruyne HTTP/1.1" 200 93472
173.252.69.115 - - [07/Mar/2025:03:50:24 +0100] "GET /ticket2/opencms/cs/sport/fotbalove-listky/champions-league/malmo-ff HTTP/1.1" 500 -
85.208.96.195 - - [07/Mar/2025:03:50:25 +0100] "GET /ticket2/opencms/sv/sport/fotbollsbiljetter/premier_league/arsenal/ HTTP/1.1" 200 103779
95.217.114.173 - - [07/Mar/2025:03:50:27 +0100] "GET /ticket2/opencms/fi/buy/?page=1&edid=4C9574E0-424E-5C98-5F7A-2F377ACC6101 HTTP/1.1" 200 110564
114.119.141.34 - - [07/Mar/2025:03:50:27 +0100] "GET /ticket2/opencms/en/buy/?page=1&edid=D11D82D4-28DA-1768-D317-EF521A2F97E6 HTTP/1.1" 200 110481
114.119.150.86 - - [07/Mar/2025:03:50:33 +0100] "GET /ticket2/opencms/hr/buy?page=1&=579B49FD-6D7C-4BF3-CF9E-91183D7BCE4C HTTP/1.1" 200 -
95.217.114.173 - - [07/Mar/2025:03:50:33 +0100] "GET /ticket2/opencms/fi/buy/?page=1&edid=4C9F3BBE-7E4B-2FFC-C465-F3A25E17CD4C HTTP/1.1" 200 111758
95.217.114.173 - - [07/Mar/2025:03:50:40 +0100] "GET /ticket2/opencms/fi/buy/?page=1&edid=4CD007E2-46D8-C392-660B-F9072E8A8F9F HTTP/1.1" 200 112340
52.167.144.17 - - [07/Mar/2025:03:50:40 +0100] "GET /ticket2/opencms/lv/buy?page=1&edid=1A5C4612-24B2-C604-5F17-8FFC090B7C18 HTTP/1.1" 200 110690
52.167.144.162 - - [07/Mar/2025:03:50:41 +0100] "GET /ticket2/opencms/fi/urheilu/jalkapallo/premier_league/tottenham/ HTTP/1.1" 200 93274
52.167.144.17 - - [07/Mar/2025:03:50:42 +0100] "GET /ticket2/opencms/sq/buy?page=1&edid=C05AA481-967A-A4D1-E287-ECBF3F52D776 HTTP/1.1" 200 112529
95.217.114.173 - - [07/Mar/2025:03:50:45 +0100] "GET /ticket2/opencms/fi/buy/?page=1&edid=4CDB7278-0A55-F750-1B61-3D9EBFE69CDE HTTP/1.1" 200 111767
47.128.97.9 - - [07/Mar/2025:03:50:50 +0100] "GET /ticket2/opencms/ga/buy/?edid=3289C097-2261-9433-8644-DF033A9EE354 HTTP/1.1" 200 91585
95.217.114.173 - - [07/Mar/2025:03:50:51 +0100] "GET /ticket2/opencms/fi/buy/?page=1&edid=4CF2DB30-9141-FCE3-5D6B-22878A1E9527 HTTP/1.1" 200 112254
185.191.171.8 - - [07/Mar/2025:03:50:51 +0100] "GET /ticket2/opencms/de/magazine/article?title=manchester-city-riskiert-den-abstieg HTTP/1.1" 200 92624
52.167.144.139 - - [07/Mar/2025:03:50:53 +0100] "GET /ticket2/opencms/az/buy?page=1&edid=578C4678-69D0-4240-A008-71CCC5DC5CC3 HTTP/1.1" 200 112816
95.217.114.173 - - [07/Mar/2025:03:50:58 +0100] "GET /ticket2/opencms/fi/buy/?page=1&edid=4D019A97-BFEB-445D-8A39-F3C482678D04 HTTP/1.1" 200 112052
207.46.13.92 - - [07/Mar/2025:03:50:59 +0100] "GET /ticket2/opencms/el/magazine/article?title=manchester-city-prwta8lhtes-gia-tetarth-synexomenh-xronia HTTP/1.1" 200 98164
114.119.143.233 - - [07/Mar/2025:03:51:00 +0100] "GET /ticket2/opencms/fi/buy?page=1&edid=87DA8067-258E-93BF-F8B0-6A2011EF3D80 HTTP/1.1" 200 133999
40.77.167.41 - - [07/Mar/2025:03:51:01 +0100] "GET /ticket2/opencms/hu/buy?page=1&edid=25666712-CB7E-CDDD-4626-F1CD96C38316 HTTP/1.1" 200 145277
185.191.171.14 - - [07/Mar/2025:03:51:01 +0100] "GET /ticket2/opencms/de/sell/ HTTP/1.1" 302 -
47.128.58.174 - - [07/Mar/2025:03:51:02 +0100] "GET /ticket2/opencms/fi/venue/?venueid=9B2C1699-4E48-3395-23F5-8C5155F452CE HTTP/1.1" 200 86869
95.217.114.173 - - [07/Mar/2025:03:51:04 +0100] "GET /ticket2/opencms/fi/buy/?page=1&edid=4D091DAA-A6FD-9335-E2FA-E89697CE58C9 HTTP/1.1" 200 112200
40.77.167.75 - - [07/Mar/2025:03:51:08 +0100] "GET /ticket2/opencms/nl/buy?page=1&edid=634076B4-32CF-CB6D-4015-7F823660D56E HTTP/1.1" 200 109482
85.208.96.208 - - [07/Mar/2025:03:51:08 +0100] "GET /ticket2/opencms/de/login/?url=%25252Fde%25252Fsell%25252F HTTP/1.1" 200 91980
95.217.114.173 - - [07/Mar/2025:03:51:10 +0100] "GET /ticket2/opencms/fi/buy/?page=1&edid=4D167C2B-5668-1767-8ED3-D8814DA6A8A6 HTTP/1.1" 200 111268
85.208.96.208 - - [07/Mar/2025:03:51:11 +0100] "GET /ticket2/opencms/no/magazine/article?title=declan-rice HTTP/1.1" 200 92689
216.244.66.238 - - [07/Mar/2025:03:51:12 +0100] "GET /ticket2/opencms/be/buy?page=1&edid=DACC7237-3037-15C9-1730-2E38BAB3AE84 HTTP/1.1" 200 110831
114.119.135.251 - - [07/Mar/2025:03:51:14 +0100] "GET /ticket2/opencms/ru/buy/?page=1&edid=9AA6E90F-1A8F-8723-F266-C4056D23056B HTTP/1.1" 200 8488
66.249.65.196 - - [07/Mar/2025:03:51:15 +0100] "GET /ticket2/opencms/set_aff_cookie.jsp?partner=8F6DE15D-D831-5787-AE7E-FEFF53476F85&url=%252Fno%252Fbuy%252Findex.html%253Fpage%253D1%2526edid%253D083AE95D-096C-41BA-96E0-6A784C0A08FB%2526hlv%253D6698d693-ec3c-4a1d-b677-3ec80a01000f%2523v1751556696 HTTP/1.1" 200 246
95.217.114.173 - - [07/Mar/2025:03:51:15 +0100] "GET /ticket2/opencms/fi/buy/?page=1&edid=4D41A3D9-9557-16FB-C1B8-CC4F2E68B7C8 HTTP/1.1" 200 111685
20.171.207.36 - - [07/Mar/2025:03:51:16 +0100] "GET /ticket2/opencms/et/sport/jalgpallipiletid/fa-cup HTTP/1.1" 404 -
185.191.171.13 - - [07/Mar/2025:03:51:16 +0100] "GET /ticket2/opencms/en/magazine/article?title=euro-2024-football HTTP/1.1" 200 87623
46.232.250.88 - - [07/Mar/2025:03:51:16 +0100] "GET /ticket2/opencms/de/magazine/article?title=newcastle-upon-tyne HTTP/1.1" 200 93200
95.217.114.173 - - [07/Mar/2025:03:51:21 +0100] "GET /ticket2/opencms/fi/buy/?page=1&edid=4D950E6A-7C62-0606-FF8B-30104C70E3A5 HTTP/1.1" 200 111734
185.191.171.10 - - [07/Mar/2025:03:51:21 +0100] "GET /ticket2/opencms/sv/magazine/article?title=nio-segrar-pa-tio-matcher HTTP/1.1" 200 92476
185.191.171.15 - - [07/Mar/2025:03:51:23 +0100] "GET /ticket2/opencms/mt/magazine/article?title=luton HTTP/1.1" 200 92550
95.217.114.173 - - [07/Mar/2025:03:51:25 +0100] "GET /ticket2/opencms/fi/buy/?page=1&edid=4D98D173-A106-82C0-0814-C47F731ED786 HTTP/1.1" 200 108396
114.119.154.81 - - [07/Mar/2025:03:51:29 +0100] "GET /ticket2/opencms/fr/magazine/article?title=nouveau-capitaine-dejan-kulusevski HTTP/1.1" 200 91933
95.217.114.173 - - [07/Mar/2025:03:51:31 +0100] "GET /ticket2/opencms/fi/buy/?page=1&edid=4DBD6D1A-2DE2-2099-EC78-D24535430816 HTTP/1.1" 200 110528
123.160.223.72 - - [07/Mar/2025:03:51:35 +0100] "GET /ticket2/opencms/ HTTP/1.1" 302 -
66.249.74.2 - - [07/Mar/2025:03:51:37 +0100] "GET /ticket2/opencms/sv/buy/?page=1&edid=2C538FDD-3C52-6C4F-20BD-65D603C9DD1A HTTP/1.1" 200 110497
95.217.114.173 - - [07/Mar/2025:03:51:37 +0100] "GET /ticket2/opencms/fi/buy/?page=1&edid=4DCDE727-4AA7-90DC-9DF7-8B206857B16E HTTP/1.1" 200 108487
123.160.223.75 - - [07/Mar/2025:03:51:37 +0100] "GET /ticket2/opencms/en/ HTTP/1.1" 200 103638
123.160.223.72 - - [07/Mar/2025:03:51:40 +0100] "GET /ticket2/opencms/img/icons/ticket2.thumbnail.png HTTP/1.1" 200 21519
216.244.66.238 - - [07/Mar/2025:03:51:44 +0100] "GET /ticket2/opencms/sv/buy?page=1&edid=BBAFC2BC-085F-5A58-F761-2463D78A6F36 HTTP/1.1" 200 111758
95.217.114.173 - - [07/Mar/2025:03:51:45 +0100] "GET /ticket2/opencms/fi/buy/?page=1&edid=4DD07C81-A5A8-BF40-B022-EC2A7D7AA9B7 HTTP/1.1" 200 108437
114.119.141.34 - - [07/Mar/2025:03:51:46 +0100] "GET /ticket2/opencms/en/buy/?page=1&edid=D026C608-23E1-B6A9-4601-4D591DD4828E HTTP/1.1" 200 110021
40.77.167.75 - - [07/Mar/2025:03:51:47 +0100] "GET /ticket2/opencms/ro/buy?page=1&edid=14B70C43-9D61-6073-3183-2906B9273754 HTTP/1.1" 200 112337
95.217.114.173 - - [07/Mar/2025:03:51:50 +0100] "GET /ticket2/opencms/fi/buy/?page=1&edid=4DE20CB8-49F6-1F74-2C25-1B892C8B14EB HTTP/1.1" 200 108417
114.119.157.112 - - [07/Mar/2025:03:51:52 +0100] "GET /ticket2/opencms/ru/buy/?comcatid=97ECA65A-72DA-F9AF-9DBB-245D3CFED1BE&catid=4C4DADF0-07CC-9B24-D2D9-940EF378BE99 HTTP/1.1" 200 97091
47.128.60.188 - - [07/Mar/2025:03:51:57 +0100] "GET /ticket2/opencms/sv/buy?edid=BD3D4222-DD36-C1A0-EF58-456D0FFDAB97 HTTP/1.1" 200 91211
95.217.114.173 - - [07/Mar/2025:03:51:57 +0100] "GET /ticket2/opencms/fi/buy/?page=1&edid=4DE3EC8A-357C-4B99-65AF-B4A313132CD8 HTTP/1.1" 200 111641
114.119.143.233 - - [07/Mar/2025:03:51:59 +0100] "GET /ticket2/opencms/es/buy?page=1&edid=D26604D9-10EE-2303-F5CC-4DCCFA55FB7D HTTP/1.1" 200 108573
111.7.106.106 - - [07/Mar/2025:03:52:02 +0100] "GET /ticket2/opencms/ HTTP/1.1" 302 -
40.77.167.243 - - [07/Mar/2025:03:52:04 +0100] "GET /ticket2/opencms/en/venue/?venueid=C1C3AD36-D0CD-15F9-9ECB-C1BCEE4FC056 HTTP/1.1" 200 85254
95.217.114.173 - - [07/Mar/2025:03:52:04 +0100] "GET /ticket2/opencms/fi/buy/?page=1&edid=4DEF4E56-89FF-4449-4844-8DF56BEC86C2 HTTP/1.1" 200 111701
85.208.96.195 - - [07/Mar/2025:03:52:05 +0100] "GET /ticket2/opencms/lv/sport/futbola-biletes/champions-league/cska-moskva HTTP/1.1" 500 -
111.7.106.107 - - [07/Mar/2025:03:52:05 +0100] "GET /ticket2/opencms/en/ HTTP/1.1" 200 103659
85.208.96.211 - - [07/Mar/2025:03:52:05 +0100] "GET /ticket2/opencms/sv/magazine/article?title=kan-viktor-gyokeres-lamna-sporting-tidigare-an-planerat HTTP/1.1" 200 93916
40.77.167.75 - - [07/Mar/2025:03:52:06 +0100] "GET /ticket2/opencms/cs/buy/?page=6&comcatid=A17713B6-D984-201A-4143-ED4DB5ED5C2E&catid=6BD6E0B0-84AF-3A0D-3851-C1357CE9B771 HTTP/1.1" 200 104175
111.7.106.107 - - [07/Mar/2025:03:52:08 +0100] "GET /ticket2/opencms/img/icons/ticket2.thumbnail.png HTTP/1.1" 200 21519
95.217.114.173 - - [07/Mar/2025:03:52:09 +0100] "GET /ticket2/opencms/fi/buy/?page=1&edid=4DFD7C11-2C35-3283-4402-277F6FE28430 HTTP/1.1" 200 112171
66.249.74.2 - - [07/Mar/2025:03:52:09 +0100] "GET /ticket2/opencms/tr/sell/ HTTP/1.1" 302 -
52.167.144.17 - - [07/Mar/2025:03:52:11 +0100] "GET /ticket2/opencms/bg/buy/?page=1&edid=6F827915-CC69-8D4B-85B7-ECF6D4E1C7C3 HTTP/1.1" 200 114490
66.249.76.167 - - [07/Mar/2025:03:52:12 +0100] "GET /ticket2/opencms/tr/login/?url=/tr/sell/ HTTP/1.1" 200 91838
85.208.96.211 - - [07/Mar/2025:03:52:13 +0100] "GET /ticket2/opencms/el/magazine/article?title=koines-ennoies-sto-podosfairo HTTP/1.1" 200 97459
114.119.159.237 - - [07/Mar/2025:03:52:15 +0100] "GET /ticket2/opencms/fr/magazine/article?title=neymar-lune-des-acquisitions-les-plus-cheres-au-monde HTTP/1.1" 200 91689
