114.119.150.22 - - [07/Mar/2025:00:40:02 +0100] "GET /ticket2/opencms/es/buy/?page=1&edid=176C6667-42C1-1632-7378-F783D5B7C94D HTTP/1.1" 200 111910
144.91.104.134 - - [07/Mar/2025:00:40:03 +0100] "GET /ticket2/opencms/se/ru/buy/?page=1&edid=9ACE5E75-762E-167F-FFAE-C1F65B76EB37&sortorder=desc&column=price HTTP/1.1" 404 -
95.217.114.173 - - [07/Mar/2025:00:40:03 +0100] "GET /ticket2/opencms/en/sell/?edid=760C9E73-6657-00BB-0DAD-EB841EB55C75 HTTP/1.1" 302 -
95.217.114.173 - - [07/Mar/2025:00:40:04 +0100] "GET /ticket2/opencms/en/login/?url=/en/sell/ HTTP/1.1" 200 90124
178.25.244.194 - - [07/Mar/2025:00:40:05 +0100] "GET /ticket2/opencms/dk/fi/login/?edid=3176E62D-2ABE-1AEC-AE78-5501F2AB2BE9 HTTP/1.1" 404 -
114.119.136.30 - - [07/Mar/2025:00:40:06 +0100] "GET /ticket2/opencms/sk/buy?page=1&edid=C2FBB39C-F54A-CAFC-2BB1-963F1F4434AC HTTP/1.1" 200 111853
144.91.104.134 - - [07/Mar/2025:00:40:08 +0100] "GET /ticket2/opencms/se/ru/buy/?page=1&edid=9ACE5E75-762E-167F-FFAE-C1F65B76EB37&sortorder=desc&column=row HTTP/1.1" 404 -
178.25.244.194 - - [07/Mar/2025:00:40:12 +0100] "GET /ticket2/opencms/dk/fi/login/?edid=32A8F56D-1146-586D-D282-0D84CEE4FD54 HTTP/1.1" 404 -
40.77.167.57 - - [07/Mar/2025:00:40:12 +0100] "GET /ticket2/opencms/mo/buy?page=1&edid=A492339E-0658-D77B-570A-6146F24F8C0A HTTP/1.1" 200 111333
144.91.104.134 - - [07/Mar/2025:00:40:13 +0100] "GET /ticket2/opencms/se/ru/buy/?page=1&edid=9ACE5E75-762E-167F-FFAE-C1F65B76EB37&sortorder=desc&column=section HTTP/1.1" 404 -
95.217.114.173 - - [07/Mar/2025:00:40:13 +0100] "GET /ticket2/opencms/en/sell/?edid=7611CF3E-3333-25ED-A846-596E922794E6 HTTP/1.1" 302 -
95.217.114.173 - - [07/Mar/2025:00:40:14 +0100] "GET /ticket2/opencms/en/login/?url=/en/sell/ HTTP/1.1" 200 90048
47.128.119.65 - - [07/Mar/2025:00:40:16 +0100] "GET /ticket2/opencms/fi/search.html?searchQuery=arizona+coyotes&submit.x=0&submit.y=0 HTTP/1.1" 200 98506
144.91.104.134 - - [07/Mar/2025:00:40:17 +0100] "GET /ticket2/opencms/se/ru/buy/?page=1&edid=9AD13E7F-5D82-866E-76B8-DBF6F4BC3E55&sortorder=asc&column=section HTTP/1.1" 404 -
47.128.119.65 - - [07/Mar/2025:00:40:18 +0100] "GET /ticket2/opencms/fi/ask-form.html HTTP/1.1" 200 3012
178.25.244.194 - - [07/Mar/2025:00:40:19 +0100] "GET /ticket2/opencms/dk/fi/login/?edid=3E844C64-2B32-A35E-237A-EDAC48338BDA HTTP/1.1" 404 -
66.249.90.131 - - [07/Mar/2025:00:40:22 +0100] "GET /ticket2/opencms/sv/about/contact/ HTTP/1.1" 200 89231
144.91.104.134 - - [07/Mar/2025:00:40:22 +0100] "GET /ticket2/opencms/se/ru/buy/?page=1&edid=9B375AEE-764B-503F-3F66-4B53C8619B09 HTTP/1.1" 404 -
66.249.76.2 - - [07/Mar/2025:00:40:23 +0100] "GET /ticket2/opencms/el/magazine/article?title=neos-arxhgos-ntegian-koyloysefski HTTP/1.1" 200 94201
96.62.105.145 - - [07/Mar/2025:00:40:23 +0100] "GET /ticket2/opencms/mt/buy/?edid=F83ACB1F-A834-FC8E-AC9B-B9250F8FA653&page=1 HTTP/1.1" 200 112565
185.191.171.10 - - [07/Mar/2025:00:40:23 +0100] "GET /ticket2/opencms/ka/magazine/article?title=joao-palhinha-baiern-miunkhenshi-akhali-shuagulis-dzala-midis-aliants-arenaze HTTP/1.1" 200 99211
95.217.114.173 - - [07/Mar/2025:00:40:25 +0100] "GET /ticket2/opencms/en/sell/?edid=7674D5B1-C2BE-FC0F-5248-FDD3C93CF04B HTTP/1.1" 302 -
66.249.65.235 - - [07/Mar/2025:00:40:25 +0100] "GET /ticket2/opencms/el/magazine/article?title=mpornmoy8 HTTP/1.1" 200 96863
95.217.114.173 - - [07/Mar/2025:00:40:25 +0100] "GET /ticket2/opencms/en/login/?url=/en/sell/ HTTP/1.1" 200 90057
178.25.244.194 - - [07/Mar/2025:00:40:26 +0100] "GET /ticket2/opencms/dk/fi/login/?edid=3F2C8D5E-7438-2D70-0996-42F9CB6F4E20 HTTP/1.1" 404 -
144.91.104.134 - - [07/Mar/2025:00:40:27 +0100] "GET /ticket2/opencms/se/ru/buy/?page=1&edid=9B84351F-ABA3-9F62-84F0-EF7B427CF4F3&sortorder=desc&column=price HTTP/1.1" 404 -
85.208.96.197 - - [07/Mar/2025:00:40:29 +0100] "GET /ticket2/opencms/it/magazine/article?title=william-alain-andre-gabriel-saliba HTTP/1.1" 200 94374
66.220.149.1 - - [07/Mar/2025:00:40:31 +0100] "GET /ticket2/opencms/en/buy/?page=1&edid=9BFFFF0C-C809-CAED-9589-C9537A82DE22 HTTP/1.1" 200 108887
144.91.104.134 - - [07/Mar/2025:00:40:31 +0100] "GET /ticket2/opencms/se/ru/buy/?page=1&edid=9B84351F-ABA3-9F62-84F0-EF7B427CF4F3&sortorder=desc&column=row HTTP/1.1" 404 -
66.249.65.234 - - [07/Mar/2025:00:40:31 +0100] "GET /ticket2/opencms/el/magazine/article?title=cole-palmer-apofasizei-ton-agwna-kai-o-alexander-isak-epistrefei HTTP/1.1" 200 96302
178.25.244.194 - - [07/Mar/2025:00:40:32 +0100] "GET /ticket2/opencms/dk/fi/login/?edid=4ED1D41C-065F-1D11-B819-2131F1EB0BBC HTTP/1.1" 404 -
185.191.171.3 - - [07/Mar/2025:00:40:33 +0100] "GET /ticket2/opencms/uk/sport/kvytky-na-futbol/la-liga/mallorca HTTP/1.1" 200 102139
95.217.114.173 - - [07/Mar/2025:00:40:36 +0100] "GET /ticket2/opencms/en/sell/?edid=7688C6EE-586D-CDED-4F8D-81480DD2EC0C HTTP/1.1" 302 -
144.91.104.134 - - [07/Mar/2025:00:40:36 +0100] "GET /ticket2/opencms/se/ru/buy/?page=1&edid=9B84351F-ABA3-9F62-84F0-EF7B427CF4F3&sortorder=desc&column=section HTTP/1.1" 404 -
95.217.114.173 - - [07/Mar/2025:00:40:37 +0100] "GET /ticket2/opencms/en/login/?url=/en/sell/ HTTP/1.1" 200 90140
151.56.207.210 - - [07/Mar/2025:00:40:39 +0100] "GET /ticket2/opencms/img/shutterstock_1559114345.jpg HTTP/1.1" 200 1583836
144.91.104.134 - - [07/Mar/2025:00:40:41 +0100] "GET /ticket2/opencms/se/ru/buy/?page=1&edid=9CAF6586-61E9-C895-F78B-B953749F4872&sortorder=desc&column=price HTTP/1.1" 404 -
114.119.129.189 - - [07/Mar/2025:00:40:41 +0100] "GET /ticket2/opencms/en/sport/football-tickets/premier_league/fulham/ HTTP/1.1" 200 97993
40.77.167.63 - - [07/Mar/2025:00:40:43 +0100] "GET /ticket2/opencms/en/sell/?edid=CB90B18C-10D2-A7D7-34F0-9F8E61AEE4C6 HTTP/1.1" 302 -
178.25.244.194 - - [07/Mar/2025:00:40:44 +0100] "GET /ticket2/opencms/dk/fi/login/?edid=5C822312-AD78-519B-498C-5A897678D6CE HTTP/1.1" 404 -
144.91.104.134 - - [07/Mar/2025:00:40:46 +0100] "GET /ticket2/opencms/se/ru/buy/?page=1&edid=9CAF6586-61E9-C895-F78B-B953749F4872&sortorder=desc&column=row HTTP/1.1" 404 -
52.167.144.203 - - [07/Mar/2025:00:40:48 +0100] "GET /ticket2/opencms/ga/buy/?page=1&edid=01B259AE-82AE-F8CB-FB74-2A2DCFEB5CF4 HTTP/1.1" 200 109106
85.208.96.205 - - [07/Mar/2025:00:40:48 +0100] "GET /ticket2/opencms/is/sport/fotbolti/serie-a/sassuolo HTTP/1.1" 500 -
144.91.104.134 - - [07/Mar/2025:00:40:50 +0100] "GET /ticket2/opencms/se/ru/buy/?page=1&edid=9CAF6586-61E9-C895-F78B-B953749F4872&sortorder=desc&column=section HTTP/1.1" 404 -
185.191.171.2 - - [07/Mar/2025:00:40:50 +0100] "GET /ticket2/opencms/hr/magazine/article?title=manchester-city-prvaci-cetvrtu-godinu-zaredom HTTP/1.1" 200 94247
20.171.207.125 - - [07/Mar/2025:00:40:51 +0100] "GET /ticket2/opencms/sl/sport/nogometne-vstopnice/ligue-1 HTTP/1.1" 500 -
85.208.96.194 - - [07/Mar/2025:00:40:51 +0100] "GET /ticket2/opencms/en/sport/football-tickets/la-liga/girona/ HTTP/1.1" 500 -
35.95.253.101 - - [07/Mar/2025:00:40:52 +0100] "GET /ticket2/opencms/mo/cumparati-in-siguranta HTTP/1.1" 200 91120
52.167.144.218 - - [07/Mar/2025:00:40:52 +0100] "GET /ticket2/opencms/nl/magazine/article?title=ek-spelers-die-uitblinken HTTP/1.1" 200 90798
178.25.244.194 - - [07/Mar/2025:00:40:52 +0100] "GET /ticket2/opencms/dk/fi/login/?edid=8BA86FA9-C734-4E24-6C8F-AD29372A2A6B HTTP/1.1" 404 -
95.217.114.173 - - [07/Mar/2025:00:40:52 +0100] "GET /ticket2/opencms/en/sell/?edid=76BCEBC6-C91E-E768-F618-A1104A58DDCD HTTP/1.1" 302 -
95.217.114.173 - - [07/Mar/2025:00:40:52 +0100] "GET /ticket2/opencms/en/login/?url=/en/sell/ HTTP/1.1" 200 90083
47.128.61.153 - - [07/Mar/2025:00:40:53 +0100] "GET /ticket2/opencms/bg/about/contact HTTP/1.1" 200 87418
47.128.61.153 - - [07/Mar/2025:00:40:54 +0100] "GET /ticket2/opencms/system/modules/com.gridnine.opencms.ticketbrokerage.site/resources/css/images/event-banner.png HTTP/1.1" 404 -
144.91.104.134 - - [07/Mar/2025:00:40:55 +0100] "GET /ticket2/opencms/se/ru/buy/?page=1&edid=9DCFF3E8-96DD-194C-63B9-A56EB650EB3D&sortorder=asc&column=row HTTP/1.1" 404 -
185.191.171.18 - - [07/Mar/2025:00:40:56 +0100] "GET /ticket2/opencms/nl/magazine/article?title=manchester-city-7-wedstrijden-zonder-overwinning HTTP/1.1" 200 92839
154.54.249.216 - - [07/Mar/2025:00:40:57 +0100] "GET /ticket2/opencms/ka/?page=6&comcatid=A17713B6-D984-201A-4143-ED4DB5ED5C2E&catid=A4D9EA9A-192D-0274-BF26-9C98D8B902AB&eventid=C7B8839D-D05D-58E7-D08F-88E8ADCFDD77 HTTP/1.1" 200 110215
178.25.244.194 - - [07/Mar/2025:00:40:58 +0100] "GET /ticket2/opencms/dk/nl/buy/?page=1&edid=03C3F759-824A-90E7-D09D-AD5EA21FB080&sortorder=asc&column=row HTTP/1.1" 404 -
114.119.130.23 - - [07/Mar/2025:00:40:58 +0100] "GET /ticket2/opencms/fr/buy/?comcatid=97ECA65A-72DA-F9AF-9DBB-245D3CFED1BE HTTP/1.1" 200 96233
144.91.104.134 - - [07/Mar/2025:00:40:59 +0100] "GET /ticket2/opencms/se/ru/buy/?page=1&edid=9DD4F3F0-2B3C-2E8D-D066-7DC7DDA8AEEF&sortorder=asc&column=price HTTP/1.1" 404 -
66.249.65.233 - - [07/Mar/2025:00:41:01 +0100] "GET /ticket2/opencms/el/magazine/article?title=lionel-messi-enas-apo-toys-pio-po8htoys-talantoyxoys-paiktes-olwn-twn-epoxwn HTTP/1.1" 200 97863
178.25.244.194 - - [07/Mar/2025:00:41:03 +0100] "GET /ticket2/opencms/dk/nl/buy/?page=1&edid=0477FD06-96DA-B114-0215-1A5B86788F96&sortorder=asc&column=row HTTP/1.1" 404 -
95.217.114.173 - - [07/Mar/2025:00:41:03 +0100] "GET /ticket2/opencms/en/sell/?edid=76EC6065-A9FD-2158-21EE-D9457194B3F1 HTTP/1.1" 302 -
95.217.114.173 - - [07/Mar/2025:00:41:04 +0100] "GET /ticket2/opencms/en/login/?url=/en/sell/ HTTP/1.1" 200 90066
144.91.104.134 - - [07/Mar/2025:00:41:04 +0100] "GET /ticket2/opencms/se/ru/buy/?page=1&edid=9DD4F3F0-2B3C-2E8D-D066-7DC7DDA8AEEF&sortorder=asc&column=row HTTP/1.1" 404 -
178.25.244.194 - - [07/Mar/2025:00:41:07 +0100] "GET /ticket2/opencms/dk/nl/buy/?page=1&edid=0477FD06-96DA-B114-0215-1A5B86788F96&sortorder=asc&column=section HTTP/1.1" 404 -
144.91.104.134 - - [07/Mar/2025:00:41:09 +0100] "GET /ticket2/opencms/se/ru/buy/?page=1&edid=9DD4F3F0-2B3C-2E8D-D066-7DC7DDA8AEEF&sortorder=asc&column=section HTTP/1.1" 404 -
178.25.244.194 - - [07/Mar/2025:00:41:12 +0100] "GET /ticket2/opencms/dk/nl/buy/?page=1&edid=0477FD06-96DA-B114-0215-1A5B86788F96&sortorder=desc&column=row HTTP/1.1" 404 -
35.95.253.101 - - [07/Mar/2025:00:41:12 +0100] "GET /ticket2/opencms/mo HTTP/1.1" 200 105675
66.220.149.5 - - [07/Mar/2025:00:41:13 +0100] "GET /ticket2/opencms/mo/buy/?page=1&edid=D9B6DEA1-0C13-FA80-469E-162654611A15 HTTP/1.1" 200 117966
144.91.104.134 - - [07/Mar/2025:00:41:14 +0100] "GET /ticket2/opencms/se/ru/buy/?page=1&edid=9DE350F6-B300-83B9-3680-92C4AA695FFE&sortorder=asc&column=row HTTP/1.1" 404 -
114.119.150.22 - - [07/Mar/2025:00:41:15 +0100] "GET /ticket2/opencms/es/buy/?page=1&edid=50B41314-485A-DCFC-6E02-326077D4DE43 HTTP/1.1" 200 111920
95.217.114.173 - - [07/Mar/2025:00:41:16 +0100] "GET /ticket2/opencms/en/sell/?edid=76FD3EFB-A8F6-9E6D-D658-FD18EAF673A9 HTTP/1.1" 302 -
95.217.114.173 - - [07/Mar/2025:00:41:17 +0100] "GET /ticket2/opencms/en/login/?url=/en/sell/ HTTP/1.1" 200 90029
178.25.244.194 - - [07/Mar/2025:00:41:17 +0100] "GET /ticket2/opencms/dk/nl/buy/?page=1&edid=0477FD06-96DA-B114-0215-1A5B86788F96&sortorder=desc&column=section HTTP/1.1" 404 -
144.91.104.134 - - [07/Mar/2025:00:41:18 +0100] "GET /ticket2/opencms/se/ru/buy/?page=1&edid=9EB6A254-5786-FAE4-D689-87650556B208&sortorder=desc&column=price HTTP/1.1" 404 -
114.119.141.178 - - [07/Mar/2025:00:41:20 +0100] "GET /ticket2/opencms/nl/buy?page=1&edid=C62A5737-C85A-434B-156F-48E8F08160D6 HTTP/1.1" 200 109625
178.25.244.194 - - [07/Mar/2025:00:41:22 +0100] "GET /ticket2/opencms/dk/nl/buy/?page=1&edid=05E1AFBD-7E4F-01F4-F420-44A0239A6A60&sortorder=asc&column=row HTTP/1.1" 404 -
144.91.104.134 - - [07/Mar/2025:00:41:23 +0100] "GET /ticket2/opencms/se/ru/buy/?page=1&edid=A6BB718A-C4BD-3D5C-72E2-D776690BA6E7&sortorder=desc&column=price HTTP/1.1" 404 -
185.191.171.5 - - [07/Mar/2025:00:41:24 +0100] "GET /ticket2/opencms/en/sport/football-tickets/english_championship/queens-park-rangers HTTP/1.1" 404 -
66.249.65.197 - - [07/Mar/2025:00:41:24 +0100] "GET /ticket2/opencms/pl/magazine/article?title=arsenal-fc-refleksja HTTP/1.1" 200 93669
178.25.244.194 - - [07/Mar/2025:00:41:26 +0100] "GET /ticket2/opencms/dk/nl/buy/?page=1&edid=05E1AFBD-7E4F-01F4-F420-44A0239A6A60&sortorder=asc&column=section HTTP/1.1" 404 -
144.91.104.134 - - [07/Mar/2025:00:41:28 +0100] "GET /ticket2/opencms/se/ru/buy/?page=1&edid=A6BB718A-C4BD-3D5C-72E2-D776690BA6E7&sortorder=desc&column=row HTTP/1.1" 404 -
185.191.171.16 - - [07/Mar/2025:00:41:30 +0100] "GET /ticket2/opencms/de/magazine/article?title=la-liga-real-madrid-hat-die-meisten-titel-gewonnen HTTP/1.1" 200 95401
178.25.244.194 - - [07/Mar/2025:00:41:31 +0100] "GET /ticket2/opencms/dk/nl/buy/?page=1&edid=062734B6-3E80-F28F-3C03-7A19F0533EF1&sortorder=desc&column=section HTTP/1.1" 404 -
35.95.253.101 - - [07/Mar/2025:00:41:31 +0100] "GET /ticket2/opencms/es/standard/ HTTP/1.1" 500 -
144.91.104.134 - - [07/Mar/2025:00:41:32 +0100] "GET /ticket2/opencms/se/ru/buy/?page=1&edid=A6BB718A-C4BD-3D5C-72E2-D776690BA6E7&sortorder=desc&column=section HTTP/1.1" 404 -
185.191.171.17 - - [07/Mar/2025:00:41:34 +0100] "GET /ticket2/opencms/sv/magazine/article?title=kylian-mbappe HTTP/1.1" 200 93880
178.25.244.194 - - [07/Mar/2025:00:41:36 +0100] "GET /ticket2/opencms/dk/nl/buy/?page=1&edid=0750C6FE-B11D-02C8-6F08-958B2A2EF455&sortorder=desc&column=price HTTP/1.1" 404 -
144.91.104.134 - - [07/Mar/2025:00:41:37 +0100] "GET /ticket2/opencms/se/ru/buy/?page=1&edid=A9166140-FA58-145B-C965-B5558AECD78F&sortorder=desc&column=section HTTP/1.1" 404 -
52.167.144.203 - - [07/Mar/2025:00:41:38 +0100] "GET /ticket2/opencms/ga/buy?page=1&edid=6E1EEF1D-58EB-72BA-24BA-09C4B887C643 HTTP/1.1" 200 109042
185.191.171.19 - - [07/Mar/2025:00:41:38 +0100] "GET /ticket2/opencms/ro/about/press/ HTTP/1.1" 200 89043
178.25.244.194 - - [07/Mar/2025:00:41:40 +0100] "GET /ticket2/opencms/dk/nl/buy/?page=1&edid=0750C6FE-B11D-02C8-6F08-958B2A2EF455&sortorder=desc&column=section HTTP/1.1" 404 -
114.119.130.154 - - [07/Mar/2025:00:41:41 +0100] "GET /ticket2/opencms/mk/buy?page=1&edid=DE2CE17E-CF4D-EAEA-BC0F-8ECA229303D7 HTTP/1.1" 404 -
144.91.104.134 - - [07/Mar/2025:00:41:42 +0100] "GET /ticket2/opencms/se/ru/buy/?page=1&edid=A9906BBD-0C69-0408-A4BA-BF17B1215AAD&sortorder=desc&column=row HTTP/1.1" 404 -
85.208.96.197 - - [07/Mar/2025:00:41:43 +0100] "GET /ticket2/opencms/sv/sport/fotbollsbiljetter/uefa-champions-league/malaga/ HTTP/1.1" 500 -
178.25.244.194 - - [07/Mar/2025:00:41:45 +0100] "GET /ticket2/opencms/dk/nl/buy/?page=1&edid=0836C75A-577A-65EC-2B4A-83C8B76D363E&sortorder=asc&column=price HTTP/1.1" 404 -
144.91.104.134 - - [07/Mar/2025:00:41:46 +0100] "GET /ticket2/opencms/se/ru/buy/?page=1&edid=A9906BBD-0C69-0408-A4BA-BF17B1215AAD&sortorder=desc&column=section HTTP/1.1" 404 -
207.46.13.160 - - [07/Mar/2025:00:41:47 +0100] "GET /ticket2/opencms/sv/sport/hockeybiljetter/nhl/Arizona_Coyotes/ HTTP/1.1" 500 -
178.25.244.194 - - [07/Mar/2025:00:41:50 +0100] "GET /ticket2/opencms/dk/nl/buy/?page=1&edid=0836C75A-577A-65EC-2B4A-83C8B76D363E&sortorder=asc&column=row HTTP/1.1" 404 -
35.95.253.101 - - [07/Mar/2025:00:41:51 +0100] "GET /ticket2/opencms/mo/magazine/article?title= HTTP/1.1" 200 89121
144.91.104.134 - - [07/Mar/2025:00:41:51 +0100] "GET /ticket2/opencms/se/ru/buy/?page=1&edid=B461BF01-8096-3162-6C25-1DC71021C836 HTTP/1.1" 404 -
20.171.207.125 - - [07/Mar/2025:00:41:52 +0100] "GET /ticket2/opencms/bg/sport/futbolni-bileti/ligue-1 HTTP/1.1" 500 -
40.77.167.63 - - [07/Mar/2025:00:41:53 +0100] "GET /ticket2/opencms/sl/buy/?page=1&edid=411D3DBB-027B-B862-22E5-46D3DA36810A HTTP/1.1" 200 108559
69.171.230.2 - - [07/Mar/2025:00:41:54 +0100] "GET /ticket2/opencms/sl/buy/?page=1&edid=FEF01E45-FEE5-DB5B-D058-BDEFBF8946F4 HTTP/1.1" 200 108586
178.25.244.194 - - [07/Mar/2025:00:41:55 +0100] "GET /ticket2/opencms/dk/nl/buy/?page=1&edid=097474E7-8A8F-522A-B62A-D10F10D973DA&sortorder=asc&column=price HTTP/1.1" 404 -
47.128.41.179 - - [07/Mar/2025:00:41:55 +0100] "GET /ticket2/opencms/lt/buying_tickets HTTP/1.1" 200 89308
144.91.104.134 - - [07/Mar/2025:00:41:56 +0100] "GET /ticket2/opencms/se/ru/buy/?page=1&edid=B461BF01-8096-3162-6C25-1DC71021C836&sortorder=desc&column=price HTTP/1.1" 404 -
47.128.41.179 - - [07/Mar/2025:00:41:56 +0100] "GET /ticket2/opencms/system/modules/com.gridnine.opencms.ticketbrokerage.site/resources/css/images/event-banner.png HTTP/1.1" 404 -
95.217.114.173 - - [07/Mar/2025:00:41:58 +0100] "GET /ticket2/opencms/en/sell/?edid=77108354-7E24-A866-7C4A-6FA47CD8880C HTTP/1.1" 302 -
95.217.114.173 - - [07/Mar/2025:00:41:59 +0100] "GET /ticket2/opencms/en/login/?url=/en/sell/ HTTP/1.1" 200 90158
114.119.140.111 - - [07/Mar/2025:00:41:59 +0100] "GET /ticket2/opencms/es/sell/ HTTP/1.1" 302 -
178.25.244.194 - - [07/Mar/2025:00:41:59 +0100] "GET /ticket2/opencms/dk/nl/buy/?page=1&edid=0A3542C4-2C38-210A-C335-CD494E25E6D2&sortorder=asc&column=row HTTP/1.1" 404 -
144.91.104.134 - - [07/Mar/2025:00:42:01 +0100] "GET /ticket2/opencms/se/ru/buy/?page=1&edid=B461BF01-8096-3162-6C25-1DC71021C836&sortorder=desc&column=row HTTP/1.1" 404 -
114.119.140.111 - - [07/Mar/2025:00:42:03 +0100] "GET /ticket2/opencms/es/login/?url=/es/sell/ HTTP/1.1" 200 91827
178.25.244.194 - - [07/Mar/2025:00:42:04 +0100] "GET /ticket2/opencms/dk/nl/buy/?page=1&edid=0C5C9043-4446-42CC-4F8E-C746AC0B1F53&sortorder=asc&column=price HTTP/1.1" 404 -
144.91.104.134 - - [07/Mar/2025:00:42:05 +0100] "GET /ticket2/opencms/se/ru/buy/?page=1&edid=B47D2FEA-91C9-EE8E-565C-D86DC06C9A50&sortorder=asc&column=price HTTP/1.1" 404 -
114.119.143.233 - - [07/Mar/2025:00:42:07 +0100] "GET /ticket2/opencms/mk/buy?page=1&edid=DDC014E0-57FD-0978-5C99-38BF9021FA56 HTTP/1.1" 404 -
85.208.96.193 - - [07/Mar/2025:00:42:07 +0100] "GET /ticket2/opencms/no/about/contact/ HTTP/1.1" 200 89437
114.119.152.134 - - [07/Mar/2025:00:42:08 +0100] "GET /ticket2/opencms/en/sport/football-tickets/premier_league/everton/ HTTP/1.1" 200 99691
185.191.171.2 - - [07/Mar/2025:00:42:08 +0100] "GET /ticket2/opencms/nl/sport/voetbal-tickets/premier_league/wolverhampton/ HTTP/1.1" 200 98059
178.25.244.194 - - [07/Mar/2025:00:42:09 +0100] "GET /ticket2/opencms/dk/nl/buy/?page=1&edid=0C5C9043-4446-42CC-4F8E-C746AC0B1F53&sortorder=asc&column=row HTTP/1.1" 404 -
144.91.104.134 - - [07/Mar/2025:00:42:10 +0100] "GET /ticket2/opencms/se/ru/buy/?page=1&edid=B47D2FEA-91C9-EE8E-565C-D86DC06C9A50&sortorder=asc&column=row HTTP/1.1" 404 -
47.128.19.235 - - [07/Mar/2025:00:42:10 +0100] "GET /ticket2/opencms/hr/buy/ HTTP/1.1" 200 90434
35.95.253.101 - - [07/Mar/2025:00:42:11 +0100] "GET /ticket2/opencms/mo/sport/bilete-la-fotbal/premier-league/manchester-united HTTP/1.1" 200 102753
178.25.244.194 - - [07/Mar/2025:00:42:13 +0100] "GET /ticket2/opencms/dk/nl/buy/?page=1&edid=0C5C9043-4446-42CC-4F8E-C746AC0B1F53&sortorder=asc&column=section HTTP/1.1" 404 -
144.91.104.134 - - [07/Mar/2025:00:42:15 +0100] "GET /ticket2/opencms/se/ru/buy/?page=1&edid=B47D2FEA-91C9-EE8E-565C-D86DC06C9A50&sortorder=asc&column=section HTTP/1.1" 404 -
95.217.114.173 - - [07/Mar/2025:00:42:17 +0100] "GET /ticket2/opencms/en/sell/?edid=77662010-5CF0-526E-5D4F-82C3FEEC0A4F HTTP/1.1" 302 -
95.217.114.173 - - [07/Mar/2025:00:42:18 +0100] "GET /ticket2/opencms/en/login/?url=/en/sell/ HTTP/1.1" 200 90160
66.249.76.167 - - [07/Mar/2025:00:42:18 +0100] "GET /ticket2/opencms/uk/buy/?page=1&edid=5013A1E7-6B46-F1F8-6B39-0131EFEB0CDA HTTP/1.1" 200 120969
178.25.244.194 - - [07/Mar/2025:00:42:18 +0100] "GET /ticket2/opencms/dk/nl/buy/?page=1&edid=0D1729EF-710B-2D13-DB42-A36239A78C15&sortorder=asc&column=row HTTP/1.1" 404 -
66.249.76.168 - - [07/Mar/2025:00:42:21 +0100] "GET /ticket2/opencms/system/modules/com.gridnine.opencms.ticketbrokerage.site/resources/js/functions.js HTTP/1.1" 200 1583
85.208.96.196 - - [07/Mar/2025:00:42:22 +0100] "GET /ticket2/opencms/hu/magazine/article?title=crystal-palace-premier-league-legjobb-szurkoloi HTTP/1.1" 200 94681
114.119.136.30 - - [07/Mar/2025:00:42:22 +0100] "GET /ticket2/opencms/ru/buy/?page=6&comcatid=A17713B6-D984-201A-4143-ED4DB5ED5C2E&catid=C48671DB-5AEB-8CE2-928E-38417FFBE085 HTTP/1.1" 200 102777
178.25.244.194 - - [07/Mar/2025:00:42:23 +0100] "GET /ticket2/opencms/dk/nl/buy/?page=1&edid=0D1729EF-710B-2D13-DB42-A36239A78C15&sortorder=asc&column=section HTTP/1.1" 404 -
52.167.144.203 - - [07/Mar/2025:00:42:26 +0100] "GET /ticket2/opencms/sl/buy?page=1&edid=B7E87373-4E91-4192-46CD-A0665726782B HTTP/1.1" 200 111347
95.217.114.173 - - [07/Mar/2025:00:42:27 +0100] "GET /ticket2/opencms/en/sell/?edid=776A03B3-D89B-635A-4D23-293BEEB43AD4 HTTP/1.1" 302 -
178.25.244.194 - - [07/Mar/2025:00:42:27 +0100] "GET /ticket2/opencms/dk/nl/buy/?page=1&edid=0D33199C-853B-C4DC-F1E2-6CF75BE0B211&sortorder=desc&column=price HTTP/1.1" 404 -
52.167.144.203 - - [07/Mar/2025:00:42:28 +0100] "GET /ticket2/opencms/lt/buy/?page=1&edid=638AB846-B6F5-F25C-3F59-BAFA9BCE86BF HTTP/1.1" 200 111911
95.217.114.173 - - [07/Mar/2025:00:42:28 +0100] "GET /ticket2/opencms/en/login/?url=/en/sell/ HTTP/1.1" 200 90232
173.252.87.7 - - [07/Mar/2025:00:42:31 +0100] "GET /ticket2/opencms/fr/sport/billets-football/la_liga/espanyol HTTP/1.1" 200 102604
35.95.253.101 - - [07/Mar/2025:00:42:31 +0100] "GET /ticket2/opencms/mo/magazine/article?title=please-provide-the-text-you-would-like-translated-into-mohawk HTTP/1.1" 200 94676
178.25.244.194 - - [07/Mar/2025:00:42:32 +0100] "GET /ticket2/opencms/dk/nl/buy/?page=1&edid=0D33199C-853B-C4DC-F1E2-6CF75BE0B211&sortorder=desc&column=row HTTP/1.1" 404 -
185.216.177.23 - - [07/Mar/2025:00:42:32 +0100] "GET /ticket2/opencms/de/magazine/article?title=eredivisie HTTP/1.1" 200 95774
185.191.171.6 - - [07/Mar/2025:00:42:32 +0100] "GET /ticket2/opencms/uk/magazine/article?title=maximilian-ibrahimovic-signs-for-ac-milans-second-team HTTP/1.1" 200 96131
95.217.114.173 - - [07/Mar/2025:00:42:33 +0100] "GET /ticket2/opencms/en/sell/?edid=77BFA142-F751-D8D8-BC52-E25A476A52FF HTTP/1.1" 302 -
95.217.114.173 - - [07/Mar/2025:00:42:34 +0100] "GET /ticket2/opencms/en/login/?url=/en/sell/ HTTP/1.1" 200 90155
178.25.244.194 - - [07/Mar/2025:00:42:37 +0100] "GET /ticket2/opencms/dk/nl/buy/?page=1&edid=0D33199C-853B-C4DC-F1E2-6CF75BE0B211&sortorder=desc&column=section HTTP/1.1" 404 -
93.158.91.12 - - [07/Mar/2025:00:42:38 +0100] "GET /ticket2/opencms/ HTTP/1.1" 302 -
40.77.167.22 - - [07/Mar/2025:00:42:39 +0100] "GET /ticket2/opencms/be/buy?page=1&edid=A63CB229-A1A5-6049-4462-09D8A2D4CF7F HTTP/1.1" 200 114233
40.77.167.22 - - [07/Mar/2025:00:42:40 +0100] "GET /ticket2/opencms/it/buy/?page=1&edid=B386D539-2AE4-5E25-8B69-DC3E34789331 HTTP/1.1" 200 110677
40.77.167.22 - - [07/Mar/2025:00:42:41 +0100] "GET /ticket2/opencms/mt/buy?page=6&comcatid=A17713B6-D984-201A-4143-ED4DB5ED5C2E&catid=AE3FE643-AE41-BAA6-237D-5206D1B044A1 HTTP/1.1" 200 104024
178.25.244.194 - - [07/Mar/2025:00:42:41 +0100] "GET /ticket2/opencms/dk/nl/buy/?page=1&edid=0E78FCAC-2C27-F7B4-A879-E4B000248D28&sortorder=asc&column=section HTTP/1.1" 404 -
114.119.131.180 - - [07/Mar/2025:00:42:42 +0100] "GET /ticket2/opencms/en/venue/?venueid=E1C1AF0B-A1AF-29FD-C99C-5BA6293FC199 HTTP/1.1" 200 85302
40.77.167.22 - - [07/Mar/2025:00:42:43 +0100] "GET /ticket2/opencms/hr/buy/?page=1&edid=8551F24F-7E36-E365-707B-96D4F958640A HTTP/1.1" 200 111803
95.217.114.173 - - [07/Mar/2025:00:42:43 +0100] "GET /ticket2/opencms/en/sell/?edid=77BFBE11-29E1-6121-FF86-C08356B30E50 HTTP/1.1" 302 -
95.217.114.173 - - [07/Mar/2025:00:42:44 +0100] "GET /ticket2/opencms/en/login/?url=/en/sell/ HTTP/1.1" 200 90140
40.77.167.22 - - [07/Mar/2025:00:42:44 +0100] "GET /ticket2/opencms/de/buy?page=1&edid=78BBCB10-20F4-C70D-65CE-81910185FD82 HTTP/1.1" 200 110946
114.119.130.154 - - [07/Mar/2025:00:42:45 +0100] "GET /ticket2/opencms/lv/buy?page=1&edid=B753AC58-8832-296F-1C07-92C9F45E2BCE HTTP/1.1" 200 108708
85.208.96.201 - - [07/Mar/2025:00:42:45 +0100] "GET /ticket2/opencms/uk/magazine/article?title=what-is-football HTTP/1.1" 200 95711
178.25.244.194 - - [07/Mar/2025:00:42:46 +0100] "GET /ticket2/opencms/dk/nl/buy/?page=1&edid=253D2D4D-1132-6606-C0DE-477A194C1855&sortorder=asc&column=row HTTP/1.1" 404 -
114.119.130.91 - - [07/Mar/2025:00:42:47 +0100] "GET /ticket2/opencms/en/venue/?venueid=E799C27E-3C6B-7355-BE99-13F16F21A4A5 HTTP/1.1" 200 85402
52.167.144.203 - - [07/Mar/2025:00:42:49 +0100] "GET /ticket2/opencms/no/sport/fotballsbilletter/premier_league/liverpool/ HTTP/1.1" 200 94308
95.217.114.173 - - [07/Mar/2025:00:42:50 +0100] "GET /ticket2/opencms/en/sell/?edid=77C399FE-C123-10DD-718F-4871CF021D13 HTTP/1.1" 302 -
178.25.244.194 - - [07/Mar/2025:00:42:51 +0100] "GET /ticket2/opencms/dk/nl/buy/?page=1&edid=26FF4CAE-0AB1-26F3-524A-CA6FA2A5B775&sortorder=asc&column=price HTTP/1.1" 404 -
95.217.114.173 - - [07/Mar/2025:00:42:51 +0100] "GET /ticket2/opencms/en/login/?url=/en/sell/ HTTP/1.1" 200 90035
178.25.244.194 - - [07/Mar/2025:00:42:55 +0100] "GET /ticket2/opencms/dk/nl/buy/?page=1&edid=26FF4CAE-0AB1-26F3-524A-CA6FA2A5B775&sortorder=asc&column=row HTTP/1.1" 404 -
20.171.207.125 - - [07/Mar/2025:00:42:57 +0100] "GET /ticket2/opencms/dk/sport/fodboldbilletter/bundesliga/monchengladbach HTTP/1.1" 200 98460
95.217.114.173 - - [07/Mar/2025:00:42:57 +0100] "GET /ticket2/opencms/en/sell/?edid=782DA820-81A9-DE17-547C-521616A84CAF HTTP/1.1" 302 -
95.217.114.173 - - [07/Mar/2025:00:42:58 +0100] "GET /ticket2/opencms/en/login/?url=/en/sell/ HTTP/1.1" 200 90180
40.77.167.22 - - [07/Mar/2025:00:42:59 +0100] "GET /ticket2/opencms/it/buy?page=6&comcatid=97ECA65A-72DA-F9AF-9DBB-245D3CFED1BE&catid=43171577-14C8-6B19-25D9-DF372BFFCBFA HTTP/1.1" 200 98153
40.77.167.22 - - [07/Mar/2025:00:42:59 +0100] "GET /ticket2/opencms/sq/buy?page=1&edid=d96122ad-c3aa-80f5-dda8-935e03ae952d HTTP/1.1" 200 8134
5.255.231.100 - - [07/Mar/2025:00:42:59 +0100] "GET /ticket2/opencms/es/login/ HTTP/1.1" 200 91869
178.25.244.194 - - [07/Mar/2025:00:43:00 +0100] "GET /ticket2/opencms/dk/nl/buy/?page=1&edid=26FF4CAE-0AB1-26F3-524A-CA6FA2A5B775&sortorder=asc&column=section HTTP/1.1" 404 -
114.119.159.237 - - [07/Mar/2025:00:43:01 +0100] "GET /ticket2/opencms/es/magazine/article?title=nueve-victorias-en-diez-partidos HTTP/1.1" 200 92926
178.25.244.194 - - [07/Mar/2025:00:43:05 +0100] "GET /ticket2/opencms/dk/nl/buy/?page=1&edid=26FF4CAE-0AB1-26F3-524A-CA6FA2A5B775&sortorder=desc&column=row HTTP/1.1" 404 -
178.25.244.194 - - [07/Mar/2025:00:43:10 +0100] "GET /ticket2/opencms/dk/nl/buy/?page=1&edid=29BA797B-C154-F348-7C3D-76E606A128C4&sortorder=asc&column=price HTTP/1.1" 404 -
66.249.73.6 - - [07/Mar/2025:00:43:11 +0100] "GET /ticket2/opencms/mt/buy/?page=1&edid=1571DB1B-206B-93FC-5429-333D7E9FCB65 HTTP/1.1" 200 118312
95.217.114.173 - - [07/Mar/2025:00:43:11 +0100] "GET /ticket2/opencms/en/sell/?edid=7908768E-BD78-FEAD-BA10-21915FE3AEEC HTTP/1.1" 302 -
95.217.114.173 - - [07/Mar/2025:00:43:11 +0100] "GET /ticket2/opencms/en/login/?url=/en/sell/ HTTP/1.1" 200 90030
69.171.249.12 - - [07/Mar/2025:00:43:12 +0100] "GET /ticket2/opencms/sl/buy/?page=1&edid=F83ACB1F-A834-FC8E-AC9B-B9250F8FA653 HTTP/1.1" 200 112199
40.77.167.63 - - [07/Mar/2025:00:43:14 +0100] "GET /ticket2/opencms/hu/buy/?page=1&edid=4738F2B2-CBDF-F2F0-1A34-B98DF1D7DCCB HTTP/1.1" 200 111893
178.25.244.194 - - [07/Mar/2025:00:43:14 +0100] "GET /ticket2/opencms/dk/nl/buy/?page=1&edid=2A03D200-6C3E-00E6-4099-16BFE74BA999&sortorder=asc&column=row HTTP/1.1" 404 -
144.91.104.134 - - [07/Mar/2025:00:43:16 +0100] "GET /ticket2/opencms/se/ru/buy/?page=1&edid=B4A753EA-BEA7-684D-3418-F6676D743299&sortorder=asc&column=row HTTP/1.1" 404 -
178.25.244.194 - - [07/Mar/2025:00:43:19 +0100] "GET /ticket2/opencms/dk/nl/buy/?page=1&edid=2A03D200-6C3E-00E6-4099-16BFE74BA999&sortorder=desc&column=price HTTP/1.1" 404 -
40.77.167.22 - - [07/Mar/2025:00:43:19 +0100] "GET /ticket2/opencms/ru/buy/?page=1&edid=1A5C4612-24B2-C604-5F17-8FFC090B7C18 HTTP/1.1" 200 109107
144.91.104.134 - - [07/Mar/2025:00:43:21 +0100] "GET /ticket2/opencms/se/ru/buy/?page=1&edid=B4A753EA-BEA7-684D-3418-F6676D743299&sortorder=asc&column=section HTTP/1.1" 404 -
178.25.244.194 - - [07/Mar/2025:00:43:23 +0100] "GET /ticket2/opencms/dk/nl/buy/?page=1&edid=2A0C1C92-085D-7C62-9F65-5DA5FF9BCE89&sortorder=asc&column=row HTTP/1.1" 404 -
144.91.104.134 - - [07/Mar/2025:00:43:25 +0100] "GET /ticket2/opencms/se/ru/buy/?page=1&edid=B4A753EA-BEA7-684D-3418-F6676D743299&sortorder=desc&column=row HTTP/1.1" 404 -
114.119.135.251 - - [07/Mar/2025:00:43:28 +0100] "GET /ticket2/opencms/en/sport/football-tickets/premier_league/burnley/ HTTP/1.1" 500 -
85.208.96.201 - - [07/Mar/2025:00:43:28 +0100] "GET /ticket2/opencms/bg/sport/futbolni-bileti/champions-league/montpellier HTTP/1.1" 500 -
178.25.244.194 - - [07/Mar/2025:00:43:28 +0100] "GET /ticket2/opencms/dk/nl/buy/?page=1&edid=2A0C1C92-085D-7C62-9F65-5DA5FF9BCE89&sortorder=asc&column=section HTTP/1.1" 404 -
144.91.104.134 - - [07/Mar/2025:00:43:30 +0100] "GET /ticket2/opencms/se/ru/buy/?page=1&edid=B4A753EA-BEA7-684D-3418-F6676D743299&sortorder=desc&column=section HTTP/1.1" 404 -
154.54.249.216 - - [07/Mar/2025:00:43:31 +0100] "GET /ticket2/opencms/hu/buy?page=6&comcatid=A17713B6-D984-201A-4143-ED4DB5ED5C2E&catid=0A6C99D2-F5BD-7A18-9A5F-5668827042E0&eventid=9F2135C0-926A-6F2D-349D-384B068ADC1C HTTP/1.1" 200 114606
178.25.244.194 - - [07/Mar/2025:00:43:33 +0100] "GET /ticket2/opencms/dk/nl/buy/?page=1&edid=2B0158DD-C9AE-5B4F-1162-68A0BF601349&sortorder=asc&column=price HTTP/1.1" 404 -
35.95.253.101 - - [07/Mar/2025:00:43:33 +0100] "GET /ticket2/opencms/sv/sport/fotbollsbiljetter/ligue_1/paris_saint_germain/ HTTP/1.1" 404 -
185.191.171.14 - - [07/Mar/2025:00:43:35 +0100] "GET /ticket2/opencms/nl/sport/voetbal-tickets/premier_league/arsenal/ HTTP/1.1" 200 93062
144.91.104.134 - - [07/Mar/2025:00:43:35 +0100] "GET /ticket2/opencms/se/ru/buy/?page=1&edid=B5211789-0D4D-2458-1D03-C15B64A16571&sortorder=asc&column=price HTTP/1.1" 404 -
47.128.126.120 - - [07/Mar/2025:00:43:37 +0100] "GET /ticket2/opencms/sv/magazine/article?title=graham-potter-fran-sverige-till-premier-league HTTP/1.1" 200 96993
178.25.244.194 - - [07/Mar/2025:00:43:38 +0100] "GET /ticket2/opencms/dk/nl/buy/?page=1&edid=2B0158DD-C9AE-5B4F-1162-68A0BF601349&sortorder=asc&column=row HTTP/1.1" 404 -
144.91.104.134 - - [07/Mar/2025:00:43:39 +0100] "GET /ticket2/opencms/se/ru/buy/?page=1&edid=B5211789-0D4D-2458-1D03-C15B64A16571&sortorder=asc&column=row HTTP/1.1" 404 -
66.249.76.8 - - [07/Mar/2025:00:43:40 +0100] "GET /ticket2/opencms/el/magazine/article?title=to-mellon-ths-texnologias-sto-podosfairo HTTP/1.1" 200 98059
176.70.160.107 - - [07/Mar/2025:00:43:41 +0100] "GET /ticket2/opencms/set_aff_cookie.jsp?partner=53673ED6-1455-FA54-818F-B1F67121E37C&url=/sv/buy/index.html%3Fpage%3D1%26edid%3D26467E66-E432-3709-0425-A75E81B5021A%26hlv%3D67b3302f-fd98-4221-a0bc-7d390a01000f%23v176820174 HTTP/1.1" 200 224
176.70.160.107 - - [07/Mar/2025:00:43:42 +0100] "GET /ticket2/opencms/sv/buy/?page=1&edid=26467E66-E432-3709-0425-A75E81B5021A&hlv=67b3302f-fd98-4221-a0bc-7d390a01000f HTTP/1.1" 200 141664
176.70.160.107 - - [07/Mar/2025:00:43:42 +0100] "GET /ticket2/opencms/system/modules/com.gridnine.opencms.ticketbrokerage.site/resources/js/jquery/jquery.js HTTP/1.1" 200 93868
176.70.160.107 - - [07/Mar/2025:00:43:42 +0100] "GET /ticket2/opencms/system/modules/com.gridnine.opencms.ticketbrokerage.site/resources/js/jquery/jquery-ui.js HTTP/1.1" 200 228088
178.25.244.194 - - [07/Mar/2025:00:43:42 +0100] "GET /ticket2/opencms/dk/nl/buy/?page=1&edid=2B0158DD-C9AE-5B4F-1162-68A0BF601349&sortorder=asc&column=section HTTP/1.1" 404 -
176.70.160.107 - - [07/Mar/2025:00:43:42 +0100] "GET /ticket2/opencms/system/modules/com.gridnine.opencms.ticketbrokerage.site/resources/css/calendar.css HTTP/1.1" 200 6871
176.70.160.107 - - [07/Mar/2025:00:43:42 +0100] "GET /ticket2/opencms/system/modules/com.gridnine.opencms.ticketbrokerage.site/resources/css/jquery-ui.css HTTP/1.1" 200 33221
176.70.160.107 - - [07/Mar/2025:00:43:42 +0100] "GET /ticket2/opencms/system/modules/com.gridnine.opencms.ticketbrokerage.site/resources/css/jquery.fancybox.css HTTP/1.1" 200 4939
176.70.160.107 - - [07/Mar/2025:00:43:42 +0100] "GET /ticket2/opencms/system/modules/com.gridnine.opencms.ticketbrokerage.site/resources/css/ticketbrokerage.css HTTP/1.1" 200 39339
176.70.160.107 - - [07/Mar/2025:00:43:42 +0100] "GET /ticket2/opencms/system/modules/com.gridnine.opencms.ticketbrokerage.site/resources/css/standard.css HTTP/1.1" 200 74449
176.70.160.107 - - [07/Mar/2025:00:43:43 +0100] "GET /ticket2/opencms/system/modules/com.gridnine.opencms.ticketbrokerage.site/resources/js/functions.js HTTP/1.1" 200 1583
176.70.160.107 - - [07/Mar/2025:00:43:43 +0100] "GET /ticket2/opencms/system/modules/com.gridnine.opencms.ticketbrokerage.site/resources/js/jquery.placeholder.min.js HTTP/1.1" 200 1737
176.70.160.107 - - [07/Mar/2025:00:43:43 +0100] "GET /ticket2/opencms/system/modules/com.gridnine.opencms.ticketbrokerage.site/resources/js/calendar-en.js HTTP/1.1" 200 3338
176.70.160.107 - - [07/Mar/2025:00:43:43 +0100] "GET /ticket2/opencms/system/modules/com.gridnine.opencms.ticketbrokerage.site/resources/js/calendar-setup.js HTTP/1.1" 200 4923
176.70.160.107 - - [07/Mar/2025:00:43:43 +0100] "GET /ticket2/opencms/system/modules/com.gridnine.opencms.ticketbrokerage.site/resources/js/calendar.js HTTP/1.1" 200 49229
176.70.160.107 - - [07/Mar/2025:00:43:43 +0100] "GET /ticket2/opencms/system/modules/com.gridnine.opencms.ticketbrokerage.site/resources/js/common-ajax.js HTTP/1.1" 200 20175
176.70.160.107 - - [07/Mar/2025:00:43:43 +0100] "GET /ticket2/opencms/system/modules/com.gridnine.opencms.ticketbrokerage.site/resources/js/jquery.fancybox.pack.js HTTP/1.1" 200 23187
176.70.160.107 - - [07/Mar/2025:00:43:43 +0100] "GET /ticket2/opencms/system/modules/com.gridnine.opencms.ticketbrokerage.site/resources/js/stickyfill.min.js HTTP/1.1" 200 5672
176.70.160.107 - - [07/Mar/2025:00:43:43 +0100] "GET /ticket2/opencms/system/modules/com.gridnine.opencms.ticketbrokerage.site/resources/js/standard.js HTTP/1.1" 200 3983
176.70.160.107 - - [07/Mar/2025:00:43:43 +0100] "GET /ticket2/opencms/img/icons/globe-white.png HTTP/1.1" 200 947
176.70.160.107 - - [07/Mar/2025:00:43:43 +0100] "GET /ticket2/opencms/system/modules/com.gridnine.opencms.ticketbrokerage.site/resources/pics/logo-new.png HTTP/1.1" 200 13541
176.70.160.107 - - [07/Mar/2025:00:43:43 +0100] "GET /ticket2/opencms/img/insta.png HTTP/1.1" 200 3967
176.70.160.107 - - [07/Mar/2025:00:43:43 +0100] "GET /ticket2/opencms/img/fb.png HTTP/1.1" 200 1269
176.70.160.107 - - [07/Mar/2025:00:43:43 +0100] "GET /ticket2/opencms/img/icons/se.png HTTP/1.1" 200 1258
176.70.160.107 - - [07/Mar/2025:00:43:43 +0100] "GET /ticket2/opencms/venue/old_trafford.png HTTP/1.1" 200 89001
176.70.160.107 - - [07/Mar/2025:00:43:43 +0100] "GET /ticket2/opencms/system/modules/com.gridnine.opencms.ticketbrokerage.site/resources/pics/0.gif HTTP/1.1" 200 43
176.70.160.107 - - [07/Mar/2025:00:43:43 +0100] "GET /ticket2/opencms/system/modules/com.gridnine.opencms.ticketbrokerage.site/resources/pics/two_man.png HTTP/1.1" 200 3407
176.70.160.107 - - [07/Mar/2025:00:43:43 +0100] "GET /ticket2/opencms/img/icons/en.png HTTP/1.1" 200 2415
176.70.160.107 - - [07/Mar/2025:00:43:43 +0100] "GET /ticket2/opencms/system/modules/com.gridnine.opencms.ticketbrokerage.site/resources/pics/ticket_info_button.png HTTP/1.1" 200 3820
176.70.160.107 - - [07/Mar/2025:00:43:43 +0100] "GET /ticket2/opencms/img/icons/fi.png HTTP/1.1" 200 1785
176.70.160.107 - - [07/Mar/2025:00:43:43 +0100] "GET /ticket2/opencms/system/modules/com.gridnine.opencms.ticketbrokerage.site/resources/pics/footer-img.jpg HTTP/1.1" 200 67642
176.70.160.107 - - [07/Mar/2025:00:43:43 +0100] "GET /ticket2/opencms/img/check.png HTTP/1.1" 200 548
176.70.160.107 - - [07/Mar/2025:00:43:43 +0100] "GET /ticket2/opencms/img/mail.png HTTP/1.1" 200 403
176.70.160.107 - - [07/Mar/2025:00:43:43 +0100] "GET /ticket2/opencms/img/chat.png HTTP/1.1" 200 416
176.70.160.107 - - [07/Mar/2025:00:43:43 +0100] "GET /ticket2/opencms/img/arrow.png HTTP/1.1" 200 753
176.70.160.107 - - [07/Mar/2025:00:43:43 +0100] "GET /ticket2/opencms/img/icons/no.png HTTP/1.1" 200 1958
176.70.160.107 - - [07/Mar/2025:00:43:43 +0100] "GET /ticket2/opencms/img/icons/dk.png HTTP/1.1" 200 1706
176.70.160.107 - - [07/Mar/2025:00:43:43 +0100] "GET /ticket2/opencms/sv/ask-form.html HTTP/1.1" 200 2950
176.70.160.107 - - [07/Mar/2025:00:43:43 +0100] "GET /ticket2/opencms/img/icons/de.png HTTP/1.1" 200 1124
176.70.160.107 - - [07/Mar/2025:00:43:43 +0100] "GET /ticket2/opencms/img/icons/nl.png HTTP/1.1" 200 1255
176.70.160.107 - - [07/Mar/2025:00:43:43 +0100] "GET /ticket2/opencms/system/modules/com.gridnine.opencms.ticketbrokerage.site/resources/pics/arrow.gif HTTP/1.1" 200 344
176.70.160.107 - - [07/Mar/2025:00:43:43 +0100] "GET /ticket2/opencms/system/modules/com.gridnine.opencms.ticketbrokerage.site/resources/css/ticketbrokerage.css HTTP/1.1" 200 39339
176.70.160.107 - - [07/Mar/2025:00:43:43 +0100] "GET /ticket2/opencms/system/modules/com.gridnine.opencms.ticketbrokerage.site/resources/pics/form_marker.gif HTTP/1.1" 200 43
176.70.160.107 - - [07/Mar/2025:00:43:43 +0100] "GET /ticket2/opencms/system/modules/com.gridnine.opencms.ticketbrokerage.site/resources/pics/button1_left.gif HTTP/1.1" 200 232
176.70.160.107 - - [07/Mar/2025:00:43:43 +0100] "GET /ticket2/opencms/img/icons/fr.png HTTP/1.1" 200 1764
176.70.160.107 - - [07/Mar/2025:00:43:43 +0100] "GET /ticket2/opencms/img/icons/es.png HTTP/1.1" 200 1005
176.70.160.107 - - [07/Mar/2025:00:43:44 +0100] "GET /ticket2/opencms/system/modules/com.gridnine.opencms.ticketbrokerage.site/resources/pics/button1_right.gif HTTP/1.1" 200 232
176.70.160.107 - - [07/Mar/2025:00:43:44 +0100] "GET /ticket2/opencms/system/modules/com.gridnine.opencms.ticketbrokerage.site/resources/pics/button1_center.gif HTTP/1.1" 200 66
176.70.160.107 - - [07/Mar/2025:00:43:44 +0100] "GET /ticket2/opencms/img/icons/pl.png HTTP/1.1" 200 1578
176.70.160.107 - - [07/Mar/2025:00:43:44 +0100] "GET /ticket2/opencms/img/icons/it.png HTTP/1.1" 200 2040
176.70.160.107 - - [07/Mar/2025:00:43:44 +0100] "GET /ticket2/opencms/img/icons/bg.png HTTP/1.1" 200 788
176.70.160.107 - - [07/Mar/2025:00:43:44 +0100] "GET /ticket2/opencms/img/icons/hr.png HTTP/1.1" 200 2024
176.70.160.107 - - [07/Mar/2025:00:43:44 +0100] "GET /ticket2/opencms/img/icons/cs.png HTTP/1.1" 200 1883
176.70.160.107 - - [07/Mar/2025:00:43:44 +0100] "GET /ticket2/opencms/img/icons/bs.png HTTP/1.1" 200 1014
176.70.160.107 - - [07/Mar/2025:00:43:44 +0100] "GET /ticket2/opencms/img/icons/et.png HTTP/1.1" 200 754
176.70.160.107 - - [07/Mar/2025:00:43:44 +0100] "GET /ticket2/opencms/img/icons/el.png HTTP/1.1" 200 1637
176.70.160.107 - - [07/Mar/2025:00:43:44 +0100] "GET /ticket2/opencms/img/icons/sq.png HTTP/1.1" 200 1619
176.70.160.107 - - [07/Mar/2025:00:43:44 +0100] "GET /ticket2/opencms/img/icons/ka.png HTTP/1.1" 200 860
176.70.160.107 - - [07/Mar/2025:00:43:44 +0100] "GET /ticket2/opencms/img/icons/hu.png HTTP/1.1" 200 733
176.70.160.107 - - [07/Mar/2025:00:43:44 +0100] "GET /ticket2/opencms/img/icons/is.png HTTP/1.1" 200 1884
176.70.160.107 - - [07/Mar/2025:00:43:44 +0100] "GET /ticket2/opencms/img/icons/lt.png HTTP/1.1" 200 733
176.70.160.107 - - [07/Mar/2025:00:43:44 +0100] "GET /ticket2/opencms/img/icons/ga.png HTTP/1.1" 200 1759
176.70.160.107 - - [07/Mar/2025:00:43:44 +0100] "GET /ticket2/opencms/img/icons/lv.png HTTP/1.1" 200 716
176.70.160.107 - - [07/Mar/2025:00:43:44 +0100] "GET /ticket2/opencms/img/icons/mt.png HTTP/1.1" 200 920
176.70.160.107 - - [07/Mar/2025:00:43:44 +0100] "GET /ticket2/opencms/img/icons/mo.png HTTP/1.1" 200 1468
176.70.160.107 - - [07/Mar/2025:00:43:44 +0100] "GET /ticket2/opencms/img/icons/sr.png HTTP/1.1" 200 1602
176.70.160.107 - - [07/Mar/2025:00:43:44 +0100] "GET /ticket2/opencms/img/icons/ro.png HTTP/1.1" 200 1393
176.70.160.107 - - [07/Mar/2025:00:43:44 +0100] "GET /ticket2/opencms/img/icons/sl.png HTTP/1.1" 200 966
176.70.160.107 - - [07/Mar/2025:00:43:44 +0100] "GET /ticket2/opencms/img/icons/sk.png HTTP/1.1" 200 1283
176.70.160.107 - - [07/Mar/2025:00:43:44 +0100] "GET /ticket2/opencms/img/icons/uk.png HTTP/1.1" 200 1272
176.70.160.107 - - [07/Mar/2025:00:43:44 +0100] "GET /ticket2/opencms/img/icons/tr.png HTTP/1.1" 200 1636
176.70.160.107 - - [07/Mar/2025:00:43:44 +0100] "GET /ticket2/opencms/img/arrow-down.png HTTP/1.1" 200 192
144.91.104.134 - - [07/Mar/2025:00:43:44 +0100] "GET /ticket2/opencms/se/ru/buy/?page=1&edid=B53551B2-5E85-1251-09D9-28B7F3E9AD07&sortorder=asc&column=price HTTP/1.1" 404 -
176.70.160.107 - - [07/Mar/2025:00:43:44 +0100] "GET /ticket2/opencms/img/icons/be.png HTTP/1.1" 200 1663
176.70.160.107 - - [07/Mar/2025:00:43:44 +0100] "GET /ticket2/opencms/img/icons/az.png HTTP/1.1" 200 1445
176.70.160.107 - - [07/Mar/2025:00:43:44 +0100] "GET /ticket2/opencms/system/modules/com.gridnine.opencms.ticketbrokerage.site/resources/js/standard.js HTTP/1.1" 200 3983
176.70.160.107 - - [07/Mar/2025:00:43:44 +0100] "GET /ticket2/opencms/img/icons/ticket2.thumbnail.png HTTP/1.1" 200 21519
66.249.76.41 - - [07/Mar/2025:00:43:46 +0100] "GET /ticket2/opencms/es/buy?page=1&edid=0B7E5CA2-F588-894B-B701-64E6B9532C54 HTTP/1.1" 200 127714
178.25.244.194 - - [07/Mar/2025:00:43:47 +0100] "GET /ticket2/opencms/dk/nl/buy/?page=1&edid=2B1AA646-ADF9-7B55-D435-A8E067CB534F&sortorder=asc&column=price HTTP/1.1" 404 -
173.252.83.112 - - [07/Mar/2025:00:43:48 +0100] "GET /ticket2/opencms/sv/buy/?page=1&edid=00111C9B-5E02-77E7-9B39-8EFC1235AF29 HTTP/1.1" 200 111507
144.91.104.134 - - [07/Mar/2025:00:43:49 +0100] "GET /ticket2/opencms/se/ru/buy/?page=1&edid=B53551B2-5E85-1251-09D9-28B7F3E9AD07&sortorder=asc&column=row HTTP/1.1" 404 -
178.25.244.194 - - [07/Mar/2025:00:43:52 +0100] "GET /ticket2/opencms/dk/nl/buy/?page=1&edid=2B1AA646-ADF9-7B55-D435-A8E067CB534F&sortorder=asc&column=section HTTP/1.1" 404 -
35.95.253.101 - - [07/Mar/2025:00:43:52 +0100] "GET /ticket2/opencms/sv/sport/fotbollsbiljetter/premier_league/aston_villa/ HTTP/1.1" 200 99743
95.217.114.173 - - [07/Mar/2025:00:43:53 +0100] "GET /ticket2/opencms/en/sell/?edid=7910B041-C477-3F57-DDE6-EC22BEFED5C1 HTTP/1.1" 302 -
144.91.104.134 - - [07/Mar/2025:00:43:53 +0100] "GET /ticket2/opencms/se/ru/buy/?page=1&edid=B53551B2-5E85-1251-09D9-28B7F3E9AD07&sortorder=asc&column=section HTTP/1.1" 404 -
95.217.114.173 - - [07/Mar/2025:00:43:54 +0100] "GET /ticket2/opencms/en/login/?url=/en/sell/ HTTP/1.1" 200 90203
176.70.160.107 - - [07/Mar/2025:00:43:55 +0100] "GET /ticket2/opencms/venue/old_trafford.png HTTP/1.1" 200 89001
176.70.160.107 - - [07/Mar/2025:00:43:56 +0100] "GET /ticket2/opencms/favicon.ico HTTP/1.1" 200 15406
178.25.244.194 - - [07/Mar/2025:00:43:56 +0100] "GET /ticket2/opencms/dk/nl/buy/?page=1&edid=527C93B0-9340-497B-8776-6EDF58916407&sortorder=asc&column=price HTTP/1.1" 404 -
144.91.104.134 - - [07/Mar/2025:00:43:58 +0100] "GET /ticket2/opencms/se/ru/buy/?page=1&edid=B53551B2-5E85-1251-09D9-28B7F3E9AD07&sortorder=desc&column=price HTTP/1.1" 404 -
20.171.207.125 - - [07/Mar/2025:00:43:58 +0100] "GET /ticket2/opencms/sr/sport/fudbalske-karte/premier-league/west-ham-united HTTP/1.1" 200 101824
85.208.96.197 - - [07/Mar/2025:00:43:59 +0100] "GET /ticket2/opencms/sl/magazine/article?title=prihodnost-tehnologije-v-nogometu HTTP/1.1" 200 94848
178.25.244.194 - - [07/Mar/2025:00:44:01 +0100] "GET /ticket2/opencms/dk/nl/buy/?page=1&edid=52D78D1F-00E1-58D3-5B65-29C4005FB34E&sortorder=desc&column=price HTTP/1.1" 404 -
144.91.104.134 - - [07/Mar/2025:00:44:03 +0100] "GET /ticket2/opencms/se/ru/buy/?page=1&edid=B5E1DBCF-60C9-6B74-2BC5-D9DD921875AF HTTP/1.1" 404 -
114.119.157.43 - - [07/Mar/2025:00:44:05 +0100] "GET /ticket2/opencms/lt/buy?page=1&edid=94971A0F-269F-0AFA-AE86-83A94774C753 HTTP/1.1" 200 111941
178.25.244.194 - - [07/Mar/2025:00:44:06 +0100] "GET /ticket2/opencms/dk/nl/buy/?page=1&edid=538ADCEC-BA2D-A5F3-6842-ECA3A579461B&sortorder=asc&column=row HTTP/1.1" 404 -
176.70.160.107 - - [07/Mar/2025:00:44:07 +0100] "GET /ticket2/opencms/sv/buy/?page=1&edid=26467E66-E432-3709-0425-A75E81B5021A&hlv=67b3302f-fd98-4221-a0bc-7d390a01000f HTTP/1.1" 200 141750
176.70.160.107 - - [07/Mar/2025:00:44:07 +0100] "GET /ticket2/opencms/system/modules/com.gridnine.opencms.ticketbrokerage.site/resources/css/ticketbrokerage.css HTTP/1.1" 200 39339
176.70.160.107 - - [07/Mar/2025:00:44:07 +0100] "GET /ticket2/opencms/system/modules/com.gridnine.opencms.ticketbrokerage.site/resources/css/standard.css HTTP/1.1" 200 74449
176.70.160.107 - - [07/Mar/2025:00:44:07 +0100] "GET /ticket2/opencms/system/modules/com.gridnine.opencms.ticketbrokerage.site/resources/js/calendar.js HTTP/1.1" 200 49229
176.70.160.107 - - [07/Mar/2025:00:44:07 +0100] "GET /ticket2/opencms/system/modules/com.gridnine.opencms.ticketbrokerage.site/resources/css/calendar.css HTTP/1.1" 200 6871
176.70.160.107 - - [07/Mar/2025:00:44:07 +0100] "GET /ticket2/opencms/system/modules/com.gridnine.opencms.ticketbrokerage.site/resources/js/functions.js HTTP/1.1" 200 1583
144.91.104.134 - - [07/Mar/2025:00:44:07 +0100] "GET /ticket2/opencms/se/ru/buy/?page=1&edid=C1962406-C365-6510-2AD4-8B86FC7DBDDB&sortorder=asc&column=section HTTP/1.1" 404 -
176.70.160.107 - - [07/Mar/2025:00:44:07 +0100] "GET /ticket2/opencms/system/modules/com.gridnine.opencms.ticketbrokerage.site/resources/js/calendar-setup.js HTTP/1.1" 200 4923
176.70.160.107 - - [07/Mar/2025:00:44:07 +0100] "GET /ticket2/opencms/system/modules/com.gridnine.opencms.ticketbrokerage.site/resources/js/calendar-en.js HTTP/1.1" 200 3338
176.70.160.107 - - [07/Mar/2025:00:44:07 +0100] "GET /ticket2/opencms/system/modules/com.gridnine.opencms.ticketbrokerage.site/resources/css/ticketbrokerage.css HTTP/1.1" 200 39339
176.70.160.107 - - [07/Mar/2025:00:44:07 +0100] "GET /ticket2/opencms/system/modules/com.gridnine.opencms.ticketbrokerage.site/resources/js/standard.js HTTP/1.1" 200 3983
176.70.160.107 - - [07/Mar/2025:00:44:07 +0100] "GET /ticket2/opencms/system/modules/com.gridnine.opencms.ticketbrokerage.site/resources/js/calendar-en.js HTTP/1.1" 200 3338
176.70.160.107 - - [07/Mar/2025:00:44:07 +0100] "GET /ticket2/opencms/system/modules/com.gridnine.opencms.ticketbrokerage.site/resources/css/standard.css HTTP/1.1" 200 74449
176.70.160.107 - - [07/Mar/2025:00:44:07 +0100] "GET /ticket2/opencms/system/modules/com.gridnine.opencms.ticketbrokerage.site/resources/js/functions.js HTTP/1.1" 200 1583
176.70.160.107 - - [07/Mar/2025:00:44:07 +0100] "GET /ticket2/opencms/system/modules/com.gridnine.opencms.ticketbrokerage.site/resources/css/calendar.css HTTP/1.1" 200 6871
176.70.160.107 - - [07/Mar/2025:00:44:07 +0100] "GET /ticket2/opencms/system/modules/com.gridnine.opencms.ticketbrokerage.site/resources/js/calendar.js HTTP/1.1" 200 49229
176.70.160.107 - - [07/Mar/2025:00:44:07 +0100] "GET /ticket2/opencms/system/modules/com.gridnine.opencms.ticketbrokerage.site/resources/js/calendar-setup.js HTTP/1.1" 200 4923
176.70.160.107 - - [07/Mar/2025:00:44:07 +0100] "GET /ticket2/opencms/system/modules/com.gridnine.opencms.ticketbrokerage.site/resources/js/standard.js HTTP/1.1" 200 3983
176.70.160.107 - - [07/Mar/2025:00:44:08 +0100] "GET /ticket2/opencms/sv/ask-form.html HTTP/1.1" 200 2950
185.191.171.14 - - [07/Mar/2025:00:44:08 +0100] "GET /ticket2/opencms/nl/magazine/article?title=brentford-fc HTTP/1.1" 200 90622
185.191.171.15 - - [07/Mar/2025:00:44:08 +0100] "GET /ticket2/opencms/is/magazine/article?title=nyr-fyrirlidi-dejan-kulusevski HTTP/1.1" 200 91808
176.70.160.107 - - [07/Mar/2025:00:44:08 +0100] "GET /ticket2/opencms/system/modules/com.gridnine.opencms.ticketbrokerage.site/resources/css/ticketbrokerage.css HTTP/1.1" 200 39339
194.120.230.215 - - [07/Mar/2025:00:44:10 +0100] "GET /ticket2/opencms/de/cgi-bin/luci/;stok=/locale HTTP/1.1" 404 -
178.25.244.194 - - [07/Mar/2025:00:44:11 +0100] "GET /ticket2/opencms/dk/nl/buy/?page=1&edid=538ADCEC-BA2D-A5F3-6842-ECA3A579461B&sortorder=asc&column=section HTTP/1.1" 404 -
66.249.74.135 - - [07/Mar/2025:00:44:12 +0100] "GET /ticket2/opencms/lt/buy?page=1&edid=8DE1C2CA-7119-0E71-F915-F372DB5EBBBA HTTP/1.1" 200 111929
47.128.41.157 - - [07/Mar/2025:00:44:13 +0100] "GET /ticket2/opencms/mo/buy/?edid=8A787324-CD72-C476-64CB-87071CD71C2F HTTP/1.1" 200 91718
185.191.171.3 - - [07/Mar/2025:00:44:14 +0100] "GET /ticket2/opencms/mt/magazine/article?title=rebbie-tal-ballon-dor-2024 HTTP/1.1" 200 93755
66.249.74.136 - - [07/Mar/2025:00:44:14 +0100] "GET /ticket2/opencms/sl/buy?page=1&edid=C64002B7-B7A3-A646-1770-7E79C914EDA5 HTTP/1.1" 200 135265
35.95.253.101 - - [07/Mar/2025:00:44:14 +0100] "GET /ticket2/opencms/az/magazine/article?title=bergvall-ve-kulusevski-tesir-bagislayir HTTP/1.1" 200 94791
66.249.74.136 - - [07/Mar/2025:00:44:15 +0100] "GET /ticket2/opencms/sl/buy?page=1&edid=FDE2CB1B-737B-857F-7431-BD450E7D3BBB HTTP/1.1" 200 134991
178.25.244.194 - - [07/Mar/2025:00:44:15 +0100] "GET /ticket2/opencms/dk/nl/buy/?page=1&edid=53C82161-C24F-BE86-4DEF-D47DE690CB39&sortorder=asc&column=price HTTP/1.1" 404 -
185.191.171.10 - - [07/Mar/2025:00:44:17 +0100] "GET /ticket2/opencms/hr/magazine/article?title=erling-braut-haaland HTTP/1.1" 200 93497
66.249.65.195 - - [07/Mar/2025:00:44:18 +0100] "GET /ticket2/opencms/et/selling_tickets/ HTTP/1.1" 500 -
178.25.244.194 - - [07/Mar/2025:00:44:20 +0100] "GET /ticket2/opencms/dk/nl/buy/?page=1&edid=53C82161-C24F-BE86-4DEF-D47DE690CB39&sortorder=asc&column=section HTTP/1.1" 404 -
114.119.140.85 - - [07/Mar/2025:00:44:22 +0100] "GET /ticket2/opencms/en/venue/?venueid=64823F37-C894-99FC-7FB9-1CA1007A4F17 HTTP/1.1" 200 85364
114.119.135.251 - - [07/Mar/2025:00:44:23 +0100] "GET /ticket2/opencms/en/sport/football-tickets/premier_league/brentford/ HTTP/1.1" 200 91458
95.217.114.173 - - [07/Mar/2025:00:44:23 +0100] "GET /ticket2/opencms/en/sell/?edid=792145D1-BE2C-E479-413C-A2E583C816E6 HTTP/1.1" 302 -
95.217.114.173 - - [07/Mar/2025:00:44:24 +0100] "GET /ticket2/opencms/en/login/?url=/en/sell/ HTTP/1.1" 200 90140
