173.252.87.116 - - [07/Mar/2025:02:44:28 +0100] "GET /ticket2/opencms/es/deporte/entradas-futbol/bundesliga/koln/ HTTP/1.1" 500 -
20.171.207.36 - - [07/Mar/2025:02:44:28 +0100] "GET /ticket2/opencms/fi/buy/?edid=88A9DB29-DA7F-5892-01EC-B646B52763FF&page=1 HTTP/1.1" 200 107775
20.171.207.36 - - [07/Mar/2025:02:44:29 +0100] "GET /ticket2/opencms/sl/buy/?edid=81745FE2-9A1E-49D6-238C-0D5CD43E46FD&page=1 HTTP/1.1" 200 107850
66.249.76.169 - - [07/Mar/2025:02:44:30 +0100] "GET /ticket2/opencms/lt/buy?page=1&edid=70278AA1-9B36-1074-FC37-E7CD3E0C98CF HTTP/1.1" 200 112532
20.171.207.36 - - [07/Mar/2025:02:44:31 +0100] "GET /ticket2/opencms/nl/buy/?edid=81745FE2-9A1E-49D6-238C-0D5CD43E46FD&page=1 HTTP/1.1" 200 105682
114.119.150.86 - - [07/Mar/2025:02:44:31 +0100] "GET /ticket2/opencms/be/buy?page=1&=8A63874A-765C-2949-7E17-CD1789FAFF50 HTTP/1.1" 200 -
66.249.65.233 - - [07/Mar/2025:02:44:31 +0100] "GET /ticket2/opencms/el/magazine/article?title=o-rodrigo-bentancur-apokleisthke-gia-epta-agwnes-meta-apo-ratsistikh-dhlwsh HTTP/1.1" 200 97187
192.99.35.94 - - [07/Mar/2025:02:44:31 +0100] "GET /ticket2/opencms/en/login/?edid=8DDE8B67-2000-FC13-BC50-206499AE7292 HTTP/1.1" 200 90065
66.249.65.234 - - [07/Mar/2025:02:44:32 +0100] "GET /ticket2/opencms/el/magazine/article?title=kleisimo-ths-periodoy-metagrafwn-nwritera HTTP/1.1" 200 95707
192.99.35.94 - - [07/Mar/2025:02:44:33 +0100] "GET /ticket2/opencms/en/sell/?edid=8E57ADB5-FD60-6D77-3B65-4D1A45F76D57 HTTP/1.1" 302 -
52.167.144.232 - - [07/Mar/2025:02:44:34 +0100] "GET /ticket2/opencms/fi/?page=6&comcatid=66708183-7480-3365-06BF-DBF60280AB45&catid=30D5812D-0858-4843-8F45-C38AE504153C HTTP/1.1" 200 105228
66.249.76.1 - - [07/Mar/2025:02:44:36 +0100] "GET /ticket2/opencms/el/magazine/article?title=oi-opadoi-ths-tselsi-antidroyn-me-apogohteysh HTTP/1.1" 200 96378
192.99.35.94 - - [07/Mar/2025:02:44:37 +0100] "GET /ticket2/opencms/en/login/?edid=8E57ADB5-FD60-6D77-3B65-4D1A45F76D57 HTTP/1.1" 200 90117
114.119.132.9 - - [07/Mar/2025:02:44:37 +0100] "GET /ticket2/opencms/fr/magazine/article?title=cauchemar-pour-manchester-city HTTP/1.1" 200 95121
20.171.207.36 - - [07/Mar/2025:02:44:39 +0100] "GET /ticket2/opencms/mt/buy/?edid=81745FE2-9A1E-49D6-238C-0D5CD43E46FD&page=1 HTTP/1.1" 200 108199
192.99.35.94 - - [07/Mar/2025:02:44:39 +0100] "GET /ticket2/opencms/en/sell/?edid=90C1A66E-428C-A76C-A159-667BE9685E00 HTTP/1.1" 302 -
95.217.114.173 - - [07/Mar/2025:02:44:40 +0100] "GET /ticket2/opencms/fi/buy/?page=1&edid=13F09667-A203-F96E-8423-6F6F46097234 HTTP/1.1" 200 111631
20.171.207.36 - - [07/Mar/2025:02:44:43 +0100] "GET /ticket2/opencms/mo/buy/?edid=81745FE2-9A1E-49D6-238C-0D5CD43E46FD&page=1 HTTP/1.1" 200 108039
192.99.35.94 - - [07/Mar/2025:02:44:43 +0100] "GET /ticket2/opencms/en/login/?edid=90C1A66E-428C-A76C-A159-667BE9685E00 HTTP/1.1" 200 90158
20.171.207.36 - - [07/Mar/2025:02:44:44 +0100] "GET /ticket2/opencms/ro/buy/?edid=81745FE2-9A1E-49D6-238C-0D5CD43E46FD&page=1 HTTP/1.1" 200 108232
192.99.35.94 - - [07/Mar/2025:02:44:45 +0100] "GET /ticket2/opencms/en/sell/?edid=916F2EF4-6FE1-7E81-87CE-194E3C0EB782 HTTP/1.1" 302 -
216.244.66.238 - - [07/Mar/2025:02:44:47 +0100] "GET /ticket2/opencms/ka/buy?page=1&edid=13B08012-5959-046E-FD97-DEC8822E8106 HTTP/1.1" 200 118141
20.171.207.36 - - [07/Mar/2025:02:44:48 +0100] "GET /ticket2/opencms/dk/buy/?edid=88A9DB29-DA7F-5892-01EC-B646B52763FF&page=1 HTTP/1.1" 200 106596
51.8.102.182 - - [07/Mar/2025:02:44:49 +0100] "GET /ticket2/opencms/sq/magazine/article?title=kylian-mbappe HTTP/1.1" 200 95416
20.171.207.36 - - [07/Mar/2025:02:44:49 +0100] "GET /ticket2/opencms/dk/buy/?edid=81745FE2-9A1E-49D6-238C-0D5CD43E46FD&page=1 HTTP/1.1" 200 106641
192.99.35.94 - - [07/Mar/2025:02:44:49 +0100] "GET /ticket2/opencms/en/login/?edid=916F2EF4-6FE1-7E81-87CE-194E3C0EB782 HTTP/1.1" 200 90197
192.99.35.94 - - [07/Mar/2025:02:44:51 +0100] "GET /ticket2/opencms/en/sell/?edid=926F727C-C5D2-34B9-5459-6E7B041674A9 HTTP/1.1" 302 -
185.191.171.11 - - [07/Mar/2025:02:44:52 +0100] "GET /ticket2/opencms/lv/magazine/article?title=mohamed-salah-pagarinat-ar-liverpool HTTP/1.1" 200 95193
20.171.207.36 - - [07/Mar/2025:02:44:53 +0100] "GET /ticket2/opencms/lt/buy/?edid=81745FE2-9A1E-49D6-238C-0D5CD43E46FD&page=1 HTTP/1.1" 200 108014
95.217.114.173 - - [07/Mar/2025:02:44:54 +0100] "GET /ticket2/opencms/fi/buy/?page=1&edid=1432157A-B263-4513-C3E0-79C3B9ACB4CD HTTP/1.1" 200 110877
192.99.35.94 - - [07/Mar/2025:02:44:55 +0100] "GET /ticket2/opencms/en/login/?edid=926F727C-C5D2-34B9-5459-6E7B041674A9 HTTP/1.1" 200 90098
114.119.133.220 - - [07/Mar/2025:02:44:57 +0100] "GET /ticket2/opencms/en/buy/?page=10&eventid=55413BC2-71A3-4E36-FCD4-7D7F87A1C19E&venueid=7E3A2D74-DA88-871F-895E-1180E253F56F HTTP/1.1" 200 92799
20.171.207.36 - - [07/Mar/2025:02:44:57 +0100] "GET /ticket2/opencms/sl/buy/?edid=88A9DB29-DA7F-5892-01EC-B646B52763FF&page=1 HTTP/1.1" 200 107853
192.99.35.94 - - [07/Mar/2025:02:44:57 +0100] "GET /ticket2/opencms/en/sell/?edid=94CAB6A6-0761-13F6-82AF-E72FFDAD5715 HTTP/1.1" 302 -
185.191.171.13 - - [07/Mar/2025:02:44:58 +0100] "GET /ticket2/opencms/fr/magazine/article?title=la-revolution-footballistique-de-pep-guardiola-linfluence-dun-maitre-tactique HTTP/1.1" 200 94884
20.171.207.36 - - [07/Mar/2025:02:44:58 +0100] "GET /ticket2/opencms/uk/buy/?edid=88A9DB29-DA7F-5892-01EC-B646B52763FF&page=1 HTTP/1.1" 200 110126
20.171.207.36 - - [07/Mar/2025:02:44:59 +0100] "GET /ticket2/opencms/ga/buy/?edid=88A9DB29-DA7F-5892-01EC-B646B52763FF&page=1 HTTP/1.1" 200 108277
20.171.207.36 - - [07/Mar/2025:02:45:00 +0100] "GET /ticket2/opencms/ro/buy/?edid=88A9DB29-DA7F-5892-01EC-B646B52763FF&page=1 HTTP/1.1" 200 108159
192.99.35.94 - - [07/Mar/2025:02:45:01 +0100] "GET /ticket2/opencms/en/login/?edid=94CAB6A6-0761-13F6-82AF-E72FFDAD5715 HTTP/1.1" 200 90116
20.171.207.36 - - [07/Mar/2025:02:45:02 +0100] "GET /ticket2/opencms/az/buy/?edid=88A9DB29-DA7F-5892-01EC-B646B52763FF&page=1 HTTP/1.1" 200 108387
66.249.65.233 - - [07/Mar/2025:02:45:02 +0100] "GET /ticket2/opencms/sl/buy/?page=1&edid=FF1B1F16-B60A-CB20-3635-FAA393A69F1C HTTP/1.1" 200 108433
20.171.207.36 - - [07/Mar/2025:02:45:03 +0100] "GET /ticket2/opencms/hu/buy/?edid=88A9DB29-DA7F-5892-01EC-B646B52763FF&page=1 HTTP/1.1" 200 108136
192.99.35.94 - - [07/Mar/2025:02:45:04 +0100] "GET /ticket2/opencms/en/sell/?edid=95E6E611-0374-63DE-1FB9-733C295CC9A7 HTTP/1.1" 302 -
20.171.207.36 - - [07/Mar/2025:02:45:04 +0100] "GET /ticket2/opencms/et/buy/?edid=88A9DB29-DA7F-5892-01EC-B646B52763FF&page=1 HTTP/1.1" 200 107787
20.171.207.36 - - [07/Mar/2025:02:45:05 +0100] "GET /ticket2/opencms/sr/buy/?edid=88A9DB29-DA7F-5892-01EC-B646B52763FF&page=1 HTTP/1.1" 200 108395
185.191.171.1 - - [07/Mar/2025:02:45:05 +0100] "GET /ticket2/opencms/bg/sport/futbolni-bileti/serie-a/genoa/ HTTP/1.1" 200 102428
95.217.114.173 - - [07/Mar/2025:02:45:06 +0100] "GET /ticket2/opencms/fi/buy/?page=1&edid=147B292D-D8FA-E66E-22AD-A19FE353BC57 HTTP/1.1" 200 108385
20.171.207.36 - - [07/Mar/2025:02:45:06 +0100] "GET /ticket2/opencms/et/buy/?edid=81745FE2-9A1E-49D6-238C-0D5CD43E46FD&page=1 HTTP/1.1" 200 107790
192.99.35.94 - - [07/Mar/2025:02:45:07 +0100] "GET /ticket2/opencms/en/login/?edid=95E6E611-0374-63DE-1FB9-733C295CC9A7 HTTP/1.1" 200 90119
20.171.207.36 - - [07/Mar/2025:02:45:07 +0100] "GET /ticket2/opencms/no/buy/?edid=81745FE2-9A1E-49D6-238C-0D5CD43E46FD&page=1 HTTP/1.1" 200 107398
20.171.207.36 - - [07/Mar/2025:02:45:08 +0100] "GET /ticket2/opencms/mo/buy/?edid=88A9DB29-DA7F-5892-01EC-B646B52763FF&page=1 HTTP/1.1" 200 108046
192.99.35.94 - - [07/Mar/2025:02:45:09 +0100] "GET /ticket2/opencms/en/sell/?edid=963219A7-E7A4-B62C-96E6-73E898823459 HTTP/1.1" 302 -
20.171.207.36 - - [07/Mar/2025:02:45:10 +0100] "GET /ticket2/opencms/tr/buy/?edid=88A9DB29-DA7F-5892-01EC-B646B52763FF&page=1 HTTP/1.1" 200 108122
20.171.207.36 - - [07/Mar/2025:02:45:11 +0100] "GET /ticket2/opencms/no/buy/?edid=88A9DB29-DA7F-5892-01EC-B646B52763FF&page=1 HTTP/1.1" 200 107283
20.171.207.36 - - [07/Mar/2025:02:45:12 +0100] "GET /ticket2/opencms/nl/buy/?edid=88A9DB29-DA7F-5892-01EC-B646B52763FF&page=1 HTTP/1.1" 200 105729
20.171.207.36 - - [07/Mar/2025:02:45:13 +0100] "GET /ticket2/opencms/cs/buy/?edid=88A9DB29-DA7F-5892-01EC-B646B52763FF&page=1 HTTP/1.1" 200 107982
114.119.136.30 - - [07/Mar/2025:02:45:13 +0100] "GET /ticket2/opencms/be/buy?page=1&=77C4D918-1D56-22F2-EE92-38BD6ED4FF46 HTTP/1.1" 200 -
192.99.35.94 - - [07/Mar/2025:02:45:13 +0100] "GET /ticket2/opencms/en/login/?edid=963219A7-E7A4-B62C-96E6-73E898823459 HTTP/1.1" 200 90203
20.171.207.36 - - [07/Mar/2025:02:45:14 +0100] "GET /ticket2/opencms/hr/buy/?edid=88A9DB29-DA7F-5892-01EC-B646B52763FF&page=1 HTTP/1.1" 200 107929
192.99.35.94 - - [07/Mar/2025:02:45:15 +0100] "GET /ticket2/opencms/en/sell/?edid=96AC909E-5B9B-2325-5C76-5EFEF9923C58 HTTP/1.1" 302 -
20.171.207.36 - - [07/Mar/2025:02:45:15 +0100] "GET /ticket2/opencms/lt/buy/?edid=88A9DB29-DA7F-5892-01EC-B646B52763FF&page=1 HTTP/1.1" 200 108050
20.171.207.36 - - [07/Mar/2025:02:45:16 +0100] "GET /ticket2/opencms/lv/buy/?edid=88A9DB29-DA7F-5892-01EC-B646B52763FF&page=1 HTTP/1.1" 200 107910
47.128.55.88 - - [07/Mar/2025:02:45:17 +0100] "GET /ticket2/opencms/fi/venue/?venueid=95424B46-EE34-8F04-CEF2-7CD33319ABE8 HTTP/1.1" 200 86892
20.171.207.36 - - [07/Mar/2025:02:45:18 +0100] "GET /ticket2/opencms/fr/buy/?edid=88A9DB29-DA7F-5892-01EC-B646B52763FF&page=1 HTTP/1.1" 200 107693
69.171.230.9 - - [07/Mar/2025:02:45:18 +0100] "GET /ticket2/opencms/bs/sport/fudbalske-karte/serie-a/empoli/ HTTP/1.1" 500 -
20.171.207.36 - - [07/Mar/2025:02:45:19 +0100] "GET /ticket2/opencms/sk/buy/?edid=88A9DB29-DA7F-5892-01EC-B646B52763FF&page=1 HTTP/1.1" 200 108020
192.99.35.94 - - [07/Mar/2025:02:45:19 +0100] "GET /ticket2/opencms/en/login/?edid=96AC909E-5B9B-2325-5C76-5EFEF9923C58 HTTP/1.1" 200 90099
20.171.207.36 - - [07/Mar/2025:02:45:20 +0100] "GET /ticket2/opencms/mt/buy/?edid=88A9DB29-DA7F-5892-01EC-B646B52763FF&page=1 HTTP/1.1" 200 108154
95.217.114.173 - - [07/Mar/2025:02:45:20 +0100] "GET /ticket2/opencms/fi/buy/?page=1&edid=14B70C43-9D61-6073-3183-2906B9273754 HTTP/1.1" 200 111832
40.77.167.25 - - [07/Mar/2025:02:45:21 +0100] "GET /ticket2/opencms/en/venue/?venueid=99BBDD03-B532-23A3-9D30-60E65F950CC5 HTTP/1.1" 200 85278
192.99.35.94 - - [07/Mar/2025:02:45:21 +0100] "GET /ticket2/opencms/en/sell/?edid=97090501-1E61-49E3-928B-F233AE55277C HTTP/1.1" 302 -
20.171.207.36 - - [07/Mar/2025:02:45:21 +0100] "GET /ticket2/opencms/sv/buy/?edid=4130944B-8419-6A0B-A839-9FB45260F568&page=1 HTTP/1.1" 200 110461
66.249.65.233 - - [07/Mar/2025:02:45:23 +0100] "GET /ticket2/opencms/el/magazine/article?title=o-raphael-varane-termatizei-thn-kariera-toy-31-etwn HTTP/1.1" 200 96198
69.171.230.2 - - [07/Mar/2025:02:45:24 +0100] "GET /ticket2/opencms/es/buy/?page=1&edid=B971CA22-B907-9DDA-615B-B7F75124D039 HTTP/1.1" 200 108602
216.244.66.238 - - [07/Mar/2025:02:45:24 +0100] "GET /ticket2/opencms/nl/buy?page=1&edid=660EB9E2-5EAA-DCDE-B75E-74855AFB1F01 HTTP/1.1" 200 106240
192.99.35.94 - - [07/Mar/2025:02:45:25 +0100] "GET /ticket2/opencms/en/login/?edid=97090501-1E61-49E3-928B-F233AE55277C HTTP/1.1" 200 90116
192.99.35.94 - - [07/Mar/2025:02:45:27 +0100] "GET /ticket2/opencms/en/sell/?edid=984644D1-C9F2-D295-45C4-6E9DD3F709C0 HTTP/1.1" 302 -
47.128.34.174 - - [07/Mar/2025:02:45:31 +0100] "GET /ticket2/opencms/hr/buy?edid=66C22035-E7EA-E10A-4BFC-2C30733037DC HTTP/1.1" 200 91790
192.99.35.94 - - [07/Mar/2025:02:45:31 +0100] "GET /ticket2/opencms/en/login/?edid=984644D1-C9F2-D295-45C4-6E9DD3F709C0 HTTP/1.1" 200 90115
192.99.35.94 - - [07/Mar/2025:02:45:33 +0100] "GET /ticket2/opencms/en/sell/?edid=99523186-4BD8-BF28-0D02-3020D55214AE HTTP/1.1" 302 -
95.217.114.173 - - [07/Mar/2025:02:45:34 +0100] "GET /ticket2/opencms/fi/buy/?page=1&edid=14CAB8B2-3317-2424-C56F-1A896DB4982C HTTP/1.1" 200 112194
20.171.207.36 - - [07/Mar/2025:02:45:35 +0100] "GET /ticket2/opencms/az/buy/?edid=4130944B-8419-6A0B-A839-9FB45260F568&page=1 HTTP/1.1" 200 111377
20.171.207.36 - - [07/Mar/2025:02:45:36 +0100] "GET /ticket2/opencms/hu/buy/?edid=4130944B-8419-6A0B-A839-9FB45260F568&page=1 HTTP/1.1" 200 111149
66.249.65.197 - - [07/Mar/2025:02:45:37 +0100] "GET /ticket2/opencms/lt/buy?page=1&edid=C64002B7-B7A3-A646-1770-7E79C914EDA5 HTTP/1.1" 200 135478
20.171.207.36 - - [07/Mar/2025:02:45:37 +0100] "GET /ticket2/opencms/is/buy/?edid=4130944B-8419-6A0B-A839-9FB45260F568&page=1 HTTP/1.1" 200 110976
192.99.35.94 - - [07/Mar/2025:02:45:38 +0100] "GET /ticket2/opencms/en/login/?edid=99523186-4BD8-BF28-0D02-3020D55214AE HTTP/1.1" 200 90078
20.171.207.36 - - [07/Mar/2025:02:45:38 +0100] "GET /ticket2/opencms/lv/buy/?edid=4130944B-8419-6A0B-A839-9FB45260F568&page=1 HTTP/1.1" 200 111002
192.99.35.94 - - [07/Mar/2025:02:45:39 +0100] "GET /ticket2/opencms/en/sell/?edid=9B5FF650-6073-5E8D-792C-56A70F14541A HTTP/1.1" 302 -
20.171.207.36 - - [07/Mar/2025:02:45:40 +0100] "GET /ticket2/opencms/fr/buy/?edid=4130944B-8419-6A0B-A839-9FB45260F568&page=1 HTTP/1.1" 200 110762
20.171.207.36 - - [07/Mar/2025:02:45:42 +0100] "GET /ticket2/opencms/fi/buy/?edid=4130944B-8419-6A0B-A839-9FB45260F568&page=1 HTTP/1.1" 200 110655
114.119.141.206 - - [07/Mar/2025:02:45:43 +0100] "GET /ticket2/opencms/es/buy/?page=1&edid=17260F4F-A849-5FCD-F08C-3E4A05EF4080 HTTP/1.1" 200 108605
20.171.207.36 - - [07/Mar/2025:02:45:43 +0100] "GET /ticket2/opencms/mt/buy/?edid=4130944B-8419-6A0B-A839-9FB45260F568&page=1 HTTP/1.1" 200 111152
52.167.144.232 - - [07/Mar/2025:02:45:43 +0100] "GET /ticket2/opencms/nl/buy/?page=1&edid=ACE9CA7D-7806-FEA9-5C42-376512A5CAAD HTTP/1.1" 200 108440
95.217.114.173 - - [07/Mar/2025:02:45:43 +0100] "GET /ticket2/opencms/fi/buy/?page=1&edid=14F08411-9B0B-0999-E516-6331E41068BF HTTP/1.1" 200 108423
192.99.35.94 - - [07/Mar/2025:02:45:44 +0100] "GET /ticket2/opencms/en/login/?edid=9B5FF650-6073-5E8D-792C-56A70F14541A HTTP/1.1" 200 90137
20.171.207.36 - - [07/Mar/2025:02:45:44 +0100] "GET /ticket2/opencms/et/buy/?edid=4130944B-8419-6A0B-A839-9FB45260F568&page=1 HTTP/1.1" 200 110789
20.171.207.36 - - [07/Mar/2025:02:45:45 +0100] "GET /ticket2/opencms/ro/buy/?edid=4130944B-8419-6A0B-A839-9FB45260F568&page=1 HTTP/1.1" 200 111235
192.99.35.94 - - [07/Mar/2025:02:45:45 +0100] "GET /ticket2/opencms/en/sell/?edid=9C91C697-B406-6838-E8EE-67CCBD777A69 HTTP/1.1" 302 -
20.171.207.36 - - [07/Mar/2025:02:45:46 +0100] "GET /ticket2/opencms/dk/buy/?edid=4130944B-8419-6A0B-A839-9FB45260F568&page=1 HTTP/1.1" 200 109526
192.99.35.94 - - [07/Mar/2025:02:45:49 +0100] "GET /ticket2/opencms/en/login/?edid=9C91C697-B406-6838-E8EE-67CCBD777A69 HTTP/1.1" 200 90068
85.208.96.201 - - [07/Mar/2025:02:45:50 +0100] "GET /ticket2/opencms/it/magazine/article?title=manchester-city-rischia-la-retrocessione HTTP/1.1" 200 92458
192.99.35.94 - - [07/Mar/2025:02:45:51 +0100] "GET /ticket2/opencms/en/sell/?edid=9CB88255-C1D7-A550-4F71-3BA9C5085A0C HTTP/1.1" 302 -
66.249.74.137 - - [07/Mar/2025:02:45:52 +0100] "GET /ticket2/opencms/mo/buy/?page=1&edid=2DF71579-8539-9953-A2E8-0E8B3100119A HTTP/1.1" 200 108769
95.217.114.173 - - [07/Mar/2025:02:45:52 +0100] "GET /ticket2/opencms/fi/buy/?page=1&edid=151CC0D8-0351-C859-2F0C-08FDFAB76DE7 HTTP/1.1" 200 111362
20.171.207.36 - - [07/Mar/2025:02:45:52 +0100] "GET /ticket2/opencms/tr/buy/?edid=4130944B-8419-6A0B-A839-9FB45260F568&page=1 HTTP/1.1" 200 111195
114.119.139.202 - - [07/Mar/2025:02:45:53 +0100] "GET /ticket2/opencms/ru/buy/?page=1&edid=A86FF4B5-AFA2-EDB8-93F6-83E636012710 HTTP/1.1" 200 110271
192.99.35.94 - - [07/Mar/2025:02:45:55 +0100] "GET /ticket2/opencms/en/login/?edid=9CB88255-C1D7-A550-4F71-3BA9C5085A0C HTTP/1.1" 200 90107
47.128.47.108 - - [07/Mar/2025:02:45:56 +0100] "GET /ticket2/opencms/az/buy/?edid=39F65111-2D6B-8CCA-6356-10B703EAE091 HTTP/1.1" 200 91742
114.119.150.86 - - [07/Mar/2025:02:45:57 +0100] "GET /ticket2/opencms/en/buy/?page=1&edid=7FF68D3D-FBD7-BDCD-7F04-B0527DB5835B HTTP/1.1" 200 106808
192.99.35.94 - - [07/Mar/2025:02:45:57 +0100] "GET /ticket2/opencms/en/sell/?edid=9D741AD8-6686-3598-9ED2-A1E65C34EAB3 HTTP/1.1" 302 -
20.171.207.36 - - [07/Mar/2025:02:45:59 +0100] "GET /ticket2/opencms/bs/buy/?edid=4130944B-8419-6A0B-A839-9FB45260F568&page=1 HTTP/1.1" 200 110815
20.171.207.36 - - [07/Mar/2025:02:46:00 +0100] "GET /ticket2/opencms/hr/buy/?edid=4130944B-8419-6A0B-A839-9FB45260F568&page=1 HTTP/1.1" 200 110897
20.171.207.36 - - [07/Mar/2025:02:46:01 +0100] "GET /ticket2/opencms/sk/buy/?edid=4130944B-8419-6A0B-A839-9FB45260F568&page=1 HTTP/1.1" 200 111049
192.99.35.94 - - [07/Mar/2025:02:46:02 +0100] "GET /ticket2/opencms/en/login/?edid=9D741AD8-6686-3598-9ED2-A1E65C34EAB3 HTTP/1.1" 200 90092
95.217.114.173 - - [07/Mar/2025:02:46:02 +0100] "GET /ticket2/opencms/fi/buy/?page=1&edid=1526F5F3-AFE1-264A-DB4C-52EA64317A99 HTTP/1.1" 200 112353
20.171.207.36 - - [07/Mar/2025:02:46:02 +0100] "GET /ticket2/opencms/en/buy/?edid=4130944B-8419-6A0B-A839-9FB45260F568&page=1 HTTP/1.1" 200 109150
185.191.171.17 - - [07/Mar/2025:02:46:03 +0100] "GET /ticket2/opencms/sk/magazine/article?title=objavte-la-ligu-nazivo-kupte-si-listky-na-ticket2 HTTP/1.1" 200 94870
192.99.35.94 - - [07/Mar/2025:02:46:03 +0100] "GET /ticket2/opencms/en/sell/?edid=B45E1AD2-1369-CFCC-BA36-8169D6C56034 HTTP/1.1" 302 -
52.167.144.232 - - [07/Mar/2025:02:46:04 +0100] "GET /ticket2/opencms/en/?comcatid=0A6B8208-FDA4-E929-9D72-5312FD481B76&catid=465306FD-802C-5175-10FF-40E426DD2769 HTTP/1.1" 200 103770
20.171.207.36 - - [07/Mar/2025:02:46:05 +0100] "GET /ticket2/opencms/no/buy/?edid=4130944B-8419-6A0B-A839-9FB45260F568&page=1 HTTP/1.1" 200 110279
20.171.207.36 - - [07/Mar/2025:02:46:06 +0100] "GET /ticket2/opencms/it/buy/?edid=4130944B-8419-6A0B-A839-9FB45260F568&page=1 HTTP/1.1" 200 110683
20.171.207.36 - - [07/Mar/2025:02:46:07 +0100] "GET /ticket2/opencms/nl/buy/?edid=4130944B-8419-6A0B-A839-9FB45260F568&page=1 HTTP/1.1" 200 108685
192.99.35.94 - - [07/Mar/2025:02:46:07 +0100] "GET /ticket2/opencms/en/login/?edid=B45E1AD2-1369-CFCC-BA36-8169D6C56034 HTTP/1.1" 200 90042
20.171.207.36 - - [07/Mar/2025:02:46:08 +0100] "GET /ticket2/opencms/sr/buy/?edid=4130944B-8419-6A0B-A839-9FB45260F568&page=1 HTTP/1.1" 200 111644
192.99.35.94 - - [07/Mar/2025:02:46:09 +0100] "GET /ticket2/opencms/en/sell/?edid=C43AF7C0-26BE-B2AE-78CB-C76D3232FCED HTTP/1.1" 302 -
20.171.207.36 - - [07/Mar/2025:02:46:09 +0100] "GET /ticket2/opencms/cs/buy/?edid=4130944B-8419-6A0B-A839-9FB45260F568&page=1 HTTP/1.1" 200 111031
20.171.207.36 - - [07/Mar/2025:02:46:12 +0100] "GET /ticket2/opencms/el/buy/?edid=4130944B-8419-6A0B-A839-9FB45260F568&page=1 HTTP/1.1" 200 114794
95.217.114.173 - - [07/Mar/2025:02:46:12 +0100] "GET /ticket2/opencms/fi/buy/?page=1&edid=15324940-5643-0061-CC6B-BEF7C469D026 HTTP/1.1" 200 110474
20.171.207.36 - - [07/Mar/2025:02:46:13 +0100] "GET /ticket2/opencms/de/buy/?edid=6BC392EC-904D-4C89-2912-6F7F3E385D5B&page=1 HTTP/1.1" 200 107626
85.208.96.208 - - [07/Mar/2025:02:46:13 +0100] "GET /ticket2/opencms/mo/magazine/article?title=cole-palmer-alexander-isak HTTP/1.1" 200 94700
192.99.35.94 - - [07/Mar/2025:02:46:13 +0100] "GET /ticket2/opencms/en/login/?edid=C43AF7C0-26BE-B2AE-78CB-C76D3232FCED HTTP/1.1" 200 90000
20.171.207.36 - - [07/Mar/2025:02:46:14 +0100] "GET /ticket2/opencms/uk/sport/kvytky-na-futbol/champions-league/arsenal HTTP/1.1" 404 -
192.99.35.94 - - [07/Mar/2025:02:46:15 +0100] "GET /ticket2/opencms/en/sell/?edid=C585BD1B-7334-51AA-91F2-A36533EF6912 HTTP/1.1" 302 -
20.171.207.36 - - [07/Mar/2025:02:46:15 +0100] "GET /ticket2/opencms/lt/buy/?edid=4130944B-8419-6A0B-A839-9FB45260F568&page=1 HTTP/1.1" 200 111141
20.171.207.36 - - [07/Mar/2025:02:46:16 +0100] "GET /ticket2/opencms/be/sport/futbol-kvitki/premier-league/southampton/ HTTP/1.1" 200 97090
20.171.207.36 - - [07/Mar/2025:02:46:17 +0100] "GET /ticket2/opencms/sq/sport/bileta-per-futboll/champions-league/final HTTP/1.1" 500 -
192.99.35.94 - - [07/Mar/2025:02:46:19 +0100] "GET /ticket2/opencms/en/login/?edid=C585BD1B-7334-51AA-91F2-A36533EF6912 HTTP/1.1" 200 90064
54.36.148.97 - - [07/Mar/2025:02:46:19 +0100] "GET /ticket2/opencms/dk/sport/fodboldbilletter/serie-a/genoa/ HTTP/1.1" 200 97498
20.171.207.36 - - [07/Mar/2025:02:46:19 +0100] "GET /ticket2/opencms/ga/sport/ticeid-peile/bundesliga/bayern-munchen/ HTTP/1.1" 200 101911
192.99.35.94 - - [07/Mar/2025:02:46:21 +0100] "GET /ticket2/opencms/en/sell/?edid=C9E992D1-DCF0-D375-5200-28B15D555217 HTTP/1.1" 302 -
52.167.144.192 - - [07/Mar/2025:02:46:21 +0100] "GET /ticket2/opencms/fr/buy?page=1&edid=B268A7F3-2740-4C2E-AA62-15694FF51EF3 HTTP/1.1" 200 111007
20.171.207.36 - - [07/Mar/2025:02:46:22 +0100] "GET /ticket2/opencms/bs/sport/fudbalske-karte/champions-league/malmo-ff HTTP/1.1" 500 -
95.217.114.173 - - [07/Mar/2025:02:46:23 +0100] "GET /ticket2/opencms/fi/buy/?page=1&edid=1537A356-5986-AD78-0BB4-7E05F32E88A3 HTTP/1.1" 200 110586
192.99.35.94 - - [07/Mar/2025:02:46:25 +0100] "GET /ticket2/opencms/en/login/?edid=C9E992D1-DCF0-D375-5200-28B15D555217 HTTP/1.1" 200 90099
40.77.167.77 - - [07/Mar/2025:02:46:25 +0100] "GET /ticket2/opencms/pl/buy?page=1&edid=72EC4B5C-B2CA-AC72-96A0-7759E1692CB2 HTTP/1.1" 200 110871
20.171.207.36 - - [07/Mar/2025:02:46:26 +0100] "GET /ticket2/opencms/be/sport/futbol-kvitki/champions-league/malmo-ff HTTP/1.1" 500 -
216.244.66.238 - - [07/Mar/2025:02:46:26 +0100] "GET /ticket2/opencms/en/buy?page=1&edid=5B5D74F0-DD4A-806F-220D-FF262FB88FFE HTTP/1.1" 200 106885
85.208.96.209 - - [07/Mar/2025:02:46:27 +0100] "GET /ticket2/opencms/sl/magazine/article?title=petas-kylian-mbappe HTTP/1.1" 200 92650
192.99.35.94 - - [07/Mar/2025:02:46:27 +0100] "GET /ticket2/opencms/en/sell/?edid=CA9AAE6B-14C9-271A-740D-70C28D59704E HTTP/1.1" 302 -
192.99.35.94 - - [07/Mar/2025:02:46:31 +0100] "GET /ticket2/opencms/en/login/?edid=CA9AAE6B-14C9-271A-740D-70C28D59704E HTTP/1.1" 200 90203
40.77.167.158 - - [07/Mar/2025:02:46:32 +0100] "GET /ticket2/opencms/nl/buy/?page=1&edid=C781C90E-2A4A-BE38-23EB-6039DE2F5FA8 HTTP/1.1" 200 135336
192.99.35.94 - - [07/Mar/2025:02:46:33 +0100] "GET /ticket2/opencms/en/sell/?edid=DA205E04-65EE-7F78-067D-CBCBD424C79F HTTP/1.1" 302 -
95.217.114.173 - - [07/Mar/2025:02:46:33 +0100] "GET /ticket2/opencms/fi/buy/?page=1&edid=153CDF31-7109-769E-E691-AF8D84C04188 HTTP/1.1" 200 111814
40.77.167.58 - - [07/Mar/2025:02:46:34 +0100] "GET /ticket2/opencms/hr/buy/?comcatid=A17713B6-D984-201A-4143-ED4DB5ED5C2E&catid=C48671DB-5AEB-8CE2-928E-38417FFBE085 HTTP/1.1" 200 103559
20.171.207.36 - - [07/Mar/2025:02:46:35 +0100] "GET /ticket2/opencms/mo/buy/?edid=4130944B-8419-6A0B-A839-9FB45260F568&page=1 HTTP/1.1" 200 110971
114.119.153.152 - - [07/Mar/2025:02:46:35 +0100] "GET /ticket2/opencms/be/buy?page=1&=579B49FD-6D7C-4BF3-CF9E-91183D7BCE4C HTTP/1.1" 200 -
114.119.153.152 - - [07/Mar/2025:02:46:35 +0100] "GET /ticket2/opencms/be/buy?page=1&=594BB2EC-0131-3CF2-28F5-D32596AEC319 HTTP/1.1" 200 -
192.99.35.94 - - [07/Mar/2025:02:46:37 +0100] "GET /ticket2/opencms/en/login/?edid=DA205E04-65EE-7F78-067D-CBCBD424C79F HTTP/1.1" 200 90150
52.167.144.173 - - [07/Mar/2025:02:46:38 +0100] "GET /ticket2/opencms/mt/buy/?page=1&edid=B63FBD1D-6B97-230F-8D9B-F709B95E5FDA HTTP/1.1" 200 108838
192.99.35.94 - - [07/Mar/2025:02:46:39 +0100] "GET /ticket2/opencms/en/sell/?edid=EA6DAAD2-200A-052A-B4F6-5898239F72D4 HTTP/1.1" 302 -
66.249.65.235 - - [07/Mar/2025:02:46:41 +0100] "GET /ticket2/opencms/et/buy?page=1&edid=C64002B7-B7A3-A646-1770-7E79C914EDA5 HTTP/1.1" 200 135250
85.208.96.193 - - [07/Mar/2025:02:46:42 +0100] "GET /ticket2/opencms/cs/magazine/article?title=budoucnost-technologie-ve-fotbale HTTP/1.1" 200 96004
192.99.35.94 - - [07/Mar/2025:02:46:43 +0100] "GET /ticket2/opencms/en/login/?edid=EA6DAAD2-200A-052A-B4F6-5898239F72D4 HTTP/1.1" 200 90154
95.217.114.173 - - [07/Mar/2025:02:46:44 +0100] "GET /ticket2/opencms/fi/buy/?page=1&edid=156562D2-0263-CCAA-DF54-9314F5D26523 HTTP/1.1" 200 112123
192.99.35.94 - - [07/Mar/2025:02:46:45 +0100] "GET /ticket2/opencms/en/sell/?edid=EC1CEE7F-0D0E-364E-1B36-05B890BB56A8 HTTP/1.1" 302 -
192.99.35.94 - - [07/Mar/2025:02:46:49 +0100] "GET /ticket2/opencms/en/login/?edid=EC1CEE7F-0D0E-364E-1B36-05B890BB56A8 HTTP/1.1" 200 90149
192.99.35.94 - - [07/Mar/2025:02:46:51 +0100] "GET /ticket2/opencms/en/sell/?edid=FDE61440-0AFB-C810-FB76-DEDF52CF6305 HTTP/1.1" 302 -
95.217.114.173 - - [07/Mar/2025:02:46:55 +0100] "GET /ticket2/opencms/fi/buy/?page=1&edid=15663D62-2271-4E56-54F8-D55FBC72F26B HTTP/1.1" 200 111629
192.99.35.94 - - [07/Mar/2025:02:46:55 +0100] "GET /ticket2/opencms/en/login/?edid=FDE61440-0AFB-C810-FB76-DEDF52CF6305 HTTP/1.1" 200 90109
216.244.66.238 - - [07/Mar/2025:02:46:57 +0100] "GET /ticket2/opencms/it/sport/biglietti-calcio/la-liga/valladolid HTTP/1.1" 500 -
194.120.230.215 - - [07/Mar/2025:02:46:58 +0100] "GET /cgi-bin/luci/;stok=/locale HTTP/1.1" 404 -
114.119.148.14 - - [07/Mar/2025:02:46:58 +0100] "GET /ticket2/opencms/es/buy/?page=1&edid=2E10707D-C051-6138-1E62-3BA0A6C4D8EB HTTP/1.1" 200 134683
47.128.63.36 - - [07/Mar/2025:02:46:58 +0100] "GET /ticket2/opencms/ga/buy/?edid=6DC3E8B1-EB9E-3B74-1E36-CDC7B60DF336 HTTP/1.1" 200 91553
192.99.35.94 - - [07/Mar/2025:02:46:59 +0100] "GET /ticket2/opencms/en/sell/?edid=0319A834-E4F8-1CF4-F8AD-79318D5E2742 HTTP/1.1" 302 -
47.128.25.196 - - [07/Mar/2025:02:47:02 +0100] "GET /ticket2/opencms/fi/urheilu/hockey/nhl/chicago_blackhawks/ HTTP/1.1" 500 -
192.99.35.94 - - [07/Mar/2025:02:47:03 +0100] "GET /ticket2/opencms/en/login/?edid=0319A834-E4F8-1CF4-F8AD-79318D5E2742 HTTP/1.1" 200 90050
20.171.207.36 - - [07/Mar/2025:02:47:03 +0100] "GET /ticket2/opencms/lv/sport/futbola-biletes/champions-league/malmo-ff HTTP/1.1" 500 -
40.77.167.58 - - [07/Mar/2025:02:47:05 +0100] "GET /ticket2/opencms/lt/?page=6&comcatid=A17713B6-D984-201A-4143-ED4DB5ED5C2E&catid=0A6C99D2-F5BD-7A18-9A5F-5668827042E0&eventid=95E8846F-148F-9D89-2E4D-7714EAEAF9EE HTTP/1.1" 200 105636
95.217.114.173 - - [07/Mar/2025:02:47:07 +0100] "GET /ticket2/opencms/fi/buy/?page=1&edid=15705079-07A0-9EB8-AFC6-C542FA813545 HTTP/1.1" 200 110592
114.119.157.112 - - [07/Mar/2025:02:47:07 +0100] "GET /ticket2/opencms/ru/buy/?page=1&edid=7286B940-9CC0-F0E9-1B74-D761FA8C7BFD HTTP/1.1" 200 110315
192.99.35.94 - - [07/Mar/2025:02:47:07 +0100] "GET /ticket2/opencms/en/sell/?edid=0477FD06-96DA-B114-0215-1A5B86788F96 HTTP/1.1" 302 -
192.99.35.94 - - [07/Mar/2025:02:47:12 +0100] "GET /ticket2/opencms/en/login/?edid=0477FD06-96DA-B114-0215-1A5B86788F96 HTTP/1.1" 200 90087
185.191.171.3 - - [07/Mar/2025:02:47:15 +0100] "GET /ticket2/opencms/en/magazine/article?title=emirates-stadium-an-iconic-arena HTTP/1.1" 200 93600
114.119.151.93 - - [07/Mar/2025:02:47:15 +0100] "GET /ticket2/opencms/en/buy/?page=1&edid=47C0370F-9915-7673-E038-7AD65907592C HTTP/1.1" 200 132689
192.99.35.94 - - [07/Mar/2025:02:47:16 +0100] "GET /ticket2/opencms/en/sell/?edid=080DEC25-34C8-7AA7-E30D-904E332D4A16 HTTP/1.1" 302 -
95.217.114.173 - - [07/Mar/2025:02:47:17 +0100] "GET /ticket2/opencms/fi/buy/?page=1&edid=1588A1CD-6C69-C1AB-D2FD-3B0F855D590E HTTP/1.1" 200 112315
114.119.154.81 - - [07/Mar/2025:02:47:18 +0100] "GET /ticket2/opencms/en/venue/?venueid=C38732EA-BD5E-1623-DC42-554FD22C8388 HTTP/1.1" 200 85392
85.208.96.210 - - [07/Mar/2025:02:47:19 +0100] "GET /ticket2/opencms/hr/magazine/article?title=novi-kapetan-dejan-kulusevski HTTP/1.1" 200 92008
114.119.145.123 - - [07/Mar/2025:02:47:20 +0100] "GET /ticket2/opencms/ru/buy/?page=1&edid=97EF8727-185B-E0E4-23CB-D4822DB3D47D HTTP/1.1" 200 109090
192.99.35.94 - - [07/Mar/2025:02:47:20 +0100] "GET /ticket2/opencms/en/login/?edid=080DEC25-34C8-7AA7-E30D-904E332D4A16 HTTP/1.1" 200 90149
52.167.144.192 - - [07/Mar/2025:02:47:21 +0100] "GET /ticket2/opencms/is/buy/?page=1&edid=2F8D86DC-3D35-2794-A0F5-82293B031E92 HTTP/1.1" 200 111867
52.167.144.192 - - [07/Mar/2025:02:47:22 +0100] "GET /ticket2/opencms/ka/buy/?page=1&edid=E02CECDE-C73F-D2CB-A0E2-52EF212A9F2B HTTP/1.1" 200 116954
66.249.65.196 - - [07/Mar/2025:02:47:22 +0100] "GET /ticket2/opencms/lt/buy?page=1&edid=FD52398C-F7D7-F542-DD8C-96DBE2E8DDC3 HTTP/1.1" 200 111565
185.191.171.15 - - [07/Mar/2025:02:47:22 +0100] "GET /ticket2/opencms/dk/sport/fodboldbilletter/champions-league/shakhtar-donetsk HTTP/1.1" 500 -
114.119.136.30 - - [07/Mar/2025:02:47:23 +0100] "GET /ticket2/opencms/be/buy?page=1&=546AD5AB-1754-5620-14BC-9F0920AFB7E2 HTTP/1.1" 200 -
192.99.35.94 - - [07/Mar/2025:02:47:24 +0100] "GET /ticket2/opencms/en/sell/?edid=09DE46D7-1C1F-33BE-37FA-869EBDC3AD7C HTTP/1.1" 302 -
216.244.66.238 - - [07/Mar/2025:02:47:24 +0100] "GET /ticket2/opencms/nl/buy?page=1&edid=5213BBB3-67CD-163B-C256-72C4ACAB1B00 HTTP/1.1" 200 106257
52.167.144.218 - - [07/Mar/2025:02:47:25 +0100] "GET /ticket2/opencms/sl/buy?comcatid=A17713B6-D984-201A-4143-ED4DB5ED5C2E&catid=82F804FA-9F69-CB6B-D41D-7BF7C716058B HTTP/1.1" 200 103314
185.191.171.3 - - [07/Mar/2025:02:47:26 +0100] "GET /ticket2/opencms/mt/about/press HTTP/1.1" 200 89032
95.217.114.173 - - [07/Mar/2025:02:47:28 +0100] "GET /ticket2/opencms/fi/buy/?page=1&edid=158AAD1C-3347-B91E-2140-7855C5F5887E HTTP/1.1" 200 108382
192.99.35.94 - - [07/Mar/2025:02:47:28 +0100] "GET /ticket2/opencms/en/login/?edid=09DE46D7-1C1F-33BE-37FA-869EBDC3AD7C HTTP/1.1" 200 90124
20.171.207.36 - - [07/Mar/2025:02:47:29 +0100] "GET /ticket2/opencms/el/standard/ HTTP/1.1" 500 -
85.208.96.193 - - [07/Mar/2025:02:47:31 +0100] "GET /ticket2/opencms/dk/magazine/article?title=chelsea-mod-tottenham-2-0 HTTP/1.1" 200 93455
66.249.65.236 - - [07/Mar/2025:02:47:31 +0100] "GET /ticket2/opencms/sv/buy/?page=1&edid=A9140ADD-E008-579D-7865-3C1E6B6E78F6 HTTP/1.1" 200 110539
85.208.96.203 - - [07/Mar/2025:02:47:31 +0100] "GET /ticket2/opencms/es/magazine/article?title=hugo-larsson-el-joven-de-20-anos-que-va-de-exito-en-exito HTTP/1.1" 200 96086
192.99.35.94 - - [07/Mar/2025:02:47:31 +0100] "GET /ticket2/opencms/en/sell/?edid=11E0F3F3-866B-8B11-2E4F-E306B11A08DD HTTP/1.1" 302 -
192.99.35.94 - - [07/Mar/2025:02:47:36 +0100] "GET /ticket2/opencms/en/login/?edid=11E0F3F3-866B-8B11-2E4F-E306B11A08DD HTTP/1.1" 200 90101
173.252.107.2 - - [07/Mar/2025:02:47:36 +0100] "GET /ticket2/opencms/az/buy_safety HTTP/1.1" 200 89667
95.217.114.173 - - [07/Mar/2025:02:47:39 +0100] "GET /ticket2/opencms/fi/buy/?page=1&edid=15AF8D2B-EC86-F832-6A25-EDE861BB730F HTTP/1.1" 200 111521
192.99.35.94 - - [07/Mar/2025:02:47:39 +0100] "GET /ticket2/opencms/en/sell/?edid=124781BD-55D1-347C-3E0C-E088BD538B9A HTTP/1.1" 302 -
54.36.148.63 - - [07/Mar/2025:02:47:40 +0100] "GET /ticket2/opencms/de/sport/fussball-tickets/ HTTP/1.1" 200 94887
192.99.35.94 - - [07/Mar/2025:02:47:44 +0100] "GET /ticket2/opencms/en/login/?edid=124781BD-55D1-347C-3E0C-E088BD538B9A HTTP/1.1" 200 90155
40.77.167.58 - - [07/Mar/2025:02:47:45 +0100] "GET /ticket2/opencms/ro/buy/?page=1&edid=23688B8D-8D21-EBA0-1897-8BC6CFFE57DE HTTP/1.1" 200 111011
52.167.144.167 - - [07/Mar/2025:02:47:47 +0100] "GET /ticket2/opencms/sv/buy/?comcatid=97ECA65A-72DA-F9AF-9DBB-245D3CFED1BE&catid=81B744E7-1FEE-E757-C0AB-C7AF73CDE252 HTTP/1.1" 200 98030
192.99.35.94 - - [07/Mar/2025:02:47:48 +0100] "GET /ticket2/opencms/en/sell/?edid=149E4898-886E-801A-DF9C-A6639D44D86F HTTP/1.1" 302 -
85.208.96.209 - - [07/Mar/2025:02:47:48 +0100] "GET /ticket2/opencms/sq/magazine/article?title=koncepte-te-zakonshme-ne-futboll HTTP/1.1" 200 96847
95.217.114.173 - - [07/Mar/2025:02:47:49 +0100] "GET /ticket2/opencms/fi/buy/?page=1&edid=15EB8492-E613-A503-0EBC-61EBB18066B8 HTTP/1.1" 200 111024
157.55.39.48 - - [07/Mar/2025:02:47:50 +0100] "GET /ticket2/opencms/bg/buy?page=1&edid=41CD7066-237A-B852-387D-3D5D7B688DF9 HTTP/1.1" 200 138176
192.99.35.94 - - [07/Mar/2025:02:47:52 +0100] "GET /ticket2/opencms/en/login/?edid=149E4898-886E-801A-DF9C-A6639D44D86F HTTP/1.1" 200 90105
192.99.35.94 - - [07/Mar/2025:02:47:55 +0100] "GET /ticket2/opencms/en/sell/?edid=15EB8492-E613-A503-0EBC-61EBB18066B8 HTTP/1.1" 302 -
95.217.114.173 - - [07/Mar/2025:02:47:58 +0100] "GET /ticket2/opencms/fi/buy/?page=1&edid=1612E381-7260-0090-9248-B71DAF9DCAFF HTTP/1.1" 200 110661
192.99.35.94 - - [07/Mar/2025:02:48:00 +0100] "GET /ticket2/opencms/en/login/?edid=15EB8492-E613-A503-0EBC-61EBB18066B8 HTTP/1.1" 200 90136
185.191.171.15 - - [07/Mar/2025:02:48:02 +0100] "GET /ticket2/opencms/fr/sport/billets-football/premier_league/newcastle-united/ HTTP/1.1" 200 96928
192.99.35.94 - - [07/Mar/2025:02:48:04 +0100] "GET /ticket2/opencms/en/sell/?edid=1DFA0E22-C962-FF1B-3BAF-2883C20EA7B5 HTTP/1.1" 302 -
192.99.35.94 - - [07/Mar/2025:02:48:08 +0100] "GET /ticket2/opencms/en/login/?edid=1DFA0E22-C962-FF1B-3BAF-2883C20EA7B5 HTTP/1.1" 200 90191
185.191.171.16 - - [07/Mar/2025:02:48:09 +0100] "GET /ticket2/opencms/lt/sport/futbolo-bilietai/english-championship/norwich-city HTTP/1.1" 404 -
95.217.114.173 - - [07/Mar/2025:02:48:09 +0100] "GET /ticket2/opencms/fi/buy/?page=1&edid=162DF8A0-E27C-96E7-047B-7AB7C045F4D1 HTTP/1.1" 200 111805
85.208.96.211 - - [07/Mar/2025:02:48:11 +0100] "GET /ticket2/opencms/ka/sport/pekhburti-biletebi/english-championship/west-bromwich-albion HTTP/1.1" 404 -
192.99.35.94 - - [07/Mar/2025:02:48:12 +0100] "GET /ticket2/opencms/en/sell/?edid=1E779CD0-B181-DF0A-C0F1-0F4838D81E3C HTTP/1.1" 302 -
114.119.151.50 - - [07/Mar/2025:02:48:12 +0100] "GET /ticket2/opencms/ru/buy/?page=1&edid=6A9B8AE9-F064-A767-F60E-24CE5FF7ED58 HTTP/1.1" 200 109206
114.119.140.85 - - [07/Mar/2025:02:48:12 +0100] "GET /ticket2/opencms/en/buy/?page=10&eventid=53F27A05-DBF6-27A7-B680-C587F93AF7CA&venueid=853E22E8-AAA5-D638-4DB5-6F3AE80E94F8 HTTP/1.1" 200 96244
178.156.149.65 - - [07/Mar/2025:02:48:13 +0100] "GET /ticket2/opencms/es/buy/?page=1&edid=9905BE36-3483-E35C-D446-E28B848EF37B HTTP/1.1" 200 121760
47.128.118.195 - - [07/Mar/2025:02:48:14 +0100] "GET /ticket2/opencms/sv/buy/?edid=582C4192-AED1-C43A-6B53-0F2BB3B8E830 HTTP/1.1" 200 91261
192.99.35.94 - - [07/Mar/2025:02:48:17 +0100] "GET /ticket2/opencms/en/login/?edid=1E779CD0-B181-DF0A-C0F1-0F4838D81E3C HTTP/1.1" 200 90203
66.249.65.35 - - [07/Mar/2025:02:48:20 +0100] "GET /ticket2/opencms/es/magazine/article?title=burnley-fc HTTP/1.1" 200 92360
192.99.35.94 - - [07/Mar/2025:02:48:21 +0100] "GET /ticket2/opencms/en/sell/?edid=1F639E94-CF6E-403B-2FCC-FBB087375287 HTTP/1.1" 302 -
95.217.114.173 - - [07/Mar/2025:02:48:21 +0100] "GET /ticket2/opencms/fi/buy/?page=1&edid=16764689-94D8-FA59-8749-600A35CD48F0 HTTP/1.1" 200 111602
114.119.143.233 - - [07/Mar/2025:02:48:22 +0100] "GET /ticket2/opencms/be/buy?page=1&=4FA830E2-C33E-85F2-48C9-4764419401D5 HTTP/1.1" 200 -
47.128.99.119 - - [07/Mar/2025:02:48:24 +0100] "GET /ticket2/opencms/ga/buy/?edid=F1463EBE-6C18-CF49-B2AE-F79868BCA4F5 HTTP/1.1" 200 91614
192.99.35.94 - - [07/Mar/2025:02:48:25 +0100] "GET /ticket2/opencms/en/login/?edid=1F639E94-CF6E-403B-2FCC-FBB087375287 HTTP/1.1" 200 90144
185.191.171.6 - - [07/Mar/2025:02:48:27 +0100] "GET /ticket2/opencms/sv/sport/fotbollsbiljetter/uefa-champions-league/final/ HTTP/1.1" 500 -
192.99.35.94 - - [07/Mar/2025:02:48:29 +0100] "GET /ticket2/opencms/en/sell/?edid=1FD00E9B-3A03-E379-9B08-FF7D16F1A6A6 HTTP/1.1" 302 -
89.200.205.45 - - [07/Mar/2025:02:48:30 +0100] "GET /ticket2/opencms/robots.txt HTTP/1.1" 200 773
192.99.35.94 - - [07/Mar/2025:02:48:33 +0100] "GET /ticket2/opencms/en/login/?edid=1FD00E9B-3A03-E379-9B08-FF7D16F1A6A6 HTTP/1.1" 200 90202
20.171.207.36 - - [07/Mar/2025:02:48:33 +0100] "GET /ticket2/opencms/sq/sport/bileta-per-futboll/champions-league/lazio HTTP/1.1" 500 -
114.119.159.129 - - [07/Mar/2025:02:48:34 +0100] "GET /ticket2/opencms/en/venue/?venueid=BF81F57B-2AD9-D1E3-4885-A9DA4B970272 HTTP/1.1" 200 85495
95.217.114.173 - - [07/Mar/2025:02:48:36 +0100] "GET /ticket2/opencms/fi/buy/?page=1&edid=16DF4F89-CF63-B3A5-B46F-2FDA2C36FEB5 HTTP/1.1" 200 108500
192.99.35.94 - - [07/Mar/2025:02:48:36 +0100] "GET /ticket2/opencms/en/sell/?edid=206313F9-F1C3-43C5-E48A-FCCE37D5461A HTTP/1.1" 302 -
173.252.107.2 - - [07/Mar/2025:02:48:39 +0100] "GET /ticket2/opencms/en/buy?page=1&edid=A9801416-AE3B-7D1A-1B34-1269835EE309 HTTP/1.1" 200 109339
114.119.157.43 - - [07/Mar/2025:02:48:40 +0100] "GET /ticket2/opencms/be/buy?page=1&=4CF2DB30-9141-FCE3-5D6B-22878A1E9527 HTTP/1.1" 200 -
192.99.35.94 - - [07/Mar/2025:02:48:40 +0100] "GET /ticket2/opencms/en/login/?edid=206313F9-F1C3-43C5-E48A-FCCE37D5461A HTTP/1.1" 200 90067
192.99.35.94 - - [07/Mar/2025:02:48:44 +0100] "GET /ticket2/opencms/en/sell/?edid=23462A4C-8725-82B5-7A63-462FC0C8A36E HTTP/1.1" 302 -
40.77.167.58 - - [07/Mar/2025:02:48:45 +0100] "GET /ticket2/opencms/en/buy?page=1&edid=19D8DF2D-F98F-516A-0C52-7520D8E30285 HTTP/1.1" 200 110284
95.217.114.173 - - [07/Mar/2025:02:48:45 +0100] "GET /ticket2/opencms/fi/buy/?page=1&edid=16EAA913-BDD7-71B4-3AB2-82DBC76964E3 HTTP/1.1" 200 110810
40.77.167.58 - - [07/Mar/2025:02:48:47 +0100] "GET /ticket2/opencms/sk/buy?page=1&edid=6B4CDBD6-BDDC-916F-3BE2-76308B9E5CBF HTTP/1.1" 200 111902
192.99.35.94 - - [07/Mar/2025:02:48:49 +0100] "GET /ticket2/opencms/en/login/?edid=23462A4C-8725-82B5-7A63-462FC0C8A36E HTTP/1.1" 200 90116
114.119.152.77 - - [07/Mar/2025:02:48:51 +0100] "GET /ticket2/opencms/ru/buy/?page=1&edid=8C683308-F1E4-E41D-F834-BFDFCEAEC74C HTTP/1.1" 200 109975
192.99.35.94 - - [07/Mar/2025:02:48:52 +0100] "GET /ticket2/opencms/en/sell/?edid=238FA49B-72B2-BE0E-F204-90EDB39CCE4C HTTP/1.1" 302 -
95.217.114.173 - - [07/Mar/2025:02:48:55 +0100] "GET /ticket2/opencms/fi/buy/?page=1&edid=1702263D-D572-F8BF-DE0E-23917DE6133F HTTP/1.1" 200 111708
192.99.35.94 - - [07/Mar/2025:02:48:56 +0100] "GET /ticket2/opencms/en/login/?edid=238FA49B-72B2-BE0E-F204-90EDB39CCE4C HTTP/1.1" 200 90128
157.55.39.59 - - [07/Mar/2025:02:49:00 +0100] "GET /ticket2/opencms/nl/magazine/article?title=jurgen-klopp-verlaat-liverpool-een-succesverhaal-op-anfield HTTP/1.1" 200 94113
192.99.35.94 - - [07/Mar/2025:02:49:00 +0100] "GET /ticket2/opencms/en/sell/?edid=258C096E-CB88-FAB5-BED7-1612D258C46A HTTP/1.1" 302 -
52.167.144.218 - - [07/Mar/2025:02:49:04 +0100] "GET /ticket2/opencms/fi/buy/?page=1&edid=9EDB7F86-26E1-C3B9-F18D-B7CE7EC54CD3 HTTP/1.1" 200 108340
192.99.35.94 - - [07/Mar/2025:02:49:04 +0100] "GET /ticket2/opencms/en/login/?edid=258C096E-CB88-FAB5-BED7-1612D258C46A HTTP/1.1" 200 90138
85.208.96.204 - - [07/Mar/2025:02:49:05 +0100] "GET /ticket2/opencms/hu/login/?url=%25252Fhu%25252Fsell%25252F HTTP/1.1" 200 91966
52.167.144.218 - - [07/Mar/2025:02:49:05 +0100] "GET /ticket2/opencms/nl/buy/?page=6&comcatid=A17713B6-D984-201A-4143-ED4DB5ED5C2E&catid=0A6C99D2-F5BD-7A18-9A5F-5668827042E0&eventid=04745230-C0F0-DC87-23F9-862A2DFE2F25 HTTP/1.1" 200 111469
192.99.35.94 - - [07/Mar/2025:02:49:08 +0100] "GET /ticket2/opencms/en/sell/?edid=266863E9-0D4A-8983-3D6E-89AEC4F0BA41 HTTP/1.1" 302 -
95.217.114.173 - - [07/Mar/2025:02:49:10 +0100] "GET /ticket2/opencms/fi/buy/?page=1&edid=1704DC47-D333-EEEA-B66A-BC4C3DDB8A1C HTTP/1.1" 200 112097
85.208.96.199 - - [07/Mar/2025:02:49:11 +0100] "GET /ticket2/opencms/mt/magazine/article?title=brighton-and-hove-albion HTTP/1.1" 200 93087
192.99.35.94 - - [07/Mar/2025:02:49:12 +0100] "GET /ticket2/opencms/en/login/?edid=266863E9-0D4A-8983-3D6E-89AEC4F0BA41 HTTP/1.1" 200 90047
192.99.35.94 - - [07/Mar/2025:02:49:16 +0100] "GET /ticket2/opencms/en/sell/?edid=26FF4CAE-0AB1-26F3-524A-CA6FA2A5B775 HTTP/1.1" 302 -
114.119.130.91 - - [07/Mar/2025:02:49:18 +0100] "GET /ticket2/opencms/en/buy/?page=10&eventid=2B77360C-773A-8230-F965-6A3D913481EC&venueid=665605D3-62A4-ADC3-6DF2-C7BBE2C5024A HTTP/1.1" 200 96577
192.99.35.94 - - [07/Mar/2025:02:49:20 +0100] "GET /ticket2/opencms/en/login/?edid=26FF4CAE-0AB1-26F3-524A-CA6FA2A5B775 HTTP/1.1" 200 90136
192.99.35.94 - - [07/Mar/2025:02:49:24 +0100] "GET /ticket2/opencms/en/sell/?edid=2780A5A8-28E9-C64D-652F-2BFB7602C631 HTTP/1.1" 302 -
95.217.114.173 - - [07/Mar/2025:02:49:24 +0100] "GET /ticket2/opencms/fi/buy/?page=1&edid=17229D35-3D33-BA4B-D9CE-ADD5520AE6FB HTTP/1.1" 200 110496
47.128.40.91 - - [07/Mar/2025:02:49:26 +0100] "GET /ticket2/opencms/sv/buy?edid=3057AE90-BB1D-FEC9-121D-20C3678F7EBA HTTP/1.1" 200 91191
185.191.171.9 - - [07/Mar/2025:02:49:27 +0100] "GET /ticket2/opencms/en/magazine/article?title=everton HTTP/1.1" 200 90565
192.99.35.94 - - [07/Mar/2025:02:49:28 +0100] "GET /ticket2/opencms/en/login/?edid=2780A5A8-28E9-C64D-652F-2BFB7602C631 HTTP/1.1" 200 90183
192.99.35.94 - - [07/Mar/2025:02:49:31 +0100] "GET /ticket2/opencms/en/sell/?edid=2820E82E-1E9F-AF59-3116-80DB3C0051A4 HTTP/1.1" 302 -
85.208.96.195 - - [07/Mar/2025:02:49:31 +0100] "GET /ticket2/opencms/sv/about/press/ HTTP/1.1" 200 91519
114.119.157.43 - - [07/Mar/2025:02:49:33 +0100] "GET /ticket2/opencms/be/buy?page=1&=46387882-96DC-F7A5-D33D-152A1A6DE740 HTTP/1.1" 200 -
192.99.35.94 - - [07/Mar/2025:02:49:35 +0100] "GET /ticket2/opencms/en/login/?edid=2820E82E-1E9F-AF59-3116-80DB3C0051A4 HTTP/1.1" 200 90135
20.171.207.36 - - [07/Mar/2025:02:49:36 +0100] "GET /ticket2/opencms/sq/sport/bileta-per-futboll/bundesliga/heidenheim/ HTTP/1.1" 200 98931
95.217.114.173 - - [07/Mar/2025:02:49:38 +0100] "GET /ticket2/opencms/fi/buy/?page=1&edid=17644B1D-96B7-5921-016D-CFFC93315595 HTTP/1.1" 200 107797
173.252.87.6 - - [07/Mar/2025:02:49:38 +0100] "GET /ticket2/opencms/de/sport/fussball-tickets/premier_league/aston-villa/ HTTP/1.1" 200 101318
192.99.35.94 - - [07/Mar/2025:02:49:39 +0100] "GET /ticket2/opencms/en/sell/?edid=28A78875-6E8A-83A1-C3FA-6534C0763257 HTTP/1.1" 302 -
192.99.35.94 - - [07/Mar/2025:02:49:43 +0100] "GET /ticket2/opencms/en/login/?edid=28A78875-6E8A-83A1-C3FA-6534C0763257 HTTP/1.1" 200 90157
114.119.159.237 - - [07/Mar/2025:02:49:44 +0100] "GET /ticket2/opencms/en/venue/?venueid=B018F6AA-7433-F5A3-DE82-1992F037E01C HTTP/1.1" 200 85397
194.120.230.215 - - [07/Mar/2025:02:49:44 +0100] "GET /ticket2/opencms/de/cgi-bin/luci/;stok=/locale HTTP/1.1" 404 -
192.99.35.94 - - [07/Mar/2025:02:49:47 +0100] "GET /ticket2/opencms/en/sell/?edid=29B573D8-16F6-7556-60C3-0029DCFF0A60 HTTP/1.1" 302 -
185.191.171.18 - - [07/Mar/2025:02:49:47 +0100] "GET /ticket2/opencms/en/sport/football-tickets/champions-league/inter HTTP/1.1" 500 -
47.128.99.124 - - [07/Mar/2025:02:49:50 +0100] "GET /ticket2/opencms/hr/magazine/article?title=crystal-palace-najbolji-navijaci-premier-lige HTTP/1.1" 200 94363
192.99.35.94 - - [07/Mar/2025:02:49:51 +0100] "GET /ticket2/opencms/en/login/?edid=29B573D8-16F6-7556-60C3-0029DCFF0A60 HTTP/1.1" 200 90142
95.217.114.173 - - [07/Mar/2025:02:49:54 +0100] "GET /ticket2/opencms/fi/buy/?page=1&edid=1774DA90-1210-0FE4-2949-90A20E119D0F HTTP/1.1" 200 90272
192.99.35.94 - - [07/Mar/2025:02:49:55 +0100] "GET /ticket2/opencms/en/sell/?edid=2BB46C82-776D-790E-346D-8BB7292ADA6F HTTP/1.1" 302 -
152.53.18.44 - - [07/Mar/2025:02:49:56 +0100] "GET /ticket2/opencms/de/buy/?page=1&edid=8F340A1C-D664-7FDD-8257-FE31525DAB7C HTTP/1.1" 200 111866
52.167.144.218 - - [07/Mar/2025:02:49:57 +0100] "GET /ticket2/opencms/sr/?page=6&comcatid=A17713B6-D984-201A-4143-ED4DB5ED5C2E&catid=A3372871-3019-08B8-80CE-74B78F441ACA HTTP/1.1" 200 106348
66.249.65.34 - - [07/Mar/2025:02:49:57 +0100] "GET /ticket2/opencms/fi/venue/?countryid=44E342A3-ABB4-8C4C-D9AB-B83FB043D424 HTTP/1.1" 200 116209
114.119.139.202 - - [07/Mar/2025:02:49:58 +0100] "GET /ticket2/opencms/ru/buy/?page=1&edid=18D97465-EEB6-4BBF-26A2-1EC86FEFCEB7 HTTP/1.1" 200 110179
192.99.35.94 - - [07/Mar/2025:02:49:59 +0100] "GET /ticket2/opencms/en/login/?edid=2BB46C82-776D-790E-346D-8BB7292ADA6F HTTP/1.1" 200 90048
52.167.144.218 - - [07/Mar/2025:02:49:59 +0100] "GET /ticket2/opencms/fi/buy?page=1&edid=03C08C39-501F-FF78-A958-5E62ADCE683F HTTP/1.1" 200 111644
192.99.35.94 - - [07/Mar/2025:02:50:02 +0100] "GET /ticket2/opencms/en/sell/?edid=32A8F56D-1146-586D-D282-0D84CEE4FD54 HTTP/1.1" 302 -
40.77.167.58 - - [07/Mar/2025:02:50:04 +0100] "GET /ticket2/opencms/dk/buy?page=1&edid=D45BCB35-EE91-062B-5384-4218890EBB45 HTTP/1.1" 200 107228
192.99.35.94 - - [07/Mar/2025:02:50:06 +0100] "GET /ticket2/opencms/en/login/?edid=32A8F56D-1146-586D-D282-0D84CEE4FD54 HTTP/1.1" 200 90057
192.99.35.94 - - [07/Mar/2025:02:50:10 +0100] "GET /ticket2/opencms/en/sell/?edid=33B4D21A-76B6-3B7A-0CFB-A0A3BAC27DB5 HTTP/1.1" 302 -
95.217.114.173 - - [07/Mar/2025:02:50:13 +0100] "GET /ticket2/opencms/fi/buy/?page=1&edid=1776BEEA-6AFA-9641-CE31-37908B0F7FE4 HTTP/1.1" 200 112233
192.99.35.94 - - [07/Mar/2025:02:50:14 +0100] "GET /ticket2/opencms/en/login/?edid=33B4D21A-76B6-3B7A-0CFB-A0A3BAC27DB5 HTTP/1.1" 200 90149
192.99.35.94 - - [07/Mar/2025:02:50:18 +0100] "GET /ticket2/opencms/en/sell/?edid=33F56A09-80B7-AAA0-3CD6-4B4F5E173409 HTTP/1.1" 302 -
85.208.96.201 - - [07/Mar/2025:02:50:20 +0100] "GET /ticket2/opencms/sk/magazine/article?title=analyza-o-kolko-vzrastli-ceny-listkov-v-premier-league-liverpool-a-arsenal-su-najdrahsie HTTP/1.1" 200 101051
192.99.35.94 - - [07/Mar/2025:02:50:22 +0100] "GET /ticket2/opencms/en/login/?edid=33F56A09-80B7-AAA0-3CD6-4B4F5E173409 HTTP/1.1" 200 90105
114.119.135.171 - - [07/Mar/2025:02:50:22 +0100] "GET /ticket2/opencms/ru/buy/?page=1&edid=624AE601-8C9B-F20A-E26A-7B0F6CDD17B5 HTTP/1.1" 200 109186
66.249.65.233 - - [07/Mar/2025:02:50:23 +0100] "GET /ticket2/opencms/el/magazine/article?title=nikhths-ths-xryshs-mpalas-2024 HTTP/1.1" 200 96988
66.249.65.196 - - [07/Mar/2025:02:50:24 +0100] "GET /ticket2/opencms/lt/buy?page=1&edid=8DE1C2CA-7119-0E71-F915-F372DB5EBBBA HTTP/1.1" 200 111932
95.217.114.173 - - [07/Mar/2025:02:50:25 +0100] "GET /ticket2/opencms/fi/buy/?page=1&edid=1789EFF5-BF66-CA33-ACEE-5963FAAC8579 HTTP/1.1" 200 108472
185.191.171.13 - - [07/Mar/2025:02:50:25 +0100] "GET /ticket2/opencms/sv/sport/fotbollsbiljetter/premier_league/southampton/ HTTP/1.1" 200 94356
114.119.136.30 - - [07/Mar/2025:02:50:26 +0100] "GET /ticket2/opencms/be/buy?page=1&=3B4E0EA3-B775-35AA-67EB-62D962B0531D HTTP/1.1" 200 -
192.99.35.94 - - [07/Mar/2025:02:50:26 +0100] "GET /ticket2/opencms/en/sell/?edid=37A62C7A-4F64-DC1D-29D1-D3D9E8F83CB5 HTTP/1.1" 302 -
185.191.171.5 - - [07/Mar/2025:02:50:28 +0100] "GET /ticket2/opencms/hu/magazine/article?title=sved-tehetseg-lucas-bergvall-a-tottenham-hotspurnal-folytatja HTTP/1.1" 200 97505
192.99.35.94 - - [07/Mar/2025:02:50:30 +0100] "GET /ticket2/opencms/en/login/?edid=37A62C7A-4F64-DC1D-29D1-D3D9E8F83CB5 HTTP/1.1" 200 90131
47.128.97.7 - - [07/Mar/2025:02:50:32 +0100] "GET /ticket2/opencms/sl/buy/?edid=84C1C15E-A3CC-07A1-AA6A-061FC4B03894 HTTP/1.1" 200 91570
192.99.35.94 - - [07/Mar/2025:02:50:34 +0100] "GET /ticket2/opencms/en/sell/?edid=399D5857-E3F3-B9C2-E01C-0D17705EC245 HTTP/1.1" 302 -
85.208.96.203 - - [07/Mar/2025:02:50:35 +0100] "GET /ticket2/opencms/uk/magazine/article?title=bournemouth HTTP/1.1" 200 93945
95.217.114.173 - - [07/Mar/2025:02:50:36 +0100] "GET /ticket2/opencms/fi/buy/?page=1&edid=17ABEF83-A306-7DC9-F266-4B55FF85626E HTTP/1.1" 200 111181
192.99.35.94 - - [07/Mar/2025:02:50:37 +0100] "GET /ticket2/opencms/en/login/?edid=399D5857-E3F3-B9C2-E01C-0D17705EC245 HTTP/1.1" 200 90087
173.252.87.112 - - [07/Mar/2025:02:50:38 +0100] "GET /ticket2/opencms/fr/buy?page=1&edid=E31D9C99-2DE8-8C0A-8D0F-7CBF8922AD94 HTTP/1.1" 200 111608
66.249.65.195 - - [07/Mar/2025:02:50:38 +0100] "GET /ticket2/opencms/lt/buy?page=1&edid=6F379414-70C4-400F-51D2-AFD37C8F2BC7 HTTP/1.1" 200 135324
66.249.65.195 - - [07/Mar/2025:02:50:38 +0100] "GET /ticket2/opencms/sl/sell/ HTTP/1.1" 302 -
20.171.207.36 - - [07/Mar/2025:02:50:41 +0100] "GET /ticket2/opencms/cs/sport/fotbalove-listky/bundesliga/union_berlin/ HTTP/1.1" 200 98852
192.99.35.94 - - [07/Mar/2025:02:50:41 +0100] "GET /ticket2/opencms/en/sell/?edid=3F6A8792-7548-F993-C348-52429B326F12 HTTP/1.1" 302 -
192.99.35.94 - - [07/Mar/2025:02:50:45 +0100] "GET /ticket2/opencms/en/login/?edid=3F6A8792-7548-F993-C348-52429B326F12 HTTP/1.1" 200 90106
66.249.76.167 - - [07/Mar/2025:02:50:46 +0100] "GET /ticket2/opencms/sl/login/?url=/sl/sell/ HTTP/1.1" 200 91773
95.217.114.173 - - [07/Mar/2025:02:50:47 +0100] "GET /ticket2/opencms/fi/buy/?page=1&edid=17E24C11-FC8F-D475-1B0A-332A9CB78F89 HTTP/1.1" 200 112175
66.249.65.234 - - [07/Mar/2025:02:50:48 +0100] "GET /ticket2/opencms/et/buy?page=1&edid=DCF22239-47F2-2282-C13B-85FCE1D7C913 HTTP/1.1" 200 136121
192.99.35.94 - - [07/Mar/2025:02:50:50 +0100] "GET /ticket2/opencms/en/sell/?edid=41BD58EC-97A9-BC1A-D605-8084F23D76F6 HTTP/1.1" 302 -
114.119.150.22 - - [07/Mar/2025:02:50:52 +0100] "GET /ticket2/opencms/en/buy/?page=10&eventid=2AABFC37-1ABE-B4FE-6CDF-5944E61B04AA&venueid=D1E3CA2F-D440-9494-7505-2287047FEB0E HTTP/1.1" 200 92776
52.167.144.142 - - [07/Mar/2025:02:50:52 +0100] "GET /ticket2/opencms/ga/buy/?page=1&edid=65FEF73C-F65F-4957-0F47-673C50411D15 HTTP/1.1" 200 112230
192.99.35.94 - - [07/Mar/2025:02:50:54 +0100] "GET /ticket2/opencms/en/login/?edid=41BD58EC-97A9-BC1A-D605-8084F23D76F6 HTTP/1.1" 200 90121
85.208.96.212 - - [07/Mar/2025:02:50:57 +0100] "GET /ticket2/opencms/mt/sell/ HTTP/1.1" 302 -
192.99.35.94 - - [07/Mar/2025:02:50:58 +0100] "GET /ticket2/opencms/en/sell/?edid=4DBD6D1A-2DE2-2099-EC78-D24535430816 HTTP/1.1" 302 -
95.217.114.173 - - [07/Mar/2025:02:50:59 +0100] "GET /ticket2/opencms/fi/buy/?page=1&edid=182BA01E-B352-B234-D653-B191D7623F29 HTTP/1.1" 200 108450
85.208.96.201 - - [07/Mar/2025:02:51:00 +0100] "GET /ticket2/opencms/nl/magazine/article?title=wat-is-voetbal HTTP/1.1" 200 93081
47.128.58.219 - - [07/Mar/2025:02:51:02 +0100] "GET /ticket2/opencms/fi/venue/?venueid=0C57D9A1-BFBB-6B50-BD26-F99F2EBC7C94 HTTP/1.1" 200 86973
185.191.171.13 - - [07/Mar/2025:02:51:02 +0100] "GET /ticket2/opencms/mt/login/?url=%25252Fmt%25252Fsell%25252F HTTP/1.1" 200 91853
192.99.35.94 - - [07/Mar/2025:02:51:03 +0100] "GET /ticket2/opencms/en/login/?edid=4DBD6D1A-2DE2-2099-EC78-D24535430816 HTTP/1.1" 200 89999
47.128.58.219 - - [07/Mar/2025:02:51:03 +0100] "GET /ticket2/opencms/venue/stade_de_toulouse.png HTTP/1.1" 200 170440
40.77.167.58 - - [07/Mar/2025:02:51:04 +0100] "GET /ticket2/opencms/bs/buy/?page=1&edid=DEF18BF7-D4D8-7C12-E3C4-285BA6D3CB97 HTTP/1.1" 200 112330
85.208.96.206 - - [07/Mar/2025:02:51:06 +0100] "GET /ticket2/opencms/is/sport/fotbolti/serie-a/udinese/ HTTP/1.1" 500 -
192.99.35.94 - - [07/Mar/2025:02:51:06 +0100] "GET /ticket2/opencms/en/sell/?edid=4FAD1BD6-DF99-C994-2BAC-1FA11B49BBF7 HTTP/1.1" 302 -
