85.208.96.209 - - [07/Mar/2025:02:21:41 +0100] "GET /ticket2/opencms/hu/magazine/article?title=eb-kiemelkedo-jatekosok HTTP/1.1" 200 93975
95.217.114.173 - - [07/Mar/2025:02:21:41 +0100] "GET /ticket2/opencms/en/sport/football-tickets/serie_a/lazio/ HTTP/1.1" 200 97000
193.41.206.176 - - [07/Mar/2025:02:21:46 +0100] "GET /ticket2/opencms/public_root/.env HTTP/1.1" 404 -
95.217.114.173 - - [07/Mar/2025:02:21:47 +0100] "GET /ticket2/opencms/en/standard HTTP/1.1" 200 98583
95.217.114.173 - - [07/Mar/2025:02:21:51 +0100] "GET /ticket2/opencms/robots.txt HTTP/1.1" 200 773
40.77.167.22 - - [07/Mar/2025:02:21:51 +0100] "GET /ticket2/opencms/es/buy?comcatid=A17713B6-D984-201A-4143-ED4DB5ED5C2E&npage=1 HTTP/1.1" 200 260760
95.217.114.173 - - [07/Mar/2025:02:21:53 +0100] "GET /ticket2/opencms/fi HTTP/1.1" 200 105156
85.208.96.205 - - [07/Mar/2025:02:21:54 +0100] "GET /ticket2/opencms/sv/magazine/article?title=newcastle-upon-tyne HTTP/1.1" 200 92664
193.41.206.176 - - [07/Mar/2025:02:21:56 +0100] "GET /ticket2/opencms/question2/.env HTTP/1.1" 404 -
95.217.114.173 - - [07/Mar/2025:02:21:59 +0100] "GET /ticket2/opencms/fi/about/contact/ HTTP/1.1" 200 89448
40.77.167.154 - - [07/Mar/2025:02:22:02 +0100] "GET /ticket2/opencms/dk/buy?page=1&edid=08134107-A430-5E4C-8313-5084A279B461 HTTP/1.1" 200 109861
173.252.107.112 - - [07/Mar/2025:02:22:04 +0100] "GET /ticket2/opencms/mo/buy?page=1&edid=E9DB3A42-82BF-9B65-3ED4-EE5A32871388 HTTP/1.1" 200 112368
193.41.206.176 - - [07/Mar/2025:02:22:04 +0100] "GET /ticket2/opencms/rabbitmq-cluster/.env HTTP/1.1" 404 -
114.119.151.93 - - [07/Mar/2025:02:22:05 +0100] "GET /ticket2/opencms/be/buy?page=1&edid=4814AF54-3FC1-5F59-61CB-54A43FF24393 HTTP/1.1" 200 110806
114.119.152.134 - - [07/Mar/2025:02:22:07 +0100] "GET /ticket2/opencms/ru/buy/?page=1&edid=FDE29521-3045-A77D-76E2-3AD78B370696 HTTP/1.1" 200 110195
95.217.114.173 - - [07/Mar/2025:02:22:07 +0100] "GET /ticket2/opencms/fi/about/press/ HTTP/1.1" 200 90740
114.119.130.23 - - [07/Mar/2025:02:22:12 +0100] "GET /ticket2/opencms/it/magazine/article?title=sul-tottenham-hotspur-stadium HTTP/1.1" 200 98700
85.208.96.204 - - [07/Mar/2025:02:22:12 +0100] "GET /ticket2/opencms/is/magazine/article?title=luka-modric-heldur-afram-hja-real-madrid HTTP/1.1" 200 96658
95.217.114.173 - - [07/Mar/2025:02:22:13 +0100] "GET /ticket2/opencms/fi/buy/?comcatid=A17713B6-D984-201A-4143-ED4DB5ED5C2E&catid=&npage=1 HTTP/1.1" 200 263351
193.41.206.176 - - [07/Mar/2025:02:22:13 +0100] "GET /ticket2/opencms/rasax/.env HTTP/1.1" 404 -
95.217.114.173 - - [07/Mar/2025:02:22:18 +0100] "GET /ticket2/opencms/fi/buy/?comcatid=A17713B6-D984-201A-4143-ED4DB5ED5C2E&catid=&npage=5 HTTP/1.1" 200 259319
85.208.96.204 - - [07/Mar/2025:02:22:19 +0100] "GET /ticket2/opencms/no/magazine/article?title=em-sendinger HTTP/1.1" 200 93498
193.41.206.176 - - [07/Mar/2025:02:22:22 +0100] "GET /ticket2/opencms/redmine/.env HTTP/1.1" 404 -
52.167.144.194 - - [07/Mar/2025:02:22:23 +0100] "GET /ticket2/opencms/dk/magazine/article?title=neymar-en-af-verdens-dyreste-kob HTTP/1.1" 200 89703
95.217.114.173 - - [07/Mar/2025:02:22:23 +0100] "GET /ticket2/opencms/fi/buy/?comcatid=A17713B6-D984-201A-4143-ED4DB5ED5C2E&catid=&npage=6 HTTP/1.1" 200 259227
20.171.207.36 - - [07/Mar/2025:02:22:26 +0100] "GET /ticket2/opencms/sq/sport/bileta-per-futboll/champions-league/braga HTTP/1.1" 500 -
95.217.114.173 - - [07/Mar/2025:02:22:29 +0100] "GET /ticket2/opencms/fi/buy/?comcatid=A17713B6-D984-201A-4143-ED4DB5ED5C2E&catid=&npage=7 HTTP/1.1" 200 259318
194.120.230.215 - - [07/Mar/2025:02:22:29 +0100] "GET /ticket2/opencms/de/cgi-bin/luci/;stok=/locale HTTP/1.1" 404 -
40.77.167.22 - - [07/Mar/2025:02:22:31 +0100] "GET /ticket2/opencms/hu/buy/?page=1&edid=F8093B0F-0671-8BAD-4914-C12550D964A6 HTTP/1.1" 200 112084
193.41.206.176 - - [07/Mar/2025:02:22:31 +0100] "GET /ticket2/opencms/repos/.env HTTP/1.1" 404 -
54.36.148.104 - - [07/Mar/2025:02:22:32 +0100] "GET /ticket2/opencms/dk/sport/fodboldbilletter/serie-a/atalanta/ HTTP/1.1" 200 98328
40.77.167.27 - - [07/Mar/2025:02:22:33 +0100] "GET /ticket2/opencms/bs/buy?page=1&edid=3A721DB5-60D2-39FF-F283-980052663505 HTTP/1.1" 200 108396
40.77.167.27 - - [07/Mar/2025:02:22:34 +0100] "GET /ticket2/opencms/sv/buy?page=1&edid=38A9CF02-8181-1667-78E4-4388829901BC HTTP/1.1" 200 111785
95.217.114.173 - - [07/Mar/2025:02:22:36 +0100] "GET /ticket2/opencms/fi/buy/?comcatid=A17713B6-D984-201A-4143-ED4DB5ED5C2E&catid=&npage=8 HTTP/1.1" 200 259307
216.244.66.238 - - [07/Mar/2025:02:22:36 +0100] "GET /ticket2/opencms/de/buy/ HTTP/1.1" 200 89678
114.119.141.34 - - [07/Mar/2025:02:22:36 +0100] "GET /ticket2/opencms/en/buy/?page=6&comcatid=A17713B6-D984-201A-4143-ED4DB5ED5C2E&catid=06324577-7173-BAB0-146D-E644C912F7C1&eventid=3955041C-A5A8-372F-080F-328A7DECBBF6 HTTP/1.1" 200 105972
185.191.171.5 - - [07/Mar/2025:02:22:37 +0100] "GET /ticket2/opencms/no/sport/fotballsbilletter/la_liga/rayo_vallecano/ HTTP/1.1" 200 99531
185.191.171.5 - - [07/Mar/2025:02:22:40 +0100] "GET /ticket2/opencms/de/magazine/article?title=erling-braut-haaland HTTP/1.1" 200 93680
193.41.206.176 - - [07/Mar/2025:02:22:40 +0100] "GET /ticket2/resources/.env HTTP/1.1" 404 -
95.217.114.173 - - [07/Mar/2025:02:22:43 +0100] "GET /ticket2/opencms/fi/buy/?comcatid=A17713B6-D984-201A-4143-ED4DB5ED5C2E&catid=0A6C99D2-F5BD-7A18-9A5F-5668827042E0&npage=1 HTTP/1.1" 200 185447
85.208.96.212 - - [07/Mar/2025:02:22:45 +0100] "GET /ticket2/opencms/sq/about/press/ HTTP/1.1" 200 89222
193.41.206.176 - - [07/Mar/2025:02:22:48 +0100] "GET /ticket2/resources/docker/mysql/.env HTTP/1.1" 404 -
95.217.114.173 - - [07/Mar/2025:02:22:49 +0100] "GET /ticket2/opencms/fi/buy/?comcatid=A17713B6-D984-201A-4143-ED4DB5ED5C2E&catid=0A6C99D2-F5BD-7A18-9A5F-5668827042E0&npage=2 HTTP/1.1" 200 185432
20.171.207.36 - - [07/Mar/2025:02:22:50 +0100] "GET /ticket2/opencms/bg/sport/futbolni-bileti/champions-league/ac-milan HTTP/1.1" 500 -
173.252.83.6 - - [07/Mar/2025:02:22:50 +0100] "GET /ticket2/opencms/it/buy/?page=1&edid=35CC7524-8A7A-7EC1-48FD-F1742720F1A5 HTTP/1.1" 200 90153
40.77.167.22 - - [07/Mar/2025:02:22:52 +0100] "GET /ticket2/opencms/dk/buy?page=1&edid=F2CDADC4-EF6C-C259-F9D1-EA671C511115 HTTP/1.1" 200 107215
66.249.65.35 - - [07/Mar/2025:02:22:52 +0100] "GET /ticket2/opencms/es/magazine/article?title=declan-rice HTTP/1.1" 200 93371
40.77.167.22 - - [07/Mar/2025:02:22:53 +0100] "GET /ticket2/opencms/nl/buy?comcatid=66708183-7480-3365-06BF-DBF60280AB45&catid=05A94519-01D1-C86F-9031-84936B0B9DAE HTTP/1.1" 200 93122
193.41.206.176 - - [07/Mar/2025:02:22:57 +0100] "GET /ticket2/resources/docker/rabbitmq/.env HTTP/1.1" 404 -
40.77.167.27 - - [07/Mar/2025:02:22:57 +0100] "GET /ticket2/opencms/it/buy?page=1&edid=3D8F79F4-A4D7-A330-BF52-9DC53BC71CBE HTTP/1.1" 200 111206
47.128.35.121 - - [07/Mar/2025:02:22:58 +0100] "GET /ticket2/opencms/is/buy/?edid=F124BA86-A27C-2AAF-548B-4E7CAF608D73 HTTP/1.1" 200 91499
95.217.114.173 - - [07/Mar/2025:02:23:01 +0100] "GET /ticket2/opencms/fi/buy/?page=1&edid=000D793F-1AC0-34C5-B57A-39C22A80DC95 HTTP/1.1" 200 111684
40.77.167.154 - - [07/Mar/2025:02:23:02 +0100] "GET /ticket2/opencms/hr/buy?page=1&edid=E32CB158-4010-F4CB-7CEA-BC61CA678038 HTTP/1.1" 200 111986
95.217.114.173 - - [07/Mar/2025:02:23:06 +0100] "GET /ticket2/opencms/fi/buy/?page=1&edid=002D3FD4-C240-E703-E5D8-C2C49CF7FC33 HTTP/1.1" 200 111867
193.41.206.176 - - [07/Mar/2025:02:23:06 +0100] "GET /ticket2/opencms/resourcesync/.env HTTP/1.1" 404 -
95.217.114.173 - - [07/Mar/2025:02:23:11 +0100] "GET /ticket2/opencms/fi/buy/?page=1&edid=00395307-0A63-0E83-9014-280B0F4DA182 HTTP/1.1" 200 110812
114.119.152.134 - - [07/Mar/2025:02:23:12 +0100] "GET /ticket2/opencms/ru/buy/?page=1&edid=F2AAEAC6-0FA1-D834-2990-EDC1FBE1D38B HTTP/1.1" 200 109572
40.77.167.27 - - [07/Mar/2025:02:23:13 +0100] "GET /ticket2/opencms/lv/buy/?page=1&edid=F0845893-AB25-79ED-E273-8681A31846EB HTTP/1.1" 200 112307
193.41.206.176 - - [07/Mar/2025:02:23:16 +0100] "GET /ticket2/opencms/restapi/.env HTTP/1.1" 404 -
95.217.114.173 - - [07/Mar/2025:02:23:18 +0100] "GET /ticket2/opencms/fi/buy/?page=1&edid=003F8370-9494-DC59-44CA-EE2FF26A8516 HTTP/1.1" 200 110431
66.249.65.197 - - [07/Mar/2025:02:23:22 +0100] "GET /ticket2/opencms/en/search.html?searchQuery=tottenham&submit= HTTP/1.1" 200 104760
85.208.96.201 - - [07/Mar/2025:02:23:23 +0100] "GET /ticket2/opencms/de/sport/ HTTP/1.1" 200 93404
95.217.114.173 - - [07/Mar/2025:02:23:23 +0100] "GET /ticket2/opencms/fi/buy/?page=1&edid=00402A18-E6EE-9255-76F4-A0B97C91C54A HTTP/1.1" 200 111676
193.41.206.176 - - [07/Mar/2025:02:23:25 +0100] "GET /ticket2/opencms/robots/.env HTTP/1.1" 404 -
185.191.171.3 - - [07/Mar/2025:02:23:26 +0100] "GET /ticket2/opencms/ga/sport/ticeid-peile/english-championship/blackburn-rovers HTTP/1.1" 404 -
95.217.114.173 - - [07/Mar/2025:02:23:31 +0100] "GET /ticket2/opencms/fi/buy/?page=1&edid=004DEAFE-9FD7-E7A4-829C-A533CF17C7C9 HTTP/1.1" 200 112106
40.77.167.22 - - [07/Mar/2025:02:23:31 +0100] "GET /ticket2/opencms/sv/sell/?edid=2E0F9D8B-B935-D8FF-F146-190C8D9F09B8 HTTP/1.1" 302 -
193.41.206.176 - - [07/Mar/2025:02:23:35 +0100] "GET /ticket2/opencms/rosterBack/.env HTTP/1.1" 404 -
40.77.167.27 - - [07/Mar/2025:02:23:36 +0100] "GET /ticket2/opencms/ro/buy/?page=1&edid=315002FB-85E2-CDB5-2059-50E117E86B34 HTTP/1.1" 200 112831
114.119.159.237 - - [07/Mar/2025:02:23:37 +0100] "GET /ticket2/opencms/fr/magazine/article?title=eredivisie HTTP/1.1" 200 95755
69.171.230.4 - - [07/Mar/2025:02:23:38 +0100] "GET /ticket2/opencms/dk/buy/?page=1&edid=8551F24F-7E36-E365-707B-96D4F958640A HTTP/1.1" 200 110382
95.217.114.173 - - [07/Mar/2025:02:23:40 +0100] "GET /ticket2/opencms/fi/buy/?page=1&edid=007DD58E-9F47-4404-AD36-B42DD6D220DB HTTP/1.1" 200 110514
66.249.65.233 - - [07/Mar/2025:02:23:43 +0100] "GET /ticket2/opencms/dk/venue/?countryid=AC4C45B6-62CE-9E4E-735C-3EDAF240E46F HTTP/1.1" 200 115089
40.77.167.154 - - [07/Mar/2025:02:23:43 +0100] "GET /ticket2/opencms/be/?comcatid=A17713B6-D984-201A-4143-ED4DB5ED5C2E&catid=6BD6E0B0-84AF-3A0D-3851-C1357CE9B771 HTTP/1.1" 200 107255
193.41.206.176 - - [07/Mar/2025:02:23:44 +0100] "GET /ticket2/opencms/roundcubemail/.env HTTP/1.1" 404 -
66.249.76.44 - - [07/Mar/2025:02:23:44 +0100] "GET /ticket2/opencms/it/buy/?page=1&edid=496CD62B-3F1C-D34A-3597-57C5C053F18F HTTP/1.1" 200 120766
95.217.114.173 - - [07/Mar/2025:02:23:46 +0100] "GET /ticket2/opencms/fi/buy/?page=1&edid=00BA3A64-EDC5-90ED-4A19-9BAB3786C088 HTTP/1.1" 200 110594
85.208.96.212 - - [07/Mar/2025:02:23:48 +0100] "GET /ticket2/opencms/en/magazine/article?title=emirates-stadium HTTP/1.1" 200 93188
114.119.157.43 - - [07/Mar/2025:02:23:52 +0100] "GET /ticket2/opencms/be/buy?page=1&edid=118E47BF-C955-525A-E288-4BE392C3F248 HTTP/1.1" 200 111121
193.41.206.176 - - [07/Mar/2025:02:23:53 +0100] "GET /ticket2/opencms/run/.env HTTP/1.1" 404 -
95.217.114.173 - - [07/Mar/2025:02:23:53 +0100] "GET /ticket2/opencms/fi/buy/?page=1&edid=00BF24A8-B574-FBFD-89A8-C3542359D5CF HTTP/1.1" 200 110811
185.191.171.12 - - [07/Mar/2025:02:23:54 +0100] "GET /ticket2/opencms/no/sport/fotballsbilletter/serie_a/empoli/ HTTP/1.1" 500 -
20.171.207.36 - - [07/Mar/2025:02:23:54 +0100] "GET /ticket2/opencms/nl/sport/voetbal-tickets/premier_league/west_ham HTTP/1.1" 404 -
185.191.171.10 - - [07/Mar/2025:02:23:56 +0100] "GET /ticket2/opencms/cs/magazine/article?title=manchester-city-vs-queens-park-rangers HTTP/1.1" 200 95095
95.217.114.173 - - [07/Mar/2025:02:23:59 +0100] "GET /ticket2/opencms/fi/buy/?page=1&edid=014240CC-CE67-CDFD-9730-2B04B9CAA223 HTTP/1.1" 200 110520
193.41.206.176 - - [07/Mar/2025:02:24:02 +0100] "GET /ticket2/opencms/rust-backend/dao/.env HTTP/1.1" 404 -
95.217.114.173 - - [07/Mar/2025:02:24:04 +0100] "GET /ticket2/opencms/fi/buy/?page=1&edid=015460D5-B5C1-6931-8F34-86249C064A2D HTTP/1.1" 200 111693
95.217.114.173 - - [07/Mar/2025:02:24:10 +0100] "GET /ticket2/opencms/fi/buy/?page=1&edid=018D838D-ECBB-BF11-E5D8-35B0744B0EEA HTTP/1.1" 200 90253
66.249.65.236 - - [07/Mar/2025:02:24:11 +0100] "GET /ticket2/opencms/fr/buy/?page=1&edid=63B3C27F-3402-BA64-D032-5846FD6DB5B5 HTTP/1.1" 200 111427
193.41.206.176 - - [07/Mar/2025:02:24:11 +0100] "GET /ticket2/opencms/saas/.env HTTP/1.1" 404 -
95.217.114.173 - - [07/Mar/2025:02:24:15 +0100] "GET /ticket2/opencms/fi/buy/?page=1&edid=01A262FE-CD75-96BC-EB3A-7D77798F3053 HTTP/1.1" 200 112169
20.15.133.165 - - [07/Mar/2025:02:24:17 +0100] "GET /ticket2/opencms/robots.txt HTTP/1.1" 200 773
40.77.167.22 - - [07/Mar/2025:02:24:18 +0100] "GET /ticket2/opencms/it/buy?page=1&edid=97983A9B-8C85-C8F3-24BD-CF0E5B3E5B62 HTTP/1.1" 200 108383
95.217.114.173 - - [07/Mar/2025:02:24:20 +0100] "GET /ticket2/opencms/fi/buy/?page=1&edid=01A43DF5-256F-8380-5389-DDDBFA700A48 HTTP/1.1" 200 111719
193.41.206.176 - - [07/Mar/2025:02:24:20 +0100] "GET /ticket2/opencms/samples/docker/deploymentscripts/.env HTTP/1.1" 404 -
114.119.148.14 - - [07/Mar/2025:02:24:22 +0100] "GET /ticket2/opencms/pl/magazine/article?title=ruben-amorim-zostal-nowym-trenerem-manchester-united HTTP/1.1" 200 93697
173.252.69.2 - - [07/Mar/2025:02:24:23 +0100] "GET /ticket2/opencms/sq/buy/?page=1&edid=BC5D7CD2-EB5B-8786-D71A-5AE6232D27A7 HTTP/1.1" 200 112452
47.128.63.240 - - [07/Mar/2025:02:24:26 +0100] "GET /ticket2/opencms/fi/urheilu/hockey/nhl/chicago_blackhawks/ HTTP/1.1" 500 -
194.120.230.215 - - [07/Mar/2025:02:24:26 +0100] "GET /ticket2/opencms/de/cgi-bin/luci/;stok=/locale HTTP/1.1" 404 -
95.217.114.173 - - [07/Mar/2025:02:24:27 +0100] "GET /ticket2/opencms/fi/buy/?page=1&edid=01F2A948-87CA-060B-030E-779FF6FBE9B2 HTTP/1.1" 200 112324
85.208.96.197 - - [07/Mar/2025:02:24:28 +0100] "GET /ticket2/opencms/fi/urheilu/jalkapallo/ligue_1/lyon/ HTTP/1.1" 404 -
20.15.133.191 - - [07/Mar/2025:02:24:30 +0100] "GET /ticket2/opencms/en/venue/?countryid=FA8BEB57-7287-7F81-B4E1-A4D5981068EB HTTP/1.1" 200 114798
193.41.206.176 - - [07/Mar/2025:02:24:30 +0100] "GET /ticket2/opencms/scripts/.env HTTP/1.1" 404 -
95.217.114.173 - - [07/Mar/2025:02:24:37 +0100] "GET /ticket2/opencms/fi/buy/?page=1&edid=02057AB5-02FC-6F90-9153-B3AF0AF861F1 HTTP/1.1" 200 110551
85.208.96.193 - - [07/Mar/2025:02:24:39 +0100] "GET /ticket2/opencms/sv/magazine/article?title=allsvenskan-den-svenska-fotbollens-premier-league HTTP/1.1" 200 93381
193.41.206.176 - - [07/Mar/2025:02:24:40 +0100] "GET /ticket2/opencms/selfish-darling-backend/.env HTTP/1.1" 404 -
114.119.139.202 - - [07/Mar/2025:02:24:42 +0100] "GET /ticket2/opencms/ru/buy/?page=1&edid=E535014D-43B8-DCF9-3567-EB6C689DD87C HTTP/1.1" 200 110176
95.217.114.173 - - [07/Mar/2025:02:24:45 +0100] "GET /ticket2/opencms/fi/buy/?page=1&edid=0241D08A-A885-DD1A-F234-099E565AB7B3 HTTP/1.1" 200 108476
193.41.206.176 - - [07/Mar/2025:02:24:49 +0100] "GET /ticket2/opencms/serve-browserbench/.env HTTP/1.1" 404 -
114.119.141.178 - - [07/Mar/2025:02:24:52 +0100] "GET /ticket2/opencms/be/buy?page=1&edid=069EC406-6DFD-08ED-B6CC-A7E203415919 HTTP/1.1" 200 114277
95.217.114.173 - - [07/Mar/2025:02:24:52 +0100] "GET /ticket2/opencms/fi/buy/?page=1&edid=0245DD96-87E7-A659-0705-9F840BE12132 HTTP/1.1" 200 110726
40.77.167.3 - - [07/Mar/2025:02:24:53 +0100] "GET /ticket2/opencms/no/buy?page=1&edid=0A4C5CB0-F0A6-54DC-2247-30948B2E1AC0 HTTP/1.1" 200 110522
95.217.114.173 - - [07/Mar/2025:02:24:57 +0100] "GET /ticket2/opencms/fi/buy/?page=1&edid=025EADBA-4CCB-DA07-4742-9BE67C2EAFE5 HTTP/1.1" 200 111830
20.171.207.36 - - [07/Mar/2025:02:24:58 +0100] "GET /ticket2/opencms/uk/buy/?edid=4130944B-8419-6A0B-A839-9FB45260F568&page=1 HTTP/1.1" 200 113319
193.41.206.176 - - [07/Mar/2025:02:24:58 +0100] "GET /ticket2/opencms/server/.env HTTP/1.1" 404 -
95.217.114.173 - - [07/Mar/2025:02:25:03 +0100] "GET /ticket2/opencms/fi/buy/?page=1&edid=025EDADF-A6F5-941C-F1A5-97BAE37E9D91 HTTP/1.1" 200 111275
114.119.140.111 - - [07/Mar/2025:02:25:03 +0100] "GET /ticket2/opencms/es/buy?page=1&edid=06839E1C-8CA0-2766-B39C-B161E06D9E51 HTTP/1.1" 200 111879
69.171.230.4 - - [07/Mar/2025:02:25:07 +0100] "GET /ticket2/opencms/de/magazine/article?title=champions-league-tickets-auf-ticket2 HTTP/1.1" 200 98182
95.217.114.173 - - [07/Mar/2025:02:25:07 +0100] "GET /ticket2/opencms/fi/buy/?page=1&edid=02661326-E1DD-0F4F-AC34-16950AFACAB9 HTTP/1.1" 200 110901
193.41.206.176 - - [07/Mar/2025:02:25:08 +0100] "GET /ticket2/opencms/server/laravel/.env HTTP/1.1" 404 -
85.208.96.197 - - [07/Mar/2025:02:25:12 +0100] "GET /ticket2/opencms/tr/spor/futbol-biletleri/bundesliga HTTP/1.1" 200 103373
95.217.114.173 - - [07/Mar/2025:02:25:15 +0100] "GET /ticket2/opencms/fi/buy/?page=1&edid=02823846-D9F3-7FA7-0C10-0BC397185B83 HTTP/1.1" 200 112177
66.249.65.236 - - [07/Mar/2025:02:25:16 +0100] "GET /ticket2/opencms/it/buy/?page=1&edid=E812DC98-AE38-97F5-2101-8A924E9CC5AE HTTP/1.1" 200 120709
47.128.122.241 - - [07/Mar/2025:02:25:16 +0100] "GET /ticket2/opencms/sr/buy/?edid=51B4567B-19F2-A242-D969-4CD8EDBD80C5 HTTP/1.1" 200 92047
193.41.206.176 - - [07/Mar/2025:02:25:17 +0100] "GET /ticket2/opencms/services/adminer/.env HTTP/1.1" 404 -
95.217.114.173 - - [07/Mar/2025:02:25:21 +0100] "GET /ticket2/opencms/fi/buy/?page=1&edid=028282C2-0C5B-764B-9EA9-7BEDB9FB5AF4 HTTP/1.1" 200 112281
40.77.167.3 - - [07/Mar/2025:02:25:22 +0100] "GET /ticket2/opencms/sl/buy/?page=1&edid=BD3D4222-DD36-C1A0-EF58-456D0FFDAB97 HTTP/1.1" 200 111631
185.191.171.10 - - [07/Mar/2025:02:25:23 +0100] "GET /ticket2/opencms/be/magazine/article?title=liverpool-tottenham HTTP/1.1" 200 93682
85.208.96.195 - - [07/Mar/2025:02:25:24 +0100] "GET /ticket2/opencms/lv/magazine/article?title=premier-league-spelu-kalendars-premier-league-fixtures-20242025 HTTP/1.1" 200 92654
185.191.171.4 - - [07/Mar/2025:02:25:25 +0100] "GET /ticket2/opencms/be/magazine/article?title=an-impressive-match-where-the-swede-kulusevski-continues-to-deliver HTTP/1.1" 200 95336
95.217.114.173 - - [07/Mar/2025:02:25:28 +0100] "GET /ticket2/opencms/fi/buy/?page=1&edid=02C3167E-7427-EBF5-65F6-A732F0B04D2B HTTP/1.1" 200 111604
193.41.206.176 - - [07/Mar/2025:02:25:29 +0100] "GET /ticket2/opencms/services/documents/.env HTTP/1.1" 404 -
4.227.36.76 - - [07/Mar/2025:02:25:30 +0100] "GET /ticket2/opencms/robots.txt HTTP/1.1" 200 773
95.217.114.173 - - [07/Mar/2025:02:25:32 +0100] "GET /ticket2/opencms/fi/buy/?page=1&edid=02D14F2A-B5DB-D9FE-94AA-3042D8CC378C HTTP/1.1" 200 111675
52.167.144.167 - - [07/Mar/2025:02:25:32 +0100] "GET /ticket2/opencms/is/buy/?page=1&edid=E0FF39C3-181C-EDEC-0EFB-D8D41D058E59 HTTP/1.1" 200 111801
114.119.148.14 - - [07/Mar/2025:02:25:32 +0100] "GET /ticket2/opencms/es/magazine/article?title=manchester-united-vs-arsenal HTTP/1.1" 200 93091
85.208.96.193 - - [07/Mar/2025:02:25:35 +0100] "GET /ticket2/opencms/cs/magazine/article?title=arsenal-se-blizi-liverpoolu HTTP/1.1" 200 93304
95.217.114.173 - - [07/Mar/2025:02:25:37 +0100] "GET /ticket2/opencms/fi/buy/?page=1&edid=02D28468-4D7A-7D03-08EA-E937B040CBA6 HTTP/1.1" 200 108461
193.41.206.176 - - [07/Mar/2025:02:25:39 +0100] "GET /ticket2/opencms/services/jaeger/.env HTTP/1.1" 404 -
85.208.96.210 - - [07/Mar/2025:02:25:41 +0100] "GET /ticket2/opencms/sv/magazine/article?title=fc-liverpool-sasong-reflektion HTTP/1.1" 200 94949
114.119.130.154 - - [07/Mar/2025:02:25:42 +0100] "GET /ticket2/opencms/be/buy?page=1&edid=033F4C7E-BD6C-52A5-430C-5A35B74AB4F6 HTTP/1.1" 200 113344
95.217.114.173 - - [07/Mar/2025:02:25:43 +0100] "GET /ticket2/opencms/fi/buy/?page=1&edid=02E70633-B7C9-B546-F009-7238F851DD63 HTTP/1.1" 200 112209
85.208.96.193 - - [07/Mar/2025:02:25:45 +0100] "GET /ticket2/opencms/robots.txt HTTP/1.1" 200 773
185.191.171.17 - - [07/Mar/2025:02:25:45 +0100] "GET /ticket2/opencms/hr/magazine/article?title=manchester-city-vs-queens-park-rangers HTTP/1.1" 200 94618
185.191.171.3 - - [07/Mar/2025:02:25:46 +0100] "GET /ticket2/opencms/sv/magazine/article?title=luka-modric-stannar-i-real-madrid HTTP/1.1" 200 95472
95.217.114.173 - - [07/Mar/2025:02:25:48 +0100] "GET /ticket2/opencms/fi/buy/?page=1&edid=030C2C26-3348-47AC-040E-C76D81C8BC68 HTTP/1.1" 200 110546
193.41.206.176 - - [07/Mar/2025:02:25:48 +0100] "GET /ticket2/opencms/services/monitoring/.env HTTP/1.1" 404 -
185.191.171.13 - - [07/Mar/2025:02:25:49 +0100] "GET /ticket2/opencms/tr/magazine/article?title=manchester-city-premier-leaguei-kazaniyor HTTP/1.1" 200 92936
162.248.16.14 - - [07/Mar/2025:02:25:51 +0100] "GET /ticket2/opencms/sv/sport/fotbollsbiljetter/?gad_source=5&gclid=EAIaIQobChMIm9GsnKH1iwMVHkP2CB1AEzuSEAEYASAAEgKGQfD_BwE HTTP/1.1" 200 96153
162.248.16.14 - - [07/Mar/2025:02:25:51 +0100] "GET /ticket2/opencms/system/modules/com.gridnine.opencms.ticketbrokerage.site/resources/css/ticketbrokerage.css HTTP/1.1" 200 39339
95.217.114.173 - - [07/Mar/2025:02:25:53 +0100] "GET /ticket2/opencms/fi/buy/?page=1&edid=0315A394-98DA-79AA-0B5F-DE572DDD2CC1 HTTP/1.1" 200 110490
95.217.114.173 - - [07/Mar/2025:02:25:57 +0100] "GET /ticket2/opencms/fi/buy/?page=1&edid=033F4C7E-BD6C-52A5-430C-5A35B74AB4F6 HTTP/1.1" 200 110774
193.41.206.176 - - [07/Mar/2025:02:25:57 +0100] "GET /ticket2/opencms/services/redis-commander/.env HTTP/1.1" 404 -
185.191.171.17 - - [07/Mar/2025:02:25:58 +0100] "GET /ticket2/opencms/lv/magazine/article?title=raphael-varane-beidz-savu-karjeru-31-gada-vecuma HTTP/1.1" 200 93125
20.171.207.36 - - [07/Mar/2025:02:25:58 +0100] "GET /ticket2/opencms/sk/sport/futbalove-listky/premier-league/west-ham HTTP/1.1" 404 -
95.217.114.173 - - [07/Mar/2025:02:26:01 +0100] "GET /ticket2/opencms/fi/buy/?page=1&edid=0340F86A-564D-570D-4FB5-34A17BDFADC6 HTTP/1.1" 200 108482
85.208.96.193 - - [07/Mar/2025:02:26:04 +0100] "GET /ticket2/opencms/mo/magazine/article?title=mhmd-slah-tjdyd-alaqd-ma-lyfrbwl HTTP/1.1" 200 96804
95.217.114.173 - - [07/Mar/2025:02:26:07 +0100] "GET /ticket2/opencms/fi/buy/?page=1&edid=0355475E-204C-21F4-51DB-E12261686749 HTTP/1.1" 200 110547
193.41.206.176 - - [07/Mar/2025:02:26:07 +0100] "GET /ticket2/opencms/services/simcore/.env HTTP/1.1" 404 -
185.191.171.8 - - [07/Mar/2025:02:26:11 +0100] "GET /ticket2/opencms/lv/magazine/article?title=declan-rice HTTP/1.1" 200 93116
114.119.141.206 - - [07/Mar/2025:02:26:12 +0100] "GET /ticket2/opencms/es/buy/?page=1&edid=F056D8D3-0A78-F8DD-AF89-486FA1EA1B58 HTTP/1.1" 200 118117
95.217.114.173 - - [07/Mar/2025:02:26:13 +0100] "GET /ticket2/opencms/fi/buy/?page=1&edid=037C183B-A00E-085D-5072-5B2FA6CE1346 HTTP/1.1" 200 110640
94.234.64.26 - - [07/Mar/2025:02:26:15 +0100] "GET /ticket2/opencms/set_aff_cookie.jsp?partner=53673ED6-1455-FA54-818F-B1F67121E37C&url=/sv/buy/index.html%3Fpage%3D1%26edid%3D750C6040-29F7-425D-A24F-51B977F415A3%26hlv%3D67628efe-d754-45e2-b179-1c620a01000f%23v1814338314 HTTP/1.1" 200 225
114.119.153.152 - - [07/Mar/2025:02:26:15 +0100] "GET /ticket2/opencms/be/buy?page=1&=FE084D87-08BE-C27B-604E-2614D9EA6FAB HTTP/1.1" 200 -
193.41.206.176 - - [07/Mar/2025:02:26:16 +0100] "GET /ticket2/opencms/sessions/.env HTTP/1.1" 404 -
94.234.64.26 - - [07/Mar/2025:02:26:16 +0100] "GET /ticket2/opencms/sv/buy/?page=1&edid=750C6040-29F7-425D-A24F-51B977F415A3&hlv=67628efe-d754-45e2-b179-1c620a01000f HTTP/1.1" 200 138083
94.234.64.26 - - [07/Mar/2025:02:26:16 +0100] "GET /ticket2/opencms/system/modules/com.gridnine.opencms.ticketbrokerage.site/resources/js/jquery/jquery.js HTTP/1.1" 200 93868
94.234.64.26 - - [07/Mar/2025:02:26:16 +0100] "GET /ticket2/opencms/system/modules/com.gridnine.opencms.ticketbrokerage.site/resources/js/jquery/jquery-ui.js HTTP/1.1" 200 228088
94.234.64.26 - - [07/Mar/2025:02:26:16 +0100] "GET /ticket2/opencms/system/modules/com.gridnine.opencms.ticketbrokerage.site/resources/css/jquery-ui.css HTTP/1.1" 200 33221
94.234.64.26 - - [07/Mar/2025:02:26:16 +0100] "GET /ticket2/opencms/system/modules/com.gridnine.opencms.ticketbrokerage.site/resources/css/ticketbrokerage.css HTTP/1.1" 200 39339
94.234.64.26 - - [07/Mar/2025:02:26:16 +0100] "GET /ticket2/opencms/system/modules/com.gridnine.opencms.ticketbrokerage.site/resources/css/jquery.fancybox.css HTTP/1.1" 200 4939
94.234.64.26 - - [07/Mar/2025:02:26:16 +0100] "GET /ticket2/opencms/system/modules/com.gridnine.opencms.ticketbrokerage.site/resources/css/calendar.css HTTP/1.1" 200 6871
94.234.64.26 - - [07/Mar/2025:02:26:16 +0100] "GET /ticket2/opencms/system/modules/com.gridnine.opencms.ticketbrokerage.site/resources/css/standard.css HTTP/1.1" 200 74449
94.234.64.26 - - [07/Mar/2025:02:26:16 +0100] "GET /ticket2/opencms/system/modules/com.gridnine.opencms.ticketbrokerage.site/resources/js/functions.js HTTP/1.1" 200 1583
94.234.64.26 - - [07/Mar/2025:02:26:16 +0100] "GET /ticket2/opencms/system/modules/com.gridnine.opencms.ticketbrokerage.site/resources/js/jquery.placeholder.min.js HTTP/1.1" 200 1737
94.234.64.26 - - [07/Mar/2025:02:26:16 +0100] "GET /ticket2/opencms/system/modules/com.gridnine.opencms.ticketbrokerage.site/resources/js/calendar.js HTTP/1.1" 200 49229
94.234.64.26 - - [07/Mar/2025:02:26:16 +0100] "GET /ticket2/opencms/system/modules/com.gridnine.opencms.ticketbrokerage.site/resources/js/calendar-en.js HTTP/1.1" 200 3338
94.234.64.26 - - [07/Mar/2025:02:26:16 +0100] "GET /ticket2/opencms/system/modules/com.gridnine.opencms.ticketbrokerage.site/resources/js/calendar-setup.js HTTP/1.1" 200 4923
94.234.64.26 - - [07/Mar/2025:02:26:16 +0100] "GET /ticket2/opencms/system/modules/com.gridnine.opencms.ticketbrokerage.site/resources/js/common-ajax.js HTTP/1.1" 200 20175
94.234.64.26 - - [07/Mar/2025:02:26:16 +0100] "GET /ticket2/opencms/system/modules/com.gridnine.opencms.ticketbrokerage.site/resources/js/jquery.fancybox.pack.js HTTP/1.1" 200 23187
94.234.64.26 - - [07/Mar/2025:02:26:16 +0100] "GET /ticket2/opencms/system/modules/com.gridnine.opencms.ticketbrokerage.site/resources/js/stickyfill.min.js HTTP/1.1" 200 5672
94.234.64.26 - - [07/Mar/2025:02:26:16 +0100] "GET /ticket2/opencms/system/modules/com.gridnine.opencms.ticketbrokerage.site/resources/js/standard.js HTTP/1.1" 200 3983
94.234.64.26 - - [07/Mar/2025:02:26:16 +0100] "GET /ticket2/opencms/img/icons/globe-white.png HTTP/1.1" 200 947
94.234.64.26 - - [07/Mar/2025:02:26:16 +0100] "GET /ticket2/opencms/system/modules/com.gridnine.opencms.ticketbrokerage.site/resources/pics/logo-new.png HTTP/1.1" 200 13541
94.234.64.26 - - [07/Mar/2025:02:26:17 +0100] "GET /ticket2/opencms/img/insta.png HTTP/1.1" 200 3967
94.234.64.26 - - [07/Mar/2025:02:26:17 +0100] "GET /ticket2/opencms/img/fb.png HTTP/1.1" 200 1269
94.234.64.26 - - [07/Mar/2025:02:26:17 +0100] "GET /ticket2/opencms/system/modules/com.gridnine.opencms.ticketbrokerage.site/resources/pics/0.gif HTTP/1.1" 200 43
94.234.64.26 - - [07/Mar/2025:02:26:17 +0100] "GET /ticket2/opencms/img/icons/en.png HTTP/1.1" 200 2415
94.234.64.26 - - [07/Mar/2025:02:26:17 +0100] "GET /ticket2/opencms/venue/emirates_stadium.png HTTP/1.1" 200 53537
94.234.64.26 - - [07/Mar/2025:02:26:17 +0100] "GET /ticket2/opencms/img/icons/se.png HTTP/1.1" 200 1258
94.234.64.26 - - [07/Mar/2025:02:26:17 +0100] "GET /ticket2/opencms/system/modules/com.gridnine.opencms.ticketbrokerage.site/resources/pics/two_man.png HTTP/1.1" 200 3407
94.234.64.26 - - [07/Mar/2025:02:26:17 +0100] "GET /ticket2/opencms/system/modules/com.gridnine.opencms.ticketbrokerage.site/resources/pics/ticket_info_button.png HTTP/1.1" 200 3820
94.234.64.26 - - [07/Mar/2025:02:26:17 +0100] "GET /ticket2/opencms/img/icons/fi.png HTTP/1.1" 200 1785
94.234.64.26 - - [07/Mar/2025:02:26:17 +0100] "GET /ticket2/opencms/img/icons/no.png HTTP/1.1" 200 1958
94.234.64.26 - - [07/Mar/2025:02:26:17 +0100] "GET /ticket2/opencms/system/modules/com.gridnine.opencms.ticketbrokerage.site/resources/pics/footer-img.jpg HTTP/1.1" 200 67642
94.234.64.26 - - [07/Mar/2025:02:26:17 +0100] "GET /ticket2/opencms/sv/ask-form.html HTTP/1.1" 200 2950
94.234.64.26 - - [07/Mar/2025:02:26:17 +0100] "GET /ticket2/opencms/img/check.png HTTP/1.1" 200 548
94.234.64.26 - - [07/Mar/2025:02:26:17 +0100] "GET /ticket2/opencms/img/icons/dk.png HTTP/1.1" 200 1706
94.234.64.26 - - [07/Mar/2025:02:26:17 +0100] "GET /ticket2/opencms/img/icons/nl.png HTTP/1.1" 200 1255
94.234.64.26 - - [07/Mar/2025:02:26:17 +0100] "GET /ticket2/opencms/img/mail.png HTTP/1.1" 200 403
94.234.64.26 - - [07/Mar/2025:02:26:17 +0100] "GET /ticket2/opencms/system/modules/com.gridnine.opencms.ticketbrokerage.site/resources/css/ticketbrokerage.css HTTP/1.1" 200 39339
94.234.64.26 - - [07/Mar/2025:02:26:17 +0100] "GET /ticket2/opencms/img/chat.png HTTP/1.1" 200 416
94.234.64.26 - - [07/Mar/2025:02:26:17 +0100] "GET /ticket2/opencms/img/arrow.png HTTP/1.1" 200 753
94.234.64.26 - - [07/Mar/2025:02:26:17 +0100] "GET /ticket2/opencms/img/icons/fr.png HTTP/1.1" 200 1764
94.234.64.26 - - [07/Mar/2025:02:26:17 +0100] "GET /ticket2/opencms/img/icons/de.png HTTP/1.1" 200 1124
94.234.64.26 - - [07/Mar/2025:02:26:17 +0100] "GET /ticket2/opencms/system/modules/com.gridnine.opencms.ticketbrokerage.site/resources/pics/arrow.gif HTTP/1.1" 200 344
94.234.64.26 - - [07/Mar/2025:02:26:17 +0100] "GET /ticket2/opencms/system/modules/com.gridnine.opencms.ticketbrokerage.site/resources/pics/form_marker.gif HTTP/1.1" 200 43
94.234.64.26 - - [07/Mar/2025:02:26:17 +0100] "GET /ticket2/opencms/system/modules/com.gridnine.opencms.ticketbrokerage.site/resources/pics/button1_left.gif HTTP/1.1" 200 232
94.234.64.26 - - [07/Mar/2025:02:26:17 +0100] "GET /ticket2/opencms/system/modules/com.gridnine.opencms.ticketbrokerage.site/resources/pics/button1_center.gif HTTP/1.1" 200 66
94.234.64.26 - - [07/Mar/2025:02:26:17 +0100] "GET /ticket2/opencms/img/icons/es.png HTTP/1.1" 200 1005
94.234.64.26 - - [07/Mar/2025:02:26:17 +0100] "GET /ticket2/opencms/img/icons/it.png HTTP/1.1" 200 2040
94.234.64.26 - - [07/Mar/2025:02:26:17 +0100] "GET /ticket2/opencms/system/modules/com.gridnine.opencms.ticketbrokerage.site/resources/pics/button1_right.gif HTTP/1.1" 200 232
94.234.64.26 - - [07/Mar/2025:02:26:17 +0100] "GET /ticket2/opencms/img/icons/pl.png HTTP/1.1" 200 1578
94.234.64.26 - - [07/Mar/2025:02:26:17 +0100] "GET /ticket2/opencms/img/icons/sq.png HTTP/1.1" 200 1619
94.234.64.26 - - [07/Mar/2025:02:26:17 +0100] "GET /ticket2/opencms/img/icons/az.png HTTP/1.1" 200 1445
94.234.64.26 - - [07/Mar/2025:02:26:17 +0100] "GET /ticket2/opencms/img/icons/be.png HTTP/1.1" 200 1663
94.234.64.26 - - [07/Mar/2025:02:26:17 +0100] "GET /ticket2/opencms/img/icons/bs.png HTTP/1.1" 200 1014
94.234.64.26 - - [07/Mar/2025:02:26:17 +0100] "GET /ticket2/opencms/img/icons/bg.png HTTP/1.1" 200 788
94.234.64.26 - - [07/Mar/2025:02:26:17 +0100] "GET /ticket2/opencms/img/icons/hr.png HTTP/1.1" 200 2024
94.234.64.26 - - [07/Mar/2025:02:26:17 +0100] "GET /ticket2/opencms/img/icons/cs.png HTTP/1.1" 200 1883
94.234.64.26 - - [07/Mar/2025:02:26:18 +0100] "GET /ticket2/opencms/img/icons/et.png HTTP/1.1" 200 754
94.234.64.26 - - [07/Mar/2025:02:26:18 +0100] "GET /ticket2/opencms/img/icons/el.png HTTP/1.1" 200 1637
94.234.64.26 - - [07/Mar/2025:02:26:18 +0100] "GET /ticket2/opencms/img/icons/ka.png HTTP/1.1" 200 860
94.234.64.26 - - [07/Mar/2025:02:26:18 +0100] "GET /ticket2/opencms/img/icons/hu.png HTTP/1.1" 200 733
94.234.64.26 - - [07/Mar/2025:02:26:18 +0100] "GET /ticket2/opencms/img/icons/is.png HTTP/1.1" 200 1884
94.234.64.26 - - [07/Mar/2025:02:26:18 +0100] "GET /ticket2/opencms/img/icons/ga.png HTTP/1.1" 200 1759
94.234.64.26 - - [07/Mar/2025:02:26:18 +0100] "GET /ticket2/opencms/img/icons/lv.png HTTP/1.1" 200 716
94.234.64.26 - - [07/Mar/2025:02:26:18 +0100] "GET /ticket2/opencms/img/icons/lt.png HTTP/1.1" 200 733
94.234.64.26 - - [07/Mar/2025:02:26:18 +0100] "GET /ticket2/opencms/img/icons/mt.png HTTP/1.1" 200 920
94.234.64.26 - - [07/Mar/2025:02:26:18 +0100] "GET /ticket2/opencms/img/icons/mo.png HTTP/1.1" 200 1468
94.234.64.26 - - [07/Mar/2025:02:26:18 +0100] "GET /ticket2/opencms/img/icons/ro.png HTTP/1.1" 200 1393
94.234.64.26 - - [07/Mar/2025:02:26:18 +0100] "GET /ticket2/opencms/img/icons/sr.png HTTP/1.1" 200 1602
94.234.64.26 - - [07/Mar/2025:02:26:18 +0100] "GET /ticket2/opencms/img/icons/sk.png HTTP/1.1" 200 1283
94.234.64.26 - - [07/Mar/2025:02:26:18 +0100] "GET /ticket2/opencms/img/icons/sl.png HTTP/1.1" 200 966
94.234.64.26 - - [07/Mar/2025:02:26:18 +0100] "GET /ticket2/opencms/img/icons/uk.png HTTP/1.1" 200 1272
94.234.64.26 - - [07/Mar/2025:02:26:18 +0100] "GET /ticket2/opencms/img/icons/tr.png HTTP/1.1" 200 1636
94.234.64.26 - - [07/Mar/2025:02:26:18 +0100] "GET /ticket2/opencms/img/arrow-down.png HTTP/1.1" 200 192
95.217.114.173 - - [07/Mar/2025:02:26:20 +0100] "GET /ticket2/opencms/fi/buy/?page=1&edid=038E9D5D-F853-3E62-678F-9F575C0DA65A HTTP/1.1" 200 112203
94.234.64.26 - - [07/Mar/2025:02:26:20 +0100] "GET /ticket2/opencms/system/modules/com.gridnine.opencms.ticketbrokerage.site/resources/js/standard.js HTTP/1.1" 200 3983
94.234.64.26 - - [07/Mar/2025:02:26:20 +0100] "GET /ticket2/opencms/img/icons/ticket2.thumbnail.png HTTP/1.1" 200 21519
66.249.76.2 - - [07/Mar/2025:02:26:22 +0100] "GET /ticket2/opencms/el/magazine/article?title=fulham-fc HTTP/1.1" 200 95880
52.167.144.167 - - [07/Mar/2025:02:26:22 +0100] "GET /ticket2/opencms/cs/buy?page=1&edid=AB2F1C58-6A5B-E2CD-095A-4BF1DF689D46 HTTP/1.1" 200 111712
193.41.206.176 - - [07/Mar/2025:02:26:25 +0100] "GET /ticket2/opencms/shibboleth/.env HTTP/1.1" 404 -
95.217.114.173 - - [07/Mar/2025:02:26:25 +0100] "GET /ticket2/opencms/fi/buy/?page=1&edid=0390C1BB-1C34-F3DE-8CA6-221938AC41C0 HTTP/1.1" 200 111079
85.208.96.199 - - [07/Mar/2025:02:26:27 +0100] "GET /ticket2/opencms/fr/magazine/article?title=manchester-united-contre-arsenal HTTP/1.1" 200 93252
95.217.114.173 - - [07/Mar/2025:02:26:29 +0100] "GET /ticket2/opencms/fi/buy/?page=1&edid=03C3F759-824A-90E7-D09D-AD5EA21FB080 HTTP/1.1" 200 111685
114.119.150.86 - - [07/Mar/2025:02:26:29 +0100] "GET /ticket2/opencms/be/buy?page=1&=F86B9858-FECA-8B69-0345-5BABEB4E1340 HTTP/1.1" 200 -
85.208.96.211 - - [07/Mar/2025:02:26:31 +0100] "GET /ticket2/opencms/nl/magazine/article?title=premier-league-de-meest-interessante-transfers-van-de-transferperiode HTTP/1.1" 200 92460
114.119.130.178 - - [07/Mar/2025:02:26:33 +0100] "GET /ticket2/opencms/ru/buy/?page=1&edid=CE3BDDC1-7BB7-25A0-70B4-42663B970188 HTTP/1.1" 200 106956
193.41.206.176 - - [07/Mar/2025:02:26:34 +0100] "GET /ticket2/opencms/Simple_server/.env HTTP/1.1" 404 -
95.217.114.173 - - [07/Mar/2025:02:26:34 +0100] "GET /ticket2/opencms/fi/buy/?page=1&edid=03DBF41B-5E04-7E31-0065-727C62D87FDC HTTP/1.1" 200 108438
66.220.149.9 - - [07/Mar/2025:02:26:36 +0100] "GET /ticket2/opencms/en/buy/?page=1&edid=0FAACBE6-EEE9-1D79-AA22-B901E0624521 HTTP/1.1" 200 106823
66.249.76.167 - - [07/Mar/2025:02:26:37 +0100] "GET /ticket2/opencms/sl/magazine/article?title=nogomet HTTP/1.1" 200 93731
95.217.114.173 - - [07/Mar/2025:02:26:39 +0100] "GET /ticket2/opencms/fi/buy/?page=1&edid=03E5D6C8-E351-7D64-EC22-0C91F1D5553C HTTP/1.1" 200 110564
40.77.167.3 - - [07/Mar/2025:02:26:40 +0100] "GET /ticket2/opencms/sv/sport/fotbollsbiljetter/la_liga/malaga/ HTTP/1.1" 500 -
114.119.130.91 - - [07/Mar/2025:02:26:40 +0100] "GET /ticket2/opencms/en/buy?page=1&edid=9282D4AB-FB4B-19A2-582A-B51F28C74413 HTTP/1.1" 200 110035
40.77.167.3 - - [07/Mar/2025:02:26:41 +0100] "GET /ticket2/opencms/ka/buy/?page=6&comcatid=A17713B6-D984-201A-4143-ED4DB5ED5C2E&catid=7EF04817-972D-18B1-F941-DE800D088075&eventid=60DD1888-A212-4A9C-E256-57FE4F2AC5DC HTTP/1.1" 200 108913
193.41.206.176 - - [07/Mar/2025:02:26:43 +0100] "GET /ticket2/site/.env HTTP/1.1" 404 -
95.217.114.173 - - [07/Mar/2025:02:26:45 +0100] "GET /ticket2/opencms/fi/buy/?page=1&edid=0409AE91-05A8-C89F-9931-5F56CE261964 HTTP/1.1" 200 111670
66.249.74.2 - - [07/Mar/2025:02:26:47 +0100] "GET /ticket2/opencms/ka/buy/?page=1&edid=07DEB2A3-DF25-51E6-57DE-19F2D68F0F1B HTTP/1.1" 200 114450
95.217.114.173 - - [07/Mar/2025:02:26:50 +0100] "GET /ticket2/opencms/fi/buy/?page=1&edid=0415C45A-63CA-260A-2123-85A9DAAFCE72 HTTP/1.1" 200 111451
40.77.167.154 - - [07/Mar/2025:02:26:51 +0100] "GET /ticket2/opencms/sites/ticketbrokerage/sv/tickets/juventus/palermo.html HTTP/1.1" 404 -
193.41.206.176 - - [07/Mar/2025:02:26:51 +0100] "GET /ticket2/opencms/sites/.env HTTP/1.1" 404 -
20.171.207.36 - - [07/Mar/2025:02:26:53 +0100] "GET /ticket2/opencms/cs/sport/fotbalove-listky/premier-league/west-ham HTTP/1.1" 404 -
66.249.74.2 - - [07/Mar/2025:02:26:54 +0100] "GET /ticket2/opencms/ka/ask-form.html HTTP/1.1" 200 3156
85.208.96.200 - - [07/Mar/2025:02:26:58 +0100] "GET /ticket2/opencms/sq/magazine/article?title=chelsea-fc-dhe-lufta-e-tyre-per-stabilitet HTTP/1.1" 200 95351
95.217.114.173 - - [07/Mar/2025:02:26:59 +0100] "GET /ticket2/opencms/fi/buy/?page=1&edid=042B1AE0-B676-9EDF-9B0C-DC5976C2588C HTTP/1.1" 200 111631
193.41.206.176 - - [07/Mar/2025:02:27:01 +0100] "GET /ticket2/opencms/Socketio/.env HTTP/1.1" 404 -
95.217.114.173 - - [07/Mar/2025:02:27:05 +0100] "GET /ticket2/opencms/fi/buy/?page=1&edid=0443352F-8BC6-7A25-9546-1FB1F05FC6B0 HTTP/1.1" 200 110610
193.41.206.176 - - [07/Mar/2025:02:27:10 +0100] "GET /ticket2/opencms/Sources/API/.env HTTP/1.1" 404 -
114.119.136.30 - - [07/Mar/2025:02:27:11 +0100] "GET /ticket2/opencms/be/buy?page=1&=F689CB56-9071-FE7C-055A-10AD3E1E390D HTTP/1.1" 200 -
95.217.114.173 - - [07/Mar/2025:02:27:11 +0100] "GET /ticket2/opencms/fi/buy/?page=1&edid=045E9839-F527-B1BF-B532-802EBDA5A6EC HTTP/1.1" 200 110988
40.77.167.154 - - [07/Mar/2025:02:27:12 +0100] "GET /ticket2/opencms/nl/buy/?page=1&edid=C8A0EA02-7961-BF28-677E-A1ED5DEA2F3D HTTP/1.1" 200 106300
185.191.171.13 - - [07/Mar/2025:02:27:13 +0100] "GET /ticket2/opencms/dk/magazine/article?title=tottenham-hotspur-fc HTTP/1.1" 200 90986
95.217.114.173 - - [07/Mar/2025:02:27:16 +0100] "GET /ticket2/opencms/fi/buy/?page=1&edid=04645337-150A-D677-8193-863115283FA6 HTTP/1.1" 200 111827
69.171.249.6 - - [07/Mar/2025:02:27:18 +0100] "GET /ticket2/opencms/bs/sport/fudbalske-karte/serie-a/torino HTTP/1.1" 500 -
193.41.206.176 - - [07/Mar/2025:02:27:21 +0100] "GET /ticket2/opencms/spikes/config-material-app/.env HTTP/1.1" 404 -
194.120.230.215 - - [07/Mar/2025:02:27:24 +0100] "GET /cgi-bin/luci/;stok=/locale HTTP/1.1" 404 -
95.217.114.173 - - [07/Mar/2025:02:27:25 +0100] "GET /ticket2/opencms/fi/buy/?page=1&edid=04A895DB-6506-D0D3-E0A8-9644B8531AA9 HTTP/1.1" 200 108483
64.71.166.38 - - [07/Mar/2025:02:27:29 +0100] "GET /ticket2/opencms/robots.txt HTTP/1.1" 200 773
95.217.114.173 - - [07/Mar/2025:02:27:30 +0100] "GET /ticket2/opencms/fi/buy/?page=1&edid=04B38726-6042-FA9B-C517-A5FC914517A7 HTTP/1.1" 200 111639
85.208.96.210 - - [07/Mar/2025:02:27:30 +0100] "GET /ticket2/opencms/mt/magazine/article?title=la-liga-real-madrid-reba-l-iktar-titli HTTP/1.1" 200 94904
193.41.206.176 - - [07/Mar/2025:02:27:30 +0100] "GET /ticket2/opencms/src/tests/fixtures/instanceWithDependentSteps/.env HTTP/1.1" 404 -
64.71.166.38 - - [07/Mar/2025:02:27:30 +0100] "GET /ticket2/opencms/en/about/press/ HTTP/1.1" 200 88756
85.208.96.202 - - [07/Mar/2025:02:27:31 +0100] "GET /ticket2/opencms/robots.txt HTTP/1.1" 200 773
85.208.96.206 - - [07/Mar/2025:02:27:33 +0100] "GET /ticket2/opencms/pl/magazine/article?title=kibice-chelsea-reaguja-frustracja HTTP/1.1" 200 93234
47.128.126.253 - - [07/Mar/2025:02:27:34 +0100] "GET /ticket2/opencms/sl/buy/?edid=B26C271A-4A1F-5110-8308-CDC3FD5965DB HTTP/1.1" 200 91660
85.208.96.202 - - [07/Mar/2025:02:27:34 +0100] "GET /ticket2/opencms/sites/ticketbrokerage/sv/tickets/roma/bari.html HTTP/1.1" 404 -
95.217.114.173 - - [07/Mar/2025:02:27:37 +0100] "GET /ticket2/opencms/fi/buy/?page=1&edid=04B47F59-410B-2A57-26B0-8645A493ADB0 HTTP/1.1" 200 111020
66.249.65.237 - - [07/Mar/2025:02:27:37 +0100] "GET /ticket2/opencms/it/buy/?comcatid=B41CCF2B-5558-7AEE-3602-09BBDE417D65&catid=BF886BAE-FC84-8CB3-A193-6DFA251F7985 HTTP/1.1" 200 95278
193.41.206.176 - - [07/Mar/2025:02:27:40 +0100] "GET /ticket2/opencms/src/tests/fixtures/typeScriptProject/.env HTTP/1.1" 404 -
95.217.114.173 - - [07/Mar/2025:02:27:42 +0100] "GET /ticket2/opencms/fi/buy/?page=1&edid=04B7ADC8-C119-4290-CF2E-7631F5EE7D6C HTTP/1.1" 200 111834
114.119.143.233 - - [07/Mar/2025:02:27:43 +0100] "GET /ticket2/opencms/ru/buy/?page=1&edid=BD48505E-E559-55E9-6DFD-077C302A0A13 HTTP/1.1" 200 8488
114.119.141.206 - - [07/Mar/2025:02:27:44 +0100] "GET /ticket2/opencms/es/buy/?page=1&edid=5DBB4F23-1DC6-5854-92A3-8C0AF6152B4D HTTP/1.1" 200 124495
114.119.152.134 - - [07/Mar/2025:02:27:47 +0100] "GET /ticket2/opencms/ru/buy/?page=1&edid=A39379DA-1375-E962-6BB8-A36C2BDDD0AC HTTP/1.1" 200 110222
95.217.114.173 - - [07/Mar/2025:02:27:49 +0100] "GET /ticket2/opencms/fi/buy/?page=1&edid=04BE87C5-7405-7294-4998-FD975DA4EDB5 HTTP/1.1" 200 108457
193.41.206.176 - - [07/Mar/2025:02:27:49 +0100] "GET /ticket2/opencms/aws/ses_config.json HTTP/1.1" 404 -
20.171.207.36 - - [07/Mar/2025:02:27:51 +0100] "GET /ticket2/opencms/sv/buy/?edid=6BC392EC-904D-4C89-2912-6F7F3E385D5B&page=1 HTTP/1.1" 200 107499
185.191.171.13 - - [07/Mar/2025:02:27:53 +0100] "GET /ticket2/opencms/sv/magazine/article?title=emirates-stadium HTTP/1.1" 200 95166
40.77.167.154 - - [07/Mar/2025:02:27:53 +0100] "GET /ticket2/opencms/lv/buy/?page=1&edid=7FC2BA4A-B0EC-4788-E7A6-5EF2C3316160 HTTP/1.1" 200 111472
95.217.114.173 - - [07/Mar/2025:02:27:54 +0100] "GET /ticket2/opencms/fi/buy/?page=1&edid=04CBF5F9-2790-4AA9-11B6-C7C8454C988E HTTP/1.1" 200 108304
114.119.139.78 - - [07/Mar/2025:02:27:58 +0100] "GET /ticket2/opencms/en/venue/?venueid=B5AB0082-304E-AEDF-6DBC-B2853688CE9B HTTP/1.1" 200 85338
193.41.206.176 - - [07/Mar/2025:02:27:58 +0100] "GET /ticket2/opencms/aws-ses/.env HTTP/1.1" 404 -
95.217.114.173 - - [07/Mar/2025:02:27:59 +0100] "GET /ticket2/opencms/fi/buy/?page=1&edid=04D45083-5BEA-6FC8-74F9-B6EE79D662E0 HTTP/1.1" 200 111661
146.103.10.139 - - [07/Mar/2025:02:28:01 +0100] "GET /ticket2/opencms/nl/sport/voetbal-tickets/serie_a/ HTTP/1.1" 200 94685
173.252.83.4 - - [07/Mar/2025:02:28:02 +0100] "GET /ticket2/opencms/ga/buy?page=1&edid=B706C05D-BD6B-FE19-B612-CFC9E579BDC9 HTTP/1.1" 200 112277
95.217.114.173 - - [07/Mar/2025:02:28:05 +0100] "GET /ticket2/opencms/fi/buy/?page=1&edid=0517AF4C-9933-D35D-E55C-376A7C906EBB HTTP/1.1" 200 108388
114.119.134.48 - - [07/Mar/2025:02:28:07 +0100] "GET /ticket2/opencms/en/buy/?page=6&comcatid=A17713B6-D984-201A-4143-ED4DB5ED5C2E&catid=7BADFFFB-57C5-5DBC-E7EB-B45075B3D8F9 HTTP/1.1" 200 102186
69.171.249.2 - - [07/Mar/2025:02:28:07 +0100] "GET /ticket2/opencms/fr/sport/billets-football/english-championship/ HTTP/1.1" 200 103446
193.41.206.176 - - [07/Mar/2025:02:28:08 +0100] "GET /ticket2/opencms/aws/ses/credentials.ini HTTP/1.1" 404 -
85.208.96.195 - - [07/Mar/2025:02:28:09 +0100] "GET /ticket2/opencms/hu/magazine/article?title=brentford-fc-masodik-a-championshipben HTTP/1.1" 200 93990
52.167.144.167 - - [07/Mar/2025:02:28:11 +0100] "GET /ticket2/opencms/is/sport/fotbolti/champions-league/manchester-city HTTP/1.1" 500 -
66.249.76.168 - - [07/Mar/2025:02:28:12 +0100] "GET /ticket2/opencms/sl/magazine/???%20Error%20reading%20resource%20from%20path HTTP/1.1" 200 152299
40.77.167.55 - - [07/Mar/2025:02:28:12 +0100] "GET /ticket2/opencms/en/buy/?page=1&edid=8C8B6CAD-0E9C-D59D-F548-EF8ED0013C05 HTTP/1.1" 200 109978
95.217.114.173 - - [07/Mar/2025:02:28:12 +0100] "GET /ticket2/opencms/fi/buy/?page=1&edid=0530B04D-A7D8-F1B4-7BA2-ACEFA0B23712 HTTP/1.1" 200 108448
54.36.148.0 - - [07/Mar/2025:02:28:16 +0100] "GET /ticket2/opencms/dk/standard/ HTTP/1.1" 200 99061
193.41.206.176 - - [07/Mar/2025:02:28:19 +0100] "GET /ticket2/opencms/aws/ses/credentials.yml HTTP/1.1" 404 -
95.217.114.173 - - [07/Mar/2025:02:28:19 +0100] "GET /ticket2/opencms/fi/buy/?page=1&edid=05830326-E938-DFB4-74E5-FF7CC7B035C5 HTTP/1.1" 200 110671
185.191.171.1 - - [07/Mar/2025:02:28:20 +0100] "GET /ticket2/opencms/sq/sport/bileta-per-futboll/english-championship/cardiff-city HTTP/1.1" 404 -
85.208.96.210 - - [07/Mar/2025:02:28:24 +0100] "GET /ticket2/opencms/it/magazine/article?title=liverpool-una-citta-di-cultura-e-storia HTTP/1.1" 200 93138
66.249.74.4 - - [07/Mar/2025:02:28:26 +0100] "GET /ticket2/opencms/fr/magazine/article?title=laureat-du-ballon-dor-2024 HTTP/1.1" 200 93935
85.208.96.196 - - [07/Mar/2025:02:28:27 +0100] "GET /ticket2/opencms/robots.txt HTTP/1.1" 200 773
66.249.65.195 - - [07/Mar/2025:02:28:27 +0100] "GET /ticket2/opencms/be/buy/?page=1&edid=660EB9E2-5EAA-DCDE-B75E-74855AFB1F01 HTTP/1.1" 200 111153
85.208.96.200 - - [07/Mar/2025:02:28:28 +0100] "GET /ticket2/opencms/sr/magazine/article?title=impresivna-utakmica-u-kojoj-svedjanin-kulusevski-nastavlja-da-dostavlja HTTP/1.1" 200 94979
95.217.114.173 - - [07/Mar/2025:02:28:28 +0100] "GET /ticket2/opencms/fi/buy/?page=1&edid=060B85D1-BB32-0F4F-14CC-425372D96ED2 HTTP/1.1" 200 111685
85.208.96.210 - - [07/Mar/2025:02:28:28 +0100] "GET /ticket2/opencms/ro/magazine/article?title=programul-meciurilor-din-premier-league-meciurile-din-premier-league-20242025 HTTP/1.1" 200 93007
185.191.171.12 - - [07/Mar/2025:02:28:29 +0100] "GET /ticket2/opencms/robots.txt HTTP/1.1" 200 773
193.41.206.176 - - [07/Mar/2025:02:28:29 +0100] "GET /ticket2/opencms/etc/aws/ses.conf HTTP/1.1" 404 -
114.119.130.154 - - [07/Mar/2025:02:28:30 +0100] "GET /ticket2/opencms/be/buy?page=1&=EE8ADEDF-2A90-4E44-0C5C-502F2FD61383 HTTP/1.1" 200 -
185.191.171.12 - - [07/Mar/2025:02:28:31 +0100] "GET /ticket2/opencms/ro/magazine/article?title=ultimul-sezon-al-lui-lionel-messi HTTP/1.1" 200 94459
95.217.114.173 - - [07/Mar/2025:02:28:32 +0100] "GET /ticket2/opencms/fi/buy/?page=1&edid=065F1D64-162E-09CF-75B1-CA1E0C97EC38 HTTP/1.1" 200 110535
40.77.167.150 - - [07/Mar/2025:02:28:33 +0100] "GET /ticket2/opencms/sq/magazine/article?title=futboll HTTP/1.1" 200 96334
66.249.74.2 - - [07/Mar/2025:02:28:35 +0100] "GET /ticket2/opencms/system/modules/com.gridnine.opencms.ticketbrokerage.site/resources/js/jquery.placeholder.min.js HTTP/1.1" 200 1737
47.128.19.94 - - [07/Mar/2025:02:28:36 +0100] "GET /ticket2/opencms/is/buy?page=1&edid=8EE24D2F-4BF0-A103-6944-36103BCA6278 HTTP/1.1" 200 122389
207.46.13.78 - - [07/Mar/2025:02:28:37 +0100] "GET /ticket2/opencms/el/magazine/article?title=sxetika-me-to-stadio-ths-totenam-xotsper HTTP/1.1" 200 97538
95.217.114.173 - - [07/Mar/2025:02:28:37 +0100] "GET /ticket2/opencms/fi/buy/?page=1&edid=067C6AFC-1AC2-2DB9-D3FA-B569A9607048 HTTP/1.1" 200 112071
47.128.19.94 - - [07/Mar/2025:02:28:38 +0100] "GET /ticket2/opencms/is/ask-form.html HTTP/1.1" 200 3156
207.46.13.168 - - [07/Mar/2025:02:28:38 +0100] "GET /ticket2/opencms/dk/buy/?page=1&edid=A9C35541-ABB7-0662-52F4-8AD61BAC9B1C HTTP/1.1" 200 133849
193.41.206.176 - - [07/Mar/2025:02:28:38 +0100] "GET /ticket2/opencms/config/aws_ses.php HTTP/1.1" 404 -
52.167.144.167 - - [07/Mar/2025:02:28:41 +0100] "GET /ticket2/opencms/nl/buy/?page=1&edid=638AB846-B6F5-F25C-3F59-BAFA9BCE86BF HTTP/1.1" 200 109527
95.217.114.173 - - [07/Mar/2025:02:28:42 +0100] "GET /ticket2/opencms/fi/buy/?page=1&edid=06935929-6426-9C8A-3A2C-57388E9BD103 HTTP/1.1" 200 108394
95.217.114.173 - - [07/Mar/2025:02:28:47 +0100] "GET /ticket2/opencms/fi/buy/?page=1&edid=069BDDEE-360C-8EC7-E690-DACC87DA3282 HTTP/1.1" 200 112271
85.208.96.197 - - [07/Mar/2025:02:28:48 +0100] "GET /ticket2/opencms/ga/magazine/article?title=kylian-mbappe-kosii-real-madrid HTTP/1.1" 200 94052
193.41.206.176 - - [07/Mar/2025:02:28:48 +0100] "GET /ticket2/opencms/app/config/aws_ses.php HTTP/1.1" 404 -
20.171.207.36 - - [07/Mar/2025:02:28:48 +0100] "GET /ticket2/opencms/sv/buy/?edid=81745FE2-9A1E-49D6-238C-0D5CD43E46FD&page=1 HTTP/1.1" 200 107368
95.217.114.173 - - [07/Mar/2025:02:28:55 +0100] "GET /ticket2/opencms/fi/buy/?page=1&edid=0704BD6D-31E9-BB79-1A42-1B64AF5D31BB HTTP/1.1" 200 112148
85.208.96.211 - - [07/Mar/2025:02:28:56 +0100] "GET /ticket2/opencms/dk/sport/fodboldbilletter/ligue_1/ HTTP/1.1" 404 -
66.249.76.45 - - [07/Mar/2025:02:28:58 +0100] "GET /ticket2/opencms/fr/buy/?page=1&edid=6ED08D04-7263-AC79-DA04-AFB97DC97A00 HTTP/1.1" 200 135095
193.41.206.176 - - [07/Mar/2025:02:28:59 +0100] "GET /ticket2/opencms/config/aws-ses-credentials.json HTTP/1.1" 404 -
95.217.114.173 - - [07/Mar/2025:02:29:00 +0100] "GET /ticket2/opencms/fi/buy/?page=1&edid=0710F442-BF1F-3B9D-DE18-E35B12BA53D0 HTTP/1.1" 200 108326
40.77.167.78 - - [07/Mar/2025:02:29:04 +0100] "GET /ticket2/opencms/it/buy/?page=1&edid=66639F01-2DC3-AE31-937D-1F5B14F403FD HTTP/1.1" 200 108310
95.217.114.173 - - [07/Mar/2025:02:29:06 +0100] "GET /ticket2/opencms/fi/buy/?page=1&edid=074DE6AB-3EC7-31AB-C16A-2388E714E078 HTTP/1.1" 200 111588
185.191.171.10 - - [07/Mar/2025:02:29:06 +0100] "GET /ticket2/opencms/sk/magazine/article?title=liga-majstrov-vstupenky-na-ticket2 HTTP/1.1" 200 97854
114.119.151.50 - - [07/Mar/2025:02:29:07 +0100] "GET /ticket2/opencms/ru/buy/?page=1&edid=992DCFB8-EAEC-4861-0046-8724F548A945 HTTP/1.1" 200 110405
114.119.150.86 - - [07/Mar/2025:02:29:07 +0100] "GET /ticket2/opencms/ru/buy/?page=1&edid=1BE465F1-8E39-0195-B4CD-EB26D33F87C5 HTTP/1.1" 200 109538
193.41.206.176 - - [07/Mar/2025:02:29:09 +0100] "GET /ticket2/opencms/secrets/aws_ses.env HTTP/1.1" 404 -
114.119.136.30 - - [07/Mar/2025:02:29:11 +0100] "GET /ticket2/opencms/nl/buy?page=1&edid=2197E523-8740-2A01-BD5D-12E3C3F2DBFE HTTP/1.1" 200 109583
95.217.114.173 - - [07/Mar/2025:02:29:11 +0100] "GET /ticket2/opencms/fi/buy/?page=1&edid=07A33A19-3A86-A256-E698-74944137E871 HTTP/1.1" 200 111699
114.119.159.129 - - [07/Mar/2025:02:29:13 +0100] "GET /ticket2/opencms/es/buy/?page=1&edid=5BB1055C-4C5F-5A4F-CCFB-6D0F529C929D HTTP/1.1" 200 90366
95.217.114.173 - - [07/Mar/2025:02:29:17 +0100] "GET /ticket2/opencms/fi/buy/?page=1&edid=07B0ACF8-58B0-8EE8-31DF-FAD574ECBFC5 HTTP/1.1" 200 112082
193.41.206.176 - - [07/Mar/2025:02:29:19 +0100] "GET /ticket2/opencms/secret/aws_ses.env HTTP/1.1" 404 -
114.119.140.85 - - [07/Mar/2025:02:29:22 +0100] "GET /ticket2/opencms/en/buy/?page=6&comcatid=97ECA65A-72DA-F9AF-9DBB-245D3CFED1BE&catid=9457695E-36ED-A63E-7A88-32963954E2C7&eventid=4FC30D09-33AF-840A-69A5-20DAB0AA2887 HTTP/1.1" 200 97971
95.217.114.173 - - [07/Mar/2025:02:29:24 +0100] "GET /ticket2/opencms/fi/buy/?page=1&edid=07D24578-F577-FB97-B11A-7D3A32948F2C HTTP/1.1" 200 110997
95.217.114.173 - - [07/Mar/2025:02:29:28 +0100] "GET /ticket2/opencms/fi/buy/?page=1&edid=07D2B892-D334-E9EE-0F0E-8E89D2697DA8 HTTP/1.1" 200 110747
