95.217.114.173 - - [07/Mar/2025:03:37:43 +0100] "GET /ticket2/opencms/fi/buy/?page=1&edid=3FC2B591-D536-D1BB-E60B-6C053ECAFC38 HTTP/1.1" 200 110845
192.99.36.61 - - [07/Mar/2025:03:37:44 +0100] "GET /ticket2/opencms/dk/sv/buy/?page=1&edid=E55458F4-1FCF-3C1D-EAC3-DCB344D5A791&sortorder=desc&column=section HTTP/1.1" 404 -
217.182.175.38 - - [07/Mar/2025:03:37:48 +0100] "GET /ticket2/opencms/dk/fi/buy/?page=1&edid=9DD4F3F0-2B3C-2E8D-D066-7DC7DDA8AEEF&sortorder=asc&column=price HTTP/1.1" 404 -
95.217.114.173 - - [07/Mar/2025:03:37:50 +0100] "GET /ticket2/opencms/fi/buy/?page=1&edid=3FCB9CEE-895D-725D-7D14-8EF1B7703A64 HTTP/1.1" 200 110409
114.119.136.30 - - [07/Mar/2025:03:37:51 +0100] "GET /ticket2/opencms/az/buy?page=1&edid=57541A2A-A7DE-A07B-2484-0E25ED563C4B HTTP/1.1" 200 112772
17.22.253.112 - - [07/Mar/2025:03:37:51 +0100] "GET /ticket2/opencms/system/modules/com.gridnine.opencms.ticketbrokerage.site/resources/css/standard.css HTTP/1.1" 200 74449
17.22.253.207 - - [07/Mar/2025:03:37:52 +0100] "GET /ticket2/opencms/system/modules/com.gridnine.opencms.ticketbrokerage.site/resources/css/ticketbrokerage.css HTTP/1.1" 200 39339
185.191.171.9 - - [07/Mar/2025:03:37:52 +0100] "GET /ticket2/opencms/et/sport/jalgpallipiletid/english-championship/west-bromwich-albion HTTP/1.1" 404 -
17.22.253.70 - - [07/Mar/2025:03:37:52 +0100] "GET /ticket2/opencms/system/modules/com.gridnine.opencms.ticketbrokerage.site/resources/css/calendar.css HTTP/1.1" 200 6871
217.182.175.38 - - [07/Mar/2025:03:37:53 +0100] "GET /ticket2/opencms/dk/fi/buy/?page=1&edid=9DD4F3F0-2B3C-2E8D-D066-7DC7DDA8AEEF&sortorder=asc&column=section HTTP/1.1" 404 -
47.128.40.235 - - [07/Mar/2025:03:37:53 +0100] "GET /ticket2/opencms/ga/buy/?edid=866ED0B0-A67C-9147-4D6A-B6162F21CEF8 HTTP/1.1" 200 91783
17.22.253.96 - - [07/Mar/2025:03:37:53 +0100] "GET /ticket2/opencms/system/modules/com.gridnine.opencms.ticketbrokerage.site/resources/js/functions.js HTTP/1.1" 200 1583
17.22.237.82 - - [07/Mar/2025:03:37:53 +0100] "GET /ticket2/opencms/system/modules/com.gridnine.opencms.ticketbrokerage.site/resources/js/calendar.js HTTP/1.1" 200 49229
17.22.253.6 - - [07/Mar/2025:03:37:54 +0100] "GET /ticket2/opencms/system/modules/com.gridnine.opencms.ticketbrokerage.site/resources/js/calendar-en.js HTTP/1.1" 200 3338
192.99.36.61 - - [07/Mar/2025:03:37:54 +0100] "GET /ticket2/opencms/dk/sv/buy/?page=1&edid=E59A37DC-C4D5-8789-4A59-E1C7D847EADE&sortorder=asc&column=price HTTP/1.1" 404 -
17.22.253.112 - - [07/Mar/2025:03:37:55 +0100] "GET /ticket2/opencms/system/modules/com.gridnine.opencms.ticketbrokerage.site/resources/js/standard.js HTTP/1.1" 200 3983
17.22.253.254 - - [07/Mar/2025:03:37:55 +0100] "GET /ticket2/opencms/system/modules/com.gridnine.opencms.ticketbrokerage.site/resources/js/calendar-setup.js HTTP/1.1" 200 4923
47.128.40.235 - - [07/Mar/2025:03:37:55 +0100] "GET /ticket2/opencms/system/modules/com.gridnine.opencms.ticketbrokerage.site/resources/pics/arrow.gif HTTP/1.1" 200 344
95.217.114.173 - - [07/Mar/2025:03:37:55 +0100] "GET /ticket2/opencms/fi/buy/?page=1&edid=3FE24E23-CC4D-47B3-346A-43A35A2F820B HTTP/1.1" 200 110728
217.182.175.38 - - [07/Mar/2025:03:37:57 +0100] "GET /ticket2/opencms/dk/fi/buy/?page=1&edid=9F42C569-1F28-76A5-1927-B2B6E6DA8D02&sortorder=asc&column=price HTTP/1.1" 404 -
114.119.146.220 - - [07/Mar/2025:03:37:58 +0100] "GET /ticket2/opencms/en/buy/?page=1&edid=DC7DFF93-94C2-6C63-4640-F8E824EF374F HTTP/1.1" 200 108899
185.191.171.9 - - [07/Mar/2025:03:38:01 +0100] "GET /ticket2/opencms/mt/magazine/article?title=it-talenta-zvediza-lucas-bergvall-klar-gal-tottenham-hotspur HTTP/1.1" 200 96060
192.99.36.61 - - [07/Mar/2025:03:38:02 +0100] "GET /ticket2/opencms/dk/sv/buy/?page=1&edid=E59A37DC-C4D5-8789-4A59-E1C7D847EADE&sortorder=asc&column=row HTTP/1.1" 404 -
95.217.114.173 - - [07/Mar/2025:03:38:02 +0100] "GET /ticket2/opencms/fi/buy/?page=1&edid=3FF858CF-7356-7395-9E59-43541CB37D87 HTTP/1.1" 200 111857
217.182.175.38 - - [07/Mar/2025:03:38:02 +0100] "GET /ticket2/opencms/dk/fi/buy/?page=1&edid=9F42C569-1F28-76A5-1927-B2B6E6DA8D02&sortorder=asc&column=section HTTP/1.1" 404 -
217.182.175.38 - - [07/Mar/2025:03:38:07 +0100] "GET /ticket2/opencms/dk/fi/buy/?page=1&edid=9FFDAC01-B0FC-4CC8-75F3-62FF03E006BC&sortorder=asc&column=row HTTP/1.1" 404 -
20.171.207.36 - - [07/Mar/2025:03:38:07 +0100] "GET /ticket2/opencms/mt/sport/biljetti-tal-futbol/ HTTP/1.1" 500 -
95.217.114.173 - - [07/Mar/2025:03:38:09 +0100] "GET /ticket2/opencms/fi/buy/?page=1&edid=40274787-4880-2FAF-9245-ACEA41C493B4 HTTP/1.1" 200 111554
192.99.36.61 - - [07/Mar/2025:03:38:10 +0100] "GET /ticket2/opencms/dk/sv/buy/?page=1&edid=E59A37DC-C4D5-8789-4A59-E1C7D847EADE&sortorder=asc&column=section HTTP/1.1" 404 -
54.215.115.119 - - [07/Mar/2025:03:38:11 +0100] "GET /ticket2/opencms/ HTTP/1.1" 500 -
45.89.148.32 - - [07/Mar/2025:03:38:11 +0100] "GET /ticket2/opencms/uk/sport/kvytky-na-futbol/serie-a/napoli HTTP/1.1" 200 100660
217.182.175.38 - - [07/Mar/2025:03:38:12 +0100] "GET /ticket2/opencms/dk/fi/buy/?page=1&edid=A098D6B2-660B-4A91-CD88-E211CF0A7F9F&sortorder=desc&column=section HTTP/1.1" 404 -
66.249.74.136 - - [07/Mar/2025:03:38:12 +0100] "GET /ticket2/opencms/it/ HTTP/1.1" 200 105441
114.119.147.32 - - [07/Mar/2025:03:38:12 +0100] "GET /ticket2/opencms/en/venue/?countryid=9E2F78CF-6136-5571-6F34-DBB927119F5E HTTP/1.1" 200 114679
217.182.175.38 - - [07/Mar/2025:03:38:17 +0100] "GET /ticket2/opencms/dk/fi/buy/?page=1&edid=A45321DF-A6CE-CF78-FF7A-EF32B49E5D06&sortorder=asc&column=row HTTP/1.1" 404 -
192.99.36.61 - - [07/Mar/2025:03:38:17 +0100] "GET /ticket2/opencms/dk/sv/buy/?page=1&edid=E8FE2A15-0338-AD03-E820-3464EC7EA1F7&sortorder=asc&column=price HTTP/1.1" 404 -
114.119.135.251 - - [07/Mar/2025:03:38:18 +0100] "GET /ticket2/opencms/es/buy/?page=1&edid=81B38BC2-1B10-C00A-7953-DB579F5D53A3 HTTP/1.1" 200 131829
95.217.114.173 - - [07/Mar/2025:03:38:19 +0100] "GET /ticket2/opencms/fi/buy/?page=1&edid=40B70B22-910C-2CEB-BC32-2263AEA98A84 HTTP/1.1" 200 112195
217.182.175.38 - - [07/Mar/2025:03:38:21 +0100] "GET /ticket2/opencms/dk/fi/buy/?page=1&edid=A45321DF-A6CE-CF78-FF7A-EF32B49E5D06&sortorder=asc&column=section HTTP/1.1" 404 -
173.252.83.10 - - [07/Mar/2025:03:38:23 +0100] "GET /ticket2/opencms/ro/buy?page=1&edid=57C8D150-DCBD-4911-196A-160A37952FA8 HTTP/1.1" 200 135759
192.99.36.61 - - [07/Mar/2025:03:38:24 +0100] "GET /ticket2/opencms/dk/sv/buy/?page=1&edid=E8FE2A15-0338-AD03-E820-3464EC7EA1F7&sortorder=asc&column=section HTTP/1.1" 404 -
217.182.175.38 - - [07/Mar/2025:03:38:26 +0100] "GET /ticket2/opencms/dk/fi/buy/?page=1&edid=A704B95C-FE59-5574-5696-780991A0B69A&sortorder=asc&column=row HTTP/1.1" 404 -
95.217.114.173 - - [07/Mar/2025:03:38:27 +0100] "GET /ticket2/opencms/fi/buy/?page=1&edid=40FAD1FD-9458-D5DD-799D-562DA9E72A05 HTTP/1.1" 200 111703
66.249.74.3 - - [07/Mar/2025:03:38:27 +0100] "GET /ticket2/opencms/sv/buy/?page=1&edid=285C029F-0136-4458-3DAC-D4899E4F1B96 HTTP/1.1" 200 108169
85.208.96.203 - - [07/Mar/2025:03:38:28 +0100] "GET /ticket2/opencms/mt/sport/biljetti-tal-futbol/english-championship/coventry-city HTTP/1.1" 404 -
114.119.150.49 - - [07/Mar/2025:03:38:31 +0100] "GET /ticket2/opencms/en/venue/?venueid=5B101BF6-93E5-0E68-CC24-F8AEC762D8E3 HTTP/1.1" 200 85383
217.182.175.38 - - [07/Mar/2025:03:38:31 +0100] "GET /ticket2/opencms/dk/fi/buy/?page=1&edid=A936426D-A274-DEB6-C7D0-B6B0CE244BB6&sortorder=asc&column=price HTTP/1.1" 404 -
192.99.36.61 - - [07/Mar/2025:03:38:32 +0100] "GET /ticket2/opencms/dk/sv/buy/?page=1&edid=E9B8E3DF-D984-9A04-D264-9559A2E7A839 HTTP/1.1" 404 -
85.208.96.196 - - [07/Mar/2025:03:38:35 +0100] "GET /ticket2/opencms/nl/about/press/ HTTP/1.1" 200 89425
85.208.96.197 - - [07/Mar/2025:03:38:35 +0100] "GET /ticket2/opencms/no/magazine/article?title=villa-park-med-en-kapasitet-pa-over-42000-tilskuere HTTP/1.1" 200 91939
95.217.114.173 - - [07/Mar/2025:03:38:35 +0100] "GET /ticket2/opencms/fi/buy/?page=1&edid=41044044-C5F8-F8C2-1991-FDE42C24C5E5 HTTP/1.1" 200 112307
217.182.175.38 - - [07/Mar/2025:03:38:35 +0100] "GET /ticket2/opencms/dk/fi/buy/?page=1&edid=A936426D-A274-DEB6-C7D0-B6B0CE244BB6&sortorder=asc&column=row HTTP/1.1" 404 -
114.119.136.30 - - [07/Mar/2025:03:38:36 +0100] "GET /ticket2/opencms/az/buy?page=1&edid=56EA9D72-898E-A001-2C5E-AE2D848D383C HTTP/1.1" 200 111343
192.99.36.61 - - [07/Mar/2025:03:38:39 +0100] "GET /ticket2/opencms/dk/sv/buy/?page=1&edid=E9B8E3DF-D984-9A04-D264-9559A2E7A839&sortorder=desc&column=price HTTP/1.1" 404 -
95.217.114.173 - - [07/Mar/2025:03:38:40 +0100] "GET /ticket2/opencms/fi/buy/?page=1&edid=4105D8CD-D088-4DA8-FE5F-C7AF0BF13DEB HTTP/1.1" 200 111118
217.182.175.38 - - [07/Mar/2025:03:38:40 +0100] "GET /ticket2/opencms/dk/fi/buy/?page=1&edid=A936426D-A274-DEB6-C7D0-B6B0CE244BB6&sortorder=asc&column=section HTTP/1.1" 404 -
123.160.223.75 - - [07/Mar/2025:03:38:41 +0100] "GET /ticket2/opencms/no/ HTTP/1.1" 200 105054
54.36.149.105 - - [07/Mar/2025:03:38:43 +0100] "GET /ticket2/opencms/tr/faq HTTP/1.1" 200 90626
123.160.223.72 - - [07/Mar/2025:03:38:44 +0100] "GET /ticket2/opencms/img/icons/ticket2.thumbnail.png HTTP/1.1" 200 21519
85.208.96.201 - - [07/Mar/2025:03:38:45 +0100] "GET /ticket2/opencms/de/magazine/article?title=neuer-mannschaftskapitan-dejan-kulusevski HTTP/1.1" 200 92004
192.99.36.61 - - [07/Mar/2025:03:38:45 +0100] "GET /ticket2/opencms/dk/sv/buy/?page=1&edid=E9B8E3DF-D984-9A04-D264-9559A2E7A839&sortorder=desc&column=row HTTP/1.1" 404 -
217.182.175.38 - - [07/Mar/2025:03:38:45 +0100] "GET /ticket2/opencms/dk/fi/buy/?page=1&edid=ABD71631-87BB-6A7C-FC5E-66817F361F35&sortorder=desc&column=section HTTP/1.1" 404 -
47.128.55.174 - - [07/Mar/2025:03:38:46 +0100] "GET /ticket2/opencms/az/buy/?edid=A587FC63-4A93-6097-3B29-C1C51786267C HTTP/1.1" 200 91789
95.217.114.173 - - [07/Mar/2025:03:38:46 +0100] "GET /ticket2/opencms/fi/buy/?page=1&edid=410E5D45-3554-9686-AC44-296535144611 HTTP/1.1" 200 111471
185.191.171.8 - - [07/Mar/2025:03:38:49 +0100] "GET /ticket2/opencms/et/magazine/article?title=oudusunenagu-manchester-cityle HTTP/1.1" 200 94725
217.182.175.38 - - [07/Mar/2025:03:38:50 +0100] "GET /ticket2/opencms/dk/fi/buy/?page=1&edid=ABDF7CFF-955C-3980-3713-4EA1E1421657&sortorder=desc&column=row HTTP/1.1" 404 -
66.249.76.41 - - [07/Mar/2025:03:38:50 +0100] "GET /ticket2/opencms/fi/buy/?page=6&comcatid=A17713B6-D984-201A-4143-ED4DB5ED5C2E&catid=D8B345C9-F7A5-E620-4B43-C34EB0D6885B&eventid=473D0D80-318B-9AEF-7923-42B4F01AAAE6 HTTP/1.1" 200 113440
192.99.36.61 - - [07/Mar/2025:03:38:51 +0100] "GET /ticket2/opencms/dk/sv/buy/?page=1&edid=E9B8E3DF-D984-9A04-D264-9559A2E7A839&sortorder=desc&column=section HTTP/1.1" 404 -
66.249.65.197 - - [07/Mar/2025:03:38:54 +0100] "GET /ticket2/opencms/en/magazine/article?title=thomas-tuchel-becomes-englands-new-national-team-coach HTTP/1.1" 200 91887
217.182.175.38 - - [07/Mar/2025:03:38:54 +0100] "GET /ticket2/opencms/dk/fi/buy/?page=1&edid=AEE686B1-0F06-BE3A-CE07-98C2BAFB7F71&sortorder=desc&column=row HTTP/1.1" 404 -
95.217.114.173 - - [07/Mar/2025:03:38:55 +0100] "GET /ticket2/opencms/fi/buy/?page=1&edid=412FDB60-9870-0CA3-D6DE-428EE343A262 HTTP/1.1" 200 110603
40.77.167.76 - - [07/Mar/2025:03:38:55 +0100] "GET /ticket2/opencms/en/search.html?searchQuery=2025 HTTP/1.1" 200 97327
85.208.96.205 - - [07/Mar/2025:03:38:55 +0100] "GET /ticket2/opencms/cs/sport/fotbalove-listky/english-championship/sunderland/ HTTP/1.1" 500 -
52.167.144.218 - - [07/Mar/2025:03:38:55 +0100] "GET /ticket2/opencms/en/buy/?page=1&edid=5CEA98CB-80E1-9ACA-6E51-8C7E3E9275D3 HTTP/1.1" 200 119324
192.99.36.61 - - [07/Mar/2025:03:38:59 +0100] "GET /ticket2/opencms/dk/sv/buy/?page=1&edid=E9D5E868-8D42-83FF-4714-B34CD82CB275 HTTP/1.1" 404 -
217.182.175.38 - - [07/Mar/2025:03:38:59 +0100] "GET /ticket2/opencms/dk/fi/buy/?page=1&edid=B12EFA8D-4EC4-DDCD-8B91-E676E87E71DF&sortorder=desc&column=row HTTP/1.1" 404 -
40.77.167.25 - - [07/Mar/2025:03:38:59 +0100] "GET /ticket2/opencms/mt/buy/?page=1&edid=F2BB5427-1D4A-AECD-9787-90D94712CD18 HTTP/1.1" 200 111657
95.217.114.173 - - [07/Mar/2025:03:39:01 +0100] "GET /ticket2/opencms/fi/buy/?page=1&edid=413316C1-341C-FAC4-7C06-164A881E9743 HTTP/1.1" 200 110949
217.182.175.38 - - [07/Mar/2025:03:39:04 +0100] "GET /ticket2/opencms/dk/fi/buy/?page=1&edid=B42BB733-E52E-258C-F325-85F6C957EB02&sortorder=asc&column=row HTTP/1.1" 404 -
47.128.38.156 - - [07/Mar/2025:03:39:04 +0100] "GET /ticket2/opencms/ga/?comcatid=B41CCF2B-5558-7AEE-3602-09BBDE417D65 HTTP/1.1" 200 105725
192.99.36.61 - - [07/Mar/2025:03:39:06 +0100] "GET /ticket2/opencms/dk/sv/buy/?page=1&edid=EA22A313-8EAF-86C7-31A1-A4D029D5E9C9&sortorder=asc&column=price HTTP/1.1" 404 -
20.171.207.36 - - [07/Mar/2025:03:39:06 +0100] "GET /ticket2/opencms/be/sport/futbol-kvitki/ligue-1/paris-saint-germain HTTP/1.1" 500 -
95.217.114.173 - - [07/Mar/2025:03:39:08 +0100] "GET /ticket2/opencms/fi/buy/?page=1&edid=41664A8C-223E-5223-F885-C651EF33C906 HTTP/1.1" 200 108341
217.182.175.38 - - [07/Mar/2025:03:39:08 +0100] "GET /ticket2/opencms/dk/fi/buy/?page=1&edid=B6D0A9AB-69A7-9419-F7A9-AFE901370F8E&sortorder=desc&column=price HTTP/1.1" 404 -
217.182.175.38 - - [07/Mar/2025:03:39:13 +0100] "GET /ticket2/opencms/dk/fi/buy/?page=1&edid=B6D0A9AB-69A7-9419-F7A9-AFE901370F8E&sortorder=desc&column=row HTTP/1.1" 404 -
192.99.36.61 - - [07/Mar/2025:03:39:14 +0100] "GET /ticket2/opencms/dk/sv/buy/?page=1&edid=EA22A313-8EAF-86C7-31A1-A4D029D5E9C9&sortorder=asc&column=row HTTP/1.1" 404 -
114.119.139.78 - - [07/Mar/2025:03:39:14 +0100] "GET /ticket2/opencms/en/buy/?page=1&edid=C4A85847-D040-EB89-2141-54F1A8B66277 HTTP/1.1" 200 112882
95.217.114.173 - - [07/Mar/2025:03:39:15 +0100] "GET /ticket2/opencms/fi/buy/?page=1&edid=417ADFEF-F739-B537-3809-889A2832A17A HTTP/1.1" 200 110795
47.128.50.191 - - [07/Mar/2025:03:39:18 +0100] "GET /ticket2/opencms/es/buy?edid=FF079107-CBD4-B70B-EC76-A896DEC733A2 HTTP/1.1" 200 91456
217.182.175.38 - - [07/Mar/2025:03:39:19 +0100] "GET /ticket2/opencms/dk/fi/buy/?page=1&edid=2A03D200-6C3E-00E6-4099-16BFE74BA999&sortorder=asc&column=section HTTP/1.1" 404 -
192.99.36.61 - - [07/Mar/2025:03:39:20 +0100] "GET /ticket2/opencms/dk/sv/buy/?page=1&edid=EA22A313-8EAF-86C7-31A1-A4D029D5E9C9&sortorder=asc&column=section HTTP/1.1" 404 -
95.217.114.173 - - [07/Mar/2025:03:39:21 +0100] "GET /ticket2/opencms/fi/buy/?page=1&edid=418E6FEF-0489-B934-AC89-FF08A34AC512 HTTP/1.1" 200 108391
111.7.96.172 - - [07/Mar/2025:03:39:21 +0100] "GET /ticket2/opencms/ HTTP/1.1" 302 -
111.7.96.172 - - [07/Mar/2025:03:39:23 +0100] "GET /ticket2/opencms/en/ HTTP/1.1" 200 103726
194.120.230.215 - - [07/Mar/2025:03:39:24 +0100] "GET /ticket2/opencms/de/cgi-bin/luci/;stok=/locale HTTP/1.1" 404 -
111.7.96.172 - - [07/Mar/2025:03:39:25 +0100] "GET /ticket2/opencms/img/icons/ticket2.thumbnail.png HTTP/1.1" 200 21519
217.182.175.38 - - [07/Mar/2025:03:39:26 +0100] "GET /ticket2/opencms/dk/fi/buy/?page=1&edid=2A18043A-EF1D-E945-E75B-594AC2A6AAE6&sortorder=asc&column=row HTTP/1.1" 404 -
47.128.45.150 - - [07/Mar/2025:03:39:26 +0100] "GET /ticket2/opencms/sv/buy?edid=458B1568-FE0A-15E4-B731-02A001EA1C95 HTTP/1.1" 200 91252
95.217.114.173 - - [07/Mar/2025:03:39:26 +0100] "GET /ticket2/opencms/fi/buy/?page=1&edid=418F640D-FED9-8D6C-3AD1-01149267CC74 HTTP/1.1" 200 111685
192.99.36.61 - - [07/Mar/2025:03:39:27 +0100] "GET /ticket2/opencms/dk/sv/buy/?page=1&edid=EA22A313-8EAF-86C7-31A1-A4D029D5E9C9&sortorder=desc&column=price HTTP/1.1" 404 -
114.119.133.220 - - [07/Mar/2025:03:39:27 +0100] "GET /ticket2/opencms/en/buy/?page=1&edid=DC57407A-8CE4-9FF1-5780-6AB44C5632B2 HTTP/1.1" 200 108863
217.182.175.38 - - [07/Mar/2025:03:39:32 +0100] "GET /ticket2/opencms/dk/fi/buy/?page=1&edid=2A18043A-EF1D-E945-E75B-594AC2A6AAE6&sortorder=asc&column=section HTTP/1.1" 404 -
185.191.171.18 - - [07/Mar/2025:03:39:34 +0100] "GET /ticket2/opencms/el/magazine/article?title=ollandia-enantion-agglias-ston-hmiteliko HTTP/1.1" 200 98367
192.99.36.61 - - [07/Mar/2025:03:39:34 +0100] "GET /ticket2/opencms/dk/sv/buy/?page=1&edid=EA22A313-8EAF-86C7-31A1-A4D029D5E9C9&sortorder=desc&column=row HTTP/1.1" 404 -
95.217.114.173 - - [07/Mar/2025:03:39:34 +0100] "GET /ticket2/opencms/fi/buy/?page=1&edid=41BD58EC-97A9-BC1A-D605-8084F23D76F6 HTTP/1.1" 200 111646
3.129.63.224 - - [07/Mar/2025:03:39:35 +0100] "GET /ticket2/opencms/be/sport/futbol-kvitki/english-championship/cardiff HTTP/1.1" 200 103343
66.249.74.3 - - [07/Mar/2025:03:39:37 +0100] "GET /ticket2/opencms/ro/magazine/article?title=castigatorul-balonului-de-aur-2024 HTTP/1.1" 200 93802
66.249.76.43 - - [07/Mar/2025:03:39:37 +0100] "GET /ticket2/opencms/system/modules/com.gridnine.opencms.ticketbrokerage.site/resources/js/jquery.fancybox.pack.js HTTP/1.1" 200 23187
217.182.175.38 - - [07/Mar/2025:03:39:39 +0100] "GET /ticket2/opencms/dk/fi/buy/?page=1&edid=30735344-A998-8703-5EFE-812BF0531E5C&sortorder=asc&column=price HTTP/1.1" 404 -
95.217.114.173 - - [07/Mar/2025:03:39:40 +0100] "GET /ticket2/opencms/fi/buy/?page=1&edid=41E8FD9A-7D19-BB8D-34EF-E33CD7FDD762 HTTP/1.1" 200 110595
192.99.36.61 - - [07/Mar/2025:03:39:42 +0100] "GET /ticket2/opencms/dk/sv/buy/?page=1&edid=EA22A313-8EAF-86C7-31A1-A4D029D5E9C9&sortorder=desc&column=section HTTP/1.1" 404 -
114.119.130.154 - - [07/Mar/2025:03:39:45 +0100] "GET /ticket2/opencms/az/buy?page=1&edid=56DAEAFB-0B67-F7AF-0BA9-7E706208996B HTTP/1.1" 200 111370
66.249.74.2 - - [07/Mar/2025:03:39:45 +0100] "GET /ticket2/opencms/sv/buy/?page=1&edid=38BD011F-E307-1808-7BE3-74470A609319 HTTP/1.1" 200 108103
217.182.175.38 - - [07/Mar/2025:03:39:45 +0100] "GET /ticket2/opencms/dk/fi/buy/?page=1&edid=30735344-A998-8703-5EFE-812BF0531E5C&sortorder=asc&column=row HTTP/1.1" 404 -
85.208.96.197 - - [07/Mar/2025:03:39:47 +0100] "GET /ticket2/opencms/el/athlitismos/eisitiria-podosfairou/english-championship/coventry-city HTTP/1.1" 404 -
195.191.219.132 - - [07/Mar/2025:03:39:48 +0100] "GET /ticket2/opencms/robots.txt HTTP/1.1" 200 773
95.217.114.173 - - [07/Mar/2025:03:39:48 +0100] "GET /ticket2/opencms/fi/buy/?page=1&edid=41E9C3A6-1ED0-8493-C595-0C2D48714D8A HTTP/1.1" 200 111015
40.77.167.25 - - [07/Mar/2025:03:39:48 +0100] "GET /ticket2/opencms/tr/buy/?page=1&edid=A587FC63-4A93-6097-3B29-C1C51786267C HTTP/1.1" 200 112086
195.191.219.132 - - [07/Mar/2025:03:39:48 +0100] "GET /ticket2/opencms/it/ HTTP/1.1" 200 105444
192.99.36.61 - - [07/Mar/2025:03:39:49 +0100] "GET /ticket2/opencms/dk/sv/buy/?page=1&edid=EA6B7FBB-FA78-046C-4294-B3C3C2130B5E HTTP/1.1" 404 -
217.182.175.38 - - [07/Mar/2025:03:39:52 +0100] "GET /ticket2/opencms/dk/fi/buy/?page=1&edid=39B326AB-21FF-74B7-0EC9-A295A721BD30&sortorder=asc&column=section HTTP/1.1" 404 -
66.249.65.234 - - [07/Mar/2025:03:39:52 +0100] "GET /ticket2/opencms/no/buy/?page=1&edid=083AE95D-096C-41BA-96E0-6A784C0A08FB HTTP/1.1" 200 111039
95.217.114.173 - - [07/Mar/2025:03:39:55 +0100] "GET /ticket2/opencms/fi/buy/?page=1&edid=41F12836-77EE-8E4D-BF9D-8B59189BDB30 HTTP/1.1" 200 111724
192.99.36.61 - - [07/Mar/2025:03:39:55 +0100] "GET /ticket2/opencms/dk/sv/buy/?page=1&edid=EA6B7FBB-FA78-046C-4294-B3C3C2130B5E&sortorder=desc&column=price HTTP/1.1" 404 -
185.191.171.11 - - [07/Mar/2025:03:39:56 +0100] "GET /ticket2/opencms/ga/faq HTTP/1.1" 200 90886
114.119.154.207 - - [07/Mar/2025:03:39:58 +0100] "GET /ticket2/opencms/es/buy/?page=1&edid=6713F743-CFE1-C987-288D-AC8AB79C37B8 HTTP/1.1" 200 117929
217.182.175.38 - - [07/Mar/2025:03:39:58 +0100] "GET /ticket2/opencms/dk/fi/buy/?page=1&edid=4A0F205F-63D5-8062-94E1-77DEB206C6B8&sortorder=asc&column=price HTTP/1.1" 404 -
95.217.114.173 - - [07/Mar/2025:03:40:01 +0100] "GET /ticket2/opencms/fi/buy/?page=1&edid=42626DA9-0BC1-838B-BAE0-C165FD91963D HTTP/1.1" 200 110490
85.208.96.199 - - [07/Mar/2025:03:40:02 +0100] "GET /ticket2/opencms/lt/magazine/article?title=abdul-fatawu-praleis-likusia-sezono-dali HTTP/1.1" 200 94108
192.99.36.61 - - [07/Mar/2025:03:40:04 +0100] "GET /ticket2/opencms/dk/sv/buy/?page=1&edid=EA6B7FBB-FA78-046C-4294-B3C3C2130B5E&sortorder=desc&column=row HTTP/1.1" 404 -
185.191.171.11 - - [07/Mar/2025:03:40:04 +0100] "GET /ticket2/opencms/ga/magazine/article?title=aston-villa-en-av-de-aldsta-klubbarna-i-premier-league HTTP/1.1" 200 94563
217.182.175.38 - - [07/Mar/2025:03:40:05 +0100] "GET /ticket2/opencms/dk/fi/buy/?page=1&edid=5B004ED5-15FD-EC78-6553-2B09565E5F76&sortorder=asc&column=price HTTP/1.1" 404 -
185.191.171.16 - - [07/Mar/2025:03:40:06 +0100] "GET /ticket2/opencms/sv/sport/hockeybiljetter/nhl/Columbus-Blue-Jackets/ HTTP/1.1" 500 -
95.217.114.173 - - [07/Mar/2025:03:40:07 +0100] "GET /ticket2/opencms/fi/buy/?page=1&edid=4310A6B3-6F5F-B489-DE7B-50B50ED9DC25 HTTP/1.1" 200 111926
20.171.207.36 - - [07/Mar/2025:03:40:11 +0100] "GET /ticket2/opencms/uk/sport/kvytky-na-futbol/champions-league/arsenal HTTP/1.1" 404 -
192.99.36.61 - - [07/Mar/2025:03:40:11 +0100] "GET /ticket2/opencms/dk/sv/buy/?page=1&edid=EA6B7FBB-FA78-046C-4294-B3C3C2130B5E&sortorder=desc&column=section HTTP/1.1" 404 -
217.182.175.38 - - [07/Mar/2025:03:40:12 +0100] "GET /ticket2/opencms/dk/fi/buy/?page=1&edid=65E79C4B-76CF-110C-AA83-34508CC31D00&sortorder=asc&column=section HTTP/1.1" 404 -
95.217.114.173 - - [07/Mar/2025:03:40:14 +0100] "GET /ticket2/opencms/fi/buy/?page=1&edid=432C4D61-DB52-95EF-4E54-EDCE2CC665EA HTTP/1.1" 200 108321
85.208.96.208 - - [07/Mar/2025:03:40:14 +0100] "GET /ticket2/opencms/no/sport/fotballsbilletter/champions_league/dortmund/ HTTP/1.1" 500 -
114.119.150.49 - - [07/Mar/2025:03:40:14 +0100] "GET /ticket2/opencms/en/venue/?venueid=52D19513-CB12-0EF5-BEF7-06DCF33018BA HTTP/1.1" 200 85541
111.7.96.158 - - [07/Mar/2025:03:40:16 +0100] "GET /ticket2/opencms/ HTTP/1.1" 302 -
114.119.150.86 - - [07/Mar/2025:03:40:18 +0100] "GET /ticket2/opencms/az/buy?page=1&edid=53F1F8CB-98EB-A326-A494-AF4377C60A64 HTTP/1.1" 200 112779
192.99.36.61 - - [07/Mar/2025:03:40:18 +0100] "GET /ticket2/opencms/dk/sv/buy/?page=1&edid=EA8AC659-064A-13C5-E45A-520465D219F8&sortorder=desc&column=price HTTP/1.1" 404 -
95.217.114.173 - - [07/Mar/2025:03:40:19 +0100] "GET /ticket2/opencms/fi/buy/?page=1&edid=4339DD41-EA63-9D26-7344-E8BE74B0C15A HTTP/1.1" 200 111819
217.182.175.38 - - [07/Mar/2025:03:40:19 +0100] "GET /ticket2/opencms/dk/fi/buy/?page=1&edid=6ABCD234-4885-A69D-AD95-9F398F32282B&sortorder=desc&column=row HTTP/1.1" 404 -
111.7.96.158 - - [07/Mar/2025:03:40:19 +0100] "GET /ticket2/opencms/en/ HTTP/1.1" 200 103774
111.7.96.158 - - [07/Mar/2025:03:40:21 +0100] "GET /ticket2/opencms/img/icons/ticket2.thumbnail.png HTTP/1.1" 200 21519
95.217.114.173 - - [07/Mar/2025:03:40:24 +0100] "GET /ticket2/opencms/fi/buy/?page=1&edid=439590B2-EAB7-F242-08F4-D44DB4E46523 HTTP/1.1" 200 111598
192.99.36.61 - - [07/Mar/2025:03:40:25 +0100] "GET /ticket2/opencms/dk/sv/buy/?page=1&edid=EA8AC659-064A-13C5-E45A-520465D219F8&sortorder=desc&column=section HTTP/1.1" 404 -
217.182.175.38 - - [07/Mar/2025:03:40:26 +0100] "GET /ticket2/opencms/dk/fi/buy/?page=1&edid=6AEA7B0B-C565-4F77-5066-1C24C6353E29&sortorder=desc&column=row HTTP/1.1" 404 -
85.208.96.196 - - [07/Mar/2025:03:40:28 +0100] "GET /ticket2/opencms/no/affiliateprogram.html HTTP/1.1" 200 90136
40.77.167.25 - - [07/Mar/2025:03:40:30 +0100] "GET /ticket2/opencms/hr/buy?page=1&edid=8AE4565C-F63C-2BE4-E17A-9A67140A9C9B HTTP/1.1" 200 108735
40.77.167.25 - - [07/Mar/2025:03:40:31 +0100] "GET /ticket2/opencms/uk/buy/?page=1&edid=83276617-6176-7D9B-A45E-B196FC0AAA80 HTTP/1.1" 200 110885
40.77.167.25 - - [07/Mar/2025:03:40:32 +0100] "GET /ticket2/opencms/hr/buy/?page=1&edid=CBCA6CA9-8C1C-D7C3-B499-28F20948D84A HTTP/1.1" 200 108697
217.182.175.38 - - [07/Mar/2025:03:40:32 +0100] "GET /ticket2/opencms/dk/fi/buy/?page=1&edid=6BB562BA-2C6F-8AE1-6BE1-30FFE188507E&sortorder=asc&column=section HTTP/1.1" 404 -
95.217.114.173 - - [07/Mar/2025:03:40:32 +0100] "GET /ticket2/opencms/fi/buy/?page=1&edid=43CAADFC-85F2-5F5B-8378-F7B47DE76F22 HTTP/1.1" 200 111702
85.208.96.196 - - [07/Mar/2025:03:40:32 +0100] "GET /ticket2/opencms/dk/sport/fodboldbilletter/serie-a/udinese/ HTTP/1.1" 500 -
192.99.36.61 - - [07/Mar/2025:03:40:33 +0100] "GET /ticket2/opencms/dk/sv/buy/?page=1&edid=EAF5F943-A31A-E92D-61B3-6DC580C2EEDC&sortorder=desc&column=price HTTP/1.1" 404 -
185.191.171.1 - - [07/Mar/2025:03:40:33 +0100] "GET /ticket2/opencms/sv/sport/fotbollsbiljetter/champions-leauge/ HTTP/1.1" 200 101329
217.182.175.38 - - [07/Mar/2025:03:40:39 +0100] "GET /ticket2/opencms/dk/fi/buy/?page=1&edid=6DCAB90D-3A3D-2AD8-B841-FCB9C117FC7B&sortorder=asc&column=row HTTP/1.1" 404 -
114.119.134.48 - - [07/Mar/2025:03:40:39 +0100] "GET /ticket2/opencms/en/buy/?page=1&edid=DAB9E068-4556-D327-630A-839EF0CDC403 HTTP/1.1" 200 106938
192.99.36.61 - - [07/Mar/2025:03:40:40 +0100] "GET /ticket2/opencms/dk/sv/buy/?page=1&edid=EAF5F943-A31A-E92D-61B3-6DC580C2EEDC&sortorder=desc&column=section HTTP/1.1" 404 -
114.119.136.30 - - [07/Mar/2025:03:40:42 +0100] "GET /ticket2/opencms/en/sell/?edid=5D1BBD42-EF6F-CCB8-B8EF-34652BBB2B1F HTTP/1.1" 302 -
111.7.96.152 - - [07/Mar/2025:03:40:42 +0100] "GET /ticket2/opencms/ HTTP/1.1" 302 -
85.208.96.198 - - [07/Mar/2025:03:40:43 +0100] "GET /ticket2/opencms/fi/sell/ HTTP/1.1" 302 -
111.7.96.152 - - [07/Mar/2025:03:40:44 +0100] "GET /ticket2/opencms/en/ HTTP/1.1" 200 103691
111.7.96.152 - - [07/Mar/2025:03:40:45 +0100] "GET /ticket2/opencms/img/icons/ticket2.thumbnail.png HTTP/1.1" 200 21519
216.244.66.238 - - [07/Mar/2025:03:40:45 +0100] "GET /ticket2/opencms/dk/buy?page=1&edid=58191E9F-859F-D479-F3B3-FBCE20F76FBB HTTP/1.1" 200 109556
47.128.96.106 - - [07/Mar/2025:03:40:45 +0100] "GET /ticket2/opencms/nl/sport/voetbal-tickets/premier_league/chelsea/ HTTP/1.1" 200 98998
217.182.175.38 - - [07/Mar/2025:03:40:46 +0100] "GET /ticket2/opencms/dk/fi/buy/?page=1&edid=79F0DF9A-E59A-A8F7-04A7-97B5561CB701&sortorder=asc&column=price HTTP/1.1" 404 -
47.128.96.106 - - [07/Mar/2025:03:40:46 +0100] "GET /ticket2/opencms/system/modules/com.gridnine.opencms.ticketbrokerage.site/resources/pics/banners/chelsea.png HTTP/1.1" 200 72179
114.119.136.30 - - [07/Mar/2025:03:40:47 +0100] "GET /ticket2/opencms/en/login/?url=/en/sell/ HTTP/1.1" 200 90097
185.191.171.5 - - [07/Mar/2025:03:40:48 +0100] "GET /ticket2/opencms/fi/login/?url=%25252Ffi%25252Fsell%25252F HTTP/1.1" 200 91764
192.99.36.61 - - [07/Mar/2025:03:40:49 +0100] "GET /ticket2/opencms/dk/sv/buy/?page=1&edid=EB16CA43-9613-F03C-652F-C6E29207D6EB HTTP/1.1" 404 -
217.182.175.38 - - [07/Mar/2025:03:40:53 +0100] "GET /ticket2/opencms/dk/fi/buy/?page=1&edid=79F0DF9A-E59A-A8F7-04A7-97B5561CB701&sortorder=asc&column=section HTTP/1.1" 404 -
192.99.36.61 - - [07/Mar/2025:03:40:55 +0100] "GET /ticket2/opencms/dk/sv/buy/?page=1&edid=EB16CA43-9613-F03C-652F-C6E29207D6EB&sortorder=desc&column=price HTTP/1.1" 404 -
40.77.167.76 - - [07/Mar/2025:03:40:56 +0100] "GET /ticket2/opencms/lv/buy/?page=1&edid=382200F9-A319-F215-14F8-C7B4677A39A9 HTTP/1.1" 200 108722
114.119.130.154 - - [07/Mar/2025:03:40:59 +0100] "GET /ticket2/opencms/az/buy?page=1&edid=50974855-16B8-A11C-006C-26C8896CE55F HTTP/1.1" 200 109109
217.182.175.38 - - [07/Mar/2025:03:40:59 +0100] "GET /ticket2/opencms/dk/fi/buy/?page=1&edid=7D0CD565-A51C-3B57-C547-06C53308F8CE&sortorder=asc&column=row HTTP/1.1" 404 -
207.46.13.87 - - [07/Mar/2025:03:41:02 +0100] "GET /ticket2/opencms/sv/buy/?page=1&edid=CCC5617F-257E-D2AC-C3EC-1D14BF51F54A HTTP/1.1" 200 90034
192.99.36.61 - - [07/Mar/2025:03:41:03 +0100] "GET /ticket2/opencms/dk/sv/buy/?page=1&edid=EB16CA43-9613-F03C-652F-C6E29207D6EB&sortorder=desc&column=row HTTP/1.1" 404 -
47.128.28.69 - - [07/Mar/2025:03:41:05 +0100] "GET /ticket2/opencms/hu/ HTTP/1.1" 200 105575
95.217.114.173 - - [07/Mar/2025:03:41:07 +0100] "GET /ticket2/opencms/fi/buy/?page=1&edid=44264AD6-AE6F-DE08-2352-8E049AC8C6F2 HTTP/1.1" 200 110723
185.191.171.10 - - [07/Mar/2025:03:41:07 +0100] "GET /ticket2/opencms/robots.txt HTTP/1.1" 200 773
185.191.171.11 - - [07/Mar/2025:03:41:08 +0100] "GET /ticket2/opencms/bg/sport/futbolni-bileti/english-championship/stoke-city HTTP/1.1" 404 -
194.120.230.215 - - [07/Mar/2025:03:41:08 +0100] "GET /cgi-bin/luci/;stok=/locale HTTP/1.1" 404 -
192.99.36.61 - - [07/Mar/2025:03:41:10 +0100] "GET /ticket2/opencms/dk/sv/buy/?page=1&edid=EB16CA43-9613-F03C-652F-C6E29207D6EB&sortorder=desc&column=section HTTP/1.1" 404 -
217.182.175.38 - - [07/Mar/2025:03:41:11 +0100] "GET /ticket2/opencms/dk/fi/buy/?page=1&edid=9CCDF930-C794-85DD-1AB3-1CC78DD5D464&sortorder=asc&column=price HTTP/1.1" 404 -
20.171.207.36 - - [07/Mar/2025:03:41:14 +0100] "GET /ticket2/opencms/bs/sport/fudbalske-karte/champions-league/arsenal/ HTTP/1.1" 200 98882
52.167.144.150 - - [07/Mar/2025:03:41:15 +0100] "GET /ticket2/opencms/no/buy/?page=1&edid=6C0AA1CC-8488-7981-DA23-AD8E06F80ABD HTTP/1.1" 200 110553
123.160.223.73 - - [07/Mar/2025:03:41:16 +0100] "GET /ticket2/opencms/ HTTP/1.1" 302 -
192.99.36.61 - - [07/Mar/2025:03:41:16 +0100] "GET /ticket2/opencms/dk/sv/buy/?page=1&edid=EB4914C5-00D4-AD74-5CF9-2868F9C2D86F&sortorder=asc&column=price HTTP/1.1" 404 -
123.160.223.75 - - [07/Mar/2025:03:41:17 +0100] "GET /ticket2/opencms/en/ HTTP/1.1" 200 103816
217.182.175.38 - - [07/Mar/2025:03:41:18 +0100] "GET /ticket2/opencms/dk/fi/buy/?page=1&edid=9CCDF930-C794-85DD-1AB3-1CC78DD5D464&sortorder=asc&column=section HTTP/1.1" 404 -
123.160.223.74 - - [07/Mar/2025:03:41:19 +0100] "GET /ticket2/opencms/img/icons/ticket2.thumbnail.png HTTP/1.1" 200 21519
192.99.36.61 - - [07/Mar/2025:03:41:23 +0100] "GET /ticket2/opencms/dk/sv/buy/?page=1&edid=EB4914C5-00D4-AD74-5CF9-2868F9C2D86F&sortorder=asc&column=row HTTP/1.1" 404 -
114.119.145.123 - - [07/Mar/2025:03:41:26 +0100] "GET /ticket2/opencms/es/buy/?page=1&edid=5DBB4F23-1DC6-5854-92A3-8C0AF6152B4D HTTP/1.1" 200 124506
217.182.175.38 - - [07/Mar/2025:03:41:28 +0100] "GET /ticket2/opencms/dk/nl/buy/?page=1&edid=5647760F-A0DA-AD1C-F78B-224CBE1725F9 HTTP/1.1" 404 -
192.99.36.61 - - [07/Mar/2025:03:41:30 +0100] "GET /ticket2/opencms/dk/sv/buy/?page=1&edid=EB4914C5-00D4-AD74-5CF9-2868F9C2D86F&sortorder=asc&column=section HTTP/1.1" 404 -
217.182.175.38 - - [07/Mar/2025:03:41:32 +0100] "GET /ticket2/opencms/dk/nl/buy/?page=1&edid=57A92A98-F30F-B422-92C0-3AC6E86A8F6E&sortorder=asc&column=row HTTP/1.1" 404 -
114.119.159.237 - - [07/Mar/2025:03:41:36 +0100] "GET /ticket2/opencms/en/venue/?venueid=4264E775-2245-34EC-AB9C-8E5203A0BEEE HTTP/1.1" 200 85270
217.182.175.38 - - [07/Mar/2025:03:41:37 +0100] "GET /ticket2/opencms/dk/nl/buy/?page=1&edid=58F4C4F8-EBCA-36EE-4A2F-E6FAAC376DF3&sortorder=asc&column=row HTTP/1.1" 404 -
192.99.36.61 - - [07/Mar/2025:03:41:38 +0100] "GET /ticket2/opencms/dk/sv/buy/?page=1&edid=EB592836-3B3C-DB5C-2862-32483E1FB13E&sortorder=asc&column=price HTTP/1.1" 404 -
54.36.148.116 - - [07/Mar/2025:03:41:39 +0100] "GET /ticket2/opencms/dk/sport/fodboldbilletter/la-liga/real_sociedad/ HTTP/1.1" 200 92999
114.119.151.93 - - [07/Mar/2025:03:41:39 +0100] "GET /ticket2/opencms/az/buy?page=1&edid=50688465-53DD-890A-4545-EE1F50D3F945 HTTP/1.1" 200 109011
52.167.144.17 - - [07/Mar/2025:03:41:40 +0100] "GET /ticket2/opencms/lt/buy?page=1&edid=E86F0F7D-1756-1185-7E08-E94436C5DD8E HTTP/1.1" 200 127217
217.182.175.38 - - [07/Mar/2025:03:41:42 +0100] "GET /ticket2/opencms/dk/nl/buy/?page=1&edid=58F4C4F8-EBCA-36EE-4A2F-E6FAAC376DF3&sortorder=asc&column=section HTTP/1.1" 404 -
95.217.114.173 - - [07/Mar/2025:03:41:44 +0100] "GET /ticket2/opencms/fi/buy/?page=1&edid=443A5BE5-6E1B-92D8-CAE5-906AF16A59E7 HTTP/1.1" 200 111407
40.77.167.76 - - [07/Mar/2025:03:41:45 +0100] "GET /ticket2/opencms/no/buy/?page=1&edid=9C858F36-595B-5F34-094D-E9A956CF87C8 HTTP/1.1" 200 107952
192.99.36.61 - - [07/Mar/2025:03:41:46 +0100] "GET /ticket2/opencms/dk/sv/buy/?page=1&edid=EB592836-3B3C-DB5C-2862-32483E1FB13E&sortorder=asc&column=row HTTP/1.1" 404 -
37.120.185.173 - - [07/Mar/2025:03:41:47 +0100] "GET /ticket2/opencms/sk/sport/futbalove-listky/serie-a HTTP/1.1" 200 103658
217.182.175.38 - - [07/Mar/2025:03:41:47 +0100] "GET /ticket2/opencms/dk/nl/buy/?page=1&edid=5940893B-B7FD-5B2B-BE07-ECAA83880956&sortorder=desc&column=row HTTP/1.1" 404 -
114.119.146.220 - - [07/Mar/2025:03:41:48 +0100] "GET /ticket2/opencms/en/buy/?page=1&edid=D80743E0-8285-D4ED-834A-4A12B7A12415 HTTP/1.1" 200 106901
95.217.114.173 - - [07/Mar/2025:03:41:49 +0100] "GET /ticket2/opencms/fi/buy/?page=1&edid=44411347-218A-BCCA-1011-D7910A354586 HTTP/1.1" 200 111286
217.182.175.38 - - [07/Mar/2025:03:41:51 +0100] "GET /ticket2/opencms/dk/nl/buy/?page=1&edid=5AB08E75-7029-A48B-FC01-E1DA6953C20F&sortorder=asc&column=price HTTP/1.1" 404 -
172.203.190.135 - - [07/Mar/2025:03:41:51 +0100] "GET /ticket2/opencms/robots.txt HTTP/1.1" 304 -
192.99.36.61 - - [07/Mar/2025:03:41:52 +0100] "GET /ticket2/opencms/dk/sv/buy/?page=1&edid=EB592836-3B3C-DB5C-2862-32483E1FB13E&sortorder=asc&column=section HTTP/1.1" 404 -
40.77.167.243 - - [07/Mar/2025:03:41:54 +0100] "GET /ticket2/opencms/en/buy?page=1&edid=8DE7A210-45E0-8C09-63EA-28CBA5412C0E HTTP/1.1" 200 109779
66.249.74.136 - - [07/Mar/2025:03:41:55 +0100] "GET /ticket2/opencms/mo/buy/?page=1&edid=C8B54E4D-ACCA-9CAC-8303-90318E9CF170 HTTP/1.1" 200 111702
123.160.223.75 - - [07/Mar/2025:03:41:55 +0100] "GET /ticket2/opencms/ HTTP/1.1" 302 -
95.217.114.173 - - [07/Mar/2025:03:41:56 +0100] "GET /ticket2/opencms/fi/buy/?page=1&edid=4450F829-67E1-43AD-8A34-CCE281E5AF9E HTTP/1.1" 200 111535
66.249.73.6 - - [07/Mar/2025:03:41:56 +0100] "GET /ticket2/opencms/lt/buy/?page=1&edid=A8F677E6-A548-E0DF-93F9-55173D9897A9 HTTP/1.1" 200 118703
114.119.156.30 - - [07/Mar/2025:03:41:56 +0100] "GET /ticket2/opencms/robots.txt HTTP/1.1" 200 773
123.160.223.75 - - [07/Mar/2025:03:41:57 +0100] "GET /ticket2/opencms/en/ HTTP/1.1" 200 103766
123.160.223.74 - - [07/Mar/2025:03:41:58 +0100] "GET /ticket2/opencms/img/icons/ticket2.thumbnail.png HTTP/1.1" 200 21519
217.182.175.38 - - [07/Mar/2025:03:41:58 +0100] "GET /ticket2/opencms/dk/nl/buy/?page=1&edid=5AE328E9-BC28-8356-003B-BE36705920C7&sortorder=asc&column=price HTTP/1.1" 404 -
192.99.36.61 - - [07/Mar/2025:03:41:59 +0100] "GET /ticket2/opencms/dk/sv/buy/?page=1&edid=EB592836-3B3C-DB5C-2862-32483E1FB13E&sortorder=desc&column=price HTTP/1.1" 404 -
95.217.114.173 - - [07/Mar/2025:03:42:02 +0100] "GET /ticket2/opencms/fi/buy/?page=1&edid=4457AAA5-B79C-4CFF-795B-48A1890E4376 HTTP/1.1" 200 112163
52.167.144.139 - - [07/Mar/2025:03:42:03 +0100] "GET /ticket2/opencms/fr/buy/?page=1&edid=1B1110FF-64E0-6CFF-81D4-E8AF0ACF53E2 HTTP/1.1" 200 111768
217.182.175.38 - - [07/Mar/2025:03:42:03 +0100] "GET /ticket2/opencms/dk/nl/buy/?page=1&edid=5C50ECB1-C172-E904-ECBC-6CD309D8DD4A&sortorder=asc&column=price HTTP/1.1" 404 -
192.99.36.61 - - [07/Mar/2025:03:42:06 +0100] "GET /ticket2/opencms/dk/sv/buy/?page=1&edid=EB592836-3B3C-DB5C-2862-32483E1FB13E&sortorder=desc&column=row HTTP/1.1" 404 -
195.191.219.131 - - [07/Mar/2025:03:42:08 +0100] "GET /ticket2/opencms/robots.txt HTTP/1.1" 200 773
217.182.175.38 - - [07/Mar/2025:03:42:08 +0100] "GET /ticket2/opencms/dk/nl/buy/?page=1&edid=5C50ECB1-C172-E904-ECBC-6CD309D8DD4A&sortorder=desc&column=price HTTP/1.1" 404 -
195.191.219.131 - - [07/Mar/2025:03:42:09 +0100] "GET /ticket2/opencms/es/ HTTP/1.1" 200 105601
95.217.114.173 - - [07/Mar/2025:03:42:10 +0100] "GET /ticket2/opencms/fi/buy/?page=1&edid=44599007-F0B1-286F-0C90-4520F7E005F5 HTTP/1.1" 200 111648
172.71.246.17 - - [07/Mar/2025:03:42:10 +0100] "GET /ticket2/opencms/de/wordpress/wp-admin/setup-config.php HTTP/1.1" 404 -
47.128.24.45 - - [07/Mar/2025:03:42:11 +0100] "GET /ticket2/opencms/de/buy?edid=126E7844-E6E1-432A-5140-6A6B87787BFF HTTP/1.1" 200 91046
217.182.175.38 - - [07/Mar/2025:03:42:13 +0100] "GET /ticket2/opencms/dk/nl/buy/?page=1&edid=5C50ECB1-C172-E904-ECBC-6CD309D8DD4A&sortorder=desc&column=row HTTP/1.1" 404 -
192.99.36.61 - - [07/Mar/2025:03:42:13 +0100] "GET /ticket2/opencms/dk/sv/buy/?page=1&edid=EC40BF80-F7FC-3506-8E81-D12F1DBA4B04&sortorder=desc&column=price HTTP/1.1" 404 -
95.217.114.173 - - [07/Mar/2025:03:42:15 +0100] "GET /ticket2/opencms/fi/buy/?page=1&edid=4495F46E-D813-768C-E663-875914F2AAA2 HTTP/1.1" 200 110598
20.171.207.36 - - [07/Mar/2025:03:42:15 +0100] "GET /ticket2/opencms/de/magazine/article?title=joel-matip-verlasst-den-fc-liverpool HTTP/1.1" 200 95209
216.244.66.238 - - [07/Mar/2025:03:42:16 +0100] "GET /ticket2/opencms/fr/buy?page=1&edid=5E608C7A-903B-E4BB-4868-5D83917347B8 HTTP/1.1" 200 111732
217.182.175.38 - - [07/Mar/2025:03:42:17 +0100] "GET /ticket2/opencms/dk/nl/buy/?page=1&edid=5C70B1F0-4607-47F9-95A0-AADB29E20053&sortorder=asc&column=row HTTP/1.1" 404 -
114.119.150.86 - - [07/Mar/2025:03:42:18 +0100] "GET /ticket2/opencms/az/buy?page=1&edid=5013A1E7-6B46-F1F8-6B39-0131EFEB0CDA HTTP/1.1" 200 118960
192.99.36.61 - - [07/Mar/2025:03:42:21 +0100] "GET /ticket2/opencms/dk/sv/buy/?page=1&edid=EC40BF80-F7FC-3506-8E81-D12F1DBA4B04&sortorder=desc&column=row HTTP/1.1" 404 -
95.217.114.173 - - [07/Mar/2025:03:42:22 +0100] "GET /ticket2/opencms/fi/buy/?page=1&edid=44971AE9-5124-1C58-6B99-DC530ED3B88F HTTP/1.1" 200 111061
217.182.175.38 - - [07/Mar/2025:03:42:22 +0100] "GET /ticket2/opencms/dk/nl/buy/?page=1&edid=616E0307-EF5A-C0BC-E2E4-858595D5400D&sortorder=desc&column=row HTTP/1.1" 404 -
217.182.175.38 - - [07/Mar/2025:03:42:27 +0100] "GET /ticket2/opencms/dk/nl/buy/?page=1&edid=616E0307-EF5A-C0BC-E2E4-858595D5400D&sortorder=desc&column=section HTTP/1.1" 404 -
192.99.36.61 - - [07/Mar/2025:03:42:27 +0100] "GET /ticket2/opencms/dk/sv/buy/?page=1&edid=EC40BF80-F7FC-3506-8E81-D12F1DBA4B04&sortorder=desc&column=section HTTP/1.1" 404 -
40.77.167.77 - - [07/Mar/2025:03:42:28 +0100] "GET /ticket2/opencms/it/buy/?page=1&edid=E66B1558-C5A6-CDDD-B7DD-6060381B0F38 HTTP/1.1" 200 90194
95.217.114.173 - - [07/Mar/2025:03:42:29 +0100] "GET /ticket2/opencms/fi/buy/?page=1&edid=44BB9429-F6A0-1576-0627-171DBE237180 HTTP/1.1" 200 111640
217.182.175.38 - - [07/Mar/2025:03:42:32 +0100] "GET /ticket2/opencms/dk/nl/buy/?page=1&edid=622E7229-D1F4-78FC-7BB1-7DDE1018356B&sortorder=desc&column=row HTTP/1.1" 404 -
52.167.144.139 - - [07/Mar/2025:03:42:32 +0100] "GET /ticket2/opencms/hr/buy/?page=1&edid=5FB57C24-AD1D-5266-EC3B-AFBF6FBAF1AC HTTP/1.1" 200 112226
52.167.144.139 - - [07/Mar/2025:03:42:34 +0100] "GET /ticket2/opencms/sl/buy/?page=1&edid=8A85BC4C-55E2-1DEE-BB03-89089B34386E HTTP/1.1" 200 112205
192.99.36.61 - - [07/Mar/2025:03:42:35 +0100] "GET /ticket2/opencms/dk/sv/buy/?page=1&edid=ED12BD15-F1EE-A994-CF65-0C6715AA0F46&sortorder=asc&column=price HTTP/1.1" 404 -
217.182.175.38 - - [07/Mar/2025:03:42:37 +0100] "GET /ticket2/opencms/dk/nl/buy/?page=1&edid=63B3D2EE-B950-115E-194C-CCC7BBD6F3BB&sortorder=asc&column=price HTTP/1.1" 404 -
40.77.167.35 - - [07/Mar/2025:03:42:37 +0100] "GET /ticket2/opencms/el/magazine/article?title=burnley-fc HTTP/1.1" 200 95538
66.249.74.2 - - [07/Mar/2025:03:42:37 +0100] "GET /ticket2/opencms/sv/buy/?page=1&edid=E1890C55-BB29-2521-0846-5A33B1490A2E HTTP/1.1" 200 110233
95.217.114.173 - - [07/Mar/2025:03:42:37 +0100] "GET /ticket2/opencms/fi/buy/?page=1&edid=44CD154D-D83E-03F8-519C-AFF6B2AD9729 HTTP/1.1" 200 111525
114.119.139.202 - - [07/Mar/2025:03:42:38 +0100] "GET /ticket2/opencms/es/buy/?page=1&edid=5CA212A9-5EDB-CCAD-DF13-49AC99A9E66C HTTP/1.1" 200 110475
217.182.175.38 - - [07/Mar/2025:03:42:41 +0100] "GET /ticket2/opencms/dk/nl/buy/?page=1&edid=63B3D2EE-B950-115E-194C-CCC7BBD6F3BB&sortorder=asc&column=row HTTP/1.1" 404 -
192.99.36.61 - - [07/Mar/2025:03:42:42 +0100] "GET /ticket2/opencms/dk/sv/buy/?page=1&edid=ED12BD15-F1EE-A994-CF65-0C6715AA0F46&sortorder=asc&column=row HTTP/1.1" 404 -
95.217.114.173 - - [07/Mar/2025:03:42:43 +0100] "GET /ticket2/opencms/fi/buy/?page=1&edid=44FFBFC9-1B8A-5A9D-1686-BF1700915FD9 HTTP/1.1" 200 111722
217.182.175.38 - - [07/Mar/2025:03:42:46 +0100] "GET /ticket2/opencms/dk/nl/buy/?page=1&edid=63B3D2EE-B950-115E-194C-CCC7BBD6F3BB&sortorder=asc&column=section HTTP/1.1" 404 -
192.99.36.61 - - [07/Mar/2025:03:42:49 +0100] "GET /ticket2/opencms/dk/sv/buy/?page=1&edid=ED12BD15-F1EE-A994-CF65-0C6715AA0F46&sortorder=asc&column=section HTTP/1.1" 404 -
95.217.114.173 - - [07/Mar/2025:03:42:50 +0100] "GET /ticket2/opencms/fi/buy/?page=1&edid=451A6C38-EA68-0CFE-0F9D-E5D2983CBCC8 HTTP/1.1" 200 108373
114.119.130.23 - - [07/Mar/2025:03:42:52 +0100] "GET /ticket2/opencms/en/venue/?venueid=3AE26EE0-A3E4-AABA-2528-19D13CD1D081 HTTP/1.1" 200 85438
217.182.175.38 - - [07/Mar/2025:03:42:53 +0100] "GET /ticket2/opencms/dk/nl/buy/?page=1&edid=642E9578-D653-AE72-0BA4-FF639C3984BF&sortorder=desc&column=section HTTP/1.1" 404 -
85.208.96.210 - - [07/Mar/2025:03:42:54 +0100] "GET /ticket2/opencms/it HTTP/1.1" 200 105500
192.99.36.61 - - [07/Mar/2025:03:42:56 +0100] "GET /ticket2/opencms/dk/sv/buy/?page=1&edid=ED12BD15-F1EE-A994-CF65-0C6715AA0F46&sortorder=desc&column=price HTTP/1.1" 404 -
95.217.114.173 - - [07/Mar/2025:03:42:57 +0100] "GET /ticket2/opencms/fi/buy/?page=1&edid=457A4AFF-A6EF-C071-9DEF-1F13C05D6B21 HTTP/1.1" 200 112300
66.249.65.235 - - [07/Mar/2025:03:42:58 +0100] "GET /ticket2/opencms/sv/buy?page=1&edid=160DAC9A-2A77-6FDC-52B8-296352B1ABF1 HTTP/1.1" 200 136831
217.182.175.38 - - [07/Mar/2025:03:42:59 +0100] "GET /ticket2/opencms/dk/nl/buy/?page=1&edid=6A88913D-7B48-99C2-5EDE-808910AB282E&sortorder=desc&column=section HTTP/1.1" 404 -
114.119.141.178 - - [07/Mar/2025:03:42:59 +0100] "GET /ticket2/opencms/az/buy?page=1&edid=4814AF54-3FC1-5F59-61CB-54A43FF24393 HTTP/1.1" 200 109038
66.249.74.2 - - [07/Mar/2025:03:43:01 +0100] "GET /ticket2/opencms/sv/buy/?page=1&edid=8E087689-30A7-E7AD-9853-CFBC4F6216DD HTTP/1.1" 200 133525
47.128.55.18 - - [07/Mar/2025:03:43:02 +0100] "GET /ticket2/opencms/fi/venue/?venueid=A55A1297-1394-1530-C387-A901DC4F2499 HTTP/1.1" 200 86864
111.7.96.169 - - [07/Mar/2025:03:43:03 +0100] "GET /ticket2/opencms/ HTTP/1.1" 302 -
192.99.36.61 - - [07/Mar/2025:03:43:03 +0100] "GET /ticket2/opencms/dk/sv/buy/?page=1&edid=ED12BD15-F1EE-A994-CF65-0C6715AA0F46&sortorder=desc&column=row HTTP/1.1" 404 -
217.182.175.38 - - [07/Mar/2025:03:43:03 +0100] "GET /ticket2/opencms/dk/nl/buy/?page=1&edid=6B3BF078-C100-90F5-6150-C146B5879A8A&sortorder=asc&column=price HTTP/1.1" 404 -
95.217.114.173 - - [07/Mar/2025:03:43:04 +0100] "GET /ticket2/opencms/fi/buy/?page=1&edid=457D4E89-C4E9-4F02-B659-6B1771052571 HTTP/1.1" 200 108518
111.7.96.169 - - [07/Mar/2025:03:43:05 +0100] "GET /ticket2/opencms/en/ HTTP/1.1" 200 103715
111.7.96.169 - - [07/Mar/2025:03:43:07 +0100] "GET /ticket2/opencms/ HTTP/1.1" 302 -
217.182.175.38 - - [07/Mar/2025:03:43:08 +0100] "GET /ticket2/opencms/dk/nl/buy/?page=1&edid=6B3BF078-C100-90F5-6150-C146B5879A8A&sortorder=desc&column=row HTTP/1.1" 404 -
111.7.96.169 - - [07/Mar/2025:03:43:08 +0100] "GET /ticket2/opencms/en/ HTTP/1.1" 200 103733
111.7.96.169 - - [07/Mar/2025:03:43:10 +0100] "GET /ticket2/opencms/system/modules/com.gridnine.opencms.ticketbrokerage.site/resources/js/jquery/jquery-ui.js HTTP/1.1" 200 228088
111.7.96.169 - - [07/Mar/2025:03:43:10 +0100] "GET /ticket2/opencms/system/modules/com.gridnine.opencms.ticketbrokerage.site/resources/js/calendar-en.js HTTP/1.1" 200 3338
111.7.96.169 - - [07/Mar/2025:03:43:10 +0100] "GET /ticket2/opencms/system/modules/com.gridnine.opencms.ticketbrokerage.site/resources/js/functions.js HTTP/1.1" 200 1583
111.7.96.169 - - [07/Mar/2025:03:43:10 +0100] "GET /ticket2/opencms/system/modules/com.gridnine.opencms.ticketbrokerage.site/resources/js/jquery/jquery.js HTTP/1.1" 200 93868
111.7.96.169 - - [07/Mar/2025:03:43:10 +0100] "GET /ticket2/opencms/system/modules/com.gridnine.opencms.ticketbrokerage.site/resources/js/stickyfill.min.js HTTP/1.1" 200 5672
111.7.96.169 - - [07/Mar/2025:03:43:10 +0100] "GET /ticket2/opencms/system/modules/com.gridnine.opencms.ticketbrokerage.site/resources/js/calendar.js HTTP/1.1" 200 49229
111.7.96.169 - - [07/Mar/2025:03:43:10 +0100] "GET /ticket2/opencms/system/modules/com.gridnine.opencms.ticketbrokerage.site/resources/js/calendar-setup.js HTTP/1.1" 200 4923
111.7.96.169 - - [07/Mar/2025:03:43:10 +0100] "GET /ticket2/opencms/system/modules/com.gridnine.opencms.ticketbrokerage.site/resources/js/standard.js HTTP/1.1" 200 3983
52.167.144.194 - - [07/Mar/2025:03:43:10 +0100] "GET /ticket2/opencms/en/buy/?page=1&edid=85FEE197-56BE-9C34-A3B3-D08AF509D2AB HTTP/1.1" 200 132827
95.217.114.173 - - [07/Mar/2025:03:43:10 +0100] "GET /ticket2/opencms/fi/buy/?page=1&edid=459BE882-0565-B24D-DB56-F6A166521FB6 HTTP/1.1" 200 111098
111.7.96.169 - - [07/Mar/2025:03:43:10 +0100] "GET /ticket2/opencms/system/modules/com.gridnine.opencms.ticketbrokerage.site/resources/js/jquery.fancybox.pack.js HTTP/1.1" 200 23187
85.208.96.208 - - [07/Mar/2025:03:43:11 +0100] "GET /ticket2/opencms/en/magazine/article?title=an-impressive-match-where-the-swede-kulusevski-continues-to-deliver HTTP/1.1" 200 93069
111.7.96.169 - - [07/Mar/2025:03:43:11 +0100] "GET /ticket2/opencms/system/modules/com.gridnine.opencms.ticketbrokerage.site/resources/js/jquery.placeholder.min.js HTTP/1.1" 200 1737
114.119.130.61 - - [07/Mar/2025:03:43:12 +0100] "GET /ticket2/opencms/pl/magazine/article?title=michail-antonio-kontuzjowany-po-wypadku-samochodowym HTTP/1.1" 200 93462
111.7.96.169 - - [07/Mar/2025:03:43:12 +0100] "GET /ticket2/opencms/system/modules/com.gridnine.opencms.ticketbrokerage.site/resources/js/common-ajax.js HTTP/1.1" 200 20175
216.244.66.238 - - [07/Mar/2025:03:43:12 +0100] "GET /ticket2/opencms/mo/buy?page=1&edid=22052BBE-C8C3-5D33-161E-882003E3A527 HTTP/1.1" 200 112450
20.171.207.36 - - [07/Mar/2025:03:43:14 +0100] "GET /ticket2/opencms/de/magazine/article?title=lucas-bergvall-ein-neuer-david-beckham HTTP/1.1" 200 93730
192.99.36.61 - - [07/Mar/2025:03:43:15 +0100] "GET /ticket2/opencms/dk/sv/buy/?page=1&edid=ED12BD15-F1EE-A994-CF65-0C6715AA0F46&sortorder=desc&column=section HTTP/1.1" 404 -
95.217.114.173 - - [07/Mar/2025:03:43:15 +0100] "GET /ticket2/opencms/fi/buy/?page=1&edid=45CB8F22-42C0-7914-04D5-03069409FF8A HTTP/1.1" 200 110524
85.208.96.208 - - [07/Mar/2025:03:43:16 +0100] "GET /ticket2/opencms/pl/magazine/article?title=thomas-tuchel-zostaje-nowym-selekcjonerem-anglii HTTP/1.1" 200 93365
52.167.144.17 - - [07/Mar/2025:03:43:18 +0100] "GET /ticket2/opencms/dk/buy/?page=1&edid=2B4B21AC-3A39-C63E-397C-084E798BD2FE HTTP/1.1" 200 110984
40.77.167.41 - - [07/Mar/2025:03:43:20 +0100] "GET /ticket2/opencms/it/magazine/article?title=paesi-bassi-vs-inghilterra-in-semifinale HTTP/1.1" 200 96206
47.128.54.59 - - [07/Mar/2025:03:43:21 +0100] "GET /ticket2/opencms/hu/buy/?edid=66639F01-2DC3-AE31-937D-1F5B14F403FD HTTP/1.1" 200 91818
192.99.36.61 - - [07/Mar/2025:03:43:22 +0100] "GET /ticket2/opencms/dk/sv/buy/?page=1&edid=ED355133-64B5-D287-7B51-479FB14F8AF3&sortorder=asc&column=row HTTP/1.1" 404 -
111.7.96.169 - - [07/Mar/2025:03:43:22 +0100] "GET /ticket2/opencms/system/modules/com.gridnine.opencms.ticketbrokerage.site/resources/js/standard.js HTTP/1.1" 200 3983
95.217.114.173 - - [07/Mar/2025:03:43:22 +0100] "GET /ticket2/opencms/fi/buy/?page=1&edid=45CC6BB1-4A0B-C243-C5EE-01457B55C324 HTTP/1.1" 200 111086
185.191.171.6 - - [07/Mar/2025:03:43:25 +0100] "GET /ticket2/opencms/hu/faq/ HTTP/1.1" 200 90831
111.7.96.169 - - [07/Mar/2025:03:43:26 +0100] "GET /ticket2/opencms/img/icons/ticket2.thumbnail.png HTTP/1.1" 200 21519
114.119.148.14 - - [07/Mar/2025:03:43:27 +0100] "GET /ticket2/opencms/en/buy/?page=1&edid=D794FAB8-B9EC-5EF3-86BF-E61555A7E1A8 HTTP/1.1" 200 106845
192.99.36.61 - - [07/Mar/2025:03:43:28 +0100] "GET /ticket2/opencms/dk/sv/buy/?page=1&edid=ED355133-64B5-D287-7B51-479FB14F8AF3&sortorder=asc&column=section HTTP/1.1" 404 -
95.217.114.173 - - [07/Mar/2025:03:43:29 +0100] "GET /ticket2/opencms/fi/buy/?page=1&edid=45DFD1AC-671A-B64A-512E-A848A857E213 HTTP/1.1" 200 108484
52.167.144.139 - - [07/Mar/2025:03:43:33 +0100] "GET /ticket2/opencms/ka/buy/?page=1&edid=411DE37B-A492-42F8-E70C-4ADCF9F6F76B HTTP/1.1" 200 118583
95.217.114.173 - - [07/Mar/2025:03:43:34 +0100] "GET /ticket2/opencms/fi/buy/?page=1&edid=45F4FB44-4197-1E06-6BB7-40C71EA02B69 HTTP/1.1" 200 90143
192.99.36.61 - - [07/Mar/2025:03:43:34 +0100] "GET /ticket2/opencms/dk/sv/buy/?page=1&edid=ED58C87A-DACC-536D-405C-4E12BB2B9BDC&sortorder=asc&column=price HTTP/1.1" 404 -
123.160.223.74 - - [07/Mar/2025:03:43:35 +0100] "GET /ticket2/opencms/ HTTP/1.1" 302 -
47.128.97.10 - - [07/Mar/2025:03:43:37 +0100] "GET /ticket2/opencms/fi/venue/?venueid=38BF0C40-6823-C6D1-9FFB-8896B6F987BE HTTP/1.1" 200 86962
123.160.223.72 - - [07/Mar/2025:03:43:38 +0100] "GET /ticket2/opencms/en/ HTTP/1.1" 200 103786
47.128.31.139 - - [07/Mar/2025:03:43:38 +0100] "GET /ticket2/opencms/no/buy/?catid=CB847559-7ECA-CC50-D7D2-064AF0C06FB1&comcatid=0A6B8208-FDA4-E929-9D72-5312FD481B76&page=6 HTTP/1.1" 200 96362
192.99.36.61 - - [07/Mar/2025:03:43:40 +0100] "GET /ticket2/opencms/dk/sv/buy/?page=1&edid=ED58C87A-DACC-536D-405C-4E12BB2B9BDC&sortorder=asc&column=row HTTP/1.1" 404 -
123.160.223.72 - - [07/Mar/2025:03:43:42 +0100] "GET /ticket2/opencms/ HTTP/1.1" 302 -
40.77.167.247 - - [07/Mar/2025:03:43:42 +0100] "GET /ticket2/opencms/en/buy/?page=1&edid=F0397B65-B924-1891-B9FF-A24F70B922BC HTTP/1.1" 200 110023
114.119.150.86 - - [07/Mar/2025:03:43:43 +0100] "GET /ticket2/opencms/az/buy?page=1&edid=473B0CA2-5DEF-8724-CEB4-D099FD62177B HTTP/1.1" 200 108901
95.217.114.173 - - [07/Mar/2025:03:43:44 +0100] "GET /ticket2/opencms/fi/buy/?page=1&edid=45F55A9B-C56E-3C99-BE60-88DE2E329DDD HTTP/1.1" 200 112157
85.208.96.202 - - [07/Mar/2025:03:43:44 +0100] "GET /ticket2/opencms/mo/sell/ HTTP/1.1" 302 -
123.160.223.72 - - [07/Mar/2025:03:43:44 +0100] "GET /ticket2/opencms/en/ HTTP/1.1" 200 103765
192.99.36.61 - - [07/Mar/2025:03:43:46 +0100] "GET /ticket2/opencms/dk/sv/buy/?page=1&edid=ED58C87A-DACC-536D-405C-4E12BB2B9BDC&sortorder=asc&column=section HTTP/1.1" 404 -
123.160.223.72 - - [07/Mar/2025:03:43:47 +0100] "GET /ticket2/opencms/system/modules/com.gridnine.opencms.ticketbrokerage.site/resources/js/jquery/jquery.js HTTP/1.1" 200 93868
123.160.223.73 - - [07/Mar/2025:03:43:47 +0100] "GET /ticket2/opencms/system/modules/com.gridnine.opencms.ticketbrokerage.site/resources/js/stickyfill.min.js HTTP/1.1" 200 5672
