52.167.144.218 - - [07/Mar/2025:02:51:09 +0100] "GET /ticket2/opencms/be/buy?page=1&edid=89B5B359-EE8B-A612-E7AF-5A3BFCEDD2B6 HTTP/1.1" 200 114302
66.249.76.167 - - [07/Mar/2025:02:51:09 +0100] "GET /ticket2/opencms/lt/buy?page=1&edid=0B7E5CA2-F588-894B-B701-64E6B9532C54 HTTP/1.1" 200 127832
192.99.35.94 - - [07/Mar/2025:02:51:10 +0100] "GET /ticket2/opencms/en/login/?edid=4FAD1BD6-DF99-C994-2BAC-1FA11B49BBF7 HTTP/1.1" 200 90138
114.119.130.154 - - [07/Mar/2025:02:51:12 +0100] "GET /ticket2/opencms/be/buy?page=1&=305FADD5-8EC9-8357-FF7D-D66C6FBA3F2B HTTP/1.1" 200 -
95.217.114.173 - - [07/Mar/2025:02:51:13 +0100] "GET /ticket2/opencms/fi/buy/?page=1&edid=183A078B-6D78-CB41-3C1B-82A1B547109F HTTP/1.1" 200 108378
192.99.35.94 - - [07/Mar/2025:02:51:14 +0100] "GET /ticket2/opencms/en/sell/?edid=511DBE77-4302-11AC-20DF-EC763D451874 HTTP/1.1" 302 -
192.99.35.94 - - [07/Mar/2025:02:51:18 +0100] "GET /ticket2/opencms/en/login/?edid=511DBE77-4302-11AC-20DF-EC763D451874 HTTP/1.1" 200 90039
47.128.25.33 - - [07/Mar/2025:02:51:19 +0100] "GET /ticket2/opencms/de/buy/?catid=A3372871-3019-08B8-80CE-74B78F441ACA&comcatid=A17713B6-D984-201A-4143-ED4DB5ED5C2E HTTP/1.1" 200 103490
192.99.35.94 - - [07/Mar/2025:02:51:22 +0100] "GET /ticket2/opencms/en/sell/?edid=51B34877-7C9F-78FD-7C5F-EE108BC846BA HTTP/1.1" 302 -
114.119.151.50 - - [07/Mar/2025:02:51:25 +0100] "GET /ticket2/opencms/pl/buy?page=1&edid=299450E2-FDAD-4E2B-0058-6290A7A2B57D HTTP/1.1" 200 111830
192.99.35.94 - - [07/Mar/2025:02:51:27 +0100] "GET /ticket2/opencms/en/login/?edid=51B34877-7C9F-78FD-7C5F-EE108BC846BA HTTP/1.1" 200 90119
95.217.114.173 - - [07/Mar/2025:02:51:27 +0100] "GET /ticket2/opencms/fi/buy/?page=1&edid=184CC714-D9A6-E36C-569C-757D9B1D92BB HTTP/1.1" 200 108352
216.244.66.196 - - [07/Mar/2025:02:51:30 +0100] "GET /ticket2/opencms/sv/about/contact HTTP/1.1" 200 89385
192.99.35.94 - - [07/Mar/2025:02:51:30 +0100] "GET /ticket2/opencms/en/sell/?edid=51C8DADA-3389-0DD8-E4E9-A827BBFED126 HTTP/1.1" 302 -
173.252.83.2 - - [07/Mar/2025:02:51:33 +0100] "GET /ticket2/opencms/en/buy/?page=1&edid=6A452FCB-E86D-3985-3F4E-F9948D3BEE08 HTTP/1.1" 200 106803
192.99.35.94 - - [07/Mar/2025:02:51:35 +0100] "GET /ticket2/opencms/en/login/?edid=51C8DADA-3389-0DD8-E4E9-A827BBFED126 HTTP/1.1" 200 90064
20.171.207.36 - - [07/Mar/2025:02:51:35 +0100] "GET /ticket2/opencms/cs/sport/fotbalove-listky/premier-league/fulham/ HTTP/1.1" 200 102116
66.249.65.236 - - [07/Mar/2025:02:51:37 +0100] "GET /ticket2/opencms/sv/buy/?page=1&edid=1BEE5A38-DD94-3509-3225-C4A2986A386D HTTP/1.1" 200 110532
114.119.141.34 - - [07/Mar/2025:02:51:38 +0100] "GET /ticket2/opencms/en/buy/?page=10&eventid=1D4D6C4E-FAB4-14C9-DCD9-6C2A3F35B1FB&venueid=E1A95987-A971-1F0D-D591-61D0CF30E07F HTTP/1.1" 200 92869
192.99.35.94 - - [07/Mar/2025:02:51:39 +0100] "GET /ticket2/opencms/en/sell/?edid=523501E5-3030-71B1-ED39-97EA81BD353D HTTP/1.1" 302 -
185.191.171.9 - - [07/Mar/2025:02:51:40 +0100] "GET /ticket2/opencms/el/standard/ HTTP/1.1" 500 -
95.217.114.173 - - [07/Mar/2025:02:51:41 +0100] "GET /ticket2/opencms/fi/buy/?page=1&edid=1851EA6A-7866-6C52-4263-96E93DBF3701 HTTP/1.1" 200 111362
192.99.35.94 - - [07/Mar/2025:02:51:43 +0100] "GET /ticket2/opencms/en/login/?edid=523501E5-3030-71B1-ED39-97EA81BD353D HTTP/1.1" 200 90126
185.191.171.16 - - [07/Mar/2025:02:51:43 +0100] "GET /ticket2/opencms/fr/sport/billets-football/premier_league/manchester_united/ HTTP/1.1" 200 102519
40.77.167.77 - - [07/Mar/2025:02:51:45 +0100] "GET /ticket2/opencms/dk/buy?page=1&edid=160DAC9A-2A77-6FDC-52B8-296352B1ABF1 HTTP/1.1" 200 136000
114.119.141.206 - - [07/Mar/2025:02:51:45 +0100] "GET /ticket2/opencms/en/venue/?venueid=AF7F2E28-677E-9782-2141-5DA64832B7AA HTTP/1.1" 200 85496
192.99.35.94 - - [07/Mar/2025:02:51:47 +0100] "GET /ticket2/opencms/en/sell/?edid=52E9C51D-192F-C954-8F05-403EF150A75E HTTP/1.1" 302 -
114.119.131.180 - - [07/Mar/2025:02:51:48 +0100] "GET /ticket2/opencms/ru/buy/?page=1&edid=5DCA3D52-B942-270C-FA38-21AB50709109 HTTP/1.1" 200 106954
194.36.147.49 - - [07/Mar/2025:02:51:49 +0100] "GET /ticket2/opencms/hu/sport/focijegyek/la-liga/barcelona HTTP/1.1" 200 97396
192.99.35.94 - - [07/Mar/2025:02:51:51 +0100] "GET /ticket2/opencms/en/login/?edid=52E9C51D-192F-C954-8F05-403EF150A75E HTTP/1.1" 200 90178
185.191.171.18 - - [07/Mar/2025:02:51:52 +0100] "GET /ticket2/opencms/dk/about/contact/ HTTP/1.1" 200 88188
192.99.35.94 - - [07/Mar/2025:02:51:55 +0100] "GET /ticket2/opencms/en/sell/?edid=6082F16E-936D-95FC-7956-A001C0E49E14 HTTP/1.1" 302 -
95.217.114.173 - - [07/Mar/2025:02:51:55 +0100] "GET /ticket2/opencms/fi/buy/?page=1&edid=185EB1E8-EE1C-3323-A11B-C27B97AF5EDC HTTP/1.1" 200 110643
114.119.141.178 - - [07/Mar/2025:02:51:55 +0100] "GET /ticket2/opencms/be/buy?page=1&=06839E1C-8CA0-2766-B39C-B161E06D9E51 HTTP/1.1" 200 -
66.249.76.167 - - [07/Mar/2025:02:51:57 +0100] "GET /ticket2/opencms/fr/buy/?page=1&edid=3E86A9D2-1F76-94AC-46C5-9F4298C72DA0 HTTP/1.1" 200 112229
192.99.35.94 - - [07/Mar/2025:02:52:00 +0100] "GET /ticket2/opencms/en/login/?edid=6082F16E-936D-95FC-7956-A001C0E49E14 HTTP/1.1" 200 90116
192.99.35.94 - - [07/Mar/2025:02:52:03 +0100] "GET /ticket2/opencms/en/sell/?edid=616E0307-EF5A-C0BC-E2E4-858595D5400D HTTP/1.1" 302 -
172.69.136.189 - - [07/Mar/2025:02:52:04 +0100] "GET /ticket2/opencms/de/wp-admin/setup-config.php HTTP/1.1" 404 -
95.217.114.173 - - [07/Mar/2025:02:52:05 +0100] "GET /ticket2/opencms/fi/buy/?page=1&edid=18BDD0ED-2331-8826-E623-DFC5F27BD898 HTTP/1.1" 200 110580
194.120.230.215 - - [07/Mar/2025:02:52:06 +0100] "GET /ticket2/opencms/de/cgi-bin/luci/;stok=/locale HTTP/1.1" 404 -
192.99.35.94 - - [07/Mar/2025:02:52:07 +0100] "GET /ticket2/opencms/en/login/?edid=616E0307-EF5A-C0BC-E2E4-858595D5400D HTTP/1.1" 200 90054
192.99.35.94 - - [07/Mar/2025:02:52:11 +0100] "GET /ticket2/opencms/en/sell/?edid=6E8F24AB-74B3-3F4A-83EB-4CBDFC2D46B9 HTTP/1.1" 302 -
66.249.65.195 - - [07/Mar/2025:02:52:13 +0100] "GET /ticket2/opencms/lt/buy?page=1&edid=FDE2CB1B-737B-857F-7431-BD450E7D3BBB HTTP/1.1" 200 135292
95.217.114.173 - - [07/Mar/2025:02:52:14 +0100] "GET /ticket2/opencms/fi/buy/?page=1&edid=18F0A17F-C05E-211C-EC2D-F328215DB3AB HTTP/1.1" 200 111897
40.77.167.58 - - [07/Mar/2025:02:52:14 +0100] "GET /ticket2/opencms/is/buy?page=1&edid=8D7EAD72-A3EF-AB1B-5E4E-B784BB97B852 HTTP/1.1" 200 111844
192.99.35.94 - - [07/Mar/2025:02:52:15 +0100] "GET /ticket2/opencms/en/login/?edid=6E8F24AB-74B3-3F4A-83EB-4CBDFC2D46B9 HTTP/1.1" 200 90119
192.99.35.94 - - [07/Mar/2025:02:52:19 +0100] "GET /ticket2/opencms/en/sell/?edid=6F8AC81B-19DA-62DA-1ED2-E92A4D6140CF HTTP/1.1" 302 -
95.217.114.173 - - [07/Mar/2025:02:52:21 +0100] "GET /ticket2/opencms/fi/buy/?page=1&edid=19102562-E2A2-AF98-F707-B3F5DB2EE4C3 HTTP/1.1" 200 112257
192.99.35.94 - - [07/Mar/2025:02:52:23 +0100] "GET /ticket2/opencms/en/login/?edid=6F8AC81B-19DA-62DA-1ED2-E92A4D6140CF HTTP/1.1" 200 90119
20.171.207.36 - - [07/Mar/2025:02:52:25 +0100] "GET /ticket2/opencms/bg/sport/futbolni-bileti/champions-league/malmo-ff HTTP/1.1" 500 -
66.249.76.194 - - [07/Mar/2025:02:52:26 +0100] "GET /ticket2/opencms/es/magazine/article?title=cerrar-el-mercado-de-fichajes-mas-temprano HTTP/1.1" 200 93082
192.99.35.94 - - [07/Mar/2025:02:52:27 +0100] "GET /ticket2/opencms/en/sell/?edid=709A2CF9-B8E5-0552-2285-BFE6641E87DD HTTP/1.1" 302 -
173.252.107.10 - - [07/Mar/2025:02:52:30 +0100] "GET /ticket2/opencms/nl/sport HTTP/1.1" 200 102167
192.99.35.94 - - [07/Mar/2025:02:52:31 +0100] "GET /ticket2/opencms/en/login/?edid=709A2CF9-B8E5-0552-2285-BFE6641E87DD HTTP/1.1" 200 90166
52.167.144.142 - - [07/Mar/2025:02:52:31 +0100] "GET /ticket2/opencms/uk/buy/?page=1&edid=5C42EC8E-9887-895A-4D69-D41031BF64AE HTTP/1.1" 200 110959
114.119.136.30 - - [07/Mar/2025:02:52:32 +0100] "GET /ticket2/opencms/az/buy?page=1&edid=FDE61440-0AFB-C810-FB76-DEDF52CF6305 HTTP/1.1" 200 112416
54.36.149.11 - - [07/Mar/2025:02:52:33 +0100] "GET /ticket2/opencms/dk/selling_tickets/ HTTP/1.1" 200 86315
52.167.144.142 - - [07/Mar/2025:02:52:33 +0100] "GET /ticket2/opencms/de/?page=6&comcatid=0A6B8208-FDA4-E929-9D72-5312FD481B76 HTTP/1.1" 200 105219
66.249.65.195 - - [07/Mar/2025:02:52:34 +0100] "GET /ticket2/opencms/lt/buy?page=1&edid=C781C90E-2A4A-BE38-23EB-6039DE2F5FA8 HTTP/1.1" 200 137819
192.99.35.94 - - [07/Mar/2025:02:52:35 +0100] "GET /ticket2/opencms/en/sell/?edid=70AA95CC-0F01-4970-97B9-5BD4C290D6AC HTTP/1.1" 302 -
66.249.65.234 - - [07/Mar/2025:02:52:37 +0100] "GET /ticket2/opencms/el/magazine/article?title=h-manchester-city-kerdizei-thn-premier-league HTTP/1.1" 200 95432
95.217.114.173 - - [07/Mar/2025:02:52:38 +0100] "GET /ticket2/opencms/fi/buy/?page=1&edid=1922F4C1-0D89-1ACA-A50D-EFC3C58AA17B HTTP/1.1" 200 90219
192.99.35.94 - - [07/Mar/2025:02:52:39 +0100] "GET /ticket2/opencms/en/login/?edid=70AA95CC-0F01-4970-97B9-5BD4C290D6AC HTTP/1.1" 200 90150
47.128.39.150 - - [07/Mar/2025:02:52:42 +0100] "GET /ticket2/opencms/fr/buy?edid=F27BC96F-F1F5-05C1-68F8-6E14A730C02D HTTP/1.1" 200 91096
192.99.35.94 - - [07/Mar/2025:02:52:43 +0100] "GET /ticket2/opencms/en/sell/?edid=71E66324-0F6E-EB4F-E8BD-271F4B49C83D HTTP/1.1" 302 -
172.71.184.172 - - [07/Mar/2025:02:52:43 +0100] "GET /ticket2/opencms/de/wp-admin/setup-config.php HTTP/1.1" 404 -
192.99.35.94 - - [07/Mar/2025:02:52:47 +0100] "GET /ticket2/opencms/en/login/?edid=71E66324-0F6E-EB4F-E8BD-271F4B49C83D HTTP/1.1" 200 90093
172.68.10.116 - - [07/Mar/2025:02:52:48 +0100] "GET /ticket2/opencms/de/wordpress/wp-admin/setup-config.php HTTP/1.1" 404 -
95.217.114.173 - - [07/Mar/2025:02:52:50 +0100] "GET /ticket2/opencms/fi/buy/?page=1&edid=192638AB-073E-1AA2-8452-C3C3055B4A79 HTTP/1.1" 200 108473
47.128.46.19 - - [07/Mar/2025:02:52:50 +0100] "GET /ticket2/opencms/az/about/press/ HTTP/1.1" 200 88976
192.99.35.94 - - [07/Mar/2025:02:52:50 +0100] "GET /ticket2/opencms/en/sell/?edid=724247B2-796B-C977-0062-C004D5C1A4FC HTTP/1.1" 302 -
47.128.46.19 - - [07/Mar/2025:02:52:51 +0100] "GET /ticket2/opencms/system/modules/com.gridnine.opencms.ticketbrokerage.site/resources/css/images/event-banner.png HTTP/1.1" 404 -
114.119.150.49 - - [07/Mar/2025:02:52:53 +0100] "GET /ticket2/opencms/en/venue/?venueid=ABC7629B-B021-7AD9-E5DF-AEB2627ACD68 HTTP/1.1" 200 85357
52.167.144.231 - - [07/Mar/2025:02:52:54 +0100] "GET /ticket2/opencms/mo/magazine/article?title=pep-guardiolas-football-revolution-a-tactical-masters-influence HTTP/1.1" 200 95077
192.99.35.94 - - [07/Mar/2025:02:52:55 +0100] "GET /ticket2/opencms/en/login/?edid=724247B2-796B-C977-0062-C004D5C1A4FC HTTP/1.1" 200 90142
185.191.171.12 - - [07/Mar/2025:02:52:56 +0100] "GET /ticket2/opencms/bs/sell/ HTTP/1.1" 302 -
192.99.35.94 - - [07/Mar/2025:02:52:59 +0100] "GET /ticket2/opencms/en/sell/?edid=7DFA9706-6B2A-B4CC-5A39-A5C330CC4190 HTTP/1.1" 302 -
185.191.171.19 - - [07/Mar/2025:02:53:02 +0100] "GET /ticket2/opencms/bs/login/?url=%25252Fbs%25252Fsell%25252F HTTP/1.1" 200 91704
192.99.35.94 - - [07/Mar/2025:02:53:04 +0100] "GET /ticket2/opencms/en/login/?edid=7DFA9706-6B2A-B4CC-5A39-A5C330CC4190 HTTP/1.1" 200 90169
95.217.114.173 - - [07/Mar/2025:02:53:04 +0100] "GET /ticket2/opencms/fi/buy/?page=1&edid=1944070F-2A5D-1909-DE14-B309AE8F4483 HTTP/1.1" 200 112202
85.208.96.195 - - [07/Mar/2025:02:53:06 +0100] "GET /ticket2/opencms/hu/magazine/article?title=foci HTTP/1.1" 200 96689
114.119.130.178 - - [07/Mar/2025:02:53:07 +0100] "GET /ticket2/opencms/fr/buy?page=1&edid=2684212B-FA50-DC4B-3CFA-1303E9638140 HTTP/1.1" 200 111050
185.191.171.6 - - [07/Mar/2025:02:53:08 +0100] "GET /ticket2/opencms/en/magazine/article?title=the-future-of-technology-in-football HTTP/1.1" 200 93429
114.119.146.220 - - [07/Mar/2025:02:53:08 +0100] "GET /ticket2/opencms/en/buy/?page=10&eventid=0EE302DD-C223-B987-61E0-17BAE2A74AD5&venueid=CD32B3F7-34D3-CF7E-6DBA-DDCFD6F1CB57 HTTP/1.1" 200 92753
192.99.35.94 - - [07/Mar/2025:02:53:08 +0100] "GET /ticket2/opencms/en/sell/?edid=90C1A66E-428C-A76C-A159-667BE9685E00 HTTP/1.1" 302 -
114.119.136.30 - - [07/Mar/2025:02:53:11 +0100] "GET /ticket2/opencms/az/buy?page=1&edid=AFCF4516-D1E7-B4D0-6DA9-1C8C15178FE8 HTTP/1.1" 200 109003
20.171.207.36 - - [07/Mar/2025:02:53:12 +0100] "GET /ticket2/opencms/fi/urheilu/jalkapallo/bundesliga/bayern-munchen HTTP/1.1" 404 -
192.99.35.94 - - [07/Mar/2025:02:53:12 +0100] "GET /ticket2/opencms/en/login/?edid=90C1A66E-428C-A76C-A159-667BE9685E00 HTTP/1.1" 200 90070
95.217.114.173 - - [07/Mar/2025:02:53:14 +0100] "GET /ticket2/opencms/fi/buy/?page=1&edid=1964B21D-BF30-22BC-8931-DEC6C4EDF1DE HTTP/1.1" 200 112206
66.249.65.33 - - [07/Mar/2025:02:53:16 +0100] "GET /ticket2/opencms/lt/ HTTP/1.1" 200 105647
192.99.35.94 - - [07/Mar/2025:02:53:16 +0100] "GET /ticket2/opencms/en/sell/?edid=916F2EF4-6FE1-7E81-87CE-194E3C0EB782 HTTP/1.1" 302 -
114.119.130.210 - - [07/Mar/2025:02:53:17 +0100] "GET /ticket2/opencms/ru/buy/?page=1&edid=3396D07B-AC6D-141E-71F3-9DE65C0FEDF0 HTTP/1.1" 200 8488
192.99.35.94 - - [07/Mar/2025:02:53:20 +0100] "GET /ticket2/opencms/en/login/?edid=916F2EF4-6FE1-7E81-87CE-194E3C0EB782 HTTP/1.1" 200 90134
192.99.35.94 - - [07/Mar/2025:02:53:24 +0100] "GET /ticket2/opencms/en/sell/?edid=926F727C-C5D2-34B9-5459-6E7B041674A9 HTTP/1.1" 302 -
69.171.230.8 - - [07/Mar/2025:02:53:25 +0100] "GET /ticket2/opencms/mo/buy?page=1&edid=1DC40ECC-FC78-CDB2-9510-7E73DAAD0489 HTTP/1.1" 200 118065
40.77.167.77 - - [07/Mar/2025:02:53:25 +0100] "GET /ticket2/opencms/bg/magazine/article?title=manchester-city-riskuva-izpadane HTTP/1.1" 200 94059
95.217.114.173 - - [07/Mar/2025:02:53:26 +0100] "GET /ticket2/opencms/fi/buy/?page=1&edid=196FDF6D-D90B-7D2E-FC13-5AA32A4D4648 HTTP/1.1" 200 111878
192.99.35.94 - - [07/Mar/2025:02:53:28 +0100] "GET /ticket2/opencms/en/login/?edid=926F727C-C5D2-34B9-5459-6E7B041674A9 HTTP/1.1" 200 90048
185.191.171.11 - - [07/Mar/2025:02:53:31 +0100] "GET /ticket2/opencms/de/nl/about/press/ HTTP/1.1" 404 -
192.99.35.94 - - [07/Mar/2025:02:53:32 +0100] "GET /ticket2/opencms/en/sell/?edid=94CAB6A6-0761-13F6-82AF-E72FFDAD5715 HTTP/1.1" 302 -
85.208.96.195 - - [07/Mar/2025:02:53:35 +0100] "GET /ticket2/opencms/ga/magazine/article?title=burnley-fc HTTP/1.1" 200 91855
192.99.35.94 - - [07/Mar/2025:02:53:36 +0100] "GET /ticket2/opencms/en/login/?edid=94CAB6A6-0761-13F6-82AF-E72FFDAD5715 HTTP/1.1" 200 90163
66.249.65.233 - - [07/Mar/2025:02:53:36 +0100] "GET /ticket2/opencms/el/magazine/article?title=podosfairo HTTP/1.1" 200 97015
47.128.46.34 - - [07/Mar/2025:02:53:36 +0100] "GET /ticket2/opencms/de/buy?page=1&edid=A492339E-0658-D77B-570A-6146F24F8C0A HTTP/1.1" 200 110894
47.128.46.34 - - [07/Mar/2025:02:53:37 +0100] "GET /ticket2/opencms/venue/estadiomestalla.gif HTTP/1.1" 200 27860
47.128.46.34 - - [07/Mar/2025:02:53:38 +0100] "GET /ticket2/opencms/de/ask-form.html HTTP/1.1" 200 3156
192.99.35.94 - - [07/Mar/2025:02:53:39 +0100] "GET /ticket2/opencms/en/sell/?edid=95E6E611-0374-63DE-1FB9-733C295CC9A7 HTTP/1.1" 302 -
95.217.114.173 - - [07/Mar/2025:02:53:40 +0100] "GET /ticket2/opencms/fi/buy/?page=1&edid=197FC2D3-DD51-5963-00AB-841E5325644D HTTP/1.1" 200 110712
85.208.96.195 - - [07/Mar/2025:02:53:42 +0100] "GET /ticket2/opencms/ga/magazine/article?title=kylian-mbappe-kosii-real-madrid HTTP/1.1" 200 94041
192.99.35.94 - - [07/Mar/2025:02:53:43 +0100] "GET /ticket2/opencms/en/login/?edid=95E6E611-0374-63DE-1FB9-733C295CC9A7 HTTP/1.1" 200 90127
185.191.171.11 - - [07/Mar/2025:02:53:47 +0100] "GET /ticket2/opencms/mo/magazine/article?title=2024 HTTP/1.1" 200 93770
192.99.35.94 - - [07/Mar/2025:02:53:47 +0100] "GET /ticket2/opencms/en/sell/?edid=963219A7-E7A4-B62C-96E6-73E898823459 HTTP/1.1" 302 -
95.217.114.173 - - [07/Mar/2025:02:53:51 +0100] "GET /ticket2/opencms/fi/buy/?page=1&edid=199EDE4E-5A92-8B6F-9481-A1A89D98DFB8 HTTP/1.1" 200 111504
52.167.144.142 - - [07/Mar/2025:02:53:51 +0100] "GET /ticket2/opencms/sl/buy?page=1&edid=E9D0FDD0-4C71-0429-2BA8-750A3AF0D844 HTTP/1.1" 200 108553
192.99.35.94 - - [07/Mar/2025:02:53:51 +0100] "GET /ticket2/opencms/en/login/?edid=963219A7-E7A4-B62C-96E6-73E898823459 HTTP/1.1" 200 90146
185.191.171.19 - - [07/Mar/2025:02:53:52 +0100] "GET /ticket2/opencms/be/magazine/article?title=la-liga-real-madrid-ha-ganado-mas-titulos HTTP/1.1" 200 95773
52.167.144.142 - - [07/Mar/2025:02:53:53 +0100] "GET /ticket2/opencms/sl/buy/?page=1&edid=932CFDF1-C8A9-5F7B-5BD7-A07313354469 HTTP/1.1" 200 112208
52.167.144.166 - - [07/Mar/2025:02:53:54 +0100] "GET /ticket2/opencms/sl/buy/?comcatid=B41CCF2B-5558-7AEE-3602-09BBDE417D65&catid=BF886BAE-FC84-8CB3-A193-6DFA251F7985 HTTP/1.1" 200 95530
85.208.96.195 - - [07/Mar/2025:02:53:54 +0100] "GET /ticket2/opencms/el/magazine/article?title=manchester-city-kindyneyei-me-ypobibasmo HTTP/1.1" 200 94965
192.99.35.94 - - [07/Mar/2025:02:53:55 +0100] "GET /ticket2/opencms/en/sell/?edid=97090501-1E61-49E3-928B-F233AE55277C HTTP/1.1" 302 -
95.217.114.173 - - [07/Mar/2025:02:53:58 +0100] "GET /ticket2/opencms/fi/buy/?page=1&edid=19B7650F-CB4F-1233-AB04-462550C6E661 HTTP/1.1" 200 111160
192.99.35.94 - - [07/Mar/2025:02:53:59 +0100] "GET /ticket2/opencms/en/login/?edid=97090501-1E61-49E3-928B-F233AE55277C HTTP/1.1" 200 90042
66.249.65.233 - - [07/Mar/2025:02:54:00 +0100] "GET /ticket2/opencms/el/magazine/article?title=o-ma3imilianos-impraimobits-ypografei-gia-th-deyterh-omada-ths-as-milano HTTP/1.1" 200 98969
192.99.35.94 - - [07/Mar/2025:02:54:03 +0100] "GET /ticket2/opencms/en/sell/?edid=984644D1-C9F2-D295-45C4-6E9DD3F709C0 HTTP/1.1" 302 -
66.249.76.8 - - [07/Mar/2025:02:54:05 +0100] "GET /ticket2/opencms/et/buy?page=1&edid=C781C90E-2A4A-BE38-23EB-6039DE2F5FA8 HTTP/1.1" 200 137578
192.99.35.94 - - [07/Mar/2025:02:54:07 +0100] "GET /ticket2/opencms/en/login/?edid=984644D1-C9F2-D295-45C4-6E9DD3F709C0 HTTP/1.1" 200 90201
114.119.152.77 - - [07/Mar/2025:02:54:08 +0100] "GET /ticket2/opencms/ru/buy/?page=1&edid=D402E731-16BD-6054-BEC0-D195836DBFA5 HTTP/1.1" 200 8488
114.119.143.233 - - [07/Mar/2025:02:54:08 +0100] "GET /ticket2/opencms/az/buy?page=1&edid=A587FC63-4A93-6097-3B29-C1C51786267C HTTP/1.1" 200 112165
114.119.141.206 - - [07/Mar/2025:02:54:08 +0100] "GET /ticket2/opencms/en/venue/?venueid=AA93324D-5E2C-E5D6-2E44-3DC2580D008C HTTP/1.1" 200 85367
47.128.51.0 - - [07/Mar/2025:02:54:09 +0100] "GET /ticket2/opencms/de/buy/?edid=4D0E8B6F-4A4C-13EE-EC78-4C4A42CB13B0 HTTP/1.1" 200 91161
192.99.35.94 - - [07/Mar/2025:02:54:11 +0100] "GET /ticket2/opencms/en/sell/?edid=99523186-4BD8-BF28-0D02-3020D55214AE HTTP/1.1" 302 -
172.69.136.150 - - [07/Mar/2025:02:54:12 +0100] "GET /ticket2/opencms/de/wordpress/wp-admin/setup-config.php HTTP/1.1" 404 -
95.217.114.173 - - [07/Mar/2025:02:54:12 +0100] "GET /ticket2/opencms/fi/buy/?page=1&edid=19C49911-D96E-9B7C-6316-E149EFD71C8E HTTP/1.1" 200 110718
192.99.35.94 - - [07/Mar/2025:02:54:15 +0100] "GET /ticket2/opencms/en/login/?edid=99523186-4BD8-BF28-0D02-3020D55214AE HTTP/1.1" 200 90082
20.171.207.36 - - [07/Mar/2025:02:54:17 +0100] "GET /ticket2/opencms/ga/sport/ticeid-peile/ligue-1 HTTP/1.1" 500 -
69.171.249.114 - - [07/Mar/2025:02:54:18 +0100] "GET /ticket2/opencms/dk/sport/fodboldbilletter/premier-league/leicester HTTP/1.1" 200 99075
192.99.35.94 - - [07/Mar/2025:02:54:18 +0100] "GET /ticket2/opencms/en/sell/?edid=9B375AEE-764B-503F-3F66-4B53C8619B09 HTTP/1.1" 302 -
95.217.114.173 - - [07/Mar/2025:02:54:21 +0100] "GET /ticket2/opencms/fi/buy/?page=1&edid=19D8DF2D-F98F-516A-0C52-7520D8E30285 HTTP/1.1" 200 111788
114.119.129.189 - - [07/Mar/2025:02:54:22 +0100] "GET /ticket2/opencms/fi/urheilu/jalkapallo/la-liga/valencia/ HTTP/1.1" 200 95035
192.99.35.94 - - [07/Mar/2025:02:54:22 +0100] "GET /ticket2/opencms/en/login/?edid=9B375AEE-764B-503F-3F66-4B53C8619B09 HTTP/1.1" 200 90054
114.119.148.14 - - [07/Mar/2025:02:54:24 +0100] "GET /ticket2/opencms/en/buy/?page=10&eventid=049DF1D3-266F-3465-3828-B9AD9176EE89&venueid=7BC1169D-C485-411D-5945-206D54A60C10 HTTP/1.1" 200 92723
40.77.167.58 - - [07/Mar/2025:02:54:25 +0100] "GET /ticket2/opencms/lv/buy/?page=6&comcatid=A17713B6-D984-201A-4143-ED4DB5ED5C2E&catid=0A6C99D2-F5BD-7A18-9A5F-5668827042E0&eventid=95E8846F-148F-9D89-2E4D-7714EAEAF9EE HTTP/1.1" 200 113477
192.99.35.94 - - [07/Mar/2025:02:54:26 +0100] "GET /ticket2/opencms/en/sell/?edid=9B5FF650-6073-5E8D-792C-56A70F14541A HTTP/1.1" 302 -
114.119.150.86 - - [07/Mar/2025:02:54:30 +0100] "GET /ticket2/opencms/az/buy?page=1&edid=A40E09A6-82F6-B4B3-DEE0-A76ACCFE6164 HTTP/1.1" 200 112154
192.99.35.94 - - [07/Mar/2025:02:54:30 +0100] "GET /ticket2/opencms/en/login/?edid=9B5FF650-6073-5E8D-792C-56A70F14541A HTTP/1.1" 200 90175
52.167.144.142 - - [07/Mar/2025:02:54:33 +0100] "GET /ticket2/opencms/de/buy?page=1&edid=40FAD1FD-9458-D5DD-799D-562DA9E72A05 HTTP/1.1" 200 89959
95.217.114.173 - - [07/Mar/2025:02:54:34 +0100] "GET /ticket2/opencms/fi/buy/?page=1&edid=19F66B45-F35F-F627-A08C-0B8C764D6062 HTTP/1.1" 200 111566
192.99.35.94 - - [07/Mar/2025:02:54:34 +0100] "GET /ticket2/opencms/en/sell/?edid=9C91C697-B406-6838-E8EE-67CCBD777A69 HTTP/1.1" 302 -
192.99.35.94 - - [07/Mar/2025:02:54:39 +0100] "GET /ticket2/opencms/en/login/?edid=9C91C697-B406-6838-E8EE-67CCBD777A69 HTTP/1.1" 200 90149
185.191.171.10 - - [07/Mar/2025:02:54:41 +0100] "GET /ticket2/opencms/sl/sport/nogometne-vstopnice/la-liga/espanyol/ HTTP/1.1" 200 101426
85.208.96.210 - - [07/Mar/2025:02:54:42 +0100] "GET /ticket2/opencms/nl/sport/voetbal-tickets/serie_a/empoli/ HTTP/1.1" 500 -
192.99.35.94 - - [07/Mar/2025:02:54:42 +0100] "GET /ticket2/opencms/en/sell/?edid=9D741AD8-6686-3598-9ED2-A1E65C34EAB3 HTTP/1.1" 302 -
95.217.114.173 - - [07/Mar/2025:02:54:45 +0100] "GET /ticket2/opencms/fi/buy/?page=1&edid=1A086566-BE6F-4F39-4972-9570A5588CB6 HTTP/1.1" 200 111023
192.99.35.94 - - [07/Mar/2025:02:54:46 +0100] "GET /ticket2/opencms/en/login/?edid=9D741AD8-6686-3598-9ED2-A1E65C34EAB3 HTTP/1.1" 200 90164
192.99.35.94 - - [07/Mar/2025:02:54:50 +0100] "GET /ticket2/opencms/en/sell/?edid=C585BD1B-7334-51AA-91F2-A36533EF6912 HTTP/1.1" 302 -
85.208.96.208 - - [07/Mar/2025:02:54:51 +0100] "GET /ticket2/opencms/hr/magazine/article?title=fc-liverpool-sezonska-refleksija HTTP/1.1" 200 94707
52.167.144.142 - - [07/Mar/2025:02:54:53 +0100] "GET /ticket2/opencms/et/buy?page=1&edid=322923FD-6346-980B-F04C-E6D850ADF155 HTTP/1.1" 200 111673
192.99.35.94 - - [07/Mar/2025:02:54:54 +0100] "GET /ticket2/opencms/en/login/?edid=C585BD1B-7334-51AA-91F2-A36533EF6912 HTTP/1.1" 200 90105
40.77.167.58 - - [07/Mar/2025:02:54:57 +0100] "GET /ticket2/opencms/mt/buy/?page=1&edid=1B836A42-4F20-7A0F-05D1-08388A470666 HTTP/1.1" 200 111281
192.99.35.94 - - [07/Mar/2025:02:54:58 +0100] "GET /ticket2/opencms/en/sell/?edid=FDE61440-0AFB-C810-FB76-DEDF52CF6305 HTTP/1.1" 302 -
40.77.167.58 - - [07/Mar/2025:02:54:59 +0100] "GET /ticket2/opencms/sr/sport/fudbalske-karte/english-championship/preston-north-end HTTP/1.1" 200 103152
95.217.114.173 - - [07/Mar/2025:02:54:59 +0100] "GET /ticket2/opencms/fi/buy/?page=1&edid=1A0D0579-4E59-3474-5A13-81F3BA1DEBCE HTTP/1.1" 200 112121
47.128.55.240 - - [07/Mar/2025:02:55:02 +0100] "GET /ticket2/opencms/fi/venue/?venueid=C81AD7E5-8D0C-B7E1-63A6-C15C2A1202E2 HTTP/1.1" 200 86864
192.99.35.94 - - [07/Mar/2025:02:55:02 +0100] "GET /ticket2/opencms/en/login/?edid=FDE61440-0AFB-C810-FB76-DEDF52CF6305 HTTP/1.1" 200 90060
192.99.35.94 - - [07/Mar/2025:02:55:06 +0100] "GET /ticket2/opencms/en/venue/?venueid=1B420ACB-199A-5424-E698-08BE6CB8B69A HTTP/1.1" 200 85355
85.208.96.210 - - [07/Mar/2025:02:55:07 +0100] "GET /ticket2/opencms/no/sport/ HTTP/1.1" 200 89160
47.128.39.102 - - [07/Mar/2025:02:55:07 +0100] "GET /ticket2/opencms/en/magazine/article?title=january-transfer-windows-most-expensive-signings HTTP/1.1" 200 91936
194.120.230.215 - - [07/Mar/2025:02:55:07 +0100] "GET /cgi-bin/luci/;stok=/locale HTTP/1.1" 404 -
54.36.148.183 - - [07/Mar/2025:02:55:08 +0100] "GET /ticket2/opencms/sv/faq/ HTTP/1.1" 200 93124
173.252.69.114 - - [07/Mar/2025:02:55:08 +0100] "GET /ticket2/opencms/no/buy?page=1&edid=AA0CB053-7E44-E554-2B96-FB5320A1DEC1 HTTP/1.1" 200 107347
85.208.96.203 - - [07/Mar/2025:02:55:08 +0100] "GET /ticket2/opencms/be/sport/futbol-kvitki/english-championship/west-bromwich-albion HTTP/1.1" 404 -
192.99.35.94 - - [07/Mar/2025:02:55:11 +0100] "GET /ticket2/opencms/en/venue/?venueid=24F72B39-B955-8335-9AE8-08FED3A112B7 HTTP/1.1" 200 85221
95.217.114.173 - - [07/Mar/2025:02:55:13 +0100] "GET /ticket2/opencms/fi/buy/?page=1&edid=1A120460-F552-9394-6AF8-4EDEC99D61C1 HTTP/1.1" 200 111882
52.167.144.231 - - [07/Mar/2025:02:55:15 +0100] "GET /ticket2/opencms/en/buy?page=1&edid=FD6E8518-2A79-98CA-DCA7-35679521856E HTTP/1.1" 200 110049
192.99.35.94 - - [07/Mar/2025:02:55:15 +0100] "GET /ticket2/opencms/en/venue/?venueid=2570AE05-A997-F9B1-2575-52FDC964674A HTTP/1.1" 200 85270
114.119.153.152 - - [07/Mar/2025:02:55:16 +0100] "GET /ticket2/opencms/az/buy?page=1&edid=A39379DA-1375-E962-6BB8-A36C2BDDD0AC HTTP/1.1" 200 112210
40.77.167.58 - - [07/Mar/2025:02:55:17 +0100] "GET /ticket2/opencms/hu/buy/?page=1&edid=5CE9CEEF-ECE2-CA9C-B2BA-DBD8C8168020 HTTP/1.1" 200 108713
20.171.207.36 - - [07/Mar/2025:02:55:18 +0100] "GET /ticket2/opencms/ga/sport/ticeid-peile/fa-cup HTTP/1.1" 404 -
192.99.35.94 - - [07/Mar/2025:02:55:20 +0100] "GET /ticket2/opencms/en/venue/?venueid=279B18FD-4210-8852-93EB-A84B5C61044A HTTP/1.1" 200 85369
192.99.35.94 - - [07/Mar/2025:02:55:24 +0100] "GET /ticket2/opencms/en/venue/?venueid=286341D2-7EEF-95B1-EEDE-7755BEF9E107 HTTP/1.1" 200 85493
95.217.114.173 - - [07/Mar/2025:02:55:25 +0100] "GET /ticket2/opencms/fi/buy/?page=1&edid=1A1E9CA0-4FE7-5159-09F3-5BC379767F9B HTTP/1.1" 200 112182
192.99.35.94 - - [07/Mar/2025:02:55:29 +0100] "GET /ticket2/opencms/en/venue/?venueid=291A0B91-B6D9-7F32-E0D0-5F6B1EDBF000 HTTP/1.1" 200 85401
185.191.171.6 - - [07/Mar/2025:02:55:30 +0100] "GET /ticket2/opencms/fi/urheilu/jalkapallo/la-liga/cadiz/ HTTP/1.1" 500 -
52.167.144.156 - - [07/Mar/2025:02:55:32 +0100] "GET /ticket2/opencms/sr/buy/?comcatid=0A6B8208-FDA4-E929-9D72-5312FD481B76&catid=1DB7F66B-473B-B427-F752-358FEEFE8EC0 HTTP/1.1" 200 97564
192.99.35.94 - - [07/Mar/2025:02:55:33 +0100] "GET /ticket2/opencms/en/venue/?venueid=319027E4-2AEF-9DD6-6B96-F07AEFAF0D00 HTTP/1.1" 200 85300
95.217.114.173 - - [07/Mar/2025:02:55:34 +0100] "GET /ticket2/opencms/fi/buy/?page=1&edid=1A3D6D5E-00C4-D5D4-0B76-2AA789723631 HTTP/1.1" 200 111504
185.191.171.2 - - [07/Mar/2025:02:55:35 +0100] "GET /ticket2/opencms/is/sell/ HTTP/1.1" 302 -
47.128.43.46 - - [07/Mar/2025:02:55:36 +0100] "GET /ticket2/opencms/hr/magazine/article?title=alexander-isak-postavlja-rekorde HTTP/1.1" 200 92642
40.77.167.58 - - [07/Mar/2025:02:55:36 +0100] "GET /ticket2/opencms/el/buy/?page=1&edid=2C495116-CB98-C9E3-B9E8-389135800397 HTTP/1.1" 200 114691
52.167.144.218 - - [07/Mar/2025:02:55:37 +0100] "GET /ticket2/opencms/be/buy?page=1&edid=E2CB9A79-554E-1B99-8B4A-D94A96F8D826 HTTP/1.1" 200 110823
47.128.43.46 - - [07/Mar/2025:02:55:37 +0100] "GET /ticket2/opencms/system/modules/com.gridnine.opencms.ticketbrokerage.site/resources/css/jquery.fancybox.css HTTP/1.1" 200 4939
192.99.35.94 - - [07/Mar/2025:02:55:37 +0100] "GET /ticket2/opencms/en/venue/?venueid=332BD0A1-A96B-D704-DDE6-43C2DB68EECD HTTP/1.1" 200 85223
66.249.76.8 - - [07/Mar/2025:02:55:37 +0100] "GET /ticket2/opencms/sv/buy/?page=1&edid=7010A18C-5A4A-0E34-BEAB-2260102DF0D3 HTTP/1.1" 200 108088
66.249.65.197 - - [07/Mar/2025:02:55:39 +0100] "GET /ticket2/opencms/be/buy/?page=1&edid=FCEB71A3-C27D-C49F-469F-2CB5939452EE HTTP/1.1" 200 136507
185.191.171.9 - - [07/Mar/2025:02:55:40 +0100] "GET /ticket2/opencms/is/login/?url=%25252Fis%25252Fsell%25252F HTTP/1.1" 200 91699
66.249.65.195 - - [07/Mar/2025:02:55:41 +0100] "GET /ticket2/opencms/fr/buy/?page=1&edid=8B25B5F1-10DD-C634-68A4-F2AA7802B8FF HTTP/1.1" 200 111689
192.99.35.94 - - [07/Mar/2025:02:55:42 +0100] "GET /ticket2/opencms/en/venue/?venueid=352FCD84-5C31-C312-9F6E-54AF0CEAC27D HTTP/1.1" 200 85279
114.119.159.237 - - [07/Mar/2025:02:55:43 +0100] "GET /ticket2/opencms/en/venue/?venueid=9EB8E447-E55D-1868-BABC-F174667BAE9B HTTP/1.1" 200 85473
95.217.114.173 - - [07/Mar/2025:02:55:46 +0100] "GET /ticket2/opencms/fi/buy/?page=1&edid=1A5C4612-24B2-C604-5F17-8FFC090B7C18 HTTP/1.1" 200 110486
192.99.35.94 - - [07/Mar/2025:02:55:46 +0100] "GET /ticket2/opencms/en/venue/?venueid=40DC78A8-E12D-6808-C138-74AD7C1598C8 HTTP/1.1" 200 85395
192.99.35.94 - - [07/Mar/2025:02:55:51 +0100] "GET /ticket2/opencms/en/venue/?venueid=66B80C8D-02F9-D9AE-4568-9AC2DE8502C2 HTTP/1.1" 200 85418
85.208.96.202 - - [07/Mar/2025:02:55:51 +0100] "GET /ticket2/opencms/cs/magazine/article?title=viktor-gyokeres-do-manchesteru-united HTTP/1.1" 200 93134
114.119.148.14 - - [07/Mar/2025:02:55:52 +0100] "GET /ticket2/opencms/en/buy/?page=10&eventid=0301901D-CDB0-76E6-A443-30FEE7E893FB HTTP/1.1" 200 91217
192.99.35.94 - - [07/Mar/2025:02:55:55 +0100] "GET /ticket2/opencms/en/venue/?venueid=66CAA8A1-0259-F3AA-7522-0F138635803F HTTP/1.1" 200 85250
114.119.130.61 - - [07/Mar/2025:02:55:55 +0100] "GET /ticket2/opencms/it/magazine/article?title=manchester-city-rischia-la-retrocessione HTTP/1.1" 200 92416
185.191.171.10 - - [07/Mar/2025:02:55:56 +0100] "GET /ticket2/opencms/sv/sport/fotbollsbiljetter/english-championship/leeds/ HTTP/1.1" 200 93325
69.171.230.2 - - [07/Mar/2025:02:55:56 +0100] "GET /ticket2/opencms/tr/spor/futbol-biletleri/bundesliga/koln HTTP/1.1" 500 -
95.217.114.173 - - [07/Mar/2025:02:55:58 +0100] "GET /ticket2/opencms/fi/buy/?page=1&edid=1A7F10A1-8FF6-5B9D-1FDC-2244002370D9 HTTP/1.1" 200 110413
192.99.35.94 - - [07/Mar/2025:02:55:59 +0100] "GET /ticket2/opencms/en/venue/?venueid=680E364F-C434-6295-07B6-C0DA445E75CC HTTP/1.1" 200 85342
85.208.96.194 - - [07/Mar/2025:02:56:00 +0100] "GET /ticket2/opencms/ka/sport/pekhburti-biletebi/serie-a/milan HTTP/1.1" 200 100549
114.119.141.178 - - [07/Mar/2025:02:56:00 +0100] "GET /ticket2/opencms/az/buy?page=1&edid=A0FFAF50-E61F-DDD9-D6DC-77947313B0DE HTTP/1.1" 200 118978
52.167.144.142 - - [07/Mar/2025:02:56:02 +0100] "GET /ticket2/opencms/ro/buy/?page=1&edid=66AEFB2B-11CE-C2DC-A8E0-CC61F6A3EA8E HTTP/1.1" 200 112238
52.167.144.142 - - [07/Mar/2025:02:56:03 +0100] "GET /ticket2/opencms/sr/buy?page=1&edid=5A25EFE3-6135-A75C-5C16-FC7C3F6D82B3 HTTP/1.1" 200 109090
192.99.35.94 - - [07/Mar/2025:02:56:04 +0100] "GET /ticket2/opencms/en/venue/?venueid=689B24E3-EC07-27D9-31E9-D3BC81562DCF HTTP/1.1" 200 85265
40.77.167.241 - - [07/Mar/2025:02:56:04 +0100] "GET /ticket2/opencms/en/venue/?venueid=AF7F2E28-677E-9782-2141-5DA64832B7AA HTTP/1.1" 200 85413
95.217.114.173 - - [07/Mar/2025:02:56:07 +0100] "GET /ticket2/opencms/fi/buy/?page=1&edid=1A8318F4-54FD-CF28-6FE4-70A4EF1323B0 HTTP/1.1" 200 112314
192.99.35.94 - - [07/Mar/2025:02:56:08 +0100] "GET /ticket2/opencms/en/venue/?venueid=696CF794-7D31-9FC6-0B42-8ABB3E78F390 HTTP/1.1" 200 85461
66.249.65.235 - - [07/Mar/2025:02:56:08 +0100] "GET /ticket2/opencms/system/modules/com.gridnine.opencms.ticketbrokerage.site/resources/js/standard.js HTTP/1.1" 200 3983
85.208.96.201 - - [07/Mar/2025:02:56:09 +0100] "GET /ticket2/opencms/en/magazine/article?title=feathers-kylian-mbappe HTTP/1.1" 200 91265
52.167.144.25 - - [07/Mar/2025:02:56:11 +0100] "GET /ticket2/opencms/en/buy/?page=1&edid=692981A3-D906-C27E-30CD-4EA42C92A2A7 HTTP/1.1" 200 110425
192.99.35.94 - - [07/Mar/2025:02:56:12 +0100] "GET /ticket2/opencms/en/venue/?venueid=69923349-A528-C93F-2999-4DA35CF7FB58 HTTP/1.1" 200 85439
185.191.171.2 - - [07/Mar/2025:02:56:14 +0100] "GET /ticket2/opencms/lt/magazine/article?title=vinicius-jr HTTP/1.1" 200 92262
185.191.171.16 - - [07/Mar/2025:02:56:15 +0100] "GET /ticket2/opencms/sk/magazine/article?title=prva-vyhra-ipswichu-v-premier-league-po-22-rokoch HTTP/1.1" 200 94116
192.99.35.94 - - [07/Mar/2025:02:56:17 +0100] "GET /ticket2/opencms/en/venue/?venueid=6AE8BBF6-5066-8662-47DB-0BB15CB09362 HTTP/1.1" 200 85347
95.217.114.173 - - [07/Mar/2025:02:56:17 +0100] "GET /ticket2/opencms/fi/buy/?page=1&edid=1A94A994-133E-68BE-8182-066363CF33AB HTTP/1.1" 200 112211
114.119.129.189 - - [07/Mar/2025:02:56:18 +0100] "GET /ticket2/opencms/es/magazine/article?title=pesadilla-para-el-manchester-city HTTP/1.1" 200 95165
192.99.35.94 - - [07/Mar/2025:02:56:21 +0100] "GET /ticket2/opencms/en/venue/?venueid=6AEAE4F9-6A8D-25BD-489B-DC7310A7EAF9 HTTP/1.1" 200 85375
20.171.207.36 - - [07/Mar/2025:02:56:23 +0100] "GET /ticket2/opencms/uk/sport/kvytky-na-futbol/premier-league/brighton HTTP/1.1" 200 102829
192.99.35.94 - - [07/Mar/2025:02:56:25 +0100] "GET /ticket2/opencms/en/venue/?venueid=6C55D1E9-72F5-889C-F1F5-1AEF3FBCF763 HTTP/1.1" 200 85271
95.217.114.173 - - [07/Mar/2025:02:56:26 +0100] "GET /ticket2/opencms/fi/buy/?page=1&edid=1AA7CD1B-6B6C-F0FA-D5DB-82565966E777 HTTP/1.1" 200 111601
66.249.73.227 - - [07/Mar/2025:02:56:30 +0100] "GET /ticket2/opencms/sv/buy/?page=10&eventid=0E534F2C-E817-A1D8-5F97-3F85053AADAE HTTP/1.1" 200 92852
192.99.35.94 - - [07/Mar/2025:02:56:30 +0100] "GET /ticket2/opencms/en/venue/?venueid=6D0642BB-05FC-BA80-36B9-6F63B86457CB HTTP/1.1" 200 85290
114.119.136.30 - - [07/Mar/2025:02:56:31 +0100] "GET /ticket2/opencms/az/buy?page=1&edid=9F28ACAC-CEB4-1EFE-F26A-C4E08B36FE1B HTTP/1.1" 200 112914
192.99.35.94 - - [07/Mar/2025:02:56:34 +0100] "GET /ticket2/opencms/en/venue/?venueid=6D360DF1-D10E-80D6-413A-8A8A7657A599 HTTP/1.1" 200 85374
66.249.65.235 - - [07/Mar/2025:02:56:37 +0100] "GET /ticket2/opencms/el/magazine/article?title=manchester-city-enantion-queens-park-rangers HTTP/1.1" 200 98068
85.208.96.200 - - [07/Mar/2025:02:56:38 +0100] "GET /ticket2/opencms/lv/magazine/article?title=legenda-asa-vardu-apmaina-ar-atbalstitaju HTTP/1.1" 200 93932
95.217.114.173 - - [07/Mar/2025:02:56:39 +0100] "GET /ticket2/opencms/fi/buy/?page=1&edid=1AA9A739-E060-64BB-CDD8-EA47C8746F4F HTTP/1.1" 200 112314
192.99.35.94 - - [07/Mar/2025:02:56:39 +0100] "GET /ticket2/opencms/en/venue/?venueid=6D739AF3-56B6-A0C9-D24A-CE9707D9D60C HTTP/1.1" 200 85396
192.99.35.94 - - [07/Mar/2025:02:56:43 +0100] "GET /ticket2/opencms/en/venue/?venueid=6E74DDFB-B5A5-70DD-F587-B3566A502D6D HTTP/1.1" 200 85335
69.171.249.4 - - [07/Mar/2025:02:56:43 +0100] "GET /ticket2/opencms/mt/buy/?page=1&edid=79B5950A-8F2F-84F8-FCAC-0BA8722B353B HTTP/1.1" 200 112789
85.208.96.200 - - [07/Mar/2025:02:56:46 +0100] "GET /ticket2/opencms/et/magazine/article?title=em-ulekanded HTTP/1.1" 200 93687
52.167.144.218 - - [07/Mar/2025:02:56:46 +0100] "GET /ticket2/opencms/it/?page=6&comcatid=A17713B6-D984-201A-4143-ED4DB5ED5C2E&catid=7EF04817-972D-18B1-F941-DE800D088075 HTTP/1.1" 200 105483
69.171.249.15 - - [07/Mar/2025:02:56:47 +0100] "GET /ticket2/opencms/de/sport/fussball-tickets/champions-league/dortmund HTTP/1.1" 500 -
85.208.96.202 - - [07/Mar/2025:02:56:47 +0100] "GET /ticket2/opencms/it/magazine/article?title=riflessione-sulla-stagione-del-fc-liverpool HTTP/1.1" 200 94622
192.99.35.94 - - [07/Mar/2025:02:56:47 +0100] "GET /ticket2/opencms/en/venue/?venueid=6FA55CAA-E7CD-0645-363F-8301E170D823 HTTP/1.1" 200 85385
95.217.114.173 - - [07/Mar/2025:02:56:50 +0100] "GET /ticket2/opencms/fi/buy/?page=1&edid=1AAE6FA6-D4A8-0009-7E1D-D07F9AFE308D HTTP/1.1" 200 112265
192.99.35.94 - - [07/Mar/2025:02:56:52 +0100] "GET /ticket2/opencms/en/venue/?venueid=7016E11C-AD7B-34CA-B499-2039C86B9809 HTTP/1.1" 200 85404
198.145.53.126 - - [07/Mar/2025:02:56:54 +0100] "GET /ticket2/opencms/it/ HTTP/1.1" 200 105457
114.119.153.152 - - [07/Mar/2025:02:56:56 +0100] "GET /ticket2/opencms/az/buy?page=1&edid=97952CC4-C708-9025-9083-6006A53913B2 HTTP/1.1" 200 112776
192.99.35.94 - - [07/Mar/2025:02:56:56 +0100] "GET /ticket2/opencms/en/venue/?venueid=74835483-DDAC-3DE1-0EB1-B44B58F2B260 HTTP/1.1" 200 85313
40.77.167.58 - - [07/Mar/2025:02:56:57 +0100] "GET /ticket2/opencms/sq/buy?page=1&edid=2C538FDD-3C52-6C4F-20BD-65D603C9DD1A HTTP/1.1" 200 111491
4.153.246.98 - - [07/Mar/2025:02:56:57 +0100] "GET /ticket2/opencms/system/modules/com.gridnine.opencms.ticketbrokerage.site/resources/pics/front_page/sv/bundesliga-2017-2018.png HTTP/1.1" 200 70223
4.153.246.98 - - [07/Mar/2025:02:56:57 +0100] "GET /ticket2/opencms/system/modules/com.gridnine.opencms.ticketbrokerage.site/resources/pics/front_page/sv/premier-league.png HTTP/1.1" 200 80427
4.153.246.98 - - [07/Mar/2025:02:56:57 +0100] "GET /ticket2/opencms/system/modules/com.gridnine.opencms.ticketbrokerage.site/resources/pics/front_page/sv/la-liga-2017-2018.png HTTP/1.1" 200 72635
40.77.167.58 - - [07/Mar/2025:02:56:58 +0100] "GET /ticket2/opencms/bg/buy/?page=1&edid=66AEFB2B-11CE-C2DC-A8E0-CC61F6A3EA8E HTTP/1.1" 200 114442
94.176.53.55 - - [07/Mar/2025:02:56:58 +0100] "GET /ticket2/opencms/it/ HTTP/1.1" 200 105434
95.217.114.173 - - [07/Mar/2025:02:56:59 +0100] "GET /ticket2/opencms/fi/buy/?page=1&edid=1AC93B4F-A32B-A321-D128-F705A9908B4F HTTP/1.1" 200 112145
66.249.65.233 - - [07/Mar/2025:02:57:00 +0100] "GET /ticket2/opencms/el/magazine/article?title=nteklan-rais HTTP/1.1" 200 96743
192.99.35.94 - - [07/Mar/2025:02:57:01 +0100] "GET /ticket2/opencms/en/venue/?venueid=77047E47-2FF4-16B0-5A77-56A30F69DDD8 HTTP/1.1" 200 85305
47.128.34.242 - - [07/Mar/2025:02:57:03 +0100] "GET /ticket2/opencms/mo/buy?edid=3A899F3D-4563-653B-4B43-C09A35CA2BD9 HTTP/1.1" 200 91628
52.167.144.238 - - [07/Mar/2025:02:57:03 +0100] "GET /ticket2/opencms/en/venue/?venueid=0E1AD7DC-F63F-ECC2-9070-B20E7ACF07FC HTTP/1.1" 200 85463
192.99.35.94 - - [07/Mar/2025:02:57:05 +0100] "GET /ticket2/opencms/en/venue/?venueid=79ABCF29-8849-375A-51D4-EF1F6E582A69 HTTP/1.1" 200 85334
192.99.35.94 - - [07/Mar/2025:02:57:10 +0100] "GET /ticket2/opencms/en/venue/?venueid=7A93BED8-ECFC-8BF7-F201-A6433D9EB679 HTTP/1.1" 200 85260
95.217.114.173 - - [07/Mar/2025:02:57:10 +0100] "GET /ticket2/opencms/fi/buy/?page=1&edid=1B0D0DF7-1352-FC6A-B87B-EA7A0BA88E11 HTTP/1.1" 200 110659
114.119.152.77 - - [07/Mar/2025:02:57:13 +0100] "GET /ticket2/opencms/es/magazine/article?title=alexander-isak-bate-records HTTP/1.1" 200 92734
185.191.171.13 - - [07/Mar/2025:02:57:14 +0100] "GET /ticket2/opencms/is/magazine/article?title=thomas-tuchel-verdur-nyr-landslidsthjalfari-englands HTTP/1.1" 200 93703
192.99.35.94 - - [07/Mar/2025:02:57:14 +0100] "GET /ticket2/opencms/en/venue/?venueid=7F775268-FDCE-3365-1815-747D9CD711D9 HTTP/1.1" 200 85260
192.99.35.94 - - [07/Mar/2025:02:57:18 +0100] "GET /ticket2/opencms/en/venue/?venueid=833EE714-5CC6-404C-2A30-322EF84052D6 HTTP/1.1" 200 85376
66.249.65.197 - - [07/Mar/2025:02:57:19 +0100] "GET /ticket2/opencms/bs/magazine/article?title=otkrijte-la-ligu-uzivo-kupite-karte-na-ticket2 HTTP/1.1" 200 93968
95.217.114.173 - - [07/Mar/2025:02:57:22 +0100] "GET /ticket2/opencms/fi/buy/?page=1&edid=1B0DA330-38AA-5CD6-6C89-F2963014EF68 HTTP/1.1" 200 111649
85.208.96.208 - - [07/Mar/2025:02:57:22 +0100] "GET /ticket2/opencms/fi/affiliateprogram.html HTTP/1.1" 200 90524
192.99.35.94 - - [07/Mar/2025:02:57:23 +0100] "GET /ticket2/opencms/en/venue/?venueid=83D2FCB9-12EF-B122-826C-DC04BB1922D3 HTTP/1.1" 200 85332
20.171.207.36 - - [07/Mar/2025:02:57:24 +0100] "GET /ticket2/opencms/uk/sport/kvytky-na-futbol/bundesliga/werder-bremen HTTP/1.1" 200 102878
47.128.47.94 - - [07/Mar/2025:02:57:25 +0100] "GET /ticket2/opencms/dk/buy/?edid=CCBA408F-28FE-E1B7-45C2-0BA14CFCEBA4 HTTP/1.1" 200 90226
185.191.171.18 - - [07/Mar/2025:02:57:26 +0100] "GET /ticket2/opencms/dk/magazine/article?title=joao-palhinha-til-bayern-munchen-en-ny-midtbane-kraft-ankommer-til-allianz-arena HTTP/1.1" 200 94949
66.249.65.233 - - [07/Mar/2025:02:57:27 +0100] "GET /ticket2/opencms/el/magazine/article?title=fc-liverpool-anaskophsh-sezon HTTP/1.1" 200 97845
192.99.35.94 - - [07/Mar/2025:02:57:27 +0100] "GET /ticket2/opencms/en/venue/?venueid=83EBCF96-D843-3E0D-987B-C586316FD2AC HTTP/1.1" 200 85489
85.208.96.207 - - [07/Mar/2025:02:57:29 +0100] "GET /ticket2/opencms/it/magazine/article?title=declan-rice HTTP/1.1" 200 93184
95.217.114.173 - - [07/Mar/2025:02:57:31 +0100] "GET /ticket2/opencms/fi/buy/?page=1&edid=1B2497C9-50FD-C481-B810-5D82DC9B4FE5 HTTP/1.1" 200 111483
192.99.35.94 - - [07/Mar/2025:02:57:32 +0100] "GET /ticket2/opencms/en/venue/?venueid=842722E9-5FE1-5D36-B4BC-7C6A76B1894C HTTP/1.1" 200 85288
192.99.35.94 - - [07/Mar/2025:02:57:36 +0100] "GET /ticket2/opencms/en/venue/?venueid=84B0B9F0-1596-0D9B-686E-511407E2C0AA HTTP/1.1" 200 85431
114.119.130.91 - - [07/Mar/2025:02:57:37 +0100] "GET /ticket2/opencms/en/buy/?page=1&edid=FFE07777-DDB9-5433-81AF-71356C59190F HTTP/1.1" 200 109182
40.77.167.9 - - [07/Mar/2025:02:57:38 +0100] "GET /ticket2/opencms/pl/buy?page=1&edid=8EF7EC9D-9BC8-1DEC-C27C-0541D5C5F471 HTTP/1.1" 200 126927
69.171.230.114 - - [07/Mar/2025:02:57:39 +0100] "GET /ticket2/opencms/dk/buy/?page=1&edid=063774E2-DE1A-6A46-E97B-D379290B879E HTTP/1.1" 200 110923
192.99.35.94 - - [07/Mar/2025:02:57:41 +0100] "GET /ticket2/opencms/en/venue/?venueid=84D3861B-4D20-42D1-DDF1-325CBB312A30 HTTP/1.1" 200 85318
52.167.144.142 - - [07/Mar/2025:02:57:42 +0100] "GET /ticket2/opencms/hr/buy/?page=1&edid=DF73B840-FD1F-33E1-0F15-67C495C62B65 HTTP/1.1" 200 112342
95.217.114.173 - - [07/Mar/2025:02:57:43 +0100] "GET /ticket2/opencms/fi/buy/?page=1&edid=1B4751CF-7EC8-0480-D476-44B919D20500 HTTP/1.1" 200 111464
192.99.35.94 - - [07/Mar/2025:02:57:45 +0100] "GET /ticket2/opencms/en/venue/?venueid=84D7889A-E11A-AB47-B40A-66082298581A HTTP/1.1" 200 85308
185.191.171.10 - - [07/Mar/2025:02:57:46 +0100] "GET /ticket2/opencms/it/magazine/article?title=svenska-fotbollsspelare-i-premier-league HTTP/1.1" 200 95362
47.128.48.124 - - [07/Mar/2025:02:57:46 +0100] "GET /ticket2/opencms/nl/sport/voetbal-tickets/premier_league/manchester_united/ HTTP/1.1" 200 99565
47.128.48.124 - - [07/Mar/2025:02:57:48 +0100] "GET /ticket2/opencms/system/modules/com.gridnine.opencms.ticketbrokerage.site/resources/pics/banners/team/premier_league/manchester_united.png HTTP/1.1" 200 13884
192.99.35.94 - - [07/Mar/2025:02:57:49 +0100] "GET /ticket2/opencms/en/venue/?venueid=8527116B-A185-5000-BC60-51916E69D597 HTTP/1.1" 200 85301
114.119.154.207 - - [07/Mar/2025:02:57:50 +0100] "GET /ticket2/opencms/es/magazine/article?title=paises-bajos-vs-inglaterra-en-semifinal HTTP/1.1" 200 96536
185.191.171.18 - - [07/Mar/2025:02:57:53 +0100] "GET /ticket2/opencms/sv/magazine/article?title=brighton-and-hove-albion HTTP/1.1" 200 92849
52.167.144.142 - - [07/Mar/2025:02:57:53 +0100] "GET /ticket2/opencms/it/buy?page=1&edid=53AAD1DD-DAB5-D05E-8DAD-A50F40AC9A87 HTTP/1.1" 200 111335
95.217.114.173 - - [07/Mar/2025:02:57:53 +0100] "GET /ticket2/opencms/fi/buy/?page=1&edid=1B5AFF75-D8DC-3460-96B0-B273655FE208 HTTP/1.1" 200 108462
192.99.35.94 - - [07/Mar/2025:02:57:54 +0100] "GET /ticket2/opencms/en/venue/?venueid=86DEA7DE-EC8B-6F7F-4E07-89780910ACCD HTTP/1.1" 200 85337
37.221.199.180 - - [07/Mar/2025:02:57:55 +0100] "GET /ticket2/opencms/lv/faq HTTP/1.1" 200 90577
40.77.167.116 - - [07/Mar/2025:02:57:57 +0100] "GET /ticket2/opencms/bs/buy/?page=1&edid=6D553E3C-BACA-E048-6D4A-5E9D197667EC HTTP/1.1" 200 112123
192.99.35.94 - - [07/Mar/2025:02:57:58 +0100] "GET /ticket2/opencms/en/venue/?venueid=86F0DC08-5FD1-E5A8-C05C-1DCBCBDEB57F HTTP/1.1" 200 85373
85.208.96.200 - - [07/Mar/2025:02:57:59 +0100] "GET /ticket2/opencms/no/magazine/article?title=tottenham-hotspur-fc HTTP/1.1" 200 91643
202.155.137.7 - - [07/Mar/2025:02:57:59 +0100] "GET /ticket2/opencms/no/about/press/ HTTP/1.1" 200 90742
66.249.65.233 - - [07/Mar/2025:02:58:00 +0100] "GET /ticket2/opencms/el/magazine/article?title=o-telikos-toy-euro-2024 HTTP/1.1" 200 97250
192.99.35.94 - - [07/Mar/2025:02:58:02 +0100] "GET /ticket2/opencms/en/venue/?venueid=874CBB36-B0FB-2810-94F3-827DF6CD2D19 HTTP/1.1" 200 85354
52.167.144.142 - - [07/Mar/2025:02:58:02 +0100] "GET /ticket2/opencms/mk/buy?page=1&edid=2B4D80E3-665D-28EB-9306-0D3E928A752F HTTP/1.1" 404 -
114.119.151.93 - - [07/Mar/2025:02:58:06 +0100] "GET /ticket2/opencms/az/buy?page=1&edid=950E3F85-EF3B-49E9-B1A2-8AA188AAAADE HTTP/1.1" 200 108998
192.99.35.94 - - [07/Mar/2025:02:58:07 +0100] "GET /ticket2/opencms/en/venue/?venueid=879967C0-57AE-A0D6-80DD-31C312C0E736 HTTP/1.1" 200 85399
95.217.114.173 - - [07/Mar/2025:02:58:07 +0100] "GET /ticket2/opencms/fi/buy/?page=1&edid=1B7FCD9F-7B5F-75EA-1470-C341FB48B82E HTTP/1.1" 200 108454
54.36.148.158 - - [07/Mar/2025:02:58:08 +0100] "GET /ticket2/opencms/tr/buy?page=1&edid=8085E80D-BC8F-CDCF-7CC8-2F497FE082D3 HTTP/1.1" 200 138558
66.249.65.195 - - [07/Mar/2025:02:58:09 +0100] "GET /ticket2/opencms/lv/magazine/article?title=cristiano-ronaldo HTTP/1.1" 200 93542
185.91.127.81 - - [07/Mar/2025:02:58:09 +0100] "CONNECT api.ip.pn:443 HTTP/1.1" 400 -
85.208.96.211 - - [07/Mar/2025:02:58:11 +0100] "GET /ticket2/opencms/it/magazine/article?title=neymar-uno-dei-trasferimenti-piu-costosi-al-mondo HTTP/1.1" 200 90945
192.99.35.94 - - [07/Mar/2025:02:58:11 +0100] "GET /ticket2/opencms/en/venue/?venueid=879B0F51-C151-32AF-3491-072EFA33AFCB HTTP/1.1" 200 85335
85.208.96.202 - - [07/Mar/2025:02:58:13 +0100] "GET /ticket2/opencms/robots.txt HTTP/1.1" 200 773
43.132.182.217 - - [07/Mar/2025:02:58:13 +0100] "GET /ticket2/opencms/en/about/ HTTP/1.1" 200 84900
185.191.171.18 - - [07/Mar/2025:02:58:14 +0100] "GET /ticket2/opencms/is/magazine/article?title=getur-viktor-gyokeres-yfirgefid-sporting-fyrr-en-aaetlad-var HTTP/1.1" 200 94147
192.99.35.94 - - [07/Mar/2025:02:58:16 +0100] "GET /ticket2/opencms/en/venue/?venueid=8873E817-852C-7B3A-DC3B-7014498C6FBC HTTP/1.1" 200 85315
152.53.17.110 - - [07/Mar/2025:02:58:19 +0100] "GET /ticket2/opencms/lv/buy?page=1&edid=1AD4E11C-C792-1721-4D1A-2229101A30FD HTTP/1.1" 200 144818
192.99.35.94 - - [07/Mar/2025:02:58:20 +0100] "GET /ticket2/opencms/en/venue/?venueid=88C3766A-DDEA-8940-EB5A-0950A80A0781 HTTP/1.1" 200 85430
95.217.114.173 - - [07/Mar/2025:02:58:20 +0100] "GET /ticket2/opencms/fi/buy/?page=1&edid=1BE465F1-8E39-0195-B4CD-EB26D33F87C5 HTTP/1.1" 200 110983
20.171.207.36 - - [07/Mar/2025:02:58:22 +0100] "GET /ticket2/opencms/be/sport/futbol-kvitki/bundesliga/bayern-munchen/ HTTP/1.1" 200 102336
192.99.35.94 - - [07/Mar/2025:02:58:24 +0100] "GET /ticket2/opencms/en/venue/?venueid=88F7BD42-D802-9204-CAB7-CFC868488AC2 HTTP/1.1" 200 85329
207.46.13.150 - - [07/Mar/2025:02:58:26 +0100] "GET /ticket2/opencms/ro/buy?page=1&edid=3583D5C7-607A-E528-A709-844E6A72DC1B HTTP/1.1" 200 141318
152.53.108.22 - - [07/Mar/2025:02:58:26 +0100] "GET /ticket2/opencms/es/magazine/article?title=nottingham-forest HTTP/1.1" 200 89066
185.191.171.15 - - [07/Mar/2025:02:58:28 +0100] "GET /ticket2/opencms/ka/sport/pekhburti-biletebi/english-championship/stoke-city HTTP/1.1" 404 -
192.99.35.94 - - [07/Mar/2025:02:58:29 +0100] "GET /ticket2/opencms/en/venue/?venueid=895DAA27-0D01-3F9A-C82D-1FA2A5BCB45B HTTP/1.1" 200 85246
47.128.63.159 - - [07/Mar/2025:02:58:29 +0100] "GET /ticket2/opencms/de/buy/?edid=FEF01E45-FEE5-DB5B-D058-BDEFBF8946F4 HTTP/1.1" 200 91114
95.217.114.173 - - [07/Mar/2025:02:58:31 +0100] "GET /ticket2/opencms/fi/buy/?page=1&edid=1BFF3C4B-0AF3-F040-1041-C55D427FE053 HTTP/1.1" 200 111878
192.99.35.94 - - [07/Mar/2025:02:58:33 +0100] "GET /ticket2/opencms/en/venue/?venueid=8B6B2DCD-4A3D-A699-2105-31175C2D2D0A HTTP/1.1" 200 85380
66.249.76.3 - - [07/Mar/2025:02:58:34 +0100] "GET /ticket2/opencms/venue/wembley_arena.gif HTTP/1.1" 200 8194
114.119.141.34 - - [07/Mar/2025:02:58:35 +0100] "GET /ticket2/opencms/en/buy/?page=1&edid=FF7A30DE-E7E5-5102-32AA-0D3737589347 HTTP/1.1" 200 110134
152.53.108.155 - - [07/Mar/2025:02:58:37 +0100] "GET /ticket2/opencms/cs/sport/fotbalove-listky/premier-league/manchester-city HTTP/1.1" 200 103469
192.99.35.94 - - [07/Mar/2025:02:58:38 +0100] "GET /ticket2/opencms/en/venue/?venueid=8BDEA22F-AEEB-2CF5-B679-E036CF5C4797 HTTP/1.1" 200 85247
95.217.114.173 - - [07/Mar/2025:02:58:40 +0100] "GET /ticket2/opencms/fi/buy/?page=1&edid=1C1F0032-002D-2F22-451D-87EF7B1CBD85 HTTP/1.1" 200 110546
192.99.35.94 - - [07/Mar/2025:02:58:42 +0100] "GET /ticket2/opencms/en/venue/?venueid=8CD131ED-0F8F-D369-706B-E5EC13ED9308 HTTP/1.1" 200 85285
185.191.171.5 - - [07/Mar/2025:02:58:44 +0100] "GET /ticket2/opencms/sk/magazine/article?title=arsenal-sezonna-reflexia HTTP/1.1" 200 95072
40.77.167.9 - - [07/Mar/2025:02:58:45 +0100] "GET /ticket2/opencms/fi/buy?page=1&edid=6AC71D0E-ACE1-2E54-B5F7-7CE9303FBB11 HTTP/1.1" 200 111285
192.99.35.94 - - [07/Mar/2025:02:58:47 +0100] "GET /ticket2/opencms/en/venue/?venueid=8D3E338D-57EA-2754-337D-4094BF8B8E3F HTTP/1.1" 200 85289
2.71.50.205 - - [07/Mar/2025:02:58:48 +0100] "GET /ticket2/opencms/sv/sport/fotbollsbiljetter HTTP/1.1" 200 96118
2.71.50.205 - - [07/Mar/2025:02:58:48 +0100] "GET /ticket2/opencms/system/modules/com.gridnine.opencms.ticketbrokerage.site/resources/css/ticketbrokerage.css HTTP/1.1" 200 39339
2.71.50.205 - - [07/Mar/2025:02:58:49 +0100] "GET /ticket2/opencms/system/modules/com.gridnine.opencms.ticketbrokerage.site/resources/css/calendar.css HTTP/1.1" 200 6871
2.71.50.205 - - [07/Mar/2025:02:58:49 +0100] "GET /ticket2/opencms/system/modules/com.gridnine.opencms.ticketbrokerage.site/resources/css/jquery-ui.css HTTP/1.1" 200 33221
2.71.50.205 - - [07/Mar/2025:02:58:49 +0100] "GET /ticket2/opencms/system/modules/com.gridnine.opencms.ticketbrokerage.site/resources/css/standard.css HTTP/1.1" 200 74449
2.71.50.205 - - [07/Mar/2025:02:58:49 +0100] "GET /ticket2/opencms/system/modules/com.gridnine.opencms.ticketbrokerage.site/resources/css/jquery.fancybox.css HTTP/1.1" 200 4939
2.71.50.205 - - [07/Mar/2025:02:58:49 +0100] "GET /ticket2/opencms/system/modules/com.gridnine.opencms.ticketbrokerage.site/resources/js/jquery/jquery.js HTTP/1.1" 200 93868
2.71.50.205 - - [07/Mar/2025:02:58:49 +0100] "GET /ticket2/opencms/system/modules/com.gridnine.opencms.ticketbrokerage.site/resources/js/jquery/jquery-ui.js HTTP/1.1" 200 228088
2.71.50.205 - - [07/Mar/2025:02:58:49 +0100] "GET /ticket2/opencms/system/modules/com.gridnine.opencms.ticketbrokerage.site/resources/js/calendar-en.js HTTP/1.1" 200 3338
2.71.50.205 - - [07/Mar/2025:02:58:49 +0100] "GET /ticket2/opencms/system/modules/com.gridnine.opencms.ticketbrokerage.site/resources/js/functions.js HTTP/1.1" 200 1583
