95.217.114.173 - - [07/Mar/2025:02:36:43 +0100] "GET /ticket2/opencms/fi/buy/?page=1&edid=0E5CFE5B-9883-17F0-A4D7-33AFCC0366D8 HTTP/1.1" 200 111632
47.128.60.129 - - [07/Mar/2025:02:36:45 +0100] "GET /ticket2/opencms/ga/buy/?edid=27182C30-0424-098E-A8DB-2AA3B88A1ABD HTTP/1.1" 200 91621
114.119.141.34 - - [07/Mar/2025:02:36:47 +0100] "GET /ticket2/opencms/en/buy/?page=10&eventid=C8ADE8F1-569E-1A3D-220C-6BE3A2BD6D1A&venueid=66E1E988-5937-F001-455A-788C6919D4BB HTTP/1.1" 200 92757
185.191.171.6 - - [07/Mar/2025:02:36:47 +0100] "GET /ticket2/opencms/cs/magazine/article?title=cesky-talent-lucas-bergvall-prestupuje-do-tottenhamu-hotspur HTTP/1.1" 200 96740
192.99.35.94 - - [07/Mar/2025:02:36:51 +0100] "GET /ticket2/opencms/en/login/?edid=1F639E94-CF6E-403B-2FCC-FBB087375287 HTTP/1.1" 200 90203
95.217.114.173 - - [07/Mar/2025:02:36:52 +0100] "GET /ticket2/opencms/fi/buy/?page=1&edid=0E816252-F9DA-D138-D1BB-B841DF5E21AF HTTP/1.1" 200 111541
47.128.42.164 - - [07/Mar/2025:02:36:52 +0100] "GET /ticket2/opencms/be/buy/?edid=72D44309-5F0D-DDAA-4152-51321DBF919E HTTP/1.1" 200 92660
47.128.42.164 - - [07/Mar/2025:02:36:54 +0100] "GET /ticket2/opencms/img/fb.png HTTP/1.1" 200 1269
47.128.42.164 - - [07/Mar/2025:02:36:55 +0100] "GET /ticket2/opencms/img/check.png HTTP/1.1" 200 548
47.128.42.164 - - [07/Mar/2025:02:36:55 +0100] "GET /ticket2/opencms/img/chat.png HTTP/1.1" 200 416
85.208.96.196 - - [07/Mar/2025:02:36:55 +0100] "GET /ticket2/opencms/tr/magazine/article?title=fulham-fc HTTP/1.1" 200 92837
47.128.47.254 - - [07/Mar/2025:02:36:57 +0100] "GET /ticket2/opencms/fi/venue/?venueid=D19A982C-B1EB-8019-1FA9-9A600ECA6A35 HTTP/1.1" 200 86950
152.53.108.222 - - [07/Mar/2025:02:36:58 +0100] "GET /ticket2/opencms/sr/magazine/article?title=abdul-fatawu-ce-propustiti-ostatak-sezone HTTP/1.1" 200 94714
192.99.35.94 - - [07/Mar/2025:02:36:59 +0100] "GET /ticket2/opencms/en/sell/?edid=1FD00E9B-3A03-E379-9B08-FF7D16F1A6A6 HTTP/1.1" 302 -
54.36.148.190 - - [07/Mar/2025:02:37:02 +0100] "GET /ticket2/opencms/hu/buy?page=1&edid=E1CACBEB-5FB5-F359-D95F-1110648BB53A HTTP/1.1" 200 112587
95.217.114.173 - - [07/Mar/2025:02:37:03 +0100] "GET /ticket2/opencms/fi/buy/?page=1&edid=0EA1017A-A9AF-DDB9-A580-8DCF2D6F03F5 HTTP/1.1" 200 108417
114.119.130.178 - - [07/Mar/2025:02:37:10 +0100] "GET /ticket2/opencms/fr/magazine/article?title=kevin-de-bruyne HTTP/1.1" 200 93522
95.217.114.173 - - [07/Mar/2025:02:37:12 +0100] "GET /ticket2/opencms/fi/buy/?page=1&edid=0EA723F1-62C6-8600-2132-B6AB2FF92802 HTTP/1.1" 200 110948
192.99.35.94 - - [07/Mar/2025:02:37:12 +0100] "GET /ticket2/opencms/en/login/?edid=1FD00E9B-3A03-E379-9B08-FF7D16F1A6A6 HTTP/1.1" 200 90068
185.191.171.19 - - [07/Mar/2025:02:37:13 +0100] "GET /ticket2/opencms/sl/magazine/article?title=allsvenskan-premier-league-svedskega-nogometa HTTP/1.1" 200 93329
52.167.144.232 - - [07/Mar/2025:02:37:14 +0100] "GET /ticket2/opencms/de/buy/?page=1&edid=8639D4E1-C0DC-DB58-D9B0-F439F1BE39EE HTTP/1.1" 200 111810
114.119.150.86 - - [07/Mar/2025:02:37:15 +0100] "GET /ticket2/opencms/be/buy?page=1&=A848EC15-222C-39E8-21F1-435F0F918573 HTTP/1.1" 200 -
185.191.171.12 - - [07/Mar/2025:02:37:15 +0100] "GET /ticket2/opencms/it/magazine/article?title=kylian-mbappe HTTP/1.1" 200 94019
192.99.35.94 - - [07/Mar/2025:02:37:15 +0100] "GET /ticket2/opencms/en/sell/?edid=206313F9-F1C3-43C5-E48A-FCCE37D5461A HTTP/1.1" 302 -
52.167.144.204 - - [07/Mar/2025:02:37:16 +0100] "GET /ticket2/opencms/ga/buy/?page=1&edid=601ACF38-5C31-FBA9-552E-BFECCB7BA32F HTTP/1.1" 200 111267
95.217.114.173 - - [07/Mar/2025:02:37:19 +0100] "GET /ticket2/opencms/fi/buy/?page=1&edid=0EB10C4E-0DFD-E0AB-802C-8CBCC7870077 HTTP/1.1" 200 110535
85.208.96.208 - - [07/Mar/2025:02:37:21 +0100] "GET /ticket2/opencms/bs/sport/fudbalske-karte/english-championship/rotherham-united HTTP/1.1" 404 -
173.252.87.7 - - [07/Mar/2025:02:37:23 +0100] "GET /ticket2/opencms/ga/sport/ticeid-peile/serie-a/lecce/ HTTP/1.1" 500 -
52.167.144.232 - - [07/Mar/2025:02:37:23 +0100] "GET /ticket2/opencms/mt/buy?page=1&edid=A263E6F3-70E9-C23A-22E8-B1BEBF830823 HTTP/1.1" 200 108122
66.249.65.237 - - [07/Mar/2025:02:37:24 +0100] "GET /ticket2/opencms/hr/buy?page=1&edid=F1463EBE-6C18-CF49-B2AE-F79868BCA4F5 HTTP/1.1" 200 140856
95.217.114.173 - - [07/Mar/2025:02:37:26 +0100] "GET /ticket2/opencms/fi/buy/?page=1&edid=0EB27556-5C22-4E8E-4348-298BAC0182DE HTTP/1.1" 200 90245
192.99.35.94 - - [07/Mar/2025:02:37:28 +0100] "GET /ticket2/opencms/en/login/?edid=206313F9-F1C3-43C5-E48A-FCCE37D5461A HTTP/1.1" 200 90183
185.191.171.6 - - [07/Mar/2025:02:37:33 +0100] "GET /ticket2/opencms/uk/magazine/article?title=pro-stadion-tottengem-gotspur HTTP/1.1" 200 99520
216.244.66.238 - - [07/Mar/2025:02:37:33 +0100] "GET /ticket2/opencms/en/sport/football-tickets/champions-league/liverpool HTTP/1.1" 500 -
95.217.114.173 - - [07/Mar/2025:02:37:35 +0100] "GET /ticket2/opencms/fi/buy/?page=1&edid=0ECA6A8B-636A-1FBD-9689-7CD6F548B266 HTTP/1.1" 200 111081
192.99.35.94 - - [07/Mar/2025:02:37:35 +0100] "GET /ticket2/opencms/en/sell/?edid=258C096E-CB88-FAB5-BED7-1612D258C46A HTTP/1.1" 302 -
114.119.143.233 - - [07/Mar/2025:02:37:36 +0100] "GET /ticket2/opencms/en/buy?page=1&edid=3F7BA072-6294-6013-6B32-056BC5946D2B HTTP/1.1" 200 109812
114.119.141.206 - - [07/Mar/2025:02:37:38 +0100] "GET /ticket2/opencms/en/venue/?venueid=CA2773F8-740F-6352-4AEF-6499F28E0684 HTTP/1.1" 200 85341
85.208.96.200 - - [07/Mar/2025:02:37:42 +0100] "GET /ticket2/opencms/fi/search.html?searchQuery=San%2BJose HTTP/1.1" 200 98521
95.217.114.173 - - [07/Mar/2025:02:37:42 +0100] "GET /ticket2/opencms/fi/buy/?page=1&edid=0EDFB483-C2F9-E7E3-7387-05687EB38571 HTTP/1.1" 200 111653
192.99.35.94 - - [07/Mar/2025:02:37:43 +0100] "GET /ticket2/opencms/en/login/?edid=258C096E-CB88-FAB5-BED7-1612D258C46A HTTP/1.1" 200 90068
114.119.140.85 - - [07/Mar/2025:02:37:47 +0100] "GET /ticket2/opencms/en/buy/?page=10&eventid=B0072956-84A9-06A5-3C2B-4D5A36DEF172&venueid=2461643D-69F1-C18F-F693-9168E791270F HTTP/1.1" 200 92779
95.217.114.173 - - [07/Mar/2025:02:37:49 +0100] "GET /ticket2/opencms/fi/buy/?page=1&edid=0EEA6A89-2273-ECCD-5773-45FF151A924D HTTP/1.1" 200 112140
192.99.35.94 - - [07/Mar/2025:02:37:54 +0100] "GET /ticket2/opencms/en/sell/?edid=266863E9-0D4A-8983-3D6E-89AEC4F0BA41 HTTP/1.1" 302 -
95.217.114.173 - - [07/Mar/2025:02:37:57 +0100] "GET /ticket2/opencms/fi/buy/?page=1&edid=0F0A9175-9B4A-1490-DED8-DDD657ADFE0A HTTP/1.1" 200 108425
85.208.96.210 - - [07/Mar/2025:02:38:01 +0100] "GET /ticket2/opencms/no/sport/fotballsbilletter/la_liga/las_palmas/ HTTP/1.1" 200 99163
185.191.171.2 - - [07/Mar/2025:02:38:02 +0100] "GET /ticket2/opencms/mo/magazine/article?title=202324 HTTP/1.1" 200 96054
185.191.171.14 - - [07/Mar/2025:02:38:02 +0100] "GET /ticket2/opencms/sl HTTP/1.1" 200 105502
192.99.35.94 - - [07/Mar/2025:02:38:03 +0100] "GET /ticket2/opencms/en/login/?edid=266863E9-0D4A-8983-3D6E-89AEC4F0BA41 HTTP/1.1" 200 90120
52.167.144.232 - - [07/Mar/2025:02:38:03 +0100] "GET /ticket2/opencms/sv/sell/?edid=830F2AEC-7FB6-11C1-AD11-54BD6744D648 HTTP/1.1" 302 -
114.119.151.93 - - [07/Mar/2025:02:38:05 +0100] "GET /ticket2/opencms/be/buy?page=1&=96E1C346-5B27-E6ED-B287-765781F576E7 HTTP/1.1" 200 -
95.217.114.173 - - [07/Mar/2025:02:38:05 +0100] "GET /ticket2/opencms/fi/buy/?page=1&edid=0F4EBC20-B6CB-D4B8-9DF2-9A8170E6E8E0 HTTP/1.1" 200 112290
192.99.35.94 - - [07/Mar/2025:02:38:11 +0100] "GET /ticket2/opencms/en/sell/?edid=2780A5A8-28E9-C64D-652F-2BFB7602C631 HTTP/1.1" 302 -
52.167.144.232 - - [07/Mar/2025:02:38:13 +0100] "GET /ticket2/opencms/be/buy/?page=1&edid=D09C9861-7426-A328-53B1-A881873601B3 HTTP/1.1" 200 110831
66.249.65.235 - - [07/Mar/2025:02:38:13 +0100] "GET /ticket2/opencms/bg/buy/?page=1&edid=3CD7956F-5F28-BF4C-1F66-E07360DC71F8 HTTP/1.1" 200 111015
185.191.171.15 - - [07/Mar/2025:02:38:13 +0100] "GET /ticket2/opencms/fr/magazine/article?title=everton HTTP/1.1" 200 92465
95.217.114.173 - - [07/Mar/2025:02:38:13 +0100] "GET /ticket2/opencms/fi/buy/?page=1&edid=0F60B66B-BC13-3DDD-6F41-72152A17A68C HTTP/1.1" 200 108411
47.128.50.187 - - [07/Mar/2025:02:38:18 +0100] "GET /ticket2/opencms/ga/buy/?edid=750C6040-29F7-425D-A24F-51B977F415A3 HTTP/1.1" 200 91689
192.99.35.94 - - [07/Mar/2025:02:38:19 +0100] "GET /ticket2/opencms/en/login/?edid=2780A5A8-28E9-C64D-652F-2BFB7602C631 HTTP/1.1" 200 90060
173.252.87.7 - - [07/Mar/2025:02:38:20 +0100] "GET /ticket2/opencms/mo/buy/?page=1&edid=C28B3B84-6A6E-6FCB-67EF-1F8424FD799A HTTP/1.1" 200 123987
95.217.114.173 - - [07/Mar/2025:02:38:21 +0100] "GET /ticket2/opencms/fi/buy/?page=1&edid=0F666ECC-8AD1-77F8-E428-D61A18623454 HTTP/1.1" 200 111585
192.99.35.94 - - [07/Mar/2025:02:38:25 +0100] "GET /ticket2/opencms/en/sell/?edid=2820E82E-1E9F-AF59-3116-80DB3C0051A4 HTTP/1.1" 302 -
114.119.157.43 - - [07/Mar/2025:02:38:26 +0100] "GET /ticket2/opencms/en/buy?page=1&edid=1225FE11-2668-52FD-3819-4A1F490A9FFE HTTP/1.1" 200 110478
95.217.114.173 - - [07/Mar/2025:02:38:29 +0100] "GET /ticket2/opencms/fi/buy/?page=1&edid=0F98CD6C-31AE-4A8C-45FF-398677E3B770 HTTP/1.1" 200 112142
40.77.167.77 - - [07/Mar/2025:02:38:33 +0100] "GET /ticket2/opencms/es/buy/?page=1&edid=4617CD2B-7E67-6DAD-11BD-51C4ACE66266 HTTP/1.1" 200 90314
114.119.151.50 - - [07/Mar/2025:02:38:33 +0100] "GET /ticket2/opencms/fr/buy?page=1&edid=70278AA1-9B36-1074-FC37-E7CD3E0C98CF HTTP/1.1" 200 112248
192.99.35.94 - - [07/Mar/2025:02:38:34 +0100] "GET /ticket2/opencms/en/login/?edid=2820E82E-1E9F-AF59-3116-80DB3C0051A4 HTTP/1.1" 200 90071
40.77.167.77 - - [07/Mar/2025:02:38:34 +0100] "GET /ticket2/opencms/az/buy/?page=1&edid=BFDFE449-D4A2-3EC2-5F36-4B5707D3EE53 HTTP/1.1" 200 112644
95.217.114.173 - - [07/Mar/2025:02:38:36 +0100] "GET /ticket2/opencms/fi/buy/?page=1&edid=0FAA28E4-2A12-36A8-FA05-AEED6A9E529B HTTP/1.1" 200 110732
114.119.154.81 - - [07/Mar/2025:02:38:37 +0100] "GET /ticket2/opencms/en/venue/?venueid=C9FA908E-844D-34B9-709F-9C6F649F6B00 HTTP/1.1" 200 85436
66.249.76.1 - - [07/Mar/2025:02:38:39 +0100] "GET /ticket2/opencms/el/magazine/article?title=loyton HTTP/1.1" 200 95896
192.99.35.94 - - [07/Mar/2025:02:38:39 +0100] "GET /ticket2/opencms/en/sell/?edid=28A78875-6E8A-83A1-C3FA-6534C0763257 HTTP/1.1" 302 -
95.217.114.173 - - [07/Mar/2025:02:38:43 +0100] "GET /ticket2/opencms/fi/buy/?page=1&edid=0FC32F44-036F-DEB8-C87A-CE2BE966DF31 HTTP/1.1" 200 110509
114.119.141.178 - - [07/Mar/2025:02:38:45 +0100] "GET /ticket2/opencms/be/buy?page=1&=8F5BAA6F-FB21-45D1-0027-DEE92E1B4C82 HTTP/1.1" 200 -
192.99.35.94 - - [07/Mar/2025:02:38:47 +0100] "GET /ticket2/opencms/en/login/?edid=28A78875-6E8A-83A1-C3FA-6534C0763257 HTTP/1.1" 200 90116
95.217.114.173 - - [07/Mar/2025:02:38:51 +0100] "GET /ticket2/opencms/fi/buy/?page=1&edid=0FCEF0E0-655C-B38A-C51A-DADF4FC08DE0 HTTP/1.1" 200 111625
192.99.35.94 - - [07/Mar/2025:02:38:52 +0100] "GET /ticket2/opencms/en/sell/?edid=29B573D8-16F6-7556-60C3-0029DCFF0A60 HTTP/1.1" 302 -
192.99.35.94 - - [07/Mar/2025:02:38:58 +0100] "GET /ticket2/opencms/en/login/?edid=29B573D8-16F6-7556-60C3-0029DCFF0A60 HTTP/1.1" 200 90180
216.244.66.238 - - [07/Mar/2025:02:38:59 +0100] "GET /ticket2/opencms/sr/buy?page=1&edid=22052BBE-C8C3-5D33-161E-882003E3A527 HTTP/1.1" 200 112950
95.217.114.173 - - [07/Mar/2025:02:39:01 +0100] "GET /ticket2/opencms/fi/buy/?page=1&edid=0FD8C94D-BC20-A9A1-B75F-6B50E0D9D5B1 HTTP/1.1" 200 112174
66.249.76.167 - - [07/Mar/2025:02:39:01 +0100] "GET /ticket2/opencms/tr/magazine/article?title=crystal-palace-premier-leaguein-en-iyi-taraftarlari-mi HTTP/1.1" 200 94687
47.128.125.19 - - [07/Mar/2025:02:39:02 +0100] "GET /ticket2/opencms/sv/sport/fotbollsbiljetter/la_liga/villareal/ HTTP/1.1" 200 99963
47.128.118.184 - - [07/Mar/2025:02:39:03 +0100] "GET /ticket2/opencms/sv/buy/?edid=CA915B50-9092-CC2A-1D54-906B1D5B9927 HTTP/1.1" 200 91269
47.128.125.19 - - [07/Mar/2025:02:39:03 +0100] "GET /ticket2/opencms/img/insta.png HTTP/1.1" 200 3967
185.191.171.6 - - [07/Mar/2025:02:39:03 +0100] "GET /ticket2/opencms/fi/urheilu/jalkapallo/bundesliga/berlin/ HTTP/1.1" 200 99916
47.128.125.19 - - [07/Mar/2025:02:39:04 +0100] "GET /ticket2/opencms/img/mail.png HTTP/1.1" 200 403
192.99.35.94 - - [07/Mar/2025:02:39:06 +0100] "GET /ticket2/opencms/en/sell/?edid=2BB46C82-776D-790E-346D-8BB7292ADA6F HTTP/1.1" 302 -
95.217.114.173 - - [07/Mar/2025:02:39:11 +0100] "GET /ticket2/opencms/fi/buy/?page=1&edid=0FDA018D-B8AF-3F2B-04D5-9F590D681B22 HTTP/1.1" 200 110475
85.208.96.195 - - [07/Mar/2025:02:39:13 +0100] "GET /ticket2/opencms/sr/magazine/article?title=joel-matip-napusta-liverpool-fc HTTP/1.1" 200 95239
40.77.167.51 - - [07/Mar/2025:02:39:15 +0100] "GET /ticket2/opencms/nl/sport/voetbal-tickets/la_liga/alaves/ HTTP/1.1" 200 99130
95.217.114.173 - - [07/Mar/2025:02:39:15 +0100] "GET /ticket2/opencms/fi/buy/?page=1&edid=100E525E-58FB-82FF-C4FD-53159AE7FD66 HTTP/1.1" 200 111142
173.252.87.2 - - [07/Mar/2025:02:39:16 +0100] "GET /ticket2/opencms/mo/buy/?page=1&edid=31FDA527-9BE5-CC0F-08BA-BAC5423FB404 HTTP/1.1" 200 108632
192.99.35.94 - - [07/Mar/2025:02:39:17 +0100] "GET /ticket2/opencms/en/login/?edid=2BB46C82-776D-790E-346D-8BB7292ADA6F HTTP/1.1" 200 90194
95.217.114.173 - - [07/Mar/2025:02:39:23 +0100] "GET /ticket2/opencms/fi/buy/?page=1&edid=10320789-4754-46D6-EB18-7303900B68CE HTTP/1.1" 200 112029
114.119.151.93 - - [07/Mar/2025:02:39:25 +0100] "GET /ticket2/opencms/be/buy?page=1&=8CFA0713-CB89-B170-6E16-78BF86BECE5B HTTP/1.1" 200 -
192.99.35.94 - - [07/Mar/2025:02:39:26 +0100] "GET /ticket2/opencms/en/sell/?edid=2BB63DA7-B0AE-2827-05DF-1E69884FFE00 HTTP/1.1" 302 -
192.99.35.94 - - [07/Mar/2025:02:39:31 +0100] "GET /ticket2/opencms/en/login/?edid=2BB63DA7-B0AE-2827-05DF-1E69884FFE00 HTTP/1.1" 200 90155
95.217.114.173 - - [07/Mar/2025:02:39:32 +0100] "GET /ticket2/opencms/fi/buy/?page=1&edid=103F0CE3-2423-39DD-D50E-22C82BA681F7 HTTP/1.1" 200 110671
185.191.171.4 - - [07/Mar/2025:02:39:35 +0100] "GET /ticket2/opencms/lt/magazine/article?title=kaip-atrodo-aleksandro-isako-ateitis HTTP/1.1" 200 92942
192.99.35.94 - - [07/Mar/2025:02:39:36 +0100] "GET /ticket2/opencms/en/sell/?edid=2D726398-C836-8BED-AF4C-01D0E7436418 HTTP/1.1" 302 -
114.119.130.91 - - [07/Mar/2025:02:39:37 +0100] "GET /ticket2/opencms/en/buy/?page=10&eventid=AE10D68C-8BC7-A92D-B1B6-4195259CC9AE&venueid=83EBCF96-D843-3E0D-987B-C586316FD2AC HTTP/1.1" 200 92761
95.217.114.173 - - [07/Mar/2025:02:39:44 +0100] "GET /ticket2/opencms/fi/buy/?page=1&edid=10906546-584A-D978-8FDA-A5BCF523BFCB HTTP/1.1" 200 111834
40.77.167.77 - - [07/Mar/2025:02:39:44 +0100] "GET /ticket2/opencms/es/buy?page=1&edid=3BB51AAD-3736-373D-6BC1-C6D862EB3612 HTTP/1.1" 200 90304
192.99.35.94 - - [07/Mar/2025:02:39:44 +0100] "GET /ticket2/opencms/en/login/?edid=2D726398-C836-8BED-AF4C-01D0E7436418 HTTP/1.1" 200 90070
47.128.53.129 - - [07/Mar/2025:02:39:45 +0100] "GET /ticket2/opencms/dk/buy?edid=14427B33-9BB8-BBB7-1EBA-73EE86A692A4 HTTP/1.1" 200 90280
47.128.53.129 - - [07/Mar/2025:02:39:46 +0100] "GET /ticket2/opencms/img/chat.png HTTP/1.1" 200 416
192.99.35.94 - - [07/Mar/2025:02:39:48 +0100] "GET /ticket2/opencms/en/sell/?edid=2D77D5E8-F469-AAA2-8433-36A939B8305F HTTP/1.1" 302 -
85.208.96.197 - - [07/Mar/2025:02:39:49 +0100] "GET /ticket2/opencms/bs/login HTTP/1.1" 200 91658
185.191.171.18 - - [07/Mar/2025:02:39:50 +0100] "GET /ticket2/opencms/az/magazine/article?title=arsenal-ve-tottenham-29-oktyabr-2008-ci-ilde-epik-4-4-oyununda-bolusur HTTP/1.1" 200 96090
66.249.65.236 - - [07/Mar/2025:02:39:50 +0100] "GET /ticket2/opencms/bg/buy/?page=1&edid=E929D76A-4B90-77D0-40D9-CD97C2AEF58C HTTP/1.1" 200 114275
95.217.114.173 - - [07/Mar/2025:02:39:54 +0100] "GET /ticket2/opencms/fi/buy/?page=1&edid=109F549A-9FD7-B1FC-87D6-DB5E9ECA3E58 HTTP/1.1" 200 111544
192.99.35.94 - - [07/Mar/2025:02:39:56 +0100] "GET /ticket2/opencms/en/login/?edid=2D77D5E8-F469-AAA2-8433-36A939B8305F HTTP/1.1" 200 90059
114.119.145.123 - - [07/Mar/2025:02:39:58 +0100] "GET /ticket2/opencms/tr/faq/ HTTP/1.1" 200 90666
192.99.35.94 - - [07/Mar/2025:02:39:59 +0100] "GET /ticket2/opencms/en/sell/?edid=312F925C-21EC-506E-3F79-878DE79022A7 HTTP/1.1" 302 -
185.191.171.12 - - [07/Mar/2025:02:40:01 +0100] "GET /ticket2/opencms/cs/magazine/article?title=novy-kapitan-tymu-dejan-kulusevski HTTP/1.1" 200 92124
95.217.114.173 - - [07/Mar/2025:02:40:02 +0100] "GET /ticket2/opencms/fi/buy/?page=1&edid=112827AE-FDB3-5F5D-AA2B-69C5B80A2A59 HTTP/1.1" 200 111866
114.119.153.152 - - [07/Mar/2025:02:40:07 +0100] "GET /ticket2/opencms/mt/buy?page=1&edid=CECD912C-1FBC-97E3-6975-F74E67600A1F HTTP/1.1" 200 111935
192.99.35.94 - - [07/Mar/2025:02:40:08 +0100] "GET /ticket2/opencms/en/login/?edid=312F925C-21EC-506E-3F79-878DE79022A7 HTTP/1.1" 200 90169
173.252.69.115 - - [07/Mar/2025:02:40:10 +0100] "GET /ticket2/opencms/it/magazine/article?title=viktor-gyokeres-al-manchester-united HTTP/1.1" 200 92990
52.167.144.192 - - [07/Mar/2025:02:40:10 +0100] "GET /ticket2/opencms/mo/buy/?page=1&edid=01A43DF5-256F-8380-5389-DDDBFA700A48 HTTP/1.1" 200 111886
54.36.148.232 - - [07/Mar/2025:02:40:10 +0100] "GET /ticket2/opencms/dk/sport/fodboldbilletter/serie-a/juventus/ HTTP/1.1" 200 97989
52.167.144.192 - - [07/Mar/2025:02:40:10 +0100] "GET /ticket2/opencms/mk/buy?page=1&edid=1E92A8C8-B0AD-5FE7-B7EF-0C8AA0F43370 HTTP/1.1" 404 -
95.217.114.173 - - [07/Mar/2025:02:40:11 +0100] "GET /ticket2/opencms/fi/buy/?page=1&edid=1154DCB7-5A2A-A6AE-4672-BBF2DE0C9EC8 HTTP/1.1" 200 110532
192.99.35.94 - - [07/Mar/2025:02:40:12 +0100] "GET /ticket2/opencms/en/sell/?edid=325B1ED6-7B15-4D0E-D8E7-20609740D0F8 HTTP/1.1" 302 -
114.119.159.129 - - [07/Mar/2025:02:40:14 +0100] "GET /ticket2/opencms/pl/magazine/article?title=vinicius-jr HTTP/1.1" 200 92298
114.119.150.86 - - [07/Mar/2025:02:40:17 +0100] "GET /ticket2/opencms/en/buy/?page=1&edid=F7660972-1F1F-59FF-1410-FAEC9F9D74B8 HTTP/1.1" 200 128073
194.120.230.215 - - [07/Mar/2025:02:40:19 +0100] "GET /ticket2/opencms/de/cgi-bin/luci/;stok=/locale HTTP/1.1" 404 -
192.99.35.94 - - [07/Mar/2025:02:40:21 +0100] "GET /ticket2/opencms/en/sell/?edid=32A8F56D-1146-586D-D282-0D84CEE4FD54 HTTP/1.1" 302 -
66.249.65.195 - - [07/Mar/2025:02:40:22 +0100] "GET /ticket2/opencms/be/buy/?page=1&edid=3B2DD9A6-8906-C64F-74F1-E2152AA05C80 HTTP/1.1" 200 120726
95.217.114.173 - - [07/Mar/2025:02:40:24 +0100] "GET /ticket2/opencms/fi/buy/?page=1&edid=119B0787-94D6-421F-C1DF-2820FC4870DF HTTP/1.1" 200 108378
192.99.35.94 - - [07/Mar/2025:02:40:26 +0100] "GET /ticket2/opencms/en/login/?edid=32A8F56D-1146-586D-D282-0D84CEE4FD54 HTTP/1.1" 200 90010
192.99.35.94 - - [07/Mar/2025:02:40:31 +0100] "GET /ticket2/opencms/en/sell/?edid=33B4D21A-76B6-3B7A-0CFB-A0A3BAC27DB5 HTTP/1.1" 302 -
95.217.114.173 - - [07/Mar/2025:02:40:33 +0100] "GET /ticket2/opencms/fi/buy/?page=1&edid=11AE5F06-0995-C934-824A-87A15003DF90 HTTP/1.1" 200 108431
185.191.171.4 - - [07/Mar/2025:02:40:38 +0100] "GET /ticket2/opencms/fr/magazine/article?title=manchester-united HTTP/1.1" 200 91720
192.99.35.94 - - [07/Mar/2025:02:40:39 +0100] "GET /ticket2/opencms/en/login/?edid=33B4D21A-76B6-3B7A-0CFB-A0A3BAC27DB5 HTTP/1.1" 200 90195
66.249.65.236 - - [07/Mar/2025:02:40:39 +0100] "GET /ticket2/opencms/is/buy/?page=1&edid=1B66F7E9-6D68-7258-D0DB-383034F8302F HTTP/1.1" 200 111857
85.208.96.197 - - [07/Mar/2025:02:40:40 +0100] "GET /ticket2/opencms/sk/magazine/article?title=hugo-larsson-20-rocny-ktory-ide-z-jasnosti-do-jasnosti HTTP/1.1" 200 96396
66.249.65.195 - - [07/Mar/2025:02:40:41 +0100] "GET /ticket2/opencms/ro/buy/?page=1&edid=A9801416-AE3B-7D1A-1B34-1269835EE309 HTTP/1.1" 200 111501
52.167.144.192 - - [07/Mar/2025:02:40:41 +0100] "GET /ticket2/opencms/bs/buy/?comcatid=A17713B6-D984-201A-4143-ED4DB5ED5C2E&catid=7CF2D645-F785-0CBB-1B7C-C4711617EAAD HTTP/1.1" 200 103900
95.217.114.173 - - [07/Mar/2025:02:40:42 +0100] "GET /ticket2/opencms/fi/buy/?page=1&edid=11CA2095-DE4E-F08C-CA73-D1F7DF0C2455 HTTP/1.1" 200 111047
66.249.76.168 - - [07/Mar/2025:02:40:42 +0100] "GET /ticket2/opencms/en/magazine/article?title=fulham-fc HTTP/1.1" 200 90768
192.99.35.94 - - [07/Mar/2025:02:40:42 +0100] "GET /ticket2/opencms/en/sell/?edid=33F56A09-80B7-AAA0-3CD6-4B4F5E173409 HTTP/1.1" 302 -
114.119.141.34 - - [07/Mar/2025:02:40:42 +0100] "GET /ticket2/opencms/en/buy/?page=10&eventid=98D6DBA4-9E5E-11DD-D46D-212796B99E3D&venueid=E472D4FD-D5DF-5700-717C-3F4C29267654 HTTP/1.1" 200 92751
85.208.96.208 - - [07/Mar/2025:02:40:43 +0100] "GET /ticket2/opencms/be/magazine/article?title=allsvenskan-the-swedish-football-premier-league HTTP/1.1" 200 94385
95.217.114.173 - - [07/Mar/2025:02:40:47 +0100] "GET /ticket2/opencms/fi/buy/?page=1&edid=11D46144-F349-CB22-9CEE-1A3F6393757D HTTP/1.1" 200 111030
114.119.157.43 - - [07/Mar/2025:02:40:48 +0100] "GET /ticket2/opencms/hr/buy?page=1&=693F3719-7BA3-2A6E-A295-F5A1DC79836D HTTP/1.1" 200 -
85.208.96.195 - - [07/Mar/2025:02:40:48 +0100] "GET /ticket2/opencms/robots.txt HTTP/1.1" 200 773
85.208.96.211 - - [07/Mar/2025:02:40:48 +0100] "GET /ticket2/opencms/sv/sell/ HTTP/1.1" 302 -
192.99.35.94 - - [07/Mar/2025:02:40:51 +0100] "GET /ticket2/opencms/en/login/?edid=33F56A09-80B7-AAA0-3CD6-4B4F5E173409 HTTP/1.1" 200 90066
192.99.35.94 - - [07/Mar/2025:02:40:53 +0100] "GET /ticket2/opencms/en/sell/?edid=37A62C7A-4F64-DC1D-29D1-D3D9E8F83CB5 HTTP/1.1" 302 -
85.208.96.194 - - [07/Mar/2025:02:40:54 +0100] "GET /ticket2/opencms/sv/login/?url=%25252Fsv%25252Fsell%25252F HTTP/1.1" 200 91608
20.171.207.36 - - [07/Mar/2025:02:40:57 +0100] "GET /ticket2/opencms/be/buy/?edid=81745FE2-9A1E-49D6-238C-0D5CD43E46FD&page=1 HTTP/1.1" 200 110117
95.217.114.173 - - [07/Mar/2025:02:40:57 +0100] "GET /ticket2/opencms/fi/buy/?page=1&edid=12007C85-17D7-2C5E-0B51-AE9DF066A7CB HTTP/1.1" 200 111545
185.191.171.5 - - [07/Mar/2025:02:40:58 +0100] "GET /ticket2/opencms/sk/magazine/article?title=ako-by-mal-manchester-united-zvladnut-krizu HTTP/1.1" 200 93095
192.99.35.94 - - [07/Mar/2025:02:41:02 +0100] "GET /ticket2/opencms/en/login/?edid=37A62C7A-4F64-DC1D-29D1-D3D9E8F83CB5 HTTP/1.1" 200 90172
95.217.114.173 - - [07/Mar/2025:02:41:04 +0100] "GET /ticket2/opencms/fi/buy/?page=1&edid=1214CA71-E133-56C2-269E-84A390D77B18 HTTP/1.1" 200 108395
192.99.35.94 - - [07/Mar/2025:02:41:06 +0100] "GET /ticket2/opencms/en/sell/?edid=399D5857-E3F3-B9C2-E01C-0D17705EC245 HTTP/1.1" 302 -
47.128.37.188 - - [07/Mar/2025:02:41:06 +0100] "GET /ticket2/opencms/ga/faq HTTP/1.1" 200 90771
20.171.207.36 - - [07/Mar/2025:02:41:09 +0100] "GET /ticket2/opencms/be/buy/?edid=88A9DB29-DA7F-5892-01EC-B646B52763FF&page=1 HTTP/1.1" 200 110076
114.119.150.86 - - [07/Mar/2025:02:41:11 +0100] "GET /ticket2/opencms/de/buy?page=1&edid=E00292B9-289F-EBF1-CED0-AB7E0F333572 HTTP/1.1" 200 112001
47.128.26.76 - - [07/Mar/2025:02:41:12 +0100] "GET /ticket2/opencms/ga/buy/?edid=81800969-8323-7DD5-2FF1-1DA61540AE9E HTTP/1.1" 200 91755
40.77.167.77 - - [07/Mar/2025:02:41:13 +0100] "GET /ticket2/opencms/bs/buy?page=1&edid=E191F800-BEBE-94E3-2A9A-C8072A850396 HTTP/1.1" 200 111542
192.99.35.94 - - [07/Mar/2025:02:41:13 +0100] "GET /ticket2/opencms/en/login/?edid=399D5857-E3F3-B9C2-E01C-0D17705EC245 HTTP/1.1" 200 90096
95.217.114.173 - - [07/Mar/2025:02:41:15 +0100] "GET /ticket2/opencms/fi/buy/?page=1&edid=12186585-BAD7-A775-0293-796305007CE9 HTTP/1.1" 200 111673
192.99.35.94 - - [07/Mar/2025:02:41:16 +0100] "GET /ticket2/opencms/en/sell/?edid=3CC17989-3033-10BE-F5C3-D729834B05F5 HTTP/1.1" 302 -
114.119.135.251 - - [07/Mar/2025:02:41:19 +0100] "GET /ticket2/opencms/ru/sport/football/ HTTP/1.1" 200 88442
20.171.207.36 - - [07/Mar/2025:02:41:19 +0100] "GET /ticket2/opencms/bs/buy/?edid=88A9DB29-DA7F-5892-01EC-B646B52763FF&page=1 HTTP/1.1" 200 107774
47.128.127.188 - - [07/Mar/2025:02:41:21 +0100] "GET /ticket2/opencms/hu/buy/?edid=8B884D00-0090-F7F9-0339-733FDDA065DC HTTP/1.1" 200 91802
192.99.35.94 - - [07/Mar/2025:02:41:21 +0100] "GET /ticket2/opencms/en/login/?edid=3CC17989-3033-10BE-F5C3-D729834B05F5 HTTP/1.1" 200 90060
85.208.96.202 - - [07/Mar/2025:02:41:22 +0100] "GET /ticket2/opencms/pl/sport/bilety-futbol/english-championship/west-bromwich-albion HTTP/1.1" 404 -
95.217.114.173 - - [07/Mar/2025:02:41:25 +0100] "GET /ticket2/opencms/fi/buy/?page=1&edid=121DA4FD-9F51-4C8D-2520-CC77E007474A HTTP/1.1" 200 111030
20.171.207.36 - - [07/Mar/2025:02:41:29 +0100] "GET /ticket2/opencms/is/buy/?edid=81745FE2-9A1E-49D6-238C-0D5CD43E46FD&page=1 HTTP/1.1" 200 107974
192.99.35.94 - - [07/Mar/2025:02:41:30 +0100] "GET /ticket2/opencms/en/sell/?edid=4DBD6D1A-2DE2-2099-EC78-D24535430816 HTTP/1.1" 302 -
66.249.65.197 - - [07/Mar/2025:02:41:30 +0100] "GET /ticket2/opencms/et/magazine/article?title=ipswichi-esimene-voit-premier-leagueis-22-aasta-jooksul HTTP/1.1" 200 93799
185.191.171.3 - - [07/Mar/2025:02:41:30 +0100] "GET /ticket2/opencms/tb/opencms/en/archive/events/melodifestivalen/2007_03_13_19_00/38.html HTTP/1.1" 404 -
95.217.114.173 - - [07/Mar/2025:02:41:32 +0100] "GET /ticket2/opencms/fi/buy/?page=1&edid=1225FE11-2668-52FD-3819-4A1F490A9FFE HTTP/1.1" 200 112165
114.119.143.233 - - [07/Mar/2025:02:41:33 +0100] "GET /ticket2/opencms/en/venue/?venueid=7DFE5FAB-A7F9-D9CB-B181-D0F227E04C90 HTTP/1.1" 200 85375
185.191.171.9 - - [07/Mar/2025:02:41:34 +0100] "GET /ticket2/opencms/sk/magazine/article?title=kylian-mbappe-do-real-madrid HTTP/1.1" 200 93775
114.119.159.237 - - [07/Mar/2025:02:41:36 +0100] "GET /ticket2/opencms/pl/magazine/article?title=joel-matip-odchodzi-z-liverpool-fc HTTP/1.1" 200 94969
20.171.207.36 - - [07/Mar/2025:02:41:38 +0100] "GET /ticket2/opencms/it/buy/?edid=88A9DB29-DA7F-5892-01EC-B646B52763FF&page=1 HTTP/1.1" 200 107725
192.99.35.94 - - [07/Mar/2025:02:41:38 +0100] "GET /ticket2/opencms/en/login/?edid=4DBD6D1A-2DE2-2099-EC78-D24535430816 HTTP/1.1" 200 90184
95.217.114.173 - - [07/Mar/2025:02:41:42 +0100] "GET /ticket2/opencms/fi/buy/?page=1&edid=12442133-5FA9-DD53-81C7-CAE0DA8E5E52 HTTP/1.1" 200 108420
192.99.35.94 - - [07/Mar/2025:02:41:42 +0100] "GET /ticket2/opencms/en/sell/?edid=4FAD1BD6-DF99-C994-2BAC-1FA11B49BBF7 HTTP/1.1" 302 -
20.171.207.36 - - [07/Mar/2025:02:41:45 +0100] "GET /ticket2/opencms/bg/buy/?edid=88A9DB29-DA7F-5892-01EC-B646B52763FF&page=1 HTTP/1.1" 200 110140
192.99.35.94 - - [07/Mar/2025:02:41:51 +0100] "GET /ticket2/opencms/en/login/?edid=4FAD1BD6-DF99-C994-2BAC-1FA11B49BBF7 HTTP/1.1" 200 90185
95.217.114.173 - - [07/Mar/2025:02:41:51 +0100] "GET /ticket2/opencms/fi/buy/?page=1&edid=124781BD-55D1-347C-3E0C-E088BD538B9A HTTP/1.1" 200 112142
20.171.207.36 - - [07/Mar/2025:02:41:52 +0100] "GET /ticket2/opencms/is/buy/?edid=88A9DB29-DA7F-5892-01EC-B646B52763FF&page=1 HTTP/1.1" 200 108056
195.178.110.163 - - [07/Mar/2025:02:41:53 +0100] "???H?? ?+???$??:L%gu? ?4?{??MK? >???/w[)?TA,??k?a??($?{??i?+&?+?/?,?0????? ??" 400 -
40.77.167.77 - - [07/Mar/2025:02:41:53 +0100] "GET /ticket2/opencms/mt/buy?page=1&edid=76C5B12B-5A01-4B43-4951-01FB8B03F367 HTTP/1.1" 200 111991
195.178.110.163 - - [07/Mar/2025:02:41:53 +0100] "GET / HTTP/1.1" 404 -
195.178.110.163 - - [01/Jan/1970:00:59:59 +0100] "-" 400 -
195.178.110.163 - - [07/Mar/2025:02:41:53 +0100] "GET / HTTP/1.1" 404 -
66.220.149.13 - - [07/Mar/2025:02:41:55 +0100] "GET /ticket2/opencms/en/buy/?page=1&edid=03D907FB-D1E6-E922-E1AC-AD5339EA57CC HTTP/1.1" 200 109508
195.178.110.163 - - [07/Mar/2025:02:41:55 +0100] "GET /.env.live HTTP/1.1" 404 -
195.178.110.163 - - [07/Mar/2025:02:41:56 +0100] "GET /.env.prod HTTP/1.1" 404 -
195.178.110.163 - - [07/Mar/2025:02:41:56 +0100] "GET /.env.staging.local HTTP/1.1" 404 -
195.178.110.163 - - [07/Mar/2025:02:41:57 +0100] "GET /admin/.git/config HTTP/1.1" 404 -
195.178.110.163 - - [07/Mar/2025:02:41:57 +0100] "GET /.env.dev HTTP/1.1" 404 -
52.167.144.232 - - [07/Mar/2025:02:41:57 +0100] "GET /ticket2/opencms/ru/buy/?page=1&edid=305631E2-33D7-D561-07F3-8C2ECFC3A6C2 HTTP/1.1" 200 109101
20.171.207.36 - - [07/Mar/2025:02:41:58 +0100] "GET /ticket2/opencms/bs/buy/?edid=81745FE2-9A1E-49D6-238C-0D5CD43E46FD&page=1 HTTP/1.1" 200 107812
192.99.35.94 - - [07/Mar/2025:02:42:00 +0100] "GET /ticket2/opencms/en/sell/?edid=511DBE77-4302-11AC-20DF-EC763D451874 HTTP/1.1" 302 -
54.36.148.252 - - [07/Mar/2025:02:42:01 +0100] "GET /ticket2/opencms/fr/buy?page=1&edid=2B44308E-1778-CFAE-7385-18758823F6EB HTTP/1.1" 200 149283
66.249.65.233 - - [07/Mar/2025:02:42:01 +0100] "GET /ticket2/opencms/el/magazine/article?title=stadio-emirates HTTP/1.1" 200 97035
95.217.114.173 - - [07/Mar/2025:02:42:01 +0100] "GET /ticket2/opencms/fi/buy/?page=1&edid=124E8283-E5DC-7FAE-437D-48A8B5EF948C HTTP/1.1" 200 112201
185.191.171.2 - - [07/Mar/2025:02:42:02 +0100] "GET /ticket2/opencms/it/magazine/article?title=tottenham-burnley-2024-05-11 HTTP/1.1" 200 91726
52.167.144.146 - - [07/Mar/2025:02:42:02 +0100] "GET /ticket2/opencms/dk/buy/?page=1&edid=96B9A105-F32B-ABB0-A0C5-02A5402C313A HTTP/1.1" 200 107228
20.171.207.36 - - [07/Mar/2025:02:42:03 +0100] "GET /ticket2/opencms/it/buy/?edid=81745FE2-9A1E-49D6-238C-0D5CD43E46FD&page=1 HTTP/1.1" 200 107712
114.119.151.93 - - [07/Mar/2025:02:42:06 +0100] "GET /ticket2/opencms/de/buy?page=1&=457D4E89-C4E9-4F02-B659-6B1771052571 HTTP/1.1" 200 -
192.99.35.94 - - [07/Mar/2025:02:42:08 +0100] "GET /ticket2/opencms/en/login/?edid=511DBE77-4302-11AC-20DF-EC763D451874 HTTP/1.1" 200 90097
95.217.114.173 - - [07/Mar/2025:02:42:08 +0100] "GET /ticket2/opencms/fi/buy/?page=1&edid=125B2F79-2D2A-57BF-323F-0F1B77EB450F HTTP/1.1" 200 112043
20.171.207.36 - - [07/Mar/2025:02:42:09 +0100] "GET /ticket2/opencms/de/buy/?edid=4130944B-8419-6A0B-A839-9FB45260F568&page=1 HTTP/1.1" 200 110682
66.249.65.195 - - [07/Mar/2025:02:42:12 +0100] "GET /ticket2/opencms/cs/buy?page=1&edid=10597F35-2AC7-31D2-FB61-15A36BB6D73B HTTP/1.1" 200 136494
52.167.144.232 - - [07/Mar/2025:02:42:13 +0100] "GET /ticket2/opencms/hu/buy?page=1&edid=E2770D18-E952-4B89-3A99-F864CC9397CA HTTP/1.1" 200 112081
20.171.207.36 - - [07/Mar/2025:02:42:13 +0100] "GET /ticket2/opencms/bg/buy/?edid=81745FE2-9A1E-49D6-238C-0D5CD43E46FD&page=1 HTTP/1.1" 200 110165
66.249.65.235 - - [07/Mar/2025:02:42:13 +0100] "GET /ticket2/opencms/el/magazine/article?title=crystal-palace-kalyteroi-opadoi-ths-premier-league HTTP/1.1" 200 97770
192.99.35.94 - - [07/Mar/2025:02:42:14 +0100] "GET /ticket2/opencms/en/sell/?edid=51B34877-7C9F-78FD-7C5F-EE108BC846BA HTTP/1.1" 302 -
114.119.130.91 - - [07/Mar/2025:02:42:17 +0100] "GET /ticket2/opencms/en/buy/?page=10&eventid=820CECED-B51A-34B6-C954-EFC6E739FB21&venueid=E1FDA495-A4B3-5F1B-7AE5-E9A07438E5E1 HTTP/1.1" 200 92829
95.217.114.173 - - [07/Mar/2025:02:42:18 +0100] "GET /ticket2/opencms/fi/buy/?page=1&edid=1262C5E9-4459-6D63-F273-010CB7E37FF2 HTTP/1.1" 200 112014
192.99.35.94 - - [07/Mar/2025:02:42:19 +0100] "GET /ticket2/opencms/en/login/?edid=51B34877-7C9F-78FD-7C5F-EE108BC846BA HTTP/1.1" 200 90083
20.171.207.36 - - [07/Mar/2025:02:42:20 +0100] "GET /ticket2/opencms/hr/sport/nogometne-ulaznice/fa-cup HTTP/1.1" 404 -
192.99.35.94 - - [07/Mar/2025:02:42:22 +0100] "GET /ticket2/opencms/en/sell/?edid=51C8DADA-3389-0DD8-E4E9-A827BBFED126 HTTP/1.1" 302 -
40.77.167.77 - - [07/Mar/2025:02:42:22 +0100] "GET /ticket2/opencms/sv/search.html?searchQuery=2024 HTTP/1.1" 200 98446
192.99.35.94 - - [07/Mar/2025:02:42:28 +0100] "GET /ticket2/opencms/en/login/?edid=51C8DADA-3389-0DD8-E4E9-A827BBFED126 HTTP/1.1" 200 90092
95.217.114.173 - - [07/Mar/2025:02:42:29 +0100] "GET /ticket2/opencms/fi/buy/?page=1&edid=12706E2D-FC3F-6B69-6F27-C4D93B2AE7B7 HTTP/1.1" 200 110797
85.208.96.201 - - [07/Mar/2025:02:42:30 +0100] "GET /ticket2/opencms/es/magazine/article?title=el-futuro-de-la-tecnologia-en-el-futbol HTTP/1.1" 200 95859
192.99.35.94 - - [07/Mar/2025:02:42:31 +0100] "GET /ticket2/opencms/en/sell/?edid=523501E5-3030-71B1-ED39-97EA81BD353D HTTP/1.1" 302 -
85.208.96.197 - - [07/Mar/2025:02:42:31 +0100] "GET /ticket2/opencms/mo/buying_tickets HTTP/1.1" 200 89214
66.249.76.8 - - [07/Mar/2025:02:42:34 +0100] "GET /ticket2/opencms/sv/buy/?page=1&edid=650A0D78-456F-EC5A-28FD-BB522C4AB0A0 HTTP/1.1" 200 110447
185.191.171.15 - - [07/Mar/2025:02:42:36 +0100] "GET /ticket2/opencms/tr/spor/futbol-biletleri/premier-league/manchester-city/ HTTP/1.1" 200 103321
216.244.66.238 - - [07/Mar/2025:02:42:36 +0100] "GET /ticket2/opencms/hr/buy?page=1&edid=63D01EA9-6118-F064-A9BE-98AD792F8DD1 HTTP/1.1" 200 108734
47.128.16.87 - - [07/Mar/2025:02:42:39 +0100] "GET /ticket2/opencms/cs/magazine/article?title=michail-antonio-zranen-po-autonehode HTTP/1.1" 200 93669
95.217.114.173 - - [07/Mar/2025:02:42:39 +0100] "GET /ticket2/opencms/fi/buy/?page=1&edid=12A8EE8D-03B1-B2C4-8C39-29C0C7EC1C34 HTTP/1.1" 200 112072
66.249.65.195 - - [07/Mar/2025:02:42:39 +0100] "GET /ticket2/opencms/cs/buy?page=1&edid=FD52398C-F7D7-F542-DD8C-96DBE2E8DDC3 HTTP/1.1" 200 111406
192.99.35.94 - - [07/Mar/2025:02:42:41 +0100] "GET /ticket2/opencms/en/login/?edid=523501E5-3030-71B1-ED39-97EA81BD353D HTTP/1.1" 200 90104
192.99.35.94 - - [07/Mar/2025:02:42:43 +0100] "GET /ticket2/opencms/en/sell/?edid=52E9C51D-192F-C954-8F05-403EF150A75E HTTP/1.1" 302 -
40.77.167.77 - - [07/Mar/2025:02:42:44 +0100] "GET /ticket2/opencms/lv/buy?comcatid=A17713B6-D984-201A-4143-ED4DB5ED5C2E&catid=7CF2D645-F785-0CBB-1B7C-C4711617EAAD HTTP/1.1" 200 103969
20.171.207.36 - - [07/Mar/2025:02:42:46 +0100] "GET /ticket2/opencms/lt/buy/?edid=6BC392EC-904D-4C89-2912-6F7F3E385D5B&page=1 HTTP/1.1" 200 108025
20.171.207.36 - - [07/Mar/2025:02:42:48 +0100] "GET /ticket2/opencms/en/buy/?edid=6BC392EC-904D-4C89-2912-6F7F3E385D5B&page=1 HTTP/1.1" 200 106083
114.119.151.93 - - [07/Mar/2025:02:42:48 +0100] "GET /ticket2/opencms/en/buy/?page=1&edid=F2C92FF3-9702-3CD7-4D1B-4F64A5C3AFB8 HTTP/1.1" 200 106750
95.217.114.173 - - [07/Mar/2025:02:42:48 +0100] "GET /ticket2/opencms/fi/buy/?page=1&edid=12ACB34A-BBB3-F801-5DD6-AEBE7A59BBA4 HTTP/1.1" 200 111604
20.171.207.36 - - [07/Mar/2025:02:42:49 +0100] "GET /ticket2/opencms/ka/buy/?edid=6BC392EC-904D-4C89-2912-6F7F3E385D5B&page=1 HTTP/1.1" 200 113316
114.119.153.152 - - [07/Mar/2025:02:42:51 +0100] "GET /ticket2/opencms/bs/buy?page=1&=069BDDEE-360C-8EC7-E690-DACC87DA3282 HTTP/1.1" 200 -
20.171.207.36 - - [07/Mar/2025:02:42:51 +0100] "GET /ticket2/opencms/tr/buy/?edid=6BC392EC-904D-4C89-2912-6F7F3E385D5B&page=1 HTTP/1.1" 200 108132
20.171.207.36 - - [07/Mar/2025:02:42:52 +0100] "GET /ticket2/opencms/no/buy/?edid=6BC392EC-904D-4C89-2912-6F7F3E385D5B&page=1 HTTP/1.1" 200 107204
20.171.207.36 - - [07/Mar/2025:02:42:53 +0100] "GET /ticket2/opencms/cs/buy/?edid=6BC392EC-904D-4C89-2912-6F7F3E385D5B&page=1 HTTP/1.1" 200 107967
192.99.35.94 - - [07/Mar/2025:02:42:53 +0100] "GET /ticket2/opencms/en/login/?edid=52E9C51D-192F-C954-8F05-403EF150A75E HTTP/1.1" 200 90163
95.217.114.173 - - [07/Mar/2025:02:42:54 +0100] "GET /ticket2/opencms/fi/buy/?page=1&edid=12D59482-7F3E-75F5-A3A6-C24ACDBAAF85 HTTP/1.1" 200 111665
20.171.207.36 - - [07/Mar/2025:02:42:54 +0100] "GET /ticket2/opencms/hr/buy/?edid=6BC392EC-904D-4C89-2912-6F7F3E385D5B&page=1 HTTP/1.1" 200 107925
192.99.35.94 - - [07/Mar/2025:02:42:56 +0100] "GET /ticket2/opencms/en/sell/?edid=5A53D059-2717-7212-ED4E-000015E5862F HTTP/1.1" 302 -
20.171.207.36 - - [07/Mar/2025:02:42:56 +0100] "GET /ticket2/opencms/sr/buy/?edid=6BC392EC-904D-4C89-2912-6F7F3E385D5B&page=1 HTTP/1.1" 200 108253
20.171.207.36 - - [07/Mar/2025:02:42:57 +0100] "GET /ticket2/opencms/mo/buy/?edid=6BC392EC-904D-4C89-2912-6F7F3E385D5B&page=1 HTTP/1.1" 200 107976
185.191.171.15 - - [07/Mar/2025:02:42:58 +0100] "GET /ticket2/opencms/en/magazine/article?title=brighton-and-hove-albion HTTP/1.1" 200 90766
114.119.132.9 - - [07/Mar/2025:02:42:58 +0100] "GET /ticket2/opencms/it/buy/?comcatid=0A6B8208-FDA4-E929-9D72-5312FD481B76 HTTP/1.1" 200 106063
66.249.65.195 - - [07/Mar/2025:02:43:00 +0100] "GET /ticket2/opencms/cs/buy?page=1&edid=0B7E5CA2-F588-894B-B701-64E6B9532C54 HTTP/1.1" 200 127934
20.171.207.36 - - [07/Mar/2025:02:43:01 +0100] "GET /ticket2/opencms/sk/buy/?edid=6BC392EC-904D-4C89-2912-6F7F3E385D5B&page=1 HTTP/1.1" 200 107940
47.128.28.147 - - [07/Mar/2025:02:43:02 +0100] "GET /ticket2/opencms/sv/sport/fotbollsbiljetter/english-championship/rotherham/ HTTP/1.1" 500 -
192.99.35.94 - - [07/Mar/2025:02:43:03 +0100] "GET /ticket2/opencms/en/login/?edid=5A53D059-2717-7212-ED4E-000015E5862F HTTP/1.1" 200 90204
185.191.171.9 - - [07/Mar/2025:02:43:03 +0100] "GET /ticket2/opencms/nl/magazine/article?title=bergvall-en-kulusevski-maken-indruk HTTP/1.1" 200 92318
114.119.152.134 - - [07/Mar/2025:02:43:03 +0100] "GET /ticket2/opencms/ru/buy/?page=1&edid=DC4450D6-9DF5-C966-75BC-2DB9B2B69FF0 HTTP/1.1" 200 106949
52.167.144.232 - - [07/Mar/2025:02:43:03 +0100] "GET /ticket2/opencms/lv/buy?page=1&edid=3F2482EE-6B7A-310D-17CE-1C7E3CC58C7F HTTP/1.1" 200 112507
95.217.114.173 - - [07/Mar/2025:02:43:04 +0100] "GET /ticket2/opencms/fi/buy/?page=1&edid=12DB6E27-9631-1950-2D26-8A0266A8AC10 HTTP/1.1" 200 111588
192.99.35.94 - - [07/Mar/2025:02:43:05 +0100] "GET /ticket2/opencms/en/sell/?edid=5DD7BC42-DB22-EC66-CE5D-0464D20DDDB4 HTTP/1.1" 302 -
216.244.66.238 - - [07/Mar/2025:02:43:08 +0100] "GET /ticket2/opencms/et/buy?page=1&edid=C8F9C93A-AB7D-8220-8C68-4335B633FCE4 HTTP/1.1" 200 110424
85.208.96.196 - - [07/Mar/2025:02:43:08 +0100] "GET /ticket2/opencms/lv/sport HTTP/1.1" 200 93156
20.171.207.36 - - [07/Mar/2025:02:43:09 +0100] "GET /ticket2/opencms/fi/buy/?edid=6BC392EC-904D-4C89-2912-6F7F3E385D5B&page=1 HTTP/1.1" 200 107716
192.99.35.94 - - [07/Mar/2025:02:43:10 +0100] "GET /ticket2/opencms/en/login/?edid=5DD7BC42-DB22-EC66-CE5D-0464D20DDDB4 HTTP/1.1" 200 90203
20.171.207.36 - - [07/Mar/2025:02:43:10 +0100] "GET /ticket2/opencms/ga/buy/?edid=6BC392EC-904D-4C89-2912-6F7F3E385D5B&page=1 HTTP/1.1" 200 108216
20.171.207.36 - - [07/Mar/2025:02:43:12 +0100] "GET /ticket2/opencms/mt/buy/?edid=6BC392EC-904D-4C89-2912-6F7F3E385D5B&page=1 HTTP/1.1" 200 108061
192.99.35.94 - - [07/Mar/2025:02:43:13 +0100] "GET /ticket2/opencms/en/sell/?edid=6082F16E-936D-95FC-7956-A001C0E49E14 HTTP/1.1" 302 -
20.171.207.36 - - [07/Mar/2025:02:43:15 +0100] "GET /ticket2/opencms/et/buy/?edid=6BC392EC-904D-4C89-2912-6F7F3E385D5B&page=1 HTTP/1.1" 200 107706
40.77.167.77 - - [07/Mar/2025:02:43:15 +0100] "GET /ticket2/opencms/it/buy?page=1&edid=9BC0336E-4C60-B65A-A40E-F93EF23EB5B8&sortorder=asc&column=row HTTP/1.1" 200 112973
95.217.114.173 - - [07/Mar/2025:02:43:16 +0100] "GET /ticket2/opencms/fi/buy/?page=1&edid=12FE9A0A-4E2D-5275-1076-E343F4E21442 HTTP/1.1" 200 111191
20.171.207.36 - - [07/Mar/2025:02:43:16 +0100] "GET /ticket2/opencms/uk/buy/?edid=6BC392EC-904D-4C89-2912-6F7F3E385D5B&page=1 HTTP/1.1" 200 110078
20.171.207.36 - - [07/Mar/2025:02:43:17 +0100] "GET /ticket2/opencms/az/buy/?edid=6BC392EC-904D-4C89-2912-6F7F3E385D5B&page=1 HTTP/1.1" 200 108347
192.99.35.94 - - [07/Mar/2025:02:43:18 +0100] "GET /ticket2/opencms/en/login/?edid=6082F16E-936D-95FC-7956-A001C0E49E14 HTTP/1.1" 200 90088
20.171.207.36 - - [07/Mar/2025:02:43:19 +0100] "GET /ticket2/opencms/ro/buy/?edid=6BC392EC-904D-4C89-2912-6F7F3E385D5B&page=1 HTTP/1.1" 200 108131
192.99.35.94 - - [07/Mar/2025:02:43:20 +0100] "GET /ticket2/opencms/en/sell/?edid=616E0307-EF5A-C0BC-E2E4-858595D5400D HTTP/1.1" 302 -
20.171.207.36 - - [07/Mar/2025:02:43:20 +0100] "GET /ticket2/opencms/sl/buy/?edid=6BC392EC-904D-4C89-2912-6F7F3E385D5B&page=1 HTTP/1.1" 200 107847
20.171.207.36 - - [07/Mar/2025:02:43:21 +0100] "GET /ticket2/opencms/dk/buy/?edid=6BC392EC-904D-4C89-2912-6F7F3E385D5B&page=1 HTTP/1.1" 200 106424
20.171.207.36 - - [07/Mar/2025:02:43:22 +0100] "GET /ticket2/opencms/sq/sport/bileta-per-futboll HTTP/1.1" 500 -
66.249.65.233 - - [07/Mar/2025:02:43:22 +0100] "GET /ticket2/opencms/el/magazine/article?title=bukayo-ayoyinka-t-m-saka HTTP/1.1" 200 96945
192.99.35.94 - - [07/Mar/2025:02:43:24 +0100] "GET /ticket2/opencms/en/login/?edid=616E0307-EF5A-C0BC-E2E4-858595D5400D HTTP/1.1" 200 90076
192.99.35.94 - - [07/Mar/2025:02:43:26 +0100] "GET /ticket2/opencms/en/sell/?edid=68D4A370-247A-9C23-AC2D-6C3F6409CFD7 HTTP/1.1" 302 -
95.217.114.173 - - [07/Mar/2025:02:43:26 +0100] "GET /ticket2/opencms/fi/buy/?page=1&edid=133C755F-7180-13CC-FCBB-7D53D7F560DC HTTP/1.1" 200 112105
20.171.207.36 - - [07/Mar/2025:02:43:27 +0100] "GET /ticket2/opencms/nl/buy/?edid=6BC392EC-904D-4C89-2912-6F7F3E385D5B&page=1 HTTP/1.1" 200 105639
66.249.65.196 - - [07/Mar/2025:02:43:29 +0100] "GET /ticket2/opencms/cs/buy?page=1&edid=6F379414-70C4-400F-51D2-AFD37C8F2BC7 HTTP/1.1" 200 135643
192.99.35.94 - - [07/Mar/2025:02:43:29 +0100] "GET /ticket2/opencms/en/login/?edid=68D4A370-247A-9C23-AC2D-6C3F6409CFD7 HTTP/1.1" 200 90141
20.171.207.36 - - [07/Mar/2025:02:43:30 +0100] "GET /ticket2/opencms/hu/buy/?edid=6BC392EC-904D-4C89-2912-6F7F3E385D5B&page=1 HTTP/1.1" 200 108220
192.99.35.94 - - [07/Mar/2025:02:43:31 +0100] "GET /ticket2/opencms/en/sell/?edid=6E8F24AB-74B3-3F4A-83EB-4CBDFC2D46B9 HTTP/1.1" 302 -
194.36.147.49 - - [07/Mar/2025:02:43:33 +0100] "GET /ticket2/opencms/cs/standard/ HTTP/1.1" 500 -
40.77.167.77 - - [07/Mar/2025:02:43:34 +0100] "GET /ticket2/opencms/et/buy/?page=1&edid=D2E94728-B517-191E-AA82-FEA60C09846F HTTP/1.1" 200 112193
192.99.35.94 - - [07/Mar/2025:02:43:36 +0100] "GET /ticket2/opencms/en/login/?edid=6E8F24AB-74B3-3F4A-83EB-4CBDFC2D46B9 HTTP/1.1" 200 90072
114.119.134.48 - - [07/Mar/2025:02:43:37 +0100] "GET /ticket2/opencms/en/buy/?page=10&eventid=684F42AD-E69E-B0FB-F34B-E9B5D5266D07&venueid=37CBE37C-7D6F-4665-1B80-1F6AC01C8EBD HTTP/1.1" 200 92795
69.171.230.2 - - [07/Mar/2025:02:43:37 +0100] "GET /ticket2/opencms/uk/buy/?page=1&edid=7A598B9C-F2D5-14CB-B337-B4B5F910E2F7 HTTP/1.1" 200 113143
192.99.35.94 - - [07/Mar/2025:02:43:37 +0100] "GET /ticket2/opencms/en/sell/?edid=827A5570-CFC8-F898-8F2F-EDB01BF89EB0 HTTP/1.1" 302 -
95.217.114.173 - - [07/Mar/2025:02:43:39 +0100] "GET /ticket2/opencms/fi/buy/?page=1&edid=135439EE-24C6-CFFE-A3F6-AD08F6CB1A03 HTTP/1.1" 200 112070
47.128.23.90 - - [07/Mar/2025:02:43:40 +0100] "GET /ticket2/opencms/no/?comcatid=A17713B6-D984-201A-4143-ED4DB5ED5C2E HTTP/1.1" 200 105028
192.99.35.94 - - [07/Mar/2025:02:43:41 +0100] "GET /ticket2/opencms/en/login/?edid=827A5570-CFC8-F898-8F2F-EDB01BF89EB0 HTTP/1.1" 200 90143
52.167.144.192 - - [07/Mar/2025:02:43:42 +0100] "GET /ticket2/opencms/fr/buy/?page=1&edid=3DBC817B-58FA-AA1C-2983-B86016C9BCF9 HTTP/1.1" 200 108354
185.191.171.15 - - [07/Mar/2025:02:43:43 +0100] "GET /ticket2/opencms/sv/search.html?searchQuery=group%2Bb&submit HTTP/1.1" 200 98452
192.99.35.94 - - [07/Mar/2025:02:43:43 +0100] "GET /ticket2/opencms/en/sell/?edid=89512C49-9985-8A64-3ABD-3F9CEE88DFB0 HTTP/1.1" 302 -
52.167.144.192 - - [07/Mar/2025:02:43:43 +0100] "GET /ticket2/opencms/hu/buy/?page=1&edid=F2AAEAC6-0FA1-D834-2990-EDC1FBE1D38B HTTP/1.1" 200 111332
216.244.66.238 - - [07/Mar/2025:02:43:44 +0100] "GET /ticket2/opencms/it/buy?page=1&edid=C8F9C93A-AB7D-8220-8C68-4335B633FCE4 HTTP/1.1" 200 110497
114.119.150.86 - - [07/Mar/2025:02:43:45 +0100] "GET /ticket2/opencms/bg/buy?page=1&=C3C2958F-64DF-91F9-F3D9-8F3CEBC7A797 HTTP/1.1" 200 -
66.249.65.234 - - [07/Mar/2025:02:43:46 +0100] "GET /ticket2/opencms/el/magazine/article?title=kristiano-ronalnto HTTP/1.1" 200 97063
192.99.35.94 - - [07/Mar/2025:02:43:47 +0100] "GET /ticket2/opencms/en/login/?edid=89512C49-9985-8A64-3ABD-3F9CEE88DFB0 HTTP/1.1" 200 90086
192.99.35.94 - - [07/Mar/2025:02:43:49 +0100] "GET /ticket2/opencms/en/sell/?edid=8B78E801-414F-C225-4F2D-8966763BF6B2 HTTP/1.1" 302 -
20.171.207.36 - - [07/Mar/2025:02:43:51 +0100] "GET /ticket2/opencms/uk/buy/?edid=81745FE2-9A1E-49D6-238C-0D5CD43E46FD&page=1 HTTP/1.1" 200 110151
95.217.114.173 - - [07/Mar/2025:02:43:52 +0100] "GET /ticket2/opencms/fi/buy/?page=1&edid=1360E6F7-8499-827C-3ABB-366991C456E4 HTTP/1.1" 200 112230
20.171.207.36 - - [07/Mar/2025:02:43:53 +0100] "GET /ticket2/opencms/hu/buy/?edid=81745FE2-9A1E-49D6-238C-0D5CD43E46FD&page=1 HTTP/1.1" 200 108256
192.99.35.94 - - [07/Mar/2025:02:43:53 +0100] "GET /ticket2/opencms/en/login/?edid=8B78E801-414F-C225-4F2D-8966763BF6B2 HTTP/1.1" 200 90143
114.119.153.152 - - [07/Mar/2025:02:43:55 +0100] "GET /ticket2/opencms/be/buy?page=1&=8B3B84C5-3DC0-B667-5464-4096542A8D78 HTTP/1.1" 200 -
52.167.144.146 - - [07/Mar/2025:02:43:55 +0100] "GET /ticket2/opencms/sv/buy/?page=1&edid=656D28DC-44D7-F9B6-001A-A9537260D01A HTTP/1.1" 200 108095
192.99.35.94 - - [07/Mar/2025:02:43:55 +0100] "GET /ticket2/opencms/en/sell/?edid=8BA86FA9-C734-4E24-6C8F-AD29372A2A6B HTTP/1.1" 302 -
20.171.207.36 - - [07/Mar/2025:02:43:56 +0100] "GET /ticket2/opencms/sk/buy/?edid=81745FE2-9A1E-49D6-238C-0D5CD43E46FD&page=1 HTTP/1.1" 200 108118
20.171.207.36 - - [07/Mar/2025:02:43:57 +0100] "GET /ticket2/opencms/sr/buy/?edid=81745FE2-9A1E-49D6-238C-0D5CD43E46FD&page=1 HTTP/1.1" 200 108371
20.171.207.36 - - [07/Mar/2025:02:43:58 +0100] "GET /ticket2/opencms/cs/buy/?edid=81745FE2-9A1E-49D6-238C-0D5CD43E46FD&page=1 HTTP/1.1" 200 108023
85.208.96.200 - - [07/Mar/2025:02:43:59 +0100] "GET /ticket2/opencms/el/magazine/article?title=lionel-messi-enas-apo-toys-pio-po8htoys-talantoyxoys-paiktes-olwn-twn-epoxwn HTTP/1.1" 200 97818
20.171.207.36 - - [07/Mar/2025:02:44:00 +0100] "GET /ticket2/opencms/ga/buy/?edid=81745FE2-9A1E-49D6-238C-0D5CD43E46FD&page=1 HTTP/1.1" 200 108337
192.99.35.94 - - [07/Mar/2025:02:44:00 +0100] "GET /ticket2/opencms/en/login/?edid=8BA86FA9-C734-4E24-6C8F-AD29372A2A6B HTTP/1.1" 200 90071
20.171.207.36 - - [07/Mar/2025:02:44:01 +0100] "GET /ticket2/opencms/lv/buy/?edid=81745FE2-9A1E-49D6-238C-0D5CD43E46FD&page=1 HTTP/1.1" 200 108032
185.191.171.1 - - [07/Mar/2025:02:44:01 +0100] "GET /ticket2/opencms/de/robots.txt HTTP/1.1" 404 -
20.171.207.36 - - [07/Mar/2025:02:44:02 +0100] "GET /ticket2/opencms/ka/buy/?edid=88A9DB29-DA7F-5892-01EC-B646B52763FF&page=1 HTTP/1.1" 200 113579
192.99.35.94 - - [07/Mar/2025:02:44:02 +0100] "GET /ticket2/opencms/en/sell/?edid=8BD60387-4E3F-89EB-86CE-11AA91ED3E74 HTTP/1.1" 302 -
185.191.171.19 - - [07/Mar/2025:02:44:03 +0100] "GET /ticket2/opencms/robots.txt HTTP/1.1" 200 773
47.128.47.167 - - [07/Mar/2025:02:44:04 +0100] "GET /ticket2/opencms/ka/buy?edid=4130944B-8419-6A0B-A839-9FB45260F568 HTTP/1.1" 200 94055
85.208.96.193 - - [07/Mar/2025:02:44:04 +0100] "GET /ticket2/opencms/de/sv/magazine/article?articleId=25 HTTP/1.1" 404 -
40.77.167.77 - - [07/Mar/2025:02:44:05 +0100] "GET /ticket2/opencms/de/sport/fussball-tickets/la_liga/cadiz/ HTTP/1.1" 500 -
95.217.114.173 - - [07/Mar/2025:02:44:05 +0100] "GET /ticket2/opencms/fi/buy/?page=1&edid=13770D8E-121B-BC74-9503-A2A979CD10D7 HTTP/1.1" 200 111769
20.171.207.36 - - [07/Mar/2025:02:44:05 +0100] "GET /ticket2/opencms/en/buy/?edid=88A9DB29-DA7F-5892-01EC-B646B52763FF&page=1 HTTP/1.1" 200 106197
192.99.35.94 - - [07/Mar/2025:02:44:06 +0100] "GET /ticket2/opencms/en/login/?edid=8BD60387-4E3F-89EB-86CE-11AA91ED3E74 HTTP/1.1" 200 90194
85.208.96.200 - - [07/Mar/2025:02:44:07 +0100] "GET /ticket2/opencms/bs/sport/fudbalske-karte/english-championship/norwich-city HTTP/1.1" 404 -
192.99.35.94 - - [07/Mar/2025:02:44:08 +0100] "GET /ticket2/opencms/en/sell/?edid=8C2B67E4-8153-3736-E092-0CE2785F030B HTTP/1.1" 302 -
114.119.154.207 - - [07/Mar/2025:02:44:12 +0100] "GET /ticket2/opencms/ru/buy/?page=1&edid=CE2D039C-F9B0-D889-98A0-A6CC7F5B1AAB HTTP/1.1" 200 110180
192.99.35.94 - - [07/Mar/2025:02:44:12 +0100] "GET /ticket2/opencms/en/login/?edid=8C2B67E4-8153-3736-E092-0CE2785F030B HTTP/1.1" 200 90146
66.249.74.136 - - [07/Mar/2025:02:44:12 +0100] "GET /ticket2/opencms/mo/buy/?comcatid=A17713B6-D984-201A-4143-ED4DB5ED5C2E&catid=42C82D82-D02A-8562-E55C-48ADB3771882 HTTP/1.1" 200 103401
114.119.151.93 - - [07/Mar/2025:02:44:12 +0100] "GET /ticket2/opencms/en/buy/?page=1&edid=A7FB67C5-516B-367A-E081-FDCB4ABAE929 HTTP/1.1" 200 110256
52.167.144.18 - - [07/Mar/2025:02:44:13 +0100] "GET /ticket2/opencms/nl/buy?page=1&edid=08134107-A430-5E4C-8313-5084A279B461 HTTP/1.1" 200 108910
194.120.230.215 - - [07/Mar/2025:02:44:13 +0100] "GET /ticket2/opencms/de/cgi-bin/luci/;stok=/locale HTTP/1.1" 404 -
192.99.35.94 - - [07/Mar/2025:02:44:14 +0100] "GET /ticket2/opencms/en/sell/?edid=8D0B917F-1714-CEE9-8306-2BA97791725F HTTP/1.1" 302 -
20.171.207.36 - - [07/Mar/2025:02:44:14 +0100] "GET /ticket2/opencms/hr/buy/?edid=81745FE2-9A1E-49D6-238C-0D5CD43E46FD&page=1 HTTP/1.1" 200 108096
20.171.207.36 - - [07/Mar/2025:02:44:15 +0100] "GET /ticket2/opencms/fr/buy/?edid=81745FE2-9A1E-49D6-238C-0D5CD43E46FD&page=1 HTTP/1.1" 200 107736
216.244.66.238 - - [07/Mar/2025:02:44:16 +0100] "GET /ticket2/opencms/uk/buy?page=1&edid=C8F9C93A-AB7D-8220-8C68-4335B633FCE4 HTTP/1.1" 200 113150
95.217.114.173 - - [07/Mar/2025:02:44:16 +0100] "GET /ticket2/opencms/fi/buy/?page=1&edid=13B08012-5959-046E-FD97-DEC8822E8106 HTTP/1.1" 200 111877
192.99.35.94 - - [07/Mar/2025:02:44:18 +0100] "GET /ticket2/opencms/en/login/?edid=8D0B917F-1714-CEE9-8306-2BA97791725F HTTP/1.1" 200 90157
20.171.207.36 - - [07/Mar/2025:02:44:20 +0100] "GET /ticket2/opencms/ka/buy/?edid=81745FE2-9A1E-49D6-238C-0D5CD43E46FD&page=1 HTTP/1.1" 200 113556
192.99.35.94 - - [07/Mar/2025:02:44:21 +0100] "GET /ticket2/opencms/en/sell/?edid=8D775C4C-B6AE-311D-9794-0D2CC25D0CA3 HTTP/1.1" 302 -
185.191.171.9 - - [07/Mar/2025:02:44:21 +0100] "GET /ticket2/opencms/uk/magazine/article?title=arsenal-and-tottenham-share-in-an-epic-4-4-match-on-october-29-2008 HTTP/1.1" 200 96198
20.171.207.36 - - [07/Mar/2025:02:44:21 +0100] "GET /ticket2/opencms/fi/buy/?edid=81745FE2-9A1E-49D6-238C-0D5CD43E46FD&page=1 HTTP/1.1" 200 107845
20.171.207.36 - - [07/Mar/2025:02:44:22 +0100] "GET /ticket2/opencms/az/buy/?edid=81745FE2-9A1E-49D6-238C-0D5CD43E46FD&page=1 HTTP/1.1" 200 108339
20.171.207.36 - - [07/Mar/2025:02:44:24 +0100] "GET /ticket2/opencms/en/buy/?edid=81745FE2-9A1E-49D6-238C-0D5CD43E46FD&page=1 HTTP/1.1" 200 106186
95.217.114.173 - - [07/Mar/2025:02:44:24 +0100] "GET /ticket2/opencms/fi/buy/?page=1&edid=13CEE059-8BDC-0A5A-CA01-BB02D06808BB HTTP/1.1" 200 110479
192.99.35.94 - - [07/Mar/2025:02:44:25 +0100] "GET /ticket2/opencms/en/login/?edid=8D775C4C-B6AE-311D-9794-0D2CC25D0CA3 HTTP/1.1" 200 89994
192.99.35.94 - - [07/Mar/2025:02:44:27 +0100] "GET /ticket2/opencms/en/sell/?edid=8DDE8B67-2000-FC13-BC50-206499AE7292 HTTP/1.1" 302 -
