114.119.150.49 - - [07/Mar/2025:00:29:11 +0100] "GET /ticket2/opencms/it/magazine/article?title=arsenal-e-tottenham-pareggiano-in-una-epica-partita-4-4-il-29-ottobre-2008 HTTP/1.1" 200 95372
85.208.96.194 - - [07/Mar/2025:00:29:11 +0100] "GET /ticket2/opencms/fi/urheilu/jalkapallo/champions-league/ac-milan HTTP/1.1" 500 -
144.91.104.134 - - [07/Mar/2025:00:29:11 +0100] "GET /ticket2/opencms/se/nl/buy/?page=1&edid=5D07027F-73A4-ED56-6B46-3A7D6715D9ED&sortorder=asc&column=price HTTP/1.1" 404 -
172.69.136.142 - - [07/Mar/2025:00:29:11 +0100] "GET /ticket2/opencms/de/wordpress/wp-admin/setup-config.php HTTP/1.1" 404 -
85.208.96.212 - - [07/Mar/2025:00:29:15 +0100] "GET /ticket2/opencms/lv/magazine/article?title=niderlande-pret-angliju-pusfinala HTTP/1.1" 200 96094
85.208.96.212 - - [07/Mar/2025:00:29:15 +0100] "GET /ticket2/opencms/fr/buy/football-tickets/internationalmatches HTTP/1.1" 404 -
178.25.244.194 - - [07/Mar/2025:00:29:16 +0100] "GET /ticket2/opencms/dk/en/buy/?page=1&edid=12D59482-7F3E-75F5-A3A6-C24ACDBAAF85&sortorder=desc&column=price HTTP/1.1" 404 -
144.91.104.134 - - [07/Mar/2025:00:29:17 +0100] "GET /ticket2/opencms/se/nl/buy/?page=1&edid=5D07027F-73A4-ED56-6B46-3A7D6715D9ED&sortorder=asc&column=row HTTP/1.1" 404 -
66.249.65.195 - - [07/Mar/2025:00:29:19 +0100] "GET /ticket2/opencms/set_aff_cookie.jsp?partner=2E02071B-A8C3-4CBA-3097-C27D61C02ED8&url=%252Fdk%252Fbuy%252Findex.html%253Fpage%253D1%2526edid%253D1922F4C1-0D89-1ACA-A50D-EFC3C58AA17B%2526hlv%253D60f5c537-111c-41d8-a3db-1de00a01000f%2523v387059700 HTTP/1.1" 200 245
66.249.65.195 - - [07/Mar/2025:00:29:20 +0100] "GET /ticket2/opencms/ga/sport/ticeid-peile/champions-league/manchester-city HTTP/1.1" 500 -
95.217.114.173 - - [07/Mar/2025:00:29:20 +0100] "GET /ticket2/opencms/en/sell/?edid=68820B87-7695-C244-A291-2DDF7B034AF9 HTTP/1.1" 302 -
114.119.130.178 - - [07/Mar/2025:00:29:21 +0100] "GET /ticket2/opencms/en/sport/football-tickets/serie_a/napoli/ HTTP/1.1" 200 96153
95.217.114.173 - - [07/Mar/2025:00:29:21 +0100] "GET /ticket2/opencms/en/login/?url=/en/sell/ HTTP/1.1" 200 90157
178.25.244.194 - - [07/Mar/2025:00:29:23 +0100] "GET /ticket2/opencms/dk/en/buy/?page=1&edid=12D59482-7F3E-75F5-A3A6-C24ACDBAAF85&sortorder=desc&column=row HTTP/1.1" 404 -
185.191.171.9 - - [07/Mar/2025:00:29:24 +0100] "GET /ticket2/opencms/mt/magazine/article?title=manchester-city-ampjins-gar-raba-sena-konsekuttiva HTTP/1.1" 200 94375
144.91.104.134 - - [07/Mar/2025:00:29:24 +0100] "GET /ticket2/opencms/se/nl/buy/?page=1&edid=5D07027F-73A4-ED56-6B46-3A7D6715D9ED&sortorder=desc&column=section HTTP/1.1" 404 -
40.77.167.75 - - [07/Mar/2025:00:29:24 +0100] "GET /ticket2/opencms/lv/buy/?page=1&edid=02A00A05-668A-B57A-1A9F-B82023F1983A HTTP/1.1" 200 112390
20.171.207.125 - - [07/Mar/2025:00:29:27 +0100] "GET /ticket2/opencms/it/magazine/article?title=premier-league-le-trasferenze-piu-interessanti-della-finestra-di-mercato HTTP/1.1" 200 94734
185.191.171.13 - - [07/Mar/2025:00:29:27 +0100] "GET /ticket2/opencms/es/magazine/article?title=sobre-el-arsenal-fc HTTP/1.1" 200 93900
66.249.65.195 - - [07/Mar/2025:00:29:28 +0100] "GET /ticket2/opencms/et/selling_tickets/ HTTP/1.1" 500 -
178.25.244.194 - - [07/Mar/2025:00:29:30 +0100] "GET /ticket2/opencms/dk/en/buy/?page=1&edid=12D59482-7F3E-75F5-A3A6-C24ACDBAAF85&sortorder=desc&column=section HTTP/1.1" 404 -
144.91.104.134 - - [07/Mar/2025:00:29:30 +0100] "GET /ticket2/opencms/se/nl/buy/?page=1&edid=5D083840-1E35-771C-89E3-FB7788923EF6&sortorder=asc&column=price HTTP/1.1" 404 -
95.217.114.173 - - [07/Mar/2025:00:29:30 +0100] "GET /ticket2/opencms/en/sell/?edid=68990A86-D741-9689-B00B-FC485A932524 HTTP/1.1" 302 -
95.217.114.173 - - [07/Mar/2025:00:29:31 +0100] "GET /ticket2/opencms/en/login/?url=/en/sell/ HTTP/1.1" 200 90129
178.25.244.194 - - [07/Mar/2025:00:29:36 +0100] "GET /ticket2/opencms/dk/en/buy/?page=1&edid=13DB05F1-0C0B-D605-D977-62215450F241&sortorder=asc&column=price HTTP/1.1" 404 -
144.91.104.134 - - [07/Mar/2025:00:29:37 +0100] "GET /ticket2/opencms/se/nl/buy/?page=1&edid=5D083840-1E35-771C-89E3-FB7788923EF6&sortorder=asc&column=row HTTP/1.1" 404 -
114.119.130.154 - - [07/Mar/2025:00:29:41 +0100] "GET /ticket2/opencms/de/buy?page=1&=F6EA85FF-0C92-4E0B-8BE3-1EAE8EB00385 HTTP/1.1" 200 -
95.217.114.173 - - [07/Mar/2025:00:29:42 +0100] "GET /ticket2/opencms/en/sell/?edid=68B3EC6D-B3A7-A420-1EC7-14830BCFA78A HTTP/1.1" 302 -
95.217.114.173 - - [07/Mar/2025:00:29:42 +0100] "GET /ticket2/opencms/en/login/?url=/en/sell/ HTTP/1.1" 200 90104
178.25.244.194 - - [07/Mar/2025:00:29:43 +0100] "GET /ticket2/opencms/dk/en/buy/?page=1&edid=13DB05F1-0C0B-D605-D977-62215450F241&sortorder=asc&column=row HTTP/1.1" 404 -
144.91.104.134 - - [07/Mar/2025:00:29:43 +0100] "GET /ticket2/opencms/se/nl/buy/?page=1&edid=5D083840-1E35-771C-89E3-FB7788923EF6&sortorder=asc&column=section HTTP/1.1" 404 -
69.171.230.1 - - [07/Mar/2025:00:29:44 +0100] "GET /ticket2/opencms/en/buy/?page=1&edid=3D561669-CE76-F355-781D-8E2E1C0C9894 HTTP/1.1" 200 109073
47.128.41.238 - - [07/Mar/2025:00:29:47 +0100] "GET /ticket2/opencms/lv/sport/futbola-biletes/english-championship/watford/ HTTP/1.1" 500 -
144.91.104.134 - - [07/Mar/2025:00:29:49 +0100] "GET /ticket2/opencms/se/nl/buy/?page=1&edid=5D2B942D-E9BA-4D3F-DE6E-6DFF5E3DD5B2&sortorder=asc&column=section HTTP/1.1" 404 -
114.119.146.220 - - [07/Mar/2025:00:29:50 +0100] "GET /ticket2/opencms/en/buy?page=1&edid=FF216B09-98BA-49AF-0334-F1C7D603E1D7 HTTP/1.1" 200 106812
178.25.244.194 - - [07/Mar/2025:00:29:50 +0100] "GET /ticket2/opencms/dk/en/buy/?page=1&edid=13DB05F1-0C0B-D605-D977-62215450F241&sortorder=asc&column=section HTTP/1.1" 404 -
95.217.114.173 - - [07/Mar/2025:00:29:53 +0100] "GET /ticket2/opencms/en/sell/?edid=68CBD72A-BA20-7850-7C5D-7A4CBB551B2F HTTP/1.1" 302 -
95.217.114.173 - - [07/Mar/2025:00:29:53 +0100] "GET /ticket2/opencms/en/login/?url=/en/sell/ HTTP/1.1" 200 90100
144.91.104.134 - - [07/Mar/2025:00:29:56 +0100] "GET /ticket2/opencms/se/nl/buy/?page=1&edid=5D2B942D-E9BA-4D3F-DE6E-6DFF5E3DD5B2&sortorder=desc&column=price HTTP/1.1" 404 -
178.25.244.194 - - [07/Mar/2025:00:29:57 +0100] "GET /ticket2/opencms/dk/en/buy/?page=1&edid=144D069C-B08D-BD65-947F-15C26854D27A&sortorder=asc&column=row HTTP/1.1" 404 -
185.191.171.17 - - [07/Mar/2025:00:30:00 +0100] "GET /ticket2/opencms/no/sport/ishockey/nhl/montreal-canadiens/ HTTP/1.1" 500 -
144.91.104.134 - - [07/Mar/2025:00:30:02 +0100] "GET /ticket2/opencms/se/nl/buy/?page=1&edid=5D2B942D-E9BA-4D3F-DE6E-6DFF5E3DD5B2&sortorder=desc&column=row HTTP/1.1" 404 -
85.208.96.197 - - [07/Mar/2025:00:30:04 +0100] "GET /ticket2/opencms/be/magazine/article?title=the-legend-in-a-heated-exchange-with-a-fan HTTP/1.1" 200 95393
178.25.244.194 - - [07/Mar/2025:00:30:04 +0100] "GET /ticket2/opencms/dk/en/buy/?page=1&edid=156562D2-0263-CCAA-DF54-9314F5D26523&sortorder=desc&column=price HTTP/1.1" 404 -
95.217.114.173 - - [07/Mar/2025:00:30:05 +0100] "GET /ticket2/opencms/en/sell/?edid=68FD78FD-1607-F599-BDF1-7766DDC095C5 HTTP/1.1" 302 -
95.217.114.173 - - [07/Mar/2025:00:30:06 +0100] "GET /ticket2/opencms/en/login/?url=/en/sell/ HTTP/1.1" 200 90082
144.91.104.134 - - [07/Mar/2025:00:30:09 +0100] "GET /ticket2/opencms/se/nl/buy/?page=1&edid=5D9F4E02-B2F1-ABA6-EDB5-F9404644FB92&sortorder=desc&column=row HTTP/1.1" 404 -
178.25.244.194 - - [07/Mar/2025:00:30:11 +0100] "GET /ticket2/opencms/dk/en/buy/?page=1&edid=156562D2-0263-CCAA-DF54-9314F5D26523&sortorder=desc&column=section HTTP/1.1" 404 -
66.249.76.43 - - [07/Mar/2025:00:30:13 +0100] "GET /ticket2/opencms/mt/magazine/article?title=trasferiment-gal-rayados-messikani HTTP/1.1" 200 95075
144.91.104.134 - - [07/Mar/2025:00:30:15 +0100] "GET /ticket2/opencms/se/nl/buy/?page=1&edid=5DC5F4BB-E0CD-B313-C354-E3A2601E78F2 HTTP/1.1" 404 -
178.25.244.194 - - [07/Mar/2025:00:30:19 +0100] "GET /ticket2/opencms/dk/en/buy/?page=1&edid=15663D62-2271-4E56-54F8-D55FBC72F26B&sortorder=desc&column=price HTTP/1.1" 404 -
20.171.207.125 - - [07/Mar/2025:00:30:21 +0100] "GET /ticket2/opencms/ka/magazine/article?title=la-liga-real-madridma-moigo-qvelaze-bevri-tituli HTTP/1.1" 200 98270
45.89.148.52 - - [07/Mar/2025:00:30:21 +0100] "GET /ticket2/opencms/be/buy?edid=6F379414-70C4-400F-51D2-AFD37C8F2BC7&page=1 HTTP/1.1" 200 137528
95.217.114.173 - - [07/Mar/2025:00:30:21 +0100] "GET /ticket2/opencms/en/sell/?edid=693F3719-7BA3-2A6E-A295-F5A1DC79836D HTTP/1.1" 302 -
144.91.104.134 - - [07/Mar/2025:00:30:22 +0100] "GET /ticket2/opencms/se/nl/buy/?page=1&edid=5DC5F4BB-E0CD-B313-C354-E3A2601E78F2&sortorder=desc&column=row HTTP/1.1" 404 -
52.167.144.142 - - [07/Mar/2025:00:30:22 +0100] "GET /ticket2/opencms/mt/buy/?page=1&edid=2FD5F0EB-47D4-01C1-109D-EE3555FD94EC HTTP/1.1" 200 110929
95.217.114.173 - - [07/Mar/2025:00:30:22 +0100] "GET /ticket2/opencms/en/login/?url=/en/sell/ HTTP/1.1" 200 90068
47.128.99.99 - - [07/Mar/2025:00:30:26 +0100] "GET /ticket2/opencms/bg/buy/?edid=579B49FD-6D7C-4BF3-CF9E-91183D7BCE4C HTTP/1.1" 200 92539
178.25.244.194 - - [07/Mar/2025:00:30:27 +0100] "GET /ticket2/opencms/dk/en/buy/?page=1&edid=15663D62-2271-4E56-54F8-D55FBC72F26B&sortorder=desc&column=row HTTP/1.1" 404 -
144.91.104.134 - - [07/Mar/2025:00:30:28 +0100] "GET /ticket2/opencms/se/nl/buy/?page=1&edid=5DC5F4BB-E0CD-B313-C354-E3A2601E78F2&sortorder=desc&column=section HTTP/1.1" 404 -
85.208.96.206 - - [07/Mar/2025:00:30:29 +0100] "GET /ticket2/opencms/ro/sport/bilete-fotbal/eredivisie HTTP/1.1" 500 -
69.171.249.12 - - [07/Mar/2025:00:30:29 +0100] "GET /ticket2/opencms/fi/magazine/article?title=tietoa-tottenham-hotspur-stadionista HTTP/1.1" 200 97815
52.167.144.142 - - [07/Mar/2025:00:30:31 +0100] "GET /ticket2/opencms/fi/buy?page=6&comcatid=A17713B6-D984-201A-4143-ED4DB5ED5C2E&catid=7EF04817-972D-18B1-F941-DE800D088075&eventid=D9BAE2BB-1DCE-D95B-7B2F-B290A0FC2588 HTTP/1.1" 200 106401
40.77.167.23 - - [07/Mar/2025:00:30:32 +0100] "GET /ticket2/opencms/fi/buy/?page=1&edid=8E7E988F-0CBB-24A6-EB31-1B5F9AB22CBD HTTP/1.1" 200 108423
95.217.114.173 - - [07/Mar/2025:00:30:33 +0100] "GET /ticket2/opencms/en/sell/?edid=69571FE3-BCCB-6B4D-10DE-A0CAF566AE90 HTTP/1.1" 302 -
95.217.114.173 - - [07/Mar/2025:00:30:34 +0100] "GET /ticket2/opencms/en/login/?url=/en/sell/ HTTP/1.1" 200 90146
194.120.230.215 - - [07/Mar/2025:00:30:34 +0100] "GET /cgi-bin/luci/;stok=/locale HTTP/1.1" 404 -
144.91.104.134 - - [07/Mar/2025:00:30:34 +0100] "GET /ticket2/opencms/se/nl/buy/?page=1&edid=5DDAAFAF-0C1D-546A-0056-5BD029F51A17 HTTP/1.1" 404 -
178.25.244.194 - - [07/Mar/2025:00:30:35 +0100] "GET /ticket2/opencms/dk/en/buy/?page=1&edid=1B7F1FCD-F1D1-57D9-ED65-AFC2400FAEC4&sortorder=desc&column=price HTTP/1.1" 404 -
40.77.167.75 - - [07/Mar/2025:00:30:36 +0100] "GET /ticket2/opencms/en/buy?page=1&edid=1C915206-ABF4-4EE6-0DB4-3CA1A47C2341 HTTP/1.1" 200 109887
52.167.144.185 - - [07/Mar/2025:00:30:40 +0100] "GET /ticket2/opencms/fi/buy/?page=1&edid=DCAC7F7B-63BD-4E18-6301-0E66418A9358 HTTP/1.1" 200 108296
144.91.104.134 - - [07/Mar/2025:00:30:41 +0100] "GET /ticket2/opencms/se/nl/buy/?page=1&edid=5DDAAFAF-0C1D-546A-0056-5BD029F51A17&sortorder=asc&column=price HTTP/1.1" 404 -
178.25.244.194 - - [07/Mar/2025:00:30:43 +0100] "GET /ticket2/opencms/dk/en/buy/?page=1&edid=23B8F2BB-E1B5-3E6E-15C8-38C0795BC2EC&sortorder=asc&column=price HTTP/1.1" 404 -
95.217.114.173 - - [07/Mar/2025:00:30:46 +0100] "GET /ticket2/opencms/en/sell/?edid=6957252F-9975-72EE-7A6D-432C5B1DEF2C HTTP/1.1" 302 -
85.208.96.194 - - [07/Mar/2025:00:30:46 +0100] "GET /ticket2/opencms/ro/magazine/article?title=arsenal-si-tottenham-impart-punctele-intr-un-meci-epic-4-4-pe-29-octombrie-2008 HTTP/1.1" 200 95991
95.217.114.173 - - [07/Mar/2025:00:30:46 +0100] "GET /ticket2/opencms/en/login/?url=/en/sell/ HTTP/1.1" 200 90106
144.91.104.134 - - [07/Mar/2025:00:30:47 +0100] "GET /ticket2/opencms/se/nl/buy/?page=1&edid=5DE29C06-70B2-28FF-57AB-CE1D9D580379 HTTP/1.1" 404 -
172.69.136.150 - - [07/Mar/2025:00:30:49 +0100] "GET /ticket2/opencms/de/wordpress/wp-admin/setup-config.php HTTP/1.1" 404 -
52.167.144.185 - - [07/Mar/2025:00:30:50 +0100] "GET /ticket2/opencms/sr/buy/?page=1&edid=38C5F8C8-F6C2-BA94-BDF5-C45BF1FEC28E HTTP/1.1" 200 113076
85.208.96.206 - - [07/Mar/2025:00:30:50 +0100] "GET /ticket2/opencms/sr/magazine/article?title=crystal-palace-najbolji-navijaci-premier-lige HTTP/1.1" 200 94586
114.119.129.189 - - [07/Mar/2025:00:30:50 +0100] "GET /ticket2/opencms/en/sport/football-tickets/serie_a/monza/ HTTP/1.1" 500 -
114.119.136.30 - - [07/Mar/2025:00:30:51 +0100] "GET /ticket2/opencms/de/buy?page=1&=E66C4511-572E-0FE6-424C-55176043377C HTTP/1.1" 200 -
85.208.96.197 - - [07/Mar/2025:00:30:51 +0100] "GET /ticket2/opencms/bs/magazine/article?title=nocna-mora-za-manchester-city HTTP/1.1" 200 94211
52.167.144.185 - - [07/Mar/2025:00:30:51 +0100] "GET /ticket2/opencms/cs/buy/?page=1&edid=BF4FD546-C4DE-EDCA-D8F8-B2B17DB7AC99 HTTP/1.1" 200 111840
178.25.244.194 - - [07/Mar/2025:00:30:51 +0100] "GET /ticket2/opencms/dk/en/buy/?page=1&edid=24D7A494-5A5B-281E-8E90-CBB6F4774B8F&sortorder=asc&column=price HTTP/1.1" 404 -
185.191.171.13 - - [07/Mar/2025:00:30:51 +0100] "GET /ticket2/opencms/pl/magazine/article?title=zwyciezca-zlotej-pilki-2024 HTTP/1.1" 200 93412
52.167.144.173 - - [07/Mar/2025:00:30:53 +0100] "GET /ticket2/opencms/dk/buy?page=1&edid=8DA9D1EA-2F7E-8136-071B-749FF836435A HTTP/1.1" 200 109784
144.91.104.134 - - [07/Mar/2025:00:30:54 +0100] "GET /ticket2/opencms/se/nl/buy/?page=1&edid=5DE29C06-70B2-28FF-57AB-CE1D9D580379&sortorder=desc&column=price HTTP/1.1" 404 -
95.217.114.173 - - [07/Mar/2025:00:30:58 +0100] "GET /ticket2/opencms/en/sell/?edid=69877597-E510-0567-3349-DBF7A6E00B8C HTTP/1.1" 302 -
185.191.171.4 - - [07/Mar/2025:00:30:58 +0100] "GET /ticket2/opencms/ga/login/ HTTP/1.1" 200 91850
95.217.114.173 - - [07/Mar/2025:00:30:59 +0100] "GET /ticket2/opencms/en/login/?url=/en/sell/ HTTP/1.1" 200 90052
178.25.244.194 - - [07/Mar/2025:00:30:59 +0100] "GET /ticket2/opencms/dk/en/buy/?page=1&edid=253D2D4D-1132-6606-C0DE-477A194C1855 HTTP/1.1" 404 -
144.91.104.134 - - [07/Mar/2025:00:31:00 +0100] "GET /ticket2/opencms/se/nl/buy/?page=1&edid=5DE29C06-70B2-28FF-57AB-CE1D9D580379&sortorder=desc&column=row HTTP/1.1" 404 -
42.194.146.217 - - [07/Mar/2025:00:31:02 +0100] "GET /ticket2/opencms/xmlrpc.php HTTP/1.1" 404 -
154.54.249.216 - - [07/Mar/2025:00:31:02 +0100] "GET /ticket2/opencms/es/buy?page=6&comcatid=A17713B6-D984-201A-4143-ED4DB5ED5C2E&catid=0A6C99D2-F5BD-7A18-9A5F-5668827042E0&eventid=6F6C209F-41CD-D584-D276-D5324683B59C HTTP/1.1" 200 113423
85.208.96.198 - - [07/Mar/2025:00:31:03 +0100] "GET /ticket2/opencms/nl/sport/voetbal-tickets/la_liga/real_madrid/ HTTP/1.1" 200 93267
85.208.96.199 - - [07/Mar/2025:00:31:04 +0100] "GET /ticket2/opencms/nl/sport/voetbal-tickets/bundesliga/freiburg/ HTTP/1.1" 200 97586
40.77.167.75 - - [07/Mar/2025:00:31:04 +0100] "GET /ticket2/opencms/dk/buy/?page=1&edid=CE2E4A33-839E-736A-3B23-AEE8CBBE24E5 HTTP/1.1" 200 110479
114.119.132.9 - - [07/Mar/2025:00:31:05 +0100] "GET /ticket2/opencms/fr/magazine/article?title=sur-lequipe-de-football-liverpool-fc HTTP/1.1" 200 95132
66.249.76.167 - - [07/Mar/2025:00:31:05 +0100] "GET /ticket2/opencms/ga/sport/ticeid-peile/champions-league/montpellier HTTP/1.1" 500 -
178.25.244.194 - - [07/Mar/2025:00:31:07 +0100] "GET /ticket2/opencms/dk/en/buy/?page=1&edid=2B069145-96C4-9DB2-7920-56A0B5CF95BF HTTP/1.1" 404 -
144.91.104.134 - - [07/Mar/2025:00:31:07 +0100] "GET /ticket2/opencms/se/nl/buy/?page=1&edid=5DE29C06-70B2-28FF-57AB-CE1D9D580379&sortorder=desc&column=section HTTP/1.1" 404 -
85.208.96.199 - - [07/Mar/2025:00:31:08 +0100] "GET /ticket2/opencms/is/sport/fotbolti/english-championship/leeds-united HTTP/1.1" 404 -
95.217.114.173 - - [07/Mar/2025:00:31:09 +0100] "GET /ticket2/opencms/en/sell/?edid=69EA0746-31B1-544A-FA3D-65ABD75F18B4 HTTP/1.1" 302 -
95.217.114.173 - - [07/Mar/2025:00:31:09 +0100] "GET /ticket2/opencms/en/login/?url=/en/sell/ HTTP/1.1" 200 90155
52.167.144.142 - - [07/Mar/2025:00:31:12 +0100] "GET /ticket2/opencms/sl/buy/?page=1&edid=F153D6CE-87EF-1EFD-54BE-529DCE593109 HTTP/1.1" 200 111080
20.171.207.125 - - [07/Mar/2025:00:31:13 +0100] "GET /ticket2/opencms/bg/magazine/article?title=la-liga-real-madrid-spechelili-naj-mnogo-titli HTTP/1.1" 200 97818
144.91.104.134 - - [07/Mar/2025:00:31:13 +0100] "GET /ticket2/opencms/se/nl/buy/?page=1&edid=5E100F11-07B4-ABAF-8BB0-5EC601120162&sortorder=asc&column=price HTTP/1.1" 404 -
47.128.40.225 - - [07/Mar/2025:00:31:13 +0100] "GET /ticket2/opencms/hr/magazine/article?title=prva-pobjeda-ipswicha-u-premier-ligi-nakon-22-godine HTTP/1.1" 200 93939
178.25.244.194 - - [07/Mar/2025:00:31:16 +0100] "GET /ticket2/opencms/dk/en/buy/?page=1&edid=30924A43-4427-5878-59F6-BE2DD0659AA2 HTTP/1.1" 404 -
69.171.230.3 - - [07/Mar/2025:00:31:17 +0100] "GET /ticket2/opencms/en/buy/?page=1&edid=855AA881-22DD-B532-D219-E200D0C8F678 HTTP/1.1" 200 106846
37.221.199.180 - - [07/Mar/2025:00:31:17 +0100] "GET /ticket2/opencms/be/magazine/article?title=a-dramatic-match-between-tottenham-and-chelsea HTTP/1.1" 200 95022
185.191.171.14 - - [07/Mar/2025:00:31:19 +0100] "GET /ticket2/opencms/fi/login/?url=%25252Ffi%25252Fsell%25252F HTTP/1.1" 200 91808
144.91.104.134 - - [07/Mar/2025:00:31:20 +0100] "GET /ticket2/opencms/se/nl/buy/?page=1&edid=5E100F11-07B4-ABAF-8BB0-5EC601120162&sortorder=desc&column=row HTTP/1.1" 404 -
95.217.114.173 - - [07/Mar/2025:00:31:20 +0100] "GET /ticket2/opencms/en/sell/?edid=6AE10568-F819-0164-572F-661DFD566B42 HTTP/1.1" 302 -
95.217.114.173 - - [07/Mar/2025:00:31:21 +0100] "GET /ticket2/opencms/en/login/?url=/en/sell/ HTTP/1.1" 200 90142
66.249.76.167 - - [07/Mar/2025:00:31:22 +0100] "GET /ticket2/opencms/se/robots.txt HTTP/1.1" 404 -
172.68.10.24 - - [07/Mar/2025:00:31:23 +0100] "GET /ticket2/opencms/de/wp-admin/setup-config.php HTTP/1.1" 404 -
178.25.244.194 - - [07/Mar/2025:00:31:24 +0100] "GET /ticket2/opencms/dk/en/buy/?page=1&edid=9A05EF4D-4376-E584-2657-07D966D7B743&sortorder=desc&column=section HTTP/1.1" 404 -
185.191.171.13 - - [07/Mar/2025:00:31:25 +0100] "GET /ticket2/opencms/pl/magazine/article?title=declan-rice HTTP/1.1" 200 93043
114.119.153.152 - - [07/Mar/2025:00:31:26 +0100] "GET /ticket2/opencms/de/buy?page=1&=BFABCD8A-0370-5121-72EB-FB336CE4A45D HTTP/1.1" 200 -
144.91.104.134 - - [07/Mar/2025:00:31:26 +0100] "GET /ticket2/opencms/se/nl/buy/?page=1&edid=5E60F796-6D53-8AB5-090D-781711DA58D6&sortorder=asc&column=price HTTP/1.1" 404 -
52.167.144.185 - - [07/Mar/2025:00:31:28 +0100] "GET /ticket2/opencms/ga/buy?page=1&edid=91870084-7155-79A9-A57C-A68AF475B93F HTTP/1.1" 200 111772
52.167.144.185 - - [07/Mar/2025:00:31:29 +0100] "GET /ticket2/opencms/es/buy/?page=1&edid=2011FF90-8A57-6A2F-9B46-947EE7103FE5 HTTP/1.1" 200 112425
95.217.114.173 - - [07/Mar/2025:00:31:30 +0100] "GET /ticket2/opencms/en/sell/?edid=6B975EAC-E9DD-92E9-D74E-0B78BE1D4B7C HTTP/1.1" 302 -
95.217.114.173 - - [07/Mar/2025:00:31:31 +0100] "GET /ticket2/opencms/en/login/?url=/en/sell/ HTTP/1.1" 200 90146
178.25.244.194 - - [07/Mar/2025:00:31:32 +0100] "GET /ticket2/opencms/dk/en/buy/?page=1&edid=9B29E45F-73B2-5F58-2083-7139A55F6BCC&sortorder=desc&column=section HTTP/1.1" 404 -
144.91.104.134 - - [07/Mar/2025:00:31:32 +0100] "GET /ticket2/opencms/se/nl/buy/?page=1&edid=5E81605B-F9CB-7DC0-8289-8F2317082EE7&sortorder=asc&column=price HTTP/1.1" 404 -
54.36.148.182 - - [07/Mar/2025:00:31:35 +0100] "GET /ticket2/opencms/sv/sport/fotbollsbiljetter/serie_a/sassuolo/ HTTP/1.1" 500 -
114.119.130.91 - - [07/Mar/2025:00:31:35 +0100] "GET /ticket2/opencms/en/buy?page=1&edid=FCB4C378-752A-1752-E7B7-E2EFAB85CEF3 HTTP/1.1" 200 109382
95.217.114.173 - - [07/Mar/2025:00:31:37 +0100] "GET /ticket2/opencms/en/sell/?edid=6BB5D925-7637-CF92-181F-94B35FC14C77 HTTP/1.1" 302 -
95.217.114.173 - - [07/Mar/2025:00:31:38 +0100] "GET /ticket2/opencms/en/login/?url=/en/sell/ HTTP/1.1" 200 90049
144.91.104.134 - - [07/Mar/2025:00:31:39 +0100] "GET /ticket2/opencms/se/nl/buy/?page=1&edid=5E81605B-F9CB-7DC0-8289-8F2317082EE7&sortorder=asc&column=row HTTP/1.1" 404 -
178.25.244.194 - - [07/Mar/2025:00:31:39 +0100] "GET /ticket2/opencms/dk/en/buy/?page=1&edid=9BCFA842-8EB3-2895-3674-5E046AE9AE63&sortorder=desc&column=section HTTP/1.1" 404 -
185.191.171.17 - - [07/Mar/2025:00:31:43 +0100] "GET /ticket2/opencms/es/magazine/article?title=villa-park-con-una-capacidad-de-mas-de-42000-espectadores HTTP/1.1" 200 92694
144.91.104.134 - - [07/Mar/2025:00:31:45 +0100] "GET /ticket2/opencms/se/nl/buy/?page=1&edid=5E81605B-F9CB-7DC0-8289-8F2317082EE7&sortorder=desc&column=row HTTP/1.1" 404 -
35.95.253.101 - - [07/Mar/2025:00:31:46 +0100] "GET /ticket2/opencms/be/magazine/article?title=alexander-isak-breaks-record HTTP/1.1" 200 93606
178.25.244.194 - - [07/Mar/2025:00:31:47 +0100] "GET /ticket2/opencms/dk/en/buy/?page=1&edid=B65C9998-D30F-32EE-08AA-C0A071FB93ED&sortorder=asc&column=row HTTP/1.1" 404 -
114.119.150.86 - - [07/Mar/2025:00:31:47 +0100] "GET /ticket2/opencms/en/venue/?venueid=CEBAC815-5D1D-DBE9-245F-8746AEBA6E09 HTTP/1.1" 200 85407
52.167.144.185 - - [07/Mar/2025:00:31:48 +0100] "GET /ticket2/opencms/fr/buy/?page=6&comcatid=A17713B6-D984-201A-4143-ED4DB5ED5C2E&catid=06324577-7173-BAB0-146D-E644C912F7C1&eventid=2B77360C-773A-8230-F965-6A3D913481EC HTTP/1.1" 200 111274
95.217.114.173 - - [07/Mar/2025:00:31:49 +0100] "GET /ticket2/opencms/en/sell/?edid=6BDF2649-A23C-4F39-BEA2-8967D4477DEF HTTP/1.1" 302 -
95.217.114.173 - - [07/Mar/2025:00:31:50 +0100] "GET /ticket2/opencms/en/login/?url=/en/sell/ HTTP/1.1" 200 90137
52.167.144.185 - - [07/Mar/2025:00:31:50 +0100] "GET /ticket2/opencms/lv/buy?page=1&edid=1B9C0D34-7976-21B9-13FE-38E6ABBAFED6 HTTP/1.1" 200 112401
114.119.136.249 - - [07/Mar/2025:00:31:50 +0100] "GET /ticket2/opencms/robots.txt HTTP/1.1" 200 773
66.249.90.131 - - [07/Mar/2025:00:31:51 +0100] "GET /ticket2/opencms/sv/ask-form.html HTTP/1.1" 200 2950
66.249.90.131 - - [07/Mar/2025:00:31:51 +0100] "GET /ticket2/opencms/system/modules/com.gridnine.opencms.ticketbrokerage.site/resources/css/ticketbrokerage.css HTTP/1.1" 200 39339
144.91.104.134 - - [07/Mar/2025:00:31:52 +0100] "GET /ticket2/opencms/se/nl/buy/?page=1&edid=5E81605B-F9CB-7DC0-8289-8F2317082EE7&sortorder=desc&column=section HTTP/1.1" 404 -
85.208.96.211 - - [07/Mar/2025:00:31:53 +0100] "GET /ticket2/opencms/ka/magazine/article?title=erling-braut-holandi HTTP/1.1" 200 96453
178.25.244.194 - - [07/Mar/2025:00:31:53 +0100] "GET /ticket2/opencms/dk/en/buy/?page=1&edid=B65C9998-D30F-32EE-08AA-C0A071FB93ED&sortorder=asc&column=section HTTP/1.1" 404 -
89.58.39.161 - - [07/Mar/2025:00:31:55 +0100] "GET /ticket2/opencms/cs/buy?page=1&edid=6C0AA1CC-8488-7981-DA23-AD8E06F80ABD HTTP/1.1" 200 111331
185.191.171.16 - - [07/Mar/2025:00:31:56 +0100] "GET /ticket2/opencms/az/magazine/article?title=fc-liverpool-movsumun-tehlili HTTP/1.1" 200 95615
47.128.58.16 - - [07/Mar/2025:00:31:56 +0100] "GET /ticket2/opencms/sv/buy?edid=2FD314DB-D16F-8C23-B2AF-B3343415D5C2 HTTP/1.1" 200 91367
20.171.207.125 - - [07/Mar/2025:00:31:57 +0100] "GET /ticket2/opencms/et/magazine/article?title=la-liga-real-madrid-on-voitnud-koige-rohkem-tiitleid HTTP/1.1" 200 94739
66.249.76.167 - - [07/Mar/2025:00:31:57 +0100] "GET /ticket2/opencms/sv/sport/fotbollsbiljetter/la_liga/elche/ HTTP/1.1" 500 -
144.91.104.134 - - [07/Mar/2025:00:31:58 +0100] "GET /ticket2/opencms/se/nl/buy/?page=1&edid=5EB17A6A-6AE7-FC99-11C0-58EEC48CD9E4&sortorder=desc&column=row HTTP/1.1" 404 -
178.25.244.194 - - [07/Mar/2025:00:31:59 +0100] "GET /ticket2/opencms/dk/fi/buy/?page=1&edid=641D001A-C01A-D7A7-205C-82BE3A937088&sortorder=desc&column=section HTTP/1.1" 404 -
114.119.129.189 - - [07/Mar/2025:00:32:01 +0100] "GET /ticket2/opencms/en/sport/football-tickets/serie_a/inter/ HTTP/1.1" 200 96235
95.217.114.173 - - [07/Mar/2025:00:32:02 +0100] "GET /ticket2/opencms/en/sell/?edid=6C4D36C5-EFA1-F636-4F3C-C14C85BECB14 HTTP/1.1" 302 -
95.217.114.173 - - [07/Mar/2025:00:32:02 +0100] "GET /ticket2/opencms/en/login/?url=/en/sell/ HTTP/1.1" 200 90155
35.95.253.101 - - [07/Mar/2025:00:32:04 +0100] "GET /ticket2/opencms/lv/buy?page=1&edid=A2A4078E-C8E8-C113-199B-69C1FEB231B0 HTTP/1.1" 200 135597
178.25.244.194 - - [07/Mar/2025:00:32:04 +0100] "GET /ticket2/opencms/dk/fi/buy/?page=1&edid=6ABCD234-4885-A69D-AD95-9F398F32282B&sortorder=desc&column=row HTTP/1.1" 404 -
144.91.104.134 - - [07/Mar/2025:00:32:05 +0100] "GET /ticket2/opencms/se/nl/buy/?page=1&edid=5F546AA7-3EBF-7ACB-76FE-ACC19CFACFC1&sortorder=desc&column=row HTTP/1.1" 404 -
114.119.141.178 - - [07/Mar/2025:00:32:10 +0100] "GET /ticket2/opencms/de/buy?page=1&=A32C2CDE-A2F2-054C-C7FE-30BF45814EDA HTTP/1.1" 200 -
178.25.244.194 - - [07/Mar/2025:00:32:11 +0100] "GET /ticket2/opencms/dk/fi/buy/?page=1&edid=6BB562BA-2C6F-8AE1-6BE1-30FFE188507E&sortorder=asc&column=section HTTP/1.1" 404 -
85.208.96.210 - - [07/Mar/2025:00:32:11 +0100] "GET /ticket2/opencms/is/sport/fotbolti/english-championship/huddersfield-town HTTP/1.1" 404 -
144.91.104.134 - - [07/Mar/2025:00:32:11 +0100] "GET /ticket2/opencms/se/nl/buy/?page=1&edid=5F56230C-1D50-AA08-B627-595D000E7ED7&sortorder=desc&column=price HTTP/1.1" 404 -
95.217.114.173 - - [07/Mar/2025:00:32:12 +0100] "GET /ticket2/opencms/en/sell/?edid=6CBE2591-0C21-C59A-952D-56E2316290E2 HTTP/1.1" 302 -
95.217.114.173 - - [07/Mar/2025:00:32:13 +0100] "GET /ticket2/opencms/en/login/?url=/en/sell/ HTTP/1.1" 200 90154
178.25.244.194 - - [07/Mar/2025:00:32:16 +0100] "GET /ticket2/opencms/dk/fi/buy/?page=1&edid=6DCAB90D-3A3D-2AD8-B841-FCB9C117FC7B&sortorder=desc&column=row HTTP/1.1" 404 -
144.91.104.134 - - [07/Mar/2025:00:32:18 +0100] "GET /ticket2/opencms/se/nl/buy/?page=1&edid=5F56230C-1D50-AA08-B627-595D000E7ED7&sortorder=desc&column=row HTTP/1.1" 404 -
95.217.114.173 - - [07/Mar/2025:00:32:18 +0100] "GET /ticket2/opencms/en/sell/?edid=6CF59A44-C817-F554-FFD2-03AD6BC48C9A HTTP/1.1" 302 -
95.217.114.173 - - [07/Mar/2025:00:32:19 +0100] "GET /ticket2/opencms/en/login/?url=/en/sell/ HTTP/1.1" 200 90073
178.25.244.194 - - [07/Mar/2025:00:32:20 +0100] "GET /ticket2/opencms/dk/fi/buy/?page=1&edid=7A5C709F-CD8C-0614-8D50-1ADCF2FECDF7&sortorder=asc&column=price HTTP/1.1" 404 -
45.144.52.254 - - [07/Mar/2025:00:32:21 +0100] "GET /ticket2/opencms/se/elmah.axd HTTP/1.1" 404 -
45.144.52.254 - - [07/Mar/2025:00:32:22 +0100] "GET /ticket2/opencms/se/elmah/ HTTP/1.1" 404 -
144.91.104.134 - - [07/Mar/2025:00:32:24 +0100] "GET /ticket2/opencms/se/nl/buy/?page=1&edid=5F5BB855-5D9E-1E2C-72A6-69354D1848B9&sortorder=desc&column=price HTTP/1.1" 404 -
178.25.244.194 - - [07/Mar/2025:00:32:25 +0100] "GET /ticket2/opencms/dk/fi/buy/?page=1&edid=7D0CD565-A51C-3B57-C547-06C53308F8CE&sortorder=asc&column=row HTTP/1.1" 404 -
35.95.253.101 - - [07/Mar/2025:00:32:25 +0100] "GET /ticket2/opencms/lv/buy?page=1&edid=DD14CC82-883B-BD06-4306-EBD494AA1804 HTTP/1.1" 200 136176
114.119.141.206 - - [07/Mar/2025:00:32:26 +0100] "GET /ticket2/opencms/fr/magazine/article?title=decouvrez-la-liga-en-direct-achetez-des-billets-sur-ticket2 HTTP/1.1" 200 94652
114.119.130.154 - - [07/Mar/2025:00:32:26 +0100] "GET /ticket2/opencms/de/buy?page=1&=8E10E53D-20CB-D950-05F1-34EA3BA03F55 HTTP/1.1" 200 -
52.167.144.185 - - [07/Mar/2025:00:32:28 +0100] "GET /ticket2/opencms/mt/buy/?page=1&edid=AA0CB053-7E44-E554-2B96-FB5320A1DEC1 HTTP/1.1" 200 108063
95.217.114.173 - - [07/Mar/2025:00:32:30 +0100] "GET /ticket2/opencms/en/sell/?edid=6D11DB1B-DFBC-307A-9956-CA9E5B4E2DC3 HTTP/1.1" 302 -
178.25.244.194 - - [07/Mar/2025:00:32:30 +0100] "GET /ticket2/opencms/dk/fi/buy/?page=1&edid=7E9C13B6-0C50-6FEF-1D5E-4F25333EB049&sortorder=asc&column=row HTTP/1.1" 404 -
95.217.114.173 - - [07/Mar/2025:00:32:30 +0100] "GET /ticket2/opencms/en/login/?url=/en/sell/ HTTP/1.1" 200 90179
144.91.104.134 - - [07/Mar/2025:00:32:31 +0100] "GET /ticket2/opencms/se/nl/buy/?page=1&edid=5FB42A24-9598-632B-4AE7-41A2A99513C3&sortorder=asc&column=price HTTP/1.1" 404 -
185.191.171.13 - - [07/Mar/2025:00:32:34 +0100] "GET /ticket2/opencms/no/magazine/article?title=cole-palmer-avgjor-kampen-og-alexander-isak-er-tilbake HTTP/1.1" 200 93181
178.25.244.194 - - [07/Mar/2025:00:32:34 +0100] "GET /ticket2/opencms/dk/fi/buy/?page=1&edid=84E60CC0-07DC-E0F0-0E9B-E329E5C69FB8&sortorder=asc&column=price HTTP/1.1" 404 -
52.167.144.232 - - [07/Mar/2025:00:32:34 +0100] "GET /ticket2/opencms/no/buy/?page=6&comcatid=A17713B6-D984-201A-4143-ED4DB5ED5C2E&catid=BDD8C04C-DD99-1C07-B5F3-F2AB98D157E8 HTTP/1.1" 200 103562
40.77.167.75 - - [07/Mar/2025:00:32:34 +0100] "GET /ticket2/opencms/el/buy/?page=1&edid=A036D254-48CA-326A-6976-9EF3C3BCC6BC HTTP/1.1" 200 116164
40.77.167.75 - - [07/Mar/2025:00:32:36 +0100] "GET /ticket2/opencms/sq/buy?page=1&edid=2684212b-fa50-dc4b-3cfa-1303e9638140 HTTP/1.1" 200 8134
144.91.104.134 - - [07/Mar/2025:00:32:37 +0100] "GET /ticket2/opencms/se/nl/buy/?page=1&edid=5FB42A24-9598-632B-4AE7-41A2A99513C3&sortorder=asc&column=row HTTP/1.1" 404 -
178.25.244.194 - - [07/Mar/2025:00:32:39 +0100] "GET /ticket2/opencms/dk/fi/buy/?page=1&edid=84E60CC0-07DC-E0F0-0E9B-E329E5C69FB8&sortorder=desc&column=price HTTP/1.1" 404 -
20.171.207.125 - - [07/Mar/2025:00:32:39 +0100] "GET /ticket2/opencms/sl/magazine/article?title=la-liga-real-madrid-osvojil-najvec-naslovov HTTP/1.1" 200 94581
47.128.35.13 - - [07/Mar/2025:00:32:40 +0100] "GET /ticket2/opencms/hr/buy?edid=D11D82D4-28DA-1768-D317-EF521A2F97E6 HTTP/1.1" 200 91612
69.171.249.112 - - [07/Mar/2025:00:32:40 +0100] "GET /ticket2/opencms/nl/buy/?page=1&edid=31FDA527-9BE5-CC0F-08BA-BAC5423FB404 HTTP/1.1" 200 106385
95.217.114.173 - - [07/Mar/2025:00:32:42 +0100] "GET /ticket2/opencms/en/sell/?edid=6D2674A5-F289-A8BC-ABCC-A13CA65D09E4 HTTP/1.1" 302 -
95.217.114.173 - - [07/Mar/2025:00:32:42 +0100] "GET /ticket2/opencms/en/login/?url=/en/sell/ HTTP/1.1" 200 90099
144.91.104.134 - - [07/Mar/2025:00:32:44 +0100] "GET /ticket2/opencms/se/nl/buy/?page=1&edid=5FB42A24-9598-632B-4AE7-41A2A99513C3&sortorder=asc&column=section HTTP/1.1" 404 -
47.128.23.253 - - [07/Mar/2025:00:32:44 +0100] "GET /ticket2/opencms/is/buy/?edid=B4EC420A-C31F-BB54-840D-5C41F8E7FC1C HTTP/1.1" 200 91431
178.25.244.194 - - [07/Mar/2025:00:32:44 +0100] "GET /ticket2/opencms/dk/fi/buy/?page=1&edid=84E60CC0-07DC-E0F0-0E9B-E329E5C69FB8&sortorder=desc&column=section HTTP/1.1" 404 -
114.119.140.85 - - [07/Mar/2025:00:32:45 +0100] "GET /ticket2/opencms/en/buy?page=1&edid=F6B1A5E6-3A8E-2702-C092-0318528F1CAF HTTP/1.1" 200 106791
35.95.253.101 - - [07/Mar/2025:00:32:45 +0100] "GET /ticket2/opencms/be/magazine/article?title=a-move-to-mexican-rayados HTTP/1.1" 200 96133
178.25.244.194 - - [07/Mar/2025:00:32:48 +0100] "GET /ticket2/opencms/dk/fi/buy/?page=1&edid=866FFC50-DF27-5378-DBAB-F17893C3BF22&sortorder=asc&column=row HTTP/1.1" 404 -
144.91.104.134 - - [07/Mar/2025:00:32:50 +0100] "GET /ticket2/opencms/se/nl/buy/?page=1&edid=5FB42A24-9598-632B-4AE7-41A2A99513C3&sortorder=desc&column=price HTTP/1.1" 404 -
178.25.244.194 - - [07/Mar/2025:00:32:53 +0100] "GET /ticket2/opencms/dk/fi/buy/?page=1&edid=87764272-81EA-59CF-68F0-B30F32FF8826 HTTP/1.1" 404 -
47.128.36.87 - - [07/Mar/2025:00:32:53 +0100] "GET /ticket2/opencms/fi/venue/?venueid=92B1EF2C-B01A-5498-4DA0-D832A3A798A5 HTTP/1.1" 200 86922
95.217.114.173 - - [07/Mar/2025:00:32:54 +0100] "GET /ticket2/opencms/en/sell/?edid=6D3BDE61-EBAA-9455-C4A5-13D3EF777ABE HTTP/1.1" 302 -
95.217.114.173 - - [07/Mar/2025:00:32:54 +0100] "GET /ticket2/opencms/en/login/?url=/en/sell/ HTTP/1.1" 200 90052
144.91.104.134 - - [07/Mar/2025:00:32:56 +0100] "GET /ticket2/opencms/se/nl/buy/?page=1&edid=5FB42A24-9598-632B-4AE7-41A2A99513C3&sortorder=desc&column=section HTTP/1.1" 404 -
185.191.171.14 - - [07/Mar/2025:00:32:57 +0100] "GET /ticket2/opencms/lv/magazine/article?title=vai-viktors-gjokeress-var-pamet-sportingu-agrak-neka-planots HTTP/1.1" 200 93821
178.25.244.194 - - [07/Mar/2025:00:32:58 +0100] "GET /ticket2/opencms/dk/fi/buy/?page=1&edid=8F29AFF6-55D8-93F2-1CB7-F23B23EBC23F&sortorder=asc&column=section HTTP/1.1" 404 -
114.119.130.154 - - [07/Mar/2025:00:32:58 +0100] "GET /ticket2/opencms/en/venue/?venueid=CD32B3F7-34D3-CF7E-6DBA-DDCFD6F1CB57 HTTP/1.1" 200 85457
185.191.171.13 - - [07/Mar/2025:00:32:59 +0100] "GET /ticket2/opencms/hr/magazine/article?title=luton HTTP/1.1" 200 92120
95.217.114.173 - - [07/Mar/2025:00:33:00 +0100] "GET /ticket2/opencms/en/sell/?edid=6D9D3E47-1EA9-9DFE-4A3E-6030D3106E91 HTTP/1.1" 302 -
95.217.114.173 - - [07/Mar/2025:00:33:01 +0100] "GET /ticket2/opencms/en/login/?url=/en/sell/ HTTP/1.1" 200 90105
144.91.104.134 - - [07/Mar/2025:00:33:03 +0100] "GET /ticket2/opencms/se/nl/buy/?page=1&edid=5FF30AB9-4C2B-5D59-31F0-3F0E1E70CA95&sortorder=asc&column=price HTTP/1.1" 404 -
178.25.244.194 - - [07/Mar/2025:00:33:03 +0100] "GET /ticket2/opencms/dk/fi/buy/?page=1&edid=A704B95C-FE59-5574-5696-780991A0B69A&sortorder=asc&column=price HTTP/1.1" 404 -
114.119.141.178 - - [07/Mar/2025:00:33:05 +0100] "GET /ticket2/opencms/de/buy?page=1&=84C1C15E-A3CC-07A1-AA6A-061FC4B03894 HTTP/1.1" 200 -
35.95.253.101 - - [07/Mar/2025:00:33:05 +0100] "GET /ticket2/opencms/be/zvyazacca-z-nami HTTP/1.1" 200 90435
185.191.171.3 - - [07/Mar/2025:00:33:06 +0100] "GET /ticket2/opencms/fr/magazine/article?title=maximilian-ibrahimovic-signe-pour-la-deuxieme-equipe-de-lac-milan HTTP/1.1" 200 95911
85.208.96.198 - - [07/Mar/2025:00:33:07 +0100] "GET /ticket2/opencms/robots.txt HTTP/1.1" 200 773
178.25.244.194 - - [07/Mar/2025:00:33:08 +0100] "GET /ticket2/opencms/dk/fi/buy/?page=1&edid=AB440301-0608-E850-F996-AE018DAC4638&sortorder=asc&column=section HTTP/1.1" 404 -
85.208.96.197 - - [07/Mar/2025:00:33:09 +0100] "GET /ticket2/opencms/bg/magazine/article?title=arsenal-fc-refleksiya HTTP/1.1" 200 96236
144.91.104.134 - - [07/Mar/2025:00:33:09 +0100] "GET /ticket2/opencms/se/nl/buy/?page=1&edid=5FF30AB9-4C2B-5D59-31F0-3F0E1E70CA95&sortorder=asc&column=section HTTP/1.1" 404 -
194.120.230.215 - - [07/Mar/2025:00:33:10 +0100] "GET /ticket2/opencms/de/cgi-bin/luci/;stok=/locale HTTP/1.1" 404 -
95.217.114.173 - - [07/Mar/2025:00:33:11 +0100] "GET /ticket2/opencms/en/sell/?edid=6DAD0E53-BC17-A492-E500-2A4FF2A813DF HTTP/1.1" 302 -
185.191.171.10 - - [07/Mar/2025:00:33:12 +0100] "GET /ticket2/opencms/hu/magazine/article?title=premier-league-merkozesek-premier-league-merkozesek-20242025 HTTP/1.1" 200 93062
185.191.171.15 - - [07/Mar/2025:00:33:12 +0100] "GET /ticket2/opencms/be/sport/futbol-kvitki/premier-league/wolverhampton HTTP/1.1" 200 102805
95.217.114.173 - - [07/Mar/2025:00:33:12 +0100] "GET /ticket2/opencms/en/login/?url=/en/sell/ HTTP/1.1" 200 90071
40.77.167.75 - - [07/Mar/2025:00:33:14 +0100] "GET /ticket2/opencms/ga/buy?page=1&edid=8A63874A-765C-2949-7E17-CD1789FAFF50 HTTP/1.1" 200 108953
178.25.244.194 - - [07/Mar/2025:00:33:14 +0100] "GET /ticket2/opencms/dk/fi/buy/?page=1&edid=5B004ED5-15FD-EC78-6553-2B09565E5F76&sortorder=asc&column=row HTTP/1.1" 404 -
144.91.104.134 - - [07/Mar/2025:00:33:16 +0100] "GET /ticket2/opencms/se/nl/buy/?page=1&edid=5FF30AB9-4C2B-5D59-31F0-3F0E1E70CA95&sortorder=desc&column=price HTTP/1.1" 404 -
185.191.171.16 - - [07/Mar/2025:00:33:17 +0100] "GET /ticket2/opencms/ga/sport/ticeid-peile/serie-a/milan HTTP/1.1" 200 99578
20.171.207.125 - - [07/Mar/2025:00:33:18 +0100] "GET /ticket2/opencms/fr/sport/billets-football/ligue_1 HTTP/1.1" 500 -
52.167.144.185 - - [07/Mar/2025:00:33:20 +0100] "GET /ticket2/opencms/fr/buy/?page=1&edid=17FCF75B-5941-6553-7E99-DDA280BBDB43 HTTP/1.1" 200 110607
178.25.244.194 - - [07/Mar/2025:00:33:21 +0100] "GET /ticket2/opencms/dk/fi/buy/?page=1&edid=5B004ED5-15FD-EC78-6553-2B09565E5F76&sortorder=asc&column=section HTTP/1.1" 404 -
144.91.104.134 - - [07/Mar/2025:00:33:22 +0100] "GET /ticket2/opencms/se/nl/buy/?page=1&edid=60CC2C09-82B0-47D4-2A40-416D054D80D9&sortorder=desc&column=price HTTP/1.1" 404 -
95.217.114.173 - - [07/Mar/2025:00:33:23 +0100] "GET /ticket2/opencms/en/sell/?edid=6DAF9AA5-10E5-2BC4-F656-329799DE3F62 HTTP/1.1" 302 -
95.217.114.173 - - [07/Mar/2025:00:33:23 +0100] "GET /ticket2/opencms/en/login/?url=/en/sell/ HTTP/1.1" 200 90116
173.252.107.8 - - [07/Mar/2025:00:33:24 +0100] "GET /ticket2/opencms/sl/buy/?page=1&edid=10597F35-2AC7-31D2-FB61-15A36BB6D73B HTTP/1.1" 200 135930
35.95.253.101 - - [07/Mar/2025:00:33:24 +0100] "GET /ticket2/opencms/be/login HTTP/1.1" 200 92513
178.25.244.194 - - [07/Mar/2025:00:33:27 +0100] "GET /ticket2/opencms/dk/fi/buy/?page=1&edid=630F66AA-2555-9F07-EE99-2EFC18D9329C&sortorder=asc&column=section HTTP/1.1" 404 -
207.46.13.54 - - [07/Mar/2025:00:33:28 +0100] "GET /ticket2/opencms/dk/buy/?page=1&edid=AA8C5089-9B5D-0C1A-1662-169B0C579120 HTTP/1.1" 200 110428
144.91.104.134 - - [07/Mar/2025:00:33:30 +0100] "GET /ticket2/opencms/se/nl/buy/?page=1&edid=616E0307-EF5A-C0BC-E2E4-858595D5400D HTTP/1.1" 404 -
178.25.244.194 - - [07/Mar/2025:00:33:34 +0100] "GET /ticket2/opencms/dk/fi/buy/?page=1&edid=6561E8CE-4EB9-895D-B627-F890A99BBF58&sortorder=asc&column=row HTTP/1.1" 404 -
95.217.114.173 - - [07/Mar/2025:00:33:35 +0100] "GET /ticket2/opencms/en/sell/?edid=6E0E607E-1672-92ED-4ADC-66D609CB45A8 HTTP/1.1" 302 -
95.217.114.173 - - [07/Mar/2025:00:33:36 +0100] "GET /ticket2/opencms/en/login/?url=/en/sell/ HTTP/1.1" 200 90142
144.91.104.134 - - [07/Mar/2025:00:33:37 +0100] "GET /ticket2/opencms/se/nl/buy/?page=1&edid=618B6670-3FFE-B035-A8C6-58DBF3A4FCCE&sortorder=asc&column=price HTTP/1.1" 404 -
178.25.244.194 - - [07/Mar/2025:00:33:41 +0100] "GET /ticket2/opencms/dk/fi/buy/?page=1&edid=65E79C4B-76CF-110C-AA83-34508CC31D00&sortorder=asc&column=price HTTP/1.1" 404 -
66.249.74.135 - - [07/Mar/2025:00:33:42 +0100] "GET /ticket2/opencms/nl/buy/?page=1&edid=6FB1B961-213D-A498-EACB-FFF2ED7E731F HTTP/1.1" 200 109334
144.91.104.134 - - [07/Mar/2025:00:33:43 +0100] "GET /ticket2/opencms/se/nl/buy/?page=1&edid=624FA28A-754C-672C-6881-3EF4F87AC664&sortorder=desc&column=section HTTP/1.1" 404 -
66.249.76.45 - - [07/Mar/2025:00:33:43 +0100] "GET /ticket2/opencms/fr/buy/?page=1&edid=FB9F4ED8-C630-5135-3D9B-F4FFAB39B4C4 HTTP/1.1" 200 113971
95.217.114.173 - - [07/Mar/2025:00:33:45 +0100] "GET /ticket2/opencms/en/sell/?edid=6E2D7CB4-12E0-AD72-BA3F-A5F3489E3A5B HTTP/1.1" 302 -
35.95.253.101 - - [07/Mar/2025:00:33:45 +0100] "GET /ticket2/opencms/be/sport/futbol-kvitki/premier-league/arsenal HTTP/1.1" 200 96776
95.217.114.173 - - [07/Mar/2025:00:33:45 +0100] "GET /ticket2/opencms/en/login/?url=/en/sell/ HTTP/1.1" 200 90071
114.119.130.178 - - [07/Mar/2025:00:33:46 +0100] "GET /ticket2/opencms/en/sport/football-tickets/premier_league/tottenham/ HTTP/1.1" 200 91789
178.25.244.194 - - [07/Mar/2025:00:33:48 +0100] "GET /ticket2/opencms/dk/fi/buy/?page=1&edid=65E79C4B-76CF-110C-AA83-34508CC31D00&sortorder=asc&column=row HTTP/1.1" 404 -
52.167.144.185 - - [07/Mar/2025:00:33:49 +0100] "GET /ticket2/opencms/sl/buy/?page=1&edid=5704F8FD-9CBB-9159-7288-CA17B9D0D4E2 HTTP/1.1" 200 90307
144.91.104.134 - - [07/Mar/2025:00:33:49 +0100] "GET /ticket2/opencms/se/nl/buy/?page=1&edid=626D6770-17E9-BC21-0111-AAFA15CA9F3B&sortorder=asc&column=row HTTP/1.1" 404 -
20.171.207.125 - - [07/Mar/2025:00:33:50 +0100] "GET /ticket2/opencms/fr/sport/billets-football/eredivisie HTTP/1.1" 500 -
178.25.244.194 - - [07/Mar/2025:00:33:54 +0100] "GET /ticket2/opencms/dk/fi/buy/?page=1&edid=699AC1E6-4442-31D7-E2BF-AF8E2C07BF2E&sortorder=asc&column=price HTTP/1.1" 404 -
144.91.104.134 - - [07/Mar/2025:00:33:56 +0100] "GET /ticket2/opencms/se/nl/buy/?page=1&edid=62771AC5-B6A4-CA99-7698-E23F6FB31315 HTTP/1.1" 404 -
114.119.159.129 - - [07/Mar/2025:00:33:57 +0100] "GET /ticket2/opencms/fr/magazine/article?title=declan-rice HTTP/1.1" 200 93510
95.217.114.173 - - [07/Mar/2025:00:34:00 +0100] "GET /ticket2/opencms/en/sell/?edid=6E64EF54-063D-0F55-A1E7-7781348B9C83 HTTP/1.1" 302 -
95.217.114.173 - - [07/Mar/2025:00:34:00 +0100] "GET /ticket2/opencms/en/login/?url=/en/sell/ HTTP/1.1" 200 90169
178.25.244.194 - - [07/Mar/2025:00:34:02 +0100] "GET /ticket2/opencms/dk/fi/buy/?page=1&edid=6ABA4765-C049-91AE-C20A-276AC18EED3D&sortorder=desc&column=price HTTP/1.1" 404 -
144.91.104.134 - - [07/Mar/2025:00:34:03 +0100] "GET /ticket2/opencms/se/nl/buy/?page=1&edid=641BEECB-F7D4-30E5-61C7-A9976E3D0361 HTTP/1.1" 404 -
173.252.83.6 - - [07/Mar/2025:00:34:04 +0100] "GET /ticket2/opencms/be/sport/futbol-kvitki/champions-league/montpellier/ HTTP/1.1" 500 -
35.95.253.101 - - [07/Mar/2025:00:34:06 +0100] "GET /ticket2/opencms/lv/magazine/article?title=graham-potter-no-zviedrijas-lidz-premjerligai HTTP/1.1" 200 96891
85.208.96.207 - - [07/Mar/2025:00:34:06 +0100] "GET /ticket2/opencms/no/sport/fotballsbilletter/bundesliga/werder-bremen/ HTTP/1.1" 200 99491
47.128.63.107 - - [07/Mar/2025:00:34:08 +0100] "GET /ticket2/opencms/no/buy/?catid=757E2DFB-33DA-9B34-8402-9F06B19D8409&comcatid=97ECA65A-72DA-F9AF-9DBB-245D3CFED1BE&page=6 HTTP/1.1" 200 97780
52.167.144.185 - - [07/Mar/2025:00:34:08 +0100] "GET /ticket2/opencms/az/buy/?page=1&edid=E44DC375-BF25-5777-5BCC-50DEE64DB819 HTTP/1.1" 200 112242
144.91.104.134 - - [07/Mar/2025:00:34:09 +0100] "GET /ticket2/opencms/se/nl/buy/?page=1&edid=641BEECB-F7D4-30E5-61C7-A9976E3D0361&sortorder=desc&column=row HTTP/1.1" 404 -
95.217.114.173 - - [07/Mar/2025:00:34:12 +0100] "GET /ticket2/opencms/en/sell/?edid=6E846441-6D23-CA62-C7C2-B7735DEA2B87 HTTP/1.1" 302 -
95.217.114.173 - - [07/Mar/2025:00:34:13 +0100] "GET /ticket2/opencms/en/login/?url=/en/sell/ HTTP/1.1" 200 90161
178.25.244.194 - - [07/Mar/2025:00:34:13 +0100] "GET /ticket2/opencms/dk/fi/buy/?page=1&edid=9AD4B11B-4601-F5E9-C96F-7BECC055632D&sortorder=desc&column=price HTTP/1.1" 404 -
114.119.153.152 - - [07/Mar/2025:00:34:15 +0100] "GET /ticket2/opencms/de/buy?page=1&=7EC6AC43-8E20-C346-EE5F-DD2834DC11E0 HTTP/1.1" 200 -
144.91.104.134 - - [07/Mar/2025:00:34:16 +0100] "GET /ticket2/opencms/se/nl/buy/?page=1&edid=641BEECB-F7D4-30E5-61C7-A9976E3D0361&sortorder=desc&column=section HTTP/1.1" 404 -
66.249.76.167 - - [07/Mar/2025:00:34:16 +0100] "GET /ticket2/opencms/en/buy/?page=1&edid=1499F703-DFC9-3CEE-AC19-8B22C17A288A HTTP/1.1" 200 106782
207.46.13.54 - - [07/Mar/2025:00:34:18 +0100] "GET /ticket2/opencms/en/buy/?page=1&edid=920C28C2-0673-D94D-F164-8E2A4F301B72 HTTP/1.1" 200 109962
40.77.167.17 - - [07/Mar/2025:00:34:18 +0100] "GET /ticket2/opencms/nl/buy/?page=1&edid=2AC421C6-0DD9-73DD-0C29-416B5CC98DFF HTTP/1.1" 200 109275
66.249.65.195 - - [07/Mar/2025:00:34:19 +0100] "GET /ticket2/opencms/be/buy/?page=1&edid=670DDB77-CAC3-4ADF-B3FC-CE012EDDA850 HTTP/1.1" 200 120752
178.25.244.194 - - [07/Mar/2025:00:34:20 +0100] "GET /ticket2/opencms/dk/fi/buy/?page=1&edid=A83B8C6F-8B2C-2C72-B545-0EE8139B5D92&sortorder=asc&column=price HTTP/1.1" 404 -
114.119.133.220 - - [07/Mar/2025:00:34:20 +0100] "GET /ticket2/opencms/pl/magazine/article?title=pilka-nozna HTTP/1.1" 200 94307
114.119.150.86 - - [07/Mar/2025:00:34:21 +0100] "GET /ticket2/opencms/en/venue/?venueid=286341D2-7EEF-95B1-EEDE-7755BEF9E107 HTTP/1.1" 200 85418
144.91.104.134 - - [07/Mar/2025:00:34:22 +0100] "GET /ticket2/opencms/se/nl/buy/?page=1&edid=641D001A-C01A-D7A7-205C-82BE3A937088&sortorder=asc&column=section HTTP/1.1" 404 -
35.95.253.101 - - [07/Mar/2025:00:34:26 +0100] "GET /ticket2/opencms/lv/sport/futbola-biletes/fa-cup HTTP/1.1" 404 -
178.25.244.194 - - [07/Mar/2025:00:34:27 +0100] "GET /ticket2/opencms/dk/fi/buy/?page=1&edid=A83B8C6F-8B2C-2C72-B545-0EE8139B5D92&sortorder=asc&column=row HTTP/1.1" 404 -
144.91.104.134 - - [07/Mar/2025:00:34:28 +0100] "GET /ticket2/opencms/se/nl/buy/?page=1&edid=64440914-4E90-FA96-F683-7E671AB5B4CA HTTP/1.1" 404 -
114.119.138.214 - - [07/Mar/2025:00:34:31 +0100] "GET /ticket2/opencms/ru/buy/?page=1&edid=1C57D46E-6939-E0A3-6942-91BB491B842E HTTP/1.1" 200 109100
178.25.244.194 - - [07/Mar/2025:00:34:34 +0100] "GET /ticket2/opencms/dk/fi/buy/?page=1&edid=A83B8C6F-8B2C-2C72-B545-0EE8139B5D92&sortorder=asc&column=section HTTP/1.1" 404 -
114.119.130.154 - - [07/Mar/2025:00:34:35 +0100] "GET /ticket2/opencms/de/buy?page=1&=766B922A-8645-D92B-B32D-7F11F65CE952 HTTP/1.1" 200 -
144.91.104.134 - - [07/Mar/2025:00:34:35 +0100] "GET /ticket2/opencms/se/nl/buy/?page=1&edid=6471BDCD-0B2F-C3B9-3026-367C586DCB12 HTTP/1.1" 404 -
40.77.167.75 - - [07/Mar/2025:00:34:35 +0100] "GET /ticket2/opencms/be/buy/?page=1&edid=D4C7AC0F-4655-637F-6856-019F194DAF52 HTTP/1.1" 200 115126
40.77.167.75 - - [07/Mar/2025:00:34:36 +0100] "GET /ticket2/opencms/es/buy?page=1&edid=8DE7A210-45E0-8C09-63EA-28CBA5412C0E HTTP/1.1" 200 111618
178.25.244.194 - - [07/Mar/2025:00:34:40 +0100] "GET /ticket2/opencms/dk/fi/buy/?page=1&edid=A936426D-A274-DEB6-C7D0-B6B0CE244BB6&sortorder=asc&column=row HTTP/1.1" 404 -
185.191.171.13 - - [07/Mar/2025:00:34:41 +0100] "GET /ticket2/opencms/el/magazine/article?title=o-ma3imilianos-impraimobits-ypografei-gia-th-deyterh-omada-ths-as-milano HTTP/1.1" 200 98987
144.91.104.134 - - [07/Mar/2025:00:34:42 +0100] "GET /ticket2/opencms/se/nl/buy/?page=1&edid=64EC0E5E-9E76-53F9-5F64-908EF95AA18F HTTP/1.1" 404 -
85.208.96.200 - - [07/Mar/2025:00:34:42 +0100] "GET /ticket2/opencms/bg/magazine/article?title=fulum-fk HTTP/1.1" 200 94662
173.252.83.6 - - [07/Mar/2025:00:34:45 +0100] "GET /ticket2/opencms/uk/buy/?page=1&edid=50D37B13-6F20-71F9-54D9-90E7B6C8DECF HTTP/1.1" 200 113929
35.95.253.101 - - [07/Mar/2025:00:34:45 +0100] "GET /ticket2/opencms/lv/magazine/article?title=pareja-uz-meksikas-rayados HTTP/1.1" 200 94752
178.25.244.194 - - [07/Mar/2025:00:34:48 +0100] "GET /ticket2/opencms/dk/fi/buy/?page=1&edid=A9BFC108-31CF-ACDE-8780-A720AA6CEEFC&sortorder=asc&column=row HTTP/1.1" 404 -
173.252.69.115 - - [07/Mar/2025:00:34:48 +0100] "GET /ticket2/opencms/en/buy?page=1&edid=E9DB3A42-82BF-9B65-3ED4-EE5A32871388 HTTP/1.1" 200 110561
144.91.104.134 - - [07/Mar/2025:00:34:48 +0100] "GET /ticket2/opencms/se/nl/buy/?page=1&edid=6587E031-CD4E-B8B4-B3A2-D9F6EF603166&sortorder=desc&column=price HTTP/1.1" 404 -
95.217.114.173 - - [07/Mar/2025:00:34:50 +0100] "GET /ticket2/opencms/en/sell/?edid=6EA2D348-88C2-3D24-490F-B5624CA04074 HTTP/1.1" 302 -
95.217.114.173 - - [07/Mar/2025:00:34:51 +0100] "GET /ticket2/opencms/en/login/?url=/en/sell/ HTTP/1.1" 200 90100
178.25.244.194 - - [07/Mar/2025:00:34:54 +0100] "GET /ticket2/opencms/dk/fi/buy/?page=1&edid=AB440301-0608-E850-F996-AE018DAC4638&sortorder=asc&column=row HTTP/1.1" 404 -
144.91.104.134 - - [07/Mar/2025:00:34:54 +0100] "GET /ticket2/opencms/se/nl/buy/?page=1&edid=6587E031-CD4E-B8B4-B3A2-D9F6EF603166&sortorder=desc&column=row HTTP/1.1" 404 -
85.208.96.201 - - [07/Mar/2025:00:34:58 +0100] "GET /ticket2/opencms/hr/magazine/article?title=nizozemska-vs-engleska-u-polufinalu HTTP/1.1" 200 96145
144.91.104.134 - - [07/Mar/2025:00:35:01 +0100] "GET /ticket2/opencms/se/nl/buy/?page=1&edid=6587E031-CD4E-B8B4-B3A2-D9F6EF603166&sortorder=desc&column=section HTTP/1.1" 404 -
178.25.244.194 - - [07/Mar/2025:00:35:01 +0100] "GET /ticket2/opencms/dk/fi/buy/?page=1&edid=ABC4721A-B6F2-670A-2EEB-D6F5D16C69F5 HTTP/1.1" 404 -
47.128.127.184 - - [07/Mar/2025:00:35:01 +0100] "GET /ticket2/opencms/mt/buy/?edid=FCEB71A3-C27D-C49F-469F-2CB5939452EE HTTP/1.1" 200 91709
85.208.96.204 - - [07/Mar/2025:00:35:02 +0100] "GET /ticket2/opencms/el/athlitismos/eisitiria-podosfairou/english-championship/rotherham-united HTTP/1.1" 404 -
35.95.253.101 - - [07/Mar/2025:00:35:07 +0100] "GET /ticket2/opencms/lv/buy?page=1&edid=FDE2CB1B-737B-857F-7431-BD450E7D3BBB HTTP/1.1" 200 135222
95.217.114.173 - - [07/Mar/2025:00:35:07 +0100] "GET /ticket2/opencms/en/sell/?edid=700C6A66-9C47-818C-453E-16ACCDD28C59 HTTP/1.1" 302 -
144.91.104.134 - - [07/Mar/2025:00:35:08 +0100] "GET /ticket2/opencms/se/nl/buy/?page=1&edid=65DE09A5-CD2E-4A41-80F5-C70B8B080A91 HTTP/1.1" 404 -
95.217.114.173 - - [07/Mar/2025:00:35:08 +0100] "GET /ticket2/opencms/en/login/?url=/en/sell/ HTTP/1.1" 200 90023
178.25.244.194 - - [07/Mar/2025:00:35:08 +0100] "GET /ticket2/opencms/dk/fi/buy/?page=1&edid=AC6683BE-480A-B94D-6978-93F20E61B508&sortorder=desc&column=row HTTP/1.1" 404 -
114.119.145.123 - - [07/Mar/2025:00:35:08 +0100] "GET /ticket2/opencms/en/sport/football-tickets/premier_league/tottenham/ HTTP/1.1" 200 91777
114.119.159.237 - - [07/Mar/2025:00:35:10 +0100] "GET /ticket2/opencms/fr/magazine/article?title=analyse-laugmentation-des-prix-des-billets-en-premier-league-liverpool-et-arsenal-sont-les-plus-chers HTTP/1.1" 200 101788
66.249.73.6 - - [07/Mar/2025:00:35:13 +0100] "GET /ticket2/opencms/mt/buy/?page=1&edid=BC022DAB-4498-A423-1B89-9E0C767B974D HTTP/1.1" 200 108795
185.191.171.17 - - [07/Mar/2025:00:35:14 +0100] "GET /ticket2/opencms/az/sport/futbol-biletleri/premier-league/brighton/ HTTP/1.1" 200 101782
144.91.104.134 - - [07/Mar/2025:00:35:14 +0100] "GET /ticket2/opencms/se/nl/buy/?page=1&edid=66EA5353-0EED-D56D-04FB-B3F43B6CCED9 HTTP/1.1" 404 -
178.25.244.194 - - [07/Mar/2025:00:35:14 +0100] "GET /ticket2/opencms/dk/fi/buy/?page=1&edid=AC6683BE-480A-B94D-6978-93F20E61B508&sortorder=desc&column=section HTTP/1.1" 404 -
54.36.148.2 - - [07/Mar/2025:00:35:18 +0100] "GET /ticket2/opencms/no/buy_safety HTTP/1.1" 200 91087
52.167.144.185 - - [07/Mar/2025:00:35:20 +0100] "GET /ticket2/opencms/lv/buy/?page=1&edid=722D610B-1472-CF64-4AE0-9D6FEEF15C8E HTTP/1.1" 200 108667
144.91.104.134 - - [07/Mar/2025:00:35:20 +0100] "GET /ticket2/opencms/se/nl/buy/?page=1&edid=671B0C16-38D6-D113-D7B3-232AEB5E534F&sortorder=desc&column=price HTTP/1.1" 404 -
85.208.96.206 - - [07/Mar/2025:00:35:21 +0100] "GET /ticket2/opencms/sv/sport/fotbollsbiljetter/em_2020/slutspel.html HTTP/1.1" 500 -
178.25.244.194 - - [07/Mar/2025:00:35:21 +0100] "GET /ticket2/opencms/dk/fi/buy/?page=1&edid=AC87DEB6-E1D4-389C-9FC5-DD0A851AE2E5&sortorder=asc&column=row HTTP/1.1" 404 -
148.252.96.166 - - [07/Mar/2025:00:35:22 +0100] "GET /ticket2/opencms/no?gad_source=1&gclid=CjwKCAiArKW-BhAzEiwAZhWsIJvbbZsJqre3OmN3X10SLFYjajZPGB9Lf97YMlwhYXqBtWW7d0ENKxoCzTgQAvD_BwE HTTP/1.1" 200 105058
148.252.96.166 - - [07/Mar/2025:00:35:22 +0100] "GET /ticket2/opencms/system/modules/com.gridnine.opencms.ticketbrokerage.site/resources/css/ticketbrokerage.css HTTP/1.1" 200 39339
