68.234.221.21 - - [07/Mar/2025:03:04:18 +0100] "GET /ticket2/opencms/system/modules/com.gridnine.opencms.ticketbrokerage.site/resources/js/jquery.placeholder.min.js HTTP/1.1" 200 1737
68.234.221.21 - - [07/Mar/2025:03:04:18 +0100] "GET /ticket2/opencms/system/modules/com.gridnine.opencms.ticketbrokerage.site/resources/js/standard.js HTTP/1.1" 200 3983
68.234.221.21 - - [07/Mar/2025:03:04:18 +0100] "GET /ticket2/opencms/system/modules/com.gridnine.opencms.ticketbrokerage.site/resources/js/common-ajax.js HTTP/1.1" 200 20175
68.234.221.21 - - [07/Mar/2025:03:04:18 +0100] "GET /ticket2/opencms/system/modules/com.gridnine.opencms.ticketbrokerage.site/resources/pics/logo-new.png HTTP/1.1" 200 13541
68.234.221.21 - - [07/Mar/2025:03:04:18 +0100] "GET /ticket2/opencms/en/ask-form.html HTTP/1.1" 200 3146
114.119.154.13 - - [07/Mar/2025:03:04:18 +0100] "GET /ticket2/opencms/en/buy/?page=6&comcatid=A17713B6-D984-201A-4143-ED4DB5ED5C2E&catid=82F804FA-9F69-CB6B-D41D-7BF7C716058B&eventid=55413BC2-71A3-4E36-FCD4-7D7F87A1C19E HTTP/1.1" 200 103738
68.234.221.21 - - [07/Mar/2025:03:04:18 +0100] "GET /ticket2/opencms/img/insta.png HTTP/1.1" 200 3967
68.234.221.21 - - [07/Mar/2025:03:04:18 +0100] "GET /ticket2/opencms/system/modules/com.gridnine.opencms.ticketbrokerage.site/resources/pics/0.gif HTTP/1.1" 200 43
68.234.221.21 - - [07/Mar/2025:03:04:18 +0100] "GET /ticket2/opencms/system/galleries/pics/sport/Wanda-Metropolitano2.png HTTP/1.1" 200 45753
68.234.221.21 - - [07/Mar/2025:03:04:18 +0100] "GET /ticket2/opencms/img/fb.png HTTP/1.1" 200 1269
68.234.221.21 - - [07/Mar/2025:03:04:18 +0100] "GET /ticket2/opencms/system/modules/com.gridnine.opencms.ticketbrokerage.site/resources/pics/two_man.png HTTP/1.1" 200 3407
68.234.221.21 - - [07/Mar/2025:03:04:18 +0100] "GET /ticket2/opencms/system/modules/com.gridnine.opencms.ticketbrokerage.site/resources/pics/ticket_info_button.png HTTP/1.1" 200 3820
68.234.221.21 - - [07/Mar/2025:03:04:18 +0100] "GET /ticket2/opencms/system/modules/com.gridnine.opencms.ticketbrokerage.site/resources/pics/footer-img.jpg HTTP/1.1" 200 67642
68.234.221.21 - - [07/Mar/2025:03:04:18 +0100] "GET /ticket2/opencms/img/check.png HTTP/1.1" 200 548
68.234.221.21 - - [07/Mar/2025:03:04:18 +0100] "GET /ticket2/opencms/img/mail.png HTTP/1.1" 200 403
68.234.221.21 - - [07/Mar/2025:03:04:18 +0100] "GET /ticket2/opencms/en/ask-form.html HTTP/1.1" 200 3146
68.234.221.21 - - [07/Mar/2025:03:04:18 +0100] "GET /ticket2/opencms/img/icons/globe-white.png HTTP/1.1" 200 947
68.234.221.21 - - [07/Mar/2025:03:04:18 +0100] "GET /ticket2/opencms/img/arrow-down.png HTTP/1.1" 200 192
68.234.221.21 - - [07/Mar/2025:03:04:18 +0100] "GET /ticket2/opencms/img/icons/en.png HTTP/1.1" 200 2415
68.234.221.21 - - [07/Mar/2025:03:04:18 +0100] "GET /ticket2/opencms/system/modules/com.gridnine.opencms.ticketbrokerage.site/resources/css/ticketbrokerage.css HTTP/1.1" 200 39339
68.234.221.21 - - [07/Mar/2025:03:04:18 +0100] "GET /ticket2/opencms/img/chat.png HTTP/1.1" 200 416
68.234.221.21 - - [07/Mar/2025:03:04:18 +0100] "GET /ticket2/opencms/img/icons/se.png HTTP/1.1" 200 1258
68.234.221.21 - - [07/Mar/2025:03:04:18 +0100] "GET /ticket2/opencms/img/arrow.png HTTP/1.1" 200 753
68.234.221.21 - - [07/Mar/2025:03:04:18 +0100] "GET /ticket2/opencms/img/icons/fi.png HTTP/1.1" 200 1785
68.234.221.21 - - [07/Mar/2025:03:04:18 +0100] "GET /ticket2/opencms/system/modules/com.gridnine.opencms.ticketbrokerage.site/resources/pics/arrow.gif HTTP/1.1" 200 344
68.234.221.21 - - [07/Mar/2025:03:04:18 +0100] "GET /ticket2/opencms/img/icons/no.png HTTP/1.1" 200 1958
68.234.221.21 - - [07/Mar/2025:03:04:18 +0100] "GET /ticket2/opencms/system/modules/com.gridnine.opencms.ticketbrokerage.site/resources/pics/form_marker.gif HTTP/1.1" 200 43
68.234.221.21 - - [07/Mar/2025:03:04:19 +0100] "GET /ticket2/opencms/img/icons/dk.png HTTP/1.1" 200 1706
68.234.221.21 - - [07/Mar/2025:03:04:19 +0100] "GET /ticket2/opencms/img/icons/de.png HTTP/1.1" 200 1124
68.234.221.21 - - [07/Mar/2025:03:04:19 +0100] "GET /ticket2/opencms/img/icons/nl.png HTTP/1.1" 200 1255
68.234.221.21 - - [07/Mar/2025:03:04:19 +0100] "GET /ticket2/opencms/img/icons/fr.png HTTP/1.1" 200 1764
68.234.221.21 - - [07/Mar/2025:03:04:19 +0100] "GET /ticket2/opencms/img/icons/es.png HTTP/1.1" 200 1005
68.234.221.21 - - [07/Mar/2025:03:04:19 +0100] "GET /ticket2/opencms/img/icons/it.png HTTP/1.1" 200 2040
68.234.221.21 - - [07/Mar/2025:03:04:19 +0100] "GET /ticket2/opencms/img/icons/pl.png HTTP/1.1" 200 1578
68.234.221.21 - - [07/Mar/2025:03:04:19 +0100] "GET /ticket2/opencms/img/icons/az.png HTTP/1.1" 200 1445
68.234.221.21 - - [07/Mar/2025:03:04:19 +0100] "GET /ticket2/opencms/img/icons/sq.png HTTP/1.1" 200 1619
68.234.221.21 - - [07/Mar/2025:03:04:19 +0100] "GET /ticket2/opencms/img/icons/be.png HTTP/1.1" 200 1663
47.128.44.229 - - [07/Mar/2025:03:04:19 +0100] "GET /ticket2/opencms/sr/buy/?edid=0F9D6B87-FBA2-98F6-6A11-CBBA4D2A86C1 HTTP/1.1" 200 92074
68.234.221.21 - - [07/Mar/2025:03:04:19 +0100] "GET /ticket2/opencms/img/icons/bs.png HTTP/1.1" 200 1014
68.234.221.21 - - [07/Mar/2025:03:04:19 +0100] "GET /ticket2/opencms/img/icons/bg.png HTTP/1.1" 200 788
68.234.221.21 - - [07/Mar/2025:03:04:19 +0100] "GET /ticket2/opencms/img/icons/hr.png HTTP/1.1" 200 2024
68.234.221.21 - - [07/Mar/2025:03:04:19 +0100] "GET /ticket2/opencms/img/icons/el.png HTTP/1.1" 200 1637
68.234.221.21 - - [07/Mar/2025:03:04:19 +0100] "GET /ticket2/opencms/img/icons/et.png HTTP/1.1" 200 754
68.234.221.21 - - [07/Mar/2025:03:04:19 +0100] "GET /ticket2/opencms/img/icons/cs.png HTTP/1.1" 200 1883
68.234.221.21 - - [07/Mar/2025:03:04:19 +0100] "GET /ticket2/opencms/img/icons/ka.png HTTP/1.1" 200 860
68.234.221.21 - - [07/Mar/2025:03:04:19 +0100] "GET /ticket2/opencms/img/icons/hu.png HTTP/1.1" 200 733
68.234.221.21 - - [07/Mar/2025:03:04:19 +0100] "GET /ticket2/opencms/img/icons/is.png HTTP/1.1" 200 1884
68.234.221.21 - - [07/Mar/2025:03:04:19 +0100] "GET /ticket2/opencms/img/icons/lv.png HTTP/1.1" 200 716
68.234.221.21 - - [07/Mar/2025:03:04:19 +0100] "GET /ticket2/opencms/img/icons/lt.png HTTP/1.1" 200 733
68.234.221.21 - - [07/Mar/2025:03:04:19 +0100] "GET /ticket2/opencms/img/icons/ga.png HTTP/1.1" 200 1759
68.234.221.21 - - [07/Mar/2025:03:04:20 +0100] "GET /ticket2/opencms/img/icons/mo.png HTTP/1.1" 200 1468
68.234.221.21 - - [07/Mar/2025:03:04:20 +0100] "GET /ticket2/opencms/img/icons/mt.png HTTP/1.1" 200 920
68.234.221.21 - - [07/Mar/2025:03:04:20 +0100] "GET /ticket2/opencms/img/icons/ro.png HTTP/1.1" 200 1393
68.234.221.21 - - [07/Mar/2025:03:04:20 +0100] "GET /ticket2/opencms/img/icons/sr.png HTTP/1.1" 200 1602
68.234.221.21 - - [07/Mar/2025:03:04:20 +0100] "GET /ticket2/opencms/img/icons/sk.png HTTP/1.1" 200 1283
68.234.221.21 - - [07/Mar/2025:03:04:20 +0100] "GET /ticket2/opencms/img/icons/sl.png HTTP/1.1" 200 966
68.234.221.21 - - [07/Mar/2025:03:04:20 +0100] "GET /ticket2/opencms/img/icons/uk.png HTTP/1.1" 200 1272
68.234.221.21 - - [07/Mar/2025:03:04:20 +0100] "GET /ticket2/opencms/img/icons/tr.png HTTP/1.1" 200 1636
68.234.221.21 - - [07/Mar/2025:03:04:20 +0100] "GET /ticket2/opencms/img/icons/ticket2.thumbnail.png HTTP/1.1" 200 21519
68.234.221.21 - - [07/Mar/2025:03:04:20 +0100] "GET /ticket2/opencms/system/modules/com.gridnine.opencms.ticketbrokerage.site/resources/js/standard.js HTTP/1.1" 200 3983
68.234.221.21 - - [07/Mar/2025:03:04:22 +0100] "GET /ticket2/opencms/favicon.ico HTTP/1.1" 200 15406
95.217.114.173 - - [07/Mar/2025:03:04:23 +0100] "GET /ticket2/opencms/fi/buy/?page=1&edid=2096BE1D-48B0-E2D6-CB01-069EE7823190 HTTP/1.1" 200 108295
68.234.221.21 - - [07/Mar/2025:03:04:23 +0100] "GET /ticket2/opencms/en/buy/?page=1&edid=46F37BE7-B2F6-BEA5-12C9-E1FFD36B0DD0&hlv=668678b9-78b0-4db7-81e0-7c9a0a01000f HTTP/1.1" 200 117361
68.234.221.21 - - [07/Mar/2025:03:04:24 +0100] "GET /ticket2/opencms/en/ask-form.html HTTP/1.1" 200 3146
192.99.36.61 - - [07/Mar/2025:03:04:25 +0100] "GET /ticket2/opencms/dk/ru/buy/?page=1&edid=2236E088-FD20-1D85-5B5C-965B7823FDFE&sortorder=asc&column=section HTTP/1.1" 404 -
217.182.134.134 - - [07/Mar/2025:03:04:29 +0100] "GET /ticket2/opencms/robots.txt HTTP/1.1" 200 773
95.217.114.173 - - [07/Mar/2025:03:04:30 +0100] "GET /ticket2/opencms/fi/buy/?page=1&edid=20B8D1AD-64EC-73DF-B539-29EE3CA0D338 HTTP/1.1" 200 111436
194.120.230.215 - - [07/Mar/2025:03:04:31 +0100] "GET /cgi-bin/luci/;stok=/locale HTTP/1.1" 404 -
217.182.134.134 - - [07/Mar/2025:03:04:33 +0100] "GET /ticket2/opencms/en/magazine/article?title=arsenal-is-closing-in-on-liverpool HTTP/1.1" 200 91288
114.119.150.22 - - [07/Mar/2025:03:04:33 +0100] "GET /ticket2/opencms/en/buy/?page=1&edid=FEB03BB6-02B5-C800-F6B0-987523006767 HTTP/1.1" 200 88656
185.191.171.14 - - [07/Mar/2025:03:04:35 +0100] "GET /ticket2/opencms/sv/magazine/article?title=linoel-messis-sista-sasong HTTP/1.1" 200 94413
185.191.171.9 - - [07/Mar/2025:03:04:36 +0100] "GET /ticket2/opencms/uk/magazine/article?title=kylian-mbappe HTTP/1.1" 200 94269
217.182.134.134 - - [07/Mar/2025:03:04:38 +0100] "GET /ticket2/opencms/en/magazine/article?title=michail-antonio-injured-after-car-accident HTTP/1.1" 200 91969
192.99.36.61 - - [07/Mar/2025:03:04:38 +0100] "GET /ticket2/opencms/dk/ru/buy/?page=1&edid=2236E088-FD20-1D85-5B5C-965B7823FDFE&sortorder=desc&column=price HTTP/1.1" 404 -
85.208.96.205 - - [07/Mar/2025:03:04:39 +0100] "GET /ticket2/opencms/sv/sport/hockeybiljetter/nhl/Minnesota-Wild/ HTTP/1.1" 500 -
45.156.128.61 - - [07/Mar/2025:03:04:40 +0100] "GET / HTTP/1.1" 404 -
217.182.134.134 - - [07/Mar/2025:03:04:41 +0100] "GET /ticket2/opencms/fi/magazine/article?title=arsenal-lahestyy-liverpoolia HTTP/1.1" 200 93184
40.77.167.7 - - [07/Mar/2025:03:04:41 +0100] "GET /ticket2/opencms/en/buy?page=1&edid=D06F539B-6C6E-B2BD-7ADD-88707F5FFDEE HTTP/1.1" 200 110556
95.217.114.173 - - [07/Mar/2025:03:04:41 +0100] "GET /ticket2/opencms/fi/buy/?page=1&edid=20D0A50F-DC01-8C36-3990-4CFF36FD7BF1 HTTP/1.1" 200 111228
85.208.96.206 - - [07/Mar/2025:03:04:42 +0100] "GET /ticket2/opencms/el/login/?url=%25252Fel%25252Fsell%25252F HTTP/1.1" 200 93403
114.119.143.233 - - [07/Mar/2025:03:04:45 +0100] "GET /ticket2/opencms/de/buy?page=1&=65603CB8-D89B-8162-91B3-4F3F1A541713 HTTP/1.1" 200 -
40.77.167.116 - - [07/Mar/2025:03:04:45 +0100] "GET /ticket2/opencms/tb/opencms/en/archive/events/wicked/2007_06_16_19_30/ HTTP/1.1" 404 -
66.249.65.35 - - [07/Mar/2025:03:04:47 +0100] "GET /ticket2/opencms/fi/venue/?venueid=70AA4849-07BC-CB86-8CD6-03E82E5FE632 HTTP/1.1" 200 86808
217.182.134.134 - - [07/Mar/2025:03:04:47 +0100] "GET /ticket2/opencms/fi/magazine/article?title=michail-antonio-loukkaantui-autokolarissa HTTP/1.1" 200 93691
68.234.221.21 - - [07/Mar/2025:03:04:48 +0100] "GET /ticket2/opencms/en/buy?page=2&sodvid=668678b9-4110-4b3c-9a97-7c9a0a01000f HTTP/1.1" 200 124172
68.234.221.21 - - [07/Mar/2025:03:04:48 +0100] "GET /ticket2/opencms/system/modules/com.gridnine.opencms.ticketbrokerage.site/resources/css/ticketbrokerage.css HTTP/1.1" 200 39339
68.234.221.21 - - [07/Mar/2025:03:04:48 +0100] "GET /ticket2/opencms/system/modules/com.gridnine.opencms.ticketbrokerage.site/resources/css/calendar.css HTTP/1.1" 200 6871
68.234.221.21 - - [07/Mar/2025:03:04:48 +0100] "GET /ticket2/opencms/system/modules/com.gridnine.opencms.ticketbrokerage.site/resources/css/standard.css HTTP/1.1" 200 74449
68.234.221.21 - - [07/Mar/2025:03:04:49 +0100] "GET /ticket2/opencms/system/modules/com.gridnine.opencms.ticketbrokerage.site/resources/js/calendar.js HTTP/1.1" 200 49229
68.234.221.21 - - [07/Mar/2025:03:04:49 +0100] "GET /ticket2/opencms/system/modules/com.gridnine.opencms.ticketbrokerage.site/resources/js/calendar-setup.js HTTP/1.1" 200 4923
68.234.221.21 - - [07/Mar/2025:03:04:49 +0100] "GET /ticket2/opencms/system/modules/com.gridnine.opencms.ticketbrokerage.site/resources/js/calendar-en.js HTTP/1.1" 200 3338
68.234.221.21 - - [07/Mar/2025:03:04:49 +0100] "GET /ticket2/opencms/system/modules/com.gridnine.opencms.ticketbrokerage.site/resources/js/functions.js HTTP/1.1" 200 1583
68.234.221.21 - - [07/Mar/2025:03:04:49 +0100] "GET /ticket2/opencms/system/modules/com.gridnine.opencms.ticketbrokerage.site/resources/js/standard.js HTTP/1.1" 200 3983
114.119.152.134 - - [07/Mar/2025:03:04:49 +0100] "GET /ticket2/opencms/ru/buy/?page=1&edid=5E9AF950-B6C9-F1E1-A899-5C14154503B5 HTTP/1.1" 200 110196
68.234.221.21 - - [07/Mar/2025:03:04:49 +0100] "GET /ticket2/opencms/img/icons/hy.png HTTP/1.1" 200 1170
68.234.221.21 - - [07/Mar/2025:03:04:49 +0100] "GET /ticket2/opencms/img/icons/mk.png HTTP/1.1" 200 1405
95.217.114.173 - - [07/Mar/2025:03:04:49 +0100] "GET /ticket2/opencms/fi/buy/?page=1&edid=211429E0-D08B-1E8E-1EA3-8D59AD6D932A HTTP/1.1" 200 111609
192.99.36.61 - - [07/Mar/2025:03:04:52 +0100] "GET /ticket2/opencms/dk/ru/buy/?page=1&edid=2236E088-FD20-1D85-5B5C-965B7823FDFE&sortorder=desc&column=row HTTP/1.1" 404 -
85.208.96.198 - - [07/Mar/2025:03:04:52 +0100] "GET /ticket2/opencms/hr/magazine/article?title=ep-igraci-koji-se-isticu HTTP/1.1" 200 92935
95.217.114.173 - - [07/Mar/2025:03:04:54 +0100] "GET /ticket2/opencms/fi/buy/?page=1&edid=218B4836-28FD-C72A-82AC-AAD1AAADA47F HTTP/1.1" 200 111638
114.119.159.237 - - [07/Mar/2025:03:04:55 +0100] "GET /ticket2/opencms/it/magazine/article?title=termini-comuni-nel-calcio HTTP/1.1" 200 98762
217.182.134.134 - - [07/Mar/2025:03:04:57 +0100] "GET /ticket2/opencms/no/buy/?page=1&edid=A0FFAF50-E61F-DDD9-D6DC-77947313B0DE HTTP/1.1" 200 117901
173.252.87.9 - - [07/Mar/2025:03:04:57 +0100] "GET /ticket2/opencms/mo/buy?page=1&edid=1BDE69E9-911B-D7B1-5E4E-80296443BB3B HTTP/1.1" 200 108769
95.217.114.173 - - [07/Mar/2025:03:05:01 +0100] "GET /ticket2/opencms/fi/buy/?page=1&edid=21C8DB8D-DFD4-1501-BB0D-A46B665FA023 HTTP/1.1" 200 111598
68.234.221.21 - - [07/Mar/2025:03:05:03 +0100] "GET /ticket2/opencms/en/buy/?page=1&edid=46F37BE7-B2F6-BEA5-12C9-E1FFD36B0DD0&hlv=668678b9-78b0-4db7-81e0-7c9a0a01000f HTTP/1.1" 200 117413
68.234.221.21 - - [07/Mar/2025:03:05:03 +0100] "GET /ticket2/opencms/en/ask-form.html HTTP/1.1" 200 3146
192.99.36.61 - - [07/Mar/2025:03:05:04 +0100] "GET /ticket2/opencms/dk/ru/buy/?page=1&edid=2236E088-FD20-1D85-5B5C-965B7823FDFE&sortorder=desc&column=section HTTP/1.1" 404 -
185.191.171.13 - - [07/Mar/2025:03:05:07 +0100] "GET /ticket2/opencms/bg/magazine/article?title=chelsea-spechelili-shest-titli-ot-premiur-lijg HTTP/1.1" 200 97342
20.171.207.36 - - [07/Mar/2025:03:05:07 +0100] "GET /ticket2/opencms/cs/sport/fotbalove-listky/premier-league/brighton/ HTTP/1.1" 200 102398
114.119.130.210 - - [07/Mar/2025:03:05:08 +0100] "GET /ticket2/opencms/en/buy/?page=1&edid=A27091AD-1422-96A9-33A7-74A8DECA25F3 HTTP/1.1" 200 132838
217.182.134.134 - - [07/Mar/2025:03:05:08 +0100] "GET /ticket2/opencms/no/buy/?page=1&edid=ACE9CA7D-7806-FEA9-5C42-376512A5CAAD HTTP/1.1" 200 110051
185.191.171.17 - - [07/Mar/2025:03:05:08 +0100] "GET /ticket2/opencms/bs/magazine/article?title=legenda-u-zestokoj-raspravi-sa-navijacem HTTP/1.1" 200 93848
95.217.114.173 - - [07/Mar/2025:03:05:10 +0100] "GET /ticket2/opencms/fi/buy/?page=1&edid=21CACDC7-0438-FD22-526F-6D42C4B91AF7 HTTP/1.1" 200 90260
66.249.76.169 - - [07/Mar/2025:03:05:13 +0100] "GET /ticket2/opencms/is/sport/fotbolti/eredivisie HTTP/1.1" 500 -
85.208.96.195 - - [07/Mar/2025:03:05:14 +0100] "GET /ticket2/opencms/sk/magazine/article?title=michail-antonio-zraneny-po-autonehode HTTP/1.1" 200 93750
192.99.36.61 - - [07/Mar/2025:03:05:15 +0100] "GET /ticket2/opencms/dk/ru/buy/?page=1&edid=23462A4C-8725-82B5-7A63-462FC0C8A36E&sortorder=asc&column=price HTTP/1.1" 404 -
85.208.96.194 - - [07/Mar/2025:03:05:17 +0100] "GET /ticket2/opencms/it/magazine/article?title=una-partita-drammatica-tra-tottenham-e-chelsea HTTP/1.1" 200 94687
217.182.134.134 - - [07/Mar/2025:03:05:17 +0100] "GET /ticket2/opencms/no/buy/?page=1&edid=C2472D62-5082-1F11-D8B7-FFCB03AF0060 HTTP/1.1" 200 110000
95.217.114.173 - - [07/Mar/2025:03:05:18 +0100] "GET /ticket2/opencms/fi/buy/?page=1&edid=21DDF026-395A-14FF-DE96-897AC395B24D HTTP/1.1" 200 111620
40.77.167.116 - - [07/Mar/2025:03:05:21 +0100] "GET /ticket2/opencms/sr/buy?page=1&edid=3BB51AAD-3736-373D-6BC1-C6D862EB3612 HTTP/1.1" 200 109000
185.191.171.19 - - [07/Mar/2025:03:05:24 +0100] "GET /ticket2/opencms/en/sport/football-tickets/premier_league/manchester_city/ HTTP/1.1" 200 99569
192.99.36.61 - - [07/Mar/2025:03:05:26 +0100] "GET /ticket2/opencms/dk/ru/buy/?page=1&edid=23462A4C-8725-82B5-7A63-462FC0C8A36E&sortorder=asc&column=row HTTP/1.1" 404 -
95.217.114.173 - - [07/Mar/2025:03:05:27 +0100] "GET /ticket2/opencms/fi/buy/?page=1&edid=21EF92CB-3081-F814-3BC2-7D65056D85F1 HTTP/1.1" 200 112264
40.77.167.116 - - [07/Mar/2025:03:05:27 +0100] "GET /ticket2/opencms/bs/buy/?page=1&edid=8B2EF130-37EC-A547-CC41-754692687217 HTTP/1.1" 200 112373
217.182.134.134 - - [07/Mar/2025:03:05:30 +0100] "GET /ticket2/opencms/no/buy/?page=1&edid=DA6CC5BF-D136-7366-202C-2FA8DA7045EB HTTP/1.1" 200 107857
40.77.167.7 - - [07/Mar/2025:03:05:34 +0100] "GET /ticket2/opencms/is/buy?page=1&edid=0E5CFE5B-9883-17F0-A4D7-33AFCC0366D8 HTTP/1.1" 200 111749
114.119.141.178 - - [07/Mar/2025:03:05:34 +0100] "GET /ticket2/opencms/de/buy?page=1&=39CE598D-FC19-9CD8-F22D-3F7964FACAB9 HTTP/1.1" 200 -
185.191.171.19 - - [07/Mar/2025:03:05:34 +0100] "GET /ticket2/opencms/nl/magazine/article?title=zweedse-talent-lucas-bergvall-klaar-voor-tottenham-hotspur HTTP/1.1" 200 93468
66.249.65.195 - - [07/Mar/2025:03:05:36 +0100] "GET /ticket2/opencms/sk/buy?page=1&edid=6DAF9AA5-10E5-2BC4-F656-329799DE3F62 HTTP/1.1" 200 112002
95.217.114.173 - - [07/Mar/2025:03:05:36 +0100] "GET /ticket2/opencms/fi/buy/?page=1&edid=224F662B-A1CC-507D-B0F2-9E6838D507BC HTTP/1.1" 200 108414
66.249.65.233 - - [07/Mar/2025:03:05:37 +0100] "GET /ticket2/opencms/et/buy?page=1&edid=32221081-B4D2-47EE-3316-CF1A694236FC HTTP/1.1" 200 121398
192.99.36.61 - - [07/Mar/2025:03:05:37 +0100] "GET /ticket2/opencms/dk/ru/buy/?page=1&edid=23462A4C-8725-82B5-7A63-462FC0C8A36E&sortorder=asc&column=section HTTP/1.1" 404 -
217.182.134.134 - - [07/Mar/2025:03:05:38 +0100] "GET /ticket2/opencms/no/buy/?page=1&edid=FB9F4ED8-C630-5135-3D9B-F4FFAB39B4C4 HTTP/1.1" 200 113637
66.249.65.196 - - [07/Mar/2025:03:05:38 +0100] "GET /ticket2/opencms/is/sport/fotbolti/la-liga HTTP/1.1" 200 104341
95.217.114.173 - - [07/Mar/2025:03:05:43 +0100] "GET /ticket2/opencms/fi/buy/?page=1&edid=2257C75C-BA42-2AAA-5AB5-C3F917CC9AC1 HTTP/1.1" 200 112367
89.58.17.216 - - [07/Mar/2025:03:05:43 +0100] "GET /ticket2/opencms/en/buy/?page=1&edid=268D8165-50F1-AAA8-6C6A-3ABAD53C8B35 HTTP/1.1" 200 109941
66.249.65.233 - - [07/Mar/2025:03:05:45 +0100] "GET /ticket2/opencms/system/modules/com.gridnine.opencms.ticketbrokerage.site/resources/js/jquery.fancybox.pack.js HTTP/1.1" 200 23187
40.77.167.116 - - [07/Mar/2025:03:05:47 +0100] "GET /ticket2/opencms/nl/?page=6&comcatid=A17713B6-D984-201A-4143-ED4DB5ED5C2E&catid=D8B345C9-F7A5-E620-4B43-C34EB0D6885B&eventid=5FF016E6-EE6E-EC4B-33C6-3CE328714E1F HTTP/1.1" 200 102981
95.217.114.173 - - [07/Mar/2025:03:05:48 +0100] "GET /ticket2/opencms/fi/buy/?page=1&edid=225EBDAE-DA43-2249-1F72-914030C7DA59 HTTP/1.1" 200 111694
85.208.96.202 - - [07/Mar/2025:03:05:48 +0100] "GET /ticket2/opencms/uk/magazine/article?title=em-players-who-stand-out HTTP/1.1" 200 94665
217.182.134.134 - - [07/Mar/2025:03:05:51 +0100] "GET /ticket2/opencms/no/buy/?page=6&comcatid=0A6B8208-FDA4-E929-9D72-5312FD481B76&catid=53E7B32E-5CAA-6CE7-D6AA-FFC41D70EE01&eventid=E010BE26-3615-14E4-6EBC-71A4D489C2B0 HTTP/1.1" 200 104766
95.217.114.173 - - [07/Mar/2025:03:05:51 +0100] "GET /ticket2/opencms/fi/buy/?page=1&edid=225FD401-1824-1FBE-3961-A1A10F32A311 HTTP/1.1" 200 108442
114.119.155.118 - - [07/Mar/2025:03:05:53 +0100] "GET /ticket2/opencms/ru/buy/?page=1&edid=3C7EBEA7-7266-C804-23AD-B0064BA349FA HTTP/1.1" 200 106947
114.119.146.220 - - [07/Mar/2025:03:05:53 +0100] "GET /ticket2/opencms/en/buy/?page=1&edid=FD07C4FF-E005-F7AC-1971-C63365D09101 HTTP/1.1" 200 106796
95.217.114.173 - - [07/Mar/2025:03:05:59 +0100] "GET /ticket2/opencms/fi/buy/?page=1&edid=22AC4A95-2CD1-FED9-FA96-6996ADA21A0F HTTP/1.1" 200 110538
192.99.36.61 - - [07/Mar/2025:03:06:01 +0100] "GET /ticket2/opencms/dk/ru/buy/?page=1&edid=2378B1DF-05D3-A4D5-C075-773EAEDDDB51&sortorder=asc&column=price HTTP/1.1" 404 -
217.182.134.134 - - [07/Mar/2025:03:06:04 +0100] "GET /ticket2/opencms/no/buy/?page=6&comcatid=97ECA65A-72DA-F9AF-9DBB-245D3CFED1BE&catid=F7F89B9B-6697-7881-54AE-4C39276BF1B8 HTTP/1.1" 200 97808
20.171.207.36 - - [07/Mar/2025:03:06:04 +0100] "GET /ticket2/opencms/sq/sport/bileta-per-futboll/champions-league/cska HTTP/1.1" 404 -
95.217.114.173 - - [07/Mar/2025:03:06:05 +0100] "GET /ticket2/opencms/fi/buy/?page=1&edid=22C63B7D-E2A1-29A9-0605-7ABAF31BD16E HTTP/1.1" 200 110796
47.128.24.9 - - [07/Mar/2025:03:06:06 +0100] "GET /ticket2/opencms/is/login HTTP/1.1" 200 91673
40.77.167.116 - - [07/Mar/2025:03:06:07 +0100] "GET /ticket2/opencms/dk/venue/?venueid=AE59E0F8-4B65-A12C-F3A1-6436CF8F3E4C HTTP/1.1" 200 85847
95.217.114.173 - - [07/Mar/2025:03:06:13 +0100] "GET /ticket2/opencms/fi/buy/?page=1&edid=22EC4137-73E0-6CCE-0699-2175D4DB160A HTTP/1.1" 200 111455
40.77.167.50 - - [07/Mar/2025:03:06:14 +0100] "GET /ticket2/opencms/sv/sport/hockeybiljetter/nhl/Arizona_Coyotes/ HTTP/1.1" 500 -
40.77.167.41 - - [07/Mar/2025:03:06:18 +0100] "GET /ticket2/opencms/de/buy/?page=1&edid=4A2B37C9-3D90-F2FE-13EA-D5249A2BEA8E HTTP/1.1" 200 89897
114.119.141.178 - - [07/Mar/2025:03:06:19 +0100] "GET /ticket2/opencms/cs/buy?page=1&edid=F6EE5063-B91C-530F-6451-D3ADF6F7C5D5 HTTP/1.1" 200 108639
217.182.134.134 - - [07/Mar/2025:03:06:21 +0100] "GET /ticket2/opencms/no/buy/?page=6&comcatid=A17713B6-D984-201A-4143-ED4DB5ED5C2E&catid=06324577-7173-BAB0-146D-E644C912F7C1&eventid=09F73536-3F40-4CAF-9388-547526104CA1 HTTP/1.1" 200 111358
95.217.114.173 - - [07/Mar/2025:03:06:21 +0100] "GET /ticket2/opencms/fi/buy/?page=1&edid=23462A4C-8725-82B5-7A63-462FC0C8A36E HTTP/1.1" 200 112141
66.249.76.166 - - [07/Mar/2025:03:06:22 +0100] "GET /ticket2/opencms/et/buy?page=1&edid=C64002B7-B7A3-A646-1770-7E79C914EDA5 HTTP/1.1" 200 135081
185.191.171.17 - - [07/Mar/2025:03:06:25 +0100] "GET /ticket2/opencms/lt/sport/futbolo-bilietai/english-championship/birmingham-city HTTP/1.1" 404 -
95.217.114.173 - - [07/Mar/2025:03:06:27 +0100] "GET /ticket2/opencms/fi/buy/?page=1&edid=23770E06-A1F8-76AF-8450-3A3BE236B915 HTTP/1.1" 200 111224
66.249.65.237 - - [07/Mar/2025:03:06:27 +0100] "GET /ticket2/opencms/en/buy?page=1&edid=66C22035-E7EA-E10A-4BFC-2C30733037DC HTTP/1.1" 200 134246
95.217.114.173 - - [07/Mar/2025:03:06:34 +0100] "GET /ticket2/opencms/fi/buy/?page=1&edid=237937AD-4CC8-5A4A-5728-6EA6ACA2A8B4 HTTP/1.1" 200 108411
192.99.36.61 - - [07/Mar/2025:03:06:35 +0100] "GET /ticket2/opencms/dk/ru/buy/?page=1&edid=2378B1DF-05D3-A4D5-C075-773EAEDDDB51&sortorder=asc&column=section HTTP/1.1" 404 -
69.171.249.4 - - [07/Mar/2025:03:06:36 +0100] "GET /ticket2/opencms/de/buy?page=1&edid=92DF4928-935F-6F67-3394-E1ED2A861E35 HTTP/1.1" 200 111465
47.128.19.248 - - [07/Mar/2025:03:06:36 +0100] "GET /ticket2/opencms/et/buy/?edid=E1D17E6B-9491-FB54-F578-EF7CB536A051 HTTP/1.1" 200 91616
114.119.150.49 - - [07/Mar/2025:03:06:38 +0100] "GET /ticket2/opencms/it/magazine/article?title=fc-tottenham-hotspur HTTP/1.1" 200 92117
95.217.114.173 - - [07/Mar/2025:03:06:41 +0100] "GET /ticket2/opencms/fi/buy/?page=1&edid=238FA49B-72B2-BE0E-F204-90EDB39CCE4C HTTP/1.1" 200 111005
52.167.144.203 - - [07/Mar/2025:03:06:43 +0100] "GET /ticket2/opencms/en/buy/?page=1&edid=E228E827-C3F3-E54C-4392-201194CCC59C HTTP/1.1" 200 88620
114.119.153.152 - - [07/Mar/2025:03:06:44 +0100] "GET /ticket2/opencms/en/buy/?page=1&edid=56DAEAFB-0B67-F7AF-0BA9-7E706208996B HTTP/1.1" 200 109106
192.99.36.61 - - [07/Mar/2025:03:06:47 +0100] "GET /ticket2/opencms/dk/ru/buy/?page=1&edid=2378B1DF-05D3-A4D5-C075-773EAEDDDB51&sortorder=desc&column=price HTTP/1.1" 404 -
95.217.114.173 - - [07/Mar/2025:03:06:48 +0100] "GET /ticket2/opencms/fi/buy/?page=1&edid=23D7FD2C-27AD-2624-2564-DE4AA8FD53DE HTTP/1.1" 200 112101
20.171.207.36 - - [07/Mar/2025:03:06:53 +0100] "GET /ticket2/opencms/uk/sport/kvytky-na-futbol/fa-cup HTTP/1.1" 404 -
114.119.148.14 - - [07/Mar/2025:03:06:56 +0100] "GET /ticket2/opencms/en/buy/?page=1&edid=FC303EBD-5096-3CBD-F53F-40405A5B8114 HTTP/1.1" 200 106807
95.217.114.173 - - [07/Mar/2025:03:06:57 +0100] "GET /ticket2/opencms/fi/buy/?page=1&edid=23F0F026-6FB2-933B-FBB7-AB314482896C HTTP/1.1" 200 112141
114.119.130.61 - - [07/Mar/2025:03:06:57 +0100] "GET /ticket2/opencms/en/buy/?page=1&edid=7A0F0D40-9DB7-378F-AD47-13D628B3BD24 HTTP/1.1" 200 106727
114.119.154.207 - - [07/Mar/2025:03:06:59 +0100] "GET /ticket2/opencms/ru/buy/?page=1&edid=36B8587B-9BD4-1599-9368-E59F9780F9A9 HTTP/1.1" 200 8488
192.99.36.61 - - [07/Mar/2025:03:07:01 +0100] "GET /ticket2/opencms/dk/ru/buy/?page=1&edid=2378B1DF-05D3-A4D5-C075-773EAEDDDB51&sortorder=desc&column=row HTTP/1.1" 404 -
47.128.30.217 - - [07/Mar/2025:03:07:01 +0100] "GET /ticket2/opencms/sv/buy?edid=100B7BEC-24E7-7E43-4295-F9FDC77048A6 HTTP/1.1" 200 91281
114.119.153.152 - - [07/Mar/2025:03:07:02 +0100] "GET /ticket2/opencms/cs/buy?page=1&=9B400594-B20F-D479-4D4E-A3F53A22DCA4 HTTP/1.1" 200 -
85.208.96.199 - - [07/Mar/2025:03:07:03 +0100] "GET /ticket2/opencms/no/buy?page=1 HTTP/1.1" 200 -
95.217.114.173 - - [07/Mar/2025:03:07:03 +0100] "GET /ticket2/opencms/fi/buy/?page=1&edid=23F1E85E-708D-D2AE-21D5-FAE0E54B224E HTTP/1.1" 200 111132
85.208.96.208 - - [07/Mar/2025:03:07:05 +0100] "GET /ticket2/opencms/fi/urheilu/hockey/ HTTP/1.1" 200 -
217.182.175.38 - - [07/Mar/2025:03:07:08 +0100] "GET /ticket2/opencms/dk/robots.txt HTTP/1.1" 404 -
95.217.114.173 - - [07/Mar/2025:03:07:09 +0100] "GET /ticket2/opencms/fi/buy/?page=1&edid=24033EBD-A7D9-1504-4E84-E5D2D469E2D5 HTTP/1.1" 200 110517
185.191.171.18 - - [07/Mar/2025:03:07:10 +0100] "GET /ticket2/opencms/tr/ HTTP/1.1" 200 105650
114.119.153.152 - - [07/Mar/2025:03:07:12 +0100] "GET /ticket2/opencms/bs/buy?page=1&=9F816199-B4A6-FFAD-81E4-AF2B5EAA24D6 HTTP/1.1" 200 -
95.217.114.173 - - [07/Mar/2025:03:07:13 +0100] "GET /ticket2/opencms/fi/buy/?page=1&edid=243EB3E1-5742-2E61-6FE1-9C31B1193B60 HTTP/1.1" 200 111657
192.99.36.61 - - [07/Mar/2025:03:07:14 +0100] "GET /ticket2/opencms/dk/ru/buy/?page=1&edid=2378B1DF-05D3-A4D5-C075-773EAEDDDB51&sortorder=desc&column=section HTTP/1.1" 404 -
66.249.65.196 - - [07/Mar/2025:03:07:15 +0100] "GET /ticket2/opencms/az/buy/?page=1&edid=3E86A9D2-1F76-94AC-46C5-9F4298C72DA0 HTTP/1.1" 200 112775
40.77.167.9 - - [07/Mar/2025:03:07:16 +0100] "GET /ticket2/opencms/uk/buy/?page=1&edid=FBCB4DB4-95C2-2162-161E-CFE6F76BC5CD HTTP/1.1" 200 110931
66.249.76.2 - - [07/Mar/2025:03:07:17 +0100] "GET /ticket2/opencms/sv/buy/?page=1&edid=8C15C2A6-6F0D-F124-996B-0D6AF34B41CB HTTP/1.1" 200 108064
40.77.167.9 - - [07/Mar/2025:03:07:17 +0100] "GET /ticket2/opencms/cs/buy?page=1&edid=D3E6C2F9-4CAF-1B40-D36E-B189A0DFCA56 HTTP/1.1" 200 111757
66.249.65.195 - - [07/Mar/2025:03:07:18 +0100] "GET /ticket2/opencms/ro/buy?page=1&edid=D474FB0B-C3F6-48EF-274D-DD0DE7C305C1 HTTP/1.1" 200 111022
161.97.130.75 - - [07/Mar/2025:03:07:18 +0100] "GET /ticket2/opencms/robots.txt HTTP/1.1" 200 773
217.182.175.38 - - [07/Mar/2025:03:07:18 +0100] "GET /ticket2/opencms/dk/dk/buy/?page=1&edid=0C5C9043-4446-42CC-4F8E-C746AC0B1F53&sortorder=asc&column=row HTTP/1.1" 404 -
95.217.114.173 - - [07/Mar/2025:03:07:20 +0100] "GET /ticket2/opencms/fi/buy/?page=1&edid=246C985E-FEEB-2661-C5F8-A8B3FD9C9EA0 HTTP/1.1" 200 111150
114.119.136.146 - - [07/Mar/2025:03:07:20 +0100] "GET /ticket2/opencms/en/sell/?edid=779DCE22-7865-5C8E-54FB-44794C9B955F HTTP/1.1" 302 -
66.249.65.195 - - [07/Mar/2025:03:07:21 +0100] "GET /ticket2/opencms/ga/?page=6&comcatid=A17713B6-D984-201A-4143-ED4DB5ED5C2E&catid=D8B345C9-F7A5-E620-4B43-C34EB0D6885B&eventid=79608D61-AAF5-D175-02C0-7A0FB72F565C HTTP/1.1" 200 105763
192.99.36.61 - - [07/Mar/2025:03:07:24 +0100] "GET /ticket2/opencms/dk/ru/buy/?page=1&edid=244792DB-2B95-DDFE-17C6-89F982F2033C HTTP/1.1" 404 -
114.119.136.146 - - [07/Mar/2025:03:07:25 +0100] "GET /ticket2/opencms/en/login/?url=/en/sell/ HTTP/1.1" 200 90203
66.220.149.24 - - [07/Mar/2025:03:07:26 +0100] "GET /ticket2/opencms/en/buy/?page=1&edid=EEAC8E12-92AA-F0EF-B799-26ACAA3ACC20 HTTP/1.1" 200 110059
85.208.96.195 - - [07/Mar/2025:03:07:28 +0100] "GET /ticket2/opencms/hu/magazine/article?title=abdul-fatawu-a-szezon-hatralevo-reszeben-nem-jatszhat HTTP/1.1" 200 95221
95.217.114.173 - - [07/Mar/2025:03:07:29 +0100] "GET /ticket2/opencms/fi/buy/?page=1&edid=24A0474C-0E94-45BE-FC4D-B791EA0F3040 HTTP/1.1" 200 111105
217.182.175.38 - - [07/Mar/2025:03:07:30 +0100] "GET /ticket2/opencms/dk/dk/buy/?page=1&edid=0FD8C94D-BC20-A9A1-B75F-6B50E0D9D5B1&sortorder=desc&column=price HTTP/1.1" 404 -
95.217.114.173 - - [07/Mar/2025:03:07:33 +0100] "GET /ticket2/opencms/fi/buy/?page=1&edid=24B0C902-6FB7-7278-965E-8EF0FF240741 HTTP/1.1" 200 112344
192.99.36.61 - - [07/Mar/2025:03:07:35 +0100] "GET /ticket2/opencms/dk/ru/buy/?page=1&edid=24AF829E-10D1-5180-8437-2DA5F16AB60A&sortorder=asc&column=row HTTP/1.1" 404 -
40.77.167.116 - - [07/Mar/2025:03:07:35 +0100] "GET /ticket2/opencms/is/buy/?page=1&edid=9C1548C2-2CCF-2559-E7B7-7E11B3528A6D HTTP/1.1" 200 108638
185.191.171.15 - - [07/Mar/2025:03:07:37 +0100] "GET /ticket2/opencms/it/magazine/article?title=campionato-europeo-di-calcio-2024 HTTP/1.1" 200 89370
217.182.175.38 - - [07/Mar/2025:03:07:40 +0100] "GET /ticket2/opencms/dk/dk/buy/?page=1&edid=0FD8C94D-BC20-A9A1-B75F-6B50E0D9D5B1&sortorder=desc&column=row HTTP/1.1" 404 -
95.217.114.173 - - [07/Mar/2025:03:07:40 +0100] "GET /ticket2/opencms/fi/buy/?page=1&edid=24E797AC-F1A2-3631-6E04-E34EA5A8D055 HTTP/1.1" 200 110390
114.119.154.81 - - [07/Mar/2025:03:07:41 +0100] "GET /ticket2/opencms/es/buy/?page=1&edid=D8011C50-93A6-4225-F35F-417FEFE3121C HTTP/1.1" 200 90270
161.97.130.75 - - [07/Mar/2025:03:07:43 +0100] "GET /ticket2/opencms/en/login/?edid=01E41408-AB56-3A6A-EAEA-5426D6E9DD0E HTTP/1.1" 200 90169
192.99.36.61 - - [07/Mar/2025:03:07:46 +0100] "GET /ticket2/opencms/dk/ru/buy/?page=1&edid=25940A12-F866-A7C9-6C96-DEDE800C5703 HTTP/1.1" 404 -
20.171.207.36 - - [07/Mar/2025:03:07:47 +0100] "GET /ticket2/opencms/uk/sport/kvytky-na-futbol/ligue-1 HTTP/1.1" 500 -
95.217.114.173 - - [07/Mar/2025:03:07:48 +0100] "GET /ticket2/opencms/fi/buy/?page=1&edid=253B1F31-B62B-424E-6294-5D538B554A8C HTTP/1.1" 200 110570
217.182.175.38 - - [07/Mar/2025:03:07:49 +0100] "GET /ticket2/opencms/dk/dk/buy/?page=1&edid=0FD8C94D-BC20-A9A1-B75F-6B50E0D9D5B1&sortorder=desc&column=section HTTP/1.1" 404 -
114.119.139.202 - - [07/Mar/2025:03:07:49 +0100] "GET /ticket2/opencms/es/buy/?page=1&edid=F8093B0F-0671-8BAD-4914-C12550D964A6 HTTP/1.1" 200 111845
95.217.114.173 - - [07/Mar/2025:03:07:56 +0100] "GET /ticket2/opencms/fi/buy/?page=1&edid=253D2D4D-1132-6606-C0DE-477A194C1855 HTTP/1.1" 200 110587
192.99.36.61 - - [07/Mar/2025:03:07:57 +0100] "GET /ticket2/opencms/dk/ru/buy/?page=1&edid=3754A801-0360-9F1A-6DA4-BE3220BB9FC0&sortorder=asc&column=section HTTP/1.1" 404 -
217.182.175.38 - - [07/Mar/2025:03:08:00 +0100] "GET /ticket2/opencms/dk/dk/buy/?page=1&edid=1BFF3C4B-0AF3-F040-1041-C55D427FE053&sortorder=asc&column=section HTTP/1.1" 404 -
157.55.39.48 - - [07/Mar/2025:03:08:03 +0100] "GET /ticket2/opencms/sr/buy?page=1&edid=32221081-B4D2-47EE-3316-CF1A694236FC HTTP/1.1" 200 122183
95.217.114.173 - - [07/Mar/2025:03:08:05 +0100] "GET /ticket2/opencms/fi/buy/?page=1&edid=253EFE5E-B772-30AA-3BC0-539514B70DC9 HTTP/1.1" 200 90258
217.182.175.38 - - [07/Mar/2025:03:08:08 +0100] "GET /ticket2/opencms/dk/dk/buy/?page=1&edid=1BFF3C4B-0AF3-F040-1041-C55D427FE053&sortorder=desc&column=price HTTP/1.1" 404 -
192.99.36.61 - - [07/Mar/2025:03:08:08 +0100] "GET /ticket2/opencms/dk/ru/buy/?page=1&edid=474F8C01-7120-DA67-D128-761352136E20&sortorder=desc&column=row HTTP/1.1" 404 -
185.191.171.18 - - [07/Mar/2025:03:08:09 +0100] "GET /ticket2/opencms/ka/login/ HTTP/1.1" 200 94127
95.217.114.173 - - [07/Mar/2025:03:08:10 +0100] "GET /ticket2/opencms/fi/buy/?page=1&edid=254CEB97-82F4-38D6-1491-2031A0E06895 HTTP/1.1" 200 111677
161.97.130.75 - - [07/Mar/2025:03:08:12 +0100] "GET /ticket2/opencms/en/login/?edid=0C6D37C7-8EA1-5083-AEBF-F8112D5F6F62 HTTP/1.1" 200 90144
185.191.171.13 - - [07/Mar/2025:03:08:16 +0100] "GET /ticket2/opencms/it/magazine/article?title=come-appare-il-futuro-per-alexander-isak HTTP/1.1" 200 93044
95.217.114.173 - - [07/Mar/2025:03:08:17 +0100] "GET /ticket2/opencms/fi/buy/?page=1&edid=255A6DB1-25EB-A976-CB0F-29029289A9F7 HTTP/1.1" 200 108444
85.208.96.208 - - [07/Mar/2025:03:08:17 +0100] "GET /ticket2/opencms/no/sport/fotballsbilletter/ligue_1/lyon/ HTTP/1.1" 404 -
217.182.175.38 - - [07/Mar/2025:03:08:19 +0100] "GET /ticket2/opencms/dk/dk/buy/?page=1&edid=1C1F0032-002D-2F22-451D-87EF7B1CBD85&sortorder=desc&column=price HTTP/1.1" 404 -
192.99.36.61 - - [07/Mar/2025:03:08:19 +0100] "GET /ticket2/opencms/dk/ru/buy/?page=1&edid=494A3A9F-B36B-215D-43E8-EDF2201A6F39&sortorder=desc&column=row HTTP/1.1" 404 -
114.119.143.233 - - [07/Mar/2025:03:08:19 +0100] "GET /ticket2/opencms/az/buy?page=1&edid=ABF1FC6E-B240-9286-D056-EACAD436E562 HTTP/1.1" 200 111341
114.119.131.180 - - [07/Mar/2025:03:08:22 +0100] "GET /ticket2/opencms/en/buy?page=1&edid=CF871F32-58B9-936F-E54E-3AC3FCAE5989 HTTP/1.1" 200 109987
40.77.167.7 - - [07/Mar/2025:03:08:24 +0100] "GET /ticket2/opencms/mt/buy/?page=1&edid=1AA9A739-E060-64BB-CDD8-EA47C8746F4F HTTP/1.1" 200 112756
95.217.114.173 - - [07/Mar/2025:03:08:26 +0100] "GET /ticket2/opencms/fi/buy/?page=1&edid=255F33AB-DD5A-3CE0-84DD-A8AF5D0CBAF0 HTTP/1.1" 200 108384
217.182.175.38 - - [07/Mar/2025:03:08:27 +0100] "GET /ticket2/opencms/dk/dk/buy/?page=1&edid=1C1F0032-002D-2F22-451D-87EF7B1CBD85&sortorder=desc&column=row HTTP/1.1" 404 -
185.191.171.16 - - [07/Mar/2025:03:08:28 +0100] "GET /ticket2/opencms/mt/sport/biljetti-tal-futbol/ligue-1 HTTP/1.1" 500 -
192.99.36.61 - - [07/Mar/2025:03:08:30 +0100] "GET /ticket2/opencms/dk/ru/buy/?page=1&edid=494A3A9F-B36B-215D-43E8-EDF2201A6F39&sortorder=desc&column=section HTTP/1.1" 404 -
114.119.139.78 - - [07/Mar/2025:03:08:31 +0100] "GET /ticket2/opencms/en/sell/?edid=01DF6761-7E06-C1B2-0F3A-2AB085568A99 HTTP/1.1" 302 -
95.217.114.173 - - [07/Mar/2025:03:08:32 +0100] "GET /ticket2/opencms/fi/buy/?page=1&edid=25D1E1A5-48CB-BCBE-9193-C6660AC8A78B HTTP/1.1" 200 111579
217.182.175.38 - - [07/Mar/2025:03:08:35 +0100] "GET /ticket2/opencms/dk/dk/buy/?page=1&edid=1C1F0032-002D-2F22-451D-87EF7B1CBD85&sortorder=desc&column=section HTTP/1.1" 404 -
114.119.139.78 - - [07/Mar/2025:03:08:35 +0100] "GET /ticket2/opencms/en/login/?url=/en/sell/ HTTP/1.1" 200 90152
161.97.130.75 - - [07/Mar/2025:03:08:36 +0100] "GET /ticket2/opencms/en/login/?edid=0F0A9175-9B4A-1490-DED8-DDD657ADFE0A HTTP/1.1" 200 90124
95.217.114.173 - - [07/Mar/2025:03:08:36 +0100] "GET /ticket2/opencms/fi/buy/?page=1&edid=25D5828E-AE60-CEF9-0A67-E6285F343AE2 HTTP/1.1" 200 112140
20.171.207.36 - - [07/Mar/2025:03:08:39 +0100] "GET /ticket2/opencms/uk/sport/kvytky-na-futbol HTTP/1.1" 500 -
192.99.36.61 - - [07/Mar/2025:03:08:41 +0100] "GET /ticket2/opencms/dk/ru/buy/?page=1&edid=4956AE31-3942-7A23-9572-C94FABDC2555&sortorder=asc&column=price HTTP/1.1" 404 -
40.77.167.7 - - [07/Mar/2025:03:08:43 +0100] "GET /ticket2/opencms/lv/buy/?page=1&edid=DC489A5E-15C7-99E2-6C8D-DA8DCA7F5BFE HTTP/1.1" 200 111154
95.217.114.173 - - [07/Mar/2025:03:08:43 +0100] "GET /ticket2/opencms/fi/buy/?page=1&edid=25D5EB27-A5AE-DC2F-0708-63A5307D4EF7 HTTP/1.1" 200 112359
217.182.175.38 - - [07/Mar/2025:03:08:44 +0100] "GET /ticket2/opencms/dk/dk/buy/?page=1&edid=1C49381D-AC02-A7FE-56F4-57C1D32BC2D4&sortorder=desc&column=row HTTP/1.1" 404 -
95.217.114.173 - - [07/Mar/2025:03:08:51 +0100] "GET /ticket2/opencms/fi/buy/?page=1&edid=25D981B5-EF34-A032-B06C-2EE918ED8D2D HTTP/1.1" 200 111606
217.182.175.38 - - [07/Mar/2025:03:08:51 +0100] "GET /ticket2/opencms/dk/dk/buy/?page=1&edid=23462A4C-8725-82B5-7A63-462FC0C8A36E&sortorder=desc&column=price HTTP/1.1" 404 -
161.97.130.75 - - [07/Mar/2025:03:08:53 +0100] "GET /ticket2/opencms/en/login/?edid=0F60B66B-BC13-3DDD-6F41-72152A17A68C HTTP/1.1" 200 90159
192.99.36.61 - - [07/Mar/2025:03:08:55 +0100] "GET /ticket2/opencms/dk/ru/buy/?page=1&edid=4956AE31-3942-7A23-9572-C94FABDC2555&sortorder=asc&column=section HTTP/1.1" 404 -
47.128.34.9 - - [07/Mar/2025:03:08:55 +0100] "GET /ticket2/opencms/uk/magazine/article?title=manchester-city-risks-relegation HTTP/1.1" 200 93095
114.119.150.22 - - [07/Mar/2025:03:08:57 +0100] "GET /ticket2/opencms/tr/magazine/article?title=bergvall-ve-kulusevski-etkileyici HTTP/1.1" 200 94571
173.252.87.13 - - [07/Mar/2025:03:09:00 +0100] "GET /ticket2/opencms/bs/sport/fudbalske-karte/premier-league HTTP/1.1" 200 104180
95.217.114.173 - - [07/Mar/2025:03:09:01 +0100] "GET /ticket2/opencms/fi/buy/?page=1&edid=26318D33-76A2-8F06-B34D-C783FFEA2844 HTTP/1.1" 200 111725
217.182.175.38 - - [07/Mar/2025:03:09:02 +0100] "GET /ticket2/opencms/dk/dk/buy/?page=1&edid=23538BB3-9FD4-8D9B-243A-AA2603640F65&sortorder=desc&column=price HTTP/1.1" 404 -
207.46.13.157 - - [07/Mar/2025:03:09:07 +0100] "GET /ticket2/opencms/dk/sport/fodboldbilletter/serie-a/torino/ HTTP/1.1" 500 -
185.191.171.13 - - [07/Mar/2025:03:09:07 +0100] "GET /ticket2/opencms/en/sport/football-tickets/english_championship/bristol-city HTTP/1.1" 404 -
40.77.167.11 - - [07/Mar/2025:03:09:07 +0100] "GET /ticket2/opencms/sl/buy/?page=1&edid=4E8EDA18-84C5-1D68-07E6-4F55FEDF2DED HTTP/1.1" 200 108510
95.217.114.173 - - [07/Mar/2025:03:09:07 +0100] "GET /ticket2/opencms/fi/buy/?page=1&edid=263490CA-5339-6807-4EE9-EFD0AC1FB3E6 HTTP/1.1" 200 90254
114.119.153.152 - - [07/Mar/2025:03:09:07 +0100] "GET /ticket2/opencms/az/buy?page=1&edid=8F8AFDA3-3C8B-D87D-FFA3-870721625DCF HTTP/1.1" 200 109058
192.99.36.61 - - [07/Mar/2025:03:09:09 +0100] "GET /ticket2/opencms/dk/ru/buy/?page=1&edid=4A1D70D3-E87D-9CAD-A3CA-0F1A9CD4D29D&sortorder=desc&column=price HTTP/1.1" 404 -
161.97.130.75 - - [07/Mar/2025:03:09:11 +0100] "GET /ticket2/opencms/en/login/?edid=0F98CD6C-31AE-4A8C-45FF-398677E3B770 HTTP/1.1" 200 90174
95.217.114.173 - - [07/Mar/2025:03:09:13 +0100] "GET /ticket2/opencms/fi/buy/?page=1&edid=2640C63A-3359-F9E2-379A-4901241498AA HTTP/1.1" 200 111655
217.182.175.38 - - [07/Mar/2025:03:09:14 +0100] "GET /ticket2/opencms/dk/dk/buy/?page=1&edid=245192A6-8FDA-2EF7-FEA6-F7485A9315EF&sortorder=desc&column=price HTTP/1.1" 404 -
85.208.96.210 - - [07/Mar/2025:03:09:14 +0100] "GET /ticket2/opencms/tr/spor/futbol-biletleri/eredivisie HTTP/1.1" 500 -
194.120.230.215 - - [07/Mar/2025:03:09:14 +0100] "GET /ticket2/opencms/de/cgi-bin/luci/;stok=/locale HTTP/1.1" 404 -
114.119.132.9 - - [07/Mar/2025:03:09:15 +0100] "GET /ticket2/opencms/es/buy/?page=1&edid=3FB52ADD-0B76-D8A6-EF8F-19BF0AABB668 HTTP/1.1" 200 111031
95.217.114.173 - - [07/Mar/2025:03:09:20 +0100] "GET /ticket2/opencms/fi/buy/?page=1&edid=26482683-29F7-7DC0-D8CC-CDEF2C47D1F7 HTTP/1.1" 200 108492
192.99.36.61 - - [07/Mar/2025:03:09:22 +0100] "GET /ticket2/opencms/dk/ru/buy/?page=1&edid=4A1D70D3-E87D-9CAD-A3CA-0F1A9CD4D29D&sortorder=desc&column=row HTTP/1.1" 404 -
66.249.65.35 - - [07/Mar/2025:03:09:23 +0100] "GET /ticket2/opencms/fi/venue/?venueid=480A6B99-5B8C-629A-4599-8DBE2732DD37 HTTP/1.1" 200 86817
66.249.65.235 - - [07/Mar/2025:03:09:25 +0100] "GET /ticket2/opencms/mt/buy?page=1&edid=CC748805-AA77-5D07-7352-96CD97D4F5AC HTTP/1.1" 200 137162
114.119.153.152 - - [07/Mar/2025:03:09:25 +0100] "GET /ticket2/opencms/az/buy?page=1&edid=8F340A1C-D664-7FDD-8257-FE31525DAB7C HTTP/1.1" 200 112706
185.191.171.10 - - [07/Mar/2025:03:09:28 +0100] "GET /ticket2/opencms/az/magazine/article?title=cristiano-ronaldo HTTP/1.1" 200 94307
185.191.171.19 - - [07/Mar/2025:03:09:28 +0100] "GET /ticket2/opencms/fr/magazine/article?title=victor-gyokeres-peut-il-quitter-le-sporting-plus-tot-que-prevu HTTP/1.1" 200 94207
95.217.114.173 - - [07/Mar/2025:03:09:29 +0100] "GET /ticket2/opencms/fi/buy/?page=1&edid=26642E0D-0D9D-3F32-4B84-D72B1EC8FDA3 HTTP/1.1" 200 108412
217.182.175.38 - - [07/Mar/2025:03:09:30 +0100] "GET /ticket2/opencms/dk/dk/buy/?page=1&edid=245192A6-8FDA-2EF7-FEA6-F7485A9315EF&sortorder=desc&column=row HTTP/1.1" 404 -
192.99.36.61 - - [07/Mar/2025:03:09:33 +0100] "GET /ticket2/opencms/dk/ru/buy/?page=1&edid=4A1D70D3-E87D-9CAD-A3CA-0F1A9CD4D29D&sortorder=desc&column=section HTTP/1.1" 404 -
95.217.114.173 - - [07/Mar/2025:03:09:35 +0100] "GET /ticket2/opencms/fi/buy/?page=1&edid=266863E9-0D4A-8983-3D6E-89AEC4F0BA41 HTTP/1.1" 200 112209
85.208.96.200 - - [07/Mar/2025:03:09:35 +0100] "GET /ticket2/opencms/lt/magazine/article?title=manchester-city-pries-queens-park-rangers HTTP/1.1" 200 94520
114.119.136.8 - - [07/Mar/2025:03:09:37 +0100] "GET /ticket2/opencms/ru/buy/?page=1&edid=E7FDDD7D-1FCF-BCB1-0A81-7F312447E632 HTTP/1.1" 200 106966
54.36.148.4 - - [07/Mar/2025:03:09:39 +0100] "GET /ticket2/opencms/dk/sport/fodboldbilletter/serie-a/ac_roma/ HTTP/1.1" 200 97912
114.119.152.134 - - [07/Mar/2025:03:09:39 +0100] "GET /ticket2/opencms/es/buy/?page=1&edid=EFCA122E-EFD5-12F8-6F83-6930A0BC1F37 HTTP/1.1" 200 90275
95.217.114.173 - - [07/Mar/2025:03:09:41 +0100] "GET /ticket2/opencms/fi/buy/?page=1&edid=266EF3DD-CC6D-8D2B-78A3-67D5640F9FA5 HTTP/1.1" 200 112134
161.97.130.75 - - [07/Mar/2025:03:09:41 +0100] "GET /ticket2/opencms/en/login/?edid=1376AEC9-0709-1A7E-51D7-A32A604094A0 HTTP/1.1" 200 90068
40.77.167.7 - - [07/Mar/2025:03:09:44 +0100] "GET /ticket2/opencms/it/buy?page=1&edid=9A8891BD-C3B9-2FD5-1633-7AEF0F073762 HTTP/1.1" 200 134830
217.182.175.38 - - [07/Mar/2025:03:09:44 +0100] "GET /ticket2/opencms/dk/dk/buy/?page=1&edid=245192A6-8FDA-2EF7-FEA6-F7485A9315EF&sortorder=desc&column=section HTTP/1.1" 404 -
40.77.167.7 - - [07/Mar/2025:03:09:45 +0100] "GET /ticket2/opencms/bs/buy?page=1&edid=CAEEA559-CD58-5742-E655-0FFB277022BF HTTP/1.1" 200 111562
192.99.36.61 - - [07/Mar/2025:03:09:48 +0100] "GET /ticket2/opencms/dk/ru/buy/?page=1&edid=53202693-7DA4-5446-E3D3-0719CDDBB705&sortorder=asc&column=price HTTP/1.1" 404 -
95.217.114.173 - - [07/Mar/2025:03:09:48 +0100] "GET /ticket2/opencms/fi/buy/?page=1&edid=267FC1CE-09B2-59B4-4C87-9AC3E71B35D4 HTTP/1.1" 200 110480
173.252.107.22 - - [07/Mar/2025:03:09:48 +0100] "GET /ticket2/opencms/bs/sport/fudbalske-karte/serie-a/empoli HTTP/1.1" 500 -
40.77.167.7 - - [07/Mar/2025:03:09:53 +0100] "GET /ticket2/opencms/az/buy?page=1&edid=E2770D18-E952-4B89-3A99-F864CC9397CA HTTP/1.1" 200 112159
217.182.175.38 - - [07/Mar/2025:03:09:57 +0100] "GET /ticket2/opencms/dk/dk/buy/?page=1&edid=265739E8-98B0-BF90-E2FA-F880C59D272B&sortorder=asc&column=price HTTP/1.1" 404 -
95.217.114.173 - - [07/Mar/2025:03:09:57 +0100] "GET /ticket2/opencms/fi/buy/?page=1&edid=2685EB67-66CF-F338-1DA1-DD3539A89468 HTTP/1.1" 200 112267
52.167.144.146 - - [07/Mar/2025:03:09:57 +0100] "GET /ticket2/opencms/tr/buy/?page=1&edid=BBAFC2BC-085F-5A58-F761-2463D78A6F36 HTTP/1.1" 200 112504
40.77.167.11 - - [07/Mar/2025:03:09:59 +0100] "GET /ticket2/opencms/tr/buy?page=1&edid=A2A4078E-C8E8-C113-199B-69C1FEB231B0 HTTP/1.1" 200 135707
161.97.130.75 - - [07/Mar/2025:03:10:00 +0100] "GET /ticket2/opencms/en/login/?edid=153CDF31-7109-769E-E691-AF8D84C04188 HTTP/1.1" 200 90052
192.99.36.61 - - [07/Mar/2025:03:10:00 +0100] "GET /ticket2/opencms/dk/ru/buy/?page=1&edid=552978CA-0B74-6ABC-8BC8-CC841112A7AE&sortorder=asc&column=section HTTP/1.1" 404 -
95.217.114.173 - - [07/Mar/2025:03:10:03 +0100] "GET /ticket2/opencms/fi/buy/?page=1&edid=268F6694-F84C-E40C-EBC1-404E5051D05D HTTP/1.1" 200 112216
216.244.66.196 - - [07/Mar/2025:03:10:05 +0100] "GET /ticket2/opencms/sv/buy?page=1&edid=3057AE90-BB1D-FEC9-121D-20C3678F7EBA HTTP/1.1" 200 108155
114.119.139.78 - - [07/Mar/2025:03:10:06 +0100] "GET /ticket2/opencms/en/buy/?page=1&edid=119B0787-94D6-421F-C1DF-2820FC4870DF HTTP/1.1" 200 106796
85.208.96.205 - - [07/Mar/2025:03:10:09 +0100] "GET /ticket2/opencms/it/sport/biglietti-calcio/bundesliga/rb_leipzig/ HTTP/1.1" 200 95650
217.182.175.38 - - [07/Mar/2025:03:10:09 +0100] "GET /ticket2/opencms/dk/dk/buy/?page=1&edid=291E7E44-8D60-C6A3-3CC0-04813318A46E&sortorder=asc&column=section HTTP/1.1" 404 -
95.217.114.173 - - [07/Mar/2025:03:10:10 +0100] "GET /ticket2/opencms/fi/buy/?page=1&edid=26946324-80EA-5BC2-A081-74A9001A9422 HTTP/1.1" 200 112282
192.99.36.61 - - [07/Mar/2025:03:10:12 +0100] "GET /ticket2/opencms/dk/ru/buy/?page=1&edid=552978CA-0B74-6ABC-8BC8-CC841112A7AE&sortorder=desc&column=section HTTP/1.1" 404 -
185.191.171.19 - - [07/Mar/2025:03:10:12 +0100] "GET /ticket2/opencms/uk/sport/kvytky-na-futbol/english-championship/cardiff-city HTTP/1.1" 404 -
114.119.133.220 - - [07/Mar/2025:03:10:12 +0100] "GET /ticket2/opencms/en/venue/?venueid=03F062B9-ACA1-F236-0E66-5FB2E8B6786E HTTP/1.1" 200 85317
185.191.171.4 - - [07/Mar/2025:03:10:14 +0100] "GET /ticket2/opencms/tr/magazine/article?title=analiz-premier-league-bilet-fiyatlari-ne-kadar-artti-liverpool-ve-arsenal-en-pahalilar HTTP/1.1" 200 100429
47.128.57.218 - - [07/Mar/2025:03:10:16 +0100] "GET /ticket2/opencms/sv/buy?edid=385FC7E6-341D-FA15-6709-539325841572 HTTP/1.1" 200 91216
40.77.167.11 - - [07/Mar/2025:03:10:17 +0100] "GET /ticket2/opencms/lv/buy?page=1&edid=5E017650-7663-4F2D-580A-5B0D1BE3AB9B HTTP/1.1" 200 112084
161.97.130.75 - - [07/Mar/2025:03:10:18 +0100] "GET /ticket2/opencms/en/login/?edid=1A3709D7-2775-D284-06C2-585FE5EFB134 HTTP/1.1" 200 90053
52.167.144.174 - - [07/Mar/2025:03:10:18 +0100] "GET /ticket2/opencms/dk/magazine/article?title=villa-park-med-en-kapacitet-pa-over-42000-tilskuere HTTP/1.1" 200 91244
52.167.144.146 - - [07/Mar/2025:03:10:18 +0100] "GET /ticket2/opencms/uk/buy/?page=1&edid=2D731DAB-555D-D0A6-B92E-8C2B53C3E772 HTTP/1.1" 200 113373
95.217.114.173 - - [07/Mar/2025:03:10:18 +0100] "GET /ticket2/opencms/fi/buy/?page=1&edid=2694EE91-5EDB-4075-84B2-357BB2F59007 HTTP/1.1" 200 111654
217.182.175.38 - - [07/Mar/2025:03:10:21 +0100] "GET /ticket2/opencms/dk/dk/buy/?page=1&edid=2F23695C-1C28-072A-23EC-D52BA9A7809E&sortorder=desc&column=price HTTP/1.1" 404 -
95.217.114.173 - - [07/Mar/2025:03:10:24 +0100] "GET /ticket2/opencms/fi/buy/?page=1&edid=26A4A561-2996-B362-4637-33397192311F HTTP/1.1" 200 108376
66.249.65.236 - - [07/Mar/2025:03:10:26 +0100] "GET /ticket2/opencms/is/buy/?page=1&edid=E9DB3A42-82BF-9B65-3ED4-EE5A32871388 HTTP/1.1" 200 112440
192.99.36.61 - - [07/Mar/2025:03:10:26 +0100] "GET /ticket2/opencms/dk/ru/buy/?page=1&edid=556D8185-2C7D-1D55-B8E3-986EC0CA0CD9&sortorder=desc&column=price HTTP/1.1" 404 -
66.249.65.234 - - [07/Mar/2025:03:10:28 +0100] "GET /ticket2/opencms/et/buy?page=1&edid=750C6040-29F7-425D-A24F-51B977F415A3 HTTP/1.1" 200 137242
40.77.167.151 - - [07/Mar/2025:03:10:29 +0100] "GET /ticket2/opencms/sr/buy/?comcatid=0A6B8208-FDA4-E929-9D72-5312FD481B76&catid=8E4972FC-6E2C-77A4-BB9D-D67BD270A641 HTTP/1.1" 200 97410
95.217.114.173 - - [07/Mar/2025:03:10:30 +0100] "GET /ticket2/opencms/fi/buy/?page=1&edid=26B722A8-A37B-F70B-4316-1551E2D204EA HTTP/1.1" 200 112390
217.182.175.38 - - [07/Mar/2025:03:10:33 +0100] "GET /ticket2/opencms/dk/dk/buy/?page=1&edid=2F984CDF-1CA1-F102-5460-86DB2C22DF4E&sortorder=desc&column=price HTTP/1.1" 404 -
66.249.65.233 - - [07/Mar/2025:03:10:35 +0100] "GET /ticket2/opencms/system/modules/com.gridnine.opencms.ticketbrokerage.site/resources/js/jquery.fancybox.pack.js HTTP/1.1" 200 23187
114.119.153.152 - - [07/Mar/2025:03:10:37 +0100] "GET /ticket2/opencms/az/buy?page=1&edid=8D0833AE-2B01-AC15-150E-0BB34ED20EA0 HTTP/1.1" 200 90602
161.97.130.75 - - [07/Mar/2025:03:10:37 +0100] "GET /ticket2/opencms/en/login/?edid=1C6C7307-F0C0-8D62-48A5-E1BE315A876A HTTP/1.1" 200 90165
95.217.114.173 - - [07/Mar/2025:03:10:38 +0100] "GET /ticket2/opencms/fi/buy/?page=1&edid=26C8B2C6-A707-F683-C614-F836DAE4D61B HTTP/1.1" 200 110508
192.99.36.61 - - [07/Mar/2025:03:10:39 +0100] "GET /ticket2/opencms/dk/ru/buy/?page=1&edid=556D8185-2C7D-1D55-B8E3-986EC0CA0CD9&sortorder=desc&column=section HTTP/1.1" 404 -
217.182.134.134 - - [07/Mar/2025:03:10:40 +0100] "GET /ticket2/opencms/no/buy/?page=6&comcatid=A17713B6-D984-201A-4143-ED4DB5ED5C2E&catid=06324577-7173-BAB0-146D-E644C912F7C1&eventid=2B77360C-773A-8230-F965-6A3D913481EC HTTP/1.1" 200 111395
69.171.249.6 - - [07/Mar/2025:03:10:40 +0100] "GET /ticket2/opencms/en/magazine/article?title=raphael-varane-retires-aged-31 HTTP/1.1" 200 91556
95.217.114.173 - - [07/Mar/2025:03:10:45 +0100] "GET /ticket2/opencms/fi/buy/?page=1&edid=26E1A9E2-98B6-A6E5-096E-D18D1A038FCE HTTP/1.1" 200 111432
217.182.175.38 - - [07/Mar/2025:03:10:46 +0100] "GET /ticket2/opencms/dk/dk/buy/?page=1&edid=312F925C-21EC-506E-3F79-878DE79022A7&sortorder=asc&column=row HTTP/1.1" 404 -
217.182.134.134 - - [07/Mar/2025:03:10:48 +0100] "GET /ticket2/opencms/no/buy/?page=6&comcatid=A17713B6-D984-201A-4143-ED4DB5ED5C2E&catid=06324577-7173-BAB0-146D-E644C912F7C1&eventid=35A0C9BF-EC06-DE5F-22DE-E131A0832C91 HTTP/1.1" 200 111404
194.120.230.215 - - [07/Mar/2025:03:10:51 +0100] "GET /ticket2/opencms/de/cgi-bin/luci/;stok=/locale HTTP/1.1" 404 -
95.217.114.173 - - [07/Mar/2025:03:10:53 +0100] "GET /ticket2/opencms/fi/buy/?page=1&edid=26FF4CAE-0AB1-26F3-524A-CA6FA2A5B775 HTTP/1.1" 200 111056
192.99.36.61 - - [07/Mar/2025:03:10:53 +0100] "GET /ticket2/opencms/dk/ru/buy/?page=1&edid=574A97A1-436C-7447-9CE6-CF4F5316C15F&sortorder=asc&column=price HTTP/1.1" 404 -
85.208.96.206 - - [07/Mar/2025:03:10:56 +0100] "GET /ticket2/opencms/bs/sport/fudbalske-karte/champions-league/leipzig/ HTTP/1.1" 500 -
114.119.154.81 - - [07/Mar/2025:03:10:56 +0100] "GET /ticket2/opencms/es/buy/?page=1&edid=2EB15005-07E4-0DB7-1EF8-52C1740D2595 HTTP/1.1" 200 118163
52.167.144.174 - - [07/Mar/2025:03:10:56 +0100] "GET /ticket2/opencms/fr/buy/?page=1&edid=490280ED-96FA-5EC6-1DCC-A75EC34A3EFC HTTP/1.1" 200 89855
217.182.175.38 - - [07/Mar/2025:03:10:57 +0100] "GET /ticket2/opencms/dk/dk/buy/?page=1&edid=312F925C-21EC-506E-3F79-878DE79022A7&sortorder=asc&column=section HTTP/1.1" 404 -
