217.182.134.134 - - [07/Mar/2025:03:10:57 +0100] "GET /ticket2/opencms/no/buy/?page=6&comcatid=A17713B6-D984-201A-4143-ED4DB5ED5C2E&catid=06324577-7173-BAB0-146D-E644C912F7C1&eventid=3735944E-9E44-5BAC-9AF2-064E86E3A131 HTTP/1.1" 200 111483
95.217.114.173 - - [07/Mar/2025:03:10:58 +0100] "GET /ticket2/opencms/fi/buy/?page=1&edid=2719FEF6-C3A2-38D8-D55F-559BB24F7DCB HTTP/1.1" 200 111635
185.191.171.14 - - [07/Mar/2025:03:10:59 +0100] "GET /ticket2/opencms/es/magazine/article?title=villa-park-con-una-capacidad-de-mas-de-42000-espectadores%0A%20%20%20%20 HTTP/1.1" 200 92647
161.97.130.75 - - [07/Mar/2025:03:10:59 +0100] "GET /ticket2/opencms/en/login/?edid=225FD401-1824-1FBE-3961-A1A10F32A311 HTTP/1.1" 200 90057
114.119.130.61 - - [07/Mar/2025:03:11:02 +0100] "GET /ticket2/opencms/ru/buy/?page=1&edid=7F2B1FEA-20FE-7448-32AC-111154CA401B HTTP/1.1" 200 8488
47.128.59.205 - - [07/Mar/2025:03:11:03 +0100] "GET /ticket2/opencms/et/?comcatid=0A6B8208-FDA4-E929-9D72-5312FD481B76 HTTP/1.1" 200 105246
95.217.114.173 - - [07/Mar/2025:03:11:06 +0100] "GET /ticket2/opencms/fi/buy/?page=1&edid=271A438D-A4BA-64C1-3CAA-7AA8B8DABB44 HTTP/1.1" 200 111193
192.99.36.61 - - [07/Mar/2025:03:11:07 +0100] "GET /ticket2/opencms/dk/ru/buy/?page=1&edid=574A97A1-436C-7447-9CE6-CF4F5316C15F&sortorder=asc&column=row HTTP/1.1" 404 -
217.182.134.134 - - [07/Mar/2025:03:11:07 +0100] "GET /ticket2/opencms/no/buy/?page=6&comcatid=A17713B6-D984-201A-4143-ED4DB5ED5C2E&catid=06324577-7173-BAB0-146D-E644C912F7C1&eventid=6B33187E-1E18-E0D8-91BA-321D9FDE0FBE HTTP/1.1" 200 111331
40.77.167.11 - - [07/Mar/2025:03:11:08 +0100] "GET /ticket2/opencms/et/buy/?page=1&edid=54BCF375-DC57-ADB0-AFDD-30C2A62AEB2A HTTP/1.1" 200 90216
217.182.175.38 - - [07/Mar/2025:03:11:09 +0100] "GET /ticket2/opencms/dk/dk/buy/?page=1&edid=3549536B-5431-B4B9-9C70-24B661A63E68&sortorder=asc&column=section HTTP/1.1" 404 -
47.128.35.203 - - [07/Mar/2025:03:11:12 +0100] "GET /ticket2/opencms/hr/buy/?edid=66639F01-2DC3-AE31-937D-1F5B14F403FD HTTP/1.1" 200 91743
54.215.115.119 - - [07/Mar/2025:03:11:13 +0100] "GET /ticket2/opencms/ HTTP/1.1" 302 -
114.119.150.86 - - [07/Mar/2025:03:11:13 +0100] "GET /ticket2/opencms/az/buy?page=1&edid=8C8B6CAD-0E9C-D59D-F548-EF8ED0013C05 HTTP/1.1" 200 112225
95.217.114.173 - - [07/Mar/2025:03:11:14 +0100] "GET /ticket2/opencms/fi/buy/?page=1&edid=279B7F7E-A106-3184-53E4-E8BCBD832145 HTTP/1.1" 200 108329
217.182.134.134 - - [07/Mar/2025:03:11:15 +0100] "GET /ticket2/opencms/no/buy/?page=6&comcatid=A17713B6-D984-201A-4143-ED4DB5ED5C2E&catid=06324577-7173-BAB0-146D-E644C912F7C1&eventid=74BCBAD0-8578-84A3-6EAB-F4305E844FCD HTTP/1.1" 200 111365
192.99.36.61 - - [07/Mar/2025:03:11:20 +0100] "GET /ticket2/opencms/dk/ru/buy/?page=1&edid=574A97A1-436C-7447-9CE6-CF4F5316C15F&sortorder=asc&column=section HTTP/1.1" 404 -
114.119.139.202 - - [07/Mar/2025:03:11:20 +0100] "GET /ticket2/opencms/es/buy/?page=1&edid=BB2F3A74-7E9F-DB09-2C3F-D2D8CE32979C HTTP/1.1" 200 117918
95.217.114.173 - - [07/Mar/2025:03:11:21 +0100] "GET /ticket2/opencms/fi/buy/?page=1&edid=27C30962-08EE-4015-79A7-806B34CC7833 HTTP/1.1" 200 108389
217.182.175.38 - - [07/Mar/2025:03:11:22 +0100] "GET /ticket2/opencms/dk/dk/buy/?page=1&edid=36219776-0671-A8AF-13A3-93392E89F6DD HTTP/1.1" 404 -
114.119.146.220 - - [07/Mar/2025:03:11:22 +0100] "GET /ticket2/opencms/en/buy?page=1&edid=CF871F32-58B9-936F-E54E-3AC3FCAE5989 HTTP/1.1" 200 110060
152.53.19.214 - - [07/Mar/2025:03:11:23 +0100] "GET /ticket2/opencms/es/magazine/article?title=un-partido-impresionante-donde-el-sueco-kulusevski-sigue-entregando HTTP/1.1" 200 94790
95.217.114.173 - - [07/Mar/2025:03:11:28 +0100] "GET /ticket2/opencms/fi/buy/?page=1&edid=27E7CDAB-F6F7-5DBC-92F5-019E6628B47B HTTP/1.1" 200 108456
40.77.167.11 - - [07/Mar/2025:03:11:28 +0100] "GET /ticket2/opencms/et/magazine/article?title=joel-matip-lahkub-liverpool-fc-st HTTP/1.1" 200 95045
161.97.130.75 - - [07/Mar/2025:03:11:28 +0100] "GET /ticket2/opencms/en/login/?edid=266863E9-0D4A-8983-3D6E-89AEC4F0BA41 HTTP/1.1" 200 90068
217.182.134.134 - - [07/Mar/2025:03:11:28 +0100] "GET /ticket2/opencms/no/buy/?page=6&comcatid=A17713B6-D984-201A-4143-ED4DB5ED5C2E&catid=06324577-7173-BAB0-146D-E644C912F7C1&eventid=CF1981BE-D0AD-DC7E-0BC6-4A062B691166 HTTP/1.1" 200 111399
66.220.149.42 - - [07/Mar/2025:03:11:30 +0100] "GET /ticket2/opencms/en/sport/football-tickets/serie_a/torino/ HTTP/1.1" 500 -
85.208.96.200 - - [07/Mar/2025:03:11:32 +0100] "GET /ticket2/opencms/nl/magazine/article?title=hoe-moet-manchester-united-de-crisis-aanpakken HTTP/1.1" 200 90904
192.99.36.61 - - [07/Mar/2025:03:11:33 +0100] "GET /ticket2/opencms/dk/ru/buy/?page=1&edid=59BCB73D-8EFE-145C-3694-3C89547AA350&sortorder=asc&column=price HTTP/1.1" 404 -
217.182.175.38 - - [07/Mar/2025:03:11:33 +0100] "GET /ticket2/opencms/dk/dk/buy/?page=1&edid=367C01C8-55E8-5761-77A6-1E1A5784FE1B&sortorder=asc&column=price HTTP/1.1" 404 -
95.217.114.173 - - [07/Mar/2025:03:11:34 +0100] "GET /ticket2/opencms/fi/buy/?page=1&edid=27ED3A9B-C3A0-FC96-5824-D0E156DC38BF HTTP/1.1" 200 112268
54.215.115.119 - - [07/Mar/2025:03:11:37 +0100] "GET /ticket2/opencms/en/ HTTP/1.1" 200 103739
217.182.134.134 - - [07/Mar/2025:03:11:41 +0100] "GET /ticket2/opencms/no/buy/?page=6&comcatid=A17713B6-D984-201A-4143-ED4DB5ED5C2E&catid=06324577-7173-BAB0-146D-E644C912F7C1&eventid=F6265060-8333-20CB-0429-405892258667 HTTP/1.1" 200 111400
95.217.114.173 - - [07/Mar/2025:03:11:41 +0100] "GET /ticket2/opencms/fi/buy/?page=1&edid=2805B143-5BD4-3E91-BE21-9A634E35D3AE HTTP/1.1" 200 111175
192.99.36.61 - - [07/Mar/2025:03:11:44 +0100] "GET /ticket2/opencms/dk/ru/buy/?page=1&edid=5A67179D-C7BD-4086-88F3-90FE704053E2&sortorder=desc&column=row HTTP/1.1" 404 -
217.182.175.38 - - [07/Mar/2025:03:11:45 +0100] "GET /ticket2/opencms/dk/dk/buy/?page=1&edid=367C01C8-55E8-5761-77A6-1E1A5784FE1B&sortorder=desc&column=price HTTP/1.1" 404 -
20.171.207.36 - - [07/Mar/2025:03:11:46 +0100] "GET /ticket2/opencms/fi/urheilu/jalkapallo/bundesliga/bayern-munchen HTTP/1.1" 404 -
95.217.114.173 - - [07/Mar/2025:03:11:47 +0100] "GET /ticket2/opencms/fi/buy/?page=1&edid=2820E82E-1E9F-AF59-3116-80DB3C0051A4 HTTP/1.1" 200 111238
114.119.135.251 - - [07/Mar/2025:03:11:49 +0100] "GET /ticket2/opencms/es/buy/?page=1&edid=A27091AD-1422-96A9-33A7-74A8DECA25F3 HTTP/1.1" 200 134642
40.77.167.7 - - [07/Mar/2025:03:11:51 +0100] "GET /ticket2/opencms/az/buy/?comcatid=A17713B6-D984-201A-4143-ED4DB5ED5C2E&catid=C0DF818C-DB21-6E2E-4056-DB751FFE0C41 HTTP/1.1" 200 103432
217.182.134.134 - - [07/Mar/2025:03:11:52 +0100] "GET /ticket2/opencms/no/buy/?page=6&comcatid=A17713B6-D984-201A-4143-ED4DB5ED5C2E&catid=0A6C99D2-F5BD-7A18-9A5F-5668827042E0&eventid=04745230-C0F0-DC87-23F9-862A2DFE2F25 HTTP/1.1" 200 113149
95.217.114.173 - - [07/Mar/2025:03:11:53 +0100] "GET /ticket2/opencms/fi/buy/?page=1&edid=28367C9E-EB8F-FFA3-A30D-98147557C428 HTTP/1.1" 200 112136
114.119.157.43 - - [07/Mar/2025:03:11:54 +0100] "GET /ticket2/opencms/az/buy?page=1&edid=8C803FBC-3E56-8CBF-3D5B-2231FDA54B3E HTTP/1.1" 200 109008
217.182.175.38 - - [07/Mar/2025:03:11:55 +0100] "GET /ticket2/opencms/dk/dk/buy/?page=1&edid=4339DD41-EA63-9D26-7344-E8BE74B0C15A&sortorder=asc&column=section HTTP/1.1" 404 -
85.208.96.193 - - [07/Mar/2025:03:11:55 +0100] "GET /ticket2/opencms/el/magazine/article?title=programma-agwnwn-gia-thn-premier-league-agwnes-premier-league-20242025 HTTP/1.1" 200 95195
52.167.144.173 - - [07/Mar/2025:03:11:55 +0100] "GET /ticket2/opencms/ka/magazine/article?title=kylian-mbappe-akhali-shedegebi-achvenebs HTTP/1.1" 200 96778
185.191.171.6 - - [07/Mar/2025:03:11:57 +0100] "GET /ticket2/opencms/ka/magazine/article?title=jud-belinghemi HTTP/1.1" 200 97003
192.99.36.61 - - [07/Mar/2025:03:11:58 +0100] "GET /ticket2/opencms/dk/ru/buy/?page=1&edid=5BA4A0D4-C692-360A-A630-D79C576937E5&sortorder=asc&column=section HTTP/1.1" 404 -
185.191.171.6 - - [07/Mar/2025:03:11:59 +0100] "GET /ticket2/opencms/hu/login/ HTTP/1.1" 200 91893
95.217.114.173 - - [07/Mar/2025:03:12:00 +0100] "GET /ticket2/opencms/fi/buy/?page=1&edid=28430E13-94B6-0366-57D3-F56260EF9073 HTTP/1.1" 200 111578
66.249.65.197 - - [07/Mar/2025:03:12:00 +0100] "GET /ticket2/opencms/is/sport/fotbolti/fa-cup HTTP/1.1" 404 -
85.208.96.204 - - [07/Mar/2025:03:12:05 +0100] "GET /ticket2/opencms/sr/login/?url=%25252Fsr%25252Fsell%25252F HTTP/1.1" 200 92256
161.97.130.75 - - [07/Mar/2025:03:12:05 +0100] "GET /ticket2/opencms/en/login/?edid=26A4A561-2996-B362-4637-33397192311F HTTP/1.1" 200 90143
217.182.175.38 - - [07/Mar/2025:03:12:06 +0100] "GET /ticket2/opencms/dk/dk/buy/?page=1&edid=43F97FC3-DD1B-BB64-23DC-A40478F1B0B5&sortorder=asc&column=section HTTP/1.1" 404 -
95.217.114.173 - - [07/Mar/2025:03:12:07 +0100] "GET /ticket2/opencms/fi/buy/?page=1&edid=28497D8F-4767-7A9A-4DD0-10FEA1E4E740 HTTP/1.1" 200 112209
217.182.134.134 - - [07/Mar/2025:03:12:07 +0100] "GET /ticket2/opencms/no/buy/?page=6&comcatid=A17713B6-D984-201A-4143-ED4DB5ED5C2E&catid=0A6C99D2-F5BD-7A18-9A5F-5668827042E0&eventid=13E1C110-1E7D-C595-FE36-DCFCB7E73161 HTTP/1.1" 200 113250
192.99.36.61 - - [07/Mar/2025:03:12:10 +0100] "GET /ticket2/opencms/dk/ru/buy/?page=1&edid=5E394636-BF24-8546-4F48-C95E49B131BE&sortorder=desc&column=price HTTP/1.1" 404 -
185.191.171.12 - - [07/Mar/2025:03:12:12 +0100] "GET /ticket2/opencms/no/magazine/article?title=ruben-amorim-ble-ny-trener-for-manchester-united HTTP/1.1" 200 93356
185.191.171.14 - - [07/Mar/2025:03:12:13 +0100] "GET /ticket2/opencms/sk/sport/futbalove-listky/english-championship/birmingham-city HTTP/1.1" 404 -
95.217.114.173 - - [07/Mar/2025:03:12:13 +0100] "GET /ticket2/opencms/fi/buy/?page=1&edid=284F9C68-586B-FC11-635D-5497C16DBE36 HTTP/1.1" 200 108474
217.182.175.38 - - [07/Mar/2025:03:12:16 +0100] "GET /ticket2/opencms/dk/dk/buy/?page=1&edid=48BCEF73-0B8A-F4F2-25F8-5A95ADAF131D HTTP/1.1" 404 -
114.119.159.129 - - [07/Mar/2025:03:12:16 +0100] "GET /ticket2/opencms/es/buy/?comcatid=97ECA65A-72DA-F9AF-9DBB-245D3CFED1BE&catid=DA31441B-C568-3C77-D08C-698809032494 HTTP/1.1" 200 98222
18.144.79.82 - - [07/Mar/2025:03:12:17 +0100] "GET /ticket2/opencms/ HTTP/1.1" 302 -
85.208.96.196 - - [07/Mar/2025:03:12:17 +0100] "GET /ticket2/opencms/en/magazine/article?title=about-tottenham-hotspur-stadium HTTP/1.1" 200 96748
69.171.230.6 - - [07/Mar/2025:03:12:19 +0100] "GET /ticket2/opencms/mo/sport/bilete-la-fotbal/bundesliga/wolfsburg/ HTTP/1.1" 500 -
192.99.36.61 - - [07/Mar/2025:03:12:22 +0100] "GET /ticket2/opencms/dk/ru/buy/?page=1&edid=5E394636-BF24-8546-4F48-C95E49B131BE&sortorder=desc&column=row HTTP/1.1" 404 -
95.217.114.173 - - [07/Mar/2025:03:12:22 +0100] "GET /ticket2/opencms/fi/buy/?page=1&edid=28A78875-6E8A-83A1-C3FA-6534C0763257 HTTP/1.1" 200 112201
217.182.134.134 - - [07/Mar/2025:03:12:24 +0100] "GET /ticket2/opencms/no/buy/?page=6&comcatid=A17713B6-D984-201A-4143-ED4DB5ED5C2E&catid=0A6C99D2-F5BD-7A18-9A5F-5668827042E0&eventid=2D882524-F20E-911C-330E-DB5F72C129F5 HTTP/1.1" 200 113087
173.252.107.115 - - [07/Mar/2025:03:12:25 +0100] "GET /ticket2/opencms/en/magazine/article?title=maximilian-ibrahimovic-signs-for-ac-milans-second-team HTTP/1.1" 200 93400
217.182.175.38 - - [07/Mar/2025:03:12:25 +0100] "GET /ticket2/opencms/dk/dk/buy/?page=1&edid=49F6B155-E41A-63AF-A867-E3E7D86F3439&sortorder=desc&column=row HTTP/1.1" 404 -
114.119.135.171 - - [07/Mar/2025:03:12:26 +0100] "GET /ticket2/opencms/en/sell/?edid=DBFF19E6-F550-AD1B-65E4-173DAC6AC10C HTTP/1.1" 302 -
52.167.144.146 - - [07/Mar/2025:03:12:27 +0100] "GET /ticket2/opencms/sl/buy/?page=1&edid=5BBE11E9-221E-0388-81D1-7607B43518F1 HTTP/1.1" 200 111122
95.217.114.173 - - [07/Mar/2025:03:12:29 +0100] "GET /ticket2/opencms/fi/buy/?page=1&edid=28C6B63C-B045-3C9E-7B07-68433D8A39F4 HTTP/1.1" 200 112097
185.191.171.12 - - [07/Mar/2025:03:12:30 +0100] "GET /ticket2/opencms/ga/sport/ticeid-peile/champions-league/atletico-madrid HTTP/1.1" 500 -
114.119.135.171 - - [07/Mar/2025:03:12:30 +0100] "GET /ticket2/opencms/en/login/?url=/en/sell/ HTTP/1.1" 200 90139
173.252.107.10 - - [07/Mar/2025:03:12:30 +0100] "GET /ticket2/opencms/sr/buy?page=1&edid=00111C9B-5E02-77E7-9B39-8EFC1235AF29 HTTP/1.1" 200 112618
66.249.65.237 - - [07/Mar/2025:03:12:30 +0100] "GET /ticket2/opencms/it/buy/?page=1&edid=36B8587B-9BD4-1599-9368-E59F9780F9A9 HTTP/1.1" 200 144657
192.145.45.246 - - [07/Mar/2025:03:12:31 +0100] "GET /ticket2/opencms/sr/sport/fudbalske-karte/premier-league HTTP/1.1" 200 105097
40.77.167.11 - - [07/Mar/2025:03:12:31 +0100] "GET /ticket2/opencms/et/buy/?page=1&edid=253EFE5E-B772-30AA-3BC0-539514B70DC9 HTTP/1.1" 200 90346
161.97.130.75 - - [07/Mar/2025:03:12:32 +0100] "GET /ticket2/opencms/en/login/?edid=27C30962-08EE-4015-79A7-806B34CC7833 HTTP/1.1" 200 90116
114.119.153.152 - - [07/Mar/2025:03:12:32 +0100] "GET /ticket2/opencms/az/buy?page=1&edid=8839DE43-02D6-1964-9569-34CA7978C5BC HTTP/1.1" 200 111615
192.99.36.61 - - [07/Mar/2025:03:12:34 +0100] "GET /ticket2/opencms/dk/ru/buy/?page=1&edid=5E394636-BF24-8546-4F48-C95E49B131BE&sortorder=desc&column=section HTTP/1.1" 404 -
217.182.134.134 - - [07/Mar/2025:03:12:34 +0100] "GET /ticket2/opencms/no/buy/?page=6&comcatid=A17713B6-D984-201A-4143-ED4DB5ED5C2E&catid=0A6C99D2-F5BD-7A18-9A5F-5668827042E0&eventid=2E8FEED6-8FAD-B0D7-22BA-E6EFDA36827A HTTP/1.1" 200 113951
20.171.207.36 - - [07/Mar/2025:03:12:36 +0100] "GET /ticket2/opencms/uk/sport/kvytky-na-futbol/premier-league/brighton/ HTTP/1.1" 200 102901
95.217.114.173 - - [07/Mar/2025:03:12:36 +0100] "GET /ticket2/opencms/fi/buy/?page=1&edid=28EEA809-83B7-F20D-974C-7AF203EF7720 HTTP/1.1" 200 112158
217.182.175.38 - - [07/Mar/2025:03:12:37 +0100] "GET /ticket2/opencms/dk/dk/buy/?page=1&edid=4FA35C52-FFF1-5176-02B2-76834248E00E&sortorder=asc&column=row HTTP/1.1" 404 -
18.144.79.82 - - [07/Mar/2025:03:12:41 +0100] "GET /ticket2/opencms/en/ HTTP/1.1" 200 103725
95.217.114.173 - - [07/Mar/2025:03:12:43 +0100] "GET /ticket2/opencms/fi/buy/?page=1&edid=28F0825C-19F9-7A9A-47A6-29D256059C0C HTTP/1.1" 200 110581
185.191.171.18 - - [07/Mar/2025:03:12:45 +0100] "GET /ticket2/opencms/sv/magazine/article?title=crystal-palace HTTP/1.1" 200 89026
217.182.134.134 - - [07/Mar/2025:03:12:47 +0100] "GET /ticket2/opencms/no/buy/?page=6&comcatid=A17713B6-D984-201A-4143-ED4DB5ED5C2E&catid=0A6C99D2-F5BD-7A18-9A5F-5668827042E0&eventid=4F6C281E-0307-3DEA-5C89-32A309F90298 HTTP/1.1" 200 112299
52.167.144.146 - - [07/Mar/2025:03:12:48 +0100] "GET /ticket2/opencms/ga/buy/?page=1&edid=04D45083-5BEA-6FC8-74F9-B6EE79D662E0 HTTP/1.1" 200 112322
192.99.36.61 - - [07/Mar/2025:03:12:48 +0100] "GET /ticket2/opencms/dk/ru/buy/?page=1&edid=5F93E8E8-0A3C-E7C6-799E-7FAC313A5B3D&sortorder=desc&column=price HTTP/1.1" 404 -
217.182.175.38 - - [07/Mar/2025:03:12:49 +0100] "GET /ticket2/opencms/dk/dk/buy/?page=1&edid=782DA820-81A9-DE17-547C-521616A84CAF&sortorder=asc&column=section HTTP/1.1" 404 -
95.217.114.173 - - [07/Mar/2025:03:12:50 +0100] "GET /ticket2/opencms/fi/buy/?page=1&edid=291216E9-A94A-205B-7C67-5C0727287644 HTTP/1.1" 200 111551
52.167.144.226 - - [07/Mar/2025:03:12:55 +0100] "GET /ticket2/opencms/el/buy/?page=1&edid=28172F01-64C5-EBF5-B7B9-E77D4E4E7D9F HTTP/1.1" 200 112276
85.208.96.206 - - [07/Mar/2025:03:12:55 +0100] "GET /ticket2/opencms/ga/magazine/article?title=bukayo-ayoyinka-t-m-saka HTTP/1.1" 200 94296
95.217.114.173 - - [07/Mar/2025:03:12:56 +0100] "GET /ticket2/opencms/fi/buy/?page=1&edid=291A9EE1-A261-41FE-C9F2-27311F631492 HTTP/1.1" 200 111481
114.119.133.220 - - [07/Mar/2025:03:12:58 +0100] "GET /ticket2/opencms/en/buy/?page=1&edid=F4A838CD-C7EB-CDA8-6118-FDD4414B7F98 HTTP/1.1" 200 110132
161.97.130.75 - - [07/Mar/2025:03:12:59 +0100] "GET /ticket2/opencms/en/login/?edid=2A0CF380-8C0A-32BD-5783-B7591B6DB2F6 HTTP/1.1" 200 90117
217.182.175.38 - - [07/Mar/2025:03:12:59 +0100] "GET /ticket2/opencms/dk/dk/buy/?page=1&edid=97A9C7D9-C1DA-7D5A-3DE9-A1C2433ADD2E&sortorder=desc&column=section HTTP/1.1" 404 -
194.120.230.215 - - [07/Mar/2025:03:13:00 +0100] "GET /cgi-bin/luci/;stok=/locale HTTP/1.1" 404 -
217.182.134.134 - - [07/Mar/2025:03:13:00 +0100] "GET /ticket2/opencms/no/buy/?page=6&comcatid=A17713B6-D984-201A-4143-ED4DB5ED5C2E&catid=0A6C99D2-F5BD-7A18-9A5F-5668827042E0&eventid=56CBA715-B928-D58F-6A08-8D95645745F0 HTTP/1.1" 200 112383
114.119.130.154 - - [07/Mar/2025:03:13:00 +0100] "GET /ticket2/opencms/az/buy?page=1&edid=875E6B51-C91B-C46E-A4FB-B3662BA0A6E8 HTTP/1.1" 200 111808
192.99.36.61 - - [07/Mar/2025:03:13:03 +0100] "GET /ticket2/opencms/dk/ru/buy/?page=1&edid=5F93E8E8-0A3C-E7C6-799E-7FAC313A5B3D&sortorder=desc&column=row HTTP/1.1" 404 -
95.217.114.173 - - [07/Mar/2025:03:13:03 +0100] "GET /ticket2/opencms/fi/buy/?page=1&edid=294B34B7-D26A-7EEE-9B68-5B62B01DAC5D HTTP/1.1" 200 108298
114.119.135.251 - - [07/Mar/2025:03:13:08 +0100] "GET /ticket2/opencms/es/buy/?page=1&edid=93838642-5250-2673-0C4C-CF34056B55BD HTTP/1.1" 200 114896
95.217.114.173 - - [07/Mar/2025:03:13:10 +0100] "GET /ticket2/opencms/fi/buy/?page=1&edid=294F17B7-744E-4BB6-3486-8E45BFCF45D8 HTTP/1.1" 200 111805
217.182.175.38 - - [07/Mar/2025:03:13:11 +0100] "GET /ticket2/opencms/dk/dk/buy/?page=1&edid=9A4F4E4C-45B5-02A5-FBAE-F723DBEF17CC&sortorder=asc&column=section HTTP/1.1" 404 -
217.182.134.134 - - [07/Mar/2025:03:13:14 +0100] "GET /ticket2/opencms/no/buy/?page=6&comcatid=A17713B6-D984-201A-4143-ED4DB5ED5C2E&catid=0A6C99D2-F5BD-7A18-9A5F-5668827042E0&eventid=66D77204-4B8D-B660-88DB-7A93BC4629FF HTTP/1.1" 200 114022
95.217.114.173 - - [07/Mar/2025:03:13:16 +0100] "GET /ticket2/opencms/fi/buy/?page=1&edid=295D0B4F-9C66-266F-5540-9251F65A1527 HTTP/1.1" 200 110517
192.99.36.61 - - [07/Mar/2025:03:13:16 +0100] "GET /ticket2/opencms/dk/ru/buy/?page=1&edid=5F93E8E8-0A3C-E7C6-799E-7FAC313A5B3D&sortorder=desc&column=section HTTP/1.1" 404 -
66.249.65.197 - - [07/Mar/2025:03:13:18 +0100] "GET /ticket2/opencms/is/sport/fotbolti/bundesliga HTTP/1.1" 200 102881
217.182.175.38 - - [07/Mar/2025:03:13:21 +0100] "GET /ticket2/opencms/dk/dk/buy/?page=1&edid=9A4F4E4C-45B5-02A5-FBAE-F723DBEF17CC&sortorder=desc&column=price HTTP/1.1" 404 -
217.182.134.134 - - [07/Mar/2025:03:13:24 +0100] "GET /ticket2/opencms/no/buy/?page=6&comcatid=A17713B6-D984-201A-4143-ED4DB5ED5C2E&catid=0A6C99D2-F5BD-7A18-9A5F-5668827042E0&eventid=6BFEAC6D-603C-86F7-45AA-ABF1A48CE94F HTTP/1.1" 200 112362
95.217.114.173 - - [07/Mar/2025:03:13:26 +0100] "GET /ticket2/opencms/fi/buy/?page=1&edid=29A56EFD-94AF-969E-792A-88E39B7A679A HTTP/1.1" 200 108335
114.119.154.13 - - [07/Mar/2025:03:13:26 +0100] "GET /ticket2/opencms/en/magazine/article?title=kylian-mbappe HTTP/1.1" 200 92021
185.191.171.19 - - [07/Mar/2025:03:13:27 +0100] "GET /ticket2/opencms/ro/magazine/article?title=luton HTTP/1.1" 200 92701
20.171.207.36 - - [07/Mar/2025:03:13:27 +0100] "GET /ticket2/opencms/uk/sport/kvytky-na-futbol/premier-league/west-ham HTTP/1.1" 404 -
173.252.69.113 - - [07/Mar/2025:03:13:27 +0100] "GET /ticket2/opencms/sr/sport/fudbalske-karte/premier-league/bournemouth HTTP/1.1" 200 102502
161.97.130.75 - - [07/Mar/2025:03:13:30 +0100] "GET /ticket2/opencms/en/login/?edid=30EFD9FA-9D64-4BEF-2A04-84DAF1853867 HTTP/1.1" 200 90201
47.128.53.51 - - [07/Mar/2025:03:13:30 +0100] "GET /ticket2/opencms/sr/faq HTTP/1.1" 200 90941
192.99.36.61 - - [07/Mar/2025:03:13:31 +0100] "GET /ticket2/opencms/dk/ru/buy/?page=1&edid=5FF30AB9-4C2B-5D59-31F0-3F0E1E70CA95&sortorder=asc&column=price HTTP/1.1" 404 -
217.182.175.38 - - [07/Mar/2025:03:13:31 +0100] "GET /ticket2/opencms/dk/dk/buy/?page=1&edid=9A4F4E4C-45B5-02A5-FBAE-F723DBEF17CC&sortorder=desc&column=row HTTP/1.1" 404 -
66.249.65.233 - - [07/Mar/2025:03:13:32 +0100] "GET /ticket2/opencms/et/buy?page=1&edid=57C8D150-DCBD-4911-196A-160A37952FA8 HTTP/1.1" 200 135107
95.217.114.173 - - [07/Mar/2025:03:13:32 +0100] "GET /ticket2/opencms/fi/buy/?page=1&edid=29B573D8-16F6-7556-60C3-0029DCFF0A60 HTTP/1.1" 200 112192
114.119.132.9 - - [07/Mar/2025:03:13:35 +0100] "GET /ticket2/opencms/es/buy/?page=1&edid=B221A7A0-0672-9C92-94FE-8BC4C1F907CD HTTP/1.1" 200 117864
66.249.65.195 - - [07/Mar/2025:03:13:37 +0100] "GET /ticket2/opencms/is/sport/fotbolti/premier-league HTTP/1.1" 200 104702
95.217.114.173 - - [07/Mar/2025:03:13:37 +0100] "GET /ticket2/opencms/fi/buy/?page=1&edid=29E18AE9-D6E0-6828-8918-77C9018A5E60 HTTP/1.1" 200 110940
217.182.134.134 - - [07/Mar/2025:03:13:37 +0100] "GET /ticket2/opencms/no/buy/?page=6&comcatid=A17713B6-D984-201A-4143-ED4DB5ED5C2E&catid=0A6C99D2-F5BD-7A18-9A5F-5668827042E0&eventid=6F6C209F-41CD-D584-D276-D5324683B59C HTTP/1.1" 200 113211
40.77.167.11 - - [07/Mar/2025:03:13:38 +0100] "GET /ticket2/opencms/is/buy?page=1&edid=8B0071A4-A4EC-E1F3-D002-1B401FF711AE HTTP/1.1" 200 111787
217.182.175.38 - - [07/Mar/2025:03:13:40 +0100] "GET /ticket2/opencms/dk/dk/buy/?page=1&edid=9A4F4E4C-45B5-02A5-FBAE-F723DBEF17CC&sortorder=desc&column=section HTTP/1.1" 404 -
192.99.36.61 - - [07/Mar/2025:03:13:43 +0100] "GET /ticket2/opencms/dk/ru/buy/?page=1&edid=5FF30AB9-4C2B-5D59-31F0-3F0E1E70CA95&sortorder=asc&column=row HTTP/1.1" 404 -
95.217.114.173 - - [07/Mar/2025:03:13:44 +0100] "GET /ticket2/opencms/fi/buy/?page=1&edid=29E9F2D8-9DB7-1D0F-D367-7A346F6698E3 HTTP/1.1" 200 110567
217.182.134.134 - - [07/Mar/2025:03:13:50 +0100] "GET /ticket2/opencms/no/buy/?page=6&comcatid=A17713B6-D984-201A-4143-ED4DB5ED5C2E&catid=0A6C99D2-F5BD-7A18-9A5F-5668827042E0&eventid=894DC58A-C9B9-A619-22E1-739D490A607E HTTP/1.1" 200 112443
95.217.114.173 - - [07/Mar/2025:03:13:51 +0100] "GET /ticket2/opencms/fi/buy/?page=1&edid=29EFBFCC-B83C-5AD9-CA78-B89CD9BC3287 HTTP/1.1" 200 112180
217.182.175.38 - - [07/Mar/2025:03:13:52 +0100] "GET /ticket2/opencms/dk/dk/buy/?page=1&edid=9ACE5E75-762E-167F-FFAE-C1F65B76EB37&sortorder=desc&column=row HTTP/1.1" 404 -
192.99.36.61 - - [07/Mar/2025:03:13:54 +0100] "GET /ticket2/opencms/dk/ru/buy/?page=1&edid=5FF30AB9-4C2B-5D59-31F0-3F0E1E70CA95&sortorder=asc&column=section HTTP/1.1" 404 -
52.167.144.226 - - [07/Mar/2025:03:13:54 +0100] "GET /ticket2/opencms/mt/buy?page=1&edid=62AF51D1-2518-721A-94C3-2C65FC5328DE HTTP/1.1" 200 111949
85.208.96.207 - - [07/Mar/2025:03:13:58 +0100] "GET /ticket2/opencms/es/about/contact/ HTTP/1.1" 200 89469
95.217.114.173 - - [07/Mar/2025:03:14:00 +0100] "GET /ticket2/opencms/fi/buy/?page=1&edid=2A512963-8C1F-996A-5AF5-8CF5359AC1EF HTTP/1.1" 200 111226
217.182.134.134 - - [07/Mar/2025:03:14:01 +0100] "GET /ticket2/opencms/no/buy/?page=6&comcatid=A17713B6-D984-201A-4143-ED4DB5ED5C2E&catid=0A6C99D2-F5BD-7A18-9A5F-5668827042E0&eventid=95E8846F-148F-9D89-2E4D-7714EAEAF9EE HTTP/1.1" 200 113197
161.97.130.75 - - [07/Mar/2025:03:14:02 +0100] "GET /ticket2/opencms/en/login/?edid=31CECE39-C1FC-F090-49FC-B872E815E667 HTTP/1.1" 200 90101
217.182.175.38 - - [07/Mar/2025:03:14:04 +0100] "GET /ticket2/opencms/dk/dk/buy/?page=1&edid=9ACE5E75-762E-167F-FFAE-C1F65B76EB37&sortorder=desc&column=section HTTP/1.1" 404 -
114.119.136.30 - - [07/Mar/2025:03:14:06 +0100] "GET /ticket2/opencms/az/buy?page=1&edid=85C49B56-0E7B-16F6-66E3-E0CA735F0D13 HTTP/1.1" 200 112667
95.217.114.173 - - [07/Mar/2025:03:14:07 +0100] "GET /ticket2/opencms/fi/buy/?page=1&edid=2AA1FF96-18BA-5A96-CBE6-7F35F0406D7B HTTP/1.1" 200 112232
192.99.36.61 - - [07/Mar/2025:03:14:08 +0100] "GET /ticket2/opencms/dk/ru/buy/?page=1&edid=6013960B-6822-2E35-1FA5-E8D66CD59F68&sortorder=desc&column=price HTTP/1.1" 404 -
185.191.171.9 - - [07/Mar/2025:03:14:10 +0100] "GET /ticket2/opencms/dk/sport/fodboldbilletter/ligue_1/ HTTP/1.1" 404 -
95.217.114.173 - - [07/Mar/2025:03:14:12 +0100] "GET /ticket2/opencms/fi/buy/?page=1&edid=2ADA95B2-5596-9A00-6386-EC0EB48A58F3 HTTP/1.1" 200 112255
114.119.140.85 - - [07/Mar/2025:03:14:13 +0100] "GET /ticket2/opencms/en/buy/?page=1&edid=F384BD3C-7AC0-0326-FCCE-7A9130A867E9 HTTP/1.1" 200 108948
217.182.175.38 - - [07/Mar/2025:03:14:13 +0100] "GET /ticket2/opencms/dk/dk/buy/?page=1&edid=9AD4B11B-4601-F5E9-C96F-7BECC055632D&sortorder=asc&column=price HTTP/1.1" 404 -
20.171.207.36 - - [07/Mar/2025:03:14:15 +0100] "GET /ticket2/opencms/uk/sport/kvytky-na-futbol/bundesliga/werder-bremen/ HTTP/1.1" 200 102876
66.249.65.197 - - [07/Mar/2025:03:14:15 +0100] "GET /ticket2/opencms/hu/buy/?page=1&edid=3E86A9D2-1F76-94AC-46C5-9F4298C72DA0 HTTP/1.1" 200 112517
179.43.161.34 - - [07/Mar/2025:03:14:16 +0100] "GET / HTTP/1.1" 404 -
85.208.96.202 - - [07/Mar/2025:03:14:19 +0100] "GET /ticket2/opencms/sq/sport/bileta-per-futboll/serie-a HTTP/1.1" 200 104159
192.99.36.61 - - [07/Mar/2025:03:14:20 +0100] "GET /ticket2/opencms/dk/ru/buy/?page=1&edid=609CC660-5BC4-EC4B-367A-02613D797957&sortorder=asc&column=price HTTP/1.1" 404 -
217.182.134.134 - - [07/Mar/2025:03:14:21 +0100] "GET /ticket2/opencms/no/buy/?page=6&comcatid=A17713B6-D984-201A-4143-ED4DB5ED5C2E&catid=0A6C99D2-F5BD-7A18-9A5F-5668827042E0&eventid=A2BBF8F5-73FD-205D-F6D5-00395D8DDE9D HTTP/1.1" 200 112389
95.217.114.173 - - [07/Mar/2025:03:14:22 +0100] "GET /ticket2/opencms/fi/buy/?page=1&edid=2B069145-96C4-9DB2-7920-56A0B5CF95BF HTTP/1.1" 200 111680
52.167.144.226 - - [07/Mar/2025:03:14:22 +0100] "GET /ticket2/opencms/hy/buy?page=1&edid=1725DD81-AB30-210C-691A-5E56E0E70527 HTTP/1.1" 404 -
173.252.69.113 - - [07/Mar/2025:03:14:23 +0100] "GET /ticket2/opencms/en/sport/football-tickets/bundesliga/darmstadt HTTP/1.1" 500 -
185.191.171.9 - - [07/Mar/2025:03:14:25 +0100] "GET /ticket2/opencms/nl/magazine/article?title=tweede-plaats-tweede-jaar-op-rij HTTP/1.1" 200 86818
47.128.19.172 - - [07/Mar/2025:03:14:26 +0100] "GET /ticket2/opencms/fi/venue/?venueid=E649B15F-1340-1561-C110-0CA0784E39A8 HTTP/1.1" 200 86983
217.182.175.38 - - [07/Mar/2025:03:14:27 +0100] "GET /ticket2/opencms/dk/dk/buy/?page=1&edid=9AD4B11B-4601-F5E9-C96F-7BECC055632D&sortorder=asc&column=row HTTP/1.1" 404 -
47.128.19.172 - - [07/Mar/2025:03:14:28 +0100] "GET /ticket2/opencms/venue/santiago-bernabeu.jpg HTTP/1.1" 200 223960
161.97.130.75 - - [07/Mar/2025:03:14:29 +0100] "GET /ticket2/opencms/en/login/?edid=330F2908-F2E8-6925-771A-2D5FC8A92AD5 HTTP/1.1" 200 90052
95.217.114.173 - - [07/Mar/2025:03:14:29 +0100] "GET /ticket2/opencms/fi/buy/?page=1&edid=2B244978-CDF4-B7C4-66FD-1551A26618A8 HTTP/1.1" 200 110567
217.182.134.134 - - [07/Mar/2025:03:14:30 +0100] "GET /ticket2/opencms/no/buy/?page=6&comcatid=A17713B6-D984-201A-4143-ED4DB5ED5C2E&catid=0A6C99D2-F5BD-7A18-9A5F-5668827042E0&eventid=AE8A6CAA-9529-DB54-69E5-B3169B36CD6E HTTP/1.1" 200 113966
185.191.171.1 - - [07/Mar/2025:03:14:31 +0100] "GET /ticket2/opencms/is/magazine/article?title=arsenal-og-tottenham-skiptast-a-i-episkum-4-4-leik-thann-29-oktober-2008 HTTP/1.1" 200 96281
85.208.96.205 - - [07/Mar/2025:03:14:33 +0100] "GET /ticket2/opencms/bg/magazine/article?title=chelsea-fc-i-tyahnata-borba-za-stabilnost HTTP/1.1" 200 96480
192.99.36.61 - - [07/Mar/2025:03:14:33 +0100] "GET /ticket2/opencms/dk/ru/buy/?page=1&edid=609CC660-5BC4-EC4B-367A-02613D797957&sortorder=asc&column=row HTTP/1.1" 404 -
185.191.171.14 - - [07/Mar/2025:03:14:35 +0100] "GET /ticket2/opencms/ro/magazine/article?title=viitorul-tehnologiei-in-fotbal HTTP/1.1" 200 95683
207.46.13.51 - - [07/Mar/2025:03:14:35 +0100] "GET /ticket2/opencms/fr/buy?page=1&edid=FDE2CB1B-737B-857F-7431-BD450E7D3BBB HTTP/1.1" 200 135264
95.217.114.173 - - [07/Mar/2025:03:14:39 +0100] "GET /ticket2/opencms/fi/buy/?page=1&edid=2B348FE6-CF9A-A872-0239-B27A1D1757C2 HTTP/1.1" 200 111242
85.208.96.202 - - [07/Mar/2025:03:14:39 +0100] "GET /ticket2/opencms/ga/magazine/article?title=crystal-palace-premier-league-snea-y-fans-paa HTTP/1.1" 200 95590
217.182.175.38 - - [07/Mar/2025:03:14:39 +0100] "GET /ticket2/opencms/dk/dk/buy/?page=1&edid=9AFDF413-D3F8-9D6D-2D07-F7F1640C5134&sortorder=desc&column=row HTTP/1.1" 404 -
217.182.134.134 - - [07/Mar/2025:03:14:41 +0100] "GET /ticket2/opencms/no/buy/?page=6&comcatid=A17713B6-D984-201A-4143-ED4DB5ED5C2E&catid=0A6C99D2-F5BD-7A18-9A5F-5668827042E0&eventid=E1F7E93A-157E-48B5-16F5-20CB837CCB35 HTTP/1.1" 200 113171
95.217.114.173 - - [07/Mar/2025:03:14:45 +0100] "GET /ticket2/opencms/fi/buy/?page=1&edid=2B4B21AC-3A39-C63E-397C-084E798BD2FE HTTP/1.1" 200 112115
192.99.36.61 - - [07/Mar/2025:03:14:45 +0100] "GET /ticket2/opencms/dk/ru/buy/?page=1&edid=609CC660-5BC4-EC4B-367A-02613D797957&sortorder=asc&column=section HTTP/1.1" 404 -
52.167.144.146 - - [07/Mar/2025:03:14:47 +0100] "GET /ticket2/opencms/fr/buy?page=1&edid=8AA383AF-FCAB-DE19-87CF-A34E5FF0030A HTTP/1.1" 200 111539
217.182.175.38 - - [07/Mar/2025:03:14:48 +0100] "GET /ticket2/opencms/dk/dk/buy/?page=1&edid=9C81EF50-3F71-F6A7-E285-CA1E8F83C215&sortorder=desc&column=price HTTP/1.1" 404 -
52.167.144.146 - - [07/Mar/2025:03:14:49 +0100] "GET /ticket2/opencms/dk/buy?page=1&edid=9703B4F2-F8EC-4308-4ACF-3E0D3C506430 HTTP/1.1" 200 111000
47.128.37.87 - - [07/Mar/2025:03:14:49 +0100] "GET /ticket2/opencms/ga/buy/?edid=5C16C231-B966-190F-EDF0-005493349D4E HTTP/1.1" 200 91761
95.217.114.173 - - [07/Mar/2025:03:14:51 +0100] "GET /ticket2/opencms/fi/buy/?page=1&edid=2B78C7EB-3ACB-7B0C-704C-97A7371BBF12 HTTP/1.1" 200 108352
217.182.134.134 - - [07/Mar/2025:03:14:53 +0100] "GET /ticket2/opencms/no/buy/?page=6&comcatid=A17713B6-D984-201A-4143-ED4DB5ED5C2E&catid=36394212-F82E-F845-399B-42BED55969CC&eventid=19AD6356-6E10-9C9F-9FF7-23862BF7038B HTTP/1.1" 200 111126
161.97.130.75 - - [07/Mar/2025:03:14:53 +0100] "GET /ticket2/opencms/en/login/?edid=3AC4801A-22EA-FD01-C041-B6E0417E770D HTTP/1.1" 200 90054
185.191.171.4 - - [07/Mar/2025:03:14:53 +0100] "GET /ticket2/opencms/cs/sport/fotbalove-listky/english-championship/stoke-city HTTP/1.1" 404 -
114.119.150.86 - - [07/Mar/2025:03:14:58 +0100] "GET /ticket2/opencms/az/buy?page=1&edid=845586A6-1949-5539-2884-3A46607B22D7 HTTP/1.1" 200 112957
217.182.175.38 - - [07/Mar/2025:03:14:58 +0100] "GET /ticket2/opencms/dk/dk/buy/?page=1&edid=9C91C697-B406-6838-E8EE-67CCBD777A69&sortorder=desc&column=section HTTP/1.1" 404 -
95.217.114.173 - - [07/Mar/2025:03:14:59 +0100] "GET /ticket2/opencms/fi/buy/?page=1&edid=2BB46C82-776D-790E-346D-8BB7292ADA6F HTTP/1.1" 200 111189
192.99.36.61 - - [07/Mar/2025:03:14:59 +0100] "GET /ticket2/opencms/dk/ru/buy/?page=1&edid=60CC2C09-82B0-47D4-2A40-416D054D80D9&sortorder=asc&column=price HTTP/1.1" 404 -
20.171.207.36 - - [07/Mar/2025:03:15:01 +0100] "GET /ticket2/opencms/sk/sport/futbalove-listky/eredivisie HTTP/1.1" 500 -
47.128.19.81 - - [07/Mar/2025:03:15:02 +0100] "GET /ticket2/opencms/fi/venue/?venueid=0B9975D1-A2ED-D828-2456-3EB94DF3E37F HTTP/1.1" 200 86935
217.182.134.134 - - [07/Mar/2025:03:15:05 +0100] "GET /ticket2/opencms/no/buy/?page=6&comcatid=A17713B6-D984-201A-4143-ED4DB5ED5C2E&catid=36394212-F82E-F845-399B-42BED55969CC&eventid=1C0FC89D-D539-28E4-3F58-11BCE29E4CA8 HTTP/1.1" 200 110151
95.217.114.173 - - [07/Mar/2025:03:15:07 +0100] "GET /ticket2/opencms/fi/buy/?page=1&edid=2BB63DA7-B0AE-2827-05DF-1E69884FFE00 HTTP/1.1" 200 111720
217.182.175.38 - - [07/Mar/2025:03:15:08 +0100] "GET /ticket2/opencms/dk/dk/buy/?page=1&edid=9CB88255-C1D7-A550-4F71-3BA9C5085A0C&sortorder=asc&column=price HTTP/1.1" 404 -
40.77.167.11 - - [07/Mar/2025:03:15:08 +0100] "GET /ticket2/opencms/mo/buy/?page=1&edid=C20432C4-0B21-7EBB-6494-58CCF00337B0 HTTP/1.1" 200 112052
161.97.130.75 - - [07/Mar/2025:03:15:09 +0100] "GET /ticket2/opencms/en/login/?edid=44FA1F14-EB7D-12C7-39F6-256763F07FCD HTTP/1.1" 200 90063
40.77.167.11 - - [07/Mar/2025:03:15:09 +0100] "GET /ticket2/opencms/el/buy/?page=1&edid=4CD007E2-46D8-C392-660B-F9072E8A8F9F HTTP/1.1" 200 116183
66.249.65.196 - - [07/Mar/2025:03:15:10 +0100] "GET /ticket2/opencms/is/sport/fotbolti/serie-a HTTP/1.1" 200 102914
185.191.171.16 - - [07/Mar/2025:03:15:11 +0100] "GET /ticket2/opencms/nl/search.html?searchQuery HTTP/1.1" 200 95331
192.99.36.61 - - [07/Mar/2025:03:15:14 +0100] "GET /ticket2/opencms/dk/ru/buy/?page=1&edid=60CC2C09-82B0-47D4-2A40-416D054D80D9&sortorder=asc&column=row HTTP/1.1" 404 -
95.217.114.173 - - [07/Mar/2025:03:15:15 +0100] "GET /ticket2/opencms/fi/buy/?page=1&edid=2BFEA14C-B07E-DAFB-F233-A8E8F3375306 HTTP/1.1" 200 108445
114.119.130.23 - - [07/Mar/2025:03:15:15 +0100] "GET /ticket2/opencms/en/venue/?venueid=924F6A71-B6FB-26C5-04CA-1B49F86B9FF1 HTTP/1.1" 200 85287
217.182.175.38 - - [07/Mar/2025:03:15:16 +0100] "GET /ticket2/opencms/dk/dk/buy/?page=1&edid=9CCA4649-2FF5-6A0F-596D-CB67A9F0D3DA&sortorder=asc&column=price HTTP/1.1" 404 -
217.182.134.134 - - [07/Mar/2025:03:15:16 +0100] "GET /ticket2/opencms/no/buy/?page=6&comcatid=A17713B6-D984-201A-4143-ED4DB5ED5C2E&catid=36394212-F82E-F845-399B-42BED55969CC&eventid=29425CD0-51B2-1314-2678-3AB7A21FD119 HTTP/1.1" 200 111052
173.252.83.2 - - [07/Mar/2025:03:15:17 +0100] "GET /ticket2/opencms/fr/buy?page=1&edid=FB619D25-A569-B2D3-A138-064ED3A662B4 HTTP/1.1" 200 111738
114.119.154.207 - - [07/Mar/2025:03:15:19 +0100] "GET /ticket2/opencms/es/buy/?page=1&edid=8EE24D2F-4BF0-A103-6944-36103BCA6278 HTTP/1.1" 200 122464
95.217.114.173 - - [07/Mar/2025:03:15:21 +0100] "GET /ticket2/opencms/fi/buy/?page=1&edid=2C4B6786-0F6F-C1FA-478C-3E015D58BCA8 HTTP/1.1" 200 112280
114.119.153.152 - - [07/Mar/2025:03:15:23 +0100] "GET /ticket2/opencms/az/buy?page=1&edid=82DAFB8C-2930-7F9D-08E3-A892E55FAAA5 HTTP/1.1" 200 90589
217.182.175.38 - - [07/Mar/2025:03:15:24 +0100] "GET /ticket2/opencms/dk/dk/buy/?page=1&edid=9CCA4649-2FF5-6A0F-596D-CB67A9F0D3DA&sortorder=desc&column=section HTTP/1.1" 404 -
173.252.83.4 - - [07/Mar/2025:03:15:24 +0100] "GET /ticket2/opencms/cs/sport/fotbalove-listky/champions-league/malmo-ff HTTP/1.1" 500 -
54.36.148.158 - - [07/Mar/2025:03:15:24 +0100] "GET /ticket2/opencms/no/sport/fotballsbilletter/premier_league/west_ham_united/ HTTP/1.1" 200 100028
161.97.130.75 - - [07/Mar/2025:03:15:25 +0100] "GET /ticket2/opencms/en/login/?edid=458B1568-FE0A-15E4-B731-02A001EA1C95 HTTP/1.1" 200 90141
95.217.114.173 - - [07/Mar/2025:03:15:25 +0100] "GET /ticket2/opencms/fi/buy/?page=1&edid=2C71E7BD-CB87-D4AB-FF92-C8306AEAEEF3 HTTP/1.1" 200 111188
192.99.36.61 - - [07/Mar/2025:03:15:26 +0100] "GET /ticket2/opencms/dk/ru/buy/?page=1&edid=60CC2C09-82B0-47D4-2A40-416D054D80D9&sortorder=asc&column=section HTTP/1.1" 404 -
217.182.134.134 - - [07/Mar/2025:03:15:26 +0100] "GET /ticket2/opencms/no/buy/?page=6&comcatid=A17713B6-D984-201A-4143-ED4DB5ED5C2E&catid=36394212-F82E-F845-399B-42BED55969CC&eventid=8089A138-5EE7-E43F-C342-AAB9352CA1D1 HTTP/1.1" 200 110170
114.119.130.210 - - [07/Mar/2025:03:15:27 +0100] "GET /ticket2/opencms/en/sell/?edid=DD26041B-007D-3EE6-A8F7-303AB350D2E4 HTTP/1.1" 302 -
95.217.114.173 - - [07/Mar/2025:03:15:32 +0100] "GET /ticket2/opencms/fi/buy/?page=1&edid=2C81F7FB-5C92-E271-C03D-9F768923CF00 HTTP/1.1" 200 111440
114.119.130.210 - - [07/Mar/2025:03:15:32 +0100] "GET /ticket2/opencms/en/login/?url=/en/sell/ HTTP/1.1" 200 90101
217.182.175.38 - - [07/Mar/2025:03:15:33 +0100] "GET /ticket2/opencms/dk/dk/buy/?page=1&edid=9CCC60F1-4795-760A-258E-C29F7C9B1FCF&sortorder=asc&column=section HTTP/1.1" 404 -
66.249.65.233 - - [07/Mar/2025:03:15:34 +0100] "GET /ticket2/opencms/et/buy?page=1&edid=0B7E5CA2-F588-894B-B701-64E6B9532C54 HTTP/1.1" 200 127536
94.102.55.18 - - [07/Mar/2025:03:15:34 +0100] "GET /ticket2/opencms/de/wp-content/plugins/security-malware-firewall/readme.txt HTTP/1.1" 404 -
217.182.134.134 - - [07/Mar/2025:03:15:37 +0100] "GET /ticket2/opencms/no/buy/?page=6&comcatid=A17713B6-D984-201A-4143-ED4DB5ED5C2E&catid=36394212-F82E-F845-399B-42BED55969CC&eventid=B45AC244-DB10-0539-6625-12AA68C37378 HTTP/1.1" 200 108530
40.77.167.154 - - [07/Mar/2025:03:15:37 +0100] "GET /ticket2/opencms/de/buy/?page=1&edid=268D8165-50F1-AAA8-6C6A-3ABAD53C8B35 HTTP/1.1" 200 111565
161.97.130.75 - - [07/Mar/2025:03:15:38 +0100] "GET /ticket2/opencms/en/login/?edid=55B71E74-70BF-BDCB-5C46-16288AA0B61A HTTP/1.1" 200 90005
192.99.36.61 - - [07/Mar/2025:03:15:40 +0100] "GET /ticket2/opencms/dk/ru/buy/?page=1&edid=60CC2C09-82B0-47D4-2A40-416D054D80D9&sortorder=desc&column=row HTTP/1.1" 404 -
95.217.114.173 - - [07/Mar/2025:03:15:40 +0100] "GET /ticket2/opencms/fi/buy/?page=1&edid=2CA3105D-3A7E-3C22-5999-57054C6868BE HTTP/1.1" 200 111743
114.119.130.91 - - [07/Mar/2025:03:15:40 +0100] "GET /ticket2/opencms/en/buy/?page=1&edid=F0FD144D-EDD8-45A2-3DD8-E1C7A55E1A39 HTTP/1.1" 200 109421
217.182.175.38 - - [07/Mar/2025:03:15:42 +0100] "GET /ticket2/opencms/dk/dk/buy/?page=1&edid=9CCC60F1-4795-760A-258E-C29F7C9B1FCF&sortorder=desc&column=price HTTP/1.1" 404 -
20.171.207.36 - - [07/Mar/2025:03:15:42 +0100] "GET /ticket2/opencms/be/sport/futbol-kvitki/eredivisie HTTP/1.1" 500 -
85.208.96.209 - - [07/Mar/2025:03:15:43 +0100] "GET /ticket2/opencms/en/magazine/article?title=luton HTTP/1.1" 200 90695
185.191.171.14 - - [07/Mar/2025:03:15:44 +0100] "GET /ticket2/opencms/sv/magazine/om-spelare/ HTTP/1.1" 200 85474
95.217.114.173 - - [07/Mar/2025:03:15:47 +0100] "GET /ticket2/opencms/fi/buy/?page=1&edid=2D4B33C5-3CF4-49C4-169B-9FFE6A3AD0A9 HTTP/1.1" 200 111676
47.128.60.159 - - [07/Mar/2025:03:15:49 +0100] "GET /ticket2/opencms/ka/?comcatid=810BB404-4103-77F2-A6C2-12D5E6C338E2 HTTP/1.1" 200 110190
217.182.134.134 - - [07/Mar/2025:03:15:49 +0100] "GET /ticket2/opencms/no/buy/?page=6&comcatid=A17713B6-D984-201A-4143-ED4DB5ED5C2E&catid=36394212-F82E-F845-399B-42BED55969CC&eventid=FF812D0C-FCB2-7645-0CFD-1ACFB0013262 HTTP/1.1" 200 110224
192.99.36.61 - - [07/Mar/2025:03:15:51 +0100] "GET /ticket2/opencms/dk/ru/buy/?page=1&edid=60CC2C09-82B0-47D4-2A40-416D054D80D9&sortorder=desc&column=section HTTP/1.1" 404 -
217.182.175.38 - - [07/Mar/2025:03:15:52 +0100] "GET /ticket2/opencms/dk/dk/buy/?page=1&edid=9F1D73C2-BE00-2D9C-AC75-8DF7045354B9&sortorder=asc&column=row HTTP/1.1" 404 -
95.217.114.173 - - [07/Mar/2025:03:15:54 +0100] "GET /ticket2/opencms/fi/buy/?page=1&edid=2D5C43A1-8CDF-1FA0-6F72-C4895B7B53DE HTTP/1.1" 200 108497
52.167.144.226 - - [07/Mar/2025:03:15:54 +0100] "GET /ticket2/opencms/fi/buy?page=1&edid=2023F726-4311-DF16-2C0C-AE4A78BC8014 HTTP/1.1" 200 108414
161.97.130.75 - - [07/Mar/2025:03:15:59 +0100] "GET /ticket2/opencms/en/login/?edid=5C16EE04-AE84-D909-F824-CB631377EBFA HTTP/1.1" 200 90052
114.119.143.233 - - [07/Mar/2025:03:16:00 +0100] "GET /ticket2/opencms/az/buy?page=1&edid=80EC9BE4-423E-910F-0C1D-DE63B8ED3287 HTTP/1.1" 200 112285
95.217.114.173 - - [07/Mar/2025:03:16:00 +0100] "GET /ticket2/opencms/fi/buy/?page=1&edid=2D731DAB-555D-D0A6-B92E-8C2B53C3E772 HTTP/1.1" 200 110783
114.119.132.9 - - [07/Mar/2025:03:16:00 +0100] "GET /ticket2/opencms/en/venue/?venueid=8F226E17-13FE-CC18-B0C6-2591DA99778F HTTP/1.1" 200 85324
217.182.134.134 - - [07/Mar/2025:03:16:00 +0100] "GET /ticket2/opencms/no/buy/?page=6&comcatid=A17713B6-D984-201A-4143-ED4DB5ED5C2E&catid=7EF04817-972D-18B1-F941-DE800D088075&eventid=19FE0ECF-0C15-9916-F4F4-CFCB91C42B1A HTTP/1.1" 200 106775
217.182.175.38 - - [07/Mar/2025:03:16:01 +0100] "GET /ticket2/opencms/dk/dk/buy/?page=1&edid=9F28ACAC-CEB4-1EFE-F26A-C4E08B36FE1B&sortorder=desc&column=price HTTP/1.1" 404 -
85.208.96.207 - - [07/Mar/2025:03:16:02 +0100] "GET /ticket2/opencms/lt/magazine/article?title=cempionu-lyga-bilietai-ticket2 HTTP/1.1" 200 96557
52.167.144.226 - - [07/Mar/2025:03:16:03 +0100] "GET /ticket2/opencms/ru/buy/?page=1&edid=8DF36092-1262-D852-3FA6-D00FC4F478AA HTTP/1.1" 200 106956
192.99.36.61 - - [07/Mar/2025:03:16:04 +0100] "GET /ticket2/opencms/dk/ru/buy/?page=1&edid=61A4236D-8A4F-347D-2797-7565CB47221F&sortorder=asc&column=price HTTP/1.1" 404 -
185.191.171.4 - - [07/Mar/2025:03:16:05 +0100] "GET /ticket2/opencms/cs/magazine/article?title=reflexe-sezony-manchesteru-united-202324 HTTP/1.1" 200 94427
95.217.114.173 - - [07/Mar/2025:03:16:08 +0100] "GET /ticket2/opencms/fi/buy/?page=1&edid=2D759E5F-2386-8075-7CD8-4163DC76C53A HTTP/1.1" 200 108438
52.167.144.146 - - [07/Mar/2025:03:16:08 +0100] "GET /ticket2/opencms/sv/buy?page=1&edid=A3FF7EFF-5154-08F6-7974-2175C0FBE1D6 HTTP/1.1" 200 111263
114.119.139.202 - - [07/Mar/2025:03:16:09 +0100] "GET /ticket2/opencms/es/buy/?page=1&edid=7D705009-28C3-DAA4-6025-94ED0AAA4FB6 HTTP/1.1" 200 108566
217.182.134.134 - - [07/Mar/2025:03:16:11 +0100] "GET /ticket2/opencms/no/buy/?page=6&comcatid=A17713B6-D984-201A-4143-ED4DB5ED5C2E&catid=7EF04817-972D-18B1-F941-DE800D088075&eventid=2A88ACA5-F2CC-5A54-E5C1-288C49B66BCA HTTP/1.1" 200 106704
217.182.175.38 - - [07/Mar/2025:03:16:12 +0100] "GET /ticket2/opencms/dk/dk/buy/?page=1&edid=9FB7859D-DDE8-10E7-3804-37A1874573F9&sortorder=asc&column=row HTTP/1.1" 404 -
185.191.171.5 - - [07/Mar/2025:03:16:13 +0100] "GET /ticket2/opencms/fi/urheilu/jalkapallo/champions-league/bayern-munchen HTTP/1.1" 500 -
95.217.114.173 - - [07/Mar/2025:03:16:14 +0100] "GET /ticket2/opencms/fi/buy/?page=1&edid=2D8BABEA-B463-12A2-E630-9585FD2F3F33 HTTP/1.1" 200 112207
85.208.96.198 - - [07/Mar/2025:03:16:14 +0100] "GET /ticket2/opencms/bg/magazine/article?title=zhoao-palinya-kum-bajern-myunhen-nova-sila-na-sredata-na-terena-pristiga-v-alianc-arena HTTP/1.1" 200 99280
161.97.130.75 - - [07/Mar/2025:03:16:15 +0100] "GET /ticket2/opencms/en/login/?edid=5CB5FE80-D6A2-EABB-565B-174233253B32 HTTP/1.1" 200 90126
47.128.126.29 - - [07/Mar/2025:03:16:15 +0100] "GET /ticket2/opencms/mo/buy?edid=38D3E8DB-58C1-6EB0-5381-C6ED5AE10DA5 HTTP/1.1" 200 91736
192.99.36.61 - - [07/Mar/2025:03:16:16 +0100] "GET /ticket2/opencms/dk/ru/buy/?page=1&edid=61A4236D-8A4F-347D-2797-7565CB47221F&sortorder=asc&column=row HTTP/1.1" 404 -
198.235.24.137 - - [07/Mar/2025:03:16:17 +0100] "GET / HTTP/1.1" 404 -
95.217.114.173 - - [07/Mar/2025:03:16:22 +0100] "GET /ticket2/opencms/fi/buy/?page=1&edid=2D8E9E91-F40A-9CD3-B790-C21028BAFFF7 HTTP/1.1" 200 110551
217.182.175.38 - - [07/Mar/2025:03:16:22 +0100] "GET /ticket2/opencms/dk/dk/buy/?page=1&edid=A082D9A0-E4D1-0360-423C-F14EC7DAC615&sortorder=desc&column=price HTTP/1.1" 404 -
173.252.87.8 - - [07/Mar/2025:03:16:24 +0100] "GET /ticket2/opencms/sv/sport/fotbollsbiljetter/bundesliga/darmstadt/ HTTP/1.1" 500 -
217.182.134.134 - - [07/Mar/2025:03:16:25 +0100] "GET /ticket2/opencms/no/buy/?page=6&comcatid=A17713B6-D984-201A-4143-ED4DB5ED5C2E&catid=A3372871-3019-08B8-80CE-74B78F441ACA&eventid=DFDFE3CE-4FC8-F7B9-D656-A64359A3D356 HTTP/1.1" 200 106457
192.99.36.61 - - [07/Mar/2025:03:16:26 +0100] "GET /ticket2/opencms/dk/ru/buy/?page=1&edid=61A4236D-8A4F-347D-2797-7565CB47221F&sortorder=asc&column=section HTTP/1.1" 404 -
95.217.114.173 - - [07/Mar/2025:03:16:29 +0100] "GET /ticket2/opencms/fi/buy/?page=1&edid=2DA06C70-F13F-2337-2D71-22BEF8003BC0 HTTP/1.1" 200 111800
217.182.175.38 - - [07/Mar/2025:03:16:31 +0100] "GET /ticket2/opencms/dk/dk/buy/?page=1&edid=A085E427-DD8F-07BE-32FF-6299B3204D0D&sortorder=asc&column=section HTTP/1.1" 404 -
66.220.149.20 - - [07/Mar/2025:03:16:31 +0100] "GET /ticket2/opencms/de/buy?page=1&edid=B706C05D-BD6B-FE19-B612-CFC9E579BDC9 HTTP/1.1" 200 111433
66.249.74.3 - - [07/Mar/2025:03:16:33 +0100] "GET /ticket2/opencms/et/magazine/sv/sport/fotbollsbiljetter/premier_league/chelsea/ HTTP/1.1" 404 -
95.217.114.173 - - [07/Mar/2025:03:16:35 +0100] "GET /ticket2/opencms/fi/buy/?page=1&edid=2DB0DC5C-F91F-2A0F-35EA-9FACCBBB9FD7 HTTP/1.1" 200 111761
66.249.65.233 - - [07/Mar/2025:03:16:35 +0100] "GET /ticket2/opencms/et/buy?page=1&edid=7F2B1FEA-20FE-7448-32AC-111154CA401B HTTP/1.1" 200 135998
192.99.36.61 - - [07/Mar/2025:03:16:36 +0100] "GET /ticket2/opencms/dk/ru/buy/?page=1&edid=62BE3192-E5CE-ECA4-48A4-F4D04C6999AF HTTP/1.1" 404 -
207.46.13.7 - - [07/Mar/2025:03:16:36 +0100] "GET /ticket2/opencms/sv/buy?page=1&edid=3E8160AB-0FBD-70C5-9AD2-7741AA7C1F1A HTTP/1.1" 200 111420
114.119.133.220 - - [07/Mar/2025:03:16:39 +0100] "GET /ticket2/opencms/en/buy/?page=1&edid=F0B24519-4861-7759-31C6-30F9AC894871 HTTP/1.1" 200 106804
161.97.130.75 - - [07/Mar/2025:03:16:39 +0100] "GET /ticket2/opencms/en/login/?edid=5CFB923C-B67F-7261-E452-C909EF70E315 HTTP/1.1" 200 90092
114.119.152.77 - - [07/Mar/2025:03:16:39 +0100] "GET /ticket2/opencms/en/buy/?page=1&edid=055941D5-AAA9-3559-090F-26D27D65FBDA HTTP/1.1" 200 119627
217.182.175.38 - - [07/Mar/2025:03:16:40 +0100] "GET /ticket2/opencms/dk/dk/buy/?page=1&edid=A0A75B5B-3D51-D743-BA1B-F39519FFC67E&sortorder=asc&column=row HTTP/1.1" 404 -
95.217.114.173 - - [07/Mar/2025:03:16:41 +0100] "GET /ticket2/opencms/fi/buy/?page=1&edid=2DC06F61-5D5D-7D55-527B-266122082029 HTTP/1.1" 200 90281
114.119.150.86 - - [07/Mar/2025:03:16:42 +0100] "GET /ticket2/opencms/az/buy?page=1&edid=801D8A2F-0B17-6784-F773-9588AB1168F4 HTTP/1.1" 200 112278
20.171.207.36 - - [07/Mar/2025:03:16:44 +0100] "GET /ticket2/opencms/uk/sport/kvytky-na-futbol/ HTTP/1.1" 500 -
85.208.96.211 - - [07/Mar/2025:03:16:44 +0100] "GET /ticket2/opencms/ka/magazine/article?title=luka-modrichi-rcheba-real-madridshi HTTP/1.1" 200 97680
95.217.114.173 - - [07/Mar/2025:03:16:48 +0100] "GET /ticket2/opencms/fi/buy/?page=1&edid=2DEDC008-A8E2-8338-9113-89CEDCB5E81A HTTP/1.1" 200 112226
217.182.175.38 - - [07/Mar/2025:03:16:48 +0100] "GET /ticket2/opencms/dk/dk/buy/?page=1&edid=A0E1E3C5-926E-8F6B-8EB6-E38355A23A9B&sortorder=desc&column=row HTTP/1.1" 404 -
192.99.36.61 - - [07/Mar/2025:03:16:49 +0100] "GET /ticket2/opencms/dk/ru/buy/?page=1&edid=62F27163-68AA-3042-83FC-D856DEAD620E&sortorder=asc&column=price HTTP/1.1" 404 -
95.217.114.173 - - [07/Mar/2025:03:16:55 +0100] "GET /ticket2/opencms/fi/buy/?page=1&edid=2E09C428-36CE-45F2-B8C6-4B9487F476A0 HTTP/1.1" 200 110752
85.208.96.196 - - [07/Mar/2025:03:16:55 +0100] "GET /ticket2/opencms/nl/magazine/article?title=luton HTTP/1.1" 200 90368
161.97.130.75 - - [07/Mar/2025:03:16:56 +0100] "GET /ticket2/opencms/en/login/?edid=5D90F1BB-FDA0-E705-6448-4D677B2D6B3E HTTP/1.1" 200 90194
217.182.175.38 - - [07/Mar/2025:03:16:57 +0100] "GET /ticket2/opencms/dk/dk/buy/?page=1&edid=A0F8530C-88CE-F45C-5515-DD5BC52A4F5F&sortorder=asc&column=row HTTP/1.1" 404 -
40.77.167.11 - - [07/Mar/2025:03:16:57 +0100] "GET /ticket2/opencms/nl/buy/?page=6&comcatid=A17713B6-D984-201A-4143-ED4DB5ED5C2E&catid=06324577-7173-BAB0-146D-E644C912F7C1&eventid=1D4D6C4E-FAB4-14C9-DCD9-6C2A3F35B1FB HTTP/1.1" 200 105697
18.144.79.82 - - [07/Mar/2025:03:16:58 +0100] "GET /ticket2/opencms/ HTTP/1.1" 302 -
18.144.79.82 - - [07/Mar/2025:03:16:58 +0100] "GET /ticket2/opencms/ HTTP/1.1" 500 -
95.217.114.173 - - [07/Mar/2025:03:17:03 +0100] "GET /ticket2/opencms/fi/buy/?page=1&edid=2E0F9D8B-B935-D8FF-F146-190C8D9F09B8 HTTP/1.1" 200 108386
192.99.36.61 - - [07/Mar/2025:03:17:03 +0100] "GET /ticket2/opencms/dk/ru/buy/?page=1&edid=62F27163-68AA-3042-83FC-D856DEAD620E&sortorder=asc&column=row HTTP/1.1" 404 -
217.182.175.38 - - [07/Mar/2025:03:17:04 +0100] "GET /ticket2/opencms/dk/dk/buy/?page=1&edid=A0F8530C-88CE-F45C-5515-DD5BC52A4F5F&sortorder=asc&column=section HTTP/1.1" 404 -
95.217.114.173 - - [07/Mar/2025:03:17:11 +0100] "GET /ticket2/opencms/fi/buy/?page=1&edid=2E1150D0-164B-6D57-A951-EE2A90A76DF8 HTTP/1.1" 200 111708
217.182.175.38 - - [07/Mar/2025:03:17:15 +0100] "GET /ticket2/opencms/dk/dk/buy/?page=1&edid=A11B886E-58FD-585E-C844-3A5188D11667&sortorder=asc&column=price HTTP/1.1" 404 -
18.144.79.82 - - [07/Mar/2025:03:17:17 +0100] "GET /ticket2/opencms/en/ HTTP/1.1" 200 103706
52.167.144.146 - - [07/Mar/2025:03:17:17 +0100] "GET /ticket2/opencms/et/buy?page=1&edid=6ADB89E7-5E3D-9568-EF80-A7D0675D6108 HTTP/1.1" 200 111529
192.99.36.61 - - [07/Mar/2025:03:17:18 +0100] "GET /ticket2/opencms/dk/ru/buy/?page=1&edid=62F27163-68AA-3042-83FC-D856DEAD620E&sortorder=asc&column=section HTTP/1.1" 404 -
185.191.171.11 - - [07/Mar/2025:03:17:19 +0100] "GET /ticket2/opencms/ro/magazine/article?title=liga-campionilor-bilete-pe-ticket2 HTTP/1.1" 200 97983
95.217.114.173 - - [07/Mar/2025:03:17:19 +0100] "GET /ticket2/opencms/fi/buy/?page=1&edid=2E602F15-8DB1-8A7E-BB82-1387A272CE4B HTTP/1.1" 200 111668
217.182.175.38 - - [07/Mar/2025:03:17:23 +0100] "GET /ticket2/opencms/dk/dk/buy/?page=1&edid=A11B886E-58FD-585E-C844-3A5188D11667&sortorder=asc&column=row HTTP/1.1" 404 -
114.119.143.233 - - [07/Mar/2025:03:17:24 +0100] "GET /ticket2/opencms/az/buy?page=1&edid=7CC9F686-E01E-7AA7-6B2C-57C81D223169 HTTP/1.1" 200 111184
52.167.144.226 - - [07/Mar/2025:03:17:25 +0100] "GET /ticket2/opencms/hr/buy?page=1&edid=BFE72954-2A70-2A16-94D9-4D26476203BB HTTP/1.1" 200 108759
95.217.114.173 - - [07/Mar/2025:03:17:27 +0100] "GET /ticket2/opencms/fi/buy/?page=1&edid=2E7C3DB6-FDBC-8B55-9268-E31142D44B61 HTTP/1.1" 200 112130
217.182.175.38 - - [07/Mar/2025:03:17:31 +0100] "GET /ticket2/opencms/dk/dk/buy/?page=1&edid=A11B886E-58FD-585E-C844-3A5188D11667&sortorder=asc&column=section HTTP/1.1" 404 -
192.99.36.61 - - [07/Mar/2025:03:17:31 +0100] "GET /ticket2/opencms/dk/ru/buy/?page=1&edid=635AA585-25E7-8B92-FFF5-B98A8D491D6C&sortorder=asc&column=section HTTP/1.1" 404 -
95.217.114.173 - - [07/Mar/2025:03:17:35 +0100] "GET /ticket2/opencms/fi/buy/?page=1&edid=2ED13BBD-EA37-6DC6-AC31-DEF0177FBC2B HTTP/1.1" 200 112293
40.77.167.11 - - [07/Mar/2025:03:17:39 +0100] "GET /ticket2/opencms/mt/buy/?page=1&edid=11D64526-C538-E0E6-8B7C-0E56AE6B204B HTTP/1.1" 200 112181
66.220.149.22 - - [07/Mar/2025:03:17:39 +0100] "GET /ticket2/opencms/mo/buy/?page=1&edid=9AF29D4D-BF71-6182-1EBD-FF49E6DA3ECE HTTP/1.1" 200 111143
217.182.175.38 - - [07/Mar/2025:03:17:39 +0100] "GET /ticket2/opencms/dk/dk/buy/?page=1&edid=A172CB19-4E01-B0D9-FC0A-53E2305912D9&sortorder=asc&column=section HTTP/1.1" 404 -
40.77.167.47 - - [07/Mar/2025:03:17:40 +0100] "GET /ticket2/opencms/ka/magazine/article?title=rogoria-aleksandre-isakis-momavali HTTP/1.1" 200 97081
95.217.114.173 - - [07/Mar/2025:03:17:41 +0100] "GET /ticket2/opencms/fi/buy/?page=1&edid=2EDECA3B-8025-13B8-A84A-7B344CA04B6F HTTP/1.1" 200 110819
47.128.50.48 - - [07/Mar/2025:03:17:42 +0100] "GET /ticket2/opencms/no/buy?edid=1B66F7E9-6D68-7258-D0DB-383034F8302F HTTP/1.1" 200 91062
114.119.143.233 - - [07/Mar/2025:03:17:43 +0100] "GET /ticket2/opencms/az/buy?page=1&edid=7B3F7649-A433-87A5-0017-3BE35209D234 HTTP/1.1" 200 109054
192.99.36.61 - - [07/Mar/2025:03:17:45 +0100] "GET /ticket2/opencms/dk/ru/buy/?page=1&edid=6391B8D2-4805-E3DF-858D-572DEDE95203&sortorder=asc&column=row HTTP/1.1" 404 -
20.171.207.36 - - [07/Mar/2025:03:17:45 +0100] "GET /ticket2/opencms/be/sport/futbol-kvitki/ligue-1 HTTP/1.1" 500 -
