66.249.65.195 - - [07/Mar/2025:00:23:51 +0100] "GET /ticket2/opencms/ro/buy/?page=1&edid=FEB03BB6-02B5-C800-F6B0-987523006767&hlv=6149ebe9-48b4-4afe-a902-1f000a01000f HTTP/1.1" 200 91964
178.25.244.194 - - [07/Mar/2025:00:23:51 +0100] "GET /ticket2/opencms/dk/dk/buy/?page=1&edid=AD1489BC-D85F-F906-30B7-DAF56FC0FE6B HTTP/1.1" 404 -
158.220.123.227 - - [07/Mar/2025:00:23:51 +0100] "GET /ticket2/opencms/en/login/?edid=AF0EED21-8925-3B93-EFFA-68E179406549 HTTP/1.1" 200 90091
144.91.104.134 - - [07/Mar/2025:00:23:53 +0100] "GET /ticket2/opencms/se/nl/buy/?page=1&edid=368F0139-E5B6-B9FE-905C-4DFE48A1AD87&sortorder=desc&column=row HTTP/1.1" 404 -
173.252.87.2 - - [07/Mar/2025:00:23:54 +0100] "GET /ticket2/opencms/en/buy/?page=1&edid=B6B8349F-A5AA-C742-11D5-2D7AB719C807 HTTP/1.1" 200 109443
62.84.178.152 - - [07/Mar/2025:00:23:56 +0100] "GET /ticket2/opencms/en/buy/?page=1&edid=7336D913-08E6-2684-3416-39DC03B1DB86&sortorder=desc&column=section HTTP/1.1" 200 110364
114.119.153.152 - - [07/Mar/2025:00:23:57 +0100] "GET /ticket2/opencms/dk/buy?page=1&=792145D1-BE2C-E479-413C-A2E583C816E6 HTTP/1.1" 200 -
158.220.123.227 - - [07/Mar/2025:00:23:59 +0100] "GET /ticket2/opencms/en/login/?edid=AF3F1A90-7936-05D6-918A-3B21A37A3CB9 HTTP/1.1" 200 90113
144.91.104.134 - - [07/Mar/2025:00:23:59 +0100] "GET /ticket2/opencms/se/nl/buy/?page=1&edid=368F0139-E5B6-B9FE-905C-4DFE48A1AD87&sortorder=desc&column=section HTTP/1.1" 404 -
34.141.147.241 - - [07/Mar/2025:00:24:00 +0100] "GET /ticket2/opencms/de/ HTTP/1.1" 200 105268
114.119.130.23 - - [07/Mar/2025:00:24:01 +0100] "GET /ticket2/opencms/fr/magazine/article?title=finale-de-lem-2024 HTTP/1.1" 200 95042
47.128.33.28 - - [07/Mar/2025:00:24:01 +0100] "GET /ticket2/opencms/ga/magazine/article?title=liosta-na-n-ainmnithe-don-ballon-dor HTTP/1.1" 200 95118
62.84.178.152 - - [07/Mar/2025:00:24:02 +0100] "GET /ticket2/opencms/en/buy/?page=1&edid=736BD66B-437C-04AF-E221-4773B900AE5E&sortorder=desc&column=price HTTP/1.1" 200 110324
178.25.244.194 - - [07/Mar/2025:00:24:03 +0100] "GET /ticket2/opencms/dk/dk/buy/?page=1&edid=AFDF9063-C0FF-597F-DC9B-84BBE5A9A009&sortorder=asc&column=price HTTP/1.1" 404 -
114.119.130.154 - - [07/Mar/2025:00:24:05 +0100] "GET /ticket2/opencms/dk/buy?page=1&=624AE601-8C9B-F20A-E26A-7B0F6CDD17B5 HTTP/1.1" 200 -
158.220.123.227 - - [07/Mar/2025:00:24:05 +0100] "GET /ticket2/opencms/en/login/?edid=B21620F0-268B-7708-49EB-0AD4408810AF HTTP/1.1" 200 90068
185.191.171.15 - - [07/Mar/2025:00:24:05 +0100] "GET /ticket2/opencms/is/sell/ HTTP/1.1" 302 -
20.171.207.125 - - [07/Mar/2025:00:24:06 +0100] "GET /ticket2/opencms/is/buy/?edid=DE7FBF5B-9DCC-CEE2-6DAD-A4ECB73A57FF&page=1 HTTP/1.1" 200 135050
144.91.104.134 - - [07/Mar/2025:00:24:06 +0100] "GET /ticket2/opencms/se/nl/buy/?page=1&edid=372BCEBA-73D9-CD96-AB91-B58F0B5EBDCF&sortorder=asc&column=row HTTP/1.1" 404 -
62.84.178.152 - - [07/Mar/2025:00:24:10 +0100] "GET /ticket2/opencms/en/buy/?page=1&edid=736BD66B-437C-04AF-E221-4773B900AE5E&sortorder=desc&column=row HTTP/1.1" 200 110307
85.208.96.199 - - [07/Mar/2025:00:24:11 +0100] "GET /ticket2/opencms/is/login/?url=%25252Fis%25252Fsell%25252F HTTP/1.1" 200 91721
54.38.85.37 - - [07/Mar/2025:00:24:11 +0100] "GET /ticket2/opencms/robots.txt HTTP/1.1" 200 773
158.220.123.227 - - [07/Mar/2025:00:24:12 +0100] "GET /ticket2/opencms/en/login/?edid=B2B54E41-0D06-08F6-BB3E-424FD3985B51 HTTP/1.1" 200 90129
144.91.104.134 - - [07/Mar/2025:00:24:12 +0100] "GET /ticket2/opencms/se/nl/buy/?page=1&edid=37A4DAAB-625B-DF72-E6EA-4F4DA29403EA&sortorder=asc&column=section HTTP/1.1" 404 -
34.147.91.161 - - [07/Mar/2025:00:24:13 +0100] "GET /ticket2/opencms/fi/ HTTP/1.1" 200 105284
114.119.135.251 - - [07/Mar/2025:00:24:13 +0100] "GET /ticket2/opencms/en/venue/?countryid=A758EE03-9751-87FA-5392-033D41724B17 HTTP/1.1" 200 114663
54.38.85.37 - - [07/Mar/2025:00:24:14 +0100] "GET /ticket2/opencms/dk/magazine/?%20Error%20reading%20resource%20from%20path HTTP/1.1" 200 160591
185.191.171.16 - - [07/Mar/2025:00:24:14 +0100] "GET /ticket2/opencms/en/magazine/article?title=closing-the-transfer-window-earlier HTTP/1.1" 200 91143
178.25.244.194 - - [07/Mar/2025:00:24:14 +0100] "GET /ticket2/opencms/dk/dk/buy/?page=1&edid=B036B05F-F56C-8A57-ADED-A4E3C6B4E1C2&sortorder=asc&column=section HTTP/1.1" 404 -
95.217.114.173 - - [07/Mar/2025:00:24:16 +0100] "GET /ticket2/opencms/en/sell/?edid=65E16DAE-FB3A-0D73-DEF4-C746943F02B1 HTTP/1.1" 302 -
34.141.178.234 - - [07/Mar/2025:00:24:16 +0100] "GET /ticket2/opencms/dk/ HTTP/1.1" 200 104174
54.38.85.37 - - [07/Mar/2025:00:24:16 +0100] "GET /ticket2/opencms/dk/magazine/article/?%20Error%20reading%20resource%20from%20path HTTP/1.1" 200 88047
62.84.178.152 - - [07/Mar/2025:00:24:16 +0100] "GET /ticket2/opencms/en/buy/?page=1&edid=736BD66B-437C-04AF-E221-4773B900AE5E&sortorder=desc&column=section HTTP/1.1" 200 110476
95.217.114.173 - - [07/Mar/2025:00:24:16 +0100] "GET /ticket2/opencms/en/login/?url=/en/sell/ HTTP/1.1" 200 90039
158.220.123.227 - - [07/Mar/2025:00:24:16 +0100] "GET /ticket2/opencms/en/login/?edid=B51B8EA5-4FAB-429D-8F87-8FA02FE2429D HTTP/1.1" 200 90151
54.38.85.37 - - [07/Mar/2025:00:24:19 +0100] "GET /ticket2/opencms/ga/magazine/article?%20Error%20reading%20resource%20from%20path HTTP/1.1" 200 89250
144.91.104.134 - - [07/Mar/2025:00:24:19 +0100] "GET /ticket2/opencms/se/nl/buy/?page=1&edid=3A07E5A5-3743-E1F7-98D4-69CCB7817E15&sortorder=asc&column=price HTTP/1.1" 404 -
85.208.96.194 - - [07/Mar/2025:00:24:21 +0100] "GET /ticket2/opencms/ka/sport/pekhburti-biletebi HTTP/1.1" 200 97709
178.25.244.194 - - [07/Mar/2025:00:24:21 +0100] "GET /ticket2/opencms/dk/dk/buy/?page=1&edid=B1A91EDB-F255-C25B-6C02-C3BE04687ACE&sortorder=asc&column=section HTTP/1.1" 404 -
62.84.178.152 - - [07/Mar/2025:00:24:22 +0100] "GET /ticket2/opencms/en/buy/?page=1&edid=80F09B1E-DC1C-9CB6-D434-EBABD5638BB6&sortorder=asc&column=price HTTP/1.1" 200 107745
158.220.123.227 - - [07/Mar/2025:00:24:22 +0100] "GET /ticket2/opencms/en/login/?edid=B7610A39-4144-0BE0-019F-B5A48CCD6AC6 HTTP/1.1" 200 90096
95.217.114.173 - - [07/Mar/2025:00:24:25 +0100] "GET /ticket2/opencms/en/sell/?edid=6619AF23-B82A-4933-7AAB-7FCD989DC8B0 HTTP/1.1" 302 -
144.91.104.134 - - [07/Mar/2025:00:24:26 +0100] "GET /ticket2/opencms/se/nl/buy/?page=1&edid=3A59B299-F29E-669F-D8D0-FA3EC5F2E5B3 HTTP/1.1" 404 -
95.217.114.173 - - [07/Mar/2025:00:24:26 +0100] "GET /ticket2/opencms/en/login/?url=/en/sell/ HTTP/1.1" 200 90091
158.220.123.227 - - [07/Mar/2025:00:24:28 +0100] "GET /ticket2/opencms/en/login/?edid=B8BBF679-D59C-F1CB-8AEA-58801327388A HTTP/1.1" 200 90098
114.119.140.85 - - [07/Mar/2025:00:24:28 +0100] "GET /ticket2/opencms/en/login/?url=/en/sell/ HTTP/1.1" 200 90018
62.84.178.152 - - [07/Mar/2025:00:24:28 +0100] "GET /ticket2/opencms/en/buy/?page=1&edid=8CE01479-BCC2-0B5F-B3DC-BA13BF09B4A5&sortorder=desc&column=section HTTP/1.1" 200 109899
178.25.244.194 - - [07/Mar/2025:00:24:28 +0100] "GET /ticket2/opencms/dk/dk/buy/?page=1&edid=B1A91EDB-F255-C25B-6C02-C3BE04687ACE&sortorder=desc&column=row HTTP/1.1" 404 -
185.191.171.11 - - [07/Mar/2025:00:24:29 +0100] "GET /ticket2/opencms/mo/magazine/article?title=chelsea-fc HTTP/1.1" 200 94268
144.91.104.134 - - [07/Mar/2025:00:24:32 +0100] "GET /ticket2/opencms/se/nl/buy/?page=1&edid=3A59B299-F29E-669F-D8D0-FA3EC5F2E5B3&sortorder=desc&column=row HTTP/1.1" 404 -
158.220.123.227 - - [07/Mar/2025:00:24:33 +0100] "GET /ticket2/opencms/en/login/?edid=B8C4FD3A-2A07-475B-8D70-3EFC6A295665 HTTP/1.1" 200 90197
62.84.178.152 - - [07/Mar/2025:00:24:34 +0100] "GET /ticket2/opencms/en/buy/?page=1&edid=8D0B917F-1714-CEE9-8306-2BA97791725F&sortorder=asc&column=price HTTP/1.1" 200 111379
194.120.230.215 - - [07/Mar/2025:00:24:34 +0100] "GET /ticket2/opencms/de/cgi-bin/luci/;stok=/locale HTTP/1.1" 404 -
178.25.244.194 - - [07/Mar/2025:00:24:35 +0100] "GET /ticket2/opencms/dk/dk/buy/?page=1&edid=B1A91EDB-F255-C25B-6C02-C3BE04687ACE&sortorder=desc&column=section HTTP/1.1" 404 -
66.249.65.195 - - [07/Mar/2025:00:24:35 +0100] "GET /ticket2/opencms/hr/buy?page=1&edid=D582FDF1-C885-7FD8-841B-6D2DEF5C38A4&hlv=666dbc0b-d9f4-4c20-895b-4d610a01000f HTTP/1.1" 200 112864
52.167.144.185 - - [07/Mar/2025:00:24:37 +0100] "GET /ticket2/opencms/mt/buy?page=1&edid=7AB34CAD-A4AA-AF21-0381-DCC4282D2AA3 HTTP/1.1" 200 111932
185.191.171.16 - - [07/Mar/2025:00:24:38 +0100] "GET /ticket2/opencms/sk/sport/futbalove-listky/english-championship/hull-city HTTP/1.1" 404 -
158.220.123.227 - - [07/Mar/2025:00:24:38 +0100] "GET /ticket2/opencms/en/login/?edid=B938704A-C364-E3C3-6D83-C5254E1A3103 HTTP/1.1" 200 90151
144.91.104.134 - - [07/Mar/2025:00:24:38 +0100] "GET /ticket2/opencms/se/nl/buy/?page=1&edid=3A59B299-F29E-669F-D8D0-FA3EC5F2E5B3&sortorder=desc&column=section HTTP/1.1" 404 -
52.167.144.185 - - [07/Mar/2025:00:24:38 +0100] "GET /ticket2/opencms/sq/buy?page=1&edid=AA5F188D-392E-95E5-D194-1E2BE6F820A6 HTTP/1.1" 200 111408
62.84.178.152 - - [07/Mar/2025:00:24:40 +0100] "GET /ticket2/opencms/en/buy/?page=1&edid=97090501-1E61-49E3-928B-F233AE55277C&sortorder=asc&column=row HTTP/1.1" 200 111034
85.208.96.194 - - [07/Mar/2025:00:24:41 +0100] "GET /ticket2/opencms/lt/magazine/article?title=liverpoolis-totenhamas HTTP/1.1" 200 92653
40.77.167.22 - - [07/Mar/2025:00:24:43 +0100] "GET /ticket2/opencms/en/buy/?page=1&edid=74430233-0066-0F2D-297C-6BDDB67075CE HTTP/1.1" 200 119603
158.220.123.227 - - [07/Mar/2025:00:24:43 +0100] "GET /ticket2/opencms/en/login/?edid=B991B025-66C6-9BEE-1A3B-473370AF84BC HTTP/1.1" 200 90039
34.91.129.93 - - [07/Mar/2025:00:24:44 +0100] "GET /ticket2/opencms/es/ HTTP/1.1" 200 105511
144.91.104.134 - - [07/Mar/2025:00:24:45 +0100] "GET /ticket2/opencms/se/nl/buy/?page=1&edid=3AB65601-4EE3-2449-68F0-32A09A52B78E&sortorder=desc&column=price HTTP/1.1" 404 -
178.25.244.194 - - [07/Mar/2025:00:24:46 +0100] "GET /ticket2/opencms/dk/dk/buy/?page=1&edid=B3E34151-6539-ECA7-BBF6-044DE2786FAA&sortorder=desc&column=section HTTP/1.1" 404 -
34.141.215.20 - - [07/Mar/2025:00:24:48 +0100] "GET /ticket2/opencms/it/ HTTP/1.1" 200 105483
158.220.123.227 - - [07/Mar/2025:00:24:48 +0100] "GET /ticket2/opencms/en/login/?edid=B9E742CB-A93D-96CD-9A6E-0E3E2693F981 HTTP/1.1" 200 90099
95.217.114.173 - - [07/Mar/2025:00:24:48 +0100] "GET /ticket2/opencms/en/sell/?edid=6629938D-A6E5-DFC1-3AB0-2416CB373D79 HTTP/1.1" 302 -
95.217.114.173 - - [07/Mar/2025:00:24:49 +0100] "GET /ticket2/opencms/en/login/?url=/en/sell/ HTTP/1.1" 200 90157
62.84.178.152 - - [07/Mar/2025:00:24:49 +0100] "GET /ticket2/opencms/en/buy/?page=1&edid=A0FF03C8-8420-0877-2FE6-0C9E8902BC6D&sortorder=desc&column=price HTTP/1.1" 200 111146
185.191.171.19 - - [07/Mar/2025:00:24:50 +0100] "GET /ticket2/opencms/sr/magazine/article?title=everton HTTP/1.1" 200 92573
144.91.104.134 - - [07/Mar/2025:00:24:51 +0100] "GET /ticket2/opencms/se/nl/buy/?page=1&edid=3AB65601-4EE3-2449-68F0-32A09A52B78E&sortorder=desc&column=row HTTP/1.1" 404 -
178.25.244.194 - - [07/Mar/2025:00:24:53 +0100] "GET /ticket2/opencms/dk/dk/buy/?page=1&edid=B4FC85CE-934D-C2FF-C197-68C576598958&sortorder=asc&column=price HTTP/1.1" 404 -
47.128.41.125 - - [07/Mar/2025:00:24:54 +0100] "GET /ticket2/opencms/fi/venue/?venueid=BB60E449-528D-3AE9-B113-A6ED9AB7DBD0 HTTP/1.1" 200 86985
158.220.123.227 - - [07/Mar/2025:00:24:54 +0100] "GET /ticket2/opencms/en/login/?edid=BA9FE2BC-D5C3-0C95-5A35-8594BE85BD7D HTTP/1.1" 200 90140
34.141.215.20 - - [07/Mar/2025:00:24:54 +0100] "GET /ticket2/opencms/de/ HTTP/1.1" 200 105319
52.167.144.161 - - [07/Mar/2025:00:24:54 +0100] "GET /ticket2/opencms/sv/sport/fotbollsbiljetter/uefa-champions-league/montpellier/ HTTP/1.1" 500 -
20.171.207.125 - - [07/Mar/2025:00:24:56 +0100] "GET /ticket2/opencms/sl/buy/?edid=DE7FBF5B-9DCC-CEE2-6DAD-A4ECB73A57FF&page=1 HTTP/1.1" 200 134962
185.191.171.10 - - [07/Mar/2025:00:24:56 +0100] "GET /ticket2/opencms/robots.txt HTTP/1.1" 200 773
66.249.65.34 - - [07/Mar/2025:00:24:57 +0100] "GET /ticket2/opencms/es/magazine/article?title=manchester-city HTTP/1.1" 200 95041
85.208.96.209 - - [07/Mar/2025:00:24:57 +0100] "GET /ticket2/opencms/sl/magazine/article?title=chelsea-proti-tottenhamu-2-0 HTTP/1.1" 200 93566
62.84.178.152 - - [07/Mar/2025:00:24:57 +0100] "GET /ticket2/opencms/en/buy/?page=1&edid=A0FF03C8-8420-0877-2FE6-0C9E8902BC6D&sortorder=desc&column=row HTTP/1.1" 200 111107
85.208.96.208 - - [07/Mar/2025:00:24:57 +0100] "GET /ticket2/opencms/sv/sport/fotbollsbiljetter/premier_league/west_ham_united/ HTTP/1.1" 200 101183
95.217.114.173 - - [07/Mar/2025:00:24:58 +0100] "GET /ticket2/opencms/en/sell/?edid=664DECE5-56C6-FDB8-9AB3-6B9D16C699CD HTTP/1.1" 302 -
144.91.104.134 - - [07/Mar/2025:00:24:58 +0100] "GET /ticket2/opencms/se/nl/buy/?page=1&edid=3ABB49E1-D37A-AB42-B430-1287E5A59D8D&sortorder=asc&column=section HTTP/1.1" 404 -
95.217.114.173 - - [07/Mar/2025:00:24:58 +0100] "GET /ticket2/opencms/en/login/?url=/en/sell/ HTTP/1.1" 200 90068
178.25.244.194 - - [07/Mar/2025:00:25:00 +0100] "GET /ticket2/opencms/dk/dk/buy/?page=1&edid=B59A72B6-E031-5568-9B9A-94FDDE3CF17D&sortorder=asc&column=price HTTP/1.1" 404 -
158.220.123.227 - - [07/Mar/2025:00:25:00 +0100] "GET /ticket2/opencms/en/login/?edid=BB57F35E-6478-14BB-4275-250EF35D5370 HTTP/1.1" 200 90154
114.119.143.233 - - [07/Mar/2025:00:25:01 +0100] "GET /ticket2/opencms/dk/buy?page=1&=09D32DCC-F7AA-08A6-BBA1-FACD82581843 HTTP/1.1" 200 -
62.84.178.152 - - [07/Mar/2025:00:25:02 +0100] "GET /ticket2/opencms/en/buy/?page=1&edid=A39AF716-CC62-E863-6E97-16742BB8C29C&sortorder=asc&column=price HTTP/1.1" 200 110476
144.91.104.134 - - [07/Mar/2025:00:25:04 +0100] "GET /ticket2/opencms/se/nl/buy/?page=1&edid=3B2B632D-2D9E-A780-282C-D4563639E830 HTTP/1.1" 404 -
158.220.123.227 - - [07/Mar/2025:00:25:05 +0100] "GET /ticket2/opencms/en/login/?edid=BBBCA264-5732-E10D-2F77-6078F8DC6D3B HTTP/1.1" 200 90081
52.167.144.185 - - [07/Mar/2025:00:25:06 +0100] "GET /ticket2/opencms/fi/magazine/article?title=suljetaanko-siirtoikkuna-aikaisemmin HTTP/1.1" 200 92907
62.84.178.152 - - [07/Mar/2025:00:25:07 +0100] "GET /ticket2/opencms/en/buy/?page=1&edid=A39AF716-CC62-E863-6E97-16742BB8C29C&sortorder=asc&column=section HTTP/1.1" 200 110634
178.25.244.194 - - [07/Mar/2025:00:25:07 +0100] "GET /ticket2/opencms/dk/dk/buy/?page=1&edid=B59A72B6-E031-5568-9B9A-94FDDE3CF17D&sortorder=asc&column=row HTTP/1.1" 404 -
95.217.114.173 - - [07/Mar/2025:00:25:07 +0100] "GET /ticket2/opencms/en/sell/?edid=664EB6F0-416A-8A2E-4223-524C1C599C88 HTTP/1.1" 302 -
95.217.114.173 - - [07/Mar/2025:00:25:08 +0100] "GET /ticket2/opencms/en/login/?url=/en/sell/ HTTP/1.1" 200 90116
114.119.141.206 - - [07/Mar/2025:00:25:10 +0100] "GET /ticket2/opencms/fr/magazine/article?title=euro-de-football-2024 HTTP/1.1" 200 89603
158.220.123.227 - - [07/Mar/2025:00:25:10 +0100] "GET /ticket2/opencms/en/login/?edid=BBEC338A-242D-58E1-7095-18B90F7D3463 HTTP/1.1" 200 90096
144.91.104.134 - - [07/Mar/2025:00:25:11 +0100] "GET /ticket2/opencms/se/nl/buy/?page=1&edid=3B2B632D-2D9E-A780-282C-D4563639E830&sortorder=desc&column=row HTTP/1.1" 404 -
52.167.144.161 - - [07/Mar/2025:00:25:12 +0100] "GET /ticket2/opencms/es/magazine/article?title=newcastle HTTP/1.1" 200 90899
62.84.178.152 - - [07/Mar/2025:00:25:12 +0100] "GET /ticket2/opencms/en/buy/?page=1&edid=A4B939B9-02F3-15DE-1828-4B6AE5FDD036&sortorder=asc&column=section HTTP/1.1" 200 110745
178.25.244.194 - - [07/Mar/2025:00:25:13 +0100] "GET /ticket2/opencms/dk/dk/buy/?page=1&edid=B59A72B6-E031-5568-9B9A-94FDDE3CF17D&sortorder=asc&column=section HTTP/1.1" 404 -
158.220.123.227 - - [07/Mar/2025:00:25:16 +0100] "GET /ticket2/opencms/en/login/?edid=BC732852-A264-0335-262D-3F9D3BB27D3A HTTP/1.1" 200 90161
69.171.249.13 - - [07/Mar/2025:00:25:16 +0100] "GET /ticket2/opencms/dk/buy/?page=1&edid=49599CA7-0844-E2DA-A659-546B6DDC9473 HTTP/1.1" 200 107181
114.119.139.202 - - [07/Mar/2025:00:25:17 +0100] "GET /ticket2/opencms/en/standard/ HTTP/1.1" 200 98542
95.217.114.173 - - [07/Mar/2025:00:25:18 +0100] "GET /ticket2/opencms/en/sell/?edid=6692A379-0511-A257-F6C4-1D33D4808436 HTTP/1.1" 302 -
62.84.178.152 - - [07/Mar/2025:00:25:18 +0100] "GET /ticket2/opencms/en/buy/?page=1&edid=A6BB718A-C4BD-3D5C-72E2-D776690BA6E7&sortorder=desc&column=price HTTP/1.1" 200 109882
95.217.114.173 - - [07/Mar/2025:00:25:18 +0100] "GET /ticket2/opencms/en/login/?url=/en/sell/ HTTP/1.1" 200 90113
178.25.244.194 - - [07/Mar/2025:00:25:20 +0100] "GET /ticket2/opencms/dk/dk/buy/?page=1&edid=B63B2B4B-F889-2390-9B9F-DFE3A2A9A7DE&sortorder=asc&column=section HTTP/1.1" 404 -
85.208.96.200 - - [07/Mar/2025:00:25:22 +0100] "GET /ticket2/opencms/sr/magazine/article?title=otkrijte-la-ligu-uzivo-kupite-karte-na-ticket2 HTTP/1.1" 200 94697
144.91.104.134 - - [07/Mar/2025:00:25:22 +0100] "GET /ticket2/opencms/se/nl/buy/?page=1&edid=3B2EB834-74FD-F65E-9FB4-62BB32E5DD90&sortorder=desc&column=price HTTP/1.1" 404 -
62.84.178.152 - - [07/Mar/2025:00:25:23 +0100] "GET /ticket2/opencms/en/buy/?page=1&edid=A6BB718A-C4BD-3D5C-72E2-D776690BA6E7&sortorder=desc&column=row HTTP/1.1" 200 109950
158.220.123.227 - - [07/Mar/2025:00:25:23 +0100] "GET /ticket2/opencms/en/login/?edid=BD3D4222-DD36-C1A0-EF58-456D0FFDAB97 HTTP/1.1" 200 90063
47.128.34.84 - - [07/Mar/2025:00:25:28 +0100] "GET /ticket2/opencms/hr/magazine/article?title=otkrijte-la-ligu-uzivo-kupite-ulaznice-na-ticket2 HTTP/1.1" 200 94283
85.208.96.196 - - [07/Mar/2025:00:25:28 +0100] "GET /ticket2/opencms/it/sport/biglietti-calcio/english-championship/coventry-city HTTP/1.1" 404 -
158.220.123.227 - - [07/Mar/2025:00:25:29 +0100] "GET /ticket2/opencms/en/login/?edid=BDC96CE5-1920-9FFC-526E-B5DA9C06A68A HTTP/1.1" 200 90137
144.91.104.134 - - [07/Mar/2025:00:25:29 +0100] "GET /ticket2/opencms/se/nl/buy/?page=1&edid=3B2EB834-74FD-F65E-9FB4-62BB32E5DD90&sortorder=desc&column=row HTTP/1.1" 404 -
178.25.244.194 - - [07/Mar/2025:00:25:30 +0100] "GET /ticket2/opencms/dk/en/buy/?page=1&edid=C10A9B0F-B042-7860-8EFD-336C4373B53D&sortorder=asc&column=price HTTP/1.1" 404 -
62.84.178.152 - - [07/Mar/2025:00:25:30 +0100] "GET /ticket2/opencms/en/buy/?page=1&edid=A7F1A7EE-4449-7331-753F-36F9CB2473E4&sortorder=asc&column=section HTTP/1.1" 200 111268
47.128.34.84 - - [07/Mar/2025:00:25:31 +0100] "GET /ticket2/opencms/img/shutterstock_2202072459.jpg HTTP/1.1" 200 2852946
158.220.123.227 - - [07/Mar/2025:00:25:34 +0100] "GET /ticket2/opencms/en/login/?edid=BF405205-807F-3537-86FF-7A87332D9EF9 HTTP/1.1" 200 90119
178.25.244.194 - - [07/Mar/2025:00:25:35 +0100] "GET /ticket2/opencms/dk/en/buy/?page=1&edid=C10A9B0F-B042-7860-8EFD-336C4373B53D&sortorder=asc&column=row HTTP/1.1" 404 -
144.91.104.134 - - [07/Mar/2025:00:25:36 +0100] "GET /ticket2/opencms/se/nl/buy/?page=1&edid=3B2EB834-74FD-F65E-9FB4-62BB32E5DD90&sortorder=desc&column=section HTTP/1.1" 404 -
62.84.178.152 - - [07/Mar/2025:00:25:36 +0100] "GET /ticket2/opencms/en/buy/?page=1&edid=AA52C9A2-BBC2-04B4-6B59-35DEE0587899&sortorder=desc&column=row HTTP/1.1" 200 109807
85.208.96.212 - - [07/Mar/2025:00:25:37 +0100] "GET /ticket2/opencms/et/magazine/article?title=premier-league-mangude-ajakava-premier-league-fixtures-20242025 HTTP/1.1" 200 92736
178.25.244.194 - - [07/Mar/2025:00:25:39 +0100] "GET /ticket2/opencms/dk/en/buy/?page=1&edid=C10A9B0F-B042-7860-8EFD-336C4373B53D&sortorder=asc&column=section HTTP/1.1" 404 -
20.171.207.125 - - [07/Mar/2025:00:25:40 +0100] "GET /ticket2/opencms/it/buy/?edid=DE7FBF5B-9DCC-CEE2-6DAD-A4ECB73A57FF&page=1 HTTP/1.1" 200 134895
158.220.123.227 - - [07/Mar/2025:00:25:41 +0100] "GET /ticket2/opencms/en/login/?edid=C117DD72-B7EF-B15D-D7AA-9F9540EB98EC HTTP/1.1" 200 90179
62.84.178.152 - - [07/Mar/2025:00:25:42 +0100] "GET /ticket2/opencms/en/buy/?page=1&edid=AE0B1CB0-C071-E4CC-A5D8-E94E57C9DEB0&sortorder=asc&column=section HTTP/1.1" 200 107746
144.91.104.134 - - [07/Mar/2025:00:25:42 +0100] "GET /ticket2/opencms/se/nl/buy/?page=1&edid=3C1911A2-FB1E-235B-6EA5-AC2F033F7D7E HTTP/1.1" 404 -
178.25.244.194 - - [07/Mar/2025:00:25:44 +0100] "GET /ticket2/opencms/dk/en/buy/?page=1&edid=C5BE8910-C31D-1B7A-D498-4C5862D3F5A8&sortorder=asc&column=row HTTP/1.1" 404 -
95.217.114.173 - - [07/Mar/2025:00:25:45 +0100] "GET /ticket2/opencms/en/sell/?edid=6693B23E-64D7-5841-C273-FB0E8F77BEEF HTTP/1.1" 302 -
158.220.123.227 - - [07/Mar/2025:00:25:46 +0100] "GET /ticket2/opencms/en/login/?edid=C5944089-4BA1-6638-58B6-EE4373B33715 HTTP/1.1" 200 90141
95.217.114.173 - - [07/Mar/2025:00:25:46 +0100] "GET /ticket2/opencms/en/login/?url=/en/sell/ HTTP/1.1" 200 90112
62.84.178.152 - - [07/Mar/2025:00:25:46 +0100] "GET /ticket2/opencms/en/buy/?page=1&edid=B007039E-4545-37ED-654E-25C2BDE7C03C&sortorder=asc&column=row HTTP/1.1" 200 107674
66.249.65.196 - - [07/Mar/2025:00:25:48 +0100] "GET /ticket2/opencms/dk/sport/fodboldbilletter/premier-league/tottenham/ HTTP/1.1" 200 93414
178.25.244.194 - - [07/Mar/2025:00:25:49 +0100] "GET /ticket2/opencms/dk/en/buy/?page=1&edid=C5BE8910-C31D-1B7A-D498-4C5862D3F5A8&sortorder=asc&column=section HTTP/1.1" 404 -
144.91.104.134 - - [07/Mar/2025:00:25:49 +0100] "GET /ticket2/opencms/se/nl/buy/?page=1&edid=3C1911A2-FB1E-235B-6EA5-AC2F033F7D7E&sortorder=desc&column=price HTTP/1.1" 404 -
62.84.178.152 - - [07/Mar/2025:00:25:51 +0100] "GET /ticket2/opencms/en/buy/?page=1&edid=B583A336-FF8A-4A69-7F8D-3295D9EDD852&sortorder=asc&column=price HTTP/1.1" 200 110230
66.249.65.195 - - [07/Mar/2025:00:25:51 +0100] "GET /ticket2/opencms/es/deporte/entradas-futbol/premier-league/arsenal HTTP/1.1" 200 102543
47.128.111.181 - - [07/Mar/2025:00:25:51 +0100] "GET /ticket2/opencms/be/?comcatid=B41CCF2B-5558-7AEE-3602-09BBDE417D65 HTTP/1.1" 200 107466
40.77.167.60 - - [07/Mar/2025:00:25:53 +0100] "GET /ticket2/opencms/no/buy?page=1&edid=01E41408-AB56-3A6A-EAEA-5426D6E9DD0E HTTP/1.1" 200 111644
158.220.123.227 - - [07/Mar/2025:00:25:53 +0100] "GET /ticket2/opencms/en/login/?edid=C6A99892-7BD2-880D-4758-AF68633C2943 HTTP/1.1" 200 90070
178.25.244.194 - - [07/Mar/2025:00:25:53 +0100] "GET /ticket2/opencms/dk/en/buy/?page=1&edid=C9688796-3F0D-8F72-BAA2-30768E19C292&sortorder=asc&column=row HTTP/1.1" 404 -
95.217.114.173 - - [07/Mar/2025:00:25:55 +0100] "GET /ticket2/opencms/en/sell/?edid=66A31608-A379-D20C-C096-490FDF68D926 HTTP/1.1" 302 -
144.91.104.134 - - [07/Mar/2025:00:25:55 +0100] "GET /ticket2/opencms/se/nl/buy/?page=1&edid=3C1911A2-FB1E-235B-6EA5-AC2F033F7D7E&sortorder=desc&column=row HTTP/1.1" 404 -
95.217.114.173 - - [07/Mar/2025:00:25:56 +0100] "GET /ticket2/opencms/en/login/?url=/en/sell/ HTTP/1.1" 200 90051
62.84.178.152 - - [07/Mar/2025:00:25:56 +0100] "GET /ticket2/opencms/en/buy/?page=1&edid=B583A336-FF8A-4A69-7F8D-3295D9EDD852&sortorder=asc&column=row HTTP/1.1" 200 110320
173.252.87.13 - - [07/Mar/2025:00:25:56 +0100] "GET /ticket2/opencms/fr/sport/billets-football/bundesliga/koln HTTP/1.1" 500 -
178.25.244.194 - - [07/Mar/2025:00:25:58 +0100] "GET /ticket2/opencms/dk/en/buy/?page=1&edid=C9B94784-6221-79D1-BA21-8163A63BEC0D&sortorder=asc&column=price HTTP/1.1" 404 -
158.220.123.227 - - [07/Mar/2025:00:25:59 +0100] "GET /ticket2/opencms/en/login/?edid=C8A7B8D3-F9BD-EC09-E9E0-179F67925EF2 HTTP/1.1" 200 90096
62.84.178.152 - - [07/Mar/2025:00:26:01 +0100] "GET /ticket2/opencms/en/buy/?page=1&edid=B583A336-FF8A-4A69-7F8D-3295D9EDD852&sortorder=asc&column=section HTTP/1.1" 200 110413
144.91.104.134 - - [07/Mar/2025:00:26:02 +0100] "GET /ticket2/opencms/se/nl/buy/?page=1&edid=3C1911A2-FB1E-235B-6EA5-AC2F033F7D7E&sortorder=desc&column=section HTTP/1.1" 404 -
178.25.244.194 - - [07/Mar/2025:00:26:03 +0100] "GET /ticket2/opencms/dk/en/buy/?page=1&edid=C9B94784-6221-79D1-BA21-8163A63BEC0D&sortorder=asc&column=row HTTP/1.1" 404 -
114.119.150.22 - - [07/Mar/2025:00:26:03 +0100] "GET /ticket2/opencms/en/?comcatid=A17713B6-D984-201A-4143-ED4DB5ED5C2E&catid=64756941-02D2-3538-2077-8C2508F4A3A8 HTTP/1.1" 200 103680
158.220.123.227 - - [07/Mar/2025:00:26:04 +0100] "GET /ticket2/opencms/en/login/?edid=C9FDED0D-E741-348A-FCC7-35BE584F6EA5 HTTP/1.1" 200 90048
95.217.114.173 - - [07/Mar/2025:00:26:04 +0100] "GET /ticket2/opencms/en/sell/?edid=66AEFB2B-11CE-C2DC-A8E0-CC61F6A3EA8E HTTP/1.1" 302 -
95.217.114.173 - - [07/Mar/2025:00:26:05 +0100] "GET /ticket2/opencms/en/login/?url=/en/sell/ HTTP/1.1" 200 90203
62.84.178.152 - - [07/Mar/2025:00:26:07 +0100] "GET /ticket2/opencms/en/buy/?page=1&edid=B6519826-8267-EC30-B1D9-4C457BE51657&sortorder=desc&column=price HTTP/1.1" 200 107807
114.119.150.86 - - [07/Mar/2025:00:26:08 +0100] "GET /ticket2/opencms/de/buy?page=1&edid=D9B6DEA1-0C13-FA80-469E-162654611A15 HTTP/1.1" 200 117530
178.25.244.194 - - [07/Mar/2025:00:26:08 +0100] "GET /ticket2/opencms/dk/en/buy/?page=1&edid=C9B94784-6221-79D1-BA21-8163A63BEC0D&sortorder=asc&column=section HTTP/1.1" 404 -
144.91.104.134 - - [07/Mar/2025:00:26:09 +0100] "GET /ticket2/opencms/se/nl/buy/?page=1&edid=4D0AE9B7-3FC7-8828-8150-08AA80E3B754&sortorder=desc&column=section HTTP/1.1" 404 -
158.220.123.227 - - [07/Mar/2025:00:26:09 +0100] "GET /ticket2/opencms/en/login/?edid=CA3D8417-F74F-462D-182B-6C61936A40CF HTTP/1.1" 200 90107
178.25.244.194 - - [07/Mar/2025:00:26:12 +0100] "GET /ticket2/opencms/dk/en/buy/?page=1&edid=CA1629EA-D63A-265F-732D-F255FE6A0E12&sortorder=asc&column=price HTTP/1.1" 404 -
62.84.178.152 - - [07/Mar/2025:00:26:13 +0100] "GET /ticket2/opencms/en/buy/?page=1&edid=B6519826-8267-EC30-B1D9-4C457BE51657&sortorder=desc&column=row HTTP/1.1" 200 107636
158.220.123.227 - - [07/Mar/2025:00:26:14 +0100] "GET /ticket2/opencms/en/login/?edid=CB50E5ED-4E55-9EA7-FE3A-EB8925A271F7 HTTP/1.1" 200 90107
144.91.104.134 - - [07/Mar/2025:00:26:15 +0100] "GET /ticket2/opencms/se/nl/buy/?page=1&edid=4D1AC77A-178D-6B48-E3D2-7EA87F1C2B38&sortorder=desc&column=price HTTP/1.1" 404 -
178.25.244.194 - - [07/Mar/2025:00:26:17 +0100] "GET /ticket2/opencms/dk/en/buy/?page=1&edid=CA1629EA-D63A-265F-732D-F255FE6A0E12&sortorder=asc&column=row HTTP/1.1" 404 -
85.208.96.207 - - [07/Mar/2025:00:26:18 +0100] "GET /ticket2/opencms/be/login/?url=%25252Fbe%25252Fsell%25252F HTTP/1.1" 200 92788
95.217.114.173 - - [07/Mar/2025:00:26:19 +0100] "GET /ticket2/opencms/en/sell/?edid=66B6FB17-4C70-8B35-3D9C-B87B9C32022F HTTP/1.1" 302 -
95.217.114.173 - - [07/Mar/2025:00:26:19 +0100] "GET /ticket2/opencms/en/login/?url=/en/sell/ HTTP/1.1" 200 90118
20.171.207.125 - - [07/Mar/2025:00:26:20 +0100] "GET /ticket2/opencms/fr/magazine/article?title=jude-bellingham HTTP/1.1" 200 92502
158.220.123.227 - - [07/Mar/2025:00:26:21 +0100] "GET /ticket2/opencms/en/login/?edid=CC69745E-6181-E974-4A40-6CE2141818FB HTTP/1.1" 200 90087
178.25.244.194 - - [07/Mar/2025:00:26:21 +0100] "GET /ticket2/opencms/dk/en/buy/?page=1&edid=CA1629EA-D63A-265F-732D-F255FE6A0E12&sortorder=asc&column=section HTTP/1.1" 404 -
144.91.104.134 - - [07/Mar/2025:00:26:22 +0100] "GET /ticket2/opencms/se/nl/buy/?page=1&edid=4D2A2724-7797-6EBF-BAB8-69176E21CA79&sortorder=desc&column=row HTTP/1.1" 404 -
178.25.244.194 - - [07/Mar/2025:00:26:26 +0100] "GET /ticket2/opencms/dk/en/buy/?page=1&edid=CA3FABDD-43B5-8DDC-6DAC-2917B68B145E&sortorder=asc&column=price HTTP/1.1" 404 -
158.220.123.227 - - [07/Mar/2025:00:26:26 +0100] "GET /ticket2/opencms/en/login/?edid=CCEFC4C2-ED9A-19C6-C9B8-FD929DA2F74D HTTP/1.1" 200 90131
144.91.104.134 - - [07/Mar/2025:00:26:28 +0100] "GET /ticket2/opencms/se/nl/buy/?page=1&edid=4D9E9B53-D6C2-EBD3-ECBD-EC61B335C986&sortorder=desc&column=price HTTP/1.1" 404 -
66.249.65.196 - - [07/Mar/2025:00:26:29 +0100] "GET /ticket2/opencms/ HTTP/1.1" 302 -
66.249.65.196 - - [07/Mar/2025:00:26:29 +0100] "GET /ticket2/opencms/en/ HTTP/1.1" 200 103828
185.191.171.11 - - [07/Mar/2025:00:26:30 +0100] "GET /ticket2/opencms/bg/magazine/article?title=manchester-city-pecheli-premier-league HTTP/1.1" 200 94421
158.220.123.227 - - [07/Mar/2025:00:26:30 +0100] "GET /ticket2/opencms/en/login/?edid=CEA22FC6-1BBC-ECD9-F981-50AEC76B0A69 HTTP/1.1" 200 90116
178.25.244.194 - - [07/Mar/2025:00:26:31 +0100] "GET /ticket2/opencms/dk/en/buy/?page=1&edid=CA3FABDD-43B5-8DDC-6DAC-2917B68B145E&sortorder=asc&column=row HTTP/1.1" 404 -
158.220.123.227 - - [07/Mar/2025:00:26:34 +0100] "GET /ticket2/opencms/en/login/?edid=CEC73C44-AD3E-9E2F-F7C3-DF7B73783142 HTTP/1.1" 200 90060
144.91.104.134 - - [07/Mar/2025:00:26:35 +0100] "GET /ticket2/opencms/se/nl/buy/?page=1&edid=4D9E9B53-D6C2-EBD3-ECBD-EC61B335C986&sortorder=desc&column=row HTTP/1.1" 404 -
178.25.244.194 - - [07/Mar/2025:00:26:35 +0100] "GET /ticket2/opencms/dk/en/buy/?page=1&edid=CA3FABDD-43B5-8DDC-6DAC-2917B68B145E&sortorder=asc&column=section HTTP/1.1" 404 -
52.167.144.185 - - [07/Mar/2025:00:26:38 +0100] "GET /ticket2/opencms/et/buy?page=1&edid=F78B03FA-4A60-BDC0-B4DA-96975C817683 HTTP/1.1" 200 111424
194.120.230.215 - - [07/Mar/2025:00:26:39 +0100] "GET /ticket2/opencms/de/cgi-bin/luci/;stok=/locale HTTP/1.1" 404 -
158.220.123.227 - - [07/Mar/2025:00:26:39 +0100] "GET /ticket2/opencms/en/login/?edid=D016D4C9-E48F-B368-F9D5-6E105A81A789 HTTP/1.1" 200 90180
95.217.114.173 - - [07/Mar/2025:00:26:40 +0100] "GET /ticket2/opencms/en/sell/?edid=66D7854C-CB77-BF50-08AD-031DC22392AB HTTP/1.1" 302 -
95.217.114.173 - - [07/Mar/2025:00:26:41 +0100] "GET /ticket2/opencms/en/login/?url=/en/sell/ HTTP/1.1" 200 90121
144.91.104.134 - - [07/Mar/2025:00:26:41 +0100] "GET /ticket2/opencms/se/nl/buy/?page=1&edid=4D9E9B53-D6C2-EBD3-ECBD-EC61B335C986&sortorder=desc&column=section HTTP/1.1" 404 -
178.25.244.194 - - [07/Mar/2025:00:26:42 +0100] "GET /ticket2/opencms/dk/en/buy/?page=1&edid=D1B6D814-A677-3D90-03BA-1F7CF35352A4&sortorder=asc&column=price HTTP/1.1" 404 -
66.249.74.2 - - [07/Mar/2025:00:26:42 +0100] "GET /ticket2/opencms/no/buy/?page=1&edid=C781C90E-2A4A-BE38-23EB-6039DE2F5FA8 HTTP/1.1" 200 136961
114.119.145.123 - - [07/Mar/2025:00:26:43 +0100] "GET /ticket2/opencms/en/standard HTTP/1.1" 200 98473
185.191.171.19 - - [07/Mar/2025:00:26:44 +0100] "GET /ticket2/opencms/ro/sport/bilete-fotbal/champions-league/dortmund HTTP/1.1" 500 -
158.220.123.227 - - [07/Mar/2025:00:26:44 +0100] "GET /ticket2/opencms/en/login/?edid=D4D8D33D-C874-8F3F-7C90-91B543531027 HTTP/1.1" 200 90096
114.119.151.93 - - [07/Mar/2025:00:26:46 +0100] "GET /ticket2/opencms/de/buy?page=1&edid=CECD912C-1FBC-97E3-6975-F74E67600A1F HTTP/1.1" 200 111370
54.36.148.183 - - [07/Mar/2025:00:26:46 +0100] "GET /ticket2/opencms/hr/magazine/article?title=impresivna-utakmica-u-kojoj-svedjanin-kulusevski-nastavlja-s-dostavom HTTP/1.1" 200 94697
51.8.102.56 - - [07/Mar/2025:00:26:47 +0100] "GET /ticket2/opencms/cs/buy/?edid=B8EF6180-227A-800A-63E5-9809623FC791&page=1 HTTP/1.1" 200 127096
178.25.244.194 - - [07/Mar/2025:00:26:47 +0100] "GET /ticket2/opencms/dk/en/buy/?page=1&edid=D1B6D814-A677-3D90-03BA-1F7CF35352A4&sortorder=asc&column=row HTTP/1.1" 404 -
144.91.104.134 - - [07/Mar/2025:00:26:48 +0100] "GET /ticket2/opencms/se/nl/buy/?page=1&edid=4DA8BB7E-7B6D-2F44-7E06-8B92C40FFE63&sortorder=desc&column=price HTTP/1.1" 404 -
158.220.123.227 - - [07/Mar/2025:00:26:48 +0100] "GET /ticket2/opencms/en/login/?edid=D794FAB8-B9EC-5EF3-86BF-E61555A7E1A8 HTTP/1.1" 200 90241
66.249.74.3 - - [07/Mar/2025:00:26:49 +0100] "GET /ticket2/opencms/no/ask-form.html HTTP/1.1" 200 2919
114.119.130.154 - - [07/Mar/2025:00:26:51 +0100] "GET /ticket2/opencms/de/buy?page=1&edid=6B6E52BF-4071-3702-DC7B-B987006BF503 HTTP/1.1" 200 110954
178.25.244.194 - - [07/Mar/2025:00:26:52 +0100] "GET /ticket2/opencms/dk/en/buy/?page=1&edid=D1B6D814-A677-3D90-03BA-1F7CF35352A4&sortorder=asc&column=section HTTP/1.1" 404 -
144.91.104.134 - - [07/Mar/2025:00:26:54 +0100] "GET /ticket2/opencms/se/nl/buy/?page=1&edid=4DA8BB7E-7B6D-2F44-7E06-8B92C40FFE63&sortorder=desc&column=row HTTP/1.1" 404 -
158.220.123.227 - - [07/Mar/2025:00:26:54 +0100] "GET /ticket2/opencms/en/login/?edid=D9B8221E-435C-E272-9385-A8B83760C754 HTTP/1.1" 200 90135
154.54.249.216 - - [07/Mar/2025:00:26:55 +0100] "GET /ticket2/opencms/sv/buy?page=6&comcatid=A17713B6-D984-201A-4143-ED4DB5ED5C2E&catid=21C3854B-901E-11F9-7B7D-6838CC6AFAA4&eventid=6FF9EBE1-05EE-AA1E-A54F-A9D14CF13922 HTTP/1.1" 200 111256
47.128.41.224 - - [07/Mar/2025:00:26:55 +0100] "GET /ticket2/opencms/sv/sport/fotbollsbiljetter/premier_league/restips_london/ HTTP/1.1" 200 94333
20.171.207.125 - - [07/Mar/2025:00:26:55 +0100] "GET /ticket2/opencms/fr/magazine/article?title=thomas-tuchel-devient-le-nouveau-selectionneur-de-langleterre HTTP/1.1" 200 93721
95.217.114.173 - - [07/Mar/2025:00:26:56 +0100] "GET /ticket2/opencms/en/sell/?edid=66EA5353-0EED-D56D-04FB-B3F43B6CCED9 HTTP/1.1" 302 -
178.25.244.194 - - [07/Mar/2025:00:26:57 +0100] "GET /ticket2/opencms/dk/en/buy/?page=1&edid=D46E0578-2C40-B575-6691-BBD6C7BC77BE&sortorder=asc&column=price HTTP/1.1" 404 -
114.119.159.237 - - [07/Mar/2025:00:26:57 +0100] "GET /ticket2/opencms/it/magazine/article?title=newcastle HTTP/1.1" 200 90690
47.128.41.224 - - [07/Mar/2025:00:26:57 +0100] "GET /ticket2/opencms/system/modules/com.gridnine.opencms.ticketbrokerage.site/resources/pics/banners/sv/restips.jpg HTTP/1.1" 200 32426
95.217.114.173 - - [07/Mar/2025:00:26:57 +0100] "GET /ticket2/opencms/en/login/?url=/en/sell/ HTTP/1.1" 200 90077
158.220.123.227 - - [07/Mar/2025:00:26:59 +0100] "GET /ticket2/opencms/en/login/?edid=DF831646-EB81-8030-C88A-E153CD46EDDF HTTP/1.1" 200 90141
85.208.96.210 - - [07/Mar/2025:00:27:00 +0100] "GET /ticket2/opencms/bs/magazine/article?title=lista-nominovanih-za-zlatnu-loptu HTTP/1.1" 200 94638
144.91.104.134 - - [07/Mar/2025:00:27:01 +0100] "GET /ticket2/opencms/se/nl/buy/?page=1&edid=4F19228F-1A25-8882-BBD6-E8279B72A577&sortorder=desc&column=price HTTP/1.1" 404 -
178.25.244.194 - - [07/Mar/2025:00:27:01 +0100] "GET /ticket2/opencms/dk/en/buy/?page=1&edid=D4D8D33D-C874-8F3F-7C90-91B543531027&sortorder=desc&column=price HTTP/1.1" 404 -
158.220.123.227 - - [07/Mar/2025:00:27:03 +0100] "GET /ticket2/opencms/en/login/?edid=E2845F06-FDE0-71B7-3B61-BE85353CD715 HTTP/1.1" 200 90038
178.25.244.194 - - [07/Mar/2025:00:27:06 +0100] "GET /ticket2/opencms/dk/en/buy/?page=1&edid=D6A1B130-9B06-3599-EB71-2853514A277E&sortorder=asc&column=price HTTP/1.1" 404 -
158.220.123.227 - - [07/Mar/2025:00:27:07 +0100] "GET /ticket2/opencms/en/login/?edid=E29FE338-9634-305B-C33B-0C1BF0DF939B HTTP/1.1" 200 90137
144.91.104.134 - - [07/Mar/2025:00:27:07 +0100] "GET /ticket2/opencms/se/nl/buy/?page=1&edid=4FA830E2-C33E-85F2-48C9-4764419401D5&sortorder=desc&column=price HTTP/1.1" 404 -
178.25.244.194 - - [07/Mar/2025:00:27:11 +0100] "GET /ticket2/opencms/dk/en/buy/?page=1&edid=D6A1B130-9B06-3599-EB71-2853514A277E&sortorder=asc&column=row HTTP/1.1" 404 -
158.220.123.227 - - [07/Mar/2025:00:27:12 +0100] "GET /ticket2/opencms/en/login/?edid=E2B87A9F-20A8-A105-0E95-1BBBA833D41E HTTP/1.1" 200 90126
144.91.104.134 - - [07/Mar/2025:00:27:14 +0100] "GET /ticket2/opencms/se/nl/buy/?page=1&edid=4FA830E2-C33E-85F2-48C9-4764419401D5&sortorder=desc&column=section HTTP/1.1" 404 -
85.208.96.194 - - [07/Mar/2025:00:27:16 +0100] "GET /ticket2/opencms/en/sport/football-tickets/english_championship/preston-north-end HTTP/1.1" 404 -
178.25.244.194 - - [07/Mar/2025:00:27:16 +0100] "GET /ticket2/opencms/dk/en/buy/?page=1&edid=E533D595-3E8C-1E1B-0865-8CC262EB530B&sortorder=desc&column=price HTTP/1.1" 404 -
114.119.141.34 - - [07/Mar/2025:00:27:16 +0100] "GET /ticket2/opencms/en/?comcatid=66708183-7480-3365-06BF-DBF60280AB45 HTTP/1.1" 200 103691
185.191.171.19 - - [07/Mar/2025:00:27:17 +0100] "GET /ticket2/opencms/cs/magazine/article?title=jak-vypada-budoucnost-pro-alexandra-isaka HTTP/1.1" 200 93258
158.220.123.227 - - [07/Mar/2025:00:27:17 +0100] "GET /ticket2/opencms/en/login/?edid=E3540B9C-08EB-EAEF-8CDC-37EBFC3CF0A5 HTTP/1.1" 200 90077
144.91.104.134 - - [07/Mar/2025:00:27:20 +0100] "GET /ticket2/opencms/se/nl/buy/?page=1&edid=4FAD1BD6-DF99-C994-2BAC-1FA11B49BBF7 HTTP/1.1" 404 -
178.25.244.194 - - [07/Mar/2025:00:27:21 +0100] "GET /ticket2/opencms/dk/en/buy/?page=1&edid=E985A176-1832-1AAF-F607-88AFA6E6A83A&sortorder=asc&column=section HTTP/1.1" 404 -
52.167.144.161 - - [07/Mar/2025:00:27:22 +0100] "GET /ticket2/opencms/fi/buy/?page=1&edid=D3E6C2F9-4CAF-1B40-D36E-B189A0DFCA56 HTTP/1.1" 200 111403
158.220.123.227 - - [07/Mar/2025:00:27:22 +0100] "GET /ticket2/opencms/en/login/?edid=E78E7190-7DE0-C7CA-3D7E-09B338BF3F73 HTTP/1.1" 200 90116
185.191.171.10 - - [07/Mar/2025:00:27:24 +0100] "GET /ticket2/opencms/de/buy/football-tickets/europaleague HTTP/1.1" 404 -
178.25.244.194 - - [07/Mar/2025:00:27:25 +0100] "GET /ticket2/opencms/dk/en/buy/?page=1&edid=E985A176-1832-1AAF-F607-88AFA6E6A83A&sortorder=desc&column=price HTTP/1.1" 404 -
158.220.123.227 - - [07/Mar/2025:00:27:27 +0100] "GET /ticket2/opencms/en/login/?edid=EDDD9812-84E9-EC23-5255-717CA7A887CC HTTP/1.1" 200 90165
144.91.104.134 - - [07/Mar/2025:00:27:27 +0100] "GET /ticket2/opencms/se/nl/buy/?page=1&edid=4FE48696-3B70-377B-6913-F71F54555C01 HTTP/1.1" 404 -
20.171.207.125 - - [07/Mar/2025:00:27:28 +0100] "GET /ticket2/opencms/en/sport/football-tickets/la-liga/real-sociedad HTTP/1.1" 404 -
69.171.230.8 - - [07/Mar/2025:00:27:30 +0100] "GET /ticket2/opencms/el/buy/?page=1&edid=C2E0FED9-872C-CDB5-EA69-F93F12F9C91F HTTP/1.1" 200 115659
178.25.244.194 - - [07/Mar/2025:00:27:30 +0100] "GET /ticket2/opencms/dk/en/buy/?page=1&edid=F056863A-D002-E6B0-6F4E-40A4D92C0085&sortorder=asc&column=section HTTP/1.1" 404 -
158.220.123.227 - - [07/Mar/2025:00:27:31 +0100] "GET /ticket2/opencms/en/login/?edid=F6EE5063-B91C-530F-6451-D3ADF6F7C5D5 HTTP/1.1" 200 90202
144.91.104.134 - - [07/Mar/2025:00:27:33 +0100] "GET /ticket2/opencms/se/nl/buy/?page=1&edid=4FE48696-3B70-377B-6913-F71F54555C01&sortorder=desc&column=row HTTP/1.1" 404 -
178.25.244.194 - - [07/Mar/2025:00:27:35 +0100] "GET /ticket2/opencms/dk/en/buy/?page=1&edid=F610F982-3B1A-38D1-B7C4-D27C3E0CB131&sortorder=asc&column=row HTTP/1.1" 404 -
66.249.65.236 - - [07/Mar/2025:00:27:35 +0100] "GET /ticket2/opencms/ga/buy?page=1&edid=41CD7066-237A-B852-387D-3D5D7B688DF9 HTTP/1.1" 200 135833
158.220.123.227 - - [07/Mar/2025:00:27:35 +0100] "GET /ticket2/opencms/en/login/?edid=F7D3655C-F2DE-642B-A93E-8B40A4F27DB2 HTTP/1.1" 200 90071
95.217.114.173 - - [07/Mar/2025:00:27:36 +0100] "GET /ticket2/opencms/en/sell/?edid=6750BD34-C29C-E045-3680-25A7647342F8 HTTP/1.1" 302 -
95.217.114.173 - - [07/Mar/2025:00:27:37 +0100] "GET /ticket2/opencms/en/login/?url=/en/sell/ HTTP/1.1" 200 90142
158.220.123.227 - - [07/Mar/2025:00:27:40 +0100] "GET /ticket2/opencms/en/login/?edid=FA6F95C7-9080-870C-723D-76629BBF54DD HTTP/1.1" 200 90099
178.25.244.194 - - [07/Mar/2025:00:27:40 +0100] "GET /ticket2/opencms/dk/en/buy/?page=1&edid=F610F982-3B1A-38D1-B7C4-D27C3E0CB131&sortorder=asc&column=section HTTP/1.1" 404 -
144.91.104.134 - - [07/Mar/2025:00:27:40 +0100] "GET /ticket2/opencms/se/nl/buy/?page=1&edid=5049F443-2967-4BC4-9DF8-22395FCF3C8C&sortorder=desc&column=section HTTP/1.1" 404 -
154.54.249.216 - - [07/Mar/2025:00:27:42 +0100] "GET /ticket2/opencms/sv/buy?page=6&comcatid=A17713B6-D984-201A-4143-ED4DB5ED5C2E&catid=0A6C99D2-F5BD-7A18-9A5F-5668827042E0&eventid=6F6C209F-41CD-D584-D276-D5324683B59C HTTP/1.1" 200 113187
158.220.123.227 - - [07/Mar/2025:00:27:44 +0100] "GET /ticket2/opencms/en/login/?edid=FA7D6BC6-E757-B554-9DC3-402FA5982C97 HTTP/1.1" 200 90115
178.25.244.194 - - [07/Mar/2025:00:27:44 +0100] "GET /ticket2/opencms/dk/en/buy/?page=1&edid=F9957417-808C-BFE8-DAF7-21430BD5D954 HTTP/1.1" 404 -
66.249.65.195 - - [07/Mar/2025:00:27:45 +0100] "GET /ticket2/opencms/et/partnerprogramm HTTP/1.1" 200 89849
144.91.104.134 - - [07/Mar/2025:00:27:46 +0100] "GET /ticket2/opencms/se/nl/buy/?page=1&edid=50741BB5-AC41-8EDF-DDAB-6A055F5C5052&sortorder=desc&column=row HTTP/1.1" 404 -
47.128.18.159 - - [07/Mar/2025:00:27:47 +0100] "GET /ticket2/opencms/dk/sport/fodboldbilletter/la-liga/granada/ HTTP/1.1" 500 -
158.220.123.227 - - [07/Mar/2025:00:27:48 +0100] "GET /ticket2/opencms/en/login/?edid=FED98890-38A2-BE27-329F-29074A06DF0E HTTP/1.1" 200 90175
178.25.244.194 - - [07/Mar/2025:00:27:49 +0100] "GET /ticket2/opencms/dk/en/buy/?page=1&edid=F9957417-808C-BFE8-DAF7-21430BD5D954&sortorder=desc&column=price HTTP/1.1" 404 -
52.167.144.185 - - [07/Mar/2025:00:27:49 +0100] "GET /ticket2/opencms/hr/buy?page=1&edid=693F3719-7BA3-2A6E-A295-F5A1DC79836D HTTP/1.1" 200 108605
158.220.123.227 - - [07/Mar/2025:00:27:53 +0100] "GET /ticket2/opencms/en/login/?edid=FFDF5E02-382C-0723-8CA0-3B8408ED60BE HTTP/1.1" 200 90169
144.91.104.134 - - [07/Mar/2025:00:27:53 +0100] "GET /ticket2/opencms/se/nl/buy/?page=1&edid=50C0FE40-B971-378E-B393-EFCC781A0E84&sortorder=asc&column=price HTTP/1.1" 404 -
40.77.167.75 - - [07/Mar/2025:00:27:54 +0100] "GET /ticket2/opencms/sr/buy?page=1&edid=DE73DB51-4178-AA85-D066-1C5C2E4D27B9 HTTP/1.1" 200 111437
178.25.244.194 - - [07/Mar/2025:00:27:54 +0100] "GET /ticket2/opencms/dk/en/buy/?page=1&edid=F9957417-808C-BFE8-DAF7-21430BD5D954&sortorder=desc&column=row HTTP/1.1" 404 -
20.171.207.125 - - [07/Mar/2025:00:27:57 +0100] "GET /ticket2/opencms/de/sport/fussball-tickets/champions-league/bayern-munchen HTTP/1.1" 500 -
178.25.244.194 - - [07/Mar/2025:00:27:59 +0100] "GET /ticket2/opencms/dk/en/buy/?page=1&edid=F9957417-808C-BFE8-DAF7-21430BD5D954&sortorder=desc&column=section HTTP/1.1" 404 -
185.191.171.2 - - [07/Mar/2025:00:27:59 +0100] "GET /ticket2/opencms/es/magazine/article?title=aston-villa-uno-de-los-clubes-mas-antiguos-de-la-premier-league HTTP/1.1" 200 94556
144.91.104.134 - - [07/Mar/2025:00:27:59 +0100] "GET /ticket2/opencms/se/nl/buy/?page=1&edid=5C42EC8E-9887-895A-4D69-D41031BF64AE&sortorder=asc&column=row HTTP/1.1" 404 -
114.119.136.30 - - [07/Mar/2025:00:28:00 +0100] "GET /ticket2/opencms/de/buy?page=1&edid=4A23D795-8AAB-EBFF-5023-2BD687D40EC4 HTTP/1.1" 200 89867
178.25.244.194 - - [07/Mar/2025:00:28:04 +0100] "GET /ticket2/opencms/dk/en/buy/?page=1&edid=F9CBA22B-02B6-5454-FAFF-0732F7408AFD&sortorder=desc&column=row HTTP/1.1" 404 -
144.91.104.134 - - [07/Mar/2025:00:28:06 +0100] "GET /ticket2/opencms/se/nl/buy/?page=1&edid=5C42EC8E-9887-895A-4D69-D41031BF64AE&sortorder=asc&column=section HTTP/1.1" 404 -
114.119.135.251 - - [07/Mar/2025:00:28:08 +0100] "GET /ticket2/opencms/en/sport/football-tickets/serie_a/torino/ HTTP/1.1" 500 -
47.128.47.197 - - [07/Mar/2025:00:28:08 +0100] "GET /ticket2/opencms/ga/about/press HTTP/1.1" 200 88972
178.25.244.194 - - [07/Mar/2025:00:28:08 +0100] "GET /ticket2/opencms/dk/en/buy/?page=1&edid=F9CBA22B-02B6-5454-FAFF-0732F7408AFD&sortorder=desc&column=section HTTP/1.1" 404 -
85.208.96.211 - - [07/Mar/2025:00:28:09 +0100] "GET /ticket2/opencms/fi/magazine/article?title=liverpool-fc-jalkapallojoukkueesta HTTP/1.1" 200 94500
185.191.171.1 - - [07/Mar/2025:00:28:09 +0100] "GET /ticket2/opencms/uk/magazine/article?title=new-captain-dejan-kulusevski HTTP/1.1" 200 92534
47.128.47.197 - - [07/Mar/2025:00:28:09 +0100] "GET /ticket2/opencms/system/modules/com.gridnine.opencms.ticketbrokerage.site/resources/css/images/event-banner.png HTTP/1.1" 404 -
114.119.130.23 - - [07/Mar/2025:00:28:11 +0100] "GET /ticket2/opencms/it/magazine/article?title=luton HTTP/1.1" 200 92568
85.208.96.211 - - [07/Mar/2025:00:28:12 +0100] "GET /ticket2/opencms/hu/sport/focijegyek/premier-league/everton HTTP/1.1" 200 102610
144.91.104.134 - - [07/Mar/2025:00:28:12 +0100] "GET /ticket2/opencms/se/nl/buy/?page=1&edid=5C42EC8E-9887-895A-4D69-D41031BF64AE&sortorder=desc&column=price HTTP/1.1" 404 -
178.25.244.194 - - [07/Mar/2025:00:28:13 +0100] "GET /ticket2/opencms/dk/en/buy/?page=1&edid=FD59DED4-6E14-E085-382D-C3619CCA9FA8 HTTP/1.1" 404 -
95.217.114.173 - - [07/Mar/2025:00:28:13 +0100] "GET /ticket2/opencms/en/sell/?edid=678E1728-8C4D-BAD2-C8F4-D5B6B5551104 HTTP/1.1" 302 -
95.217.114.173 - - [07/Mar/2025:00:28:14 +0100] "GET /ticket2/opencms/en/login/?url=/en/sell/ HTTP/1.1" 200 90179
178.25.244.194 - - [07/Mar/2025:00:28:17 +0100] "GET /ticket2/opencms/dk/en/buy/?page=1&edid=FD59DED4-6E14-E085-382D-C3619CCA9FA8&sortorder=desc&column=price HTTP/1.1" 404 -
144.91.104.134 - - [07/Mar/2025:00:28:19 +0100] "GET /ticket2/opencms/se/nl/buy/?page=1&edid=5C42EC8E-9887-895A-4D69-D41031BF64AE&sortorder=desc&column=row HTTP/1.1" 404 -
66.249.90.132 - - [07/Mar/2025:00:28:20 +0100] "GET /ticket2/opencms/sv/buy/?page=1&edid=4981A465-C3DA-791B-A6A5-9D4DAB1B5DA0&hlv=668edf12-7244-469b-b274-179e0a01000f HTTP/1.1" 200 112918
47.128.118.176 - - [07/Mar/2025:00:28:21 +0100] "GET /ticket2/opencms/no/buy/?edid=27182C30-0424-098E-A8DB-2AA3B88A1ABD HTTP/1.1" 200 91000
178.25.244.194 - - [07/Mar/2025:00:28:22 +0100] "GET /ticket2/opencms/dk/en/buy/?page=1&edid=FD59DED4-6E14-E085-382D-C3619CCA9FA8&sortorder=desc&column=section HTTP/1.1" 404 -
66.249.76.2 - - [07/Mar/2025:00:28:23 +0100] "GET /ticket2/opencms/hr/magazine/article?title=abdul-fatawu-ce-propustiti-ostatak-sezone HTTP/1.1" 200 94268
167.99.81.155 - - [07/Mar/2025:00:28:25 +0100] "GET / HTTP/1.1" 404 -
167.99.81.155 - - [07/Mar/2025:00:28:26 +0100] "GET /download/powershell/ HTTP/1.1" 404 -
144.91.104.134 - - [07/Mar/2025:00:28:26 +0100] "GET /ticket2/opencms/se/nl/buy/?page=1&edid=5C42EC8E-9887-895A-4D69-D41031BF64AE&sortorder=desc&column=section HTTP/1.1" 404 -
167.99.81.155 - - [07/Mar/2025:00:28:26 +0100] "GET /get.php HTTP/1.1" 404 -
85.208.96.198 - - [07/Mar/2025:00:28:26 +0100] "GET /ticket2/opencms/mo/magazine/article?title=viktor-gyokeres HTTP/1.1" 200 93998
20.171.207.125 - - [07/Mar/2025:00:28:26 +0100] "GET /ticket2/opencms/de/sport/fussball-tickets/champions-league/dinamo-zagreb HTTP/1.1" 302 -
178.25.244.194 - - [07/Mar/2025:00:28:27 +0100] "GET /ticket2/opencms/dk/en/buy/?page=6&comcatid=A17713B6-D984-201A-4143-ED4DB5ED5C2E&catid=2FC3D548-EAF9-1354-0CD2-7D7619DA2334 HTTP/1.1" 404 -
114.119.141.34 - - [07/Mar/2025:00:28:29 +0100] "GET /ticket2/opencms/en/faq HTTP/1.1" 200 90680
52.167.144.185 - - [07/Mar/2025:00:28:30 +0100] "GET /ticket2/opencms/cs/buy/?page=1&edid=CA58C888-F6D9-C60F-ADB8-6143B0EE43C9 HTTP/1.1" 200 110769
66.249.65.195 - - [07/Mar/2025:00:28:31 +0100] "GET /ticket2/opencms/et/faq HTTP/1.1" 200 90345
52.167.144.160 - - [07/Mar/2025:00:28:31 +0100] "GET /ticket2/opencms/sv/sell/?edid=1D1F6410-E683-A360-6E10-EB3B1EDE1568 HTTP/1.1" 302 -
178.25.244.194 - - [07/Mar/2025:00:28:31 +0100] "GET /ticket2/opencms/dk/en/buy/?page=6&comcatid=A17713B6-D984-201A-4143-ED4DB5ED5C2E&catid=C0DF818C-DB21-6E2E-4056-DB751FFE0C41 HTTP/1.1" 404 -
144.91.104.134 - - [07/Mar/2025:00:28:32 +0100] "GET /ticket2/opencms/se/nl/buy/?page=1&edid=5C92C6E0-2663-716F-10A1-8E116E00763F&sortorder=asc&column=price HTTP/1.1" 404 -
66.249.65.195 - - [07/Mar/2025:00:28:34 +0100] "GET /ticket2/opencms/be/buy/?page=1&edid=8A676299-B54E-C301-442A-823ABEA189C5 HTTP/1.1" 200 121009
178.25.244.194 - - [07/Mar/2025:00:28:36 +0100] "GET /ticket2/opencms/dk/en/buy/?page=6&comcatid=A17713B6-D984-201A-4143-ED4DB5ED5C2E&catid=D8B345C9-F7A5-E620-4B43-C34EB0D6885B&eventid=88125886-B9B5-9F59-AF43-51EE7A6E60C4 HTTP/1.1" 404 -
95.217.114.173 - - [07/Mar/2025:00:28:38 +0100] "GET /ticket2/opencms/en/sell/?edid=685D955E-A672-2C34-7A51-00B9097906B6 HTTP/1.1" 302 -
95.217.114.173 - - [07/Mar/2025:00:28:38 +0100] "GET /ticket2/opencms/en/login/?url=/en/sell/ HTTP/1.1" 200 90116
144.91.104.134 - - [07/Mar/2025:00:28:38 +0100] "GET /ticket2/opencms/se/nl/buy/?page=1&edid=5C92C6E0-2663-716F-10A1-8E116E00763F&sortorder=desc&column=price HTTP/1.1" 404 -
114.119.141.178 - - [07/Mar/2025:00:28:39 +0100] "GET /ticket2/opencms/de/buy?page=1&=FE1AC5B2-265B-BE7B-B671-09C67B8FEF68 HTTP/1.1" 200 -
52.167.144.142 - - [07/Mar/2025:00:28:42 +0100] "GET /ticket2/opencms/en/archive/events/fulham/ HTTP/1.1" 200 89635
178.25.244.194 - - [07/Mar/2025:00:28:42 +0100] "GET /ticket2/opencms/dk/en/buy/?page=1&edid=1262C5E9-4459-6D63-F273-010CB7E37FF2&sortorder=asc&column=section HTTP/1.1" 404 -
144.91.104.134 - - [07/Mar/2025:00:28:45 +0100] "GET /ticket2/opencms/se/nl/buy/?page=1&edid=5CBC14C1-474D-D86C-8041-55CDA0763411 HTTP/1.1" 404 -
52.167.144.185 - - [07/Mar/2025:00:28:49 +0100] "GET /ticket2/opencms/dk/sport/fodboldbilletter/premier-league/tottenham HTTP/1.1" 200 93380
178.25.244.194 - - [07/Mar/2025:00:28:49 +0100] "GET /ticket2/opencms/dk/en/buy/?page=1&edid=1262C5E9-4459-6D63-F273-010CB7E37FF2&sortorder=desc&column=price HTTP/1.1" 404 -
114.119.141.178 - - [07/Mar/2025:00:28:49 +0100] "GET /ticket2/opencms/de/buy?page=1&=F9E0F31E-9C70-12ED-A009-FACDE1C2082E HTTP/1.1" 200 -
144.91.104.134 - - [07/Mar/2025:00:28:51 +0100] "GET /ticket2/opencms/se/nl/buy/?page=1&edid=5CBC14C1-474D-D86C-8041-55CDA0763411&sortorder=desc&column=price HTTP/1.1" 404 -
172.71.184.91 - - [07/Mar/2025:00:28:52 +0100] "GET /ticket2/opencms/de/wp-admin/setup-config.php HTTP/1.1" 404 -
47.128.41.152 - - [07/Mar/2025:00:28:54 +0100] "GET /ticket2/opencms/fi/venue/?venueid=99F349EB-97D3-4327-F972-D173DD5F2DAA HTTP/1.1" 200 86741
54.36.148.185 - - [07/Mar/2025:00:28:54 +0100] "GET /ticket2/opencms/dk/login HTTP/1.1" 200 90695
47.128.41.152 - - [07/Mar/2025:00:28:55 +0100] "GET /ticket2/opencms/img/check.png HTTP/1.1" 200 548
178.25.244.194 - - [07/Mar/2025:00:28:56 +0100] "GET /ticket2/opencms/dk/en/buy/?page=1&edid=12635D84-BF49-6EFF-4813-962BD7D2C463&sortorder=asc&column=price HTTP/1.1" 404 -
144.91.104.134 - - [07/Mar/2025:00:28:58 +0100] "GET /ticket2/opencms/se/nl/buy/?page=1&edid=5CBC14C1-474D-D86C-8041-55CDA0763411&sortorder=desc&column=row HTTP/1.1" 404 -
173.252.87.114 - - [07/Mar/2025:00:28:59 +0100] "GET /ticket2/opencms/es/buy/?page=1&edid=C448ACCE-4E2F-44DD-92FC-D2C00A7DD0E5 HTTP/1.1" 200 110727
178.25.244.194 - - [07/Mar/2025:00:29:02 +0100] "GET /ticket2/opencms/dk/en/buy/?page=1&edid=12635D84-BF49-6EFF-4813-962BD7D2C463&sortorder=asc&column=row HTTP/1.1" 404 -
144.91.104.134 - - [07/Mar/2025:00:29:04 +0100] "GET /ticket2/opencms/se/nl/buy/?page=1&edid=5CBC14C1-474D-D86C-8041-55CDA0763411&sortorder=desc&column=section HTTP/1.1" 404 -
185.191.171.10 - - [07/Mar/2025:00:29:05 +0100] "GET /ticket2/opencms/lv/magazine/article?title=pepa-gvardiolas-futbola-revolucija-taktiska-meistara-ietekme HTTP/1.1" 200 94588
178.25.244.194 - - [07/Mar/2025:00:29:09 +0100] "GET /ticket2/opencms/dk/en/buy/?page=1&edid=12635D84-BF49-6EFF-4813-962BD7D2C463&sortorder=asc&column=section HTTP/1.1" 404 -
