62.84.178.152 - - [07/Mar/2025:00:15:18 +0100] "GET /ticket2/opencms/robots.txt HTTP/1.1" 200 773
40.77.167.33 - - [07/Mar/2025:00:15:21 +0100] "GET /ticket2/opencms/hu/buy?page=1&edid=DD14CC82-883B-BD06-4306-EBD494AA1804 HTTP/1.1" 200 136400
85.208.96.210 - - [07/Mar/2025:00:15:21 +0100] "GET /ticket2/opencms/fi/musikaalit/ HTTP/1.1" 200 93169
62.84.178.152 - - [07/Mar/2025:00:15:22 +0100] "GET /ticket2/opencms/dk/buy/?page=1&edid=291A9EE1-A261-41FE-C9F2-27311F631492&sortorder=asc&column=row HTTP/1.1" 200 111165
66.249.76.167 - - [07/Mar/2025:00:15:23 +0100] "GET /ticket2/opencms/is/hafdu-samband HTTP/1.1" 200 89052
173.252.83.12 - - [07/Mar/2025:00:15:23 +0100] "GET /ticket2/opencms/de/magazine/article?title=em-finale-2024 HTTP/1.1" 200 94867
114.119.154.81 - - [07/Mar/2025:00:15:23 +0100] "GET /ticket2/opencms/fr/magazine/article?title=luka-modric-reste-a-real-madrid HTTP/1.1" 200 95386
47.128.38.87 - - [07/Mar/2025:00:15:23 +0100] "GET /ticket2/opencms/mo/buy?edid=96E011DF-5241-3266-195A-F1BA5B4FE37C HTTP/1.1" 200 91726
95.217.114.173 - - [07/Mar/2025:00:15:25 +0100] "GET /ticket2/opencms/en/sell/?edid=591C3A37-3E17-0F4C-661A-7A1C2624C09B HTTP/1.1" 302 -
62.84.178.152 - - [07/Mar/2025:00:15:26 +0100] "GET /ticket2/opencms/dk/buy/?page=1&edid=2B0158DD-C9AE-5B4F-1162-68A0BF601349&sortorder=desc&column=price HTTP/1.1" 200 110717
95.217.114.173 - - [07/Mar/2025:00:15:26 +0100] "GET /ticket2/opencms/en/login/?url=/en/sell/ HTTP/1.1" 200 90184
62.84.178.152 - - [07/Mar/2025:00:15:29 +0100] "GET /ticket2/opencms/dk/buy/?page=1&edid=5685D4F1-DA1F-5275-BF3E-BE6818FDF10F&sortorder=asc&column=row HTTP/1.1" 200 111056
95.217.114.173 - - [07/Mar/2025:00:15:30 +0100] "GET /ticket2/opencms/en/sell/?edid=595B8CB0-570C-BECE-2B96-53CB04F64A65 HTTP/1.1" 302 -
95.217.114.173 - - [07/Mar/2025:00:15:30 +0100] "GET /ticket2/opencms/en/login/?url=/en/sell/ HTTP/1.1" 200 90105
216.244.66.238 - - [07/Mar/2025:00:15:31 +0100] "GET /ticket2/opencms/tr/buy?page=1&edid=07D999AB-A5A9-8A62-0A10-8DF141724F68 HTTP/1.1" 200 112726
35.95.253.101 - - [07/Mar/2025:00:15:33 +0100] "GET /ticket2/opencms/bg/magazine/article?title=kak-izglezhda-budesheto-za-aleksandur-isak HTTP/1.1" 200 94664
62.84.178.152 - - [07/Mar/2025:00:15:34 +0100] "GET /ticket2/opencms/dk/buy/?page=1&edid=577C8A68-A9CA-93C3-B19C-C24885CB81FE&sortorder=asc&column=section HTTP/1.1" 200 110808
114.119.135.251 - - [07/Mar/2025:00:15:34 +0100] "GET /ticket2/opencms/en/venue/?countryid=08DE8999-72B5-1ADD-5E76-2A7D1399FECF HTTP/1.1" 200 114770
144.91.104.134 - - [07/Mar/2025:00:15:37 +0100] "GET /ticket2/opencms/se/robots.txt HTTP/1.1" 404 -
62.84.178.152 - - [07/Mar/2025:00:15:38 +0100] "GET /ticket2/opencms/dk/buy/?page=1&edid=5C0BECD6-754F-CE6D-F6E5-BC4B5678134F&sortorder=asc&column=section HTTP/1.1" 200 110397
95.217.114.173 - - [07/Mar/2025:00:15:39 +0100] "GET /ticket2/opencms/en/sell/?edid=598F3B0A-9912-7BA4-D7AA-A33BDA98D7B4 HTTP/1.1" 302 -
95.217.114.173 - - [07/Mar/2025:00:15:39 +0100] "GET /ticket2/opencms/en/login/?url=/en/sell/ HTTP/1.1" 200 90121
62.84.178.152 - - [07/Mar/2025:00:15:41 +0100] "GET /ticket2/opencms/dk/buy/?page=1&edid=5C0BECD6-754F-CE6D-F6E5-BC4B5678134F&sortorder=desc&column=section HTTP/1.1" 200 110434
114.119.143.233 - - [07/Mar/2025:00:15:42 +0100] "GET /ticket2/opencms/dk/buy?page=1&=FFAAA239-0E9E-BD40-91CF-CB4C6549214A HTTP/1.1" 200 -
144.91.104.134 - - [07/Mar/2025:00:15:42 +0100] "GET /ticket2/opencms/se/dk/buy/?page=1&edid=02A00A05-668A-B57A-1A9F-B82023F1983A&sortorder=asc&column=row HTTP/1.1" 404 -
158.220.123.227 - - [07/Mar/2025:00:15:45 +0100] "GET /ticket2/opencms/robots.txt HTTP/1.1" 200 773
62.84.178.152 - - [07/Mar/2025:00:15:45 +0100] "GET /ticket2/opencms/dk/buy/?page=1&edid=5C822312-AD78-519B-498C-5A897678D6CE&sortorder=asc&column=section HTTP/1.1" 200 111188
95.217.114.173 - - [07/Mar/2025:00:15:47 +0100] "GET /ticket2/opencms/en/sell/?edid=59D42A1C-AFAE-24DE-F75C-DAEFEADF3021 HTTP/1.1" 302 -
144.91.104.134 - - [07/Mar/2025:00:15:47 +0100] "GET /ticket2/opencms/se/nl/buy/?page=1&edid=BB4C4701-5F64-E3A2-F13D-D4E118758858&sortorder=desc&column=row HTTP/1.1" 404 -
20.171.207.125 - - [07/Mar/2025:00:15:47 +0100] "GET /ticket2/opencms/is/sport/fotbolti/ligue-1/paris-saint-germain HTTP/1.1" 500 -
95.217.114.173 - - [07/Mar/2025:00:15:48 +0100] "GET /ticket2/opencms/en/login/?url=/en/sell/ HTTP/1.1" 200 90059
158.220.123.227 - - [07/Mar/2025:00:15:48 +0100] "GET /ticket2/opencms/en/login/?edid=00111C9B-5E02-77E7-9B39-8EFC1235AF29 HTTP/1.1" 200 90128
62.84.178.152 - - [07/Mar/2025:00:15:49 +0100] "GET /ticket2/opencms/dk/buy/?page=1&edid=5CB52156-5806-1511-4443-FA573AEB360B&sortorder=desc&column=row HTTP/1.1" 200 111340
207.46.13.155 - - [07/Mar/2025:00:15:49 +0100] "GET /ticket2/opencms/fi/ HTTP/1.1" 200 105305
144.91.104.134 - - [07/Mar/2025:00:15:51 +0100] "GET /ticket2/opencms/se/nl/buy/?page=1&edid=BD00BEBE-764F-EE0C-759A-E664776EFB3A HTTP/1.1" 404 -
158.220.123.227 - - [07/Mar/2025:00:15:52 +0100] "GET /ticket2/opencms/en/login/?edid=018D838D-ECBB-BF11-E5D8-35B0744B0EEA HTTP/1.1" 200 90138
62.84.178.152 - - [07/Mar/2025:00:15:53 +0100] "GET /ticket2/opencms/dk/buy/?page=1&edid=5D5A9ACE-4EDC-A590-3590-39AF7C33AC8D&sortorder=asc&column=price HTTP/1.1" 200 110262
35.95.253.101 - - [07/Mar/2025:00:15:54 +0100] "GET /ticket2/opencms/bg/magazine/article?title=kristiano-ronaldo HTTP/1.1" 200 96636
95.217.114.173 - - [07/Mar/2025:00:15:55 +0100] "GET /ticket2/opencms/en/sell/?edid=5A25EFE3-6135-A75C-5C16-FC7C3F6D82B3 HTTP/1.1" 302 -
95.217.114.173 - - [07/Mar/2025:00:15:56 +0100] "GET /ticket2/opencms/en/login/?url=/en/sell/ HTTP/1.1" 200 90128
144.91.104.134 - - [07/Mar/2025:00:15:56 +0100] "GET /ticket2/opencms/se/nl/buy/?page=1&edid=BD00BEBE-764F-EE0C-759A-E664776EFB3A&sortorder=desc&column=row HTTP/1.1" 404 -
158.220.123.227 - - [07/Mar/2025:00:15:56 +0100] "GET /ticket2/opencms/en/login/?edid=13FD52ED-2424-BEB8-F194-ACEDB9434F70 HTTP/1.1" 200 90117
62.84.178.152 - - [07/Mar/2025:00:15:57 +0100] "GET /ticket2/opencms/dk/buy/?page=1&edid=5F56230C-1D50-AA08-B627-595D000E7ED7&sortorder=desc&column=section HTTP/1.1" 200 110835
40.77.167.33 - - [07/Mar/2025:00:16:00 +0100] "GET /ticket2/opencms/fr/buy?page=1&edid=096598FE-DA35-4351-DFEE-DC9ACA0F0EF9 HTTP/1.1" 200 111637
95.217.114.173 - - [07/Mar/2025:00:16:01 +0100] "GET /ticket2/opencms/en/sell/?edid=5A67179D-C7BD-4086-88F3-90FE704053E2 HTTP/1.1" 302 -
144.91.104.134 - - [07/Mar/2025:00:16:01 +0100] "GET /ticket2/opencms/se/nl/buy/?page=1&edid=BD00BEBE-764F-EE0C-759A-E664776EFB3A&sortorder=desc&column=section HTTP/1.1" 404 -
95.217.114.173 - - [07/Mar/2025:00:16:01 +0100] "GET /ticket2/opencms/en/login/?url=/en/sell/ HTTP/1.1" 200 90126
62.84.178.152 - - [07/Mar/2025:00:16:01 +0100] "GET /ticket2/opencms/dk/buy/?page=1&edid=600E5724-46EB-08C5-B5E5-D7BD0E0C6B05&sortorder=desc&column=row HTTP/1.1" 200 111898
216.244.66.238 - - [07/Mar/2025:00:16:02 +0100] "GET /ticket2/opencms/cs/sport/fotbalove-listky/champions-league/newcastle HTTP/1.1" 500 -
158.220.123.227 - - [07/Mar/2025:00:16:03 +0100] "GET /ticket2/opencms/en/login/?edid=183A078B-6D78-CB41-3C1B-82A1B547109F HTTP/1.1" 200 90155
66.249.65.233 - - [07/Mar/2025:00:16:03 +0100] "GET /ticket2/opencms/et/buy?page=1&edid=697BE447-74B7-A748-152F-A1818DA4BEC9 HTTP/1.1" 200 135117
144.91.104.134 - - [07/Mar/2025:00:16:06 +0100] "GET /ticket2/opencms/se/nl/buy/?page=1&edid=BD11E61F-ECF5-D022-0EFE-67BCB464768C&sortorder=desc&column=price HTTP/1.1" 404 -
62.84.178.152 - - [07/Mar/2025:00:16:06 +0100] "GET /ticket2/opencms/dk/buy/?page=1&edid=604ED02B-13F0-F32C-1AAA-D1E8D0471118&sortorder=asc&column=section HTTP/1.1" 200 111423
158.220.123.227 - - [07/Mar/2025:00:16:07 +0100] "GET /ticket2/opencms/en/login/?edid=18A2457D-174A-1761-F7F1-79CD1A73BA2E HTTP/1.1" 200 90116
178.25.244.194 - - [07/Mar/2025:00:16:07 +0100] "GET /ticket2/opencms/dk/robots.txt HTTP/1.1" 404 -
95.217.114.173 - - [07/Mar/2025:00:16:08 +0100] "GET /ticket2/opencms/en/sell/?edid=5AE328E9-BC28-8356-003B-BE36705920C7 HTTP/1.1" 302 -
95.217.114.173 - - [07/Mar/2025:00:16:09 +0100] "GET /ticket2/opencms/en/login/?url=/en/sell/ HTTP/1.1" 200 90202
66.249.65.233 - - [07/Mar/2025:00:16:09 +0100] "GET /ticket2/opencms/et/ask-form.html HTTP/1.1" 200 3156
144.91.104.134 - - [07/Mar/2025:00:16:10 +0100] "GET /ticket2/opencms/se/nl/buy/?page=1&edid=BD31577E-89AE-21C8-EC43-EC092DF762EE HTTP/1.1" 404 -
158.220.123.227 - - [07/Mar/2025:00:16:10 +0100] "GET /ticket2/opencms/en/login/?edid=199EDE4E-5A92-8B6F-9481-A1A89D98DFB8 HTTP/1.1" 200 90071
62.84.178.152 - - [07/Mar/2025:00:16:10 +0100] "GET /ticket2/opencms/dk/buy/?page=1&edid=607E1405-24CC-8955-3417-6714C4B91132&sortorder=asc&column=price HTTP/1.1" 200 110787
85.208.96.203 - - [07/Mar/2025:00:16:11 +0100] "GET /ticket2/opencms/sv/sport/fotbollsbiljetter/serie_a/torino/ HTTP/1.1" 500 -
40.77.167.60 - - [07/Mar/2025:00:16:11 +0100] "GET /ticket2/opencms/bg/buy?page=1&edid=8454FAC7-3814-FAA5-E97E-59C5D4AC9EA9 HTTP/1.1" 200 111107
178.25.244.194 - - [07/Mar/2025:00:16:12 +0100] "GET /ticket2/opencms/dk/dk/buy/?page=1&edid=2CA3105D-3A7E-3C22-5999-57054C6868BE&sortorder=asc&column=section HTTP/1.1" 404 -
85.208.96.200 - - [07/Mar/2025:00:16:12 +0100] "GET /ticket2/opencms/nl/sell/ HTTP/1.1" 302 -
95.217.114.173 - - [07/Mar/2025:00:16:13 +0100] "GET /ticket2/opencms/en/sell/?edid=5B3D3A78-79A7-E780-4AE0-8925109DFF98 HTTP/1.1" 302 -
207.46.13.160 - - [07/Mar/2025:00:16:13 +0100] "GET /ticket2/opencms/mt/buy/?page=1&edid=24DA4365-06A3-2349-F7E6-CA02D31FCB88 HTTP/1.1" 200 111847
114.119.148.14 - - [07/Mar/2025:00:16:13 +0100] "GET /ticket2/opencms/en/venue/?venueid=AAC9A474-6F1C-8E49-0F79-0EFC179B3230 HTTP/1.1" 200 85358
95.217.114.173 - - [07/Mar/2025:00:16:13 +0100] "GET /ticket2/opencms/en/login/?url=/en/sell/ HTTP/1.1" 200 90129
35.95.253.101 - - [07/Mar/2025:00:16:14 +0100] "GET /ticket2/opencms/bg/magazine/article?title=thomas-tuchel-stava-noviyat-selekcioner-na-angliya HTTP/1.1" 200 95170
158.220.123.227 - - [07/Mar/2025:00:16:14 +0100] "GET /ticket2/opencms/en/login/?edid=19F66B45-F35F-F627-A08C-0B8C764D6062 HTTP/1.1" 200 90169
144.91.104.134 - - [07/Mar/2025:00:16:15 +0100] "GET /ticket2/opencms/se/nl/buy/?page=1&edid=BD803897-0AF1-6865-317A-1580BE02E250 HTTP/1.1" 404 -
62.84.178.152 - - [07/Mar/2025:00:16:15 +0100] "GET /ticket2/opencms/dk/buy/?page=1&edid=6082F16E-936D-95FC-7956-A001C0E49E14&sortorder=desc&column=price HTTP/1.1" 200 112012
114.119.130.154 - - [07/Mar/2025:00:16:17 +0100] "GET /ticket2/opencms/ru/buy/?page=6&comcatid=A17713B6-D984-201A-4143-ED4DB5ED5C2E&catid=06324577-7173-BAB0-146D-E644C912F7C1&eventid=FE86C89A-78F7-42C7-714F-130E9D281FBD HTTP/1.1" 200 106580
178.25.244.194 - - [07/Mar/2025:00:16:17 +0100] "GET /ticket2/opencms/dk/dk/buy/?page=1&edid=2F984CDF-1CA1-F102-5460-86DB2C22DF4E&sortorder=desc&column=row HTTP/1.1" 404 -
158.220.123.227 - - [07/Mar/2025:00:16:19 +0100] "GET /ticket2/opencms/en/login/?edid=1C4D0063-1C0C-2AAD-17F9-0EF25E36554C HTTP/1.1" 200 90155
85.208.96.212 - - [07/Mar/2025:00:16:19 +0100] "GET /ticket2/opencms/nl/login/?url=%25252Fnl%25252Fsell%25252F HTTP/1.1" 200 89741
144.91.104.134 - - [07/Mar/2025:00:16:20 +0100] "GET /ticket2/opencms/se/nl/buy/?page=1&edid=BE8A9A67-7058-5FAE-4178-B10C86C588A3&sortorder=asc&column=price HTTP/1.1" 404 -
62.84.178.152 - - [07/Mar/2025:00:16:21 +0100] "GET /ticket2/opencms/dk/buy/?page=1&edid=6082F16E-936D-95FC-7956-A001C0E49E14&sortorder=desc&column=row HTTP/1.1" 200 111845
95.217.114.173 - - [07/Mar/2025:00:16:21 +0100] "GET /ticket2/opencms/en/sell/?edid=5B6DD187-7D46-54EC-4674-B827A9787928 HTTP/1.1" 302 -
95.217.114.173 - - [07/Mar/2025:00:16:22 +0100] "GET /ticket2/opencms/en/login/?url=/en/sell/ HTTP/1.1" 200 90109
158.220.123.227 - - [07/Mar/2025:00:16:23 +0100] "GET /ticket2/opencms/en/login/?edid=2516628B-A0F3-06FF-1C7B-E8EBE435FD19 HTTP/1.1" 200 90135
178.25.244.194 - - [07/Mar/2025:00:16:23 +0100] "GET /ticket2/opencms/dk/dk/buy/?page=1&edid=AB4ED0AB-78AE-687D-2259-4B7771A21F0C&sortorder=desc&column=row HTTP/1.1" 404 -
144.91.104.134 - - [07/Mar/2025:00:16:24 +0100] "GET /ticket2/opencms/se/nl/buy/?page=1&edid=BE8A9A67-7058-5FAE-4178-B10C86C588A3&sortorder=asc&column=row HTTP/1.1" 404 -
62.84.178.152 - - [07/Mar/2025:00:16:25 +0100] "GET /ticket2/opencms/dk/buy/?page=1&edid=6082F16E-936D-95FC-7956-A001C0E49E14&sortorder=desc&column=section HTTP/1.1" 200 111948
66.249.65.196 - - [07/Mar/2025:00:16:26 +0100] "GET /ticket2/opencms/be/buy/?page=1&edid=FEB03BB6-02B5-C800-F6B0-987523006767&hlv=6149ebe9-48b4-4afe-a902-1f000a01000f HTTP/1.1" 200 92600
158.220.123.227 - - [07/Mar/2025:00:16:27 +0100] "GET /ticket2/opencms/en/login/?edid=26E1A9E2-98B6-A6E5-096E-D18D1A038FCE HTTP/1.1" 200 90105
40.77.167.33 - - [07/Mar/2025:00:16:29 +0100] "GET /ticket2/opencms/en/buy/?page=1&edid=C6A3430C-A1F7-956B-F26F-DB287A52AC18 HTTP/1.1" 200 106809
185.191.171.3 - - [07/Mar/2025:00:16:30 +0100] "GET /ticket2/opencms/bg/sport/futbolni-bileti/la-liga/athletic-bilbao HTTP/1.1" 200 103381
178.25.244.194 - - [07/Mar/2025:00:16:30 +0100] "GET /ticket2/opencms/dk/dk/buy/?page=1&edid=AC6683BE-480A-B94D-6978-93F20E61B508&sortorder=asc&column=section HTTP/1.1" 404 -
62.84.178.152 - - [07/Mar/2025:00:16:30 +0100] "GET /ticket2/opencms/dk/buy/?page=1&edid=6095204E-3063-4AAA-A930-C6F6FB6F7B39&sortorder=asc&column=price HTTP/1.1" 200 111869
95.217.114.173 - - [07/Mar/2025:00:16:31 +0100] "GET /ticket2/opencms/en/sell/?edid=5C16EE04-AE84-D909-F824-CB631377EBFA HTTP/1.1" 302 -
144.91.104.134 - - [07/Mar/2025:00:16:31 +0100] "GET /ticket2/opencms/se/nl/buy/?page=1&edid=BFC8ECC1-2107-AC46-D638-419C26368D40 HTTP/1.1" 404 -
95.217.114.173 - - [07/Mar/2025:00:16:31 +0100] "GET /ticket2/opencms/en/login/?url=/en/sell/ HTTP/1.1" 200 90101
158.220.123.227 - - [07/Mar/2025:00:16:32 +0100] "GET /ticket2/opencms/en/login/?edid=2EE507F3-808B-9FC3-0AF8-CB6905B06BBA HTTP/1.1" 200 90118
216.244.66.238 - - [07/Mar/2025:00:16:33 +0100] "GET /ticket2/opencms/dk/buy?page=1&edid=13B08012-5959-046E-FD97-DEC8822E8106 HTTP/1.1" 200 110689
178.25.244.194 - - [07/Mar/2025:00:16:35 +0100] "GET /ticket2/opencms/dk/dk/buy/?page=1&edid=CF9AADF6-6503-0852-B1B5-AC280A05E729&sortorder=desc&column=price HTTP/1.1" 404 -
62.84.178.152 - - [07/Mar/2025:00:16:35 +0100] "GET /ticket2/opencms/dk/buy/?page=1&edid=61E71578-689B-B247-38A0-8B93EBFFC4CC&sortorder=desc&column=row HTTP/1.1" 200 111284
35.95.253.101 - - [07/Mar/2025:00:16:35 +0100] "GET /ticket2/opencms/bg/magazine/article?title=posledniyat-sezon-na-lionel-mesi HTTP/1.1" 200 97265
144.91.104.134 - - [07/Mar/2025:00:16:36 +0100] "GET /ticket2/opencms/se/nl/buy/?page=1&edid=C07320BB-F54C-AAC6-833F-32CB39CA6CBF&sortorder=asc&column=section HTTP/1.1" 404 -
158.220.123.227 - - [07/Mar/2025:00:16:36 +0100] "GET /ticket2/opencms/en/login/?edid=2EED34F6-5C2B-A7AD-06F9-0E781DE8D640 HTTP/1.1" 200 90112
114.119.143.233 - - [07/Mar/2025:00:16:37 +0100] "GET /ticket2/opencms/ru/buy/?page=1&edid=9D00920C-2E3F-5BEF-6B01-689827B960FF HTTP/1.1" 200 110308
47.128.55.72 - - [07/Mar/2025:00:16:39 +0100] "GET /ticket2/opencms/sl/about/contact HTTP/1.1" 200 86343
47.128.55.72 - - [07/Mar/2025:00:16:40 +0100] "GET /ticket2/opencms/system/modules/com.gridnine.opencms.ticketbrokerage.site/resources/css/images/event-banner.png HTTP/1.1" 404 -
62.84.178.152 - - [07/Mar/2025:00:16:40 +0100] "GET /ticket2/opencms/dk/buy/?page=1&edid=62367EB0-CF21-D86E-54EE-409133734B40 HTTP/1.1" 200 110419
144.91.104.134 - - [07/Mar/2025:00:16:40 +0100] "GET /ticket2/opencms/se/nl/buy/?page=1&edid=C07320BB-F54C-AAC6-833F-32CB39CA6CBF&sortorder=desc&column=section HTTP/1.1" 404 -
85.208.96.204 - - [07/Mar/2025:00:16:40 +0100] "GET /ticket2/opencms/robots.txt HTTP/1.1" 200 773
85.208.96.212 - - [07/Mar/2025:00:16:41 +0100] "GET /ticket2/opencms/be/sport/futbol-kvitki/serie-a/genoa HTTP/1.1" 200 101807
158.220.123.227 - - [07/Mar/2025:00:16:41 +0100] "GET /ticket2/opencms/en/login/?edid=312E2B30-1BE8-80F9-5587-64D580752ED3 HTTP/1.1" 200 90100
178.25.244.194 - - [07/Mar/2025:00:16:41 +0100] "GET /ticket2/opencms/dk/dk/buy/?page=1&edid=D1B6D814-A677-3D90-03BA-1F7CF35352A4&sortorder=asc&column=row HTTP/1.1" 404 -
40.77.167.9 - - [07/Mar/2025:00:16:42 +0100] "GET /ticket2/opencms/sl/buy/?page=1&edid=3F80EEF6-13FB-8F2D-B087-5BBAE74B636E HTTP/1.1" 200 108476
185.191.171.3 - - [07/Mar/2025:00:16:42 +0100] "GET /ticket2/opencms/ga/magazine/article?title=liverpool-tottenham HTTP/1.1" 200 92930
185.191.171.6 - - [07/Mar/2025:00:16:45 +0100] "GET /ticket2/opencms/sv/sport/fotbollsbiljetter/bundesliga/schalke/ HTTP/1.1" 500 -
57.154.175.0 - - [07/Mar/2025:00:16:45 +0100] "GET /ticket2/opencms/fr/buy/?edid=294968E7-670E-500D-EF6F-F776CC397F5A&page=1 HTTP/1.1" 200 89954
144.91.104.134 - - [07/Mar/2025:00:16:45 +0100] "GET /ticket2/opencms/se/nl/buy/?page=1&edid=C12A0006-B6E1-E89B-7550-FAAA37523C69&sortorder=asc&column=section HTTP/1.1" 404 -
158.220.123.227 - - [07/Mar/2025:00:16:46 +0100] "GET /ticket2/opencms/en/login/?edid=32A8E2A1-D0A3-E55E-8DC6-8CAE3FA6B550 HTTP/1.1" 200 90190
62.84.178.152 - - [07/Mar/2025:00:16:47 +0100] "GET /ticket2/opencms/dk/buy/?page=1&edid=624FA28A-754C-672C-6881-3EF4F87AC664&sortorder=asc&column=row HTTP/1.1" 200 110195
47.128.118.8 - - [07/Mar/2025:00:16:49 +0100] "GET /ticket2/opencms/lv/buy?edid=46F7F34D-0992-3D57-15A6-4469212548F9 HTTP/1.1" 200 91534
20.171.207.125 - - [07/Mar/2025:00:16:49 +0100] "GET /ticket2/opencms/en/sport/football-tickets/la-liga/rayo-vallecano HTTP/1.1" 404 -
144.91.104.134 - - [07/Mar/2025:00:16:50 +0100] "GET /ticket2/opencms/se/nl/buy/?page=1&edid=C134F748-F9E7-30B4-A24D-C22CD460B13B&sortorder=desc&column=price HTTP/1.1" 404 -
95.217.114.173 - - [07/Mar/2025:00:16:51 +0100] "GET /ticket2/opencms/en/sell/?edid=5C50ECB1-C172-E904-ECBC-6CD309D8DD4A HTTP/1.1" 302 -
52.167.144.161 - - [07/Mar/2025:00:16:51 +0100] "GET /ticket2/opencms/ka/buy/?page=1&edid=43648BE5-AFA4-732B-7692-9089D01AA770 HTTP/1.1" 200 117060
95.217.114.173 - - [07/Mar/2025:00:16:51 +0100] "GET /ticket2/opencms/en/login/?url=/en/sell/ HTTP/1.1" 200 90093
40.77.167.58 - - [07/Mar/2025:00:16:51 +0100] "GET /ticket2/opencms/en/venue/?venueid=A107EE08-ED64-E57F-E733-30B760B5B864 HTTP/1.1" 200 85349
178.25.244.194 - - [07/Mar/2025:00:16:52 +0100] "GET /ticket2/opencms/dk/dk/buy/?page=1&edid=D2AD8C81-9CCD-E92E-3E94-61010E88DF73&sortorder=desc&column=section HTTP/1.1" 404 -
158.220.123.227 - - [07/Mar/2025:00:16:53 +0100] "GET /ticket2/opencms/en/login/?edid=34F904B8-2B59-C62A-2ACD-4B7E2D0201AE HTTP/1.1" 200 90048
62.84.178.152 - - [07/Mar/2025:00:16:53 +0100] "GET /ticket2/opencms/dk/buy/?page=1&edid=624FA28A-754C-672C-6881-3EF4F87AC664&sortorder=asc&column=section HTTP/1.1" 200 110271
144.91.104.134 - - [07/Mar/2025:00:16:54 +0100] "GET /ticket2/opencms/se/nl/buy/?page=1&edid=C134F748-F9E7-30B4-A24D-C22CD460B13B&sortorder=desc&column=section HTTP/1.1" 404 -
85.208.96.198 - - [07/Mar/2025:00:16:55 +0100] "GET /ticket2/opencms/robots.txt HTTP/1.1" 200 773
35.95.253.101 - - [07/Mar/2025:00:16:55 +0100] "GET /ticket2/opencms/bg/magazine/article?title=chesto-sreshani-ponyatiya-vuv-futbola HTTP/1.1" 200 99695
85.208.96.212 - - [07/Mar/2025:00:16:56 +0100] "GET /ticket2/opencms/cs/magazine/article?title=declan-rice HTTP/1.1" 200 93692
66.249.65.195 - - [07/Mar/2025:00:16:56 +0100] "GET /ticket2/opencms/es/deporte/entradas-futbol/premier-league/arsenal HTTP/1.1" 200 102641
178.25.244.194 - - [07/Mar/2025:00:16:56 +0100] "GET /ticket2/opencms/dk/dk/buy/?page=1&edid=D3AC8ED2-9B15-6187-BB41-9830D862CD00&sortorder=asc&column=row HTTP/1.1" 404 -
114.119.139.202 - - [07/Mar/2025:00:16:57 +0100] "GET /ticket2/opencms/en/venue/?countryid=01966824-53B3-F640-5B46-BD1F79FADDA9 HTTP/1.1" 200 114781
66.249.76.167 - - [07/Mar/2025:00:16:58 +0100] "GET /ticket2/opencms/cs/buy/?page=1&edid=46F37BE7-B2F6-BEA5-12C9-E1FFD36B0DD0&hlv=668678b9-78b0-4db7-81e0-7c9a0a01000f HTTP/1.1" 200 119279
62.84.178.152 - - [07/Mar/2025:00:16:58 +0100] "GET /ticket2/opencms/dk/buy/?page=1&edid=69C810A5-B9DA-98B4-5968-251ABDED40E1&sortorder=asc&column=price HTTP/1.1" 200 111827
144.91.104.134 - - [07/Mar/2025:00:16:59 +0100] "GET /ticket2/opencms/se/nl/buy/?page=1&edid=C303FEB5-3761-7D71-D52C-7424D1CD1294&sortorder=asc&column=price HTTP/1.1" 404 -
66.249.76.130 - - [07/Mar/2025:00:16:59 +0100] "GET /ticket2/opencms/en/venue/?venueid=734040E5-A24F-A3CB-551E-29ED256DF723 HTTP/1.1" 200 85369
52.167.144.138 - - [07/Mar/2025:00:17:00 +0100] "GET /ticket2/opencms/en/venue/?venueid=7D020229-2D1C-A8BA-5380-67981FACE9A7 HTTP/1.1" 200 85244
95.217.114.173 - - [07/Mar/2025:00:17:00 +0100] "GET /ticket2/opencms/en/sell/?edid=5C92C6E0-2663-716F-10A1-8E116E00763F HTTP/1.1" 302 -
95.217.114.173 - - [07/Mar/2025:00:17:01 +0100] "GET /ticket2/opencms/en/login/?url=/en/sell/ HTTP/1.1" 200 90193
178.25.244.194 - - [07/Mar/2025:00:17:01 +0100] "GET /ticket2/opencms/dk/dk/buy/?page=1&edid=D3AC8ED2-9B15-6187-BB41-9830D862CD00&sortorder=asc&column=section HTTP/1.1" 404 -
158.220.123.227 - - [07/Mar/2025:00:17:03 +0100] "GET /ticket2/opencms/en/login/?edid=37C7F7A9-08FD-398E-65C8-158937527B10 HTTP/1.1" 200 90116
144.91.104.134 - - [07/Mar/2025:00:17:03 +0100] "GET /ticket2/opencms/se/nl/buy/?page=1&edid=C303FEB5-3761-7D71-D52C-7424D1CD1294&sortorder=asc&column=row HTTP/1.1" 404 -
85.208.96.193 - - [07/Mar/2025:00:17:04 +0100] "GET /ticket2/opencms/it/magazine/article?title=nuovo-capitano-dejan-kulusevski HTTP/1.1" 200 91838
62.84.178.152 - - [07/Mar/2025:00:17:05 +0100] "GET /ticket2/opencms/dk/buy/?page=1&edid=72EFF4C3-F2CF-1B27-5F03-64D46F8CDC4B&sortorder=desc&column=price HTTP/1.1" 200 110353
178.25.244.194 - - [07/Mar/2025:00:17:06 +0100] "GET /ticket2/opencms/dk/dk/buy/?page=1&edid=D44C1EAC-032A-C470-5ABD-2C1702AAE63F HTTP/1.1" 404 -
52.167.144.184 - - [07/Mar/2025:00:17:07 +0100] "GET /ticket2/opencms/uk/buy/?page=1&edid=6D30E340-56B1-01B8-DD3B-154093610B8B HTTP/1.1" 200 113812
216.244.66.238 - - [07/Mar/2025:00:17:07 +0100] "GET /ticket2/opencms/tr/buy?page=1&edid=B2DAFF92-E136-C5E2-F0C0-0D21CE1F73E4 HTTP/1.1" 200 111448
144.91.104.134 - - [07/Mar/2025:00:17:08 +0100] "GET /ticket2/opencms/se/nl/buy/?page=1&edid=C303FEB5-3761-7D71-D52C-7424D1CD1294&sortorder=asc&column=section HTTP/1.1" 404 -
95.217.114.173 - - [07/Mar/2025:00:17:08 +0100] "GET /ticket2/opencms/en/sell/?edid=5C9EB4E0-2B15-1E5D-219A-5D2917B95C65 HTTP/1.1" 302 -
95.217.114.173 - - [07/Mar/2025:00:17:09 +0100] "GET /ticket2/opencms/en/login/?url=/en/sell/ HTTP/1.1" 200 90110
178.25.244.194 - - [07/Mar/2025:00:17:11 +0100] "GET /ticket2/opencms/dk/dk/buy/?page=1&edid=D44C1EAC-032A-C470-5ABD-2C1702AAE63F&sortorder=asc&column=row HTTP/1.1" 404 -
144.91.104.134 - - [07/Mar/2025:00:17:13 +0100] "GET /ticket2/opencms/se/nl/buy/?page=1&edid=C32BEB15-55D2-1548-116A-C7D99E01DEF9&sortorder=asc&column=price HTTP/1.1" 404 -
35.95.253.101 - - [07/Mar/2025:00:17:15 +0100] "GET /ticket2/opencms/bg/magazine/article?title=maksimilian-ibrahimovich-podpisva-za-vtoriya-otbor-na-as-milan HTTP/1.1" 200 98692
54.36.148.232 - - [07/Mar/2025:00:17:16 +0100] "GET /ticket2/opencms/dk/sport/fodboldbilletter/champions_league/ HTTP/1.1" 200 92251
178.25.244.194 - - [07/Mar/2025:00:17:16 +0100] "GET /ticket2/opencms/dk/dk/buy/?page=1&edid=D44C1EAC-032A-C470-5ABD-2C1702AAE63F&sortorder=asc&column=section HTTP/1.1" 404 -
95.217.114.173 - - [07/Mar/2025:00:17:16 +0100] "GET /ticket2/opencms/en/sell/?edid=5CB52156-5806-1511-4443-FA573AEB360B HTTP/1.1" 302 -
95.217.114.173 - - [07/Mar/2025:00:17:17 +0100] "GET /ticket2/opencms/en/login/?url=/en/sell/ HTTP/1.1" 200 90073
144.91.104.134 - - [07/Mar/2025:00:17:18 +0100] "GET /ticket2/opencms/se/nl/buy/?page=1&edid=C32BEB15-55D2-1548-116A-C7D99E01DEF9&sortorder=asc&column=row HTTP/1.1" 404 -
62.84.178.152 - - [07/Mar/2025:00:17:19 +0100] "GET /ticket2/opencms/dk/buy/?page=1&edid=8667701E-28DF-A59A-CCDA-A7512E6BD694&sortorder=desc&column=price HTTP/1.1" 200 110928
52.167.144.161 - - [07/Mar/2025:00:17:19 +0100] "GET /ticket2/opencms/mt/buy/?page=1&edid=06839E1C-8CA0-2766-B39C-B161E06D9E51 HTTP/1.1" 200 112124
178.25.244.194 - - [07/Mar/2025:00:17:23 +0100] "GET /ticket2/opencms/dk/dk/buy/?page=1&edid=D44C1EAC-032A-C470-5ABD-2C1702AAE63F&sortorder=desc&column=price HTTP/1.1" 404 -
144.91.104.134 - - [07/Mar/2025:00:17:23 +0100] "GET /ticket2/opencms/se/nl/buy/?page=1&edid=C32BEB15-55D2-1548-116A-C7D99E01DEF9&sortorder=asc&column=section HTTP/1.1" 404 -
85.208.96.211 - - [07/Mar/2025:00:17:23 +0100] "GET /ticket2/opencms/az/magazine/article?title=bukayo-ayoyinka-t-m-saka HTTP/1.1" 200 93729
114.119.150.49 - - [07/Mar/2025:00:17:25 +0100] "GET /ticket2/opencms/fr/magazine/article?title=lucas-bergvall-un-nouveau-david-beckham HTTP/1.1" 200 93574
95.217.114.173 - - [07/Mar/2025:00:17:27 +0100] "GET /ticket2/opencms/en/sell/?edid=5CB5BC3B-01E7-EA64-D21B-AC03FD11E181 HTTP/1.1" 302 -
144.91.104.134 - - [07/Mar/2025:00:17:27 +0100] "GET /ticket2/opencms/se/nl/buy/?page=1&edid=C387B29E-9437-3C16-A65A-97A5EDDE5C2F&sortorder=asc&column=price HTTP/1.1" 404 -
95.217.114.173 - - [07/Mar/2025:00:17:27 +0100] "GET /ticket2/opencms/en/login/?url=/en/sell/ HTTP/1.1" 200 90093
178.25.244.194 - - [07/Mar/2025:00:17:29 +0100] "GET /ticket2/opencms/dk/dk/buy/?page=1&edid=D44C1EAC-032A-C470-5ABD-2C1702AAE63F&sortorder=desc&column=row HTTP/1.1" 404 -
144.91.104.134 - - [07/Mar/2025:00:17:32 +0100] "GET /ticket2/opencms/se/nl/buy/?page=1&edid=C387B29E-9437-3C16-A65A-97A5EDDE5C2F&sortorder=asc&column=row HTTP/1.1" 404 -
95.217.114.173 - - [07/Mar/2025:00:17:32 +0100] "GET /ticket2/opencms/en/sell/?edid=5CB5FE80-D6A2-EABB-565B-174233253B32 HTTP/1.1" 302 -
95.217.114.173 - - [07/Mar/2025:00:17:33 +0100] "GET /ticket2/opencms/en/login/?url=/en/sell/ HTTP/1.1" 200 90191
178.25.244.194 - - [07/Mar/2025:00:17:35 +0100] "GET /ticket2/opencms/dk/dk/buy/?page=1&edid=D44C1EAC-032A-C470-5ABD-2C1702AAE63F&sortorder=desc&column=section HTTP/1.1" 404 -
35.95.253.101 - - [07/Mar/2025:00:17:35 +0100] "GET /ticket2/opencms/bg/magazine/article?title=otnosno-arsenal-fk HTTP/1.1" 200 96379
173.252.83.9 - - [07/Mar/2025:00:17:37 +0100] "GET /ticket2/opencms/uk/buy/?page=1&edid=E9DB3A42-82BF-9B65-3ED4-EE5A32871388 HTTP/1.1" 200 114701
144.91.104.134 - - [07/Mar/2025:00:17:37 +0100] "GET /ticket2/opencms/se/nl/buy/?page=1&edid=C387B29E-9437-3C16-A65A-97A5EDDE5C2F&sortorder=asc&column=section HTTP/1.1" 404 -
62.84.178.152 - - [07/Mar/2025:00:17:38 +0100] "GET /ticket2/opencms/dk/buy/?page=1&edid=9B464F09-6CBD-99BE-C066-554D62F82648&sortorder=desc&column=row HTTP/1.1" 200 108167
114.119.141.34 - - [07/Mar/2025:00:17:40 +0100] "GET /ticket2/opencms/en/magazine/article?title=viktor-gyokeres-to-manchester-united HTTP/1.1" 200 91388
216.244.66.238 - - [07/Mar/2025:00:17:40 +0100] "GET /ticket2/opencms/uk/buy?page=1&edid=4955C57D-F2DF-09B3-F5D4-0E9BE56A0217 HTTP/1.1" 200 110950
95.217.114.173 - - [07/Mar/2025:00:17:40 +0100] "GET /ticket2/opencms/en/sell/?edid=5CFB923C-B67F-7261-E452-C909EF70E315 HTTP/1.1" 302 -
114.119.136.30 - - [07/Mar/2025:00:17:41 +0100] "GET /ticket2/opencms/nl/buy?page=1&edid=C490C3F8-A066-4B69-2FBB-6512C409277B HTTP/1.1" 200 108605
178.25.244.194 - - [07/Mar/2025:00:17:41 +0100] "GET /ticket2/opencms/dk/dk/buy/?page=1&edid=D479275F-7CFD-352D-4C79-1F4CCDB6EA24 HTTP/1.1" 404 -
95.217.114.173 - - [07/Mar/2025:00:17:41 +0100] "GET /ticket2/opencms/en/login/?url=/en/sell/ HTTP/1.1" 200 90181
144.91.104.134 - - [07/Mar/2025:00:17:44 +0100] "GET /ticket2/opencms/se/nl/buy/?page=1&edid=C6066F25-BD4D-21BB-6647-DA388B114B52&sortorder=asc&column=price HTTP/1.1" 404 -
178.25.244.194 - - [07/Mar/2025:00:17:48 +0100] "GET /ticket2/opencms/dk/dk/buy/?page=1&edid=D479275F-7CFD-352D-4C79-1F4CCDB6EA24&sortorder=asc&column=price HTTP/1.1" 404 -
95.217.114.173 - - [07/Mar/2025:00:17:49 +0100] "GET /ticket2/opencms/en/sell/?edid=5D4B1EEA-2133-CDD0-3232-4D02359EE7DC HTTP/1.1" 302 -
95.217.114.173 - - [07/Mar/2025:00:17:50 +0100] "GET /ticket2/opencms/en/login/?url=/en/sell/ HTTP/1.1" 200 90165
114.119.136.30 - - [07/Mar/2025:00:17:51 +0100] "GET /ticket2/opencms/mt/buy?page=1&edid=60EFDC2E-D0E4-50A3-A8F0-F9555AFF82D2 HTTP/1.1" 200 111623
20.171.207.125 - - [07/Mar/2025:00:17:52 +0100] "GET /ticket2/opencms/el/standard/ HTTP/1.1" 500 -
66.249.65.33 - - [07/Mar/2025:00:17:52 +0100] "GET /ticket2/opencms/lv/magazine/article?title=liverpool-tottenham HTTP/1.1" 200 92421
144.91.104.134 - - [07/Mar/2025:00:17:54 +0100] "GET /ticket2/opencms/se/nl/buy/?page=1&edid=C9AF0751-71B5-6C10-C105-A39DA519ED7A HTTP/1.1" 404 -
62.84.178.152 - - [07/Mar/2025:00:17:55 +0100] "GET /ticket2/opencms/dk/buy/?page=1&edid=AC9B2055-12DA-9E20-67F9-15ACACD7CC8B&sortorder=desc&column=row HTTP/1.1" 200 110669
178.25.244.194 - - [07/Mar/2025:00:17:55 +0100] "GET /ticket2/opencms/dk/dk/buy/?page=1&edid=D4B1E319-6F48-1B90-FA7F-FABAA1246B5E&sortorder=asc&column=section HTTP/1.1" 404 -
35.95.253.101 - - [07/Mar/2025:00:17:56 +0100] "GET /ticket2/opencms/az/sport/futbol-biletleri/premier-league/arsenal HTTP/1.1" 200 95830
52.167.144.184 - - [07/Mar/2025:00:17:56 +0100] "GET /ticket2/opencms/sv/venue/?venueid=3118F14E-3818-3CE8-078B-40CC5BCF3928 HTTP/1.1" 200 86740
95.217.114.173 - - [07/Mar/2025:00:17:57 +0100] "GET /ticket2/opencms/en/sell/?edid=5D6BAFEE-C7E8-3FFE-C335-869AB5ECAAC9 HTTP/1.1" 302 -
95.217.114.173 - - [07/Mar/2025:00:17:57 +0100] "GET /ticket2/opencms/en/login/?url=/en/sell/ HTTP/1.1" 200 90119
52.167.144.184 - - [07/Mar/2025:00:17:57 +0100] "GET /ticket2/opencms/hr/buy/?page=1&edid=76B6762F-4B46-119D-2582-3611BC3599E7 HTTP/1.1" 200 112370
144.91.104.134 - - [07/Mar/2025:00:17:59 +0100] "GET /ticket2/opencms/se/nl/buy/?page=1&edid=C9AF0751-71B5-6C10-C105-A39DA519ED7A&sortorder=desc&column=section HTTP/1.1" 404 -
178.25.244.194 - - [07/Mar/2025:00:18:02 +0100] "GET /ticket2/opencms/dk/dk/buy/?page=1&edid=D4B1E319-6F48-1B90-FA7F-FABAA1246B5E&sortorder=desc&column=price HTTP/1.1" 404 -
144.91.104.134 - - [07/Mar/2025:00:18:04 +0100] "GET /ticket2/opencms/se/nl/buy/?page=1&edid=D14E786C-C869-8112-70DA-17875583047D HTTP/1.1" 404 -
95.217.114.173 - - [07/Mar/2025:00:18:04 +0100] "GET /ticket2/opencms/en/sell/?edid=5D7AF932-9046-B540-398E-21D39A8B4BC0 HTTP/1.1" 302 -
95.217.114.173 - - [07/Mar/2025:00:18:04 +0100] "GET /ticket2/opencms/en/login/?url=/en/sell/ HTTP/1.1" 200 90131
62.84.178.152 - - [07/Mar/2025:00:18:05 +0100] "GET /ticket2/opencms/dk/login/?edid=042B1AE0-B676-9EDF-9B0C-DC5976C2588C HTTP/1.1" 200 90677
144.91.104.134 - - [07/Mar/2025:00:18:09 +0100] "GET /ticket2/opencms/se/nl/buy/?page=1&edid=D14E786C-C869-8112-70DA-17875583047D&sortorder=desc&column=row HTTP/1.1" 404 -
85.208.96.210 - - [07/Mar/2025:00:18:11 +0100] "GET /ticket2/opencms/uk/magazine/article?title=a-dramatic-match-between-tottenham-and-chelsea HTTP/1.1" 200 94874
178.25.244.194 - - [07/Mar/2025:00:18:13 +0100] "GET /ticket2/opencms/dk/dk/buy/?page=1&edid=0423F886-7646-C776-7223-998CA06B03B8 HTTP/1.1" 404 -
144.91.104.134 - - [07/Mar/2025:00:18:13 +0100] "GET /ticket2/opencms/se/nl/buy/?page=1&edid=D18990C0-6266-CECC-2F28-27D4A5841172&sortorder=asc&column=row HTTP/1.1" 404 -
47.128.125.114 - - [07/Mar/2025:00:18:16 +0100] "GET /ticket2/opencms/es/buy?edid=1B0FD2CF-7989-14DE-F7CF-3A2E39F20BD8 HTTP/1.1" 200 91525
35.95.253.101 - - [07/Mar/2025:00:18:16 +0100] "GET /ticket2/opencms/az/sport/futbol-biletleri/serie-a HTTP/1.1" 200 103934
114.119.151.50 - - [07/Mar/2025:00:18:16 +0100] "GET /ticket2/opencms/en/venue/?venueid=DABDC4D6-A186-DAE6-C644-5DB9CB011EEC HTTP/1.1" 200 85514
95.217.114.173 - - [07/Mar/2025:00:18:18 +0100] "GET /ticket2/opencms/en/sell/?edid=5D92CAEC-1B75-AA27-248E-8A5AD0B226E7 HTTP/1.1" 302 -
144.91.104.134 - - [07/Mar/2025:00:18:18 +0100] "GET /ticket2/opencms/se/nl/buy/?page=1&edid=D77508F6-9331-A006-851B-5A867CA79BF7&sortorder=asc&column=row HTTP/1.1" 404 -
185.191.171.12 - - [07/Mar/2025:00:18:18 +0100] "GET /ticket2/opencms/hr/magazine/article?title=o-nogometnom-klubu-liverpool-fc HTTP/1.1" 200 95614
95.217.114.173 - - [07/Mar/2025:00:18:19 +0100] "GET /ticket2/opencms/en/login/?url=/en/sell/ HTTP/1.1" 200 90213
173.252.83.115 - - [07/Mar/2025:00:18:20 +0100] "GET /ticket2/opencms/de/magazine HTTP/1.1" 200 162918
178.25.244.194 - - [07/Mar/2025:00:18:21 +0100] "GET /ticket2/opencms/dk/dk/buy/?page=1&edid=0423F886-7646-C776-7223-998CA06B03B8&sortorder=desc&column=price HTTP/1.1" 404 -
85.208.96.197 - - [07/Mar/2025:00:18:21 +0100] "GET /ticket2/opencms/sites/ticketbrokerage/nl/standard/ HTTP/1.1" 404 -
62.84.178.152 - - [07/Mar/2025:00:18:22 +0100] "GET /ticket2/opencms/dk/login/?edid=266EF3DD-CC6D-8D2B-78A3-67D5640F9FA5 HTTP/1.1" 200 90576
144.91.104.134 - - [07/Mar/2025:00:18:23 +0100] "GET /ticket2/opencms/se/nl/buy/?page=1&edid=DA092D51-9FFC-84BE-97A0-4DF0E8B1E89B&sortorder=desc&column=price HTTP/1.1" 404 -
185.191.171.16 - - [07/Mar/2025:00:18:23 +0100] "GET /ticket2/opencms/fi/urheilu/jalkapallo/premier_league/brighton/ HTTP/1.1" 200 99375
144.91.104.134 - - [07/Mar/2025:00:18:28 +0100] "GET /ticket2/opencms/se/nl/buy/?page=1&edid=DA092D51-9FFC-84BE-97A0-4DF0E8B1E89B&sortorder=desc&column=row HTTP/1.1" 404 -
95.217.114.173 - - [07/Mar/2025:00:18:28 +0100] "GET /ticket2/opencms/en/sell/?edid=5E017650-7663-4F2D-580A-5B0D1BE3AB9B HTTP/1.1" 302 -
101.91.148.219 - - [07/Mar/2025:00:18:28 +0100] "GET /ticket2/opencms/ HTTP/1.1" 302 -
95.217.114.173 - - [07/Mar/2025:00:18:29 +0100] "GET /ticket2/opencms/en/login/?url=/en/sell/ HTTP/1.1" 200 90116
178.25.244.194 - - [07/Mar/2025:00:18:29 +0100] "GET /ticket2/opencms/dk/dk/buy/?page=1&edid=0423F886-7646-C776-7223-998CA06B03B8&sortorder=desc&column=section HTTP/1.1" 404 -
144.91.104.134 - - [07/Mar/2025:00:18:33 +0100] "GET /ticket2/opencms/se/nl/buy/?page=1&edid=DA092D51-9FFC-84BE-97A0-4DF0E8B1E89B&sortorder=desc&column=section HTTP/1.1" 404 -
62.84.178.152 - - [07/Mar/2025:00:18:34 +0100] "GET /ticket2/opencms/dk/login/?edid=61B6432C-543F-9F4D-29B2-8CDFAEAC544C HTTP/1.1" 200 90619
35.95.253.101 - - [07/Mar/2025:00:18:35 +0100] "GET /ticket2/opencms/az/magazine/article?title=viktor-gyokeres-sporting-den-gozlenilenden-tez-ayrila-bilermi HTTP/1.1" 200 94256
95.217.114.173 - - [07/Mar/2025:00:18:37 +0100] "GET /ticket2/opencms/en/sell/?edid=5E69DD6C-86CC-B373-9DD1-0B3B94EB7512 HTTP/1.1" 302 -
178.25.244.194 - - [07/Mar/2025:00:18:38 +0100] "GET /ticket2/opencms/dk/dk/buy/?page=1&edid=0B5745BA-B7A8-B4EB-CD0C-AFC19ED3EC86 HTTP/1.1" 404 -
95.217.114.173 - - [07/Mar/2025:00:18:38 +0100] "GET /ticket2/opencms/en/login/?url=/en/sell/ HTTP/1.1" 200 90096
144.91.104.134 - - [07/Mar/2025:00:18:38 +0100] "GET /ticket2/opencms/se/nl/buy/?page=1&edid=DBC2FDA7-391E-9027-A160-9B0C7C1D5DD1&sortorder=asc&column=price HTTP/1.1" 404 -
207.46.13.155 - - [07/Mar/2025:00:18:39 +0100] "GET /ticket2/opencms/dk/buy?page=1&edid=25666712-CB7E-CDDD-4626-F1CD96C38316 HTTP/1.1" 200 143638
114.119.133.220 - - [07/Mar/2025:00:18:41 +0100] "GET /ticket2/opencms/en/magazine/article?title=tottenham-hotspur-fc HTTP/1.1" 200 90383
62.84.178.152 - - [07/Mar/2025:00:18:42 +0100] "GET /ticket2/opencms/dk/login/?edid=6479D966-2793-7C7E-D24A-D27EA93264A1 HTTP/1.1" 200 90717
95.217.114.173 - - [07/Mar/2025:00:18:42 +0100] "GET /ticket2/opencms/en/sell/?edid=5E9AF950-B6C9-F1E1-A899-5C14154503B5 HTTP/1.1" 302 -
95.217.114.173 - - [07/Mar/2025:00:18:43 +0100] "GET /ticket2/opencms/en/login/?url=/en/sell/ HTTP/1.1" 200 90052
144.91.104.134 - - [07/Mar/2025:00:18:43 +0100] "GET /ticket2/opencms/se/nl/buy/?page=1&edid=DBC2FDA7-391E-9027-A160-9B0C7C1D5DD1&sortorder=asc&column=row HTTP/1.1" 404 -
40.77.167.60 - - [07/Mar/2025:00:18:43 +0100] "GET /ticket2/opencms/bs/buy/?page=1&edid=1E498197-A80E-41C4-F7D6-0B75E6B404DF HTTP/1.1" 200 111593
40.77.167.60 - - [07/Mar/2025:00:18:45 +0100] "GET /ticket2/opencms/ro/buy?page=1&edid=f1463ebe-6c18-cf49-b2ae-f79868bca4f5 HTTP/1.1" 200 8134
66.249.76.193 - - [07/Mar/2025:00:18:45 +0100] "GET /ticket2/opencms/lv/magazine/article?title=bukayo-ayoyinka-t-m-saka HTTP/1.1" 200 93410
178.25.244.194 - - [07/Mar/2025:00:18:45 +0100] "GET /ticket2/opencms/dk/dk/buy/?page=1&edid=0B66C0ED-F330-0E66-98ED-3B05F1580DB7&sortorder=asc&column=price HTTP/1.1" 404 -
66.249.65.235 - - [07/Mar/2025:00:18:46 +0100] "GET /ticket2/opencms/bs/magazine/article?title=dobitnik-zlatne-lopte-2024 HTTP/1.1" 200 93429
85.208.96.202 - - [07/Mar/2025:00:18:47 +0100] "GET /ticket2/opencms/sv/sport/fotbollsbiljetter/english-championship/bristol-city/ HTTP/1.1" 500 -
144.91.104.134 - - [07/Mar/2025:00:18:48 +0100] "GET /ticket2/opencms/se/nl/buy/?page=1&edid=DBC2FDA7-391E-9027-A160-9B0C7C1D5DD1&sortorder=asc&column=section HTTP/1.1" 404 -
95.217.114.173 - - [07/Mar/2025:00:18:50 +0100] "GET /ticket2/opencms/en/sell/?edid=5EB94300-43AB-F98B-AEC3-50D493888325 HTTP/1.1" 302 -
95.217.114.173 - - [07/Mar/2025:00:18:50 +0100] "GET /ticket2/opencms/en/login/?url=/en/sell/ HTTP/1.1" 200 90099
144.91.104.134 - - [07/Mar/2025:00:18:52 +0100] "GET /ticket2/opencms/se/nl/buy/?page=1&edid=DD05C9DE-F15C-D08D-1A14-2EB94D8B2931&sortorder=asc&column=price HTTP/1.1" 404 -
194.120.230.215 - - [07/Mar/2025:00:18:52 +0100] "GET /ticket2/opencms/de/cgi-bin/luci/;stok=/locale HTTP/1.1" 404 -
185.191.171.2 - - [07/Mar/2025:00:18:53 +0100] "GET /ticket2/opencms/ka/magazine/article?title=crystal-palace-premier-league-is-sauketeso-fanebi HTTP/1.1" 200 97263
178.25.244.194 - - [07/Mar/2025:00:18:53 +0100] "GET /ticket2/opencms/dk/dk/buy/?page=1&edid=0B813C59-BEEE-247A-4323-96A834637DDB&sortorder=asc&column=price HTTP/1.1" 404 -
35.95.253.101 - - [07/Mar/2025:00:18:56 +0100] "GET /ticket2/opencms/az/sport/futbol-biletleri/la-liga HTTP/1.1" 200 104199
62.84.178.152 - - [07/Mar/2025:00:18:56 +0100] "GET /ticket2/opencms/dk/login/?edid=D31DCA81-F017-5EBA-3840-CF6BDC685B59 HTTP/1.1" 200 90702
47.128.48.102 - - [07/Mar/2025:00:18:57 +0100] "GET /ticket2/opencms/sl/buy/?edid=E776A00C-D3F1-2828-91C2-D234EAF400D2 HTTP/1.1" 200 91595
144.91.104.134 - - [07/Mar/2025:00:18:57 +0100] "GET /ticket2/opencms/se/nl/buy/?page=1&edid=DD05C9DE-F15C-D08D-1A14-2EB94D8B2931&sortorder=asc&column=row HTTP/1.1" 404 -
20.171.207.125 - - [07/Mar/2025:00:18:57 +0100] "GET /ticket2/opencms/be/sport/futbol-kvitki/ligue-1 HTTP/1.1" 500 -
95.217.114.173 - - [07/Mar/2025:00:18:58 +0100] "GET /ticket2/opencms/en/sell/?edid=5EBD2CAF-0480-558F-38B0-42EFEC65C121 HTTP/1.1" 302 -
95.217.114.173 - - [07/Mar/2025:00:18:59 +0100] "GET /ticket2/opencms/en/login/?url=/en/sell/ HTTP/1.1" 200 90157
178.25.244.194 - - [07/Mar/2025:00:19:01 +0100] "GET /ticket2/opencms/dk/dk/buy/?page=1&edid=0D33199C-853B-C4DC-F1E2-6CF75BE0B211&sortorder=desc&column=row HTTP/1.1" 404 -
114.119.143.233 - - [07/Mar/2025:00:19:01 +0100] "GET /ticket2/opencms/ka/buy?page=1&=2623FB3F-281B-22C8-3425-BF900A46AC08 HTTP/1.1" 200 -
144.91.104.134 - - [07/Mar/2025:00:19:02 +0100] "GET /ticket2/opencms/se/nl/buy/?page=1&edid=DD05C9DE-F15C-D08D-1A14-2EB94D8B2931&sortorder=asc&column=section HTTP/1.1" 404 -
52.167.144.184 - - [07/Mar/2025:00:19:02 +0100] "GET /ticket2/opencms/uk/buy/?page=1&edid=A85AAD81-C23E-3428-F159-8CE3E0081F64 HTTP/1.1" 200 114348
52.167.144.184 - - [07/Mar/2025:00:19:03 +0100] "GET /ticket2/opencms/et/buy/?page=1&edid=8BEEB024-CB83-C40D-AA61-927B0F84198E HTTP/1.1" 200 111664
173.252.83.12 - - [07/Mar/2025:00:19:04 +0100] "GET /ticket2/opencms/sk/buy/?page=1&edid=D96122AD-C3AA-80F5-DDA8-935E03AE952D HTTP/1.1" 200 135044
144.91.104.134 - - [07/Mar/2025:00:19:06 +0100] "GET /ticket2/opencms/se/nl/buy/?page=1&edid=DEB9D183-E9D1-B6AD-28F4-03F3EA049231&sortorder=asc&column=row HTTP/1.1" 404 -
85.208.96.194 - - [07/Mar/2025:00:19:06 +0100] "GET /ticket2/opencms/be/buying_tickets HTTP/1.1" 200 89940
85.208.96.208 - - [07/Mar/2025:00:19:08 +0100] "GET /ticket2/opencms/no/sport/fotballsbilletter/bundesliga/bayern-munchen/ HTTP/1.1" 200 98440
95.217.114.173 - - [07/Mar/2025:00:19:09 +0100] "GET /ticket2/opencms/en/sell/?edid=5EE0D386-F861-75BA-14A4-13769997B248 HTTP/1.1" 302 -
178.25.244.194 - - [07/Mar/2025:00:19:09 +0100] "GET /ticket2/opencms/dk/dk/buy/?page=1&edid=124C2DD7-891F-4D2C-5E7B-358410DB99F6&sortorder=asc&column=row HTTP/1.1" 404 -
95.217.114.173 - - [07/Mar/2025:00:19:10 +0100] "GET /ticket2/opencms/en/login/?url=/en/sell/ HTTP/1.1" 200 90154
62.84.178.152 - - [07/Mar/2025:00:19:10 +0100] "GET /ticket2/opencms/en/buy/?page=1&edid=3BF089D2-CA6A-D5BF-ED58-5522099ECEE1&sortorder=asc&column=price HTTP/1.1" 200 110471
144.91.104.134 - - [07/Mar/2025:00:19:11 +0100] "GET /ticket2/opencms/se/nl/buy/?page=1&edid=DEB9D183-E9D1-B6AD-28F4-03F3EA049231&sortorder=desc&column=row HTTP/1.1" 404 -
114.119.132.9 - - [07/Mar/2025:00:19:12 +0100] "GET /ticket2/opencms/fr/magazine/article?title=liverpool-contre-tottenham HTTP/1.1" 200 92326
185.191.171.1 - - [07/Mar/2025:00:19:14 +0100] "GET /ticket2/opencms/robots.txt HTTP/1.1" 200 773
185.191.171.10 - - [07/Mar/2025:00:19:15 +0100] "GET /ticket2/opencms/ka/magazine/article?title=manchester-city-7-matchi-gareshe-mogebis HTTP/1.1" 200 97299
144.91.104.134 - - [07/Mar/2025:00:19:16 +0100] "GET /ticket2/opencms/se/nl/buy/?page=1&edid=DF615F8C-8ACA-64F7-2E7F-C0B5F6927A2E&sortorder=desc&column=price HTTP/1.1" 404 -
178.25.244.194 - - [07/Mar/2025:00:19:16 +0100] "GET /ticket2/opencms/dk/dk/buy/?page=1&edid=1262C5E9-4459-6D63-F273-010CB7E37FF2&sortorder=asc&column=price HTTP/1.1" 404 -
35.95.253.101 - - [07/Mar/2025:00:19:17 +0100] "GET /ticket2/opencms/az/login HTTP/1.1" 200 91985
85.208.96.198 - - [07/Mar/2025:00:19:20 +0100] "GET /ticket2/opencms/de/sport/fussball-tickets/english-championship/ HTTP/1.1" 200 107246
144.91.104.134 - - [07/Mar/2025:00:19:20 +0100] "GET /ticket2/opencms/se/nl/buy/?page=1&edid=DF615F8C-8ACA-64F7-2E7F-C0B5F6927A2E&sortorder=desc&column=row HTTP/1.1" 404 -
95.217.114.173 - - [07/Mar/2025:00:19:21 +0100] "GET /ticket2/opencms/en/sell/?edid=5FE5E603-3E0B-A7DE-AC88-0C08078B3810 HTTP/1.1" 302 -
185.191.171.14 - - [07/Mar/2025:00:19:21 +0100] "GET /ticket2/opencms/it/magazine/article?title=lelenco-dei-nominati-al-pallone-doro HTTP/1.1" 200 94913
95.217.114.173 - - [07/Mar/2025:00:19:21 +0100] "GET /ticket2/opencms/en/login/?url=/en/sell/ HTTP/1.1" 200 90093
62.84.178.152 - - [07/Mar/2025:00:19:22 +0100] "GET /ticket2/opencms/en/buy/?page=1&edid=3F110F0C-E1EC-6A54-956B-ED3BBFFE0B12&sortorder=asc&column=price HTTP/1.1" 200 107709
185.191.171.4 - - [07/Mar/2025:00:19:22 +0100] "GET /ticket2/opencms/bg/magazine/article?title=bukajo-ajojinka-t-m-saka HTTP/1.1" 200 95825
178.25.244.194 - - [07/Mar/2025:00:19:24 +0100] "GET /ticket2/opencms/dk/dk/buy/?page=1&edid=47D4702F-48AA-DF69-B934-17BA6AAC0460&sortorder=desc&column=row HTTP/1.1" 404 -
144.91.104.134 - - [07/Mar/2025:00:19:25 +0100] "GET /ticket2/opencms/se/nl/buy/?page=1&edid=DFA8226D-664D-86EA-6CA6-3048A4D1FA69&sortorder=asc&column=row HTTP/1.1" 404 -
47.128.116.233 - - [07/Mar/2025:00:19:26 +0100] "GET /ticket2/opencms/nl/buy?page=1&edid=BE6ABBE8-6DAC-6741-AA1A-CEB7A9B0DCF0 HTTP/1.1" 200 110062
158.220.123.227 - - [07/Mar/2025:00:19:27 +0100] "GET /ticket2/opencms/en/login/?edid=380A647D-D09F-827D-7B94-EB033087B198 HTTP/1.1" 200 90183
95.217.114.173 - - [07/Mar/2025:00:19:27 +0100] "GET /ticket2/opencms/en/sell/?edid=6013960B-6822-2E35-1FA5-E8D66CD59F68 HTTP/1.1" 302 -
47.128.116.233 - - [07/Mar/2025:00:19:28 +0100] "GET /ticket2/opencms/nl/ask-form.html HTTP/1.1" 200 3015
95.217.114.173 - - [07/Mar/2025:00:19:28 +0100] "GET /ticket2/opencms/en/login/?url=/en/sell/ HTTP/1.1" 200 90122
144.91.104.134 - - [07/Mar/2025:00:19:30 +0100] "GET /ticket2/opencms/se/nl/buy/?page=1&edid=DFFF3F7B-826C-1C0C-972C-8A839BCE5D67&sortorder=asc&column=price HTTP/1.1" 404 -
62.84.178.152 - - [07/Mar/2025:00:19:30 +0100] "GET /ticket2/opencms/en/buy/?page=1&edid=3FCB9CEE-895D-725D-7D14-8EF1B7703A64&sortorder=asc&column=row HTTP/1.1" 200 109745
178.25.244.194 - - [07/Mar/2025:00:19:31 +0100] "GET /ticket2/opencms/dk/dk/buy/?page=1&edid=7E90DBCD-60B3-BF23-76BE-90EE3E78CAC8&sortorder=asc&column=row HTTP/1.1" 404 -
158.220.123.227 - - [07/Mar/2025:00:19:31 +0100] "GET /ticket2/opencms/en/login/?edid=39E08466-3157-8796-4667-43E78BDCCF55 HTTP/1.1" 200 90150
154.54.249.216 - - [07/Mar/2025:00:19:32 +0100] "GET /ticket2/opencms/mk/buy?page=6&comcatid=A17713B6-D984-201A-4143-ED4DB5ED5C2E&catid=82F804FA-9F69-CB6B-D41D-7BF7C716058B&eventid=52936B83-375A-A2F0-9D1E-378B47CF585E HTTP/1.1" 404 -
40.77.167.60 - - [07/Mar/2025:00:19:32 +0100] "GET /ticket2/opencms/lt/buy?page=1&edid=1451D7F8-73F8-CDFB-097A-1DC5AB9EA78D HTTP/1.1" 200 111937
40.77.167.60 - - [07/Mar/2025:00:19:34 +0100] "GET /ticket2/opencms/sr/buy/?page=1&edid=EFAC700B-CCC4-CF29-BB13-3CFA97BE8CAA HTTP/1.1" 200 112712
144.91.104.134 - - [07/Mar/2025:00:19:34 +0100] "GET /ticket2/opencms/se/nl/buy/?page=1&edid=E06EFED9-CC5A-5F98-262D-6C2F7A4149DA HTTP/1.1" 404 -
40.77.167.60 - - [07/Mar/2025:00:19:35 +0100] "GET /ticket2/opencms/be/buy/?page=1&edid=871D7AC8-C2FD-89A7-A9D7-71A8AD06F3BB HTTP/1.1" 200 110871
95.217.114.173 - - [07/Mar/2025:00:19:36 +0100] "GET /ticket2/opencms/en/sell/?edid=6018B583-E8C8-6E96-F165-DFDD897381E6 HTTP/1.1" 302 -
40.77.167.60 - - [07/Mar/2025:00:19:36 +0100] "GET /ticket2/opencms/cs/buy?page=1&edid=A2DDA4E4-44CC-604A-D0E5-6CFEACA7D15C HTTP/1.1" 200 112393
158.220.123.227 - - [07/Mar/2025:00:19:36 +0100] "GET /ticket2/opencms/en/login/?edid=3A85009F-4B19-76F7-2AAC-B26C4616B175 HTTP/1.1" 200 90140
114.119.151.93 - - [07/Mar/2025:00:19:37 +0100] "GET /ticket2/opencms/it/buy?page=1&edid=F6EE5063-B91C-530F-6451-D3ADF6F7C5D5 HTTP/1.1" 200 108361
95.217.114.173 - - [07/Mar/2025:00:19:37 +0100] "GET /ticket2/opencms/en/login/?url=/en/sell/ HTTP/1.1" 200 90062
35.95.253.101 - - [07/Mar/2025:00:19:38 +0100] "GET /ticket2/opencms/bs/sport/fudbalske-karte/premier-league/liverpool HTTP/1.1" 200 95025
62.84.178.152 - - [07/Mar/2025:00:19:38 +0100] "GET /ticket2/opencms/en/buy/?page=1&edid=3FCB9CEE-895D-725D-7D14-8EF1B7703A64&sortorder=asc&column=section HTTP/1.1" 200 109954
178.25.244.194 - - [07/Mar/2025:00:19:38 +0100] "GET /ticket2/opencms/dk/dk/buy/?page=1&edid=7E9AB165-1BAA-5369-C1B0-32A4E5979FAC&sortorder=asc&column=row HTTP/1.1" 404 -
144.91.104.134 - - [07/Mar/2025:00:19:39 +0100] "GET /ticket2/opencms/se/nl/buy/?page=1&edid=E06EFED9-CC5A-5F98-262D-6C2F7A4149DA&sortorder=asc&column=section HTTP/1.1" 404 -
158.220.123.227 - - [07/Mar/2025:00:19:41 +0100] "GET /ticket2/opencms/en/login/?edid=3A964659-3C4E-1817-B8A9-9E7BABEABD62 HTTP/1.1" 200 90054
185.191.171.6 - - [07/Mar/2025:00:19:41 +0100] "GET /ticket2/opencms/no/magazine/article?title=em-stjernene-som-googles-mest-og-storst-pa-instagram HTTP/1.1" 200 95929
47.128.34.204 - - [07/Mar/2025:00:19:43 +0100] "GET /ticket2/opencms/mt/magazine/article?title=erling-braut-haaland HTTP/1.1" 200 93470
95.217.114.173 - - [07/Mar/2025:00:19:43 +0100] "GET /ticket2/opencms/en/sell/?edid=60532372-36DE-90FC-6B04-5789BEA27CC4 HTTP/1.1" 302 -
144.91.104.134 - - [07/Mar/2025:00:19:44 +0100] "GET /ticket2/opencms/se/nl/buy/?page=1&edid=E105CC99-C590-CA5D-D12C-4CC2C60C2228 HTTP/1.1" 404 -
95.217.114.173 - - [07/Mar/2025:00:19:44 +0100] "GET /ticket2/opencms/en/login/?url=/en/sell/ HTTP/1.1" 200 90116
178.25.244.194 - - [07/Mar/2025:00:19:45 +0100] "GET /ticket2/opencms/dk/dk/buy/?page=1&edid=7EF10304-98E0-2B58-2938-76F08ACE3694&sortorder=desc&column=section HTTP/1.1" 404 -
47.128.34.204 - - [07/Mar/2025:00:19:45 +0100] "GET /ticket2/opencms/img/insta.png HTTP/1.1" 200 3967
47.128.34.204 - - [07/Mar/2025:00:19:46 +0100] "GET /ticket2/opencms/img/fb.png HTTP/1.1" 200 1269
158.220.123.227 - - [07/Mar/2025:00:19:47 +0100] "GET /ticket2/opencms/en/login/?edid=3ABCD2CC-EEE0-163E-8DDC-DF6EBD676ECA HTTP/1.1" 200 90060
144.91.104.134 - - [07/Mar/2025:00:19:48 +0100] "GET /ticket2/opencms/se/nl/buy/?page=1&edid=E15668F5-4E3A-1346-EBDC-91E9E224E763&sortorder=asc&column=row HTTP/1.1" 404 -
62.84.178.152 - - [07/Mar/2025:00:19:51 +0100] "GET /ticket2/opencms/en/buy/?page=1&edid=42D97426-3920-B9DC-22B4-7C28830E70FE&sortorder=desc&column=row HTTP/1.1" 200 110875
158.220.123.227 - - [07/Mar/2025:00:19:51 +0100] "GET /ticket2/opencms/en/login/?edid=3AC97E7E-AB64-429B-0C32-1ED0C30F900D HTTP/1.1" 200 90096
114.119.130.178 - - [07/Mar/2025:00:19:52 +0100] "GET /ticket2/opencms/en/venue/?venueid=A35B1156-C0A4-574B-42E0-C7D72E4651E0 HTTP/1.1" 200 85326
95.217.114.173 - - [07/Mar/2025:00:19:52 +0100] "GET /ticket2/opencms/en/sell/?edid=605FFB59-B0A0-6FF9-1085-4D21E4FFCE4D HTTP/1.1" 302 -
95.217.114.173 - - [07/Mar/2025:00:19:53 +0100] "GET /ticket2/opencms/en/login/?url=/en/sell/ HTTP/1.1" 200 90183
144.91.104.134 - - [07/Mar/2025:00:19:53 +0100] "GET /ticket2/opencms/se/nl/buy/?page=1&edid=E15668F5-4E3A-1346-EBDC-91E9E224E763&sortorder=asc&column=section HTTP/1.1" 404 -
178.25.244.194 - - [07/Mar/2025:00:19:57 +0100] "GET /ticket2/opencms/dk/dk/buy/?page=1&edid=8A35DA3C-1B64-C141-2948-F6ECF20D5CB1&sortorder=asc&column=row HTTP/1.1" 404 -
20.171.207.125 - - [07/Mar/2025:00:19:58 +0100] "GET /ticket2/opencms/is/sport/fotbolti/fa-cup HTTP/1.1" 404 -
144.91.104.134 - - [07/Mar/2025:00:19:58 +0100] "GET /ticket2/opencms/se/nl/buy/?page=1&edid=F8640281-A10A-8FAC-4D72-6086A5F51411&sortorder=asc&column=section HTTP/1.1" 404 -
158.220.123.227 - - [07/Mar/2025:00:19:58 +0100] "GET /ticket2/opencms/en/login/?edid=3CCBCD1A-AF19-2EC7-51AF-1D6AF3F1217A HTTP/1.1" 200 90065
35.95.253.101 - - [07/Mar/2025:00:19:59 +0100] "GET /ticket2/opencms/es/ HTTP/1.1" 200 105614
62.84.178.152 - - [07/Mar/2025:00:19:59 +0100] "GET /ticket2/opencms/en/buy/?page=1&edid=45F55A9B-C56E-3C99-BE60-88DE2E329DDD&sortorder=asc&column=price HTTP/1.1" 200 111499
95.217.114.173 - - [07/Mar/2025:00:20:01 +0100] "GET /ticket2/opencms/en/sell/?edid=60633A18-9CD3-C032-B645-6186B807E89A HTTP/1.1" 302 -
95.217.114.173 - - [07/Mar/2025:00:20:02 +0100] "GET /ticket2/opencms/en/login/?url=/en/sell/ HTTP/1.1" 200 90082
144.91.104.134 - - [07/Mar/2025:00:20:03 +0100] "GET /ticket2/opencms/se/nl/buy/?page=1&edid=F89531C8-4A96-11DC-6D3B-F3218921184A&sortorder=asc&column=row HTTP/1.1" 404 -
178.25.244.194 - - [07/Mar/2025:00:20:04 +0100] "GET /ticket2/opencms/dk/dk/buy/?page=1&edid=8A6B520F-DEB7-C806-A39E-AE10718A1558&sortorder=asc&column=section HTTP/1.1" 404 -
