158.220.123.227 - - [07/Mar/2025:00:20:05 +0100] "GET /ticket2/opencms/en/login/?edid=3D5B375E-E3C1-ED96-5ADC-E32F0024FBA0 HTTP/1.1" 200 90071
95.217.114.173 - - [07/Mar/2025:00:20:06 +0100] "GET /ticket2/opencms/en/sell/?edid=6144D2E2-A89E-6984-1B3A-F23A284C729C HTTP/1.1" 302 -
95.217.114.173 - - [07/Mar/2025:00:20:07 +0100] "GET /ticket2/opencms/en/login/?url=/en/sell/ HTTP/1.1" 200 90098
144.91.104.134 - - [07/Mar/2025:00:20:07 +0100] "GET /ticket2/opencms/se/nl/buy/?page=1&edid=F89531C8-4A96-11DC-6D3B-F3218921184A&sortorder=asc&column=section HTTP/1.1" 404 -
52.167.144.17 - - [07/Mar/2025:00:20:07 +0100] "GET /ticket2/opencms/en/buy/?page=1&edid=ECB750BA-3B9C-45FE-A2D8-226EEBCA91A8 HTTP/1.1" 200 106858
62.84.178.152 - - [07/Mar/2025:00:20:09 +0100] "GET /ticket2/opencms/en/buy/?page=1&edid=45F55A9B-C56E-3C99-BE60-88DE2E329DDD&sortorder=asc&column=row HTTP/1.1" 200 111394
205.210.31.194 - - [07/Mar/2025:00:20:10 +0100] "GET / HTTP/1.1" 404 -
158.220.123.227 - - [07/Mar/2025:00:20:10 +0100] "GET /ticket2/opencms/en/login/?edid=3D8F79F4-A4D7-A330-BF52-9DC53BC71CBE HTTP/1.1" 200 90083
178.25.244.194 - - [07/Mar/2025:00:20:10 +0100] "GET /ticket2/opencms/dk/dk/buy/?page=1&edid=9A69C26B-D767-96B2-1BE8-FB9B1C38C21B&sortorder=asc&column=row HTTP/1.1" 404 -
114.119.159.129 - - [07/Mar/2025:00:20:11 +0100] "GET /ticket2/opencms/fr/magazine/article?title=jurgen-klopp-quitte-liverpool-une-histoire-de-succes-a-anfield HTTP/1.1" 200 96837
95.217.114.173 - - [07/Mar/2025:00:20:12 +0100] "GET /ticket2/opencms/en/sell/?edid=616E0307-EF5A-C0BC-E2E4-858595D5400D HTTP/1.1" 302 -
144.91.104.134 - - [07/Mar/2025:00:20:12 +0100] "GET /ticket2/opencms/se/nl/buy/?page=1&edid=F8A58921-37D9-5DD3-7954-6ED3B358CB7A&sortorder=asc&column=section HTTP/1.1" 404 -
95.217.114.173 - - [07/Mar/2025:00:20:13 +0100] "GET /ticket2/opencms/en/login/?url=/en/sell/ HTTP/1.1" 200 90071
158.220.123.227 - - [07/Mar/2025:00:20:16 +0100] "GET /ticket2/opencms/en/login/?edid=3F4FC93E-B58B-AFDB-9F81-9C44D796F9DD HTTP/1.1" 200 90135
114.119.130.154 - - [07/Mar/2025:00:20:17 +0100] "GET /ticket2/opencms/hy/buy?page=1&edid=1376AEC9-0709-1A7E-51D7-A32A604094A0 HTTP/1.1" 404 -
144.91.104.134 - - [07/Mar/2025:00:20:17 +0100] "GET /ticket2/opencms/se/nl/buy/?page=1&edid=F8C63DF8-590C-CC78-749C-C6B01C8C3C13&sortorder=desc&column=price HTTP/1.1" 404 -
178.25.244.194 - - [07/Mar/2025:00:20:17 +0100] "GET /ticket2/opencms/dk/dk/buy/?page=1&edid=9A69C26B-D767-96B2-1BE8-FB9B1C38C21B&sortorder=asc&column=section HTTP/1.1" 404 -
62.84.178.152 - - [07/Mar/2025:00:20:18 +0100] "GET /ticket2/opencms/en/buy/?page=1&edid=45F55A9B-C56E-3C99-BE60-88DE2E329DDD&sortorder=asc&column=section HTTP/1.1" 200 111529
35.95.253.101 - - [07/Mar/2025:00:20:19 +0100] "GET /ticket2/opencms/en/buy/?page=1&edid=68B485F7-9483-6E4F-656D-602EE2AC621D HTTP/1.1" 200 134217
95.217.114.173 - - [07/Mar/2025:00:20:20 +0100] "GET /ticket2/opencms/en/sell/?edid=61AE6F92-4A88-67E8-9BF8-46C7B62812CA HTTP/1.1" 302 -
185.191.171.1 - - [07/Mar/2025:00:20:21 +0100] "GET /ticket2/opencms/no/magazine/article?title=joao-palhinha-til-bayern-munchen-en-ny-midtbanekraft-ankommer-til-allianz-arena HTTP/1.1" 200 95580
102.129.130.69 - - [07/Mar/2025:00:20:21 +0100] "GET /ticket2/opencms/be/buy/ HTTP/1.1" 200 91242
95.217.114.173 - - [07/Mar/2025:00:20:21 +0100] "GET /ticket2/opencms/en/login/?url=/en/sell/ HTTP/1.1" 200 90115
144.91.104.134 - - [07/Mar/2025:00:20:21 +0100] "GET /ticket2/opencms/se/nl/buy/?page=1&edid=F9FF1A93-E063-30B5-D018-721B7BF05409&sortorder=desc&column=price HTTP/1.1" 404 -
158.220.123.227 - - [07/Mar/2025:00:20:22 +0100] "GET /ticket2/opencms/en/login/?edid=41EE762F-68F4-4C3F-C22D-C71709AB3AF2 HTTP/1.1" 200 90070
85.208.96.195 - - [07/Mar/2025:00:20:22 +0100] "GET /ticket2/opencms/pl/sport/bilety-futbol/serie-a/frosinone/ HTTP/1.1" 500 -
178.25.244.194 - - [07/Mar/2025:00:20:23 +0100] "GET /ticket2/opencms/dk/dk/buy/?page=1&edid=9A69C26B-D767-96B2-1BE8-FB9B1C38C21B&sortorder=desc&column=row HTTP/1.1" 404 -
173.252.107.20 - - [07/Mar/2025:00:20:25 +0100] "GET /ticket2/opencms/mo/buy/?page=1&edid=F6B52729-D385-1BA8-C061-8869A2499C82 HTTP/1.1" 200 108740
114.119.130.91 - - [07/Mar/2025:00:20:26 +0100] "GET /ticket2/opencms/en/magazine/article?title=maximilian-ibrahimovic-signs-for-ac-milans-second-team HTTP/1.1" 200 93342
144.91.104.134 - - [07/Mar/2025:00:20:26 +0100] "GET /ticket2/opencms/se/nl/buy/?page=1&edid=FA1D4F5B-4CE2-C9D1-B78A-CD1BF177B4FA&sortorder=asc&column=price HTTP/1.1" 404 -
62.84.178.152 - - [07/Mar/2025:00:20:26 +0100] "GET /ticket2/opencms/en/buy/?page=1&edid=45F55A9B-C56E-3C99-BE60-88DE2E329DDD&sortorder=desc&column=price HTTP/1.1" 200 111400
194.120.230.215 - - [07/Mar/2025:00:20:26 +0100] "GET /cgi-bin/luci/;stok=/locale HTTP/1.1" 404 -
158.220.123.227 - - [07/Mar/2025:00:20:30 +0100] "GET /ticket2/opencms/en/login/?edid=4610EA55-7476-6CBC-A47D-8EF333C01165 HTTP/1.1" 200 90086
66.249.65.195 - - [07/Mar/2025:00:20:30 +0100] "GET /ticket2/opencms/en/magazine/article?title=bergvall-and-kulusevski-impress HTTP/1.1" 200 92652
178.25.244.194 - - [07/Mar/2025:00:20:30 +0100] "GET /ticket2/opencms/dk/dk/buy/?page=1&edid=9D9F75F2-1C85-5AEE-0B71-545915B49E49&sortorder=asc&column=price HTTP/1.1" 404 -
144.91.104.134 - - [07/Mar/2025:00:20:31 +0100] "GET /ticket2/opencms/se/nl/buy/?page=1&edid=FA1D4F5B-4CE2-C9D1-B78A-CD1BF177B4FA&sortorder=asc&column=row HTTP/1.1" 404 -
40.77.167.60 - - [07/Mar/2025:00:20:31 +0100] "GET /ticket2/opencms/uk/buy/?page=1&edid=968A8F10-9514-4104-D078-D446E43D04F7 HTTP/1.1" 200 110906
95.217.114.173 - - [07/Mar/2025:00:20:32 +0100] "GET /ticket2/opencms/en/sell/?edid=62370AB9-0CBA-CC14-E7E4-93595D77D918 HTTP/1.1" 302 -
95.217.114.173 - - [07/Mar/2025:00:20:32 +0100] "GET /ticket2/opencms/en/login/?url=/en/sell/ HTTP/1.1" 200 90117
85.208.96.203 - - [07/Mar/2025:00:20:34 +0100] "GET /ticket2/opencms/ro/magazine/article?title=lionel-messi-unul-dintre-cei-mai-ravniti-talente-din-toate-timpurile HTTP/1.1" 200 94247
144.91.104.134 - - [07/Mar/2025:00:20:36 +0100] "GET /ticket2/opencms/se/nl/buy/?page=1&edid=FA1D4F5B-4CE2-C9D1-B78A-CD1BF177B4FA&sortorder=asc&column=section HTTP/1.1" 404 -
178.25.244.194 - - [07/Mar/2025:00:20:37 +0100] "GET /ticket2/opencms/dk/dk/buy/?page=1&edid=9F1D73C2-BE00-2D9C-AC75-8DF7045354B9&sortorder=asc&column=section HTTP/1.1" 404 -
62.84.178.152 - - [07/Mar/2025:00:20:37 +0100] "GET /ticket2/opencms/en/buy/?page=1&edid=64D27571-56AC-6DBD-97C1-AA8F4E5FC92F&sortorder=asc&column=price HTTP/1.1" 200 110325
185.191.171.18 - - [07/Mar/2025:00:20:37 +0100] "GET /ticket2/opencms/de/sport/fussball-tickets/bundesliga/ HTTP/1.1" 200 103482
95.217.114.173 - - [07/Mar/2025:00:20:39 +0100] "GET /ticket2/opencms/en/sell/?edid=62562217-76BA-D78D-2133-BC27A23FFCB8 HTTP/1.1" 302 -
158.220.123.227 - - [07/Mar/2025:00:20:40 +0100] "GET /ticket2/opencms/en/login/?edid=47C5221C-D928-A354-3BAB-DBCEA1F436C4 HTTP/1.1" 200 90109
95.217.114.173 - - [07/Mar/2025:00:20:40 +0100] "GET /ticket2/opencms/en/login/?url=/en/sell/ HTTP/1.1" 200 90180
144.91.104.134 - - [07/Mar/2025:00:20:40 +0100] "GET /ticket2/opencms/se/nl/buy/?page=1&edid=FA1D4F5B-4CE2-C9D1-B78A-CD1BF177B4FA&sortorder=desc&column=price HTTP/1.1" 404 -
40.77.167.243 - - [07/Mar/2025:00:20:42 +0100] "GET /ticket2/opencms/en/buy/?page=1&edid=D7FE07F1-D4FC-0C39-061A-DD5EA0B3D8F5 HTTP/1.1" 200 108931
31.209.52.224 - - [07/Mar/2025:00:20:43 +0100] "GET /ticket2/opencms/sv/sport/fotbollsbiljetter/fa_cup/?gad_source=1&gclid=CjwKCAiArKW-BhAzEiwAZhWsIMhlKDDO1-EJb4r4M67Kn4kX1ZuAik3-A__MzalCONt8MtNaNieHbhoCgooQAvD_BwE HTTP/1.1" 200 89365
31.209.52.224 - - [07/Mar/2025:00:20:43 +0100] "GET /ticket2/opencms/system/modules/com.gridnine.opencms.ticketbrokerage.site/resources/css/ticketbrokerage.css HTTP/1.1" 200 39339
31.209.52.224 - - [07/Mar/2025:00:20:43 +0100] "GET /ticket2/opencms/system/modules/com.gridnine.opencms.ticketbrokerage.site/resources/css/calendar.css HTTP/1.1" 200 6871
31.209.52.224 - - [07/Mar/2025:00:20:43 +0100] "GET /ticket2/opencms/system/modules/com.gridnine.opencms.ticketbrokerage.site/resources/js/jquery/jquery.js HTTP/1.1" 200 93868
31.209.52.224 - - [07/Mar/2025:00:20:43 +0100] "GET /ticket2/opencms/system/modules/com.gridnine.opencms.ticketbrokerage.site/resources/css/jquery.fancybox.css HTTP/1.1" 200 4939
31.209.52.224 - - [07/Mar/2025:00:20:43 +0100] "GET /ticket2/opencms/system/modules/com.gridnine.opencms.ticketbrokerage.site/resources/css/jquery-ui.css HTTP/1.1" 200 33221
31.209.52.224 - - [07/Mar/2025:00:20:43 +0100] "GET /ticket2/opencms/system/modules/com.gridnine.opencms.ticketbrokerage.site/resources/js/jquery/jquery-ui.js HTTP/1.1" 200 228088
31.209.52.224 - - [07/Mar/2025:00:20:43 +0100] "GET /ticket2/opencms/system/modules/com.gridnine.opencms.ticketbrokerage.site/resources/css/standard.css HTTP/1.1" 200 74449
31.209.52.224 - - [07/Mar/2025:00:20:43 +0100] "GET /ticket2/opencms/system/modules/com.gridnine.opencms.ticketbrokerage.site/resources/js/functions.js HTTP/1.1" 200 1583
31.209.52.224 - - [07/Mar/2025:00:20:43 +0100] "GET /ticket2/opencms/system/modules/com.gridnine.opencms.ticketbrokerage.site/resources/js/calendar.js HTTP/1.1" 200 49229
31.209.52.224 - - [07/Mar/2025:00:20:43 +0100] "GET /ticket2/opencms/system/modules/com.gridnine.opencms.ticketbrokerage.site/resources/js/calendar-en.js HTTP/1.1" 200 3338
31.209.52.224 - - [07/Mar/2025:00:20:43 +0100] "GET /ticket2/opencms/system/modules/com.gridnine.opencms.ticketbrokerage.site/resources/js/calendar-setup.js HTTP/1.1" 200 4923
31.209.52.224 - - [07/Mar/2025:00:20:43 +0100] "GET /ticket2/opencms/system/modules/com.gridnine.opencms.ticketbrokerage.site/resources/js/jquery.fancybox.pack.js HTTP/1.1" 200 23187
31.209.52.224 - - [07/Mar/2025:00:20:43 +0100] "GET /ticket2/opencms/system/modules/com.gridnine.opencms.ticketbrokerage.site/resources/js/stickyfill.min.js HTTP/1.1" 200 5672
31.209.52.224 - - [07/Mar/2025:00:20:43 +0100] "GET /ticket2/opencms/img/icons/en.png HTTP/1.1" 200 2415
178.25.244.194 - - [07/Mar/2025:00:20:43 +0100] "GET /ticket2/opencms/dk/dk/buy/?page=1&edid=9F1D73C2-BE00-2D9C-AC75-8DF7045354B9&sortorder=desc&column=section HTTP/1.1" 404 -
31.209.52.224 - - [07/Mar/2025:00:20:43 +0100] "GET /ticket2/opencms/system/modules/com.gridnine.opencms.ticketbrokerage.site/resources/js/standard.js HTTP/1.1" 200 3983
31.209.52.224 - - [07/Mar/2025:00:20:43 +0100] "GET /ticket2/opencms/system/modules/com.gridnine.opencms.ticketbrokerage.site/resources/js/common-ajax.js HTTP/1.1" 200 20175
31.209.52.224 - - [07/Mar/2025:00:20:43 +0100] "GET /ticket2/opencms/system/modules/com.gridnine.opencms.ticketbrokerage.site/resources/js/jquery.placeholder.min.js HTTP/1.1" 200 1737
31.209.52.224 - - [07/Mar/2025:00:20:43 +0100] "GET /ticket2/opencms/img/icons/se.png HTTP/1.1" 200 1258
31.209.52.224 - - [07/Mar/2025:00:20:43 +0100] "GET /ticket2/opencms/img/insta.png HTTP/1.1" 200 3967
31.209.52.224 - - [07/Mar/2025:00:20:43 +0100] "GET /ticket2/opencms/system/modules/com.gridnine.opencms.ticketbrokerage.site/resources/pics/logo-new.png HTTP/1.1" 200 13541
31.209.52.224 - - [07/Mar/2025:00:20:43 +0100] "GET /ticket2/opencms/img/fb.png HTTP/1.1" 200 1269
31.209.52.224 - - [07/Mar/2025:00:20:43 +0100] "GET /ticket2/opencms/system/modules/com.gridnine.opencms.ticketbrokerage.site/resources/pics/banners/sv/football_sv.png HTTP/1.1" 200 13104
31.209.52.224 - - [07/Mar/2025:00:20:43 +0100] "GET /ticket2/opencms/system/modules/com.gridnine.opencms.ticketbrokerage.site/resources/pics/footer-img.jpg HTTP/1.1" 200 67642
31.209.52.224 - - [07/Mar/2025:00:20:43 +0100] "GET /ticket2/opencms/img/arrow.png HTTP/1.1" 200 753
31.209.52.224 - - [07/Mar/2025:00:20:43 +0100] "GET /ticket2/opencms/img/chat.png HTTP/1.1" 200 416
31.209.52.224 - - [07/Mar/2025:00:20:43 +0100] "GET /ticket2/opencms/img/mail.png HTTP/1.1" 200 403
31.209.52.224 - - [07/Mar/2025:00:20:43 +0100] "GET /ticket2/opencms/img/check.png HTTP/1.1" 200 548
62.84.178.152 - - [07/Mar/2025:00:20:43 +0100] "GET /ticket2/opencms/en/buy/?page=1&edid=65059A8E-0270-E807-1615-CAFF9CC3A29A&sortorder=asc&column=section HTTP/1.1" 200 109913
31.209.52.224 - - [07/Mar/2025:00:20:44 +0100] "GET /ticket2/opencms/img/icons/se.png HTTP/1.1" 200 1258
31.209.52.224 - - [07/Mar/2025:00:20:44 +0100] "GET /ticket2/opencms/img/icons/dk.png HTTP/1.1" 200 1706
31.209.52.224 - - [07/Mar/2025:00:20:44 +0100] "GET /ticket2/opencms/img/icons/fi.png HTTP/1.1" 200 1785
31.209.52.224 - - [07/Mar/2025:00:20:44 +0100] "GET /ticket2/opencms/img/icons/nl.png HTTP/1.1" 200 1255
31.209.52.224 - - [07/Mar/2025:00:20:44 +0100] "GET /ticket2/opencms/img/icons/no.png HTTP/1.1" 200 1958
31.209.52.224 - - [07/Mar/2025:00:20:44 +0100] "GET /ticket2/opencms/img/icons/globe-white.png HTTP/1.1" 200 947
31.209.52.224 - - [07/Mar/2025:00:20:44 +0100] "GET /ticket2/opencms/img/icons/es.png HTTP/1.1" 200 1005
31.209.52.224 - - [07/Mar/2025:00:20:44 +0100] "GET /ticket2/opencms/img/icons/de.png HTTP/1.1" 200 1124
31.209.52.224 - - [07/Mar/2025:00:20:44 +0100] "GET /ticket2/opencms/img/icons/fr.png HTTP/1.1" 200 1764
31.209.52.224 - - [07/Mar/2025:00:20:44 +0100] "GET /ticket2/opencms/img/icons/it.png HTTP/1.1" 200 2040
31.209.52.224 - - [07/Mar/2025:00:20:44 +0100] "GET /ticket2/opencms/img/icons/sq.png HTTP/1.1" 200 1619
31.209.52.224 - - [07/Mar/2025:00:20:44 +0100] "GET /ticket2/opencms/img/icons/pl.png HTTP/1.1" 200 1578
31.209.52.224 - - [07/Mar/2025:00:20:44 +0100] "GET /ticket2/opencms/img/icons/az.png HTTP/1.1" 200 1445
31.209.52.224 - - [07/Mar/2025:00:20:44 +0100] "GET /ticket2/opencms/img/icons/bs.png HTTP/1.1" 200 1014
31.209.52.224 - - [07/Mar/2025:00:20:44 +0100] "GET /ticket2/opencms/img/icons/be.png HTTP/1.1" 200 1663
31.209.52.224 - - [07/Mar/2025:00:20:44 +0100] "GET /ticket2/opencms/img/icons/hr.png HTTP/1.1" 200 2024
31.209.52.224 - - [07/Mar/2025:00:20:44 +0100] "GET /ticket2/opencms/img/icons/bg.png HTTP/1.1" 200 788
31.209.52.224 - - [07/Mar/2025:00:20:44 +0100] "GET /ticket2/opencms/img/icons/cs.png HTTP/1.1" 200 1883
31.209.52.224 - - [07/Mar/2025:00:20:44 +0100] "GET /ticket2/opencms/img/icons/el.png HTTP/1.1" 200 1637
31.209.52.224 - - [07/Mar/2025:00:20:44 +0100] "GET /ticket2/opencms/img/icons/ka.png HTTP/1.1" 200 860
31.209.52.224 - - [07/Mar/2025:00:20:44 +0100] "GET /ticket2/opencms/img/icons/et.png HTTP/1.1" 200 754
31.209.52.224 - - [07/Mar/2025:00:20:44 +0100] "GET /ticket2/opencms/img/icons/hu.png HTTP/1.1" 200 733
31.209.52.224 - - [07/Mar/2025:00:20:44 +0100] "GET /ticket2/opencms/img/icons/is.png HTTP/1.1" 200 1884
31.209.52.224 - - [07/Mar/2025:00:20:44 +0100] "GET /ticket2/opencms/img/icons/ga.png HTTP/1.1" 200 1759
31.209.52.224 - - [07/Mar/2025:00:20:44 +0100] "GET /ticket2/opencms/img/icons/lv.png HTTP/1.1" 200 716
31.209.52.224 - - [07/Mar/2025:00:20:44 +0100] "GET /ticket2/opencms/img/icons/lt.png HTTP/1.1" 200 733
31.209.52.224 - - [07/Mar/2025:00:20:44 +0100] "GET /ticket2/opencms/img/icons/mt.png HTTP/1.1" 200 920
31.209.52.224 - - [07/Mar/2025:00:20:44 +0100] "GET /ticket2/opencms/img/icons/mo.png HTTP/1.1" 200 1468
31.209.52.224 - - [07/Mar/2025:00:20:44 +0100] "GET /ticket2/opencms/img/icons/ro.png HTTP/1.1" 200 1393
31.209.52.224 - - [07/Mar/2025:00:20:44 +0100] "GET /ticket2/opencms/img/icons/sr.png HTTP/1.1" 200 1602
31.209.52.224 - - [07/Mar/2025:00:20:44 +0100] "GET /ticket2/opencms/img/icons/sk.png HTTP/1.1" 200 1283
31.209.52.224 - - [07/Mar/2025:00:20:44 +0100] "GET /ticket2/opencms/img/icons/sl.png HTTP/1.1" 200 966
31.209.52.224 - - [07/Mar/2025:00:20:44 +0100] "GET /ticket2/opencms/img/icons/uk.png HTTP/1.1" 200 1272
31.209.52.224 - - [07/Mar/2025:00:20:44 +0100] "GET /ticket2/opencms/img/icons/tr.png HTTP/1.1" 200 1636
31.209.52.224 - - [07/Mar/2025:00:20:44 +0100] "GET /ticket2/opencms/img/icons/ticket2.thumbnail.png HTTP/1.1" 200 21519
31.209.52.224 - - [07/Mar/2025:00:20:44 +0100] "GET /ticket2/opencms/system/modules/com.gridnine.opencms.ticketbrokerage.site/resources/js/standard.js HTTP/1.1" 200 3983
144.91.104.134 - - [07/Mar/2025:00:20:45 +0100] "GET /ticket2/opencms/se/nl/buy/?page=1&edid=FA1D4F5B-4CE2-C9D1-B78A-CD1BF177B4FA&sortorder=desc&column=row HTTP/1.1" 404 -
114.119.141.178 - - [07/Mar/2025:00:20:46 +0100] "GET /ticket2/opencms/fi/buy?page=1&edid=E5C71AA1-7B1A-D9BE-470B-940D9CED866E HTTP/1.1" 200 108445
158.220.123.227 - - [07/Mar/2025:00:20:47 +0100] "GET /ticket2/opencms/en/login/?edid=4A606CC1-3EB7-F330-47E1-112651E2EC66 HTTP/1.1" 200 90057
95.217.114.173 - - [07/Mar/2025:00:20:47 +0100] "GET /ticket2/opencms/en/sell/?edid=62BA1B24-FE28-14A9-746C-0509EF670DD2 HTTP/1.1" 302 -
95.217.114.173 - - [07/Mar/2025:00:20:48 +0100] "GET /ticket2/opencms/en/login/?url=/en/sell/ HTTP/1.1" 200 90099
144.91.104.134 - - [07/Mar/2025:00:20:49 +0100] "GET /ticket2/opencms/se/nl/buy/?page=1&edid=FA6E77FD-7B60-427A-8F1A-C8DE18094A0E&sortorder=asc&column=row HTTP/1.1" 404 -
62.84.178.152 - - [07/Mar/2025:00:20:49 +0100] "GET /ticket2/opencms/en/buy/?page=1&edid=6807A400-BCB2-9A77-9AD5-9B8A75FADC0B&sortorder=asc&column=row HTTP/1.1" 200 110753
178.25.244.194 - - [07/Mar/2025:00:20:50 +0100] "GET /ticket2/opencms/dk/dk/buy/?page=1&edid=9F75CAFF-859B-AF24-5E2C-871DFD0095F5&sortorder=desc&column=section HTTP/1.1" 404 -
95.217.114.173 - - [07/Mar/2025:00:20:54 +0100] "GET /ticket2/opencms/en/sell/?edid=62CBCFCE-73FC-4032-B8DE-55B860E31698 HTTP/1.1" 302 -
144.91.104.134 - - [07/Mar/2025:00:20:54 +0100] "GET /ticket2/opencms/se/nl/buy/?page=1&edid=FE0D347F-B790-DD75-F37F-11E0E35595D4&sortorder=desc&column=section HTTP/1.1" 404 -
85.208.96.205 - - [07/Mar/2025:00:20:55 +0100] "GET /ticket2/opencms/hr/magazine/article/ HTTP/1.1" 200 89316
95.217.114.173 - - [07/Mar/2025:00:20:55 +0100] "GET /ticket2/opencms/en/login/?url=/en/sell/ HTTP/1.1" 200 90180
158.220.123.227 - - [07/Mar/2025:00:20:55 +0100] "GET /ticket2/opencms/en/login/?edid=4B09E820-5794-7A82-6B53-CFC85457C260 HTTP/1.1" 200 90092
185.191.171.10 - - [07/Mar/2025:00:20:57 +0100] "GET /ticket2/opencms/et/sport/jalgpallipiletid/serie-a/torino HTTP/1.1" 500 -
62.84.178.152 - - [07/Mar/2025:00:20:57 +0100] "GET /ticket2/opencms/en/buy/?page=1&edid=6807A400-BCB2-9A77-9AD5-9B8A75FADC0B&sortorder=asc&column=section HTTP/1.1" 200 110884
35.95.253.101 - - [07/Mar/2025:00:20:58 +0100] "GET /ticket2/opencms/be/sport/futbol-kvitki/premier-league HTTP/1.1" 200 106074
144.91.104.134 - - [07/Mar/2025:00:21:00 +0100] "GET /ticket2/opencms/se/nl/buy/?comcatid=A17713B6-D984-201A-4143-ED4DB5ED5C2E&catid=&npage=1 HTTP/1.1" 404 -
95.217.114.173 - - [07/Mar/2025:00:21:02 +0100] "GET /ticket2/opencms/en/sell/?edid=633F01D0-5A5C-9D0B-88C4-F93446CDE176 HTTP/1.1" 302 -
178.25.244.194 - - [07/Mar/2025:00:21:02 +0100] "GET /ticket2/opencms/dk/dk/buy/?page=1&edid=9FA189A8-6D06-3B5F-B1E8-7FAA262CA5F8&sortorder=asc&column=row HTTP/1.1" 404 -
95.217.114.173 - - [07/Mar/2025:00:21:02 +0100] "GET /ticket2/opencms/en/login/?url=/en/sell/ HTTP/1.1" 200 90185
158.220.123.227 - - [07/Mar/2025:00:21:03 +0100] "GET /ticket2/opencms/en/login/?edid=4D881CD2-EFEB-E2E9-A476-A74B720D12D9 HTTP/1.1" 200 90119
20.171.207.125 - - [07/Mar/2025:00:21:04 +0100] "GET /ticket2/opencms/be/sport/futbol-kvitki/ligue-1/paris-saint-germain HTTP/1.1" 500 -
62.84.178.152 - - [07/Mar/2025:00:21:06 +0100] "GET /ticket2/opencms/en/buy/?page=1&edid=6807A400-BCB2-9A77-9AD5-9B8A75FADC0B&sortorder=desc&column=section HTTP/1.1" 200 110858
144.91.104.134 - - [07/Mar/2025:00:21:07 +0100] "GET /ticket2/opencms/se/nl/buy/?comcatid=A17713B6-D984-201A-4143-ED4DB5ED5C2E&catid=0A6C99D2-F5BD-7A18-9A5F-5668827042E0&npage=1 HTTP/1.1" 404 -
178.25.244.194 - - [07/Mar/2025:00:21:08 +0100] "GET /ticket2/opencms/dk/dk/buy/?page=1&edid=9FA189A8-6D06-3B5F-B1E8-7FAA262CA5F8&sortorder=asc&column=section HTTP/1.1" 404 -
47.128.31.227 - - [07/Mar/2025:00:21:09 +0100] "GET /ticket2/opencms/it/buy?edid=A613B971-014E-0A66-B74F-2B30F695BCED HTTP/1.1" 200 91464
95.217.114.173 - - [07/Mar/2025:00:21:11 +0100] "GET /ticket2/opencms/en/sell/?edid=63490262-8154-6A31-C72F-C9F9D0F04E4F HTTP/1.1" 302 -
114.119.129.189 - - [07/Mar/2025:00:21:11 +0100] "GET /ticket2/opencms/en/venue/?venueid=A2143F04-641C-B311-284A-E01DFC7E06B3 HTTP/1.1" 200 85369
95.217.114.173 - - [07/Mar/2025:00:21:11 +0100] "GET /ticket2/opencms/en/login/?url=/en/sell/ HTTP/1.1" 200 90005
158.220.123.227 - - [07/Mar/2025:00:21:12 +0100] "GET /ticket2/opencms/en/login/?edid=50E4550F-F595-BAC0-BB4E-A0D5D644567B HTTP/1.1" 200 90096
144.91.104.134 - - [07/Mar/2025:00:21:14 +0100] "GET /ticket2/opencms/se/nl/buy/?comcatid=A17713B6-D984-201A-4143-ED4DB5ED5C2E&catid=0A6C99D2-F5BD-7A18-9A5F-5668827042E0&npage=2 HTTP/1.1" 404 -
62.84.178.152 - - [07/Mar/2025:00:21:14 +0100] "GET /ticket2/opencms/en/buy/?page=1&edid=68783597-743F-A9D4-0251-2FA906CAFC9A&sortorder=asc&column=section HTTP/1.1" 200 110064
85.208.96.203 - - [07/Mar/2025:00:21:14 +0100] "GET /ticket2/opencms/sv/magazine/article?title=em-spelare-som-sticker-ut HTTP/1.1" 200 92869
178.25.244.194 - - [07/Mar/2025:00:21:15 +0100] "GET /ticket2/opencms/dk/dk/buy/?page=1&edid=A009B866-7BEE-4963-BBDC-2C8442B36819&sortorder=desc&column=section HTTP/1.1" 404 -
47.128.35.192 - - [07/Mar/2025:00:21:15 +0100] "GET /ticket2/opencms/sv/ HTTP/1.1" 200 105068
35.95.253.101 - - [07/Mar/2025:00:21:18 +0100] "GET /ticket2/opencms/be/magazine/article?title=a-dramatic-match-between-tottenham-and-chelsea HTTP/1.1" 200 95306
95.217.114.173 - - [07/Mar/2025:00:21:18 +0100] "GET /ticket2/opencms/en/sell/?edid=635A3FA7-2377-794B-FEA3-C8C301094FAC HTTP/1.1" 302 -
95.217.114.173 - - [07/Mar/2025:00:21:18 +0100] "GET /ticket2/opencms/en/login/?url=/en/sell/ HTTP/1.1" 200 90103
158.220.123.227 - - [07/Mar/2025:00:21:20 +0100] "GET /ticket2/opencms/en/login/?edid=512235E7-9CFC-D4B9-FFCA-7049EE8805D3 HTTP/1.1" 200 90213
144.91.104.134 - - [07/Mar/2025:00:21:20 +0100] "GET /ticket2/opencms/se/nl/buy/?page=1&edid=001A924D-51B3-F6EA-12AD-5B5FF406C83C&sortorder=asc&column=price HTTP/1.1" 404 -
85.208.96.200 - - [07/Mar/2025:00:21:21 +0100] "GET /ticket2/opencms/fi/urheilu/jalkapallo/champions-league/braga HTTP/1.1" 500 -
178.25.244.194 - - [07/Mar/2025:00:21:21 +0100] "GET /ticket2/opencms/dk/dk/buy/?page=1&edid=A085E427-DD8F-07BE-32FF-6299B3204D0D&sortorder=asc&column=section HTTP/1.1" 404 -
40.77.167.60 - - [07/Mar/2025:00:21:21 +0100] "GET /ticket2/opencms/tb/opencms/en/archive/events/wicked/2007_04_07_19_30/ HTTP/1.1" 404 -
66.249.65.195 - - [07/Mar/2025:00:21:23 +0100] "GET /ticket2/opencms/es/deporte/entradas-futbol/la-liga HTTP/1.1" 200 104579
62.84.178.152 - - [07/Mar/2025:00:21:23 +0100] "GET /ticket2/opencms/en/buy/?page=1&edid=692981A3-D906-C27E-30CD-4EA42C92A2A7 HTTP/1.1" 200 110487
95.217.114.173 - - [07/Mar/2025:00:21:25 +0100] "GET /ticket2/opencms/en/sell/?edid=63801669-9764-13A7-B058-055F32A0BC14 HTTP/1.1" 302 -
114.119.141.206 - - [07/Mar/2025:00:21:26 +0100] "GET /ticket2/opencms/fr/magazine/article?title=graham-potter-de-la-suede-a-la-premier-league HTTP/1.1" 200 98014
66.249.65.235 - - [07/Mar/2025:00:21:26 +0100] "GET /ticket2/opencms/et/buy?page=1&edid=A2A4078E-C8E8-C113-199B-69C1FEB231B0 HTTP/1.1" 200 135482
52.167.144.161 - - [07/Mar/2025:00:21:26 +0100] "GET /ticket2/opencms/dk/buy/?page=1&edid=6DC3E8B1-EB9E-3B74-1E36-CDC7B60DF336 HTTP/1.1" 200 107205
95.217.114.173 - - [07/Mar/2025:00:21:26 +0100] "GET /ticket2/opencms/en/login/?url=/en/sell/ HTTP/1.1" 200 90155
66.249.76.44 - - [07/Mar/2025:00:21:27 +0100] "GET /ticket2/opencms/fr/buy/?page=1&edid=151755CC-6470-A9AF-4FE7-BAC9FAA3C886 HTTP/1.1" 200 110543
158.220.123.227 - - [07/Mar/2025:00:21:27 +0100] "GET /ticket2/opencms/en/login/?edid=51B4567B-19F2-A242-D969-4CD8EDBD80C5 HTTP/1.1" 200 90155
178.25.244.194 - - [07/Mar/2025:00:21:28 +0100] "GET /ticket2/opencms/dk/dk/buy/?page=1&edid=A0A75B5B-3D51-D743-BA1B-F39519FFC67E&sortorder=asc&column=row HTTP/1.1" 404 -
62.84.178.152 - - [07/Mar/2025:00:21:30 +0100] "GET /ticket2/opencms/en/buy/?page=1&edid=692981A3-D906-C27E-30CD-4EA42C92A2A7&sortorder=asc&column=row HTTP/1.1" 200 111358
144.91.104.134 - - [07/Mar/2025:00:21:32 +0100] "GET /ticket2/opencms/se/nl/buy/?page=1&edid=00BF24A8-B574-FBFD-89A8-C3542359D5CF&sortorder=asc&column=row HTTP/1.1" 404 -
158.220.123.227 - - [07/Mar/2025:00:21:32 +0100] "GET /ticket2/opencms/en/login/?edid=526E9B7B-D2CF-DFA7-BDD3-64E3D1623615 HTTP/1.1" 200 90098
66.249.65.196 - - [07/Mar/2025:00:21:32 +0100] "GET /ticket2/opencms/system/modules/com.gridnine.opencms.ticketbrokerage.site/resources/js/functions.js HTTP/1.1" 200 1583
66.249.76.44 - - [07/Mar/2025:00:21:33 +0100] "GET /ticket2/opencms/system/modules/com.gridnine.opencms.ticketbrokerage.site/resources/js/standard.js HTTP/1.1" 200 3983
178.25.244.194 - - [07/Mar/2025:00:21:34 +0100] "GET /ticket2/opencms/dk/dk/buy/?page=1&edid=A0A75B5B-3D51-D743-BA1B-F39519FFC67E&sortorder=desc&column=section HTTP/1.1" 404 -
95.217.114.173 - - [07/Mar/2025:00:21:35 +0100] "GET /ticket2/opencms/en/sell/?edid=63896850-13C8-8957-A8F3-B8A345840B32 HTTP/1.1" 302 -
62.84.178.152 - - [07/Mar/2025:00:21:35 +0100] "GET /ticket2/opencms/en/buy/?page=1&edid=692981A3-D906-C27E-30CD-4EA42C92A2A7&sortorder=desc&column=price HTTP/1.1" 200 111471
95.217.114.173 - - [07/Mar/2025:00:21:35 +0100] "GET /ticket2/opencms/en/login/?url=/en/sell/ HTTP/1.1" 200 90095
144.91.104.134 - - [07/Mar/2025:00:21:38 +0100] "GET /ticket2/opencms/se/nl/buy/?page=1&edid=00BF24A8-B574-FBFD-89A8-C3542359D5CF&sortorder=asc&column=section HTTP/1.1" 404 -
178.25.244.194 - - [07/Mar/2025:00:21:41 +0100] "GET /ticket2/opencms/dk/dk/buy/?page=1&edid=A0F2CE57-C687-A8F6-EE0E-D013BC53E883&sortorder=desc&column=price HTTP/1.1" 404 -
62.84.178.152 - - [07/Mar/2025:00:21:41 +0100] "GET /ticket2/opencms/en/buy/?page=1&edid=692981A3-D906-C27E-30CD-4EA42C92A2A7&sortorder=desc&column=row HTTP/1.1" 200 111359
158.220.123.227 - - [07/Mar/2025:00:21:43 +0100] "GET /ticket2/opencms/en/login/?edid=54F571DA-E0FC-DDDD-1A0B-AA5547F5DC9A HTTP/1.1" 200 90023
95.217.114.173 - - [07/Mar/2025:00:21:44 +0100] "GET /ticket2/opencms/en/sell/?edid=63A8A6EF-214B-02FC-498E-67A296EE3821 HTTP/1.1" 302 -
95.217.114.173 - - [07/Mar/2025:00:21:44 +0100] "GET /ticket2/opencms/en/login/?url=/en/sell/ HTTP/1.1" 200 90057
66.220.149.114 - - [07/Mar/2025:00:21:45 +0100] "GET /ticket2/opencms/sr/sport/fudbalske-karte/serie-a/salernitana/ HTTP/1.1" 500 -
85.208.96.203 - - [07/Mar/2025:00:21:47 +0100] "GET /ticket2/opencms/tr/spor/futbol-biletleri/english-championship/bristol-city HTTP/1.1" 500 -
62.84.178.152 - - [07/Mar/2025:00:21:47 +0100] "GET /ticket2/opencms/en/buy/?page=1&edid=6A0E76D9-4BC0-1E27-1E24-CADAE4F2D5B8&sortorder=asc&column=price HTTP/1.1" 200 110040
178.25.244.194 - - [07/Mar/2025:00:21:47 +0100] "GET /ticket2/opencms/dk/dk/buy/?page=1&edid=A0F8530C-88CE-F45C-5515-DD5BC52A4F5F&sortorder=asc&column=section HTTP/1.1" 404 -
185.191.171.4 - - [07/Mar/2025:00:21:47 +0100] "GET /ticket2/opencms/robots.txt HTTP/1.1" 200 773
85.208.96.195 - - [07/Mar/2025:00:21:48 +0100] "GET /ticket2/opencms/mt/magazine/article?title=mohamed-salah-iedded-il-kuntratt-ma-liverpool HTTP/1.1" 200 95512
144.91.104.134 - - [07/Mar/2025:00:21:50 +0100] "GET /ticket2/opencms/se/nl/buy/?page=1&edid=01148208-C5C5-644D-6BB7-97FA6BDD0B48&sortorder=desc&column=section HTTP/1.1" 404 -
40.77.167.60 - - [07/Mar/2025:00:21:51 +0100] "GET /ticket2/opencms/se/sv/venue/?countryid=F73B31CF-DEFB-FC53-7E40-B21973CC0497 HTTP/1.1" 404 -
158.220.123.227 - - [07/Mar/2025:00:21:53 +0100] "GET /ticket2/opencms/en/login/?edid=564D2DDE-50A0-0F93-C015-CE64A52E115B HTTP/1.1" 200 90053
178.25.244.194 - - [07/Mar/2025:00:21:54 +0100] "GET /ticket2/opencms/dk/dk/buy/?page=1&edid=A0F8530C-88CE-F45C-5515-DD5BC52A4F5F&sortorder=desc&column=price HTTP/1.1" 404 -
95.217.114.173 - - [07/Mar/2025:00:21:55 +0100] "GET /ticket2/opencms/en/sell/?edid=6400AA31-EA2E-ED5E-ECB8-FC40C4996DA7 HTTP/1.1" 302 -
62.84.178.152 - - [07/Mar/2025:00:21:55 +0100] "GET /ticket2/opencms/en/buy/?page=1&edid=6A0E76D9-4BC0-1E27-1E24-CADAE4F2D5B8&sortorder=asc&column=row HTTP/1.1" 200 110044
95.217.114.173 - - [07/Mar/2025:00:21:55 +0100] "GET /ticket2/opencms/en/login/?url=/en/sell/ HTTP/1.1" 200 90137
144.91.104.134 - - [07/Mar/2025:00:21:56 +0100] "GET /ticket2/opencms/se/nl/buy/?page=1&edid=1876C975-2219-B424-5832-564A46DA440A&sortorder=desc&column=price HTTP/1.1" 404 -
35.95.253.101 - - [07/Mar/2025:00:21:57 +0100] "GET /ticket2/opencms/es/selling_tickets/ HTTP/1.1" 500 -
114.119.150.86 - - [07/Mar/2025:00:21:57 +0100] "GET /ticket2/opencms/dk/buy?page=1&=DE6EAF1E-F0E3-BCEF-6FE9-789554B2D96C HTTP/1.1" 200 -
95.217.114.173 - - [07/Mar/2025:00:22:00 +0100] "GET /ticket2/opencms/en/sell/?edid=643F877B-3019-407A-4304-E17C35DEF37E HTTP/1.1" 302 -
114.119.141.178 - - [07/Mar/2025:00:22:00 +0100] "GET /ticket2/opencms/dk/buy?page=1&=9219490E-57C2-9B65-4F03-B2B5521A5479 HTTP/1.1" 200 -
178.25.244.194 - - [07/Mar/2025:00:22:00 +0100] "GET /ticket2/opencms/dk/dk/buy/?page=1&edid=A26332EB-8750-0A54-9325-77029D9AA1E3&sortorder=asc&column=row HTTP/1.1" 404 -
158.220.123.227 - - [07/Mar/2025:00:22:01 +0100] "GET /ticket2/opencms/en/login/?edid=57338448-5406-7945-312D-BF2768268B8F HTTP/1.1" 200 90119
95.217.114.173 - - [07/Mar/2025:00:22:01 +0100] "GET /ticket2/opencms/en/login/?url=/en/sell/ HTTP/1.1" 200 90063
114.119.148.14 - - [07/Mar/2025:00:22:01 +0100] "GET /ticket2/opencms/en/magazine/article?title=bournemouth HTTP/1.1" 200 91481
144.91.104.134 - - [07/Mar/2025:00:22:03 +0100] "GET /ticket2/opencms/se/nl/buy/?page=1&edid=1876C975-2219-B424-5832-564A46DA440A&sortorder=desc&column=row HTTP/1.1" 404 -
185.191.171.14 - - [07/Mar/2025:00:22:04 +0100] "GET /ticket2/opencms/no/magazine/article?title=liverpool-en-by-av-kultur-og-historie HTTP/1.1" 200 92357
62.84.178.152 - - [07/Mar/2025:00:22:04 +0100] "GET /ticket2/opencms/en/buy/?page=1&edid=6A0E76D9-4BC0-1E27-1E24-CADAE4F2D5B8&sortorder=asc&column=section HTTP/1.1" 200 110122
20.171.207.125 - - [07/Mar/2025:00:22:06 +0100] "GET /ticket2/opencms/hu/buy/?edid=DE7FBF5B-9DCC-CEE2-6DAD-A4ECB73A57FF&page=1 HTTP/1.1" 200 135325
95.217.114.173 - - [07/Mar/2025:00:22:06 +0100] "GET /ticket2/opencms/en/sell/?edid=6471BDCD-0B2F-C3B9-3026-367C586DCB12 HTTP/1.1" 302 -
95.217.114.173 - - [07/Mar/2025:00:22:06 +0100] "GET /ticket2/opencms/en/login/?url=/en/sell/ HTTP/1.1" 200 90060
178.25.244.194 - - [07/Mar/2025:00:22:07 +0100] "GET /ticket2/opencms/dk/dk/buy/?page=1&edid=A2BD900A-7781-85CC-B266-10CD17F4A1CE HTTP/1.1" 404 -
158.220.123.227 - - [07/Mar/2025:00:22:08 +0100] "GET /ticket2/opencms/en/login/?edid=5CBE1444-05D3-F207-3749-8D0A631D5B7F HTTP/1.1" 200 90199
144.91.104.134 - - [07/Mar/2025:00:22:09 +0100] "GET /ticket2/opencms/se/nl/buy/?page=1&edid=1876C975-2219-B424-5832-564A46DA440A&sortorder=desc&column=section HTTP/1.1" 404 -
62.84.178.152 - - [07/Mar/2025:00:22:11 +0100] "GET /ticket2/opencms/en/buy/?page=1&edid=6A0E76D9-4BC0-1E27-1E24-CADAE4F2D5B8&sortorder=desc&column=price HTTP/1.1" 200 110100
95.217.114.173 - - [07/Mar/2025:00:22:13 +0100] "GET /ticket2/opencms/en/sell/?edid=6479D966-2793-7C7E-D24A-D27EA93264A1 HTTP/1.1" 302 -
178.25.244.194 - - [07/Mar/2025:00:22:14 +0100] "GET /ticket2/opencms/dk/dk/buy/?page=1&edid=A2BD900A-7781-85CC-B266-10CD17F4A1CE&sortorder=desc&column=price HTTP/1.1" 404 -
95.217.114.173 - - [07/Mar/2025:00:22:14 +0100] "GET /ticket2/opencms/en/login/?url=/en/sell/ HTTP/1.1" 200 90081
85.208.96.211 - - [07/Mar/2025:00:22:15 +0100] "GET /ticket2/opencms/en/magazine/article?title=nations-league-is-in-full-swing HTTP/1.1" 200 92827
144.91.104.134 - - [07/Mar/2025:00:22:16 +0100] "GET /ticket2/opencms/se/nl/buy/?page=1&edid=1944070F-2A5D-1909-DE14-B309AE8F4483 HTTP/1.1" 404 -
114.119.154.13 - - [07/Mar/2025:00:22:17 +0100] "GET /ticket2/opencms/ru/buy/?page=1&edid=7B7E167E-93EF-43D8-C91C-9CC46677C829 HTTP/1.1" 200 110225
158.220.123.227 - - [07/Mar/2025:00:22:17 +0100] "GET /ticket2/opencms/en/login/?edid=61933006-EDA7-2E8E-1BB7-A63A6DA49354 HTTP/1.1" 200 90134
62.84.178.152 - - [07/Mar/2025:00:22:18 +0100] "GET /ticket2/opencms/en/buy/?page=1&edid=6AC71D0E-ACE1-2E54-B5F7-7CE9303FBB11&sortorder=desc&column=price HTTP/1.1" 200 110530
35.95.253.101 - - [07/Mar/2025:00:22:19 +0100] "GET /ticket2/opencms/lv/sport/futbola-biletes/eredivisie HTTP/1.1" 500 -
66.249.76.1 - - [07/Mar/2025:00:22:19 +0100] "GET /ticket2/opencms/sl/magazine/article?title=stadion-emirates HTTP/1.1" 200 94663
178.25.244.194 - - [07/Mar/2025:00:22:20 +0100] "GET /ticket2/opencms/dk/dk/buy/?page=1&edid=A2BD900A-7781-85CC-B266-10CD17F4A1CE&sortorder=desc&column=row HTTP/1.1" 404 -
144.91.104.134 - - [07/Mar/2025:00:22:22 +0100] "GET /ticket2/opencms/se/nl/buy/?page=1&edid=196C73A2-C103-7891-912D-D8CB8619F5B2&sortorder=asc&column=price HTTP/1.1" 404 -
158.220.123.227 - - [07/Mar/2025:00:22:22 +0100] "GET /ticket2/opencms/en/login/?edid=65351025-5BC0-55C2-C214-BB8E62D801B4 HTTP/1.1" 200 90038
95.217.114.173 - - [07/Mar/2025:00:22:23 +0100] "GET /ticket2/opencms/en/sell/?edid=64C4EDF8-DE58-46C5-FE28-ADDDDC51BA17 HTTP/1.1" 302 -
62.84.178.152 - - [07/Mar/2025:00:22:24 +0100] "GET /ticket2/opencms/en/buy/?page=1&edid=6AE10568-F819-0164-572F-661DFD566B42&sortorder=asc&column=section HTTP/1.1" 200 111774
95.217.114.173 - - [07/Mar/2025:00:22:24 +0100] "GET /ticket2/opencms/en/login/?url=/en/sell/ HTTP/1.1" 200 90068
173.252.83.125 - - [07/Mar/2025:00:22:25 +0100] "GET /ticket2/opencms/de/sport/fussball-tickets/bundesliga/ HTTP/1.1" 200 103381
178.25.244.194 - - [07/Mar/2025:00:22:26 +0100] "GET /ticket2/opencms/dk/dk/buy/?page=1&edid=A45321DF-A6CE-CF78-FF7A-EF32B49E5D06&sortorder=desc&column=price HTTP/1.1" 404 -
158.220.123.227 - - [07/Mar/2025:00:22:28 +0100] "GET /ticket2/opencms/en/login/?edid=6766F78A-6BD9-94D0-7B83-98B1A5D6F31E HTTP/1.1" 200 90115
144.91.104.134 - - [07/Mar/2025:00:22:29 +0100] "GET /ticket2/opencms/se/nl/buy/?page=1&edid=1B5229A1-3642-B3BE-C5FD-E41CB0238BCE&sortorder=asc&column=section HTTP/1.1" 404 -
66.249.76.42 - - [07/Mar/2025:00:22:29 +0100] "GET /ticket2/opencms/is/magazine/article?title=bergvall-og-kulusevski-gera-ahrif HTTP/1.1" 200 94827
173.252.83.116 - - [07/Mar/2025:00:22:29 +0100] "GET /ticket2/opencms/sv/buy?page=1&edid=FB619D25-A569-B2D3-A138-064ED3A662B4 HTTP/1.1" 200 111508
62.84.178.152 - - [07/Mar/2025:00:22:29 +0100] "GET /ticket2/opencms/en/buy/?page=1&edid=6B975EAC-E9DD-92E9-D74E-0B78BE1D4B7C&sortorder=asc&column=price HTTP/1.1" 200 110376
66.249.65.197 - - [07/Mar/2025:00:22:30 +0100] "GET /ticket2/opencms/az/terefdasliq-proqrami HTTP/1.1" 200 90184
95.217.114.173 - - [07/Mar/2025:00:22:31 +0100] "GET /ticket2/opencms/en/sell/?edid=64D27571-56AC-6DBD-97C1-AA8F4E5FC92F HTTP/1.1" 302 -
95.217.114.173 - - [07/Mar/2025:00:22:31 +0100] "GET /ticket2/opencms/en/login/?url=/en/sell/ HTTP/1.1" 200 90136
114.119.139.202 - - [07/Mar/2025:00:22:32 +0100] "GET /ticket2/opencms/en/venue/?venueid=6215BF0C-EB8F-CBD7-E039-846055B527B8 HTTP/1.1" 200 85330
178.25.244.194 - - [07/Mar/2025:00:22:33 +0100] "GET /ticket2/opencms/dk/dk/buy/?page=1&edid=A45321DF-A6CE-CF78-FF7A-EF32B49E5D06&sortorder=desc&column=row HTTP/1.1" 404 -
62.84.178.152 - - [07/Mar/2025:00:22:35 +0100] "GET /ticket2/opencms/en/buy/?page=1&edid=6B975EAC-E9DD-92E9-D74E-0B78BE1D4B7C&sortorder=asc&column=row HTTP/1.1" 200 110365
158.220.123.227 - - [07/Mar/2025:00:22:35 +0100] "GET /ticket2/opencms/en/login/?edid=76AC12AC-4686-41BA-93AB-CDA5668851B1 HTTP/1.1" 200 90169
47.128.32.152 - - [07/Mar/2025:00:22:36 +0100] "GET /ticket2/opencms/cs/magazine/article?title=kupte-si-vstupenky-na-bundesligu-na-ticket2com HTTP/1.1" 200 93214
85.208.96.197 - - [07/Mar/2025:00:22:36 +0100] "GET /ticket2/opencms/et/magazine/article?title=luton HTTP/1.1" 200 92449
178.25.244.194 - - [07/Mar/2025:00:22:39 +0100] "GET /ticket2/opencms/dk/dk/buy/?page=1&edid=A4B939B9-02F3-15DE-1828-4B6AE5FDD036&sortorder=asc&column=row HTTP/1.1" 404 -
144.91.104.134 - - [07/Mar/2025:00:22:40 +0100] "GET /ticket2/opencms/se/nl/buy/?page=1&edid=1ED0BBD0-901B-7457-B1AB-8C902F9766AE&sortorder=asc&column=row HTTP/1.1" 404 -
95.217.114.173 - - [07/Mar/2025:00:22:42 +0100] "GET /ticket2/opencms/en/sell/?edid=65059A8E-0270-E807-1615-CAFF9CC3A29A HTTP/1.1" 302 -
95.217.114.173 - - [07/Mar/2025:00:22:43 +0100] "GET /ticket2/opencms/en/login/?url=/en/sell/ HTTP/1.1" 200 90174
40.77.167.60 - - [07/Mar/2025:00:22:43 +0100] "GET /ticket2/opencms/sv/buy/?page=1&edid=0CD6778E-5A18-842D-3E93-245627A38EA4 HTTP/1.1" 200 111615
158.220.123.227 - - [07/Mar/2025:00:22:44 +0100] "GET /ticket2/opencms/en/login/?edid=7910B041-C477-3F57-DDE6-EC22BEFED5C1 HTTP/1.1" 200 90093
62.84.178.152 - - [07/Mar/2025:00:22:44 +0100] "GET /ticket2/opencms/en/buy/?page=1&edid=6B975EAC-E9DD-92E9-D74E-0B78BE1D4B7C&sortorder=asc&column=section HTTP/1.1" 200 110434
40.77.167.60 - - [07/Mar/2025:00:22:44 +0100] "GET /ticket2/opencms/lv/buy/?page=1&edid=7F71972F-B1A9-F375-9267-1580A27A6D47 HTTP/1.1" 200 111800
40.77.167.60 - - [07/Mar/2025:00:22:45 +0100] "GET /ticket2/opencms/lt/buy/?page=6&comcatid=A17713B6-D984-201A-4143-ED4DB5ED5C2E&catid=21C3854B-901E-11F9-7B7D-6838CC6AFAA4&eventid=257C5D29-06D1-01D8-25B3-75BE37E8CF25 HTTP/1.1" 200 107488
178.25.244.194 - - [07/Mar/2025:00:22:46 +0100] "GET /ticket2/opencms/dk/dk/buy/?page=1&edid=A4B939B9-02F3-15DE-1828-4B6AE5FDD036&sortorder=asc&column=section HTTP/1.1" 404 -
144.91.104.134 - - [07/Mar/2025:00:22:47 +0100] "GET /ticket2/opencms/se/nl/buy/?page=1&edid=1EF4E706-5097-0A86-8C15-17846FC7046D&sortorder=desc&column=price HTTP/1.1" 404 -
67.144.4.13 - - [07/Mar/2025:00:22:49 +0100] "GET /ticket2/opencms/robots.txt HTTP/1.1" 200 773
52.167.144.161 - - [07/Mar/2025:00:22:51 +0100] "GET /ticket2/opencms/ka/buy/?page=1&edid=7821A60F-0A4F-8978-889F-2A006C733B51 HTTP/1.1" 200 117015
62.84.178.152 - - [07/Mar/2025:00:22:51 +0100] "GET /ticket2/opencms/en/buy/?page=1&edid=6DBBE6C7-DD55-9A3A-7306-2ED26DDA2169&sortorder=desc&column=price HTTP/1.1" 200 107757
158.220.123.227 - - [07/Mar/2025:00:22:52 +0100] "GET /ticket2/opencms/en/login/?edid=7C9BBF9D-778C-6F90-4703-00B59C98E285 HTTP/1.1" 200 90140
178.25.244.194 - - [07/Mar/2025:00:22:53 +0100] "GET /ticket2/opencms/dk/dk/buy/?page=1&edid=A5392617-A8A6-5394-B72C-AA82A5C556B3&sortorder=asc&column=price HTTP/1.1" 404 -
67.144.4.13 - - [07/Mar/2025:00:22:54 +0100] "GET /ticket2/opencms/sv/buy/?page=1&edid=12200247-16D8-2856-A450-483F60D8BDB8&sortorder=asc&column=price HTTP/1.1" 200 108991
144.91.104.134 - - [07/Mar/2025:00:22:54 +0100] "GET /ticket2/opencms/se/nl/buy/?page=1&edid=2385A97C-ADBC-714E-058F-F9D1A81366A6&sortorder=desc&column=section HTTP/1.1" 404 -
62.84.178.152 - - [07/Mar/2025:00:22:58 +0100] "GET /ticket2/opencms/en/buy/?page=1&edid=6DBBE6C7-DD55-9A3A-7306-2ED26DDA2169&sortorder=desc&column=row HTTP/1.1" 200 107811
158.220.123.227 - - [07/Mar/2025:00:22:58 +0100] "GET /ticket2/opencms/en/login/?edid=80FE665C-27C4-7FE0-7238-5FC906A2C819 HTTP/1.1" 200 90107
85.208.96.196 - - [07/Mar/2025:00:22:59 +0100] "GET /ticket2/opencms/ga/sport/ticeid-peile/english-championship/west-bromwich-albion HTTP/1.1" 404 -
67.144.4.13 - - [07/Mar/2025:00:22:59 +0100] "GET /ticket2/opencms/sv/buy/?page=1&edid=2B1AA646-ADF9-7B55-D435-A8E067CB534F&sortorder=asc&column=price HTTP/1.1" 200 110280
114.119.150.22 - - [07/Mar/2025:00:23:00 +0100] "GET /ticket2/opencms/en/magazine/article?title=about-the-football-team-liverpool-fc HTTP/1.1" 200 93801
178.25.244.194 - - [07/Mar/2025:00:23:00 +0100] "GET /ticket2/opencms/dk/dk/buy/?page=1&edid=A5392617-A8A6-5394-B72C-AA82A5C556B3&sortorder=asc&column=row HTTP/1.1" 404 -
40.77.167.60 - - [07/Mar/2025:00:23:00 +0100] "GET /ticket2/opencms/sk/buy?page=1&edid=2684212b-fa50-dc4b-3cfa-1303e9638140 HTTP/1.1" 200 8134
144.91.104.134 - - [07/Mar/2025:00:23:00 +0100] "GET /ticket2/opencms/se/nl/buy/?page=1&edid=2CBE3E66-EEE8-9717-88A1-14BFB07BB2DE&sortorder=desc&column=section HTTP/1.1" 404 -
40.77.167.60 - - [07/Mar/2025:00:23:01 +0100] "GET /ticket2/opencms/sv/buy?page=1&edid=A94BCDDD-6A47-8BBA-678A-1910593141BC HTTP/1.1" 200 111364
67.144.4.13 - - [07/Mar/2025:00:23:04 +0100] "GET /ticket2/opencms/sv/buy/?page=1&edid=3B89D76C-67F5-76DB-9E70-49A536639AFD&sortorder=asc&column=section HTTP/1.1" 200 111842
158.220.123.227 - - [07/Mar/2025:00:23:04 +0100] "GET /ticket2/opencms/en/login/?edid=81ED6DDC-8A95-C021-CA9A-A72788EB9E3B HTTP/1.1" 200 90136
62.84.178.152 - - [07/Mar/2025:00:23:05 +0100] "GET /ticket2/opencms/en/buy/?page=1&edid=6DBBE6C7-DD55-9A3A-7306-2ED26DDA2169&sortorder=desc&column=section HTTP/1.1" 200 107828
85.208.96.197 - - [07/Mar/2025:00:23:06 +0100] "GET /ticket2/opencms/pl/magazine/article?title=kevin-de-bruyne HTTP/1.1" 200 93017
144.91.104.134 - - [07/Mar/2025:00:23:07 +0100] "GET /ticket2/opencms/se/nl/buy/?page=1&edid=2D38B293-6E7E-C864-3493-2CA274C1E20F HTTP/1.1" 404 -
20.171.207.125 - - [07/Mar/2025:00:23:07 +0100] "GET /ticket2/opencms/pl/buy/?edid=DE7FBF5B-9DCC-CEE2-6DAD-A4ECB73A57FF&page=1 HTTP/1.1" 200 135118
216.244.66.238 - - [07/Mar/2025:00:23:07 +0100] "GET /ticket2/opencms/dk/buy?page=1&edid=969E5AB7-D3B8-6C58-9920-98035C387D72 HTTP/1.1" 200 109915
67.144.4.13 - - [07/Mar/2025:00:23:09 +0100] "GET /ticket2/opencms/sv/buy/?page=1&edid=BA2FF1F7-E728-8738-5927-CFCA86554278&sortorder=asc&column=row HTTP/1.1" 200 112634
114.119.132.9 - - [07/Mar/2025:00:23:10 +0100] "GET /ticket2/opencms/fr/magazine/article?title=fulham-fc HTTP/1.1" 200 92815
158.220.123.227 - - [07/Mar/2025:00:23:10 +0100] "GET /ticket2/opencms/en/login/?edid=8446D200-DB98-4867-98B9-94B9AACDFC92 HTTP/1.1" 200 90109
62.84.178.152 - - [07/Mar/2025:00:23:11 +0100] "GET /ticket2/opencms/en/buy/?page=1&edid=6E0E607E-1672-92ED-4ADC-66D609CB45A8 HTTP/1.1" 200 109345
54.36.148.165 - - [07/Mar/2025:00:23:11 +0100] "GET /ticket2/opencms/dk/sport/fodboldbilletter/serie-a/ HTTP/1.1" 200 95074
178.25.244.194 - - [07/Mar/2025:00:23:11 +0100] "GET /ticket2/opencms/dk/dk/buy/?page=1&edid=A6C4D480-69FB-83C2-D404-544032F1E834&sortorder=desc&column=price HTTP/1.1" 404 -
114.119.136.30 - - [07/Mar/2025:00:23:12 +0100] "GET /ticket2/opencms/dk/buy?page=1&=7A84F380-D61B-E8A3-BBE7-B6EF5AF48A30 HTTP/1.1" 200 -
173.252.83.2 - - [07/Mar/2025:00:23:12 +0100] "GET /ticket2/opencms/en/sport/football-tickets/la-liga/real_madrid/ HTTP/1.1" 200 92959
66.249.65.35 - - [07/Mar/2025:00:23:12 +0100] "GET /ticket2/opencms/cs/magazine/article?title=fanousci-chelsea-reaguji-s-frustraci HTTP/1.1" 200 93332
67.144.4.13 - - [07/Mar/2025:00:23:13 +0100] "GET /ticket2/opencms/sv/buy/?page=1&edid=BA2FF1F7-E728-8738-5927-CFCA86554278&sortorder=asc&column=section HTTP/1.1" 200 112791
144.91.104.134 - - [07/Mar/2025:00:23:13 +0100] "GET /ticket2/opencms/se/nl/buy/?page=1&edid=2D38B293-6E7E-C864-3493-2CA274C1E20F&sortorder=desc&column=price HTTP/1.1" 404 -
185.191.171.14 - - [07/Mar/2025:00:23:16 +0100] "GET /ticket2/opencms/hu/magazine/article?title=arsenal-es-tottenham-4-4-es-dontetlent-jatszott-egy-epikus-merkozesen-2008-oktober-29-en HTTP/1.1" 200 96854
158.220.123.227 - - [07/Mar/2025:00:23:16 +0100] "GET /ticket2/opencms/en/login/?edid=85A46D4A-3BBA-FABF-1612-5AD8302CC5AE HTTP/1.1" 200 90087
67.144.4.13 - - [07/Mar/2025:00:23:17 +0100] "GET /ticket2/opencms/sv/buy/?page=1&edid=BA2FF1F7-E728-8738-5927-CFCA86554278&sortorder=desc&column=row HTTP/1.1" 200 112669
85.208.96.205 - - [07/Mar/2025:00:23:18 +0100] "GET /ticket2/opencms/robots.txt HTTP/1.1" 200 773
178.25.244.194 - - [07/Mar/2025:00:23:18 +0100] "GET /ticket2/opencms/dk/dk/buy/?page=1&edid=A6F0405B-6F91-7436-17DE-B2C293A2F2A2&sortorder=desc&column=row HTTP/1.1" 404 -
62.84.178.152 - - [07/Mar/2025:00:23:18 +0100] "GET /ticket2/opencms/en/buy/?page=1&edid=6E0E607E-1672-92ED-4ADC-66D609CB45A8&sortorder=asc&column=section HTTP/1.1" 200 110356
185.191.171.19 - - [07/Mar/2025:00:23:19 +0100] "GET /ticket2/opencms/az/magazine/article?title=cempionlar-liqasi-ticket2-de-biletler HTTP/1.1" 200 97404
144.91.104.134 - - [07/Mar/2025:00:23:20 +0100] "GET /ticket2/opencms/se/nl/buy/?page=1&edid=2E351EEA-33B4-0E8E-6D73-E9AB91DE426F&sortorder=desc&column=price HTTP/1.1" 404 -
67.144.4.13 - - [07/Mar/2025:00:23:21 +0100] "GET /ticket2/opencms/sv/buy/?page=1&edid=BA2FF1F7-E728-8738-5927-CFCA86554278&sortorder=desc&column=section HTTP/1.1" 200 112772
51.8.102.199 - - [07/Mar/2025:00:23:21 +0100] "GET /ticket2/opencms/robots.txt HTTP/1.1" 304 -
154.54.249.216 - - [07/Mar/2025:00:23:22 +0100] "GET /ticket2/opencms/sr/?page=6&comcatid=A17713B6-D984-201A-4143-ED4DB5ED5C2E&catid=0A6C99D2-F5BD-7A18-9A5F-5668827042E0&eventid=66D77204-4B8D-B660-88DB-7A93BC4629FF HTTP/1.1" 200 106377
158.220.123.227 - - [07/Mar/2025:00:23:24 +0100] "GET /ticket2/opencms/en/login/?edid=8DAC444C-448D-A1B9-AA6B-69B974B642D4 HTTP/1.1" 200 90126
178.25.244.194 - - [07/Mar/2025:00:23:24 +0100] "GET /ticket2/opencms/dk/dk/buy/?page=1&edid=A9906BBD-0C69-0408-A4BA-BF17B1215AAD&sortorder=desc&column=price HTTP/1.1" 404 -
95.217.114.173 - - [07/Mar/2025:00:23:24 +0100] "GET /ticket2/opencms/en/sell/?edid=65351025-5BC0-55C2-C214-BB8E62D801B4 HTTP/1.1" 302 -
95.217.114.173 - - [07/Mar/2025:00:23:25 +0100] "GET /ticket2/opencms/en/login/?url=/en/sell/ HTTP/1.1" 200 90154
67.144.4.13 - - [07/Mar/2025:00:23:25 +0100] "GET /ticket2/opencms/sv/buy/?page=1&edid=BBEC338A-242D-58E1-7095-18B90F7D3463&sortorder=asc&column=price HTTP/1.1" 200 112729
144.91.104.134 - - [07/Mar/2025:00:23:26 +0100] "GET /ticket2/opencms/se/nl/buy/?page=1&edid=2E351EEA-33B4-0E8E-6D73-E9AB91DE426F&sortorder=desc&column=row HTTP/1.1" 404 -
62.84.178.152 - - [07/Mar/2025:00:23:27 +0100] "GET /ticket2/opencms/en/buy/?page=1&edid=6EB73123-E284-7FA6-0201-740BB788C8E1&sortorder=desc&column=price HTTP/1.1" 200 110624
67.144.4.13 - - [07/Mar/2025:00:23:29 +0100] "GET /ticket2/opencms/sv/buy/?page=1&edid=BBEC338A-242D-58E1-7095-18B90F7D3463&sortorder=asc&column=row HTTP/1.1" 200 112542
158.220.123.227 - - [07/Mar/2025:00:23:30 +0100] "GET /ticket2/opencms/en/login/?edid=ACE0111C-6B99-CC8A-A851-A31348B3D091 HTTP/1.1" 200 90139
178.25.244.194 - - [07/Mar/2025:00:23:31 +0100] "GET /ticket2/opencms/dk/dk/buy/?page=1&edid=A9D67044-473D-6F5F-B974-FC205A560203&sortorder=asc&column=row HTTP/1.1" 404 -
47.128.39.210 - - [07/Mar/2025:00:23:32 +0100] "GET /ticket2/opencms/fi/buy/?edid=0E2185D1-6D42-D80F-0E47-29A01B6B0415 HTTP/1.1" 200 91495
144.91.104.134 - - [07/Mar/2025:00:23:33 +0100] "GET /ticket2/opencms/se/nl/buy/?page=1&edid=32BF0609-F2DA-AC01-0A1E-DC0F351CAD89&sortorder=asc&column=price HTTP/1.1" 404 -
62.84.178.152 - - [07/Mar/2025:00:23:33 +0100] "GET /ticket2/opencms/en/buy/?page=1&edid=6EB73123-E284-7FA6-0201-740BB788C8E1&sortorder=desc&column=row HTTP/1.1" 200 110531
67.144.4.13 - - [07/Mar/2025:00:23:34 +0100] "GET /ticket2/opencms/sv/buy/?page=1&edid=BBEC338A-242D-58E1-7095-18B90F7D3463&sortorder=asc&column=section HTTP/1.1" 200 112718
158.220.123.227 - - [07/Mar/2025:00:23:36 +0100] "GET /ticket2/opencms/en/login/?edid=AD9A0F9C-B1D6-F241-C0E5-BD950DA516BE HTTP/1.1" 200 90166
47.128.99.76 - - [07/Mar/2025:00:23:37 +0100] "GET /ticket2/opencms/sv/magazine/article?title=allsvenskan-den-svenska-fotbollens-premier-league HTTP/1.1" 200 93472
85.208.96.200 - - [07/Mar/2025:00:23:37 +0100] "GET /ticket2/opencms/en/sport/football-tickets/premier_league/manchester_united HTTP/1.1" 200 100059
178.25.244.194 - - [07/Mar/2025:00:23:38 +0100] "GET /ticket2/opencms/dk/dk/buy/?page=1&edid=AC6683BE-480A-B94D-6978-93F20E61B508&sortorder=asc&column=price HTTP/1.1" 404 -
62.84.178.152 - - [07/Mar/2025:00:23:38 +0100] "GET /ticket2/opencms/en/buy/?page=1&edid=6EB73123-E284-7FA6-0201-740BB788C8E1&sortorder=desc&column=section HTTP/1.1" 200 110596
67.144.4.13 - - [07/Mar/2025:00:23:38 +0100] "GET /ticket2/opencms/sv/buy/?page=1&edid=BC1E5412-9D56-1C5F-4E48-5A2B4649D9E8&sortorder=asc&column=price HTTP/1.1" 200 111754
144.91.104.134 - - [07/Mar/2025:00:23:39 +0100] "GET /ticket2/opencms/se/nl/buy/?page=1&edid=3322B475-5769-AB66-F68E-D03472D26906&sortorder=asc&column=price HTTP/1.1" 404 -
47.128.99.76 - - [07/Mar/2025:00:23:40 +0100] "GET /ticket2/opencms/img/boot.jpeg HTTP/1.1" 200 1703280
95.217.114.173 - - [07/Mar/2025:00:23:41 +0100] "GET /ticket2/opencms/en/sell/?edid=656D1E5F-BBFD-CE9F-502A-B223CEB15E2A HTTP/1.1" 302 -
158.220.123.227 - - [07/Mar/2025:00:23:41 +0100] "GET /ticket2/opencms/en/login/?edid=AF060661-9056-165F-A29B-9E0A6ECE5167 HTTP/1.1" 200 90093
95.217.114.173 - - [07/Mar/2025:00:23:41 +0100] "GET /ticket2/opencms/en/login/?url=/en/sell/ HTTP/1.1" 200 90099
67.144.4.13 - - [07/Mar/2025:00:23:43 +0100] "GET /ticket2/opencms/sv/buy/?page=1&edid=BC1E5412-9D56-1C5F-4E48-5A2B4649D9E8&sortorder=asc&column=section HTTP/1.1" 200 111943
62.84.178.152 - - [07/Mar/2025:00:23:43 +0100] "GET /ticket2/opencms/en/buy/?page=1&edid=6FC91A00-5A63-9CB1-5525-B6AC4CF4C5AD&sortorder=desc&column=row HTTP/1.1" 200 110032
178.25.244.194 - - [07/Mar/2025:00:23:44 +0100] "GET /ticket2/opencms/dk/dk/buy/?page=1&edid=AC6683BE-480A-B94D-6978-93F20E61B508&sortorder=asc&column=section HTTP/1.1" 404 -
144.91.104.134 - - [07/Mar/2025:00:23:46 +0100] "GET /ticket2/opencms/se/nl/buy/?page=1&edid=3689E117-05AE-6AA6-970E-FD9977AC75C7 HTTP/1.1" 404 -
52.167.144.184 - - [07/Mar/2025:00:23:48 +0100] "GET /ticket2/opencms/mk/buy?page=1&edid=64ED0EC9-75A5-F773-0C16-11EBB640A9D8 HTTP/1.1" 404 -
52.167.144.184 - - [07/Mar/2025:00:23:48 +0100] "GET /ticket2/opencms/dk/sell/?edid=B45B9915-2AAF-EACC-9DC7-4BA0AACA42A2 HTTP/1.1" 302 -
95.217.114.173 - - [07/Mar/2025:00:23:48 +0100] "GET /ticket2/opencms/en/sell/?edid=65B74A82-6275-46AC-7C06-85D0866D2D84 HTTP/1.1" 302 -
67.144.4.13 - - [07/Mar/2025:00:23:48 +0100] "GET /ticket2/opencms/tb/opencms/en/archive/events/west_ham/ HTTP/1.1" 404 -
95.217.114.173 - - [07/Mar/2025:00:23:49 +0100] "GET /ticket2/opencms/en/login/?url=/en/sell/ HTTP/1.1" 200 90071
52.167.144.184 - - [07/Mar/2025:00:23:50 +0100] "GET /ticket2/opencms/bg/buy/?page=1&edid=32359E59-20A4-8706-5D64-A284D441A719 HTTP/1.1" 200 114307
62.84.178.152 - - [07/Mar/2025:00:23:50 +0100] "GET /ticket2/opencms/en/buy/?page=1&edid=708135B7-2865-EC75-9F9F-ABBDF40E8A70&sortorder=asc&column=row HTTP/1.1" 200 110874
