148.252.96.166 - - [07/Mar/2025:00:35:22 +0100] "GET /ticket2/opencms/system/modules/com.gridnine.opencms.ticketbrokerage.site/resources/css/calendar.css HTTP/1.1" 200 6871
148.252.96.166 - - [07/Mar/2025:00:35:22 +0100] "GET /ticket2/opencms/system/modules/com.gridnine.opencms.ticketbrokerage.site/resources/css/jquery-ui.css HTTP/1.1" 200 33221
148.252.96.166 - - [07/Mar/2025:00:35:22 +0100] "GET /ticket2/opencms/system/modules/com.gridnine.opencms.ticketbrokerage.site/resources/css/standard.css HTTP/1.1" 200 74449
148.252.96.166 - - [07/Mar/2025:00:35:22 +0100] "GET /ticket2/opencms/system/modules/com.gridnine.opencms.ticketbrokerage.site/resources/css/jquery.fancybox.css HTTP/1.1" 200 4939
148.252.96.166 - - [07/Mar/2025:00:35:22 +0100] "GET /ticket2/opencms/system/modules/com.gridnine.opencms.ticketbrokerage.site/resources/js/jquery/jquery.js HTTP/1.1" 200 93868
148.252.96.166 - - [07/Mar/2025:00:35:22 +0100] "GET /ticket2/opencms/system/modules/com.gridnine.opencms.ticketbrokerage.site/resources/js/jquery/jquery-ui.js HTTP/1.1" 200 228088
148.252.96.166 - - [07/Mar/2025:00:35:22 +0100] "GET /ticket2/opencms/system/modules/com.gridnine.opencms.ticketbrokerage.site/resources/js/functions.js HTTP/1.1" 200 1583
148.252.96.166 - - [07/Mar/2025:00:35:22 +0100] "GET /ticket2/opencms/system/modules/com.gridnine.opencms.ticketbrokerage.site/resources/js/calendar.js HTTP/1.1" 200 49229
148.252.96.166 - - [07/Mar/2025:00:35:22 +0100] "GET /ticket2/opencms/system/modules/com.gridnine.opencms.ticketbrokerage.site/resources/js/jquery.fancybox.pack.js HTTP/1.1" 200 23187
148.252.96.166 - - [07/Mar/2025:00:35:22 +0100] "GET /ticket2/opencms/system/modules/com.gridnine.opencms.ticketbrokerage.site/resources/js/calendar-setup.js HTTP/1.1" 200 4923
148.252.96.166 - - [07/Mar/2025:00:35:22 +0100] "GET /ticket2/opencms/system/modules/com.gridnine.opencms.ticketbrokerage.site/resources/js/calendar-en.js HTTP/1.1" 200 3338
148.252.96.166 - - [07/Mar/2025:00:35:22 +0100] "GET /ticket2/opencms/system/modules/com.gridnine.opencms.ticketbrokerage.site/resources/js/stickyfill.min.js HTTP/1.1" 200 5672
148.252.96.166 - - [07/Mar/2025:00:35:22 +0100] "GET /ticket2/opencms/img/icons/en.png HTTP/1.1" 200 2415
148.252.96.166 - - [07/Mar/2025:00:35:22 +0100] "GET /ticket2/opencms/img/icons/se.png HTTP/1.1" 200 1258
148.252.96.166 - - [07/Mar/2025:00:35:22 +0100] "GET /ticket2/opencms/system/modules/com.gridnine.opencms.ticketbrokerage.site/resources/js/jquery.placeholder.min.js HTTP/1.1" 200 1737
148.252.96.166 - - [07/Mar/2025:00:35:22 +0100] "GET /ticket2/opencms/system/modules/com.gridnine.opencms.ticketbrokerage.site/resources/js/standard.js HTTP/1.1" 200 3983
148.252.96.166 - - [07/Mar/2025:00:35:22 +0100] "GET /ticket2/opencms/system/modules/com.gridnine.opencms.ticketbrokerage.site/resources/js/common-ajax.js HTTP/1.1" 200 20175
148.252.96.166 - - [07/Mar/2025:00:35:22 +0100] "GET /ticket2/opencms/system/modules/com.gridnine.opencms.ticketbrokerage.site/resources/pics/footer-img.jpg HTTP/1.1" 200 67642
148.252.96.166 - - [07/Mar/2025:00:35:22 +0100] "GET /ticket2/opencms/img/insta.png HTTP/1.1" 200 3967
148.252.96.166 - - [07/Mar/2025:00:35:22 +0100] "GET /ticket2/opencms/img/fb.png HTTP/1.1" 200 1269
148.252.96.166 - - [07/Mar/2025:00:35:22 +0100] "GET /ticket2/opencms/system/modules/com.gridnine.opencms.ticketbrokerage.site/resources/pics/logo-new.png HTTP/1.1" 200 13541
148.252.96.166 - - [07/Mar/2025:00:35:22 +0100] "GET /ticket2/opencms/img/banner-pl.jpeg HTTP/1.1" 200 41818
148.252.96.166 - - [07/Mar/2025:00:35:22 +0100] "GET /ticket2/opencms/img/banner-sa.jpeg HTTP/1.1" 200 41270
148.252.96.166 - - [07/Mar/2025:00:35:22 +0100] "GET /ticket2/opencms/img/banner-ll.jpeg HTTP/1.1" 200 41825
148.252.96.166 - - [07/Mar/2025:00:35:22 +0100] "GET /ticket2/opencms/img/mail.png HTTP/1.1" 200 403
148.252.96.166 - - [07/Mar/2025:00:35:22 +0100] "GET /ticket2/opencms/img/chat.png HTTP/1.1" 200 416
148.252.96.166 - - [07/Mar/2025:00:35:22 +0100] "GET /ticket2/opencms/img/check.png HTTP/1.1" 200 548
148.252.96.166 - - [07/Mar/2025:00:35:22 +0100] "GET /ticket2/opencms/img/arrow.png HTTP/1.1" 200 753
148.252.96.166 - - [07/Mar/2025:00:35:22 +0100] "GET /ticket2/opencms/img/icons/fi.png HTTP/1.1" 200 1785
148.252.96.166 - - [07/Mar/2025:00:35:22 +0100] "GET /ticket2/opencms/img/icons/no.png HTTP/1.1" 200 1958
148.252.96.166 - - [07/Mar/2025:00:35:22 +0100] "GET /ticket2/opencms/img/icons/dk.png HTTP/1.1" 200 1706
148.252.96.166 - - [07/Mar/2025:00:35:22 +0100] "GET /ticket2/opencms/img/icons/nl.png HTTP/1.1" 200 1255
148.252.96.166 - - [07/Mar/2025:00:35:22 +0100] "GET /ticket2/opencms/img/icons/globe-white.png HTTP/1.1" 200 947
148.252.96.166 - - [07/Mar/2025:00:35:22 +0100] "GET /ticket2/opencms/img/icons/de.png HTTP/1.1" 200 1124
148.252.96.166 - - [07/Mar/2025:00:35:22 +0100] "GET /ticket2/opencms/img/icons/fr.png HTTP/1.1" 200 1764
148.252.96.166 - - [07/Mar/2025:00:35:22 +0100] "GET /ticket2/opencms/img/icons/es.png HTTP/1.1" 200 1005
148.252.96.166 - - [07/Mar/2025:00:35:23 +0100] "GET /ticket2/opencms/img/icons/it.png HTTP/1.1" 200 2040
148.252.96.166 - - [07/Mar/2025:00:35:23 +0100] "GET /ticket2/opencms/img/icons/pl.png HTTP/1.1" 200 1578
148.252.96.166 - - [07/Mar/2025:00:35:23 +0100] "GET /ticket2/opencms/img/icons/sq.png HTTP/1.1" 200 1619
148.252.96.166 - - [07/Mar/2025:00:35:23 +0100] "GET /ticket2/opencms/img/icons/az.png HTTP/1.1" 200 1445
148.252.96.166 - - [07/Mar/2025:00:35:23 +0100] "GET /ticket2/opencms/img/icons/be.png HTTP/1.1" 200 1663
148.252.96.166 - - [07/Mar/2025:00:35:23 +0100] "GET /ticket2/opencms/img/icons/bs.png HTTP/1.1" 200 1014
148.252.96.166 - - [07/Mar/2025:00:35:23 +0100] "GET /ticket2/opencms/img/icons/et.png HTTP/1.1" 200 754
148.252.96.166 - - [07/Mar/2025:00:35:23 +0100] "GET /ticket2/opencms/img/icons/ka.png HTTP/1.1" 200 860
148.252.96.166 - - [07/Mar/2025:00:35:23 +0100] "GET /ticket2/opencms/img/icons/bg.png HTTP/1.1" 200 788
148.252.96.166 - - [07/Mar/2025:00:35:23 +0100] "GET /ticket2/opencms/img/icons/cs.png HTTP/1.1" 200 1883
148.252.96.166 - - [07/Mar/2025:00:35:23 +0100] "GET /ticket2/opencms/img/icons/el.png HTTP/1.1" 200 1637
148.252.96.166 - - [07/Mar/2025:00:35:23 +0100] "GET /ticket2/opencms/img/icons/hr.png HTTP/1.1" 200 2024
148.252.96.166 - - [07/Mar/2025:00:35:23 +0100] "GET /ticket2/opencms/img/icons/hu.png HTTP/1.1" 200 733
148.252.96.166 - - [07/Mar/2025:00:35:23 +0100] "GET /ticket2/opencms/img/icons/is.png HTTP/1.1" 200 1884
148.252.96.166 - - [07/Mar/2025:00:35:23 +0100] "GET /ticket2/opencms/img/icons/ga.png HTTP/1.1" 200 1759
148.252.96.166 - - [07/Mar/2025:00:35:23 +0100] "GET /ticket2/opencms/img/icons/lv.png HTTP/1.1" 200 716
148.252.96.166 - - [07/Mar/2025:00:35:23 +0100] "GET /ticket2/opencms/img/icons/lt.png HTTP/1.1" 200 733
148.252.96.166 - - [07/Mar/2025:00:35:23 +0100] "GET /ticket2/opencms/img/icons/mt.png HTTP/1.1" 200 920
148.252.96.166 - - [07/Mar/2025:00:35:23 +0100] "GET /ticket2/opencms/img/icons/sk.png HTTP/1.1" 200 1283
148.252.96.166 - - [07/Mar/2025:00:35:23 +0100] "GET /ticket2/opencms/img/icons/sr.png HTTP/1.1" 200 1602
148.252.96.166 - - [07/Mar/2025:00:35:23 +0100] "GET /ticket2/opencms/img/icons/ro.png HTTP/1.1" 200 1393
148.252.96.166 - - [07/Mar/2025:00:35:23 +0100] "GET /ticket2/opencms/img/icons/mo.png HTTP/1.1" 200 1468
148.252.96.166 - - [07/Mar/2025:00:35:23 +0100] "GET /ticket2/opencms/img/icons/uk.png HTTP/1.1" 200 1272
148.252.96.166 - - [07/Mar/2025:00:35:23 +0100] "GET /ticket2/opencms/img/icons/sl.png HTTP/1.1" 200 966
148.252.96.166 - - [07/Mar/2025:00:35:23 +0100] "GET /ticket2/opencms/img/icons/tr.png HTTP/1.1" 200 1636
148.252.96.166 - - [07/Mar/2025:00:35:23 +0100] "GET /ticket2/opencms/img/icons/ticket2.thumbnail.png HTTP/1.1" 200 21519
148.252.96.166 - - [07/Mar/2025:00:35:23 +0100] "GET /ticket2/opencms/system/modules/com.gridnine.opencms.ticketbrokerage.site/resources/js/standard.js HTTP/1.1" 200 3983
85.208.96.200 - - [07/Mar/2025:00:35:24 +0100] "GET /ticket2/opencms/az/magazine/article?title=pep-guardiolanin-futbol-inqilabi-taktiki-ustaligin-tesiri HTTP/1.1" 200 95195
35.95.253.101 - - [07/Mar/2025:00:35:28 +0100] "GET /ticket2/opencms/be/sport/futbol-kvitki/premier-league/chelsea/ HTTP/1.1" 200 103010
144.91.104.134 - - [07/Mar/2025:00:35:28 +0100] "GET /ticket2/opencms/se/nl/buy/?page=1&edid=671B0C16-38D6-D113-D7B3-232AEB5E534F&sortorder=desc&column=row HTTP/1.1" 404 -
178.25.244.194 - - [07/Mar/2025:00:35:28 +0100] "GET /ticket2/opencms/dk/fi/buy/?page=1&edid=AD1489BC-D85F-F906-30B7-DAF56FC0FE6B&sortorder=desc&column=row HTTP/1.1" 404 -
173.252.69.112 - - [07/Mar/2025:00:35:32 +0100] "GET /ticket2/opencms/et/sport/jalgpallipiletid/la-liga/real-sociedad/ HTTP/1.1" 200 102510
47.128.20.171 - - [07/Mar/2025:00:35:33 +0100] "GET /ticket2/opencms/es/buy?edid=9AD6E1E6-FB1D-3EDD-D6AB-CD76FAA24E1B HTTP/1.1" 200 91501
144.91.104.134 - - [07/Mar/2025:00:35:34 +0100] "GET /ticket2/opencms/se/nl/buy/?page=1&edid=671CE644-9201-9B8A-7204-3D3D5A9B0840 HTTP/1.1" 404 -
85.208.96.199 - - [07/Mar/2025:00:35:34 +0100] "GET /ticket2/opencms/tr/magazine/article?title=erling-braut-haaland HTTP/1.1" 200 92782
178.25.244.194 - - [07/Mar/2025:00:35:35 +0100] "GET /ticket2/opencms/dk/fi/buy/?page=1&edid=AEE686B1-0F06-BE3A-CE07-98C2BAFB7F71&sortorder=desc&column=row HTTP/1.1" 404 -
40.77.167.22 - - [07/Mar/2025:00:35:39 +0100] "GET /ticket2/opencms/et/buy?page=1&edid=6CCF0F90-5F6A-D55A-16F8-7EC217FF3ED3 HTTP/1.1" 200 108369
95.217.114.173 - - [07/Mar/2025:00:35:40 +0100] "GET /ticket2/opencms/en/sell/?edid=70200FED-4146-E5B6-C824-FD0F0C956695 HTTP/1.1" 302 -
40.77.167.22 - - [07/Mar/2025:00:35:41 +0100] "GET /ticket2/opencms/ga/buy/?page=1&edid=601F2318-7477-7FC8-2487-EFF4A82C960F HTTP/1.1" 200 109089
144.91.104.134 - - [07/Mar/2025:00:35:41 +0100] "GET /ticket2/opencms/se/nl/buy/?page=1&edid=671CE644-9201-9B8A-7204-3D3D5A9B0840&sortorder=desc&column=price HTTP/1.1" 404 -
95.217.114.173 - - [07/Mar/2025:00:35:41 +0100] "GET /ticket2/opencms/en/login/?url=/en/sell/ HTTP/1.1" 200 90081
178.25.244.194 - - [07/Mar/2025:00:35:42 +0100] "GET /ticket2/opencms/dk/fi/buy/?page=1&edid=AF10138E-A60F-F322-730E-45CBD84A9C2C&sortorder=desc&column=price HTTP/1.1" 404 -
185.191.171.11 - - [07/Mar/2025:00:35:43 +0100] "GET /ticket2/opencms/pl/magazine/article?title=chelsea-kontra-tottenham-2-0 HTTP/1.1" 200 93803
185.191.171.10 - - [07/Mar/2025:00:35:44 +0100] "GET /ticket2/opencms/hu/sell/ HTTP/1.1" 302 -
114.119.150.22 - - [07/Mar/2025:00:35:45 +0100] "GET /ticket2/opencms/pl/magazine/article?title=lista-nominowanych-do-zlotej-pilki HTTP/1.1" 200 94874
144.91.104.134 - - [07/Mar/2025:00:35:47 +0100] "GET /ticket2/opencms/se/nl/buy/?page=1&edid=671CE644-9201-9B8A-7204-3D3D5A9B0840&sortorder=desc&column=section HTTP/1.1" 404 -
178.25.244.194 - - [07/Mar/2025:00:35:49 +0100] "GET /ticket2/opencms/dk/fi/buy/?page=1&edid=AF10138E-A60F-F322-730E-45CBD84A9C2C&sortorder=desc&column=row HTTP/1.1" 404 -
35.95.253.101 - - [07/Mar/2025:00:35:49 +0100] "GET /ticket2/opencms/be/sport/futbol-kvitki/premier-league/tottenham HTTP/1.1" 200 97199
114.119.141.178 - - [07/Mar/2025:00:35:49 +0100] "GET /ticket2/opencms/de/buy?page=1&=7568E602-7C67-35D2-952F-D243F8930169 HTTP/1.1" 200 -
114.119.141.178 - - [07/Mar/2025:00:35:50 +0100] "GET /ticket2/opencms/en/buy?page=1&edid=330F2908-F2E8-6925-771A-2D5FC8A92AD5 HTTP/1.1" 200 108969
85.208.96.200 - - [07/Mar/2025:00:35:51 +0100] "GET /ticket2/opencms/hu/login/?url=%25252Fhu%25252Fsell%25252F HTTP/1.1" 200 91947
114.119.132.57 - - [07/Mar/2025:00:35:52 +0100] "GET /ticket2/opencms/en/venue/?venueid=4C06C577-F477-221D-FB2B-584531FBAF49 HTTP/1.1" 200 85308
95.217.114.173 - - [07/Mar/2025:00:35:52 +0100] "GET /ticket2/opencms/en/sell/?edid=7096723F-3AA2-C6C7-432B-FA3E62922FD4 HTTP/1.1" 302 -
95.217.114.173 - - [07/Mar/2025:00:35:53 +0100] "GET /ticket2/opencms/en/login/?url=/en/sell/ HTTP/1.1" 200 90065
144.91.104.134 - - [07/Mar/2025:00:35:53 +0100] "GET /ticket2/opencms/se/no/buy/?page=1&edid=3FCB9CEE-895D-725D-7D14-8EF1B7703A64&sortorder=asc&column=section HTTP/1.1" 404 -
178.25.244.194 - - [07/Mar/2025:00:35:55 +0100] "GET /ticket2/opencms/dk/fi/buy/?page=1&edid=AF10138E-A60F-F322-730E-45CBD84A9C2C&sortorder=desc&column=section HTTP/1.1" 404 -
194.120.230.215 - - [07/Mar/2025:00:35:55 +0100] "GET /ticket2/opencms/de/cgi-bin/luci/;stok=/locale HTTP/1.1" 404 -
40.77.167.22 - - [07/Mar/2025:00:35:58 +0100] "GET /ticket2/opencms/fi/buy?page=1&edid=27C30962-08EE-4015-79A7-806B34CC7833 HTTP/1.1" 200 108447
144.91.104.134 - - [07/Mar/2025:00:36:00 +0100] "GET /ticket2/opencms/se/no/buy/?page=1&edid=41B0AD3F-D5B6-C8C5-9D9D-00306E5C1BE4 HTTP/1.1" 404 -
178.25.244.194 - - [07/Mar/2025:00:36:02 +0100] "GET /ticket2/opencms/dk/fi/buy/?page=1&edid=B12EFA8D-4EC4-DDCD-8B91-E676E87E71DF&sortorder=desc&column=section HTTP/1.1" 404 -
144.91.104.134 - - [07/Mar/2025:00:36:05 +0100] "GET /ticket2/opencms/se/ru/buy/?page=1&edid=6CFC6D67-8616-D322-16CD-04AF153E55FB&sortorder=desc&column=section HTTP/1.1" 404 -
185.191.171.11 - - [07/Mar/2025:00:36:05 +0100] "GET /ticket2/opencms/bs/magazine/article?title=dobitnik-zlatne-lopte-2024 HTTP/1.1" 200 93497
47.128.124.172 - - [07/Mar/2025:00:36:06 +0100] "GET /ticket2/opencms/sv/buy?edid=E4CE59AD-0A49-0DBB-D7BA-829D59D33CD7 HTTP/1.1" 200 91183
185.191.171.8 - - [07/Mar/2025:00:36:07 +0100] "GET /ticket2/opencms/tr/magazine/article?title=petas-kylian-mbappe HTTP/1.1" 200 93089
35.95.253.101 - - [07/Mar/2025:00:36:07 +0100] "GET /ticket2/opencms/lv/buy?page=1&edid=C64002B7-B7A3-A646-1770-7E79C914EDA5 HTTP/1.1" 200 135425
178.25.244.194 - - [07/Mar/2025:00:36:08 +0100] "GET /ticket2/opencms/dk/fi/buy/?page=1&edid=B2F92221-2B73-EA2C-C166-398C5B5E8EA2 HTTP/1.1" 404 -
85.208.96.194 - - [07/Mar/2025:00:36:09 +0100] "GET /ticket2/opencms/sk/magazine/article?title=joel-matip-odchadza-z-liverpool-fc HTTP/1.1" 200 95754
144.91.104.134 - - [07/Mar/2025:00:36:09 +0100] "GET /ticket2/opencms/se/ru/buy/?page=1&edid=6D38093E-4119-E831-1393-4711948B963D&sortorder=asc&column=price HTTP/1.1" 404 -
85.208.96.206 - - [07/Mar/2025:00:36:12 +0100] "GET /ticket2/opencms/tr/spor/futbol-biletleri/serie-a/inter HTTP/1.1" 200 99866
144.91.104.134 - - [07/Mar/2025:00:36:14 +0100] "GET /ticket2/opencms/se/ru/buy/?page=1&edid=6D38093E-4119-E831-1393-4711948B963D&sortorder=asc&column=row HTTP/1.1" 404 -
178.25.244.194 - - [07/Mar/2025:00:36:15 +0100] "GET /ticket2/opencms/dk/fi/buy/?page=1&edid=B2F92221-2B73-EA2C-C166-398C5B5E8EA2&sortorder=desc&column=price HTTP/1.1" 404 -
114.119.136.30 - - [07/Mar/2025:00:36:15 +0100] "GET /ticket2/opencms/de/buy?page=1&=62562217-76BA-D78D-2133-BC27A23FFCB8 HTTP/1.1" 200 -
114.119.150.49 - - [07/Mar/2025:00:36:15 +0100] "GET /ticket2/opencms/fr/magazine/article?title=achetez-des-billets-pour-la-bundesliga-sur-ticket2com HTTP/1.1" 200 93059
40.77.167.23 - - [07/Mar/2025:00:36:16 +0100] "GET /ticket2/opencms/is/buy?page=1&edid=A492339E-0658-D77B-570A-6146F24F8C0A HTTP/1.1" 200 111137
114.119.129.189 - - [07/Mar/2025:00:36:16 +0100] "GET /ticket2/opencms/en/sport/football-tickets/premier_league/manchester_united/ HTTP/1.1" 200 100032
144.91.104.134 - - [07/Mar/2025:00:36:19 +0100] "GET /ticket2/opencms/se/ru/buy/?page=1&edid=6E15960A-CBB7-F65E-AF9E-216AA3DAEF46 HTTP/1.1" 404 -
66.249.76.2 - - [07/Mar/2025:00:36:19 +0100] "GET /ticket2/opencms/mt/buy/?page=1&edid=FABE4148-094C-7239-F6DD-5F6F4EB97A09 HTTP/1.1" 200 135306
66.249.90.133 - - [07/Mar/2025:00:36:21 +0100] "GET /ticket2/opencms/dk/sport/fodboldbilletter/la-liga/ HTTP/1.1" 200 95371
178.25.244.194 - - [07/Mar/2025:00:36:21 +0100] "GET /ticket2/opencms/dk/fi/buy/?page=1&edid=B461BF01-8096-3162-6C25-1DC71021C836&sortorder=desc&column=price HTTP/1.1" 404 -
144.91.104.134 - - [07/Mar/2025:00:36:23 +0100] "GET /ticket2/opencms/se/ru/buy/?page=1&edid=6E5B08B0-3905-BF03-78B4-1F5EF1DE1581&sortorder=asc&column=price HTTP/1.1" 404 -
35.95.253.101 - - [07/Mar/2025:00:36:27 +0100] "GET /ticket2/opencms/lv/buy?page=1&edid=DE6EAF1E-F0E3-BCEF-6FE9-789554B2D96C HTTP/1.1" 200 123933
178.25.244.194 - - [07/Mar/2025:00:36:28 +0100] "GET /ticket2/opencms/dk/fi/buy/?page=1&edid=B461BF01-8096-3162-6C25-1DC71021C836&sortorder=desc&column=row HTTP/1.1" 404 -
144.91.104.134 - - [07/Mar/2025:00:36:28 +0100] "GET /ticket2/opencms/se/ru/buy/?page=1&edid=6EA2D348-88C2-3D24-490F-B5624CA04074 HTTP/1.1" 404 -
144.91.104.134 - - [07/Mar/2025:00:36:33 +0100] "GET /ticket2/opencms/se/ru/buy/?page=1&edid=700C6A66-9C47-818C-453E-16ACCDD28C59 HTTP/1.1" 404 -
178.25.244.194 - - [07/Mar/2025:00:36:34 +0100] "GET /ticket2/opencms/dk/fi/buy/?page=1&edid=B461BF01-8096-3162-6C25-1DC71021C836&sortorder=desc&column=section HTTP/1.1" 404 -
95.217.114.173 - - [07/Mar/2025:00:36:35 +0100] "GET /ticket2/opencms/en/sell/?edid=71E66324-0F6E-EB4F-E8BD-271F4B49C83D HTTP/1.1" 302 -
95.217.114.173 - - [07/Mar/2025:00:36:36 +0100] "GET /ticket2/opencms/en/login/?url=/en/sell/ HTTP/1.1" 200 90116
51.8.102.147 - - [07/Mar/2025:00:36:36 +0100] "GET /ticket2/opencms/de/robots.txt HTTP/1.1" 404 -
66.249.90.132 - - [07/Mar/2025:00:36:37 +0100] "GET /ticket2/opencms/system/modules/com.gridnine.opencms.ticketbrokerage.site/resources/css/jquery.fancybox.css HTTP/1.1" 200 4939
51.8.102.147 - - [07/Mar/2025:00:36:37 +0100] "GET /ticket2/opencms/de/robots.txt HTTP/1.1" 404 -
144.91.104.134 - - [07/Mar/2025:00:36:37 +0100] "GET /ticket2/opencms/se/ru/buy/?page=1&edid=7057B2C9-74F4-D569-B6F7-77B58D68F437&sortorder=asc&column=price HTTP/1.1" 404 -
66.249.90.131 - - [07/Mar/2025:00:36:38 +0100] "GET /ticket2/opencms/system/modules/com.gridnine.opencms.ticketbrokerage.site/resources/css/jquery-ui.css HTTP/1.1" 200 33221
66.249.90.131 - - [07/Mar/2025:00:36:38 +0100] "GET /ticket2/opencms/system/modules/com.gridnine.opencms.ticketbrokerage.site/resources/css/ticketbrokerage.css HTTP/1.1" 200 39339
66.249.90.132 - - [07/Mar/2025:00:36:39 +0100] "GET /ticket2/opencms/system/modules/com.gridnine.opencms.ticketbrokerage.site/resources/css/calendar.css HTTP/1.1" 200 6871
66.249.90.131 - - [07/Mar/2025:00:36:39 +0100] "GET /ticket2/opencms/system/modules/com.gridnine.opencms.ticketbrokerage.site/resources/js/jquery.fancybox.pack.js HTTP/1.1" 200 23187
66.249.90.131 - - [07/Mar/2025:00:36:40 +0100] "GET /ticket2/opencms/system/modules/com.gridnine.opencms.ticketbrokerage.site/resources/js/functions.js HTTP/1.1" 200 1583
66.249.90.131 - - [07/Mar/2025:00:36:40 +0100] "GET /ticket2/opencms/system/modules/com.gridnine.opencms.ticketbrokerage.site/resources/js/calendar-setup.js HTTP/1.1" 200 4923
66.249.90.131 - - [07/Mar/2025:00:36:41 +0100] "GET /ticket2/opencms/system/modules/com.gridnine.opencms.ticketbrokerage.site/resources/js/calendar.js HTTP/1.1" 200 49229
178.25.244.194 - - [07/Mar/2025:00:36:41 +0100] "GET /ticket2/opencms/dk/fi/buy/?page=1&edid=BAF33BAB-F3FE-A596-F7A7-D750C5098FEC&sortorder=desc&column=price HTTP/1.1" 404 -
66.249.90.131 - - [07/Mar/2025:00:36:42 +0100] "GET /ticket2/opencms/system/modules/com.gridnine.opencms.ticketbrokerage.site/resources/js/standard.js HTTP/1.1" 200 3983
185.191.171.11 - - [07/Mar/2025:00:36:42 +0100] "GET /ticket2/opencms/nl/magazine/article?title=nieuw-contract-voor-archie-gray-18-jaar HTTP/1.1" 200 89650
144.91.104.134 - - [07/Mar/2025:00:36:42 +0100] "GET /ticket2/opencms/se/ru/buy/?page=1&edid=752C4804-1447-AA43-50DE-3841CF96C92D HTTP/1.1" 404 -
66.249.90.131 - - [07/Mar/2025:00:36:43 +0100] "GET /ticket2/opencms/system/modules/com.gridnine.opencms.ticketbrokerage.site/resources/js/jquery/jquery.js HTTP/1.1" 200 93868
66.249.90.131 - - [07/Mar/2025:00:36:43 +0100] "GET /ticket2/opencms/system/modules/com.gridnine.opencms.ticketbrokerage.site/resources/css/standard.css HTTP/1.1" 200 74449
66.249.90.131 - - [07/Mar/2025:00:36:44 +0100] "GET /ticket2/opencms/system/modules/com.gridnine.opencms.ticketbrokerage.site/resources/js/stickyfill.min.js HTTP/1.1" 200 5672
66.249.90.131 - - [07/Mar/2025:00:36:45 +0100] "GET /ticket2/opencms/system/modules/com.gridnine.opencms.ticketbrokerage.site/resources/js/calendar-en.js HTTP/1.1" 200 3338
52.167.144.232 - - [07/Mar/2025:00:36:45 +0100] "GET /ticket2/opencms/dk/buy/?page=1&edid=FEF01E45-FEE5-DB5B-D058-BDEFBF8946F4 HTTP/1.1" 200 107349
66.249.90.131 - - [07/Mar/2025:00:36:45 +0100] "GET /ticket2/opencms/system/modules/com.gridnine.opencms.ticketbrokerage.site/resources/js/jquery.placeholder.min.js HTTP/1.1" 200 1737
114.119.140.85 - - [07/Mar/2025:00:36:46 +0100] "GET /ticket2/opencms/fr/magazine/article?title=cole-palmer-decide-du-match-et-alexander-isak-est-de-retour HTTP/1.1" 200 93623
66.249.90.131 - - [07/Mar/2025:00:36:46 +0100] "GET /ticket2/opencms/system/modules/com.gridnine.opencms.ticketbrokerage.site/resources/js/common-ajax.js HTTP/1.1" 200 20175
144.91.104.134 - - [07/Mar/2025:00:36:47 +0100] "GET /ticket2/opencms/se/ru/buy/?page=1&edid=81E3C09B-BAFA-470A-91CA-884257CD3649&sortorder=asc&column=row HTTP/1.1" 404 -
178.25.244.194 - - [07/Mar/2025:00:36:48 +0100] "GET /ticket2/opencms/dk/fi/buy/?page=1&edid=BAF33BAB-F3FE-A596-F7A7-D750C5098FEC&sortorder=desc&column=row HTTP/1.1" 404 -
35.95.253.101 - - [07/Mar/2025:00:36:48 +0100] "GET /ticket2/opencms/lv/buy?page=1&edid=25666712-CB7E-CDDD-4626-F1CD96C38316 HTTP/1.1" 200 145055
43.143.7.112 - - [07/Mar/2025:00:36:49 +0100] "GET /ticket2/opencms/ HTTP/1.1" 302 -
43.143.7.112 - - [07/Mar/2025:00:36:51 +0100] "GET /ticket2/opencms/ HTTP/1.1" 302 -
144.91.104.134 - - [07/Mar/2025:00:36:51 +0100] "GET /ticket2/opencms/se/ru/buy/?page=1&edid=81E3C09B-BAFA-470A-91CA-884257CD3649&sortorder=asc&column=section HTTP/1.1" 404 -
47.128.56.77 - - [07/Mar/2025:00:36:53 +0100] "GET /ticket2/opencms/sv/buy?edid=6CCB6961-ECB4-18EA-B62D-06E43B7F1D47 HTTP/1.1" 200 91320
43.143.7.112 - - [07/Mar/2025:00:36:54 +0100] "GET /ticket2/opencms/en/ HTTP/1.1" 200 103757
43.143.7.112 - - [07/Mar/2025:00:36:54 +0100] "GET /ticket2/opencms/de/ HTTP/1.1" 200 105257
43.143.7.112 - - [07/Mar/2025:00:36:54 +0100] "GET /ticket2/opencms/en/ HTTP/1.1" 200 103716
43.143.7.112 - - [07/Mar/2025:00:36:55 +0100] "GET /ticket2/opencms/de/ HTTP/1.1" 200 105187
178.25.244.194 - - [07/Mar/2025:00:36:55 +0100] "GET /ticket2/opencms/dk/fi/buy/?page=1&edid=BBC9E6CA-B1D9-1FBB-70CA-BD39F7126BAB&sortorder=desc&column=price HTTP/1.1" 404 -
144.91.104.134 - - [07/Mar/2025:00:36:56 +0100] "GET /ticket2/opencms/se/ru/buy/?page=1&edid=824820CC-CEE0-C33E-47FE-80B69B5E3BC0&sortorder=asc&column=row HTTP/1.1" 404 -
69.171.249.8 - - [07/Mar/2025:00:36:59 +0100] "GET /ticket2/opencms/ga/buy/?page=1&edid=00111C9B-5E02-77E7-9B39-8EFC1235AF29 HTTP/1.1" 200 112494
47.128.23.150 - - [07/Mar/2025:00:36:59 +0100] "GET /ticket2/opencms/tr/buy?edid=66C22035-E7EA-E10A-4BFC-2C30733037DC HTTP/1.1" 200 91642
114.119.141.178 - - [07/Mar/2025:00:37:00 +0100] "GET /ticket2/opencms/de/buy?page=1&=578A9E16-C07B-D0DE-3560-BEC65CC0A342 HTTP/1.1" 200 -
144.91.104.134 - - [07/Mar/2025:00:37:01 +0100] "GET /ticket2/opencms/se/ru/buy/?page=1&edid=82CE7DE4-6A70-EA4E-8F52-DA16DF3A5E77&sortorder=asc&column=section HTTP/1.1" 404 -
178.25.244.194 - - [07/Mar/2025:00:37:02 +0100] "GET /ticket2/opencms/dk/fi/buy/?page=1&edid=BBC9E6CA-B1D9-1FBB-70CA-BD39F7126BAB&sortorder=desc&column=section HTTP/1.1" 404 -
185.191.171.15 - - [07/Mar/2025:00:37:03 +0100] "GET /ticket2/opencms/sv/sport/hockeybiljetter/nhl/ HTTP/1.1" 200 98905
144.91.104.134 - - [07/Mar/2025:00:37:05 +0100] "GET /ticket2/opencms/se/ru/buy/?page=1&edid=82F19FA2-FA7A-0459-E232-50321BC9E2B5 HTTP/1.1" 404 -
35.95.253.101 - - [07/Mar/2025:00:37:07 +0100] "GET /ticket2/opencms/lv/buy?page=1&edid=0B7E5CA2-F588-894B-B701-64E6B9532C54 HTTP/1.1" 200 127772
178.25.244.194 - - [07/Mar/2025:00:37:08 +0100] "GET /ticket2/opencms/dk/fi/buy/?page=1&edid=C32ECA23-BB34-3038-1CDC-E47B47AAFB80&sortorder=asc&column=price HTTP/1.1" 404 -
85.208.96.203 - - [07/Mar/2025:00:37:09 +0100] "GET /ticket2/opencms/cs/magazine/article?title=o-fotbalovem-klubu-liverpool-fc HTTP/1.1" 200 96852
144.91.104.134 - - [07/Mar/2025:00:37:10 +0100] "GET /ticket2/opencms/se/ru/buy/?page=1&edid=835B9B3D-AE0A-A1D2-2531-808BBF422F8D&sortorder=asc&column=price HTTP/1.1" 404 -
85.208.96.195 - - [07/Mar/2025:00:37:12 +0100] "GET /ticket2/opencms/sl/magazine/article?title=bergvall-in-kulusevski-navdusujeta HTTP/1.1" 200 94059
95.217.114.173 - - [07/Mar/2025:00:37:13 +0100] "GET /ticket2/opencms/en/sell/?edid=71F61C60-1B72-E1B9-AF4A-A83A1072B2A6 HTTP/1.1" 302 -
52.167.144.142 - - [07/Mar/2025:00:37:14 +0100] "GET /ticket2/opencms/tr/buy?page=1&edid=0FDE0AF4-9670-B36A-AA4D-4052EE1D47FE HTTP/1.1" 200 112102
95.217.114.173 - - [07/Mar/2025:00:37:14 +0100] "GET /ticket2/opencms/en/login/?url=/en/sell/ HTTP/1.1" 200 90032
144.91.104.134 - - [07/Mar/2025:00:37:15 +0100] "GET /ticket2/opencms/se/ru/buy/?page=1&edid=90E73B01-D791-586F-6F20-3478BF142147&sortorder=desc&column=row HTTP/1.1" 404 -
178.25.244.194 - - [07/Mar/2025:00:37:15 +0100] "GET /ticket2/opencms/dk/fi/buy/?page=1&edid=C48EAFD0-8BA3-4D86-9F12-42C6F4555C84 HTTP/1.1" 404 -
52.167.144.142 - - [07/Mar/2025:00:37:15 +0100] "GET /ticket2/opencms/fr/buy?page=1&edid=29B478B3-1B3A-E3C8-BB43-298745EBB50E HTTP/1.1" 200 111812
185.191.171.10 - - [07/Mar/2025:00:37:18 +0100] "GET /ticket2/opencms/et/magazine/article?title=everton HTTP/1.1" 200 92226
47.128.127.202 - - [07/Mar/2025:00:37:19 +0100] "GET /ticket2/opencms/el/buy/?edid=66A41D1B-B106-948F-4ECF-7F8A993B5B86 HTTP/1.1" 200 93208
144.91.104.134 - - [07/Mar/2025:00:37:19 +0100] "GET /ticket2/opencms/se/ru/buy/?page=1&edid=90E73B01-D791-586F-6F20-3478BF142147&sortorder=desc&column=section HTTP/1.1" 404 -
178.25.244.194 - - [07/Mar/2025:00:37:21 +0100] "GET /ticket2/opencms/dk/fi/buy/?page=1&edid=C48EAFD0-8BA3-4D86-9F12-42C6F4555C84&sortorder=desc&column=price HTTP/1.1" 404 -
85.208.96.212 - - [07/Mar/2025:00:37:22 +0100] "GET /ticket2/opencms/robots.txt HTTP/1.1" 200 773
95.217.114.173 - - [07/Mar/2025:00:37:22 +0100] "GET /ticket2/opencms/en/sell/?edid=71FDFE2C-EBDE-49DC-BC24-06DFE2ABAC3A HTTP/1.1" 302 -
52.167.144.142 - - [07/Mar/2025:00:37:23 +0100] "GET /ticket2/opencms/ga/buy/?page=6&comcatid=A17713B6-D984-201A-4143-ED4DB5ED5C2E&catid=0A6C99D2-F5BD-7A18-9A5F-5668827042E0&eventid=E1F7E93A-157E-48B5-16F5-20CB837CCB35 HTTP/1.1" 200 113638
95.217.114.173 - - [07/Mar/2025:00:37:23 +0100] "GET /ticket2/opencms/en/login/?url=/en/sell/ HTTP/1.1" 200 90059
185.191.171.16 - - [07/Mar/2025:00:37:23 +0100] "GET /ticket2/opencms/uk/magazine/article?title=what-is-football HTTP/1.1" 200 95711
144.91.104.134 - - [07/Mar/2025:00:37:24 +0100] "GET /ticket2/opencms/se/ru/buy/?page=1&edid=90F1A3F2-F366-E809-3655-FF4827B850E5&sortorder=desc&column=row HTTP/1.1" 404 -
66.249.73.7 - - [07/Mar/2025:00:37:26 +0100] "GET /ticket2/opencms/mt/buy/?page=1&edid=E929D76A-4B90-77D0-40D9-CD97C2AEF58C HTTP/1.1" 200 112055
40.77.167.75 - - [07/Mar/2025:00:37:26 +0100] "GET /ticket2/opencms/lv/buy?page=1&edid=EEAC8E12-92AA-F0EF-B799-26ACAA3ACC20 HTTP/1.1" 200 111849
114.119.136.146 - - [07/Mar/2025:00:37:26 +0100] "GET /ticket2/opencms/en/sell/?edid=0BC3F5A5-308E-B0A0-740E-F9D10F54F0E4 HTTP/1.1" 302 -
114.119.157.43 - - [07/Mar/2025:00:37:26 +0100] "GET /ticket2/opencms/en/buy/?page=6&comcatid=97ECA65A-72DA-F9AF-9DBB-245D3CFED1BE&catid=6CD184E8-C8D4-E1CC-33D0-6F47E3751240 HTTP/1.1" 200 96589
40.77.167.75 - - [07/Mar/2025:00:37:27 +0100] "GET /ticket2/opencms/ga/buy/?page=1&edid=E2770D18-E952-4B89-3A99-F864CC9397CA HTTP/1.1" 200 112296
178.25.244.194 - - [07/Mar/2025:00:37:28 +0100] "GET /ticket2/opencms/dk/fi/buy/?page=1&edid=C5BE8910-C31D-1B7A-D498-4C5862D3F5A8&sortorder=desc&column=price HTTP/1.1" 404 -
35.95.253.101 - - [07/Mar/2025:00:37:28 +0100] "GET /ticket2/opencms/lv/par-mums HTTP/1.1" 200 89589
144.91.104.134 - - [07/Mar/2025:00:37:29 +0100] "GET /ticket2/opencms/se/ru/buy/?page=1&edid=91A90965-919C-FABC-5A4B-CBD685A20054 HTTP/1.1" 404 -
95.217.114.173 - - [07/Mar/2025:00:37:31 +0100] "GET /ticket2/opencms/en/sell/?edid=7289F2D1-8B79-467B-FDCD-62F6982659A6 HTTP/1.1" 302 -
95.217.114.173 - - [07/Mar/2025:00:37:32 +0100] "GET /ticket2/opencms/en/login/?url=/en/sell/ HTTP/1.1" 200 90109
114.119.136.146 - - [07/Mar/2025:00:37:32 +0100] "GET /ticket2/opencms/en/login/?url=/en/sell/ HTTP/1.1" 200 90029
144.91.104.134 - - [07/Mar/2025:00:37:34 +0100] "GET /ticket2/opencms/se/ru/buy/?page=1&edid=91A90965-919C-FABC-5A4B-CBD685A20054&sortorder=desc&column=price HTTP/1.1" 404 -
185.191.171.6 - - [07/Mar/2025:00:37:34 +0100] "GET /ticket2/opencms/sl/magazine/article?title=prva-zmaga-ipswicha-v-premier-league-po-22-letih HTTP/1.1" 200 93591
178.25.244.194 - - [07/Mar/2025:00:37:34 +0100] "GET /ticket2/opencms/dk/fi/buy/?page=1&edid=C5BE8910-C31D-1B7A-D498-4C5862D3F5A8&sortorder=desc&column=row HTTP/1.1" 404 -
40.77.167.22 - - [07/Mar/2025:00:37:38 +0100] "GET /ticket2/opencms/et/buy/?page=1&edid=2002154A-0979-63C2-6DA2-C28E7B6E108E HTTP/1.1" 200 111646
144.91.104.134 - - [07/Mar/2025:00:37:38 +0100] "GET /ticket2/opencms/se/ru/buy/?page=1&edid=91A90965-919C-FABC-5A4B-CBD685A20054&sortorder=desc&column=row HTTP/1.1" 404 -
178.25.244.194 - - [07/Mar/2025:00:37:41 +0100] "GET /ticket2/opencms/dk/fi/buy/?page=1&edid=C5BE8910-C31D-1B7A-D498-4C5862D3F5A8&sortorder=desc&column=section HTTP/1.1" 404 -
95.217.114.173 - - [07/Mar/2025:00:37:42 +0100] "GET /ticket2/opencms/en/sell/?edid=72CCC969-75DC-08D7-0ED6-A15B0DA3DD38 HTTP/1.1" 302 -
69.171.230.7 - - [07/Mar/2025:00:37:42 +0100] "GET /ticket2/opencms/sv/buy?page=1&edid=4660DE29-C3F1-FFBE-5E6B-4C74E874EC91 HTTP/1.1" 200 111713
95.217.114.173 - - [07/Mar/2025:00:37:43 +0100] "GET /ticket2/opencms/en/login/?url=/en/sell/ HTTP/1.1" 200 90135
144.91.104.134 - - [07/Mar/2025:00:37:43 +0100] "GET /ticket2/opencms/se/ru/buy/?page=1&edid=91A90965-919C-FABC-5A4B-CBD685A20054&sortorder=desc&column=section HTTP/1.1" 404 -
52.167.144.186 - - [07/Mar/2025:00:37:43 +0100] "GET /ticket2/opencms/en/venue/?venueid=785962EB-8414-D059-305F-74BBF3E070CF HTTP/1.1" 200 85294
114.119.150.86 - - [07/Mar/2025:00:37:45 +0100] "GET /ticket2/opencms/de/buy?page=1&=1BFB08A7-6566-B113-E321-5228D23CB18B HTTP/1.1" 200 -
144.91.104.134 - - [07/Mar/2025:00:37:48 +0100] "GET /ticket2/opencms/se/ru/buy/?page=1&edid=947EBC23-4C69-7D7A-6FCA-3CCF3056C531&sortorder=desc&column=row HTTP/1.1" 404 -
178.25.244.194 - - [07/Mar/2025:00:37:48 +0100] "GET /ticket2/opencms/dk/fi/buy/?page=1&edid=CAEC01E6-0D3F-6B15-E791-555064E8C8FC&sortorder=asc&column=row HTTP/1.1" 404 -
85.208.96.199 - - [07/Mar/2025:00:37:48 +0100] "GET /ticket2/opencms/es/magazine/article?title=thomas-tuchel-se-convierte-en-el-nuevo-seleccionador-nacional-de-inglaterra HTTP/1.1" 200 93669
35.95.253.101 - - [07/Mar/2025:00:37:49 +0100] "GET /ticket2/opencms/lv/buy?page=1&edid=10597F35-2AC7-31D2-FB61-15A36BB6D73B HTTP/1.1" 200 136086
144.91.104.134 - - [07/Mar/2025:00:37:52 +0100] "GET /ticket2/opencms/se/ru/buy/?page=1&edid=94C00F6B-FC53-0B34-A8F9-F3B70628243D HTTP/1.1" 404 -
52.167.144.203 - - [07/Mar/2025:00:37:54 +0100] "GET /ticket2/opencms/mo/buy?page=1&edid=8002875D-E399-25EC-C7DC-8B3FB3E1B048 HTTP/1.1" 200 112047
178.25.244.194 - - [07/Mar/2025:00:37:54 +0100] "GET /ticket2/opencms/dk/fi/buy/?page=1&edid=D17BCDC9-514E-EC83-6F19-112FCEE0FDF9&sortorder=asc&column=row HTTP/1.1" 404 -
52.167.144.203 - - [07/Mar/2025:00:37:56 +0100] "GET /ticket2/opencms/fr/buy/?page=1&edid=C0049B49-8D01-C9A0-52E0-C8086FED93CE HTTP/1.1" 200 111565
114.119.139.202 - - [07/Mar/2025:00:37:56 +0100] "GET /ticket2/opencms/en/sport/football-tickets/premier_league/manchester_city/ HTTP/1.1" 200 99567
52.167.144.203 - - [07/Mar/2025:00:37:57 +0100] "GET /ticket2/opencms/bg/buy?page=1&edid=B7C31852-4938-05B8-A23C-0248E7A3D5BA HTTP/1.1" 200 114969
144.91.104.134 - - [07/Mar/2025:00:37:57 +0100] "GET /ticket2/opencms/se/ru/buy/?page=1&edid=954F41CC-8A2E-1DE5-6E1C-102AD232E927&sortorder=desc&column=price HTTP/1.1" 404 -
95.217.114.173 - - [07/Mar/2025:00:38:01 +0100] "GET /ticket2/opencms/en/sell/?edid=7357215B-5A40-7177-BCF6-DDA8743F9320 HTTP/1.1" 302 -
178.25.244.194 - - [07/Mar/2025:00:38:01 +0100] "GET /ticket2/opencms/dk/fi/buy/?page=1&edid=D216C89C-1168-1804-250B-153C2E458950&sortorder=asc&column=section HTTP/1.1" 404 -
144.91.104.134 - - [07/Mar/2025:00:38:02 +0100] "GET /ticket2/opencms/se/ru/buy/?page=1&edid=95D0E7AF-AB99-8B0B-DDC4-15D0DE60DC11 HTTP/1.1" 404 -
95.217.114.173 - - [07/Mar/2025:00:38:02 +0100] "GET /ticket2/opencms/en/login/?url=/en/sell/ HTTP/1.1" 200 90050
144.91.104.134 - - [07/Mar/2025:00:38:06 +0100] "GET /ticket2/opencms/se/ru/buy/?page=1&edid=96192C07-B2E4-3E51-358B-6BB951577ED3&sortorder=desc&column=price HTTP/1.1" 404 -
178.25.244.194 - - [07/Mar/2025:00:38:07 +0100] "GET /ticket2/opencms/dk/fi/buy/?page=1&edid=D6A1B130-9B06-3599-EB71-2853514A277E&sortorder=desc&column=price HTTP/1.1" 404 -
35.95.253.101 - - [07/Mar/2025:00:38:09 +0100] "GET /ticket2/opencms/lv/magazine/article?title=vai-viktors-gjokeress-var-pamet-sportingu-agrak-neka-planots HTTP/1.1" 200 93798
95.217.114.173 - - [07/Mar/2025:00:38:10 +0100] "GET /ticket2/opencms/en/sell/?edid=73C39F75-01AE-8E46-3DFB-4C4072BAC57E HTTP/1.1" 302 -
114.119.150.49 - - [07/Mar/2025:00:38:10 +0100] "GET /ticket2/opencms/fr/faq/ HTTP/1.1" 200 94062
144.91.104.134 - - [07/Mar/2025:00:38:11 +0100] "GET /ticket2/opencms/se/ru/buy/?page=1&edid=96192C07-B2E4-3E51-358B-6BB951577ED3&sortorder=desc&column=row HTTP/1.1" 404 -
95.217.114.173 - - [07/Mar/2025:00:38:11 +0100] "GET /ticket2/opencms/en/login/?url=/en/sell/ HTTP/1.1" 200 90048
178.25.244.194 - - [07/Mar/2025:00:38:14 +0100] "GET /ticket2/opencms/dk/fi/buy/?page=1&edid=D6A1B130-9B06-3599-EB71-2853514A277E&sortorder=desc&column=section HTTP/1.1" 404 -
52.167.144.203 - - [07/Mar/2025:00:38:15 +0100] "GET /ticket2/opencms/ga/buy?page=1&edid=6D2674A5-F289-A8BC-ABCC-A13CA65D09E4 HTTP/1.1" 200 112334
194.120.230.215 - - [07/Mar/2025:00:38:15 +0100] "GET /cgi-bin/luci/;stok=/locale HTTP/1.1" 404 -
144.91.104.134 - - [07/Mar/2025:00:38:16 +0100] "GET /ticket2/opencms/se/ru/buy/?page=1&edid=96192C07-B2E4-3E51-358B-6BB951577ED3&sortorder=desc&column=section HTTP/1.1" 404 -
52.167.144.203 - - [07/Mar/2025:00:38:16 +0100] "GET /ticket2/opencms/dk/buy?page=1&edid=21BADD47-9DF1-089A-9149-B7D8F893FCB4 HTTP/1.1" 200 110425
114.119.136.30 - - [07/Mar/2025:00:38:16 +0100] "GET /ticket2/opencms/sr/buy?page=1&edid=ED58C87A-DACC-536D-405C-4E12BB2B9BDC HTTP/1.1" 200 112513
85.208.96.197 - - [07/Mar/2025:00:38:17 +0100] "GET /ticket2/opencms/ga/search.html HTTP/1.1" 200 96967
52.167.144.203 - - [07/Mar/2025:00:38:17 +0100] "GET /ticket2/opencms/lv/buy/?page=1&edid=AC996AD7-E82D-D922-E0F1-608A8CC76E7A HTTP/1.1" 200 111660
216.244.66.238 - - [07/Mar/2025:00:38:18 +0100] "GET /ticket2/opencms/robots.txt HTTP/1.1" 200 773
95.217.114.173 - - [07/Mar/2025:00:38:20 +0100] "GET /ticket2/opencms/en/sell/?edid=7401E449-5F42-A0A3-909B-A3DA89BF541A HTTP/1.1" 302 -
144.91.104.134 - - [07/Mar/2025:00:38:20 +0100] "GET /ticket2/opencms/se/ru/buy/?page=1&edid=961EE537-EAD8-AD97-34EE-1F2B026BB178&sortorder=desc&column=price HTTP/1.1" 404 -
178.25.244.194 - - [07/Mar/2025:00:38:21 +0100] "GET /ticket2/opencms/dk/fi/buy/?page=1&edid=EB592836-3B3C-DB5C-2862-32483E1FB13E&sortorder=desc&column=price HTTP/1.1" 404 -
95.217.114.173 - - [07/Mar/2025:00:38:21 +0100] "GET /ticket2/opencms/en/login/?url=/en/sell/ HTTP/1.1" 200 90151
66.249.90.133 - - [07/Mar/2025:00:38:21 +0100] "GET /ticket2/opencms/dk/about/contact/ HTTP/1.1" 200 88277
144.91.104.134 - - [07/Mar/2025:00:38:25 +0100] "GET /ticket2/opencms/se/ru/buy/?page=1&edid=963219A7-E7A4-B62C-96E6-73E898823459&sortorder=asc&column=price HTTP/1.1" 404 -
178.25.244.194 - - [07/Mar/2025:00:38:27 +0100] "GET /ticket2/opencms/dk/fi/buy/?page=1&edid=EB592836-3B3C-DB5C-2862-32483E1FB13E&sortorder=desc&column=row HTTP/1.1" 404 -
20.171.207.125 - - [07/Mar/2025:00:38:28 +0100] "GET /ticket2/opencms/ka/sport/pekhburti-biletebi/fa-cup HTTP/1.1" 404 -
144.91.104.134 - - [07/Mar/2025:00:38:30 +0100] "GET /ticket2/opencms/se/ru/buy/?page=1&edid=96935B90-BFC5-DD63-9E0F-694D36461003&sortorder=desc&column=price HTTP/1.1" 404 -
35.95.253.101 - - [07/Mar/2025:00:38:30 +0100] "GET /ticket2/opencms/lv HTTP/1.1" 200 105485
95.217.114.173 - - [07/Mar/2025:00:38:33 +0100] "GET /ticket2/opencms/en/sell/?edid=74131A78-3ACC-99E6-1155-5093F043A0B8 HTTP/1.1" 302 -
95.217.114.173 - - [07/Mar/2025:00:38:34 +0100] "GET /ticket2/opencms/en/login/?url=/en/sell/ HTTP/1.1" 200 90086
144.91.104.134 - - [07/Mar/2025:00:38:34 +0100] "GET /ticket2/opencms/se/ru/buy/?page=1&edid=96935B90-BFC5-DD63-9E0F-694D36461003&sortorder=desc&column=section HTTP/1.1" 404 -
66.249.76.2 - - [07/Mar/2025:00:38:35 +0100] "GET /ticket2/opencms/mt/buy/?page=1&edid=DE7FBF5B-9DCC-CEE2-6DAD-A4ECB73A57FF HTTP/1.1" 200 135380
66.249.76.167 - - [07/Mar/2025:00:38:36 +0100] "GET /ticket2/opencms/sk/buy?page=1&edid=A30E03C7-3564-DE3A-A898-C05E67518FFD HTTP/1.1" 200 110938
114.119.146.220 - - [07/Mar/2025:00:38:37 +0100] "GET /ticket2/opencms/es/buy/?page=1&edid=80629047-5380-DFBF-02A3-7565A4409F20 HTTP/1.1" 200 90222
185.191.171.1 - - [07/Mar/2025:00:38:37 +0100] "GET /ticket2/opencms/en/sport/football-tickets/champions-league/cska-moskva HTTP/1.1" 500 -
85.208.96.203 - - [07/Mar/2025:00:38:37 +0100] "GET /ticket2/opencms/lt/magazine/article?title=emirates-stadionas-ikoniska-arena HTTP/1.1" 200 95654
178.25.244.194 - - [07/Mar/2025:00:38:39 +0100] "GET /ticket2/opencms/dk/fi/buy/?page=1&edid=F218326B-C4E9-349D-002A-260E15490CC6&sortorder=asc&column=price HTTP/1.1" 404 -
144.91.104.134 - - [07/Mar/2025:00:38:39 +0100] "GET /ticket2/opencms/se/ru/buy/?page=1&edid=971049D5-C79B-BCDF-7226-868A850B80AA&sortorder=desc&column=price HTTP/1.1" 404 -
185.191.171.5 - - [07/Mar/2025:00:38:40 +0100] "GET /ticket2/opencms/bs/magazine/article?title=raspored-utakmica-za-premier-league-raspored-premier-league-20242025 HTTP/1.1" 200 92583
185.191.171.18 - - [07/Mar/2025:00:38:43 +0100] "GET /ticket2/opencms/cs/magazine/article?title=raphael-varane-ukoncuje-svou-karieru-ve-veku-31-let HTTP/1.1" 200 93576
144.91.104.134 - - [07/Mar/2025:00:38:44 +0100] "GET /ticket2/opencms/se/ru/buy/?page=1&edid=971049D5-C79B-BCDF-7226-868A850B80AA&sortorder=desc&column=row HTTP/1.1" 404 -
95.217.114.173 - - [07/Mar/2025:00:38:44 +0100] "GET /ticket2/opencms/en/sell/?edid=742CE524-9C3D-91F4-FC16-F3903E8D84E4 HTTP/1.1" 302 -
95.217.114.173 - - [07/Mar/2025:00:38:45 +0100] "GET /ticket2/opencms/en/login/?url=/en/sell/ HTTP/1.1" 200 90107
178.25.244.194 - - [07/Mar/2025:00:38:45 +0100] "GET /ticket2/opencms/dk/fi/buy/?page=1&edid=F4C61204-D1C7-427C-4F65-1F077CA01CD3&sortorder=desc&column=row HTTP/1.1" 404 -
144.91.104.134 - - [07/Mar/2025:00:38:48 +0100] "GET /ticket2/opencms/se/ru/buy/?page=1&edid=971049D5-C79B-BCDF-7226-868A850B80AA&sortorder=desc&column=section HTTP/1.1" 404 -
114.119.141.178 - - [07/Mar/2025:00:38:50 +0100] "GET /ticket2/opencms/sr/buy?page=1&edid=E9B7DED4-B9B3-1D5B-302C-EBD67027CF78 HTTP/1.1" 200 112391
178.25.244.194 - - [07/Mar/2025:00:38:50 +0100] "GET /ticket2/opencms/dk/fi/login/?edid=32A8F56D-1146-586D-D282-0D84CEE4FD54 HTTP/1.1" 404 -
35.95.253.101 - - [07/Mar/2025:00:38:51 +0100] "GET /ticket2/opencms/lv/sazinieties-ar-mums HTTP/1.1" 200 89311
66.249.65.195 - - [07/Mar/2025:00:38:52 +0100] "GET /ticket2/opencms/en/sport/football-tickets/serie-a HTTP/1.1" 404 -
144.91.104.134 - - [07/Mar/2025:00:38:53 +0100] "GET /ticket2/opencms/se/ru/buy/?page=1&edid=97EFCA4B-1A89-461E-E754-546D561A9730&sortorder=desc&column=price HTTP/1.1" 404 -
178.25.244.194 - - [07/Mar/2025:00:38:55 +0100] "GET /ticket2/opencms/dk/fi/login/?edid=3E844C64-2B32-A35E-237A-EDAC48338BDA HTTP/1.1" 404 -
40.77.167.23 - - [07/Mar/2025:00:38:56 +0100] "GET /ticket2/opencms/bs/magazine/article?title=eredivisie HTTP/1.1" 200 94771
95.217.114.173 - - [07/Mar/2025:00:38:57 +0100] "GET /ticket2/opencms/en/sell/?edid=74A57CFE-A85C-345D-E9F7-0AF79537083B HTTP/1.1" 302 -
95.217.114.173 - - [07/Mar/2025:00:38:57 +0100] "GET /ticket2/opencms/en/login/?url=/en/sell/ HTTP/1.1" 200 90115
144.91.104.134 - - [07/Mar/2025:00:38:58 +0100] "GET /ticket2/opencms/se/ru/buy/?page=1&edid=97EFCA4B-1A89-461E-E754-546D561A9730&sortorder=desc&column=row HTTP/1.1" 404 -
178.25.244.194 - - [07/Mar/2025:00:38:59 +0100] "GET /ticket2/opencms/dk/fi/login/?edid=3F2C8D5E-7438-2D70-0996-42F9CB6F4E20 HTTP/1.1" 404 -
66.249.76.167 - - [07/Mar/2025:00:39:02 +0100] "GET /ticket2/opencms/be/buy/?page=1&edid=3396D07B-AC6D-141E-71F3-9DE65C0FEDF0 HTTP/1.1" 200 117457
144.91.104.134 - - [07/Mar/2025:00:39:02 +0100] "GET /ticket2/opencms/se/ru/buy/?page=1&edid=97EFCA4B-1A89-461E-E754-546D561A9730&sortorder=desc&column=section HTTP/1.1" 404 -
185.191.171.19 - - [07/Mar/2025:00:39:03 +0100] "GET /ticket2/opencms/es/magazine/article?title=declan-rice HTTP/1.1" 200 93424
178.25.244.194 - - [07/Mar/2025:00:39:04 +0100] "GET /ticket2/opencms/dk/fi/login/?edid=3F81A579-C5D8-A8AE-791F-F6F1E7AD279B HTTP/1.1" 404 -
52.167.144.203 - - [07/Mar/2025:00:39:06 +0100] "GET /ticket2/opencms/fr/buy?page=1&edid=CA9FDEBA-C23D-75E2-4D3D-4CA2E4FF92E2 HTTP/1.1" 200 111719
95.217.114.173 - - [07/Mar/2025:00:39:06 +0100] "GET /ticket2/opencms/en/sell/?edid=74C0EB6F-C623-E56C-BF84-0930C3C6CCAE HTTP/1.1" 302 -
173.252.87.13 - - [07/Mar/2025:00:39:07 +0100] "GET /ticket2/opencms/fr/sport/billets-football/bundesliga/borussia-dortmund/ HTTP/1.1" 200 101662
144.91.104.134 - - [07/Mar/2025:00:39:07 +0100] "GET /ticket2/opencms/se/ru/buy/?page=1&edid=984644D1-C9F2-D295-45C4-6E9DD3F709C0&sortorder=desc&column=row HTTP/1.1" 404 -
95.217.114.173 - - [07/Mar/2025:00:39:07 +0100] "GET /ticket2/opencms/en/login/?url=/en/sell/ HTTP/1.1" 200 90103
114.119.145.123 - - [07/Mar/2025:00:39:08 +0100] "GET /ticket2/opencms/en/sport/football-tickets/premier_league/luton/ HTTP/1.1" 500 -
20.171.207.125 - - [07/Mar/2025:00:39:08 +0100] "GET /ticket2/opencms/bg/sport/futbolni-bileti/eredivisie HTTP/1.1" 500 -
207.46.13.54 - - [07/Mar/2025:00:39:08 +0100] "GET /ticket2/opencms/no/buy/?page=1&edid=C09170B2-039D-79C4-A33F-9C0DE73981AE HTTP/1.1" 200 111113
178.25.244.194 - - [07/Mar/2025:00:39:09 +0100] "GET /ticket2/opencms/dk/fi/login/?edid=4ED1D41C-065F-1D11-B819-2131F1EB0BBC HTTP/1.1" 404 -
35.95.253.101 - - [07/Mar/2025:00:39:10 +0100] "GET /ticket2/opencms/sv/sport/fotbollsbiljetter/premier_league/chelsea HTTP/1.1" 200 101866
144.91.104.134 - - [07/Mar/2025:00:39:12 +0100] "GET /ticket2/opencms/se/ru/buy/?page=1&edid=98C1240D-E032-0B95-7573-C567C14D7D16&sortorder=asc&column=section HTTP/1.1" 404 -
178.25.244.194 - - [07/Mar/2025:00:39:14 +0100] "GET /ticket2/opencms/dk/fi/login/?edid=51B34877-7C9F-78FD-7C5F-EE108BC846BA HTTP/1.1" 404 -
114.119.132.9 - - [07/Mar/2025:00:39:15 +0100] "GET /ticket2/opencms/fr/buy?page=1&edid=33C93D30-5D5F-70D5-E4DB-10F58238A7ED HTTP/1.1" 200 120664
85.208.96.196 - - [07/Mar/2025:00:39:15 +0100] "GET /ticket2/opencms/sv/magazine/article?title=upptack-la-liga-live-kop-biljetter-pa-ticket2 HTTP/1.1" 200 94377
144.91.104.134 - - [07/Mar/2025:00:39:16 +0100] "GET /ticket2/opencms/se/ru/buy/?page=1&edid=98E8229D-7404-5D43-E325-78CFEC7028D1&sortorder=desc&column=price HTTP/1.1" 404 -
95.217.114.173 - - [07/Mar/2025:00:39:17 +0100] "GET /ticket2/opencms/en/sell/?edid=74C29C5B-46DF-891E-5C06-A915B73BA418 HTTP/1.1" 302 -
95.217.114.173 - - [07/Mar/2025:00:39:18 +0100] "GET /ticket2/opencms/en/login/?url=/en/sell/ HTTP/1.1" 200 90141
178.25.244.194 - - [07/Mar/2025:00:39:18 +0100] "GET /ticket2/opencms/dk/fi/login/?edid=5570BE8B-F706-8367-B456-1833A283D402 HTTP/1.1" 404 -
40.77.167.22 - - [07/Mar/2025:00:39:21 +0100] "GET /ticket2/opencms/sk/buy/?page=1&edid=5008D669-2CBA-86B0-11C6-FF2770615F5C HTTP/1.1" 200 111275
144.91.104.134 - - [07/Mar/2025:00:39:21 +0100] "GET /ticket2/opencms/se/ru/buy/?page=1&edid=98E8229D-7404-5D43-E325-78CFEC7028D1&sortorder=desc&column=row HTTP/1.1" 404 -
178.25.244.194 - - [07/Mar/2025:00:39:23 +0100] "GET /ticket2/opencms/dk/fi/login/?edid=5C822312-AD78-519B-498C-5A897678D6CE HTTP/1.1" 404 -
52.167.144.203 - - [07/Mar/2025:00:39:24 +0100] "GET /ticket2/opencms/sq/buy?page=1&edid=5e608c7a-903b-e4bb-4868-5d83917347b8 HTTP/1.1" 200 8134
95.217.114.173 - - [07/Mar/2025:00:39:25 +0100] "GET /ticket2/opencms/en/sell/?edid=752C4804-1447-AA43-50DE-3841CF96C92D HTTP/1.1" 302 -
144.91.104.134 - - [07/Mar/2025:00:39:26 +0100] "GET /ticket2/opencms/se/ru/buy/?page=1&edid=98E8229D-7404-5D43-E325-78CFEC7028D1&sortorder=desc&column=section HTTP/1.1" 404 -
95.217.114.173 - - [07/Mar/2025:00:39:26 +0100] "GET /ticket2/opencms/en/login/?url=/en/sell/ HTTP/1.1" 200 90062
178.25.244.194 - - [07/Mar/2025:00:39:28 +0100] "GET /ticket2/opencms/dk/fi/login/?edid=8BA86FA9-C734-4E24-6C8F-AD29372A2A6B HTTP/1.1" 404 -
87.236.176.27 - - [07/Mar/2025:00:39:30 +0100] "GET /ticket2/opencms/de/ HTTP/1.1" 200 105187
52.167.144.218 - - [07/Mar/2025:00:39:30 +0100] "GET /ticket2/opencms/sk/buy/?comcatid=A17713B6-D984-201A-4143-ED4DB5ED5C2E&npage=2 HTTP/1.1" 200 257227
144.91.104.134 - - [07/Mar/2025:00:39:30 +0100] "GET /ticket2/opencms/se/ru/buy/?page=1&edid=990537F6-0505-9757-D901-B5E3E564ED8C HTTP/1.1" 404 -
185.247.137.45 - - [07/Mar/2025:00:39:32 +0100] "GET /ticket2/opencms/img/icons/ticket2.thumbnail.png HTTP/1.1" 200 21519
178.25.244.194 - - [07/Mar/2025:00:39:32 +0100] "GET /ticket2/opencms/dk/fi/login/?edid=95E6E611-0374-63DE-1FB9-733C295CC9A7 HTTP/1.1" 404 -
185.191.171.19 - - [07/Mar/2025:00:39:32 +0100] "GET /ticket2/opencms/tr/magazine/article?title=manchester-united-erik-ten-hagi-kovmaya-karar-verdi HTTP/1.1" 200 97930
95.217.114.173 - - [07/Mar/2025:00:39:34 +0100] "GET /ticket2/opencms/en/sell/?edid=755AF99A-4624-4B84-D4AE-CB8447127D3C HTTP/1.1" 302 -
95.217.114.173 - - [07/Mar/2025:00:39:34 +0100] "GET /ticket2/opencms/en/login/?url=/en/sell/ HTTP/1.1" 200 90184
144.91.104.134 - - [07/Mar/2025:00:39:35 +0100] "GET /ticket2/opencms/se/ru/buy/?page=1&edid=99648415-648F-DB49-A6FC-5B7B0B13A0E2&sortorder=asc&column=section HTTP/1.1" 404 -
47.128.60.27 - - [07/Mar/2025:00:39:37 +0100] "GET /ticket2/opencms/hu/about/contact HTTP/1.1" 200 86407
178.25.244.194 - - [07/Mar/2025:00:39:37 +0100] "GET /ticket2/opencms/dk/fi/login/?edid=984644D1-C9F2-D295-45C4-6E9DD3F709C0 HTTP/1.1" 404 -
47.128.60.27 - - [07/Mar/2025:00:39:38 +0100] "GET /ticket2/opencms/system/modules/com.gridnine.opencms.ticketbrokerage.site/resources/css/images/event-banner.png HTTP/1.1" 404 -
66.249.65.195 - - [07/Mar/2025:00:39:39 +0100] "GET /ticket2/opencms/uk/buy/?page=1&edid=BD5ED709-E550-ECCC-FE1D-2E85747011DF HTTP/1.1" 200 121082
144.91.104.134 - - [07/Mar/2025:00:39:40 +0100] "GET /ticket2/opencms/se/ru/buy/?page=1&edid=99648415-648F-DB49-A6FC-5B7B0B13A0E2&sortorder=desc&column=section HTTP/1.1" 404 -
95.217.114.173 - - [07/Mar/2025:00:39:40 +0100] "GET /ticket2/opencms/en/sell/?edid=7587432B-5074-74D1-6DBE-F9A329EEFAE1 HTTP/1.1" 302 -
95.217.114.173 - - [07/Mar/2025:00:39:41 +0100] "GET /ticket2/opencms/en/login/?url=/en/sell/ HTTP/1.1" 200 90089
178.25.244.194 - - [07/Mar/2025:00:39:42 +0100] "GET /ticket2/opencms/dk/fi/login/?edid=A4AA9FAF-A900-49DB-5496-82F65D60D290 HTTP/1.1" 404 -
144.91.104.134 - - [07/Mar/2025:00:39:45 +0100] "GET /ticket2/opencms/se/ru/buy/?page=1&edid=999480E6-504C-8744-5AC7-B6358D1C23F5 HTTP/1.1" 404 -
85.208.96.196 - - [07/Mar/2025:00:39:46 +0100] "GET /ticket2/opencms/no/magazine/article?title=fulham-fc HTTP/1.1" 200 91967
178.25.244.194 - - [07/Mar/2025:00:39:47 +0100] "GET /ticket2/opencms/dk/fi/login/?edid=A84070DC-133C-F761-940C-18DE5C0F16D7 HTTP/1.1" 404 -
40.77.167.22 - - [07/Mar/2025:00:39:49 +0100] "GET /ticket2/opencms/nl/buy?page=1&edid=37459553-F765-6A83-58BB-25CA313B1325 HTTP/1.1" 200 108672
144.91.104.134 - - [07/Mar/2025:00:39:49 +0100] "GET /ticket2/opencms/se/ru/buy/?page=1&edid=99D4B172-B76D-E7FE-A3D7-CF4303CA6648&sortorder=desc&column=row HTTP/1.1" 404 -
20.171.207.125 - - [07/Mar/2025:00:39:50 +0100] "GET /ticket2/opencms/et/sport/jalgpallipiletid/fa-cup HTTP/1.1" 404 -
40.77.167.22 - - [07/Mar/2025:00:39:51 +0100] "GET /ticket2/opencms/lv/buy/?page=1&edid=71729821-BB19-CC1B-BEDD-F4658D5AB210 HTTP/1.1" 200 117852
35.95.253.101 - - [07/Mar/2025:00:39:51 +0100] "GET /ticket2/opencms/ka/sport/ HTTP/1.1" 200 96289
95.217.114.173 - - [07/Mar/2025:00:39:51 +0100] "GET /ticket2/opencms/en/sell/?edid=75FF687A-3DBB-F476-3881-CF5D7FFEBAC0 HTTP/1.1" 302 -
185.191.171.2 - - [07/Mar/2025:00:39:51 +0100] "GET /ticket2/opencms/no/magazine/article?title=fotball-em-2024 HTTP/1.1" 200 88932
173.252.87.2 - - [07/Mar/2025:00:39:51 +0100] "GET /ticket2/opencms/mo/buy/?page=1&edid=1E8CD446-2E9F-5A21-E2F4-251CB3C89182 HTTP/1.1" 200 108581
40.77.167.22 - - [07/Mar/2025:00:39:52 +0100] "GET /ticket2/opencms/sl/buy/?page=1&edid=2D5C43A1-8CDF-1FA0-6F72-C4895B7B53DE HTTP/1.1" 200 108587
95.217.114.173 - - [07/Mar/2025:00:39:52 +0100] "GET /ticket2/opencms/en/login/?url=/en/sell/ HTTP/1.1" 200 90125
178.25.244.194 - - [07/Mar/2025:00:39:52 +0100] "GET /ticket2/opencms/dk/fi/login/?edid=C2CD3885-D663-89B2-61C9-751DA9A6EAB2 HTTP/1.1" 404 -
185.191.171.18 - - [07/Mar/2025:00:39:54 +0100] "GET /ticket2/opencms/es/magazine/article?title=lucas-bergvall-un-nuevo-david-beckham HTTP/1.1" 200 93574
144.91.104.134 - - [07/Mar/2025:00:39:54 +0100] "GET /ticket2/opencms/se/ru/buy/?page=1&edid=99D4B172-B76D-E7FE-A3D7-CF4303CA6648&sortorder=desc&column=section HTTP/1.1" 404 -
114.119.157.43 - - [07/Mar/2025:00:39:55 +0100] "GET /ticket2/opencms/sl/buy?page=1&edid=B1447E4E-6050-A85A-0918-66326D193F9F HTTP/1.1" 200 111213
185.191.171.12 - - [07/Mar/2025:00:39:56 +0100] "GET /ticket2/opencms/be/magazine/article?title=jurgen-klopp-leaves-liverpool-a-success-story-at-anfield HTTP/1.1" 200 96720
178.25.244.194 - - [07/Mar/2025:00:39:58 +0100] "GET /ticket2/opencms/dk/fi/login/?edid=1118CA9D-86D0-FF33-6F80-5DE6EAD42BE8 HTTP/1.1" 404 -
144.91.104.134 - - [07/Mar/2025:00:39:59 +0100] "GET /ticket2/opencms/se/ru/buy/?page=1&edid=9A69C26B-D767-96B2-1BE8-FB9B1C38C21B&sortorder=asc&column=section HTTP/1.1" 404 -
