217.182.175.38 - - [07/Mar/2025:03:31:29 +0100] "GET /ticket2/opencms/dk/dk/buy/?page=1&edid=635AA585-25E7-8B92-FFF5-B98A8D491D6C&sortorder=desc&column=section HTTP/1.1" 404 -
95.217.114.173 - - [07/Mar/2025:03:31:29 +0100] "GET /ticket2/opencms/fi/buy/?page=1&edid=3AB0283C-6FA7-DBBB-1BBE-6183E113EB0D HTTP/1.1" 200 110562
192.99.36.61 - - [07/Mar/2025:03:31:35 +0100] "GET /ticket2/opencms/dk/sv/buy/?page=1&edid=46734271-901E-98C7-732C-5B62B085A633&sortorder=desc&column=section HTTP/1.1" 404 -
217.182.175.38 - - [07/Mar/2025:03:31:35 +0100] "GET /ticket2/opencms/dk/dk/buy/?page=1&edid=63F89D90-18C1-0E49-05F7-FE97174217E0 HTTP/1.1" 404 -
95.217.114.173 - - [07/Mar/2025:03:31:36 +0100] "GET /ticket2/opencms/fi/buy/?page=1&edid=3AC2EA96-52B7-9204-1821-45134415392C HTTP/1.1" 200 108468
65.108.201.173 - - [07/Mar/2025:03:31:36 +0100] "HEAD /ticket2/opencms/ HTTP/1.1" 302 -
65.108.201.173 - - [07/Mar/2025:03:31:38 +0100] "HEAD /ticket2/opencms/en/ HTTP/1.1" 200 -
192.99.36.61 - - [07/Mar/2025:03:31:42 +0100] "GET /ticket2/opencms/dk/sv/buy/?page=1&edid=46B99181-7565-D704-BA22-DC7C6C8A924D&sortorder=asc&column=section HTTP/1.1" 404 -
114.119.140.111 - - [07/Mar/2025:03:31:42 +0100] "GET /ticket2/opencms/en/venue/?venueid=65ED2D8A-C56D-F2C5-27DA-120D16E2A9AE HTTP/1.1" 200 85417
217.182.175.38 - - [07/Mar/2025:03:31:42 +0100] "GET /ticket2/opencms/dk/dk/buy/?page=1&edid=6427555C-22EF-2D04-D688-E6F77E21861C&sortorder=desc&column=row HTTP/1.1" 404 -
95.217.114.173 - - [07/Mar/2025:03:31:43 +0100] "GET /ticket2/opencms/fi/buy/?page=1&edid=3AF4CAD1-D246-7250-0DA7-FB4050322B4B HTTP/1.1" 200 110441
85.208.96.203 - - [07/Mar/2025:03:31:43 +0100] "GET /ticket2/opencms/tr/spor/futbol-biletleri/english-championship/rotherham-united HTTP/1.1" 404 -
52.167.144.192 - - [07/Mar/2025:03:31:45 +0100] "GET /ticket2/opencms/en/buy?page=6&comcatid=A17713B6-D984-201A-4143-ED4DB5ED5C2E&catid=82F804FA-9F69-CB6B-D41D-7BF7C716058B&eventid=6246A7B9-7760-A5B4-1D19-4DF416B28BC3 HTTP/1.1" 200 103666
114.119.146.36 - - [07/Mar/2025:03:31:46 +0100] "GET /ticket2/opencms/en/buy?page=1&edid=BD3D4222-DD36-C1A0-EF58-456D0FFDAB97 HTTP/1.1" 200 110046
52.167.144.192 - - [07/Mar/2025:03:31:47 +0100] "GET /ticket2/opencms/no/venue/?venueid=6F62E299-6764-CD18-03A7-BC347C9C568D HTTP/1.1" 200 86477
114.119.130.178 - - [07/Mar/2025:03:31:47 +0100] "GET /ticket2/opencms/es/buy/?page=1&edid=1ABC406A-92BD-FDCF-3BD6-80A52E60B34F HTTP/1.1" 200 144652
52.167.144.235 - - [07/Mar/2025:03:31:48 +0100] "GET /ticket2/opencms/en/buy/?page=1&edid=5DF5959E-347E-CFDD-9795-612A7A3688BB HTTP/1.1" 200 106811
192.99.36.61 - - [07/Mar/2025:03:31:48 +0100] "GET /ticket2/opencms/dk/sv/buy/?page=1&edid=471D2940-3000-E5EE-6F28-D4A5008204AC&sortorder=asc&column=row HTTP/1.1" 404 -
217.182.175.38 - - [07/Mar/2025:03:31:49 +0100] "GET /ticket2/opencms/dk/dk/buy/?page=1&edid=647AC9E5-CFA1-4A48-4305-61E9496CED96&sortorder=asc&column=price HTTP/1.1" 404 -
40.77.167.25 - - [07/Mar/2025:03:31:49 +0100] "GET /ticket2/opencms/cs/buy/?page=1&edid=0DC29C5C-A273-34CB-58F3-441C87554AF1 HTTP/1.1" 200 124682
185.191.171.12 - - [07/Mar/2025:03:31:50 +0100] "GET /ticket2/opencms/sv/sport/fotbollsbiljetter/la_liga/almeria/ HTTP/1.1" 500 -
95.217.114.173 - - [07/Mar/2025:03:31:52 +0100] "GET /ticket2/opencms/fi/buy/?page=1&edid=3B0A908E-C378-7E18-C161-50030B439AC1 HTTP/1.1" 200 111637
47.128.21.103 - - [07/Mar/2025:03:31:52 +0100] "GET /ticket2/opencms/az/buy/?edid=047E0311-281A-A7AE-E87D-50033F4F70CA HTTP/1.1" 200 91794
185.191.171.13 - - [07/Mar/2025:03:31:53 +0100] "GET /ticket2/opencms/bg/sport/futbolni-bileti/english-championship/rotherham-united HTTP/1.1" 404 -
20.171.207.36 - - [07/Mar/2025:03:31:55 +0100] "GET /ticket2/opencms/fi/urheilu/jalkapallo/champions-league/arsenal HTTP/1.1" 500 -
192.99.36.61 - - [07/Mar/2025:03:31:55 +0100] "GET /ticket2/opencms/dk/sv/buy/?page=1&edid=471D2940-3000-E5EE-6F28-D4A5008204AC&sortorder=asc&column=section HTTP/1.1" 404 -
217.182.175.38 - - [07/Mar/2025:03:31:56 +0100] "GET /ticket2/opencms/dk/dk/buy/?page=1&edid=647F26F0-8140-8AEB-CB27-ABFE9B8E4799&sortorder=desc&column=price HTTP/1.1" 404 -
52.167.144.199 - - [07/Mar/2025:03:31:58 +0100] "GET /ticket2/opencms/en/buy/?page=1&edid=51141EB3-B375-D16D-CA84-E949B19945AA HTTP/1.1" 200 106871
185.191.171.14 - - [07/Mar/2025:03:31:58 +0100] "GET /ticket2/opencms/es/magazine/article?title=sobre-el-tottenham-hotspur-stadium HTTP/1.1" 200 99730
95.217.114.173 - - [07/Mar/2025:03:31:59 +0100] "GET /ticket2/opencms/fi/buy/?page=1&edid=3B27AD89-9F82-3E38-96F3-9D7DBA03001A HTTP/1.1" 200 111353
114.119.151.93 - - [07/Mar/2025:03:32:00 +0100] "GET /ticket2/opencms/az/buy?page=1&edid=6D3BDE61-EBAA-9455-C4A5-13D3EF777ABE HTTP/1.1" 200 109051
192.99.36.61 - - [07/Mar/2025:03:32:01 +0100] "GET /ticket2/opencms/dk/sv/buy/?page=1&edid=4736DF7C-C1C2-2C08-48FA-1D2EB109FC30&sortorder=asc&column=section HTTP/1.1" 404 -
217.182.175.38 - - [07/Mar/2025:03:32:02 +0100] "GET /ticket2/opencms/dk/dk/buy/?page=1&edid=64E61E54-72E5-9B77-CC24-0F4A44843CC1&sortorder=asc&column=section HTTP/1.1" 404 -
95.217.114.173 - - [07/Mar/2025:03:32:05 +0100] "GET /ticket2/opencms/fi/buy/?page=1&edid=3B2EB834-74FD-F65E-9FB4-62BB32E5DD90 HTTP/1.1" 200 111089
47.128.29.29 - - [07/Mar/2025:03:32:06 +0100] "GET /ticket2/opencms/is/sport/fotbolti/champions-league/cska-moskva/ HTTP/1.1" 500 -
192.99.36.61 - - [07/Mar/2025:03:32:08 +0100] "GET /ticket2/opencms/dk/sv/buy/?page=1&edid=47765F02-5EE4-F2A0-55C6-9B445E387E6A&sortorder=asc&column=price HTTP/1.1" 404 -
95.217.114.173 - - [07/Mar/2025:03:32:09 +0100] "GET /ticket2/opencms/fi/buy/?page=1&edid=3B4E0EA3-B775-35AA-67EB-62D962B0531D HTTP/1.1" 200 112163
217.182.175.38 - - [07/Mar/2025:03:32:09 +0100] "GET /ticket2/opencms/dk/dk/buy/?page=1&edid=64E61E54-72E5-9B77-CC24-0F4A44843CC1&sortorder=desc&column=section HTTP/1.1" 404 -
52.167.144.150 - - [07/Mar/2025:03:32:11 +0100] "GET /ticket2/opencms/et/buy/?page=1&edid=DDCC3156-9CA9-F6BC-AB2C-0AD9203804B5 HTTP/1.1" 200 111555
192.99.36.61 - - [07/Mar/2025:03:32:14 +0100] "GET /ticket2/opencms/dk/sv/buy/?page=1&edid=47765F02-5EE4-F2A0-55C6-9B445E387E6A&sortorder=asc&column=row HTTP/1.1" 404 -
95.217.114.173 - - [07/Mar/2025:03:32:15 +0100] "GET /ticket2/opencms/fi/buy/?page=1&edid=3B59287C-FC8E-8AC6-A203-D44566BFF3DE HTTP/1.1" 200 110972
217.182.175.38 - - [07/Mar/2025:03:32:16 +0100] "GET /ticket2/opencms/dk/dk/buy/?page=1&edid=661E24D1-5D15-51D2-AF68-58DA584DA6E1&sortorder=desc&column=price HTTP/1.1" 404 -
85.208.96.197 - - [07/Mar/2025:03:32:18 +0100] "GET /ticket2/opencms/sl/magazine/article?title=manchester-united-se-je-odlocil-odpustiti-erika-ten-haga HTTP/1.1" 200 96977
194.120.230.215 - - [07/Mar/2025:03:32:18 +0100] "GET /cgi-bin/luci/;stok=/locale HTTP/1.1" 404 -
95.217.114.173 - - [07/Mar/2025:03:32:19 +0100] "GET /ticket2/opencms/fi/buy/?page=1&edid=3B7ABFED-CCD4-8F1F-8F8D-A476A0A381CC HTTP/1.1" 200 111592
85.208.96.206 - - [07/Mar/2025:03:32:19 +0100] "GET /ticket2/opencms/tr/spor/futbol-biletleri/english-championship/preston-north-end HTTP/1.1" 200 103258
159.89.3.176 - - [07/Mar/2025:03:32:19 +0100] "GET /ticket2/opencms/de/ HTTP/1.1" 200 105149
165.227.165.89 - - [07/Mar/2025:03:32:20 +0100] "GET /ticket2/opencms/de/ HTTP/1.1" 200 105172
192.99.36.61 - - [07/Mar/2025:03:32:21 +0100] "GET /ticket2/opencms/dk/sv/buy/?page=1&edid=47C5221C-D928-A354-3BAB-DBCEA1F436C4&sortorder=asc&column=row HTTP/1.1" 404 -
68.183.184.197 - - [07/Mar/2025:03:32:22 +0100] "GET /ticket2/opencms/img/icons/ticket2.thumbnail.png HTTP/1.1" 200 21519
185.191.171.9 - - [07/Mar/2025:03:32:22 +0100] "GET /ticket2/opencms/bs/sport/fudbalske-karte/english-championship/huddersfield-town HTTP/1.1" 404 -
185.191.171.3 - - [07/Mar/2025:03:32:23 +0100] "GET /ticket2/opencms/en/magazine/article?title=nottingham-forest HTTP/1.1" 200 87336
217.182.175.38 - - [07/Mar/2025:03:32:23 +0100] "GET /ticket2/opencms/dk/dk/buy/?page=1&edid=661E24D1-5D15-51D2-AF68-58DA584DA6E1&sortorder=desc&column=section HTTP/1.1" 404 -
114.119.150.22 - - [07/Mar/2025:03:32:23 +0100] "GET /ticket2/opencms/en/buy/?page=1&edid=E0A93109-5CBA-0BDC-5A03-F3B1B8D8FE01 HTTP/1.1" 200 110103
52.167.144.192 - - [07/Mar/2025:03:32:25 +0100] "GET /ticket2/opencms/no/venue/?venueid=04EBBB82-240A-AF8F-DA1F-896AD50040B5 HTTP/1.1" 200 86505
95.217.114.173 - - [07/Mar/2025:03:32:26 +0100] "GET /ticket2/opencms/fi/buy/?page=1&edid=3B93E142-5B0E-FCCA-ECFC-D5F8A04E6A89 HTTP/1.1" 200 111612
192.99.36.61 - - [07/Mar/2025:03:32:27 +0100] "GET /ticket2/opencms/dk/sv/buy/?page=1&edid=47C5221C-D928-A354-3BAB-DBCEA1F436C4&sortorder=asc&column=section HTTP/1.1" 404 -
192.99.36.61 - - [07/Mar/2025:03:32:34 +0100] "GET /ticket2/opencms/dk/sv/buy/?page=1&edid=47D4702F-48AA-DF69-B934-17BA6AAC0460 HTTP/1.1" 404 -
217.182.175.38 - - [07/Mar/2025:03:32:34 +0100] "GET /ticket2/opencms/dk/dk/buy/?page=1&edid=692981A3-D906-C27E-30CD-4EA42C92A2A7&sortorder=desc&column=section HTTP/1.1" 404 -
95.217.114.173 - - [07/Mar/2025:03:32:35 +0100] "GET /ticket2/opencms/fi/buy/?page=1&edid=3BBD975B-CD80-19CD-39B3-6B02A79DC4AD HTTP/1.1" 200 111873
114.119.153.152 - - [07/Mar/2025:03:32:37 +0100] "GET /ticket2/opencms/az/buy?page=1&edid=6750BD34-C29C-E045-3680-25A7647342F8 HTTP/1.1" 200 111579
66.249.65.235 - - [07/Mar/2025:03:32:38 +0100] "GET /ticket2/opencms/az/magazine/article?title=yanvar-penceresinin-en-bahali-transferleri HTTP/1.1" 200 93656
85.208.96.202 - - [07/Mar/2025:03:32:39 +0100] "GET /ticket2/opencms/et/magazine/article?title=viktor-gyokeres-manchester-unitedisse HTTP/1.1" 200 92898
192.99.36.61 - - [07/Mar/2025:03:32:41 +0100] "GET /ticket2/opencms/dk/sv/buy/?page=1&edid=4805292B-3822-D6A4-8FA1-43007F8A43AD&sortorder=desc&column=price HTTP/1.1" 404 -
217.182.175.38 - - [07/Mar/2025:03:32:41 +0100] "GET /ticket2/opencms/dk/dk/buy/?page=1&edid=9A4F4E4C-45B5-02A5-FBAE-F723DBEF17CC&sortorder=desc&column=row HTTP/1.1" 404 -
95.217.114.173 - - [07/Mar/2025:03:32:43 +0100] "GET /ticket2/opencms/fi/buy/?page=1&edid=3BC0166D-3334-F436-7AC9-C815C4D456EB HTTP/1.1" 200 111428
66.249.74.2 - - [07/Mar/2025:03:32:45 +0100] "GET /ticket2/opencms/az/magazine/article?title=chelsea-azarkesleri-frustrasiya-ile-reaksiya-verir HTTP/1.1" 200 93568
52.167.144.192 - - [07/Mar/2025:03:32:46 +0100] "GET /ticket2/opencms/is/buy?page=1&edid=4A1D70D3-E87D-9CAD-A3CA-0F1A9CD4D29D HTTP/1.1" 200 111056
152.53.2.179 - - [07/Mar/2025:03:32:46 +0100] "GET /ticket2/opencms/bg/sport/futbolni-bileti/premier-league/liverpool HTTP/1.1" 200 96774
66.249.65.197 - - [07/Mar/2025:03:32:47 +0100] "GET /ticket2/opencms/fi/urheilu/jalkapallo/premier_league/manchester_city HTTP/1.1" 200 101186
192.99.36.61 - - [07/Mar/2025:03:32:47 +0100] "GET /ticket2/opencms/dk/sv/buy/?page=1&edid=4805292B-3822-D6A4-8FA1-43007F8A43AD&sortorder=desc&column=row HTTP/1.1" 404 -
217.182.175.38 - - [07/Mar/2025:03:32:48 +0100] "GET /ticket2/opencms/dk/dk/buy/?page=1&edid=9AE493CE-16E5-66DA-B419-2CD7D152F786&sortorder=asc&column=price HTTP/1.1" 404 -
95.217.114.173 - - [07/Mar/2025:03:32:48 +0100] "GET /ticket2/opencms/fi/buy/?page=1&edid=3BF089D2-CA6A-D5BF-ED58-5522099ECEE1 HTTP/1.1" 200 111160
54.36.148.228 - - [07/Mar/2025:03:32:50 +0100] "GET /ticket2/opencms/dk/sport/fodboldbilletter/la-liga/celta_vigo/ HTTP/1.1" 200 92343
40.77.167.22 - - [07/Mar/2025:03:32:51 +0100] "GET /ticket2/opencms/dk/sport/fodboldbilletter/champions_league/bayern_munchen/ HTTP/1.1" 500 -
192.99.36.61 - - [07/Mar/2025:03:32:54 +0100] "GET /ticket2/opencms/dk/sv/buy/?page=1&edid=4805292B-3822-D6A4-8FA1-43007F8A43AD&sortorder=desc&column=section HTTP/1.1" 404 -
95.217.114.173 - - [07/Mar/2025:03:32:54 +0100] "GET /ticket2/opencms/fi/buy/?page=1&edid=3C020F40-B35B-0F6F-269D-D2524C7E0922 HTTP/1.1" 200 108507
217.182.175.38 - - [07/Mar/2025:03:32:54 +0100] "GET /ticket2/opencms/dk/dk/buy/?page=1&edid=9D1ED34F-C08D-4D7B-BF1E-E720A60E3898&sortorder=asc&column=row HTTP/1.1" 404 -
207.46.13.151 - - [07/Mar/2025:03:32:56 +0100] "GET /ticket2/opencms/it/login/?url=/it/sell/ HTTP/1.1" 200 91821
20.171.207.36 - - [07/Mar/2025:03:32:57 +0100] "GET /ticket2/opencms/be/sport/futbol-kvitki/eredivisie HTTP/1.1" 500 -
173.252.87.5 - - [07/Mar/2025:03:32:59 +0100] "GET /ticket2/opencms/sv/buy?page=1&edid=33C93D30-5D5F-70D5-E4DB-10F58238A7ED HTTP/1.1" 200 120125
192.99.36.61 - - [07/Mar/2025:03:33:00 +0100] "GET /ticket2/opencms/dk/sv/buy/?page=1&edid=4826A287-E992-0C32-C836-2BE23EC4A7E1&sortorder=desc&column=price HTTP/1.1" 404 -
217.182.175.38 - - [07/Mar/2025:03:33:01 +0100] "GET /ticket2/opencms/dk/dk/buy/?page=1&edid=9D1ED34F-C08D-4D7B-BF1E-E720A60E3898&sortorder=desc&column=price HTTP/1.1" 404 -
95.217.114.173 - - [07/Mar/2025:03:33:02 +0100] "GET /ticket2/opencms/fi/buy/?page=1&edid=3C190050-2199-C27C-460E-D6B96E817500 HTTP/1.1" 200 112215
114.119.145.123 - - [07/Mar/2025:03:33:05 +0100] "GET /ticket2/opencms/es/buy/?comcatid=A17713B6-D984-201A-4143-ED4DB5ED5C2E&catid=3A7AEA37-903D-9533-4B33-21B0001FF1D1 HTTP/1.1" 200 103162
192.99.36.61 - - [07/Mar/2025:03:33:07 +0100] "GET /ticket2/opencms/dk/sv/buy/?page=1&edid=4826A287-E992-0C32-C836-2BE23EC4A7E1&sortorder=desc&column=row HTTP/1.1" 404 -
114.119.159.129 - - [07/Mar/2025:03:33:07 +0100] "GET /ticket2/opencms/en/venue/?venueid=64823F37-C894-99FC-7FB9-1CA1007A4F17 HTTP/1.1" 200 85476
217.182.175.38 - - [07/Mar/2025:03:33:08 +0100] "GET /ticket2/opencms/dk/dk/buy/?page=1&edid=9F1D73C2-BE00-2D9C-AC75-8DF7045354B9&sortorder=desc&column=price HTTP/1.1" 404 -
52.167.144.150 - - [07/Mar/2025:03:33:10 +0100] "GET /ticket2/opencms/az/buy?page=1&edid=DB8C4F18-75B7-A38E-DC7A-9A06D521BF7E HTTP/1.1" 200 112035
192.99.36.61 - - [07/Mar/2025:03:33:13 +0100] "GET /ticket2/opencms/dk/sv/buy/?page=1&edid=482CBF6C-6FA4-A941-FEFF-A1A09587771F&sortorder=asc&column=price HTTP/1.1" 404 -
95.217.114.173 - - [07/Mar/2025:03:33:14 +0100] "GET /ticket2/opencms/fi/buy/?page=1&edid=3C4C7634-67DC-7A19-204D-9BC6FA217893 HTTP/1.1" 200 111696
217.182.175.38 - - [07/Mar/2025:03:33:14 +0100] "GET /ticket2/opencms/dk/dk/buy/?page=1&edid=9F75CAFF-859B-AF24-5E2C-871DFD0095F5&sortorder=desc&column=row HTTP/1.1" 404 -
66.249.65.196 - - [07/Mar/2025:03:33:17 +0100] "GET /ticket2/opencms/is/sport/fotbolti/premier-league/tottenham HTTP/1.1" 200 95989
40.77.167.25 - - [07/Mar/2025:03:33:18 +0100] "GET /ticket2/opencms/de/buy?page=1&edid=69877597-E510-0567-3349-DBF7A6E00B8C HTTP/1.1" 200 111683
114.119.140.85 - - [07/Mar/2025:03:33:18 +0100] "GET /ticket2/opencms/en/buy/?page=1&edid=E071EAFD-3564-BE36-92D1-A61CC3B7631E HTTP/1.1" 200 109965
185.191.171.8 - - [07/Mar/2025:03:33:19 +0100] "GET /ticket2/opencms/fi/magazine/article?title=tutustu-la-ligaan-livena-osta-lippusi-ticket2sta HTTP/1.1" 200 94447
114.119.152.77 - - [07/Mar/2025:03:33:19 +0100] "GET /ticket2/opencms/pl/buy?page=1&edid=2197E523-8740-2A01-BD5D-12E3C3F2DBFE HTTP/1.1" 200 111845
85.208.96.194 - - [07/Mar/2025:03:33:19 +0100] "GET /ticket2/opencms/fr/buy_safety HTTP/1.1" 200 90843
192.99.36.61 - - [07/Mar/2025:03:33:19 +0100] "GET /ticket2/opencms/dk/sv/buy/?page=1&edid=482CBF6C-6FA4-A941-FEFF-A1A09587771F&sortorder=desc&column=price HTTP/1.1" 404 -
95.217.114.173 - - [07/Mar/2025:03:33:21 +0100] "GET /ticket2/opencms/fi/buy/?page=1&edid=3C8C6A9E-F18A-FE0E-6042-B1095EC2868D HTTP/1.1" 200 108365
217.182.175.38 - - [07/Mar/2025:03:33:22 +0100] "GET /ticket2/opencms/dk/dk/buy/?page=1&edid=A248E444-59E2-CA58-6E5B-307E0CB67082&sortorder=desc&column=row HTTP/1.1" 404 -
66.249.65.195 - - [07/Mar/2025:03:33:22 +0100] "GET /ticket2/opencms/is/sport/fotbolti/la-liga/real-madrid HTTP/1.1" 200 96810
47.242.77.69 - - [07/Mar/2025:03:33:24 +0100] "GET /ticket2/opencms/en/sport/football-tickets/champions-league/arsenal HTTP/1.1" 500 -
114.119.130.154 - - [07/Mar/2025:03:33:25 +0100] "GET /ticket2/opencms/az/buy?page=1&edid=66EB75EF-0CBD-BA1B-9342-85D051C2996A HTTP/1.1" 200 111784
192.99.36.61 - - [07/Mar/2025:03:33:26 +0100] "GET /ticket2/opencms/dk/sv/buy/?page=1&edid=482CBF6C-6FA4-A941-FEFF-A1A09587771F&sortorder=desc&column=row HTTP/1.1" 404 -
52.167.144.192 - - [07/Mar/2025:03:33:26 +0100] "GET /ticket2/opencms/nl/buy/?page=1&edid=9C1842C0-A65C-9F9B-BA5D-DF1D7B676CD8 HTTP/1.1" 200 106374
95.217.114.173 - - [07/Mar/2025:03:33:28 +0100] "GET /ticket2/opencms/fi/buy/?page=1&edid=3CC35998-B4D4-2261-1758-D42F445AA8C4 HTTP/1.1" 200 111582
217.182.175.38 - - [07/Mar/2025:03:33:28 +0100] "GET /ticket2/opencms/dk/dk/buy/?page=1&edid=A33FAD60-408F-7429-CDAC-9C1828C05187&sortorder=asc&column=row HTTP/1.1" 404 -
40.77.167.25 - - [07/Mar/2025:03:33:29 +0100] "GET /ticket2/opencms/mt/buy/?page=1&edid=1BDABA61-17ED-C555-CD95-D4EE99EFAE18 HTTP/1.1" 200 112092
185.191.171.2 - - [07/Mar/2025:03:33:31 +0100] "GET /ticket2/opencms/is/sport/fotbolti/champions-league/dortmund HTTP/1.1" 500 -
123.160.223.74 - - [07/Mar/2025:03:33:31 +0100] "GET /ticket2/opencms/no/ HTTP/1.1" 200 105093
192.99.36.61 - - [07/Mar/2025:03:33:32 +0100] "GET /ticket2/opencms/dk/sv/buy/?page=1&edid=482CBF6C-6FA4-A941-FEFF-A1A09587771F&sortorder=desc&column=section HTTP/1.1" 404 -
123.160.223.75 - - [07/Mar/2025:03:33:32 +0100] "GET /ticket2/opencms/img/icons/ticket2.thumbnail.png HTTP/1.1" 200 21519
47.128.126.118 - - [07/Mar/2025:03:33:33 +0100] "GET /ticket2/opencms/no/buy/?edid=E11E1E12-66BC-E0C5-F313-3E777C16F760 HTTP/1.1" 200 91124
95.217.114.173 - - [07/Mar/2025:03:33:35 +0100] "GET /ticket2/opencms/fi/buy/?page=1&edid=3CCB9FC1-7F7B-648B-463A-07132FE85ACE HTTP/1.1" 200 110602
217.182.175.38 - - [07/Mar/2025:03:33:35 +0100] "GET /ticket2/opencms/dk/dk/buy/?page=1&edid=A3E42FD5-75D6-99FD-0A53-D3BAFC034D71&sortorder=asc&column=row HTTP/1.1" 404 -
85.208.96.212 - - [07/Mar/2025:03:33:36 +0100] "GET /ticket2/opencms/hu/sport/focijegyek/la-liga/barcelona/ HTTP/1.1" 200 97480
192.99.36.61 - - [07/Mar/2025:03:33:38 +0100] "GET /ticket2/opencms/dk/sv/buy/?page=1&edid=4843A1B1-5DFE-6325-FBD6-98BB977A514A&sortorder=asc&column=price HTTP/1.1" 404 -
66.249.76.167 - - [07/Mar/2025:03:33:40 +0100] "GET /ticket2/opencms/be/buy/?page=1&edid=5CB80305-FAB3-0B17-6A63-E12060ABE282 HTTP/1.1" 200 113800
217.182.175.38 - - [07/Mar/2025:03:33:42 +0100] "GET /ticket2/opencms/dk/dk/buy/?page=1&edid=A3E42FD5-75D6-99FD-0A53-D3BAFC034D71&sortorder=asc&column=section HTTP/1.1" 404 -
95.217.114.173 - - [07/Mar/2025:03:33:43 +0100] "GET /ticket2/opencms/fi/buy/?page=1&edid=3CD487B4-E613-C078-AE8C-674999572B44 HTTP/1.1" 200 111649
192.99.36.61 - - [07/Mar/2025:03:33:45 +0100] "GET /ticket2/opencms/dk/sv/buy/?page=1&edid=4843A1B1-5DFE-6325-FBD6-98BB977A514A&sortorder=asc&column=row HTTP/1.1" 404 -
114.119.150.86 - - [07/Mar/2025:03:33:48 +0100] "GET /ticket2/opencms/az/buy?page=1&edid=666E929F-63B6-20BD-9CD8-ED0A6F4B03E6 HTTP/1.1" 200 111638
217.182.175.38 - - [07/Mar/2025:03:33:49 +0100] "GET /ticket2/opencms/dk/dk/buy/?page=1&edid=A41C2B12-6647-8282-B059-EA40F6DAC88A&sortorder=asc&column=section HTTP/1.1" 404 -
173.252.107.115 - - [07/Mar/2025:03:33:49 +0100] "GET /ticket2/opencms/cs/sport/fotbalove-listky/champions-league/malmo-ff HTTP/1.1" 500 -
95.217.114.173 - - [07/Mar/2025:03:33:50 +0100] "GET /ticket2/opencms/fi/buy/?page=1&edid=3D04CA40-DFC2-CAD0-691F-59BC78A9B973 HTTP/1.1" 200 112275
192.99.36.61 - - [07/Mar/2025:03:33:51 +0100] "GET /ticket2/opencms/dk/sv/buy/?page=1&edid=4843A1B1-5DFE-6325-FBD6-98BB977A514A&sortorder=asc&column=section HTTP/1.1" 404 -
185.191.171.6 - - [07/Mar/2025:03:33:54 +0100] "GET /ticket2/opencms/ka/magazine/article?title=michail-antonio-dashavda-avtoavariis-shedegad HTTP/1.1" 200 98091
217.182.175.38 - - [07/Mar/2025:03:33:55 +0100] "GET /ticket2/opencms/dk/dk/buy/?page=1&edid=A426BA6C-DA03-08DF-D7B3-655AA13EBE13&sortorder=desc&column=section HTTP/1.1" 404 -
95.217.114.173 - - [07/Mar/2025:03:33:56 +0100] "GET /ticket2/opencms/fi/buy/?page=1&edid=3D3DA07F-41D6-4102-026A-DF2EE5E45526 HTTP/1.1" 200 111823
192.99.36.61 - - [07/Mar/2025:03:33:57 +0100] "GET /ticket2/opencms/dk/sv/buy/?page=1&edid=49F6B155-E41A-63AF-A867-E3E7D86F3439&sortorder=desc&column=row HTTP/1.1" 404 -
20.171.207.36 - - [07/Mar/2025:03:33:59 +0100] "GET /ticket2/opencms/uk/sport/kvytky-na-futbol/ HTTP/1.1" 500 -
217.182.175.38 - - [07/Mar/2025:03:34:02 +0100] "GET /ticket2/opencms/dk/dk/buy/?page=1&edid=A45321DF-A6CE-CF78-FF7A-EF32B49E5D06 HTTP/1.1" 404 -
192.99.36.61 - - [07/Mar/2025:03:34:03 +0100] "GET /ticket2/opencms/dk/sv/buy/?page=1&edid=4D3243F0-A428-409D-BB72-56763113DB47&sortorder=asc&column=row HTTP/1.1" 404 -
95.217.114.173 - - [07/Mar/2025:03:34:03 +0100] "GET /ticket2/opencms/fi/buy/?page=1&edid=3D5B375E-E3C1-ED96-5ADC-E32F0024FBA0 HTTP/1.1" 200 111100
17.241.75.67 - - [07/Mar/2025:03:34:06 +0100] "GET /ticket2/opencms/fi HTTP/1.1" 200 105235
52.167.144.191 - - [07/Mar/2025:03:34:07 +0100] "GET /ticket2/opencms/it/magazine/article?title=kylian-mbappe HTTP/1.1" 200 94121
111.7.96.181 - - [07/Mar/2025:03:34:07 +0100] "GET /ticket2/opencms/ HTTP/1.1" 302 -
217.182.175.38 - - [07/Mar/2025:03:34:08 +0100] "GET /ticket2/opencms/dk/dk/buy/?page=1&edid=A45321DF-A6CE-CF78-FF7A-EF32B49E5D06&sortorder=asc&column=section HTTP/1.1" 404 -
111.7.96.181 - - [07/Mar/2025:03:34:09 +0100] "GET /ticket2/opencms/en/ HTTP/1.1" 200 103701
40.77.167.25 - - [07/Mar/2025:03:34:10 +0100] "GET /ticket2/opencms/sk/buy/?page=1&edid=440CD0F5-C5B6-3E98-F49F-BD69DE8B1A85 HTTP/1.1" 200 90584
47.128.38.166 - - [07/Mar/2025:03:34:10 +0100] "GET /ticket2/opencms/sk/buy/?edid=268D8165-50F1-AAA8-6C6A-3ABAD53C8B35 HTTP/1.1" 200 91629
192.99.36.61 - - [07/Mar/2025:03:34:10 +0100] "GET /ticket2/opencms/dk/sv/buy/?page=1&edid=4D3243F0-A428-409D-BB72-56763113DB47&sortorder=desc&column=price HTTP/1.1" 404 -
95.217.114.173 - - [07/Mar/2025:03:34:10 +0100] "GET /ticket2/opencms/fi/buy/?page=1&edid=3D92AFF0-38EA-1559-8B9F-79AE1B251927 HTTP/1.1" 200 111513
111.7.96.181 - - [07/Mar/2025:03:34:11 +0100] "GET /ticket2/opencms/ HTTP/1.1" 302 -
111.7.96.181 - - [07/Mar/2025:03:34:13 +0100] "GET /ticket2/opencms/en/ HTTP/1.1" 200 103769
111.7.96.181 - - [07/Mar/2025:03:34:14 +0100] "GET /ticket2/opencms/system/modules/com.gridnine.opencms.ticketbrokerage.site/resources/js/calendar-setup.js HTTP/1.1" 200 4923
111.7.96.181 - - [07/Mar/2025:03:34:14 +0100] "GET /ticket2/opencms/system/modules/com.gridnine.opencms.ticketbrokerage.site/resources/js/calendar-en.js HTTP/1.1" 200 3338
111.7.96.181 - - [07/Mar/2025:03:34:14 +0100] "GET /ticket2/opencms/system/modules/com.gridnine.opencms.ticketbrokerage.site/resources/js/calendar.js HTTP/1.1" 200 49229
111.7.96.181 - - [07/Mar/2025:03:34:15 +0100] "GET /ticket2/opencms/system/modules/com.gridnine.opencms.ticketbrokerage.site/resources/js/stickyfill.min.js HTTP/1.1" 200 5672
111.7.96.181 - - [07/Mar/2025:03:34:15 +0100] "GET /ticket2/opencms/system/modules/com.gridnine.opencms.ticketbrokerage.site/resources/js/standard.js HTTP/1.1" 200 3983
111.7.96.181 - - [07/Mar/2025:03:34:15 +0100] "GET /ticket2/opencms/system/modules/com.gridnine.opencms.ticketbrokerage.site/resources/js/functions.js HTTP/1.1" 200 1583
111.7.96.181 - - [07/Mar/2025:03:34:15 +0100] "GET /ticket2/opencms/system/modules/com.gridnine.opencms.ticketbrokerage.site/resources/js/jquery/jquery-ui.js HTTP/1.1" 200 228088
217.182.175.38 - - [07/Mar/2025:03:34:15 +0100] "GET /ticket2/opencms/dk/dk/buy/?page=1&edid=A5392617-A8A6-5394-B72C-AA82A5C556B3&sortorder=desc&column=price HTTP/1.1" 404 -
111.7.96.181 - - [07/Mar/2025:03:34:15 +0100] "GET /ticket2/opencms/system/modules/com.gridnine.opencms.ticketbrokerage.site/resources/js/jquery.fancybox.pack.js HTTP/1.1" 200 23187
111.7.96.181 - - [07/Mar/2025:03:34:15 +0100] "GET /ticket2/opencms/system/modules/com.gridnine.opencms.ticketbrokerage.site/resources/js/jquery/jquery.js HTTP/1.1" 200 93868
95.217.114.173 - - [07/Mar/2025:03:34:16 +0100] "GET /ticket2/opencms/fi/buy/?page=1&edid=3DACB5F5-E2DD-CECF-F2C8-FA8DEE8CA3F7 HTTP/1.1" 200 111662
85.208.96.206 - - [07/Mar/2025:03:34:16 +0100] "GET /ticket2/opencms/tr/spor/futbol-biletleri/english-championship/birmingham-city HTTP/1.1" 404 -
192.99.36.61 - - [07/Mar/2025:03:34:16 +0100] "GET /ticket2/opencms/dk/sv/buy/?page=1&edid=4D3243F0-A428-409D-BB72-56763113DB47&sortorder=desc&column=row HTTP/1.1" 404 -
111.7.96.181 - - [07/Mar/2025:03:34:17 +0100] "GET /ticket2/opencms/system/modules/com.gridnine.opencms.ticketbrokerage.site/resources/js/common-ajax.js HTTP/1.1" 200 20175
111.7.96.181 - - [07/Mar/2025:03:34:17 +0100] "GET /ticket2/opencms/system/modules/com.gridnine.opencms.ticketbrokerage.site/resources/js/jquery.placeholder.min.js HTTP/1.1" 200 1737
152.53.35.50 - - [07/Mar/2025:03:34:19 +0100] "GET /ticket2/opencms/tr/login/ HTTP/1.1" 200 91962
217.182.175.38 - - [07/Mar/2025:03:34:22 +0100] "GET /ticket2/opencms/dk/dk/buy/?page=1&edid=ABC4721A-B6F2-670A-2EEB-D6F5D16C69F5&sortorder=asc&column=price HTTP/1.1" 404 -
192.99.36.61 - - [07/Mar/2025:03:34:23 +0100] "GET /ticket2/opencms/dk/sv/buy/?page=1&edid=4D3243F0-A428-409D-BB72-56763113DB47&sortorder=desc&column=section HTTP/1.1" 404 -
114.119.150.49 - - [07/Mar/2025:03:34:25 +0100] "GET /ticket2/opencms/en/venue/?venueid=62E87565-D10E-37EE-660F-D1D9C793A251 HTTP/1.1" 200 85385
95.217.114.173 - - [07/Mar/2025:03:34:25 +0100] "GET /ticket2/opencms/fi/buy/?page=1&edid=3DE402F2-6E17-DF82-86AD-9BBBEA40303E HTTP/1.1" 200 111567
111.7.96.181 - - [07/Mar/2025:03:34:27 +0100] "GET /ticket2/opencms/system/modules/com.gridnine.opencms.ticketbrokerage.site/resources/js/standard.js HTTP/1.1" 200 3983
217.182.175.38 - - [07/Mar/2025:03:34:28 +0100] "GET /ticket2/opencms/dk/dk/buy/?page=1&edid=AFDF9063-C0FF-597F-DC9B-84BBE5A9A009&sortorder=asc&column=section HTTP/1.1" 404 -
192.99.36.61 - - [07/Mar/2025:03:34:29 +0100] "GET /ticket2/opencms/dk/sv/buy/?page=1&edid=4DE3EC8A-357C-4B99-65AF-B4A313132CD8 HTTP/1.1" 404 -
111.7.96.181 - - [07/Mar/2025:03:34:29 +0100] "GET /ticket2/opencms/img/icons/ticket2.thumbnail.png HTTP/1.1" 200 21519
216.244.66.238 - - [07/Mar/2025:03:34:30 +0100] "GET /ticket2/opencms/it/sport/ HTTP/1.1" 200 93300
40.77.167.25 - - [07/Mar/2025:03:34:30 +0100] "GET /ticket2/opencms/el/buy/?page=1&edid=6BDF2649-A23C-4F39-BEA2-8967D4477DEF HTTP/1.1" 200 116296
85.208.96.199 - - [07/Mar/2025:03:34:31 +0100] "GET /ticket2/opencms/fr/buy_safety HTTP/1.1" 200 90777
95.217.114.173 - - [07/Mar/2025:03:34:32 +0100] "GET /ticket2/opencms/fi/buy/?page=1&edid=3DF88A1E-038D-13CF-39DA-8009DDD0C165 HTTP/1.1" 200 111440
18.144.79.82 - - [07/Mar/2025:03:34:34 +0100] "GET /ticket2/opencms/ HTTP/1.1" 302 -
52.167.144.150 - - [07/Mar/2025:03:34:34 +0100] "GET /ticket2/opencms/sl/buy?page=1&edid=C6A9C5BD-7FE3-2764-5DEE-D15ACC35DBD8 HTTP/1.1" 200 112278
40.77.167.76 - - [07/Mar/2025:03:34:34 +0100] "GET /ticket2/opencms/bg/buy/?page=1&edid=0D4DB71A-4664-D34E-661B-2C2F571A6F09 HTTP/1.1" 200 113526
114.119.135.171 - - [07/Mar/2025:03:34:35 +0100] "GET /ticket2/opencms/en/sell/?edid=D1B6D814-A677-3D90-03BA-1F7CF35352A4 HTTP/1.1" 302 -
192.99.36.61 - - [07/Mar/2025:03:34:35 +0100] "GET /ticket2/opencms/dk/sv/buy/?page=1&edid=E250529A-1DDD-AE95-4941-50FB7D17DDA1&sortorder=desc&column=price HTTP/1.1" 404 -
52.167.144.150 - - [07/Mar/2025:03:34:35 +0100] "GET /ticket2/opencms/lt/buy/?page=1&edid=E02C8E3D-6C2E-8F38-64B9-3AC023D42EA2&sortorder=asc&column=section HTTP/1.1" 200 112931
217.182.175.38 - - [07/Mar/2025:03:34:35 +0100] "GET /ticket2/opencms/dk/dk/buy/?page=1&edid=B0327BA1-3277-D05F-6143-E026DFCBF7B3&sortorder=asc&column=section HTTP/1.1" 404 -
85.208.96.207 - - [07/Mar/2025:03:34:36 +0100] "GET /ticket2/opencms/robots.txt HTTP/1.1" 200 773
173.252.69.1 - - [07/Mar/2025:03:34:37 +0100] "GET /ticket2/opencms/sv/sport/fotbollsbiljetter/bundesliga/darmstadt/ HTTP/1.1" 500 -
95.217.114.173 - - [07/Mar/2025:03:34:38 +0100] "GET /ticket2/opencms/fi/buy/?page=1&edid=3E073779-8E51-3844-6923-CF42DBA9A05A HTTP/1.1" 200 112218
85.208.96.211 - - [07/Mar/2025:03:34:38 +0100] "GET /ticket2/opencms/es/magazine/article?title=como-funciona-en-el-campo-de-futbol HTTP/1.1" 200 90855
114.119.135.171 - - [07/Mar/2025:03:34:39 +0100] "GET /ticket2/opencms/en/login/?url=/en/sell/ HTTP/1.1" 200 90149
192.99.36.61 - - [07/Mar/2025:03:34:41 +0100] "GET /ticket2/opencms/dk/sv/buy/?page=1&edid=E250529A-1DDD-AE95-4941-50FB7D17DDA1&sortorder=desc&column=row HTTP/1.1" 404 -
217.182.175.38 - - [07/Mar/2025:03:34:42 +0100] "GET /ticket2/opencms/dk/dk/buy/?page=1&edid=B78A60FE-C1A9-BDF8-D771-77B20EE2ACE9&sortorder=asc&column=price HTTP/1.1" 404 -
173.252.83.9 - - [07/Mar/2025:03:34:43 +0100] "GET /ticket2/opencms/cs/buy?page=1&edid=57C8D150-DCBD-4911-196A-160A37952FA8 HTTP/1.1" 200 135551
95.217.114.173 - - [07/Mar/2025:03:34:44 +0100] "GET /ticket2/opencms/fi/buy/?page=1&edid=3E146A3D-765F-55A1-8128-D385A10FDA85 HTTP/1.1" 200 112288
114.119.130.154 - - [07/Mar/2025:03:34:45 +0100] "GET /ticket2/opencms/az/buy?page=1&edid=6478F781-65DA-7AAE-BAEE-90B7FCDC7B60 HTTP/1.1" 200 111828
114.119.134.48 - - [07/Mar/2025:03:34:45 +0100] "GET /ticket2/opencms/en/buy/?page=1&edid=DF09DA20-E43F-35F9-26B1-56353C7187EA HTTP/1.1" 200 109888
114.119.145.123 - - [07/Mar/2025:03:34:47 +0100] "GET /ticket2/opencms/es/buy/?comcatid=97ECA65A-72DA-F9AF-9DBB-245D3CFED1BE&catid=4C4DADF0-07CC-9B24-D2D9-940EF378BE99 HTTP/1.1" 200 98145
40.77.167.25 - - [07/Mar/2025:03:34:47 +0100] "GET /ticket2/opencms/pl/buy?page=1&edid=6DE6F49B-9DDC-AE93-D3C4-D0745D66A6AA HTTP/1.1" 200 108481
192.99.36.61 - - [07/Mar/2025:03:34:48 +0100] "GET /ticket2/opencms/dk/sv/buy/?page=1&edid=E250529A-1DDD-AE95-4941-50FB7D17DDA1&sortorder=desc&column=section HTTP/1.1" 404 -
217.182.175.38 - - [07/Mar/2025:03:34:49 +0100] "GET /ticket2/opencms/dk/dk/buy/?page=1&edid=B801EBB3-0D7A-1D46-716A-CBC1332789A4&sortorder=asc&column=price HTTP/1.1" 404 -
69.171.230.113 - - [07/Mar/2025:03:34:50 +0100] "GET /ticket2/opencms/lt/buy?page=1&edid=7F2B1FEA-20FE-7448-32AC-111154CA401B HTTP/1.1" 200 136310
18.144.79.82 - - [07/Mar/2025:03:34:51 +0100] "GET /ticket2/opencms/en/ HTTP/1.1" 200 103715
95.217.114.173 - - [07/Mar/2025:03:34:51 +0100] "GET /ticket2/opencms/fi/buy/?page=1&edid=3E257DE0-0B8D-4DA4-DFD7-1A0533F4A423 HTTP/1.1" 200 110570
52.167.144.150 - - [07/Mar/2025:03:34:52 +0100] "GET /ticket2/opencms/it/buy?page=6&comcatid=97ECA65A-72DA-F9AF-9DBB-245D3CFED1BE&catid=9457695E-36ED-A63E-7A88-32963954E2C7 HTTP/1.1" 200 98074
192.99.36.61 - - [07/Mar/2025:03:34:54 +0100] "GET /ticket2/opencms/dk/sv/buy/?page=1&edid=E32CB158-4010-F4CB-7CEA-BC61CA678038 HTTP/1.1" 404 -
185.191.171.8 - - [07/Mar/2025:03:34:55 +0100] "GET /ticket2/opencms/ga/sport/ticeid-peile/english-championship/cardiff-city HTTP/1.1" 404 -
217.182.175.38 - - [07/Mar/2025:03:34:55 +0100] "GET /ticket2/opencms/dk/dk/buy/?page=1&edid=B83D277E-DD60-5908-B3D4-943667640531&sortorder=asc&column=price HTTP/1.1" 404 -
40.77.167.76 - - [07/Mar/2025:03:34:58 +0100] "GET /ticket2/opencms/es/buy?page=1&edid=160dac9a-2a77-6fdc-52b8-296352b1abf1 HTTP/1.1" 200 8134
37.120.187.199 - - [07/Mar/2025:03:34:58 +0100] "GET /ticket2/opencms/is/buy?page=1&edid=A250B4B1-8EE0-FF45-8CB6-582F5F739AF9 HTTP/1.1" 200 112439
95.217.114.173 - - [07/Mar/2025:03:34:58 +0100] "GET /ticket2/opencms/fi/buy/?page=1&edid=3E315332-7389-11F7-FC0A-A2C68F847183 HTTP/1.1" 200 111205
47.128.38.176 - - [07/Mar/2025:03:34:59 +0100] "GET /ticket2/opencms/nl/sport/voetbal-tickets/bundesliga/werder-bremen/ HTTP/1.1" 200 97985
20.171.207.36 - - [07/Mar/2025:03:35:00 +0100] "GET /ticket2/opencms/be/sport/futbol-kvitki/ligue-1 HTTP/1.1" 500 -
192.99.36.61 - - [07/Mar/2025:03:35:01 +0100] "GET /ticket2/opencms/dk/sv/buy/?page=1&edid=E32CB158-4010-F4CB-7CEA-BC61CA678038&sortorder=desc&column=price HTTP/1.1" 404 -
47.128.49.28 - - [07/Mar/2025:03:35:02 +0100] "GET /ticket2/opencms/fi/venue/?venueid=3EFA133C-9DC2-28D1-976C-FF89420A85DD HTTP/1.1" 200 86783
217.182.175.38 - - [07/Mar/2025:03:35:02 +0100] "GET /ticket2/opencms/dk/dk/buy/?page=1&edid=B83D277E-DD60-5908-B3D4-943667640531&sortorder=asc&column=row HTTP/1.1" 404 -
95.217.114.173 - - [07/Mar/2025:03:35:04 +0100] "GET /ticket2/opencms/fi/buy/?page=1&edid=3E653603-2990-6BAA-BF77-A3869BCDA790 HTTP/1.1" 200 111364
114.119.157.43 - - [07/Mar/2025:03:35:05 +0100] "GET /ticket2/opencms/az/buy?page=1&edid=62A38D37-A3CA-2938-5541-EC898BE28908 HTTP/1.1" 200 111206
192.99.36.61 - - [07/Mar/2025:03:35:07 +0100] "GET /ticket2/opencms/dk/sv/buy/?page=1&edid=E32CB158-4010-F4CB-7CEA-BC61CA678038&sortorder=desc&column=row HTTP/1.1" 404 -
52.167.144.235 - - [07/Mar/2025:03:35:08 +0100] "GET /ticket2/opencms/dk/buy/?page=1&edid=128622B7-EDDD-3A5E-9897-BCB852F1E8F1 HTTP/1.1" 200 109489
217.182.175.38 - - [07/Mar/2025:03:35:09 +0100] "GET /ticket2/opencms/dk/dk/buy/?page=1&edid=B83D277E-DD60-5908-B3D4-943667640531&sortorder=asc&column=section HTTP/1.1" 404 -
95.217.114.173 - - [07/Mar/2025:03:35:11 +0100] "GET /ticket2/opencms/fi/buy/?page=1&edid=3E86A9D2-1F76-94AC-46C5-9F4298C72DA0 HTTP/1.1" 200 112251
192.99.36.61 - - [07/Mar/2025:03:35:13 +0100] "GET /ticket2/opencms/dk/sv/buy/?page=1&edid=E32CB158-4010-F4CB-7CEA-BC61CA678038&sortorder=desc&column=section HTTP/1.1" 404 -
185.191.171.8 - - [07/Mar/2025:03:35:15 +0100] "GET /ticket2/opencms/lv/magazine/article?title=allsvenskan-zviedrijas-futbola-premjerliga HTTP/1.1" 200 93288
217.182.175.38 - - [07/Mar/2025:03:35:16 +0100] "GET /ticket2/opencms/dk/dk/buy/?page=1&edid=B8736786-BDEB-839B-CA60-E0B1B63D3892&sortorder=asc&column=price HTTP/1.1" 404 -
47.128.23.0 - - [07/Mar/2025:03:35:17 +0100] "GET /ticket2/opencms/lt/about/press/ HTTP/1.1" 200 89012
66.249.65.196 - - [07/Mar/2025:03:35:17 +0100] "GET /ticket2/opencms/is/sport/fotbolti/premier-league/arsenal HTTP/1.1" 200 96678
47.128.23.0 - - [07/Mar/2025:03:35:18 +0100] "GET /ticket2/opencms/system/modules/com.gridnine.opencms.ticketbrokerage.site/resources/css/images/event-banner.png HTTP/1.1" 404 -
95.217.114.173 - - [07/Mar/2025:03:35:19 +0100] "GET /ticket2/opencms/fi/buy/?page=1&edid=3E8AB527-BA46-0F5F-492A-DCDB511631CD HTTP/1.1" 200 111752
192.99.36.61 - - [07/Mar/2025:03:35:20 +0100] "GET /ticket2/opencms/dk/sv/buy/?page=1&edid=E3B2F60A-2665-8DC5-C81D-1DCD1F82978A&sortorder=asc&column=price HTTP/1.1" 404 -
217.182.175.38 - - [07/Mar/2025:03:35:22 +0100] "GET /ticket2/opencms/dk/dk/buy/?page=1&edid=B8A52DF1-023E-DD5F-54BF-0FD0B1905D96&sortorder=asc&column=section HTTP/1.1" 404 -
185.191.171.18 - - [07/Mar/2025:03:35:25 +0100] "GET /ticket2/opencms/et/magazine/article?title=cole-palmer-otsustab-mangu-ja-alexander-isak-on-tagasi HTTP/1.1" 200 93578
192.99.36.61 - - [07/Mar/2025:03:35:26 +0100] "GET /ticket2/opencms/dk/sv/buy/?page=1&edid=E3B2F60A-2665-8DC5-C81D-1DCD1F82978A&sortorder=asc&column=row HTTP/1.1" 404 -
95.217.114.173 - - [07/Mar/2025:03:35:26 +0100] "GET /ticket2/opencms/fi/buy/?page=1&edid=3E8B9DD7-B609-0925-BD21-80B9B0C4A203 HTTP/1.1" 200 108499
185.191.171.5 - - [07/Mar/2025:03:35:28 +0100] "GET /ticket2/opencms/nl/sport/voetbal-tickets/premier_league/brentford/ HTTP/1.1" 200 91176
123.160.223.73 - - [07/Mar/2025:03:35:30 +0100] "GET /ticket2/opencms/ HTTP/1.1" 302 -
40.77.167.25 - - [07/Mar/2025:03:35:30 +0100] "GET /ticket2/opencms/pl/sell/?edid=1571DB1B-206B-93FC-5429-333D7E9FCB65 HTTP/1.1" 302 -
192.99.36.61 - - [07/Mar/2025:03:35:31 +0100] "GET /ticket2/opencms/dk/sv/buy/?page=1&edid=E3E4D411-7B1C-2989-5DA3-2E53F85811AA HTTP/1.1" 404 -
45.15.17.67 - - [07/Mar/2025:03:35:32 +0100] "GET /ticket2/opencms/ HTTP/1.1" 302 -
95.217.114.173 - - [07/Mar/2025:03:35:33 +0100] "GET /ticket2/opencms/fi/buy/?page=1&edid=3EB861B6-E18E-9E71-7780-7E9C719C08F8 HTTP/1.1" 200 110672
217.182.175.38 - - [07/Mar/2025:03:35:34 +0100] "GET /ticket2/opencms/dk/dk/buy/?page=1&edid=B939F61B-1162-C4A7-30F7-5D013667E7F3&sortorder=asc&column=row HTTP/1.1" 404 -
45.15.17.67 - - [07/Mar/2025:03:35:37 +0100] "GET /ticket2/opencms/ HTTP/1.1" 302 -
192.99.36.61 - - [07/Mar/2025:03:35:37 +0100] "GET /ticket2/opencms/dk/sv/buy/?page=1&edid=E3E4D411-7B1C-2989-5DA3-2E53F85811AA&sortorder=desc&column=price HTTP/1.1" 404 -
95.217.114.173 - - [07/Mar/2025:03:35:39 +0100] "GET /ticket2/opencms/fi/buy/?page=1&edid=3EC14DC4-3C4A-6A9B-BB8A-B8CCD1583687 HTTP/1.1" 200 111656
217.182.175.38 - - [07/Mar/2025:03:35:40 +0100] "GET /ticket2/opencms/dk/dk/buy/?page=1&edid=B939F61B-1162-C4A7-30F7-5D013667E7F3&sortorder=asc&column=section HTTP/1.1" 404 -
66.249.74.136 - - [07/Mar/2025:03:35:42 +0100] "GET /ticket2/opencms/el/magazine/article?title=o-neymar-epistrefei-sto-spiti HTTP/1.1" 200 95834
192.99.36.61 - - [07/Mar/2025:03:35:43 +0100] "GET /ticket2/opencms/dk/sv/buy/?page=1&edid=E3E4D411-7B1C-2989-5DA3-2E53F85811AA&sortorder=desc&column=row HTTP/1.1" 404 -
95.217.114.173 - - [07/Mar/2025:03:35:43 +0100] "GET /ticket2/opencms/fi/buy/?page=1&edid=3EE4A476-CEF9-2137-D771-AEC1A5257F62 HTTP/1.1" 200 112204
111.7.96.155 - - [07/Mar/2025:03:35:44 +0100] "GET /ticket2/opencms/ HTTP/1.1" 302 -
45.15.17.67 - - [07/Mar/2025:03:35:44 +0100] "GET /ticket2/opencms/en/ HTTP/1.1" 200 103774
85.208.96.207 - - [07/Mar/2025:03:35:45 +0100] "GET /ticket2/opencms/sv/sport/fotbollsbiljetter/uefa-champions-league/cfr_cluj/ HTTP/1.1" 200 86876
111.7.96.155 - - [07/Mar/2025:03:35:46 +0100] "GET /ticket2/opencms/en/ HTTP/1.1" 200 103734
217.182.175.38 - - [07/Mar/2025:03:35:47 +0100] "GET /ticket2/opencms/dk/dk/buy/?page=1&edid=B939F61B-1162-C4A7-30F7-5D013667E7F3&sortorder=desc&column=price HTTP/1.1" 404 -
111.7.96.155 - - [07/Mar/2025:03:35:47 +0100] "GET /ticket2/opencms/img/icons/ticket2.thumbnail.png HTTP/1.1" 200 21519
95.217.114.173 - - [07/Mar/2025:03:35:49 +0100] "GET /ticket2/opencms/fi/buy/?page=1&edid=3EF40FD0-EAD7-50C1-053D-AADF897D5FB0 HTTP/1.1" 200 108428
192.99.36.61 - - [07/Mar/2025:03:35:49 +0100] "GET /ticket2/opencms/dk/sv/buy/?page=1&edid=E3E4D411-7B1C-2989-5DA3-2E53F85811AA&sortorder=desc&column=section HTTP/1.1" 404 -
185.191.171.6 - - [07/Mar/2025:03:35:50 +0100] "GET /ticket2/opencms/sv/about/ HTTP/1.1" 200 88152
95.217.114.173 - - [07/Mar/2025:03:35:52 +0100] "GET /ticket2/opencms/fi/buy/?page=1&edid=3F0125BA-1C61-4BFF-2467-AF8AB47237AF HTTP/1.1" 200 112116
54.36.149.78 - - [07/Mar/2025:03:35:53 +0100] "GET /ticket2/opencms/dk/sport/fodboldbilletter/la-liga/osasuna/ HTTP/1.1" 200 97580
217.182.175.38 - - [07/Mar/2025:03:35:54 +0100] "GET /ticket2/opencms/dk/dk/buy/?page=1&edid=B93BACFA-D4BE-FD44-7471-80CB70722A0B&sortorder=asc&column=row HTTP/1.1" 404 -
192.99.36.61 - - [07/Mar/2025:03:35:55 +0100] "GET /ticket2/opencms/dk/sv/buy/?page=1&edid=E44A15FB-9AD3-7006-177C-42D8EEC79FD4 HTTP/1.1" 404 -
40.77.167.77 - - [07/Mar/2025:03:35:56 +0100] "GET /ticket2/opencms/sv/buy/?page=1&edid=DD06A750-81DC-2084-5EA7-F99D030C75E7 HTTP/1.1" 200 134604
52.167.144.150 - - [07/Mar/2025:03:36:01 +0100] "GET /ticket2/opencms/is/buy?page=1&edid=CE5FAEA5-49F6-8E22-3844-617657C3217A HTTP/1.1" 200 111912
95.217.114.173 - - [07/Mar/2025:03:36:01 +0100] "GET /ticket2/opencms/fi/buy/?page=1&edid=3F2C8D5E-7438-2D70-0996-42F9CB6F4E20 HTTP/1.1" 200 112275
192.99.36.61 - - [07/Mar/2025:03:36:02 +0100] "GET /ticket2/opencms/dk/sv/buy/?page=1&edid=E45E8CAC-C9E1-5B17-FCDC-FD9DFD7F01BC&sortorder=asc&column=price HTTP/1.1" 404 -
114.119.153.152 - - [07/Mar/2025:03:36:02 +0100] "GET /ticket2/opencms/az/buy?page=1&edid=60532372-36DE-90FC-6B04-5789BEA27CC4 HTTP/1.1" 200 112783
20.171.207.36 - - [07/Mar/2025:03:36:03 +0100] "GET /ticket2/opencms/sl/sport/nogometne-vstopnice/champions-league/arsenal HTTP/1.1" 404 -
185.191.171.12 - - [07/Mar/2025:03:36:04 +0100] "GET /ticket2/opencms/pl/sport/bilety-futbol/premier-league/crystal_palace/ HTTP/1.1" 200 101430
114.119.165.226 - - [07/Mar/2025:03:36:05 +0100] "GET /ticket2/opencms/ru/buy/?page=1&edid=9F8544B2-CF19-221B-478E-5476FF460535 HTTP/1.1" 200 8488
217.182.175.38 - - [07/Mar/2025:03:36:06 +0100] "GET /ticket2/opencms/dk/dk/buy/?page=1&edid=BBC9D349-01AE-AD1D-85B2-970FE849D007&sortorder=asc&column=price HTTP/1.1" 404 -
95.217.114.173 - - [07/Mar/2025:03:36:08 +0100] "GET /ticket2/opencms/fi/buy/?page=1&edid=3F305679-4AAA-66B4-15E8-15B88AE2914C HTTP/1.1" 200 110410
192.99.36.61 - - [07/Mar/2025:03:36:10 +0100] "GET /ticket2/opencms/dk/sv/buy/?page=1&edid=E45E8CAC-C9E1-5B17-FCDC-FD9DFD7F01BC&sortorder=asc&column=row HTTP/1.1" 404 -
114.119.150.49 - - [07/Mar/2025:03:36:11 +0100] "GET /ticket2/opencms/en/venue/?venueid=5FD2FED0-DB89-FAFA-1927-AF1A95DA13A5 HTTP/1.1" 200 85327
217.182.175.38 - - [07/Mar/2025:03:36:12 +0100] "GET /ticket2/opencms/dk/dk/buy/?page=1&edid=BBC9D349-01AE-AD1D-85B2-970FE849D007&sortorder=asc&column=row HTTP/1.1" 404 -
95.217.114.173 - - [07/Mar/2025:03:36:14 +0100] "GET /ticket2/opencms/fi/buy/?page=1&edid=3F350DAF-2EE3-F290-0651-F5B5EADEB5AA HTTP/1.1" 200 111700
192.99.36.61 - - [07/Mar/2025:03:36:17 +0100] "GET /ticket2/opencms/dk/sv/buy/?page=1&edid=E45E8CAC-C9E1-5B17-FCDC-FD9DFD7F01BC&sortorder=asc&column=section HTTP/1.1" 404 -
216.244.66.238 - - [07/Mar/2025:03:36:19 +0100] "GET /ticket2/opencms/it/sport/biglietti-calcio/la-liga/getafe HTTP/1.1" 200 102165
217.182.175.38 - - [07/Mar/2025:03:36:19 +0100] "GET /ticket2/opencms/dk/dk/buy/?page=1&edid=BE597364-D705-EB99-5903-51449427EA7F HTTP/1.1" 404 -
40.77.167.25 - - [07/Mar/2025:03:36:20 +0100] "GET /ticket2/opencms/nl/buy/?page=1&edid=3C740BD7-5418-89D5-329F-E2AA5410EB01 HTTP/1.1" 200 106265
95.217.114.173 - - [07/Mar/2025:03:36:21 +0100] "GET /ticket2/opencms/fi/buy/?page=1&edid=3F3A734D-4382-40A1-90C1-DDCABA9E878B HTTP/1.1" 200 111927
52.167.144.150 - - [07/Mar/2025:03:36:24 +0100] "GET /ticket2/opencms/en/buy?page=1&edid=D421CF40-F847-B0E5-3935-A03A252A248C HTTP/1.1" 200 106809
192.99.36.61 - - [07/Mar/2025:03:36:24 +0100] "GET /ticket2/opencms/dk/sv/buy/?page=1&edid=E4CDE56A-63B5-1BDC-27AA-9FAB868BC5A1 HTTP/1.1" 404 -
47.128.43.237 - - [07/Mar/2025:03:36:26 +0100] "GET /ticket2/opencms/nl/buy/?edid=BD719054-11F0-C21F-E1D7-4BD8F12BE51A HTTP/1.1" 200 89361
217.182.175.38 - - [07/Mar/2025:03:36:26 +0100] "GET /ticket2/opencms/dk/dk/buy/?page=1&edid=BE8FBC61-B0C2-4CAA-8A3A-B3DE60176719&sortorder=asc&column=price HTTP/1.1" 404 -
95.217.114.173 - - [07/Mar/2025:03:36:27 +0100] "GET /ticket2/opencms/fi/buy/?page=1&edid=3F4FC93E-B58B-AFDB-9F81-9C44D796F9DD HTTP/1.1" 200 108345
47.128.110.44 - - [07/Mar/2025:03:36:29 +0100] "GET /ticket2/opencms/no/ HTTP/1.1" 200 105093
114.119.130.178 - - [07/Mar/2025:03:36:31 +0100] "GET /ticket2/opencms/es/buy/?page=1&edid=BD5ED709-E550-ECCC-FE1D-2E85747011DF HTTP/1.1" 200 118611
192.99.36.61 - - [07/Mar/2025:03:36:32 +0100] "GET /ticket2/opencms/dk/sv/buy/?page=1&edid=E4CDE56A-63B5-1BDC-27AA-9FAB868BC5A1&sortorder=desc&column=price HTTP/1.1" 404 -
114.119.133.220 - - [07/Mar/2025:03:36:33 +0100] "GET /ticket2/opencms/en/buy/?page=1&edid=DCD14038-9E0E-1D66-8C3B-8C9F91D309AF HTTP/1.1" 200 110708
66.249.65.195 - - [07/Mar/2025:03:36:33 +0100] "GET /ticket2/opencms/is/sport/fotbolti/premier-league/chelsea HTTP/1.1" 200 102795
217.182.175.38 - - [07/Mar/2025:03:36:34 +0100] "GET /ticket2/opencms/dk/dk/buy/?page=1&edid=BEC4EE84-22BE-FA65-0F72-9E73EA61AA52&sortorder=asc&column=price HTTP/1.1" 404 -
95.217.114.173 - - [07/Mar/2025:03:36:36 +0100] "GET /ticket2/opencms/fi/buy/?page=1&edid=3F6A8792-7548-F993-C348-52429B326F12 HTTP/1.1" 200 111044
194.120.230.215 - - [07/Mar/2025:03:36:37 +0100] "GET /ticket2/opencms/de/cgi-bin/luci/;stok=/locale HTTP/1.1" 404 -
40.77.167.25 - - [07/Mar/2025:03:36:38 +0100] "GET /ticket2/opencms/sr/buy/?page=1&edid=F503AB1D-5285-4EFD-342F-0CC2D9705E49 HTTP/1.1" 200 112219
52.167.144.159 - - [07/Mar/2025:03:36:39 +0100] "GET /ticket2/opencms/en/venue/?venueid=51B4DE67-01CA-0B71-9885-4DA0B8DB7CF4 HTTP/1.1" 200 85415
111.7.106.107 - - [07/Mar/2025:03:36:40 +0100] "GET /ticket2/opencms/ HTTP/1.1" 302 -
217.182.175.38 - - [07/Mar/2025:03:36:40 +0100] "GET /ticket2/opencms/dk/dk/buy/?page=1&edid=BFDFE449-D4A2-3EC2-5F36-4B5707D3EE53&sortorder=desc&column=price HTTP/1.1" 404 -
111.7.106.107 - - [07/Mar/2025:03:36:41 +0100] "GET /ticket2/opencms/en/ HTTP/1.1" 200 103741
192.99.36.61 - - [07/Mar/2025:03:36:42 +0100] "GET /ticket2/opencms/dk/sv/buy/?page=1&edid=E4CDE56A-63B5-1BDC-27AA-9FAB868BC5A1&sortorder=desc&column=row HTTP/1.1" 404 -
95.217.114.173 - - [07/Mar/2025:03:36:42 +0100] "GET /ticket2/opencms/fi/buy/?page=1&edid=3F6B6B17-F159-59CA-9275-25779C692B45 HTTP/1.1" 200 111654
111.7.106.107 - - [07/Mar/2025:03:36:43 +0100] "GET /ticket2/opencms/img/icons/ticket2.thumbnail.png HTTP/1.1" 200 21519
54.67.112.151 - - [07/Mar/2025:03:36:43 +0100] "GET /ticket2/opencms/ HTTP/1.1" 500 -
66.249.76.44 - - [07/Mar/2025:03:36:44 +0100] "GET /ticket2/opencms/it/buy/?page=1&edid=7A1DF71C-A099-266B-FA44-13983A11D037 HTTP/1.1" 200 107635
217.182.175.38 - - [07/Mar/2025:03:36:47 +0100] "GET /ticket2/opencms/dk/dk/buy/?page=1&edid=C2E2A345-1805-9628-50E3-0D8B812CD139&sortorder=desc&column=row HTTP/1.1" 404 -
114.119.153.152 - - [07/Mar/2025:03:36:48 +0100] "GET /ticket2/opencms/az/buy?page=1&edid=5EBE19BA-6757-CAB7-B477-496B303A9553 HTTP/1.1" 200 111143
114.119.154.207 - - [07/Mar/2025:03:36:48 +0100] "GET /ticket2/opencms/es/buy/?page=1&edid=8551F24F-7E36-E365-707B-96D4F958640A HTTP/1.1" 200 111837
66.249.65.196 - - [07/Mar/2025:03:36:48 +0100] "GET /ticket2/opencms/be/buy/?page=1&edid=E8BA54CC-B112-3D61-BE02-1B4D1E4F63D1 HTTP/1.1" 200 136432
192.99.36.61 - - [07/Mar/2025:03:36:50 +0100] "GET /ticket2/opencms/dk/sv/buy/?page=1&edid=E4CDE56A-63B5-1BDC-27AA-9FAB868BC5A1&sortorder=desc&column=section HTTP/1.1" 404 -
95.217.114.173 - - [07/Mar/2025:03:36:53 +0100] "GET /ticket2/opencms/fi/buy/?page=1&edid=3F7BA072-6294-6013-6B32-056BC5946D2B HTTP/1.1" 200 111474
217.182.175.38 - - [07/Mar/2025:03:36:54 +0100] "GET /ticket2/opencms/dk/dk/buy/?page=1&edid=C2EAC35C-806F-010C-DE25-D13971AC8E7C&sortorder=desc&column=price HTTP/1.1" 404 -
185.191.171.6 - - [07/Mar/2025:03:36:59 +0100] "GET /ticket2/opencms/hr/sport/nogometne-ulaznice/la-liga/valladolid HTTP/1.1" 500 -
192.99.36.61 - - [07/Mar/2025:03:37:00 +0100] "GET /ticket2/opencms/dk/sv/buy/?page=1&edid=E4CFBA4F-DA55-D584-95F8-04FAB28E8F9A&sortorder=asc&column=price HTTP/1.1" 404 -
217.182.175.38 - - [07/Mar/2025:03:37:00 +0100] "GET /ticket2/opencms/dk/dk/buy/?page=1&edid=C2EAC35C-806F-010C-DE25-D13971AC8E7C&sortorder=desc&column=section HTTP/1.1" 404 -
95.217.114.173 - - [07/Mar/2025:03:37:00 +0100] "GET /ticket2/opencms/fi/buy/?page=1&edid=3F7D63CC-E733-9F68-C70A-87CE345C4BD0 HTTP/1.1" 200 111913
217.182.175.38 - - [07/Mar/2025:03:37:07 +0100] "GET /ticket2/opencms/dk/dk/buy/?page=1&edid=C2FCD713-6AE1-6CEF-FA73-C3089C99A625&sortorder=asc&column=row HTTP/1.1" 404 -
192.99.36.61 - - [07/Mar/2025:03:37:07 +0100] "GET /ticket2/opencms/dk/sv/buy/?page=1&edid=E4CFBA4F-DA55-D584-95F8-04FAB28E8F9A&sortorder=asc&column=section HTTP/1.1" 404 -
20.171.207.36 - - [07/Mar/2025:03:37:07 +0100] "GET /ticket2/opencms/mt/sport/biljetti-tal-futbol/bundesliga/rb_leipzig/ HTTP/1.1" 200 94887
52.167.144.235 - - [07/Mar/2025:03:37:07 +0100] "GET /ticket2/opencms/en/sell/?edid=FA6F95C7-9080-870C-723D-76629BBF54DD HTTP/1.1" 302 -
95.217.114.173 - - [07/Mar/2025:03:37:08 +0100] "GET /ticket2/opencms/fi/buy/?page=1&edid=3F7DE1D7-4CD8-C30E-0BB4-B44660F8DBF2 HTTP/1.1" 200 111500
217.182.175.38 - - [07/Mar/2025:03:37:14 +0100] "GET /ticket2/opencms/dk/dk/buy/?page=1&edid=C2FCD713-6AE1-6CEF-FA73-C3089C99A625&sortorder=asc&column=section HTTP/1.1" 404 -
192.99.36.61 - - [07/Mar/2025:03:37:15 +0100] "GET /ticket2/opencms/dk/sv/buy/?page=1&edid=E4CFBA4F-DA55-D584-95F8-04FAB28E8F9A&sortorder=desc&column=price HTTP/1.1" 404 -
95.217.114.173 - - [07/Mar/2025:03:37:15 +0100] "GET /ticket2/opencms/fi/buy/?page=1&edid=3F822738-BD55-10B1-3185-42149CD278B9 HTTP/1.1" 200 111572
114.119.159.129 - - [07/Mar/2025:03:37:17 +0100] "GET /ticket2/opencms/en/venue/?venueid=5E03C312-201F-EA86-FC06-30C04764E9A3 HTTP/1.1" 200 85410
217.182.175.38 - - [07/Mar/2025:03:37:20 +0100] "GET /ticket2/opencms/dk/dk/buy/?page=1&edid=C303FEB5-3761-7D71-D52C-7424D1CD1294 HTTP/1.1" 404 -
123.160.223.73 - - [07/Mar/2025:03:37:22 +0100] "GET /ticket2/opencms/ HTTP/1.1" 302 -
192.99.36.61 - - [07/Mar/2025:03:37:23 +0100] "GET /ticket2/opencms/dk/sv/buy/?page=1&edid=E55458F4-1FCF-3C1D-EAC3-DCB344D5A791 HTTP/1.1" 404 -
123.160.223.75 - - [07/Mar/2025:03:37:24 +0100] "GET /ticket2/opencms/en/ HTTP/1.1" 200 103783
40.77.167.76 - - [07/Mar/2025:03:37:24 +0100] "GET /ticket2/opencms/hr/buy/?page=1&edid=59EE7C1E-928C-0B67-F8CD-0935739262E0 HTTP/1.1" 200 120415
95.217.114.173 - - [07/Mar/2025:03:37:25 +0100] "GET /ticket2/opencms/fi/buy/?page=1&edid=3F92C366-26BE-34B1-8D65-7D6625174EB7 HTTP/1.1" 200 108395
185.191.171.2 - - [07/Mar/2025:03:37:25 +0100] "GET /ticket2/opencms/bs/magazine/article?title=kupite-karte-za-bundesligu-na-ticket2com HTTP/1.1" 200 92475
123.160.223.75 - - [07/Mar/2025:03:37:27 +0100] "GET /ticket2/opencms/img/icons/ticket2.thumbnail.png HTTP/1.1" 200 21519
217.182.175.38 - - [07/Mar/2025:03:37:27 +0100] "GET /ticket2/opencms/dk/dk/buy/?page=1&edid=C303FEB5-3761-7D71-D52C-7424D1CD1294&sortorder=asc&column=price HTTP/1.1" 404 -
192.99.36.61 - - [07/Mar/2025:03:37:30 +0100] "GET /ticket2/opencms/dk/sv/buy/?page=1&edid=E55458F4-1FCF-3C1D-EAC3-DCB344D5A791&sortorder=desc&column=price HTTP/1.1" 404 -
114.119.130.154 - - [07/Mar/2025:03:37:31 +0100] "GET /ticket2/opencms/az/buy?page=1&edid=5E608C7A-903B-E4BB-4868-5D83917347B8 HTTP/1.1" 200 112366
173.252.69.116 - - [07/Mar/2025:03:37:31 +0100] "GET /ticket2/opencms/it/buy?page=1&edid=33C93D30-5D5F-70D5-E4DB-10F58238A7ED HTTP/1.1" 200 120504
95.217.114.173 - - [07/Mar/2025:03:37:31 +0100] "GET /ticket2/opencms/fi/buy/?page=1&edid=3F995240-E187-D611-BDFC-C8A7A31B7E7D HTTP/1.1" 200 108438
217.182.175.38 - - [07/Mar/2025:03:37:32 +0100] "GET /ticket2/opencms/dk/dk/sport/fodboldbilletter/la-liga/ HTTP/1.1" 404 -
192.99.36.61 - - [07/Mar/2025:03:37:36 +0100] "GET /ticket2/opencms/dk/sv/buy/?page=1&edid=E55458F4-1FCF-3C1D-EAC3-DCB344D5A791&sortorder=desc&column=row HTTP/1.1" 404 -
95.217.114.173 - - [07/Mar/2025:03:37:37 +0100] "GET /ticket2/opencms/fi/buy/?page=1&edid=3FBB7D7B-D75F-7C1C-78F5-08C145E9FDB1 HTTP/1.1" 200 111546
217.182.175.38 - - [07/Mar/2025:03:37:38 +0100] "GET /ticket2/opencms/dk/en/buy/?page=1&edid=B76473E8-F4A0-C28B-5AB3-EECAE6A50846&sortorder=desc&column=row HTTP/1.1" 404 -
