66.249.65.195 - - [07/Mar/2025:03:52:15 +0100] "GET /ticket2/opencms/set_aff_cookie.jsp?partner=692E2C6A-EC6F-1C93-AFCC-C5ACC23A93EA&url=%252Fsv%252Fbuy%252Findex.html%253Fpage%253D1%2526edid%253DFF079107-CBD4-B70B-EC76-A896DEC733A2%2526hlv%253D66d03a60-2948-4c02-80f7-74ef0a01000f%2523v1429000919 HTTP/1.1" 200 246
95.217.114.173 - - [07/Mar/2025:03:52:16 +0100] "GET /ticket2/opencms/fi/buy/?page=1&edid=4E0B40A9-96EC-BAEA-C023-7B7CC2BA4920 HTTP/1.1" 200 111243
47.128.113.132 - - [07/Mar/2025:03:52:16 +0100] "GET /ticket2/opencms/is/buy?edid=0F9D6B87-FBA2-98F6-6A11-CBBA4D2A86C1 HTTP/1.1" 200 91611
20.171.207.36 - - [07/Mar/2025:03:52:17 +0100] "GET /ticket2/opencms/et/sport/jalgpallipiletid/serie-a/sassuolo HTTP/1.1" 500 -
95.217.114.173 - - [07/Mar/2025:03:52:21 +0100] "GET /ticket2/opencms/fi/buy/?page=1&edid=4E106B5B-D146-527B-52D2-7FE76AA90207 HTTP/1.1" 200 110709
216.244.66.238 - - [07/Mar/2025:03:52:22 +0100] "GET /ticket2/opencms/de/sport/fussball-tickets/english-championship/leicester-city HTTP/1.1" 500 -
95.217.114.173 - - [07/Mar/2025:03:52:27 +0100] "GET /ticket2/opencms/fi/buy/?page=1&edid=4E227D03-1EED-6C6C-1F6B-38D6AE5ACB28 HTTP/1.1" 200 111034
47.128.57.239 - - [07/Mar/2025:03:52:32 +0100] "GET /ticket2/opencms/sk/buy/?edid=12474983-5AA1-F5EA-A884-C295416C9EFF HTTP/1.1" 200 91780
95.217.114.173 - - [07/Mar/2025:03:52:33 +0100] "GET /ticket2/opencms/fi/buy/?page=1&edid=4E2F97ED-39B7-9BB3-A025-C2F23D223276 HTTP/1.1" 200 111870
123.160.223.75 - - [07/Mar/2025:03:52:35 +0100] "GET /ticket2/opencms/ HTTP/1.1" 302 -
123.160.223.73 - - [07/Mar/2025:03:52:38 +0100] "GET /ticket2/opencms/en/ HTTP/1.1" 200 103736
95.217.114.173 - - [07/Mar/2025:03:52:38 +0100] "GET /ticket2/opencms/fi/buy/?page=1&edid=4E36BB56-7827-6345-3899-56B2C4EE18D8 HTTP/1.1" 200 112211
114.119.151.93 - - [07/Mar/2025:03:52:39 +0100] "GET /ticket2/opencms/de/buy?page=1&=F92A0398-3231-7A16-770F-2AE522981CBF HTTP/1.1" 200 -
185.191.171.13 - - [07/Mar/2025:03:52:39 +0100] "GET /ticket2/opencms/ka/magazine/ HTTP/1.1" 200 171507
40.77.167.76 - - [07/Mar/2025:03:52:41 +0100] "GET /ticket2/opencms/sv/buy/?page=1&edid=528D87B5-5CB7-420B-8599-7ECD4AE1B624 HTTP/1.1" 200 111934
123.160.223.73 - - [07/Mar/2025:03:52:41 +0100] "GET /ticket2/opencms/img/icons/ticket2.thumbnail.png HTTP/1.1" 200 21519
95.217.114.173 - - [07/Mar/2025:03:52:43 +0100] "GET /ticket2/opencms/fi/buy/?page=1&edid=4E39D866-D403-44B4-3545-0EE64D7FE386 HTTP/1.1" 200 111610
66.249.90.131 - - [07/Mar/2025:03:52:47 +0100] "GET /ticket2/opencms/no/sport/fotballsbilletter/premier_league/liverpool/ HTTP/1.1" 200 94344
114.119.152.134 - - [07/Mar/2025:03:52:47 +0100] "GET /ticket2/opencms/ru/buy/?page=1&edid=3511A6BD-2BA2-1F59-6DF1-4766F0AF728B HTTP/1.1" 200 106952
114.119.150.22 - - [07/Mar/2025:03:52:48 +0100] "GET /ticket2/opencms/tr/magazine/article?title=manchester-united-202324-sezonu-yansimasi HTTP/1.1" 200 94234
95.217.114.173 - - [07/Mar/2025:03:52:49 +0100] "GET /ticket2/opencms/fi/buy/?page=1&edid=4E560F81-07D1-83AD-BD21-052AE8011675 HTTP/1.1" 200 112199
95.217.114.173 - - [07/Mar/2025:03:52:57 +0100] "GET /ticket2/opencms/fi/buy/?page=1&edid=4E6D8E42-86B6-3CE5-C553-1871E3E7B0AE HTTP/1.1" 200 110919
185.191.171.6 - - [07/Mar/2025:03:52:57 +0100] "GET /ticket2/opencms/en/magazine/article?title=everton HTTP/1.1" 200 90554
156.228.107.34 - - [07/Mar/2025:03:52:58 +0100] "GET /ticket2/opencms/en/magazine/article?title=please-provide-the-text-you-would-like-to-be-translated-into-english HTTP/1.1" 200 91967
54.36.148.16 - - [07/Mar/2025:03:53:00 +0100] "GET /ticket2/opencms/dk/sport/fodboldbilletter/serie-a/cagliari/ HTTP/1.1" 500 -
95.217.114.173 - - [07/Mar/2025:03:53:01 +0100] "GET /ticket2/opencms/fi/buy/?page=1&edid=4E722101-4569-5A8B-D55C-A65AFE7C34A8 HTTP/1.1" 200 110499
156.228.107.34 - - [07/Mar/2025:03:53:05 +0100] "GET /ticket2/opencms/en/sport/football-tickets/la-liga/barcelona/ HTTP/1.1" 200 93066
40.77.167.75 - - [07/Mar/2025:03:53:07 +0100] "GET /ticket2/opencms/mo/buy/?page=1&edid=0FAACBE6-EEE9-1D79-AA22-B901E0624521 HTTP/1.1" 200 108720
95.217.114.173 - - [07/Mar/2025:03:53:08 +0100] "GET /ticket2/opencms/fi/buy/?page=1&edid=4E72738A-17F9-87BC-643A-B5444ABD781B HTTP/1.1" 200 111665
66.249.74.3 - - [07/Mar/2025:03:53:13 +0100] "GET /ticket2/opencms/sv/buy/?page=1&edid=78E4B91C-1F75-6F0B-081E-2F48F65F6C41 HTTP/1.1" 200 110476
66.249.90.132 - - [07/Mar/2025:03:53:13 +0100] "GET /ticket2/opencms/system/modules/com.gridnine.opencms.ticketbrokerage.site/resources/css/ticketbrokerage.css HTTP/1.1" 200 39339
66.249.90.132 - - [07/Mar/2025:03:53:14 +0100] "GET /ticket2/opencms/system/modules/com.gridnine.opencms.ticketbrokerage.site/resources/js/jquery/jquery.js HTTP/1.1" 200 93868
95.217.114.173 - - [07/Mar/2025:03:53:14 +0100] "GET /ticket2/opencms/fi/buy/?page=1&edid=4E8DE7A6-454B-E602-EEF5-91F2A7C4D437 HTTP/1.1" 200 111556
66.249.90.133 - - [07/Mar/2025:03:53:15 +0100] "GET /ticket2/opencms/system/modules/com.gridnine.opencms.ticketbrokerage.site/resources/js/jquery/jquery-ui.js HTTP/1.1" 200 228088
66.249.90.131 - - [07/Mar/2025:03:53:16 +0100] "GET /ticket2/opencms/system/modules/com.gridnine.opencms.ticketbrokerage.site/resources/js/calendar.js HTTP/1.1" 200 49229
66.249.90.132 - - [07/Mar/2025:03:53:17 +0100] "GET /ticket2/opencms/system/modules/com.gridnine.opencms.ticketbrokerage.site/resources/js/calendar-en.js HTTP/1.1" 200 3338
20.171.207.36 - - [07/Mar/2025:03:53:17 +0100] "GET /ticket2/opencms/et/sport/jalgpallipiletid/serie-a/torino HTTP/1.1" 500 -
40.77.167.254 - - [07/Mar/2025:03:53:17 +0100] "GET /ticket2/opencms/fi/buy?page=1&edid=7B18CE06-61C0-1CA0-1AAE-20E0AB2EE3BB HTTP/1.1" 200 108399
114.119.153.152 - - [07/Mar/2025:03:53:17 +0100] "GET /ticket2/opencms/de/buy?page=1&=C28B3B84-6A6E-6FCB-67EF-1F8424FD799A HTTP/1.1" 200 -
51.222.253.7 - - [07/Mar/2025:03:53:18 +0100] "GET /ticket2/opencms/robots.txt HTTP/1.1" 200 773
66.249.90.131 - - [07/Mar/2025:03:53:18 +0100] "GET /ticket2/opencms/system/modules/com.gridnine.opencms.ticketbrokerage.site/resources/css/calendar.css HTTP/1.1" 200 6871
66.249.90.131 - - [07/Mar/2025:03:53:19 +0100] "GET /ticket2/opencms/system/modules/com.gridnine.opencms.ticketbrokerage.site/resources/js/jquery.fancybox.pack.js HTTP/1.1" 200 23187
66.249.90.132 - - [07/Mar/2025:03:53:20 +0100] "GET /ticket2/opencms/system/modules/com.gridnine.opencms.ticketbrokerage.site/resources/js/calendar-setup.js HTTP/1.1" 200 4923
85.208.96.205 - - [07/Mar/2025:03:53:21 +0100] "GET /ticket2/opencms/sk/magazine/article?title=lionel-messiho-posledna-sezona HTTP/1.1" 200 94792
95.217.114.173 - - [07/Mar/2025:03:53:21 +0100] "GET /ticket2/opencms/fi/buy/?page=1&edid=4E8F76AC-1DBA-0EF6-C8C0-86EDAF2EED4D HTTP/1.1" 200 108406
66.249.90.131 - - [07/Mar/2025:03:53:22 +0100] "GET /ticket2/opencms/system/modules/com.gridnine.opencms.ticketbrokerage.site/resources/css/jquery-ui.css HTTP/1.1" 200 33221
66.249.90.131 - - [07/Mar/2025:03:53:23 +0100] "GET /ticket2/opencms/system/modules/com.gridnine.opencms.ticketbrokerage.site/resources/css/jquery.fancybox.css HTTP/1.1" 200 4939
66.249.90.131 - - [07/Mar/2025:03:53:24 +0100] "GET /ticket2/opencms/system/modules/com.gridnine.opencms.ticketbrokerage.site/resources/js/functions.js HTTP/1.1" 200 1583
66.249.90.131 - - [07/Mar/2025:03:53:25 +0100] "GET /ticket2/opencms/system/modules/com.gridnine.opencms.ticketbrokerage.site/resources/css/standard.css HTTP/1.1" 200 74449
95.217.114.173 - - [07/Mar/2025:03:53:25 +0100] "GET /ticket2/opencms/fi/buy/?page=1&edid=4EA280CB-32B5-BCDE-09BC-8C9EC76FD8FA HTTP/1.1" 200 110625
114.119.136.146 - - [07/Mar/2025:03:53:25 +0100] "GET /ticket2/opencms/en/venue/?venueid=EBFB4757-1947-9B19-888A-253E3264D06D HTTP/1.1" 200 85332
66.249.90.131 - - [07/Mar/2025:03:53:26 +0100] "GET /ticket2/opencms/system/modules/com.gridnine.opencms.ticketbrokerage.site/resources/js/standard.js HTTP/1.1" 200 3983
66.249.90.131 - - [07/Mar/2025:03:53:27 +0100] "GET /ticket2/opencms/system/modules/com.gridnine.opencms.ticketbrokerage.site/resources/js/stickyfill.min.js HTTP/1.1" 200 5672
123.160.223.72 - - [07/Mar/2025:03:53:28 +0100] "GET /ticket2/opencms/ HTTP/1.1" 302 -
66.249.90.131 - - [07/Mar/2025:03:53:28 +0100] "GET /ticket2/opencms/system/modules/com.gridnine.opencms.ticketbrokerage.site/resources/js/jquery.placeholder.min.js HTTP/1.1" 200 1737
66.249.90.131 - - [07/Mar/2025:03:53:29 +0100] "GET /ticket2/opencms/system/modules/com.gridnine.opencms.ticketbrokerage.site/resources/js/common-ajax.js HTTP/1.1" 200 20175
123.160.223.74 - - [07/Mar/2025:03:53:29 +0100] "GET /ticket2/opencms/en/ HTTP/1.1" 200 103721
95.217.114.173 - - [07/Mar/2025:03:53:31 +0100] "GET /ticket2/opencms/fi/buy/?page=1&edid=4EC32AAA-B191-70CA-AC11-2435C1A08D04 HTTP/1.1" 200 108464
123.160.223.74 - - [07/Mar/2025:03:53:31 +0100] "GET /ticket2/opencms/img/icons/ticket2.thumbnail.png HTTP/1.1" 200 21519
40.77.167.75 - - [07/Mar/2025:03:53:38 +0100] "GET /ticket2/opencms/sl/buy?page=1&edid=8DC0C209-9D3E-E67A-4B0A-E8E4423948FE HTTP/1.1" 200 108621
95.217.114.173 - - [07/Mar/2025:03:53:39 +0100] "GET /ticket2/opencms/fi/buy/?page=1&edid=4ED1D41C-065F-1D11-B819-2131F1EB0BBC HTTP/1.1" 200 112126
47.128.55.121 - - [07/Mar/2025:03:53:43 +0100] "GET /ticket2/opencms/hr/magazine/article?title=crystal-palace-najbolji-navijaci-premier-lige HTTP/1.1" 200 94336
95.217.114.173 - - [07/Mar/2025:03:53:44 +0100] "GET /ticket2/opencms/fi/buy/?page=1&edid=4EE5407B-B5D1-0B72-3560-DA0EF5C77DF0 HTTP/1.1" 200 110760
95.217.114.173 - - [07/Mar/2025:03:53:50 +0100] "GET /ticket2/opencms/fi/buy/?page=1&edid=4F0DF82F-544D-E130-A490-9B74F6C2186D HTTP/1.1" 200 112171
114.119.129.189 - - [07/Mar/2025:03:53:51 +0100] "GET /ticket2/opencms/ru/buy/?page=1&edid=2887ECB1-AF21-0A67-0C3C-54D013C4C3B1 HTTP/1.1" 200 106973
152.53.109.4 - - [07/Mar/2025:03:53:53 +0100] "GET /ticket2/opencms/bg/sport/futbolni-bileti/premier-league/arsenal HTTP/1.1" 200 97495
85.208.96.199 - - [07/Mar/2025:03:53:54 +0100] "GET /ticket2/opencms/nl/magazine/article?title=over-arsenal-fc HTTP/1.1" 200 91479
95.217.114.173 - - [07/Mar/2025:03:53:54 +0100] "GET /ticket2/opencms/fi/buy/?page=1&edid=4F10F0FD-0073-B564-973B-CB2F36E999C3 HTTP/1.1" 200 112187
114.119.140.111 - - [07/Mar/2025:03:53:57 +0100] "GET /ticket2/opencms/fr/buy/?page=1&edid=552202FE-6CC9-18FE-8F33-9429723BB7EB HTTP/1.1" 200 119345
123.160.223.74 - - [07/Mar/2025:03:53:59 +0100] "GET /ticket2/opencms/ HTTP/1.1" 302 -
185.191.171.13 - - [07/Mar/2025:03:53:59 +0100] "GET /ticket2/opencms/lt/magazine/article?title=lutonas HTTP/1.1" 200 92285
123.160.223.75 - - [07/Mar/2025:03:54:00 +0100] "GET /ticket2/opencms/en/ HTTP/1.1" 200 103685
95.217.114.173 - - [07/Mar/2025:03:54:01 +0100] "GET /ticket2/opencms/fi/buy/?page=1&edid=4F1601FE-364B-5738-B6A1-896D7AAC5D9B HTTP/1.1" 200 110736
40.77.167.76 - - [07/Mar/2025:03:54:01 +0100] "GET /ticket2/opencms/cs/buy?page=1&edid=46369855-29B7-27EF-3C22-12B854D98B93 HTTP/1.1" 200 111343
123.160.223.75 - - [07/Mar/2025:03:54:02 +0100] "GET /ticket2/opencms/img/icons/ticket2.thumbnail.png HTTP/1.1" 200 21519
114.119.150.86 - - [07/Mar/2025:03:54:03 +0100] "GET /ticket2/opencms/be/buy?page=1&edid=6C967880-E08B-3121-25D0-F145A5542A49 HTTP/1.1" 200 129387
95.217.114.173 - - [07/Mar/2025:03:54:06 +0100] "GET /ticket2/opencms/fi/buy/?page=1&edid=4F1B6DF5-628F-F25D-981B-BD9489467C6D HTTP/1.1" 200 90210
40.77.167.75 - - [07/Mar/2025:03:54:07 +0100] "GET /ticket2/opencms/be/buy?page=1&edid=D9F3E493-85D4-4EDA-BB49-AC676967BE73 HTTP/1.1" 200 110829
95.217.114.173 - - [07/Mar/2025:03:54:11 +0100] "GET /ticket2/opencms/fi/buy/?page=1&edid=4F3DA6FA-933D-3FF6-99D6-14BB67F01388 HTTP/1.1" 200 110994
66.249.65.196 - - [07/Mar/2025:03:54:16 +0100] "GET /ticket2/opencms/set_aff_cookie.jsp?partner=5E0CDF29-E7BE-9F6B-6869-7BF66B04006F&url=%252Fdk%252Fbuy%252Findex.html%253Fpage%253D1%2526edid%253DDC4F64BB-84C6-452C-2BFD-138DC45E79DD%2526hlv%253D666de068-483c-48ea-9e37-6d8a0a01000f%2523v_793634186 HTTP/1.1" 200 246
95.217.114.173 - - [07/Mar/2025:03:54:16 +0100] "GET /ticket2/opencms/fi/buy/?page=1&edid=4F5D7E65-10BD-96F6-3835-18E4510F5DC0 HTTP/1.1" 200 111791
85.208.96.205 - - [07/Mar/2025:03:54:16 +0100] "GET /ticket2/opencms/no/buying_tickets HTTP/1.1" 200 90684
85.208.96.204 - - [07/Mar/2025:03:54:17 +0100] "GET /ticket2/opencms/sv/magazine/article?title=maximilian-ibrahimovic-skriver-pa-for-ac-milans-andra-lag HTTP/1.1" 200 95809
20.171.207.36 - - [07/Mar/2025:03:54:21 +0100] "GET /ticket2/opencms/el/standard/ HTTP/1.1" 500 -
95.217.114.173 - - [07/Mar/2025:03:54:23 +0100] "GET /ticket2/opencms/fi/buy/?page=1&edid=4F787A66-EB0B-70AF-A481-9B841D9EDDF6 HTTP/1.1" 200 108389
40.77.167.254 - - [07/Mar/2025:03:54:26 +0100] "GET /ticket2/opencms/sv/sell/?edid=65603CB8-D89B-8162-91B3-4F3F1A541713 HTTP/1.1" 302 -
95.217.114.173 - - [07/Mar/2025:03:54:28 +0100] "GET /ticket2/opencms/fi/buy/?page=1&edid=4F94B00A-67B6-5DDE-996F-5C7D6CEE512B HTTP/1.1" 200 111631
114.119.148.14 - - [07/Mar/2025:03:54:30 +0100] "GET /ticket2/opencms/tr/magazine/article?title=arsenal-liverpoola-yaklasiyor HTTP/1.1" 200 93130
66.249.74.2 - - [07/Mar/2025:03:54:30 +0100] "GET /ticket2/opencms/hu/magazine/article?title=jurgen-klopp-elhagyja-a-liverpoolt-egy-sikersztori-az-anfielden HTTP/1.1" 200 97643
95.217.114.173 - - [07/Mar/2025:03:54:33 +0100] "GET /ticket2/opencms/fi/buy/?page=1&edid=4FA830E2-C33E-85F2-48C9-4764419401D5 HTTP/1.1" 200 108332
40.77.167.75 - - [07/Mar/2025:03:54:37 +0100] "GET /ticket2/opencms/lt/buy/?page=1&edid=64443D0A-9C1B-2E06-59C0-AC314AF43679 HTTP/1.1" 200 108742
66.249.74.2 - - [07/Mar/2025:03:54:37 +0100] "GET /ticket2/opencms/sv/buy/?page=1&edid=48E72B51-00CE-CE36-D8BB-29D37358C55B HTTP/1.1" 200 133575
95.217.114.173 - - [07/Mar/2025:03:54:38 +0100] "GET /ticket2/opencms/fi/buy/?page=1&edid=4FAA99DE-852C-0606-5C37-57FECCC93986 HTTP/1.1" 200 108492
185.191.171.1 - - [07/Mar/2025:03:54:40 +0100] "GET /ticket2/opencms/az/magazine/article?title=la-liga-ni-canli-kesf-edin-ticket2-de-biletleri-alin HTTP/1.1" 200 94698
95.217.114.173 - - [07/Mar/2025:03:54:44 +0100] "GET /ticket2/opencms/fi/buy/?page=1&edid=4FAD1BD6-DF99-C994-2BAC-1FA11B49BBF7 HTTP/1.1" 200 111008
85.208.96.197 - - [07/Mar/2025:03:54:46 +0100] "GET /ticket2/opencms/bs/sport/fudbalske-karte/la-liga/valladolid HTTP/1.1" 500 -
95.217.114.173 - - [07/Mar/2025:03:54:48 +0100] "GET /ticket2/opencms/fi/buy/?page=1&edid=4FAE1BCD-3C72-4ADF-BEA3-6024417E0BED HTTP/1.1" 200 112127
47.128.126.117 - - [07/Mar/2025:03:54:50 +0100] "GET /ticket2/opencms/sl/buy/?edid=2A37DE46-FFAE-D698-F339-A3B401DDEB66 HTTP/1.1" 200 91609
114.119.130.154 - - [07/Mar/2025:03:54:51 +0100] "GET /ticket2/opencms/az/buy?page=1&edid=D2ED2DBD-458F-B467-43FF-6A8F96E6D9D1 HTTP/1.1" 200 112208
123.160.223.74 - - [07/Mar/2025:03:54:52 +0100] "GET /ticket2/opencms/ HTTP/1.1" 302 -
123.160.223.72 - - [07/Mar/2025:03:54:54 +0100] "GET /ticket2/opencms/en/ HTTP/1.1" 200 103659
95.217.114.173 - - [07/Mar/2025:03:54:57 +0100] "GET /ticket2/opencms/fi/buy/?page=1&edid=50098D01-AD42-52EC-1548-570B78E3DFC9 HTTP/1.1" 200 111683
123.160.223.75 - - [07/Mar/2025:03:54:57 +0100] "GET /ticket2/opencms/img/icons/ticket2.thumbnail.png HTTP/1.1" 200 21519
111.7.96.162 - - [07/Mar/2025:03:54:58 +0100] "GET /ticket2/opencms/dk/ HTTP/1.1" 200 104276
111.7.96.162 - - [07/Mar/2025:03:55:00 +0100] "GET /ticket2/opencms/img/icons/ticket2.thumbnail.png HTTP/1.1" 200 21519
95.217.114.173 - - [07/Mar/2025:03:55:01 +0100] "GET /ticket2/opencms/fi/buy/?page=1&edid=505EEAF3-02F8-8C22-3EC2-04E5EB6C21DD HTTP/1.1" 200 110665
47.128.19.36 - - [07/Mar/2025:03:55:02 +0100] "GET /ticket2/opencms/pl/about/press HTTP/1.1" 200 88847
47.128.19.36 - - [07/Mar/2025:03:55:03 +0100] "GET /ticket2/opencms/system/modules/com.gridnine.opencms.ticketbrokerage.site/resources/css/images/event-banner.png HTTP/1.1" 404 -
95.217.114.173 - - [07/Mar/2025:03:55:07 +0100] "GET /ticket2/opencms/fi/buy/?page=1&edid=50C0023B-61A7-4684-18AF-AEB17F1F3E03 HTTP/1.1" 200 111575
47.128.127.84 - - [07/Mar/2025:03:55:09 +0100] "GET /ticket2/opencms/sq/magazine/article?title=mbyllja-e-dritares-se-transferimeve-me-heret HTTP/1.1" 200 93580
85.208.96.207 - - [07/Mar/2025:03:55:09 +0100] "GET /ticket2/opencms/sv/magazine/article?title=mohamed-salah-forlanga-med-liverpool HTTP/1.1" 200 95556
95.217.114.173 - - [07/Mar/2025:03:55:11 +0100] "GET /ticket2/opencms/fi/buy/?page=1&edid=50C0FE40-B971-378E-B393-EFCC781A0E84 HTTP/1.1" 200 112103
85.208.96.207 - - [07/Mar/2025:03:55:15 +0100] "GET /ticket2/opencms/ka/magazine/article?title=sheidzleba-viktor-giokeresma-sportingi-gamoeqvanos-gegmiurad-adre HTTP/1.1" 200 98459
95.217.114.173 - - [07/Mar/2025:03:55:16 +0100] "GET /ticket2/opencms/fi/buy/?page=1&edid=50D03A91-2C90-0F49-50BF-C1930E7BCF1D HTTP/1.1" 200 112304
66.249.73.13 - - [07/Mar/2025:03:55:18 +0100] "GET /ticket2/opencms/bg/buy/?page=1&edid=2E8924E6-28D0-1DDA-A1D1-EAAA09293C64 HTTP/1.1" 200 114331
40.77.167.76 - - [07/Mar/2025:03:55:19 +0100] "GET /ticket2/opencms/es/buy?page=1&edid=674A96E1-4B9C-1EEC-4D35-A637DDEAF802 HTTP/1.1" 200 112419
95.217.114.173 - - [07/Mar/2025:03:55:22 +0100] "GET /ticket2/opencms/fi/buy/?page=1&edid=50E4550F-F595-BAC0-BB4E-A0D5D644567B HTTP/1.1" 200 108519
114.119.141.206 - - [07/Mar/2025:03:55:23 +0100] "GET /ticket2/opencms/es/magazine/article?title=abdul-fatawu-se-perdera-el-resto-de-la-temporada HTTP/1.1" 200 94576
194.120.230.215 - - [07/Mar/2025:03:55:24 +0100] "GET /ticket2/opencms/de/cgi-bin/luci/;stok=/locale HTTP/1.1" 404 -
20.171.207.36 - - [07/Mar/2025:03:55:26 +0100] "GET /ticket2/opencms/bs/sport/fudbalske-karte/ligue-1 HTTP/1.1" 500 -
95.217.114.173 - - [07/Mar/2025:03:55:27 +0100] "GET /ticket2/opencms/fi/buy/?page=1&edid=50F18BFF-700E-1E6F-C17F-C358E206F903 HTTP/1.1" 200 112186
66.249.74.3 - - [07/Mar/2025:03:55:31 +0100] "GET /ticket2/opencms/sv/buy/?page=1&edid=B5480FEC-C7FC-18FB-0EEB-9717E2722B5A HTTP/1.1" 200 90091
95.217.114.173 - - [07/Mar/2025:03:55:32 +0100] "GET /ticket2/opencms/fi/buy/?page=1&edid=50F7AB81-6A9C-C90F-2794-DEB00B53E681 HTTP/1.1" 200 111418
114.119.153.152 - - [07/Mar/2025:03:55:33 +0100] "GET /ticket2/opencms/az/buy?page=1&edid=C6C9594C-9BB3-CBAF-59E6-7777A29B6375 HTTP/1.1" 200 111263
207.46.13.92 - - [07/Mar/2025:03:55:38 +0100] "GET /ticket2/opencms/lt/magazine/article?title=ruben-amorim-tapo-naujuoju-manchester-united-treneriu HTTP/1.1" 200 93834
95.217.114.173 - - [07/Mar/2025:03:55:40 +0100] "GET /ticket2/opencms/fi/buy/?page=1&edid=51007640-25DF-99F0-0740-46430A626338 HTTP/1.1" 200 111887
114.119.154.207 - - [07/Mar/2025:03:55:41 +0100] "GET /ticket2/opencms/ru/buy/?page=1&edid=1166374B-7E10-06B9-9854-6B1FC2D1568C HTTP/1.1" 200 106966
66.249.73.12 - - [07/Mar/2025:03:55:41 +0100] "GET /ticket2/opencms/it/magazine/article?title=viktor-gyokeres-al-manchester-united HTTP/1.1" 200 92976
185.191.171.12 - - [07/Mar/2025:03:55:43 +0100] "GET /ticket2/opencms/mt/magazine/article?title=jude-bellingham HTTP/1.1" 200 92759
95.217.114.173 - - [07/Mar/2025:03:55:45 +0100] "GET /ticket2/opencms/fi/buy/?page=1&edid=512C1268-D555-5D16-1AAC-3B8105C335E7 HTTP/1.1" 200 108357
111.7.106.104 - - [07/Mar/2025:03:55:47 +0100] "GET /ticket2/opencms/ HTTP/1.1" 302 -
85.208.96.195 - - [07/Mar/2025:03:55:48 +0100] "GET /ticket2/opencms/sr/magazine/article?title=deset-pobeda-u-deset-meceva HTTP/1.1" 200 93180
85.208.96.201 - - [07/Mar/2025:03:55:48 +0100] "GET /ticket2/opencms/uk/sport/kvytky-na-futbol/ligue-1/ HTTP/1.1" 500 -
95.217.114.173 - - [07/Mar/2025:03:55:50 +0100] "GET /ticket2/opencms/fi/buy/?page=1&edid=514274F5-88D6-1E22-A401-687FA309C84D HTTP/1.1" 200 111711
111.7.106.105 - - [07/Mar/2025:03:55:51 +0100] "GET /ticket2/opencms/en/ HTTP/1.1" 200 103764
111.7.106.104 - - [07/Mar/2025:03:55:54 +0100] "GET /ticket2/opencms/img/icons/ticket2.thumbnail.png HTTP/1.1" 200 21519
95.217.114.173 - - [07/Mar/2025:03:55:56 +0100] "GET /ticket2/opencms/fi/buy/?page=1&edid=514D9E06-6DCD-2E0A-8EDA-3DF6B976FF35 HTTP/1.1" 200 110598
40.77.167.75 - - [07/Mar/2025:03:55:57 +0100] "GET /ticket2/opencms/lt/buy?page=1&edid=8F1F38C2-E2DB-B13E-FCEA-0A73F3399CCE HTTP/1.1" 200 108726
66.249.74.3 - - [07/Mar/2025:03:55:59 +0100] "GET /ticket2/opencms/tr/magazine/article?title=michail-antonio-trafik-kazasi-sonucu-yaralandi HTTP/1.1" 200 93828
114.119.130.91 - - [07/Mar/2025:03:56:00 +0100] "GET /ticket2/opencms/it/buy/?comcatid=97ECA65A-72DA-F9AF-9DBB-245D3CFED1BE&catid=7D3BEF66-5D88-3916-5B89-0E7B139E0169 HTTP/1.1" 200 98163
95.217.114.173 - - [07/Mar/2025:03:56:04 +0100] "GET /ticket2/opencms/fi/buy/?page=1&edid=51629190-7D64-7FD5-6B85-7E2940B9E0CA HTTP/1.1" 200 111324
47.128.110.4 - - [07/Mar/2025:03:56:07 +0100] "GET /ticket2/opencms/no/sport/fotballsbilletter/serie_a/atalanta/ HTTP/1.1" 200 99497
47.128.110.4 - - [07/Mar/2025:03:56:08 +0100] "GET /ticket2/opencms/system/modules/com.gridnine.opencms.ticketbrokerage.site/resources/pics/banners/team/serie_a/atalanta.png HTTP/1.1" 200 72341
95.217.114.173 - - [07/Mar/2025:03:56:10 +0100] "GET /ticket2/opencms/fi/buy/?page=1&edid=517A50ED-F64F-1CFB-FDC1-54D2A7704E06 HTTP/1.1" 200 112208
114.119.141.178 - - [07/Mar/2025:03:56:10 +0100] "GET /ticket2/opencms/az/buy?page=1&edid=377638C4-CF4C-7A89-38AB-182E3E4B92CA HTTP/1.1" 200 112187
95.217.114.173 - - [07/Mar/2025:03:56:15 +0100] "GET /ticket2/opencms/fi/buy/?page=1&edid=5186F801-1E66-F9C1-891D-066ECAEFD23A HTTP/1.1" 200 108443
40.77.167.254 - - [07/Mar/2025:03:56:16 +0100] "GET /ticket2/opencms/de/buy/?page=1&edid=A5485B6F-5C49-8C50-0066-C6FCAB4FC738 HTTP/1.1" 200 89808
52.167.144.185 - - [07/Mar/2025:03:56:17 +0100] "GET /ticket2/opencms/de/magazine/article?title=mohamed-salah-verlangerung-bei-liverpool HTTP/1.1" 200 95855
95.217.114.173 - - [07/Mar/2025:03:56:22 +0100] "GET /ticket2/opencms/fi/buy/?page=1&edid=51A5D069-B13F-51C4-FDC4-A41C718454A3 HTTP/1.1" 200 112310
20.171.207.36 - - [07/Mar/2025:03:56:27 +0100] "GET /ticket2/opencms/sl/sport/nogometne-vstopnice/champions-league/arsenal HTTP/1.1" 404 -
66.249.74.3 - - [07/Mar/2025:03:56:28 +0100] "GET /ticket2/opencms/hu/magazine/article?title=ipswich-elso-gyozelme-a-premier-league-ben-22-ev-utan HTTP/1.1" 200 94358
123.160.223.75 - - [07/Mar/2025:03:56:30 +0100] "GET /ticket2/opencms/ HTTP/1.1" 302 -
95.217.114.173 - - [07/Mar/2025:03:56:30 +0100] "GET /ticket2/opencms/fi/buy/?page=1&edid=51B2CB32-7951-739E-6893-05415B594B46 HTTP/1.1" 200 112327
123.160.223.74 - - [07/Mar/2025:03:56:31 +0100] "GET /ticket2/opencms/en/ HTTP/1.1" 200 103817
123.160.223.72 - - [07/Mar/2025:03:56:34 +0100] "GET /ticket2/opencms/img/icons/ticket2.thumbnail.png HTTP/1.1" 200 21519
95.217.114.173 - - [07/Mar/2025:03:56:38 +0100] "GET /ticket2/opencms/fi/buy/?page=1&edid=51B34877-7C9F-78FD-7C5F-EE108BC846BA HTTP/1.1" 200 111320
66.249.76.167 - - [07/Mar/2025:03:56:43 +0100] "GET /ticket2/opencms/mo/buy/?page=1&edid=4100BC31-B21E-692B-10F2-5632E9B20F37 HTTP/1.1" 200 112038
95.217.114.173 - - [07/Mar/2025:03:56:44 +0100] "GET /ticket2/opencms/fi/buy/?page=1&edid=51B884F9-DF7A-286D-15A9-2FC5FF326C60 HTTP/1.1" 200 110745
114.119.140.111 - - [07/Mar/2025:03:56:45 +0100] "GET /ticket2/opencms/es/buy/?page=1&edid=EC2BC309-3510-AA04-CA0C-F3088D5C1D31 HTTP/1.1" 200 90264
66.249.65.195 - - [07/Mar/2025:03:56:46 +0100] "GET /ticket2/opencms/ka/buy/?page=1&edid=F328EF03-4FC9-D5BC-5562-8FC9F6530FD9 HTTP/1.1" 200 118813
37.120.184.240 - - [07/Mar/2025:03:56:46 +0100] "GET /ticket2/opencms/hu/buy?page=1&edid=3289C097-2261-9433-8644-DF033A9EE354 HTTP/1.1" 200 141270
66.249.74.2 - - [07/Mar/2025:03:56:47 +0100] "GET /ticket2/opencms/mo/ask-form.html HTTP/1.1" 200 3156
95.217.114.173 - - [07/Mar/2025:03:56:49 +0100] "GET /ticket2/opencms/fi/buy/?page=1&edid=51CE4D50-7536-6D99-0472-A1F5831352C9 HTTP/1.1" 200 111646
114.119.151.93 - - [07/Mar/2025:03:56:50 +0100] "GET /ticket2/opencms/az/buy?page=1&edid=36B8587B-9BD4-1599-9368-E59F9780F9A9 HTTP/1.1" 200 145458
40.77.167.76 - - [07/Mar/2025:03:56:53 +0100] "GET /ticket2/opencms/bs/?comcatid=A17713B6-D984-201A-4143-ED4DB5ED5C2E&catid=06324577-7173-BAB0-146D-E644C912F7C1 HTTP/1.1" 200 105106
95.217.114.173 - - [07/Mar/2025:03:56:54 +0100] "GET /ticket2/opencms/fi/buy/?page=1&edid=51F8BA0B-A70E-E7C8-65F6-70EA9F024020 HTTP/1.1" 200 110845
114.119.139.202 - - [07/Mar/2025:03:56:57 +0100] "GET /ticket2/opencms/ru/buy/?comcatid=66708183-7480-3365-06BF-DBF60280AB45&catid=8C381435-A1E8-94AF-2C58-D133FCA44A31 HTTP/1.1" 200 94161
52.167.144.221 - - [07/Mar/2025:03:56:58 +0100] "GET /ticket2/opencms/dk/buy/?page=1&edid=56C17C27-21E6-C46B-6C0D-283C7E6B55D6 HTTP/1.1" 200 107235
95.217.114.173 - - [07/Mar/2025:03:57:02 +0100] "GET /ticket2/opencms/fi/buy/?page=1&edid=523E9F78-BACB-2166-034C-D68028D3EC00 HTTP/1.1" 200 111159
47.128.57.24 - - [07/Mar/2025:03:57:08 +0100] "GET /ticket2/opencms/sv/buy/?edid=EE9D378D-B608-D0C3-023E-19EA1CC71BB7 HTTP/1.1" 200 91209
66.249.65.236 - - [07/Mar/2025:03:57:09 +0100] "GET /ticket2/opencms/nl/buy/ HTTP/1.1" 200 87993
95.217.114.173 - - [07/Mar/2025:03:57:13 +0100] "GET /ticket2/opencms/fi/buy/?page=1&edid=52612AAC-D79F-FEFF-D99A-B9E2F3A50697 HTTP/1.1" 200 108488
95.217.114.173 - - [07/Mar/2025:03:57:19 +0100] "GET /ticket2/opencms/fi/buy/?page=1&edid=52633380-3947-F30A-9F5B-0BD261EAE32D HTTP/1.1" 200 112248
40.77.167.76 - - [07/Mar/2025:03:57:21 +0100] "GET /ticket2/opencms/tr/buy?page=1&edid=A9C20BB8-C5E6-4649-C627-F47A1C7C5D3D HTTP/1.1" 200 112050
40.77.167.76 - - [07/Mar/2025:03:57:22 +0100] "GET /ticket2/opencms/mt/buy/?page=1&edid=8658E1FC-AEE0-692C-386F-78725205AC72 HTTP/1.1" 200 112077
194.120.230.215 - - [07/Mar/2025:03:57:22 +0100] "GET /ticket2/opencms/de/cgi-bin/luci/;stok=/locale HTTP/1.1" 404 -
114.119.130.91 - - [07/Mar/2025:03:57:23 +0100] "GET /ticket2/opencms/fr/magazine/article?title=bournemouth HTTP/1.1" 200 93759
40.77.167.76 - - [07/Mar/2025:03:57:24 +0100] "GET /ticket2/opencms/sq/buy/?page=1&edid=46387882-96DC-F7A5-D33D-152A1A6DE740 HTTP/1.1" 200 109180
95.217.114.173 - - [07/Mar/2025:03:57:28 +0100] "GET /ticket2/opencms/fi/buy/?page=1&edid=526D1171-6FDC-BC49-23A8-17627BBD580A HTTP/1.1" 200 112136
20.171.207.36 - - [07/Mar/2025:03:57:30 +0100] "GET /ticket2/opencms/uk/sport/kvytky-na-futbol/champions-league/arsenal HTTP/1.1" 404 -
95.217.114.173 - - [07/Mar/2025:03:57:35 +0100] "GET /ticket2/opencms/fi/buy/?page=1&edid=526E9B7B-D2CF-DFA7-BDD3-64E3D1623615 HTTP/1.1" 200 111666
185.191.171.17 - - [07/Mar/2025:03:57:35 +0100] "GET /ticket2/opencms/de/sport/fussball-tickets/la_liga/real_betis/ HTTP/1.1" 200 102209
185.191.171.16 - - [07/Mar/2025:03:57:37 +0100] "GET /ticket2/opencms/en/affiliateprogram.html HTTP/1.1" 200 88781
114.119.141.178 - - [07/Mar/2025:03:57:40 +0100] "GET /ticket2/opencms/az/buy?page=1&edid=3583C60A-2756-0D59-4506-0B1FD5A42AAB HTTP/1.1" 200 111139
95.217.114.173 - - [07/Mar/2025:03:57:41 +0100] "GET /ticket2/opencms/fi/buy/?page=1&edid=526F1D37-BA70-21EC-CAF1-AAF7DB0DD672 HTTP/1.1" 200 108346
95.217.114.173 - - [07/Mar/2025:03:57:47 +0100] "GET /ticket2/opencms/fi/buy/?page=1&edid=529D645D-E454-0A79-EC53-E61958917FA4 HTTP/1.1" 200 111788
185.191.171.18 - - [07/Mar/2025:03:57:51 +0100] "GET /ticket2/opencms/lt/magazine/article?title=lionel-messi-vienas-labiausiai-geidziamu-talentu-per-visus-laikus HTTP/1.1" 200 93872
95.217.114.173 - - [07/Mar/2025:03:57:53 +0100] "GET /ticket2/opencms/fi/buy/?page=1&edid=52B902BE-7B95-9049-C71B-7173827730FA HTTP/1.1" 200 110598
185.191.171.19 - - [07/Mar/2025:03:57:54 +0100] "GET /ticket2/opencms/en/sport/football-tickets/champions-league/final HTTP/1.1" 500 -
95.217.114.173 - - [07/Mar/2025:03:58:00 +0100] "GET /ticket2/opencms/fi/buy/?page=1&edid=52E48250-C92A-48C2-45BB-C1536603E8B5 HTTP/1.1" 200 110816
114.119.151.50 - - [07/Mar/2025:03:58:03 +0100] "GET /ticket2/opencms/it/magazine/article?title=futuri-stelle HTTP/1.1" 200 92778
95.217.114.173 - - [07/Mar/2025:03:58:06 +0100] "GET /ticket2/opencms/fi/buy/?page=1&edid=5334896C-C3F5-3C15-5145-9352C3FF461E HTTP/1.1" 200 112309
195.191.219.132 - - [07/Mar/2025:03:58:08 +0100] "GET /ticket2/opencms/robots.txt HTTP/1.1" 200 773
195.191.219.132 - - [07/Mar/2025:03:58:10 +0100] "GET /ticket2/opencms/de/ HTTP/1.1" 200 105100
114.119.150.49 - - [07/Mar/2025:03:58:10 +0100] "GET /ticket2/opencms/es/buy/?page=1&edid=ABE0D196-5A84-0064-2AAA-8BE846913E3B HTTP/1.1" 200 135275
114.119.136.30 - - [07/Mar/2025:03:58:11 +0100] "GET /ticket2/opencms/az/buy?page=1&edid=31CFAEFC-6A03-B83C-87FA-18F4C297DC83 HTTP/1.1" 200 108957
45.89.148.241 - - [07/Mar/2025:03:58:12 +0100] "GET /ticket2/opencms/hr/buy/?comcatid=B41CCF2B-5558-7AEE-3602-09BBDE417D65 HTTP/1.1" 200 94141
95.217.114.173 - - [07/Mar/2025:03:58:13 +0100] "GET /ticket2/opencms/fi/buy/?page=1&edid=536A1E51-556D-8EFA-3895-7913FC522E05 HTTP/1.1" 200 112130
40.77.167.254 - - [07/Mar/2025:03:58:15 +0100] "GET /ticket2/opencms/ga/buy?page=1&edid=4762DED1-D0F0-E02F-7740-40C01DC51B7B HTTP/1.1" 200 112758
40.77.167.254 - - [07/Mar/2025:03:58:16 +0100] "GET /ticket2/opencms/bg/buy/?page=1&edid=A94BCDDD-6A47-8BBA-678A-1910593141BC HTTP/1.1" 200 114300
85.208.96.210 - - [07/Mar/2025:03:58:17 +0100] "GET /ticket2/opencms/sr/magazine/article?title=refleksija-sezone-arsenala HTTP/1.1" 200 94655
95.217.114.173 - - [07/Mar/2025:03:58:20 +0100] "GET /ticket2/opencms/fi/buy/?page=1&edid=53761E65-F89B-BBEE-6188-DCF95DA0DC4F HTTP/1.1" 200 111662
95.217.114.173 - - [07/Mar/2025:03:58:26 +0100] "GET /ticket2/opencms/fi/buy/?page=1&edid=537E47C5-9FA8-45F8-7FD1-A8BAFFA273EB HTTP/1.1" 200 110804
95.217.114.173 - - [07/Mar/2025:03:58:30 +0100] "GET /ticket2/opencms/fi/buy/?page=1&edid=53AAD1DD-DAB5-D05E-8DAD-A50F40AC9A87 HTTP/1.1" 200 111491
114.119.130.91 - - [07/Mar/2025:03:58:30 +0100] "GET /ticket2/opencms/es/buy/?page=1&edid=DD14CC82-883B-BD06-4306-EBD494AA1804 HTTP/1.1" 200 136160
185.191.171.14 - - [07/Mar/2025:03:58:34 +0100] "GET /ticket2/opencms/is/magazine/article?title=arsenal-timabilsyfirlit HTTP/1.1" 200 95674
20.171.207.36 - - [07/Mar/2025:03:58:34 +0100] "GET /ticket2/opencms/system/modules/com.gridnine.opencms.ticketbrokerage.site/resources/pics/banners/team/la_liga/villareal.png HTTP/1.1" 200 71946
40.77.167.254 - - [07/Mar/2025:03:58:35 +0100] "GET /ticket2/opencms/fr/buy?page=1&edid=53230D30-911E-6420-06CB-53E53CF4F63A HTTP/1.1" 200 108399
95.217.114.173 - - [07/Mar/2025:03:58:36 +0100] "GET /ticket2/opencms/fi/buy/?page=1&edid=53E45983-CD38-167B-CB85-BCE8E68486E1 HTTP/1.1" 200 111573
40.77.167.254 - - [07/Mar/2025:03:58:38 +0100] "GET /ticket2/opencms/fi/?page=6&comcatid=A17713B6-D984-201A-4143-ED4DB5ED5C2E&catid=F03B8ADD-988E-AE6A-8DBA-AF502C691C60 HTTP/1.1" 200 105329
52.167.144.25 - - [07/Mar/2025:03:58:40 +0100] "GET /ticket2/opencms/sv/magazine/article?title=ny-lagkapten-dejan-kulusevski HTTP/1.1" 200 91657
185.191.171.19 - - [07/Mar/2025:03:58:40 +0100] "GET /ticket2/opencms/hu/magazine/article?title=cole-palmer-donti-el-a-meccset-es-alexander-isak-visszatert HTTP/1.1" 200 93982
185.191.171.14 - - [07/Mar/2025:03:58:42 +0100] "GET /ticket2/opencms/mt/sport/biljetti-tal-futbol/english-championship/stoke-city HTTP/1.1" 404 -
95.217.114.173 - - [07/Mar/2025:03:58:43 +0100] "GET /ticket2/opencms/fi/buy/?page=1&edid=53F1C9A8-2D1D-3189-618A-5E7F1C0716CF HTTP/1.1" 200 110593
66.249.65.236 - - [07/Mar/2025:03:58:47 +0100] "GET /ticket2/opencms/sq/magazine/article?title=manchester-city-kunder-queens-park-rangers HTTP/1.1" 200 95986
95.217.114.173 - - [07/Mar/2025:03:58:50 +0100] "GET /ticket2/opencms/fi/buy/?page=1&edid=53F1F8CB-98EB-A326-A494-AF4377C60A64 HTTP/1.1" 200 112198
47.238.13.12 - - [07/Mar/2025:03:58:51 +0100] "GET /ticket2/opencms/no/buy?page=1&edid=7A0F0D40-9DB7-378F-AD47-13D628B3BD24 HTTP/1.1" 200 107947
114.119.136.30 - - [07/Mar/2025:03:58:56 +0100] "GET /ticket2/opencms/az/buy?page=1&edid=312E2B30-1BE8-80F9-5587-64D580752ED3 HTTP/1.1" 200 118571
95.217.114.173 - - [07/Mar/2025:03:58:57 +0100] "GET /ticket2/opencms/fi/buy/?page=1&edid=541F6EAB-2BE3-BBF9-B129-C716A5E49241 HTTP/1.1" 200 111597
85.208.96.207 - - [07/Mar/2025:03:58:58 +0100] "GET /ticket2/opencms/fi/search.html?searchQuery=Colorado%252BAvalanche HTTP/1.1" 200 98469
95.217.114.173 - - [07/Mar/2025:03:59:02 +0100] "GET /ticket2/opencms/fi/buy/?page=1&edid=543D9F4F-FAE8-D606-2F86-FDCC2C711D5A HTTP/1.1" 200 111659
47.128.17.122 - - [07/Mar/2025:03:59:02 +0100] "GET /ticket2/opencms/fi/venue/?venueid=176D3FFD-8008-78D4-93A3-4EAE24F36FFF HTTP/1.1" 200 87026
47.128.17.122 - - [07/Mar/2025:03:59:05 +0100] "GET /ticket2/opencms/system/galleries/pics/brentford_stadium_Ticket2.jpg HTTP/1.1" 200 133879
95.217.114.173 - - [07/Mar/2025:03:59:09 +0100] "GET /ticket2/opencms/fi/buy/?page=1&edid=544F9932-EE47-A783-F07C-2D3DCD93C6A7 HTTP/1.1" 200 111088
40.77.167.254 - - [07/Mar/2025:03:59:09 +0100] "GET /ticket2/opencms/lv/buy/?page=1&edid=4310A6B3-6F5F-B489-DE7B-50B50ED9DC25 HTTP/1.1" 200 112098
95.217.114.173 - - [07/Mar/2025:03:59:14 +0100] "GET /ticket2/opencms/fi/buy/?page=1&edid=5459DFBC-646C-41FF-1074-09BB4A0C01AB HTTP/1.1" 200 110988
52.167.144.221 - - [07/Mar/2025:03:59:17 +0100] "GET /ticket2/opencms/et/buy/?page=1&edid=6E64EF54-063D-0F55-A1E7-7781348B9C83 HTTP/1.1" 200 90356
185.191.171.19 - - [07/Mar/2025:03:59:17 +0100] "GET /ticket2/opencms/sl/magazine/article?title=michail-antonio-poskodovan-po-prometni-nesreci HTTP/1.1" 200 93354
52.167.144.221 - - [07/Mar/2025:03:59:18 +0100] "GET /ticket2/opencms/lv/buy/?page=1&edid=D14541CD-D23C-E02C-5A81-1A802A2A0A61 HTTP/1.1" 200 111852
95.217.114.173 - - [07/Mar/2025:03:59:19 +0100] "GET /ticket2/opencms/fi/buy/?page=1&edid=54744D91-6949-7A05-9B17-906C1CF5E575 HTTP/1.1" 200 108419
47.128.42.88 - - [07/Mar/2025:03:59:26 +0100] "GET /ticket2/opencms/hu/buy/?edid=EC2BC309-3510-AA04-CA0C-F3088D5C1D31 HTTP/1.1" 200 91836
95.217.114.173 - - [07/Mar/2025:03:59:27 +0100] "GET /ticket2/opencms/fi/buy/?page=1&edid=5479A2BE-D2B1-73D0-27F5-2C328C470E50 HTTP/1.1" 200 111632
185.191.171.10 - - [07/Mar/2025:03:59:27 +0100] "GET /ticket2/opencms/ga/magazine/article?title=ni-hi-mar-ata-todhchai-alexander-isak HTTP/1.1" 200 93308
114.119.154.207 - - [07/Mar/2025:03:59:28 +0100] "GET /ticket2/opencms/fr/magazine/article?title=om-tottenham-hotspur-stadium HTTP/1.1" 200 100188
52.167.144.185 - - [07/Mar/2025:03:59:28 +0100] "GET /ticket2/opencms/el/magazine/article?title=h-arsenal-plhsiazei-th-liberpoyl HTTP/1.1" 200 95732
40.77.167.76 - - [07/Mar/2025:03:59:31 +0100] "GET /ticket2/opencms/hr/buy/?page=1&edid=9C728A72-5F1F-8AC3-C599-42C868D7DE2C HTTP/1.1" 200 108621
95.217.114.173 - - [07/Mar/2025:03:59:31 +0100] "GET /ticket2/opencms/fi/buy/?page=1&edid=54BC0AF8-3720-D66A-5AD0-066E4CC436DA HTTP/1.1" 200 111868
114.119.132.9 - - [07/Mar/2025:03:59:35 +0100] "GET /ticket2/opencms/es/buy/?comcatid=A17713B6-D984-201A-4143-ED4DB5ED5C2E&catid&npage=3 HTTP/1.1" 200 257100
185.191.171.4 - - [07/Mar/2025:03:59:36 +0100] "GET /ticket2/opencms/tr/sell/ HTTP/1.1" 302 -
40.77.167.254 - - [07/Mar/2025:03:59:36 +0100] "GET /ticket2/opencms/bs/buy?page=1&edid=A334CE1C-4637-D53A-282B-DE102A8D5B86 HTTP/1.1" 200 90274
207.46.13.87 - - [07/Mar/2025:03:59:37 +0100] "GET /ticket2/opencms/en/buy?page=1&edid=24DA4365-06A3-2349-F7E6-CA02D31FCB88 HTTP/1.1" 200 109757
95.217.114.173 - - [07/Mar/2025:03:59:38 +0100] "GET /ticket2/opencms/fi/buy/?page=1&edid=54FC36CF-650E-0DD5-1BB3-E49EF32EDF7E HTTP/1.1" 200 111774
85.208.96.203 - - [07/Mar/2025:03:59:38 +0100] "GET /ticket2/opencms/tr/spor/futbol-biletleri/premier-league/crystal_palace HTTP/1.1" 200 101750
85.208.96.201 - - [07/Mar/2025:03:59:38 +0100] "GET /ticket2/opencms/fr/magazine/article?title=kevin-de-bruyne HTTP/1.1" 200 93562
20.171.207.36 - - [07/Mar/2025:03:59:38 +0100] "GET /ticket2/opencms/system/modules/com.gridnine.opencms.ticketbrokerage.site/resources/pics/banners/sv/la_liga_sv.png HTTP/1.1" 200 13455
47.238.13.17 - - [07/Mar/2025:03:59:39 +0100] "GET /ticket2/opencms/en/sport/football-tickets/champions-league/inter HTTP/1.1" 500 -
85.208.96.199 - - [07/Mar/2025:03:59:43 +0100] "GET /ticket2/opencms/tr/login/?url=%25252Ftr%25252Fsell%25252F HTTP/1.1" 200 91798
95.217.114.173 - - [07/Mar/2025:03:59:45 +0100] "GET /ticket2/opencms/fi/buy/?page=1&edid=552978CA-0B74-6ABC-8BC8-CC841112A7AE HTTP/1.1" 200 111605
66.249.65.195 - - [07/Mar/2025:03:59:49 +0100] "GET /ticket2/opencms/bs/buy/?page=1&edid=192B2692-9E9C-E45B-C641-B3FED8E2B94F HTTP/1.1" 200 111811
114.119.143.233 - - [07/Mar/2025:03:59:50 +0100] "GET /ticket2/opencms/az/buy?page=1&edid=2D8BABEA-B463-12A2-E630-9585FD2F3F33 HTTP/1.1" 200 112894
95.217.114.173 - - [07/Mar/2025:03:59:50 +0100] "GET /ticket2/opencms/fi/buy/?page=1&edid=55665BB1-2F3D-DED5-E2AC-E89B6A948AE6 HTTP/1.1" 200 111475
95.217.114.173 - - [07/Mar/2025:03:59:57 +0100] "GET /ticket2/opencms/fi/buy/?page=1&edid=5570BE8B-F706-8367-B456-1833A283D402 HTTP/1.1" 200 112295
194.120.230.215 - - [07/Mar/2025:03:59:58 +0100] "GET /cgi-bin/luci/;stok=/locale HTTP/1.1" 404 -
114.119.148.14 - - [07/Mar/2025:04:00:00 +0100] "GET /ticket2/opencms/es/buy/?page=1&edid=4D95C4E4-B7FF-C71E-110D-D09544A9044A HTTP/1.1" 200 111159
40.77.167.76 - - [07/Mar/2025:04:00:01 +0100] "GET /ticket2/opencms/ga/buy/?page=1&edid=B5C39213-E135-81B2-3182-CF92D0BE5105 HTTP/1.1" 200 108987
40.77.167.1 - - [07/Mar/2025:04:00:03 +0100] "GET /ticket2/opencms/en/venue/?venueid=B7E496D3-47D0-180C-FDEA-256FBD380F8B HTTP/1.1" 200 85394
95.217.114.173 - - [07/Mar/2025:04:00:05 +0100] "GET /ticket2/opencms/fi/buy/?page=1&edid=5595A96D-9F00-CDE0-D156-0165E9F7FC70 HTTP/1.1" 200 110560
85.208.96.194 - - [07/Mar/2025:04:00:06 +0100] "GET /ticket2/opencms/bs/magazine/article?title=sta-je-fudbal HTTP/1.1" 200 94769
40.77.167.254 - - [07/Mar/2025:04:00:07 +0100] "GET /ticket2/opencms/bs/buy/?page=1&edid=87B4AACF-CAE2-8F54-548F-79BBB43EDD42 HTTP/1.1" 200 110607
95.217.114.173 - - [07/Mar/2025:04:00:13 +0100] "GET /ticket2/opencms/fi/buy/?page=1&edid=55AE14A0-00CF-8E29-D1CC-F8CDD1E23137 HTTP/1.1" 200 111685
47.128.39.151 - - [07/Mar/2025:04:00:17 +0100] "GET /ticket2/opencms/fi/venue/?venueid=D865EDC3-A8C8-8107-EEAE-35A140CA5350 HTTP/1.1" 200 86900
114.119.141.178 - - [07/Mar/2025:04:00:19 +0100] "GET /ticket2/opencms/az/buy?page=1&edid=2C628F37-50C8-6D86-55F0-9E385D7A6FB4 HTTP/1.1" 200 112338
95.217.114.173 - - [07/Mar/2025:04:00:20 +0100] "GET /ticket2/opencms/fi/buy/?page=1&edid=55CC2792-4CF0-B26E-1719-512C0ABE2886 HTTP/1.1" 200 110590
95.217.114.173 - - [07/Mar/2025:04:00:25 +0100] "GET /ticket2/opencms/fi/buy/?page=1&edid=55D86897-8C9C-C674-770A-B1D3B4953179 HTTP/1.1" 200 110600
43.157.209.252 - - [07/Mar/2025:04:00:27 +0100] "GET /ticket2/opencms/ HTTP/1.1" 302 -
66.249.76.8 - - [07/Mar/2025:04:00:30 +0100] "GET /ticket2/opencms/nl/magazine/ HTTP/1.1" 200 159896
43.157.209.252 - - [07/Mar/2025:04:00:30 +0100] "GET /ticket2/opencms/en/ HTTP/1.1" 200 103725
65.49.20.66 - - [07/Mar/2025:04:00:30 +0100] "GET /ticket2/opencms/de/ HTTP/1.1" 200 105224
95.217.114.173 - - [07/Mar/2025:04:00:31 +0100] "GET /ticket2/opencms/fi/buy/?page=1&edid=55F09E63-1021-B54D-20C9-3B1B1EF45D76 HTTP/1.1" 200 108478
52.167.144.184 - - [07/Mar/2025:04:00:33 +0100] "GET /ticket2/opencms/lv/buy?page=1&edid=DE6EAF1E-F0E3-BCEF-6FE9-789554B2D96C HTTP/1.1" 200 123928
114.119.143.233 - - [07/Mar/2025:04:00:34 +0100] "GET /ticket2/opencms/az/buy?page=1&edid=29E9F2D8-9DB7-1D0F-D367-7A346F6698E3 HTTP/1.1" 200 111081
95.217.114.173 - - [07/Mar/2025:04:00:36 +0100] "GET /ticket2/opencms/fi/buy/?page=1&edid=5630DE9E-B2AA-33B3-91FB-95B3177F4375 HTTP/1.1" 200 111859
20.171.207.36 - - [07/Mar/2025:04:00:37 +0100] "GET /ticket2/opencms/system/modules/com.gridnine.opencms.ticketbrokerage.site/resources/pics/banners/aston_villa.png HTTP/1.1" 200 88106
85.208.96.212 - - [07/Mar/2025:04:00:38 +0100] "GET /ticket2/opencms/robots.txt HTTP/1.1" 200 773
185.191.171.14 - - [07/Mar/2025:04:00:39 +0100] "GET /ticket2/opencms/bs/magazine/article?title=novi-kapiten-dejan-kulusevski HTTP/1.1" 200 91702
114.119.140.111 - - [07/Mar/2025:04:00:40 +0100] "GET /ticket2/opencms/es/buy/?page=1&edid=94C5B0A9-45EC-824F-7DFB-E52A893ACA3D HTTP/1.1" 200 136064
85.208.96.208 - - [07/Mar/2025:04:00:41 +0100] "GET /ticket2/opencms/sk/magazine/article?title=arsenal-sa-priblizuje-k-liverpoolu HTTP/1.1" 200 93141
95.217.114.173 - - [07/Mar/2025:04:00:42 +0100] "GET /ticket2/opencms/fi/buy/?page=1&edid=5636DEDA-BAB6-7F10-24BF-27D5CA6FE54E HTTP/1.1" 200 111100
114.119.129.189 - - [07/Mar/2025:04:00:46 +0100] "GET /ticket2/opencms/fr/magazine/article?title=fermer-le-marche-des-transferts-plus-tot HTTP/1.1" 200 93098
85.208.96.194 - - [07/Mar/2025:04:00:46 +0100] "GET /ticket2/opencms/pl/sport/bilety-futbol/english-championship/stoke-city HTTP/1.1" 404 -
95.217.114.173 - - [07/Mar/2025:04:00:50 +0100] "GET /ticket2/opencms/fi/buy/?page=1&edid=563FCA46-03ED-44D1-2A64-D153F80207C9 HTTP/1.1" 200 112196
40.77.167.76 - - [07/Mar/2025:04:00:51 +0100] "GET /ticket2/opencms/uk/buy?page=1&edid=AE0E81B2-3EB3-64B6-5AC3-AA8704F5A6E6 HTTP/1.1" 200 110879
95.217.114.173 - - [07/Mar/2025:04:00:57 +0100] "GET /ticket2/opencms/fi/buy/?page=1&edid=564342A0-A794-16C8-70A7-FFBC18216DAE HTTP/1.1" 200 108364
85.208.96.198 - - [07/Mar/2025:04:00:57 +0100] "GET /ticket2/opencms/de/magazine/article?title=champions-league-tickets-auf-ticket2 HTTP/1.1" 200 98109
52.167.144.150 - - [07/Mar/2025:04:01:00 +0100] "GET /ticket2/opencms/en/magazine/article?title=chelsea-vs-tottenham-2-0 HTTP/1.1" 200 92761
95.217.114.173 - - [07/Mar/2025:04:01:03 +0100] "GET /ticket2/opencms/fi/buy/?page=1&edid=564D2DDE-50A0-0F93-C015-CE64A52E115B HTTP/1.1" 200 111584
85.208.96.202 - - [07/Mar/2025:04:01:07 +0100] "GET /ticket2/opencms/pl/buying_tickets/ HTTP/1.1" 200 89150
95.217.114.173 - - [07/Mar/2025:04:01:09 +0100] "GET /ticket2/opencms/fi/buy/?page=1&edid=566FFA7F-9037-93B7-9175-A771BF4D35F4 HTTP/1.1" 200 111029
40.77.167.76 - - [07/Mar/2025:04:01:12 +0100] "GET /ticket2/opencms/sr/buy?page=1&edid=5013A1E7-6B46-F1F8-6B39-0131EFEB0CDA HTTP/1.1" 200 119131
114.119.150.86 - - [07/Mar/2025:04:01:13 +0100] "GET /ticket2/opencms/az/buy?page=1&edid=26128587-E741-EC80-2371-BDADD3568348 HTTP/1.1" 200 109059
66.249.65.235 - - [07/Mar/2025:04:01:14 +0100] "GET /ticket2/opencms/el/buy/?page=1&edid=04B0DB48-8735-9FEB-09F8-41C9C1D4D32E HTTP/1.1" 200 121802
95.217.114.173 - - [07/Mar/2025:04:01:17 +0100] "GET /ticket2/opencms/fi/buy/?page=1&edid=568CEAF8-749E-5C3B-AA01-C61B6A68B792 HTTP/1.1" 200 111665
95.217.114.173 - - [07/Mar/2025:04:01:24 +0100] "GET /ticket2/opencms/fi/buy/?page=1&edid=56C17C27-21E6-C46B-6C0D-283C7E6B55D6 HTTP/1.1" 200 108371
185.191.171.18 - - [07/Mar/2025:04:01:25 +0100] "GET /ticket2/opencms/de/sport/fussball-tickets/serie_a/inter/ HTTP/1.1" 200 99698
195.178.110.163 - - [07/Mar/2025:04:01:26 +0100] "??????i%??????b?Z?p\; 66i6?q? H??bJ????" 400 -
195.178.110.163 - - [07/Mar/2025:04:01:26 +0100] "GET / HTTP/1.1" 404 -
195.178.110.163 - - [01/Jan/1970:00:59:59 +0100] "-" 400 -
195.178.110.163 - - [07/Mar/2025:04:01:26 +0100] "GET / HTTP/1.1" 404 -
195.178.110.163 - - [07/Mar/2025:04:01:30 +0100] "GET /.env.dev HTTP/1.1" 404 -
195.178.110.163 - - [07/Mar/2025:04:01:31 +0100] "GET /.env.dev.local HTTP/1.1" 404 -
195.178.110.163 - - [07/Mar/2025:04:01:31 +0100] "GET /media/.git/config HTTP/1.1" 404 -
66.249.65.236 - - [07/Mar/2025:04:01:31 +0100] "GET /ticket2/opencms/el/buy/?page=1&edid=083AE95D-096C-41BA-96E0-6A784C0A08FB HTTP/1.1" 200 115235
95.217.114.173 - - [07/Mar/2025:04:01:31 +0100] "GET /ticket2/opencms/fi/buy/?page=1&edid=56DAEAFB-0B67-F7AF-0BA9-7E706208996B HTTP/1.1" 200 110772
114.119.133.220 - - [07/Mar/2025:04:01:32 +0100] "GET /ticket2/opencms/en/venue/?venueid=18FD821D-6DDA-C3F8-586C-11DB373981E5 HTTP/1.1" 200 85388
185.191.171.14 - - [07/Mar/2025:04:01:37 +0100] "GET /ticket2/opencms/ro/magazine/article?title=arsenal-si-tottenham-impart-punctele-intr-un-meci-epic-4-4-pe-29-octombrie-2008 HTTP/1.1" 200 96009
95.217.114.173 - - [07/Mar/2025:04:01:38 +0100] "GET /ticket2/opencms/fi/buy/?page=1&edid=56E27B8B-7D7B-936D-9F08-182502FAC3B1 HTTP/1.1" 200 111587
40.77.167.76 - - [07/Mar/2025:04:01:40 +0100] "GET /ticket2/opencms/fi/buy?page=1&edid=7096723F-3AA2-C6C7-432B-FA3E62922FD4 HTTP/1.1" 200 112352
85.208.96.201 - - [07/Mar/2025:04:01:41 +0100] "GET /ticket2/opencms/es/deporte/entradas-futbol/english-championship/norwich-city HTTP/1.1" 404 -
85.208.96.203 - - [07/Mar/2025:04:01:42 +0100] "GET /ticket2/opencms/it/magazine/article?title=nove-vittorie-in-dieci-partite HTTP/1.1" 200 92818
47.128.17.230 - - [07/Mar/2025:04:01:43 +0100] "GET /ticket2/opencms/fi/buy/?edid=7608A35C-00D9-64A3-BF47-D099F0A5B944 HTTP/1.1" 200 91430
85.208.96.206 - - [07/Mar/2025:04:01:45 +0100] "GET /ticket2/opencms/az/sport/futbol-biletleri/english-championship/rotherham-united HTTP/1.1" 404 -
95.217.114.173 - - [07/Mar/2025:04:01:46 +0100] "GET /ticket2/opencms/fi/buy/?page=1&edid=56F44B39-27F4-9458-2628-C8E9EDD4B87A HTTP/1.1" 200 112303
66.249.65.236 - - [07/Mar/2025:04:01:50 +0100] "GET /ticket2/opencms/fi/buy?page=1&edid=F17C9A03-9EE8-3021-F3ED-C1A41F2235FA HTTP/1.1" 200 111057
95.217.114.173 - - [07/Mar/2025:04:01:52 +0100] "GET /ticket2/opencms/fi/buy/?page=1&edid=5704F8FD-9CBB-9159-7288-CA17B9D0D4E2 HTTP/1.1" 200 90273
152.53.12.30 - - [07/Mar/2025:04:01:54 +0100] "GET /ticket2/opencms/de/magazine/article?title=erling-braut-haaland HTTP/1.1" 200 93703
152.53.54.186 - - [07/Mar/2025:04:01:55 +0100] "GET /ticket2/opencms/es/magazine/article?title=arsenal-fc-reflexion HTTP/1.1" 200 93227
95.217.114.173 - - [07/Mar/2025:04:01:58 +0100] "GET /ticket2/opencms/fi/buy/?page=1&edid=570BC029-41A3-AC83-7093-0DFFF0210D10 HTTP/1.1" 200 110538
85.208.96.203 - - [07/Mar/2025:04:01:59 +0100] "GET /ticket2/opencms/dk/magazine/article?title=luton HTTP/1.1" 200 91253
85.208.96.195 - - [07/Mar/2025:04:02:00 +0100] "GET /ticket2/opencms/fr/magazine/article?title=vinicius-jr HTTP/1.1" 200 92149
95.217.114.173 - - [07/Mar/2025:04:02:03 +0100] "GET /ticket2/opencms/fi/buy/?page=1&edid=570D8103-2AE0-C263-3CF4-52F5572B3472 HTTP/1.1" 200 108413
52.167.144.214 - - [07/Mar/2025:04:02:06 +0100] "GET /ticket2/opencms/dk/magazine/article?title=liverpool-en-by-af-kultur-og-historie HTTP/1.1" 200 91773
66.249.65.235 - - [07/Mar/2025:04:02:07 +0100] "GET /ticket2/opencms/system/modules/com.gridnine.opencms.ticketbrokerage.site/resources/js/standard.js HTTP/1.1" 200 3983
95.217.114.173 - - [07/Mar/2025:04:02:08 +0100] "GET /ticket2/opencms/fi/buy/?page=1&edid=57338448-5406-7945-312D-BF2768268B8F HTTP/1.1" 200 111634
52.167.144.221 - - [07/Mar/2025:04:02:09 +0100] "GET /ticket2/opencms/nl/buy/?page=1&edid=070182EB-30EF-F34B-AE41-C4B61E82D2C9 HTTP/1.1" 200 109566
52.167.144.221 - - [07/Mar/2025:04:02:10 +0100] "GET /ticket2/opencms/mo/buy?page=1&edid=2E84E3FC-1C34-B2DE-D3EB-B8B283411021 HTTP/1.1" 200 111978
95.217.114.173 - - [07/Mar/2025:04:02:14 +0100] "GET /ticket2/opencms/fi/buy/?page=1&edid=57459A80-66BC-2154-84E8-27032EAB09A5 HTTP/1.1" 200 112363
20.171.207.36 - - [07/Mar/2025:04:02:15 +0100] "GET /ticket2/opencms/system/modules/com.gridnine.opencms.ticketbrokerage.site/resources/pics/banners/team/la_liga/las_palmas.png HTTP/1.1" 200 72242
85.208.96.193 - - [07/Mar/2025:04:02:16 +0100] "GET /ticket2/opencms/pl/magazine/article?title=arsenal-fc-refleksja HTTP/1.1" 200 93639
114.119.130.23 - - [07/Mar/2025:04:02:18 +0100] "GET /ticket2/opencms/en/venue/?venueid=A349DBED-07A6-8985-882B-FBE6633B82A6 HTTP/1.1" 200 85269
95.217.114.173 - - [07/Mar/2025:04:02:19 +0100] "GET /ticket2/opencms/fi/buy/?page=1&edid=5757BC30-FC6C-F9EE-4447-A553F56168B5 HTTP/1.1" 200 108427
66.249.65.237 - - [07/Mar/2025:04:02:24 +0100] "GET /ticket2/opencms/uk/magazine/ HTTP/1.1" 200 153351
95.217.114.173 - - [07/Mar/2025:04:02:25 +0100] "GET /ticket2/opencms/fi/buy/?page=1&edid=576FBAF5-DC27-84D2-CEA1-91203E3EDCB9 HTTP/1.1" 200 108413
85.208.96.200 - - [07/Mar/2025:04:02:27 +0100] "GET /ticket2/opencms/fr/sport/billets-football/la_liga/athletic-bilbao/ HTTP/1.1" 200 102385
114.119.135.251 - - [07/Mar/2025:04:02:27 +0100] "GET /ticket2/opencms/fi/urheilu/jalkapallo/serie_a/napoli/ HTTP/1.1" 200 97223
114.119.153.152 - - [07/Mar/2025:04:02:28 +0100] "GET /ticket2/opencms/az/buy?page=1&edid=24A0474C-0E94-45BE-FC4D-B791EA0F3040 HTTP/1.1" 200 111579
40.77.167.76 - - [07/Mar/2025:04:02:32 +0100] "GET /ticket2/opencms/sl/buy/?page=1&edid=DCAC7F7B-63BD-4E18-6301-0E66418A9358 HTTP/1.1" 200 108457
95.217.114.173 - - [07/Mar/2025:04:02:34 +0100] "GET /ticket2/opencms/fi/buy/?page=1&edid=577984EF-658D-F277-25BE-FE42F47E7992 HTTP/1.1" 200 111655
95.217.114.173 - - [07/Mar/2025:04:02:41 +0100] "GET /ticket2/opencms/fi/buy/?page=1&edid=578A9E16-C07B-D0DE-3560-BEC65CC0A342 HTTP/1.1" 200 108334
185.191.171.5 - - [07/Mar/2025:04:02:44 +0100] "GET /ticket2/opencms/mt/magazine/article?title=liverpool-tottenham HTTP/1.1" 200 92742
114.119.133.220 - - [07/Mar/2025:04:02:46 +0100] "GET /ticket2/opencms/en/magazine/article/ HTTP/1.1" 200 87613
40.77.167.254 - - [07/Mar/2025:04:02:47 +0100] "GET /ticket2/opencms/hy/buy?page=1&edid=C28B3B84-6A6E-6FCB-67EF-1F8424FD799A HTTP/1.1" 404 -
95.217.114.173 - - [07/Mar/2025:04:02:47 +0100] "GET /ticket2/opencms/fi/buy/?page=1&edid=579AC251-4602-9CFA-A66C-E3EC5285E10B HTTP/1.1" 200 111732
66.249.90.133 - - [07/Mar/2025:04:02:48 +0100] "GET /ticket2/opencms/dk/sport/fodboldbilletter/serie-a/bologna/ HTTP/1.1" 500 -
40.77.167.76 - - [07/Mar/2025:04:02:52 +0100] "GET /ticket2/opencms/uk/buy?page=1&edid=DEA5A428-3980-E113-48A8-EB44E7BFB16B HTTP/1.1" 200 110906
66.249.90.132 - - [07/Mar/2025:04:02:52 +0100] "GET /ticket2/opencms/sv/sport/fotbollsbiljetter/ HTTP/1.1" 200 96334
95.217.114.173 - - [07/Mar/2025:04:02:53 +0100] "GET /ticket2/opencms/fi/buy/?page=1&edid=57E8534E-303B-4575-4D57-481E23F875B9 HTTP/1.1" 200 111561
66.249.65.195 - - [07/Mar/2025:04:02:54 +0100] "GET /ticket2/opencms/az/buy/?page=1&edid=FCEB71A3-C27D-C49F-469F-2CB5939452EE HTTP/1.1" 200 134482
66.249.90.131 - - [07/Mar/2025:04:02:56 +0100] "GET /ticket2/opencms/sv/sport/fotbollsbiljetter/premier_league/chelsea/ HTTP/1.1" 200 101929
