47.128.48.204 - - [07/Mar/2025:03:24:54 +0100] "GET /ticket2/opencms/de/buy/?edid=5CA6204E-B944-1C9C-2A91-E87C8D0203BC HTTP/1.1" 200 91014
217.182.175.38 - - [07/Mar/2025:03:24:54 +0100] "GET /ticket2/opencms/dk/dk/buy/?page=1&edid=BF5CA682-DD7A-C97B-4B1A-4DB7874CEB74&sortorder=asc&column=price HTTP/1.1" 404 -
192.99.36.61 - - [07/Mar/2025:03:24:55 +0100] "GET /ticket2/opencms/dk/sv/buy/?page=1&edid=3754A801-0360-9F1A-6DA4-BE3220BB9FC0&sortorder=asc&column=section HTTP/1.1" 404 -
114.119.138.214 - - [07/Mar/2025:03:24:57 +0100] "GET /ticket2/opencms/tr/magazine/article?title=ocak-penceresinin-en-pahali-transferleri HTTP/1.1" 200 93555
47.128.38.222 - - [07/Mar/2025:03:24:59 +0100] "GET /ticket2/opencms/ro/about/contact HTTP/1.1" 200 86659
95.217.114.173 - - [07/Mar/2025:03:25:00 +0100] "GET /ticket2/opencms/fi/buy/?page=1&edid=3500324C-4D6A-19B7-964B-816D2FCB76D2 HTTP/1.1" 200 110954
47.128.38.222 - - [07/Mar/2025:03:25:00 +0100] "GET /ticket2/opencms/system/modules/com.gridnine.opencms.ticketbrokerage.site/resources/css/images/event-banner.png HTTP/1.1" 404 -
217.182.175.38 - - [07/Mar/2025:03:25:00 +0100] "GET /ticket2/opencms/dk/dk/buy/?page=1&edid=BF5F17D6-5B92-3E63-CAD7-4FDCC4B92F50&sortorder=asc&column=price HTTP/1.1" 404 -
192.99.36.61 - - [07/Mar/2025:03:25:02 +0100] "GET /ticket2/opencms/dk/sv/buy/?page=1&edid=3830122A-8C0B-09CA-A7F9-62032F84F3E5&sortorder=asc&column=price HTTP/1.1" 404 -
95.217.114.173 - - [07/Mar/2025:03:25:06 +0100] "GET /ticket2/opencms/fi/buy/?page=1&edid=3502B50F-1738-D633-FD29-6C14BFE62906 HTTP/1.1" 200 110553
217.182.175.38 - - [07/Mar/2025:03:25:07 +0100] "GET /ticket2/opencms/dk/dk/buy/?page=1&edid=BF5F17D6-5B92-3E63-CAD7-4FDCC4B92F50&sortorder=asc&column=section HTTP/1.1" 404 -
161.97.130.75 - - [07/Mar/2025:03:25:07 +0100] "GET /ticket2/opencms/en/login/?edid=8A85BC4C-55E2-1DEE-BB03-89089B34386E HTTP/1.1" 200 90068
192.99.36.61 - - [07/Mar/2025:03:25:10 +0100] "GET /ticket2/opencms/dk/sv/buy/?page=1&edid=3830122A-8C0B-09CA-A7F9-62032F84F3E5&sortorder=asc&column=row HTTP/1.1" 404 -
85.208.96.200 - - [07/Mar/2025:03:25:11 +0100] "GET /ticket2/opencms/tr/magazine/article?title=manchester-city-7-mactir-kazanamiyor HTTP/1.1" 200 95093
217.182.175.38 - - [07/Mar/2025:03:25:12 +0100] "GET /ticket2/opencms/dk/dk/buy/?page=1&edid=BF5F17D6-5B92-3E63-CAD7-4FDCC4B92F50&sortorder=desc&column=price HTTP/1.1" 404 -
95.217.114.173 - - [07/Mar/2025:03:25:13 +0100] "GET /ticket2/opencms/fi/buy/?page=1&edid=3506EF3D-6600-B801-D587-ADD2C06D4BC6 HTTP/1.1" 200 111853
85.208.96.194 - - [07/Mar/2025:03:25:14 +0100] "GET /ticket2/opencms/fi/magazine/article?title=tottenham-burnley-2024-05-11 HTTP/1.1" 200 91903
5.252.227.78 - - [07/Mar/2025:03:25:16 +0100] "GET /ticket2/opencms/sk/buy?page=1&edid=E9DB3A42-82BF-9B65-3ED4-EE5A32871388 HTTP/1.1" 200 112562
192.99.36.61 - - [07/Mar/2025:03:25:17 +0100] "GET /ticket2/opencms/dk/sv/buy/?page=1&edid=3830122A-8C0B-09CA-A7F9-62032F84F3E5&sortorder=asc&column=section HTTP/1.1" 404 -
217.182.175.38 - - [07/Mar/2025:03:25:18 +0100] "GET /ticket2/opencms/dk/dk/buy/?page=1&edid=BFDFE449-D4A2-3EC2-5F36-4B5707D3EE53&sortorder=desc&column=price HTTP/1.1" 404 -
114.119.134.48 - - [07/Mar/2025:03:25:19 +0100] "GET /ticket2/opencms/en/buy/?page=1&edid=E53C8E7A-C1C8-80DF-ED27-96FEFF6B5147 HTTP/1.1" 200 133078
114.119.151.93 - - [07/Mar/2025:03:25:19 +0100] "GET /ticket2/opencms/it/buy?page=1&edid=666E929F-63B6-20BD-9CD8-ED0A6F4B03E6 HTTP/1.1" 200 110915
85.208.96.194 - - [07/Mar/2025:03:25:19 +0100] "GET /ticket2/opencms/nl/magazine/article?title=nieuw-contract-voor-archie-gray-18-jaar HTTP/1.1" 200 89725
95.217.114.173 - - [07/Mar/2025:03:25:20 +0100] "GET /ticket2/opencms/fi/buy/?page=1&edid=35106A45-EB51-F5E9-E849-7FF87A1539D4 HTTP/1.1" 200 111037
192.99.36.61 - - [07/Mar/2025:03:25:23 +0100] "GET /ticket2/opencms/dk/sv/buy/?page=1&edid=38AEE53A-EA89-0B18-C3E4-E60D1C3A4BDA&sortorder=desc&column=row HTTP/1.1" 404 -
217.182.175.38 - - [07/Mar/2025:03:25:23 +0100] "GET /ticket2/opencms/dk/dk/buy/?page=1&edid=D479275F-7CFD-352D-4C79-1F4CCDB6EA24&sortorder=asc&column=section HTTP/1.1" 404 -
69.171.249.6 - - [07/Mar/2025:03:25:24 +0100] "GET /ticket2/opencms/de/sport/fussball-tickets/premier_league/tottenham HTTP/1.1" 200 95964
95.217.114.173 - - [07/Mar/2025:03:25:26 +0100] "GET /ticket2/opencms/fi/buy/?page=1&edid=3511A6BD-2BA2-1F59-6DF1-4766F0AF728B HTTP/1.1" 200 108418
85.208.96.194 - - [07/Mar/2025:03:25:27 +0100] "GET /ticket2/opencms/tr/magazine/article?title=jude-bellingham HTTP/1.1" 200 92712
217.182.175.38 - - [07/Mar/2025:03:25:30 +0100] "GET /ticket2/opencms/dk/dk/buy/?page=1&edid=D4B1E319-6F48-1B90-FA7F-FABAA1246B5E&sortorder=asc&column=row HTTP/1.1" 404 -
192.99.36.61 - - [07/Mar/2025:03:25:31 +0100] "GET /ticket2/opencms/dk/sv/buy/?page=1&edid=38AEE53A-EA89-0B18-C3E4-E60D1C3A4BDA&sortorder=desc&column=section HTTP/1.1" 404 -
161.97.130.75 - - [07/Mar/2025:03:25:31 +0100] "GET /ticket2/opencms/en/login/?edid=94CAB6A6-0761-13F6-82AF-E72FFDAD5715 HTTP/1.1" 200 90088
66.249.65.197 - - [07/Mar/2025:03:25:31 +0100] "GET /ticket2/opencms/az/buy/?page=1&edid=FCF728A3-440F-219A-F294-671476E9F932 HTTP/1.1" 200 115054
95.217.114.173 - - [07/Mar/2025:03:25:33 +0100] "GET /ticket2/opencms/fi/buy/?page=1&edid=35447CAD-93AA-F16F-591C-775CD349FE29 HTTP/1.1" 200 111242
217.182.175.38 - - [07/Mar/2025:03:25:35 +0100] "GET /ticket2/opencms/dk/dk/buy/?page=1&edid=D4B34039-2E18-B793-82DD-B729B5FBACD2&sortorder=asc&column=row HTTP/1.1" 404 -
85.208.96.212 - - [07/Mar/2025:03:25:36 +0100] "GET /ticket2/opencms/es/magazine/article?title=la-ultima-temporada-de-lionel-messi HTTP/1.1" 200 94443
52.167.144.218 - - [07/Mar/2025:03:25:37 +0100] "GET /ticket2/opencms/sk/buy/?comcatid=66708183-7480-3365-06BF-DBF60280AB45&catid=05A94519-01D1-C86F-9031-84936B0B9DAE HTTP/1.1" 200 95456
192.99.36.61 - - [07/Mar/2025:03:25:38 +0100] "GET /ticket2/opencms/dk/sv/buy/?page=1&edid=390DC139-684B-981D-FD40-65227EC6F86F&sortorder=asc&column=row HTTP/1.1" 404 -
20.171.207.36 - - [07/Mar/2025:03:25:38 +0100] "GET /ticket2/opencms/sq/sport/bileta-per-futboll/champions-league/ajax HTTP/1.1" 500 -
85.208.96.195 - - [07/Mar/2025:03:25:39 +0100] "GET /ticket2/opencms/fr/magazine/article?title=comment-cela-fonctionne-t-il-sur-le-terrain-de-football HTTP/1.1" 200 90942
217.182.175.38 - - [07/Mar/2025:03:25:41 +0100] "GET /ticket2/opencms/dk/dk/buy/?page=1&edid=D5ECBB60-B9DE-C9C5-5B4C-845CEC40C77F&sortorder=asc&column=price HTTP/1.1" 404 -
95.217.114.173 - - [07/Mar/2025:03:25:41 +0100] "GET /ticket2/opencms/fi/buy/?page=1&edid=3549536B-5431-B4B9-9C70-24B661A63E68 HTTP/1.1" 200 90322
192.99.36.61 - - [07/Mar/2025:03:25:45 +0100] "GET /ticket2/opencms/dk/sv/buy/?page=1&edid=390DC139-684B-981D-FD40-65227EC6F86F&sortorder=asc&column=section HTTP/1.1" 404 -
217.182.175.38 - - [07/Mar/2025:03:25:46 +0100] "GET /ticket2/opencms/dk/dk/buy/?page=1&edid=D5ECBB60-B9DE-C9C5-5B4C-845CEC40C77F&sortorder=asc&column=row HTTP/1.1" 404 -
185.191.171.18 - - [07/Mar/2025:03:25:46 +0100] "GET /ticket2/opencms/robots.txt HTTP/1.1" 200 773
185.191.171.5 - - [07/Mar/2025:03:25:47 +0100] "GET /ticket2/opencms/el/magazine/article?title=programma-agwnwn-gia-thn-premier-league-agwnes-premier-league-20242025 HTTP/1.1" 200 95104
185.191.171.11 - - [07/Mar/2025:03:25:47 +0100] "GET /ticket2/opencms/sv/sport/hockeybiljetter/nhl/Washington_Capitals/ HTTP/1.1" 500 -
95.217.114.173 - - [07/Mar/2025:03:25:48 +0100] "GET /ticket2/opencms/fi/buy/?page=1&edid=356B89ED-8C47-F470-B89D-02FAEFE4B7E6 HTTP/1.1" 200 111001
161.97.130.75 - - [07/Mar/2025:03:25:48 +0100] "GET /ticket2/opencms/en/login/?edid=A86180B2-654C-DA8C-D586-1577B07D7FAC HTTP/1.1" 200 90106
40.77.167.7 - - [07/Mar/2025:03:25:51 +0100] "GET /ticket2/opencms/bg/buy?page=1&edid=7624E370-717C-E67C-7863-0581645F3814 HTTP/1.1" 200 116884
192.99.36.61 - - [07/Mar/2025:03:25:52 +0100] "GET /ticket2/opencms/dk/sv/buy/?page=1&edid=39168B9C-E36E-857F-42A1-E431E428BADA&sortorder=desc&column=row HTTP/1.1" 404 -
217.182.175.38 - - [07/Mar/2025:03:25:52 +0100] "GET /ticket2/opencms/dk/dk/buy/?page=1&edid=D5ECBB60-B9DE-C9C5-5B4C-845CEC40C77F&sortorder=desc&column=section HTTP/1.1" 404 -
95.217.114.173 - - [07/Mar/2025:03:25:55 +0100] "GET /ticket2/opencms/fi/buy/?page=1&edid=356D13C4-7F27-ADF4-5EFD-44013FC98EF2 HTTP/1.1" 200 111040
52.167.144.218 - - [07/Mar/2025:03:25:55 +0100] "GET /ticket2/opencms/de/buy/?comcatid=97ECA65A-72DA-F9AF-9DBB-245D3CFED1BE&catid=2E79AED8-FF58-B4E8-AFB0-43E7CEBE7864 HTTP/1.1" 200 97834
217.182.175.38 - - [07/Mar/2025:03:25:58 +0100] "GET /ticket2/opencms/dk/dk/buy/?page=1&edid=D94AE43C-36DF-9EFE-9CDF-702DED3992BF&sortorder=asc&column=price HTTP/1.1" 404 -
192.99.36.61 - - [07/Mar/2025:03:25:58 +0100] "GET /ticket2/opencms/dk/sv/buy/?page=1&edid=3A113BA6-0F4C-889C-CC91-8E29F25F6706&sortorder=desc&column=section HTTP/1.1" 404 -
114.119.154.207 - - [07/Mar/2025:03:25:59 +0100] "GET /ticket2/opencms/ru/buy/?page=1&edid=7010A18C-5A4A-0E34-BEAB-2260102DF0D3 HTTP/1.1" 200 106940
95.217.114.173 - - [07/Mar/2025:03:26:03 +0100] "GET /ticket2/opencms/fi/buy/?page=1&edid=3583C60A-2756-0D59-4506-0B1FD5A42AAB HTTP/1.1" 200 110508
217.182.175.38 - - [07/Mar/2025:03:26:03 +0100] "GET /ticket2/opencms/dk/dk/buy/?page=1&edid=E0522035-0BAF-AE6A-5BD8-7838D11C6194&sortorder=desc&column=price HTTP/1.1" 404 -
52.167.144.192 - - [07/Mar/2025:03:26:04 +0100] "GET /ticket2/opencms/hr/buy/?page=1&edid=A32C2CDE-A2F2-054C-C7FE-30BF45814EDA HTTP/1.1" 200 112413
40.77.167.71 - - [07/Mar/2025:03:26:04 +0100] "GET /ticket2/opencms/fr/buy/?comcatid=A17713B6-D984-201A-4143-ED4DB5ED5C2E&catid=C0DF818C-DB21-6E2E-4056-DB751FFE0C41 HTTP/1.1" 200 102688
161.97.130.75 - - [07/Mar/2025:03:26:05 +0100] "GET /ticket2/opencms/en/login/?edid=AA5F188D-392E-95E5-D194-1E2BE6F820A6 HTTP/1.1" 200 90096
192.99.36.61 - - [07/Mar/2025:03:26:05 +0100] "GET /ticket2/opencms/dk/sv/buy/?page=1&edid=3A2101C4-1199-2D0C-4863-53088BE0FA63&sortorder=asc&column=price HTTP/1.1" 404 -
95.217.114.173 - - [07/Mar/2025:03:26:09 +0100] "GET /ticket2/opencms/fi/buy/?page=1&edid=35A5C9DD-5FF8-7901-5D59-489265F65CB3 HTTP/1.1" 200 110680
217.182.175.38 - - [07/Mar/2025:03:26:10 +0100] "GET /ticket2/opencms/dk/dk/buy/?page=1&edid=E0522035-0BAF-AE6A-5BD8-7838D11C6194&sortorder=desc&column=row HTTP/1.1" 404 -
192.99.36.61 - - [07/Mar/2025:03:26:12 +0100] "GET /ticket2/opencms/dk/sv/buy/?page=1&edid=3AB0283C-6FA7-DBBB-1BBE-6183E113EB0D&sortorder=asc&column=price HTTP/1.1" 404 -
114.119.130.154 - - [07/Mar/2025:03:26:14 +0100] "GET /ticket2/opencms/en/buy/?page=1&edid=2FB70CE5-901D-FB66-7FC4-208504D406B6 HTTP/1.1" 200 112778
95.217.114.173 - - [07/Mar/2025:03:26:15 +0100] "GET /ticket2/opencms/fi/buy/?page=1&edid=35B50084-B9AA-1B2B-99FE-C3FBA2700019 HTTP/1.1" 200 110813
173.252.69.114 - - [07/Mar/2025:03:26:17 +0100] "GET /ticket2/opencms/de/sport/fussball-tickets/bundesliga/borussia-dortmund/ HTTP/1.1" 200 101966
114.119.130.23 - - [07/Mar/2025:03:26:17 +0100] "GET /ticket2/opencms/es/buy/?page=1&edid=3B2DD9A6-8906-C64F-74F1-E2152AA05C80 HTTP/1.1" 200 118178
192.99.36.61 - - [07/Mar/2025:03:26:19 +0100] "GET /ticket2/opencms/dk/sv/buy/?page=1&edid=3AB0283C-6FA7-DBBB-1BBE-6183E113EB0D&sortorder=asc&column=row HTTP/1.1" 404 -
47.128.116.43 - - [07/Mar/2025:03:26:20 +0100] "GET /ticket2/opencms/is/sport/fotbolti/bundesliga/mainz/ HTTP/1.1" 200 101357
185.191.171.11 - - [07/Mar/2025:03:26:20 +0100] "GET /ticket2/opencms/et/about/contact HTTP/1.1" 200 86223
194.120.230.215 - - [07/Mar/2025:03:26:21 +0100] "GET /ticket2/opencms/de/cgi-bin/luci/;stok=/locale HTTP/1.1" 404 -
95.217.114.173 - - [07/Mar/2025:03:26:22 +0100] "GET /ticket2/opencms/fi/buy/?page=1&edid=35D74A6A-19C0-DF25-9BD7-205C69FD3973 HTTP/1.1" 200 111604
217.182.175.38 - - [07/Mar/2025:03:26:22 +0100] "GET /ticket2/opencms/dk/dk/buy/?page=1&edid=EFAC700B-CCC4-CF29-BB13-3CFA97BE8CAA&sortorder=asc&column=row HTTP/1.1" 404 -
114.119.141.178 - - [07/Mar/2025:03:26:24 +0100] "GET /ticket2/opencms/hy/buy?page=1&edid=C5BE8910-C31D-1B7A-D498-4C5862D3F5A8 HTTP/1.1" 404 -
114.119.136.8 - - [07/Mar/2025:03:26:26 +0100] "GET /ticket2/opencms/ru/buy/?page=1&edid=F7607B70-C7D1-859A-AF1D-90ACBF6F99CC HTTP/1.1" 200 8488
192.99.36.61 - - [07/Mar/2025:03:26:27 +0100] "GET /ticket2/opencms/dk/sv/buy/?page=1&edid=3AB0283C-6FA7-DBBB-1BBE-6183E113EB0D&sortorder=asc&column=section HTTP/1.1" 404 -
161.97.130.75 - - [07/Mar/2025:03:26:27 +0100] "GET /ticket2/opencms/en/login/?edid=B4ED35E0-F6E1-A7C7-5FDD-67B8072FAF0B HTTP/1.1" 200 90082
217.182.175.38 - - [07/Mar/2025:03:26:28 +0100] "GET /ticket2/opencms/dk/dk/buy/?page=1&edid=EFAC700B-CCC4-CF29-BB13-3CFA97BE8CAA&sortorder=asc&column=section HTTP/1.1" 404 -
95.217.114.173 - - [07/Mar/2025:03:26:28 +0100] "GET /ticket2/opencms/fi/buy/?page=1&edid=35EFB89D-083E-DDDE-DB3C-9BE9A310E552 HTTP/1.1" 200 108471
66.249.74.3 - - [07/Mar/2025:03:26:29 +0100] "GET /ticket2/opencms/fi/magazine/article?title=villa-park-kapasiteetiltaan-yli-42-000-katsojaa HTTP/1.1" 200 92605
66.249.65.236 - - [07/Mar/2025:03:26:33 +0100] "GET /ticket2/opencms/en/buy?page=1&edid=6F379414-70C4-400F-51D2-AFD37C8F2BC7 HTTP/1.1" 200 133264
217.182.175.38 - - [07/Mar/2025:03:26:33 +0100] "GET /ticket2/opencms/dk/dk/buy/?page=1&edid=F35228ED-6A1B-50CC-6944-073AE91D99B9&sortorder=asc&column=price HTTP/1.1" 404 -
43.132.150.96 - - [07/Mar/2025:03:26:33 +0100] "GET /ticket2/opencms/it/ HTTP/1.1" 200 105582
192.99.36.61 - - [07/Mar/2025:03:26:35 +0100] "GET /ticket2/opencms/dk/sv/buy/?page=1&edid=3ABB49E1-D37A-AB42-B430-1287E5A59D8D&sortorder=asc&column=price HTTP/1.1" 404 -
95.217.114.173 - - [07/Mar/2025:03:26:35 +0100] "GET /ticket2/opencms/fi/buy/?page=1&edid=35F4C2A7-862F-428E-EB43-1F3573C9A142 HTTP/1.1" 200 111558
20.171.207.36 - - [07/Mar/2025:03:26:39 +0100] "GET /ticket2/opencms/mt/sport/biljetti-tal-futbol/bundesliga/rb_leipzig HTTP/1.1" 200 94967
217.182.175.38 - - [07/Mar/2025:03:26:39 +0100] "GET /ticket2/opencms/dk/dk/buy/?page=1&edid=FA0513B6-C062-D552-5C10-F2BE1953376E&sortorder=asc&column=price HTTP/1.1" 404 -
114.119.132.57 - - [07/Mar/2025:03:26:40 +0100] "GET /ticket2/opencms/en/buy/?page=1&edid=E11E1E12-66BC-E0C5-F313-3E777C16F760 HTTP/1.1" 200 128093
192.99.36.61 - - [07/Mar/2025:03:26:42 +0100] "GET /ticket2/opencms/dk/sv/buy/?page=1&edid=3ABB49E1-D37A-AB42-B430-1287E5A59D8D&sortorder=asc&column=row HTTP/1.1" 404 -
95.217.114.173 - - [07/Mar/2025:03:26:43 +0100] "GET /ticket2/opencms/fi/buy/?page=1&edid=36201147-954C-4D2B-4404-34AB77C306B3 HTTP/1.1" 200 112329
114.119.140.85 - - [07/Mar/2025:03:26:44 +0100] "GET /ticket2/opencms/en/buy/?page=1&edid=E401D952-8F65-6449-D7D5-A82A23D3AEE1 HTTP/1.1" 200 106764
217.182.175.38 - - [07/Mar/2025:03:26:45 +0100] "GET /ticket2/opencms/dk/dk/buy/?page=1&edid=FA0513B6-C062-D552-5C10-F2BE1953376E&sortorder=asc&column=section HTTP/1.1" 404 -
192.99.36.61 - - [07/Mar/2025:03:26:49 +0100] "GET /ticket2/opencms/dk/sv/buy/?page=1&edid=3ABB49E1-D37A-AB42-B430-1287E5A59D8D&sortorder=asc&column=section HTTP/1.1" 404 -
95.217.114.173 - - [07/Mar/2025:03:26:49 +0100] "GET /ticket2/opencms/fi/buy/?page=1&edid=367C01C8-55E8-5761-77A6-1E1A5784FE1B HTTP/1.1" 200 112161
217.182.175.38 - - [07/Mar/2025:03:26:50 +0100] "GET /ticket2/opencms/dk/dk/buy/?page=1&edid=FA6E77FD-7B60-427A-8F1A-C8DE18094A0E&sortorder=asc&column=row HTTP/1.1" 404 -
85.208.96.206 - - [07/Mar/2025:03:26:51 +0100] "GET /ticket2/opencms/bs/magazine/article?title=allsvenskan-premier-liga-svedskog-fudbala HTTP/1.1" 200 93120
95.217.114.173 - - [07/Mar/2025:03:26:56 +0100] "GET /ticket2/opencms/fi/buy/?page=1&edid=3689E117-05AE-6AA6-970E-FD9977AC75C7 HTTP/1.1" 200 111586
217.182.175.38 - - [07/Mar/2025:03:26:56 +0100] "GET /ticket2/opencms/dk/dk/buy/?page=1&edid=FE0D347F-B790-DD75-F37F-11E0E35595D4&sortorder=desc&column=section HTTP/1.1" 404 -
192.99.36.61 - - [07/Mar/2025:03:26:56 +0100] "GET /ticket2/opencms/dk/sv/buy/?page=1&edid=3ABB49E1-D37A-AB42-B430-1287E5A59D8D&sortorder=desc&column=price HTTP/1.1" 404 -
47.128.96.62 - - [07/Mar/2025:03:26:56 +0100] "GET /ticket2/opencms/fi/venue/?venueid=AC707CB9-CD81-07F8-9EA6-B47D04E2F113 HTTP/1.1" 200 86961
185.191.171.5 - - [07/Mar/2025:03:27:00 +0100] "GET /ticket2/opencms/sr/magazine/article?title=crystal-palace-najbolji-navijaci-premier-lige HTTP/1.1" 200 94551
207.46.13.130 - - [07/Mar/2025:03:27:01 +0100] "GET /ticket2/opencms/mt/buy/?comcatid=A17713B6-D984-201A-4143-ED4DB5ED5C2E&catid=21C3854B-901E-11F9-7B7D-6838CC6AFAA4 HTTP/1.1" 200 141988
217.182.175.38 - - [07/Mar/2025:03:27:02 +0100] "GET /ticket2/opencms/dk/dk/buy/?page=1&edid=FF27455A-A259-2E61-E278-C658588A9BEE&sortorder=asc&column=section HTTP/1.1" 404 -
47.128.29.242 - - [07/Mar/2025:03:27:02 +0100] "GET /ticket2/opencms/fr/magazine/article?title=manchester-united-a-choisi-de-licencier-erik-ten-hag HTTP/1.1" 200 98936
95.217.114.173 - - [07/Mar/2025:03:27:03 +0100] "GET /ticket2/opencms/fi/buy/?page=1&edid=36E7EFF1-016D-DA19-D14F-B3A7FAADFFA5 HTTP/1.1" 200 108403
192.99.36.61 - - [07/Mar/2025:03:27:03 +0100] "GET /ticket2/opencms/dk/sv/buy/?page=1&edid=3ABB49E1-D37A-AB42-B430-1287E5A59D8D&sortorder=desc&column=row HTTP/1.1" 404 -
114.119.151.93 - - [07/Mar/2025:03:27:05 +0100] "GET /ticket2/opencms/el/buy?page=1&edid=852007ED-2917-8575-471B-FF7BA021A314 HTTP/1.1" 200 115712
85.208.96.206 - - [07/Mar/2025:03:27:06 +0100] "GET /ticket2/opencms/pl/magazine/article?title=odkryj-la-liga-na-zywo-kup-bilety-na-ticket2 HTTP/1.1" 200 94200
217.182.175.38 - - [07/Mar/2025:03:27:09 +0100] "GET /ticket2/opencms/dk/dk/buy/?page=1&edid=03A0126D-6C4C-C16A-8B20-FC53B8D2913E&sortorder=desc&column=price HTTP/1.1" 404 -
95.217.114.173 - - [07/Mar/2025:03:27:10 +0100] "GET /ticket2/opencms/fi/buy/?page=1&edid=36F60D0B-728D-F143-A325-AB2B9B822EFD HTTP/1.1" 200 108446
185.191.171.15 - - [07/Mar/2025:03:27:11 +0100] "GET /ticket2/opencms/nl/sport/voetbal-tickets/premier_league/arsenal/ HTTP/1.1" 200 93118
192.99.36.61 - - [07/Mar/2025:03:27:11 +0100] "GET /ticket2/opencms/dk/sv/buy/?page=1&edid=3ABB49E1-D37A-AB42-B430-1287E5A59D8D&sortorder=desc&column=section HTTP/1.1" 404 -
66.249.76.169 - - [07/Mar/2025:03:27:11 +0100] "GET /ticket2/opencms/el/buy/?page=1&edid=CE3DD33A-7186-3BFF-79C5-A0B5274832DB HTTP/1.1" 200 112255
114.119.151.50 - - [07/Mar/2025:03:27:15 +0100] "GET /ticket2/opencms/ru/buy/?page=1&edid=0390C1BB-1C34-F3DE-8CA6-221938AC41C0 HTTP/1.1" 200 109571
47.128.32.88 - - [07/Mar/2025:03:27:16 +0100] "GET /ticket2/opencms/sl/buy/?edid=42E8617D-7ECE-B375-F977-D5B4ED32BE05 HTTP/1.1" 200 91587
217.182.175.38 - - [07/Mar/2025:03:27:17 +0100] "GET /ticket2/opencms/dk/dk/buy/?page=1&edid=11A49E69-EBA2-59C6-D214-0F928A95A29D&sortorder=desc&column=price HTTP/1.1" 404 -
95.217.114.173 - - [07/Mar/2025:03:27:17 +0100] "GET /ticket2/opencms/fi/buy/?page=1&edid=371F6801-0748-6950-3EE6-EBCD0BD873DE HTTP/1.1" 200 111009
192.99.36.61 - - [07/Mar/2025:03:27:18 +0100] "GET /ticket2/opencms/dk/sv/buy/?page=1&edid=3BC77E2F-6D26-3F5D-044C-7B0FB014699E&sortorder=asc&column=section HTTP/1.1" 404 -
85.208.96.205 - - [07/Mar/2025:03:27:20 +0100] "GET /ticket2/opencms/nl/magazine/article?title=ontdek-la-liga-live-koop-tickets-op-ticket2 HTTP/1.1" 200 92254
185.191.171.4 - - [07/Mar/2025:03:27:23 +0100] "GET /ticket2/opencms/pl/magazine/article?title=kylian-mbappe-do-realu-madryt HTTP/1.1" 200 93230
95.217.114.173 - - [07/Mar/2025:03:27:24 +0100] "GET /ticket2/opencms/fi/buy/?page=1&edid=3724421D-8712-70E6-408D-D3669BC23C72 HTTP/1.1" 200 112271
217.182.175.38 - - [07/Mar/2025:03:27:24 +0100] "GET /ticket2/opencms/dk/dk/buy/?page=1&edid=24B0C902-6FB7-7278-965E-8EF0FF240741&sortorder=asc&column=price HTTP/1.1" 404 -
192.99.36.61 - - [07/Mar/2025:03:27:28 +0100] "GET /ticket2/opencms/dk/sv/buy/?page=1&edid=3C0F40BA-E681-E9C3-E631-F5DA03305327&sortorder=desc&column=price HTTP/1.1" 404 -
185.191.171.17 - - [07/Mar/2025:03:27:28 +0100] "GET /ticket2/opencms/tb/opencms/en/archive/events/fulham/ HTTP/1.1" 404 -
66.249.74.3 - - [07/Mar/2025:03:27:30 +0100] "GET /ticket2/opencms/az/magazine/article?title=crystal-palace-premier-league-in-en-yaxsi-azarkesleri HTTP/1.1" 200 94849
185.191.171.3 - - [07/Mar/2025:03:27:31 +0100] "GET /ticket2/opencms/ro/magazine/article?title=nou-contract-pentru-archie-gray-18-ani HTTP/1.1" 200 91847
95.217.114.173 - - [07/Mar/2025:03:27:31 +0100] "GET /ticket2/opencms/fi/buy/?page=1&edid=37290F85-261E-D695-C070-BB16E9E0472D HTTP/1.1" 200 111048
114.119.159.237 - - [07/Mar/2025:03:27:31 +0100] "GET /ticket2/opencms/es/buy/?page=1&edid=06DFD1FD-C998-D215-F69E-5752E4CF3A89 HTTP/1.1" 200 108625
217.182.175.38 - - [07/Mar/2025:03:27:31 +0100] "GET /ticket2/opencms/dk/dk/buy/?page=1&edid=265739E8-98B0-BF90-E2FA-F880C59D272B&sortorder=desc&column=section HTTP/1.1" 404 -
66.249.74.2 - - [07/Mar/2025:03:27:31 +0100] "GET /ticket2/opencms/fi/magazine/article?title=vaikuttava-ottelu-jossa-ruotsalainen-kulusevski-jatkaa-toimittamista HTTP/1.1" 200 94848
66.249.76.1 - - [07/Mar/2025:03:27:34 +0100] "GET /ticket2/opencms/lt/magazine/article?title=perejimas-i-meksikos-rayados HTTP/1.1" 200 94848
192.99.36.61 - - [07/Mar/2025:03:27:35 +0100] "GET /ticket2/opencms/dk/sv/buy/?page=1&edid=3C0F40BA-E681-E9C3-E631-F5DA03305327&sortorder=desc&column=row HTTP/1.1" 404 -
95.217.114.173 - - [07/Mar/2025:03:27:37 +0100] "GET /ticket2/opencms/fi/buy/?page=1&edid=372A0FFC-4AB9-A697-1800-A9D190BDD83C HTTP/1.1" 200 111620
217.182.175.38 - - [07/Mar/2025:03:27:38 +0100] "GET /ticket2/opencms/dk/dk/buy/?page=1&edid=2D8BABEA-B463-12A2-E630-9585FD2F3F33&sortorder=desc&column=section HTTP/1.1" 404 -
40.77.167.7 - - [07/Mar/2025:03:27:40 +0100] "GET /ticket2/opencms/hr/buy?page=1&edid=38B8C558-DD1D-6008-21F8-CA8931E9D013 HTTP/1.1" 200 108588
40.77.167.7 - - [07/Mar/2025:03:27:41 +0100] "GET /ticket2/opencms/sv/buy?page=1&edid=93736088-ECE7-725F-5EA3-C6E7817A383E HTTP/1.1" 200 111493
114.119.136.30 - - [07/Mar/2025:03:27:41 +0100] "GET /ticket2/opencms/cs/buy?page=1&=9C3FBEB2-CCB3-9F79-44C9-9F6EAA5B9D4B HTTP/1.1" 200 -
95.217.114.173 - - [07/Mar/2025:03:27:42 +0100] "GET /ticket2/opencms/fi/buy/?page=1&edid=3737C9BB-2ABA-73BF-A966-103E5576001C HTTP/1.1" 200 110715
192.99.36.61 - - [07/Mar/2025:03:27:42 +0100] "GET /ticket2/opencms/dk/sv/buy/?page=1&edid=3C0F40BA-E681-E9C3-E631-F5DA03305327&sortorder=desc&column=section HTTP/1.1" 404 -
20.171.207.36 - - [07/Mar/2025:03:27:44 +0100] "GET /ticket2/opencms/ga/sport/ticeid-peile/champions-league/dynamo-kyiv HTTP/1.1" 500 -
217.182.175.38 - - [07/Mar/2025:03:27:45 +0100] "GET /ticket2/opencms/dk/dk/buy/?page=1&edid=3549536B-5431-B4B9-9C70-24B661A63E68&sortorder=asc&column=row HTTP/1.1" 404 -
47.128.117.208 - - [07/Mar/2025:03:27:47 +0100] "GET /ticket2/opencms/fi/buy/?catid=0A6C99D2-F5BD-7A18-9A5F-5668827042E0&comcatid=A17713B6-D984-201A-4143-ED4DB5ED5C2E&eventid=04745230-C0F0-DC87-23F9-862A2DFE2F25&page=6 HTTP/1.1" 200 113676
95.217.114.173 - - [07/Mar/2025:03:27:49 +0100] "GET /ticket2/opencms/fi/buy/?page=1&edid=37380B2C-E618-0540-419D-D41F0C1EB3BB HTTP/1.1" 200 111455
192.99.36.61 - - [07/Mar/2025:03:27:49 +0100] "GET /ticket2/opencms/dk/sv/buy/?page=1&edid=3E257DE0-0B8D-4DA4-DFD7-1A0533F4A423&sortorder=asc&column=row HTTP/1.1" 404 -
217.182.175.38 - - [07/Mar/2025:03:27:53 +0100] "GET /ticket2/opencms/dk/dk/buy/?page=1&edid=399E20D2-D6C6-17F4-9377-4D7D8F4272F3&sortorder=desc&column=row HTTP/1.1" 404 -
114.119.131.180 - - [07/Mar/2025:03:27:54 +0100] "GET /ticket2/opencms/ru/buy/?page=1&edid=0AF722C7-398C-BD7F-56C9-079824699138 HTTP/1.1" 200 109102
95.217.114.173 - - [07/Mar/2025:03:27:54 +0100] "GET /ticket2/opencms/fi/buy/?page=1&edid=37482F50-B95C-A510-B78C-2DC507E76C77 HTTP/1.1" 200 111467
173.252.87.112 - - [07/Mar/2025:03:27:54 +0100] "GET /ticket2/opencms/de/sport/fussball-tickets/champions-league/dortmund HTTP/1.1" 500 -
85.208.96.195 - - [07/Mar/2025:03:27:56 +0100] "GET /ticket2/opencms/robots.txt HTTP/1.1" 200 773
85.208.96.209 - - [07/Mar/2025:03:27:57 +0100] "GET /ticket2/opencms/hu/magazine/article?title=lucas-bergvall-az-uj-david-beckham HTTP/1.1" 200 94108
192.99.36.61 - - [07/Mar/2025:03:27:57 +0100] "GET /ticket2/opencms/dk/sv/buy/?page=1&edid=3E2F6837-CCFC-9284-0235-725D2AA31D66&sortorder=desc&column=price HTTP/1.1" 404 -
95.217.114.173 - - [07/Mar/2025:03:27:58 +0100] "GET /ticket2/opencms/fi/buy/?page=1&edid=374A2A73-5047-F779-C8C9-36E25A66B890 HTTP/1.1" 200 108473
217.182.175.38 - - [07/Mar/2025:03:28:00 +0100] "GET /ticket2/opencms/dk/dk/buy/?page=1&edid=3BBD975B-CD80-19CD-39B3-6B02A79DC4AD HTTP/1.1" 404 -
192.99.36.61 - - [07/Mar/2025:03:28:05 +0100] "GET /ticket2/opencms/dk/sv/buy/?page=1&edid=3E2F6837-CCFC-9284-0235-725D2AA31D66&sortorder=desc&column=row HTTP/1.1" 404 -
95.217.114.173 - - [07/Mar/2025:03:28:05 +0100] "GET /ticket2/opencms/fi/buy/?page=1&edid=3754A801-0360-9F1A-6DA4-BE3220BB9FC0 HTTP/1.1" 200 111348
185.191.171.4 - - [07/Mar/2025:03:28:06 +0100] "GET /ticket2/opencms/uk/sport/kvytky-na-futbol/serie-a/juventus/ HTTP/1.1" 200 102094
217.182.175.38 - - [07/Mar/2025:03:28:07 +0100] "GET /ticket2/opencms/dk/dk/buy/?page=1&edid=3BBD975B-CD80-19CD-39B3-6B02A79DC4AD&sortorder=desc&column=price HTTP/1.1" 404 -
85.208.96.203 - - [07/Mar/2025:03:28:07 +0100] "GET /ticket2/opencms/de/faq/ HTTP/1.1" 200 91675
114.119.150.22 - - [07/Mar/2025:03:28:10 +0100] "GET /ticket2/opencms/en/buy/?page=1&edid=E3B46C02-527F-BFED-1199-3D6C38556545 HTTP/1.1" 200 110553
192.99.36.61 - - [07/Mar/2025:03:28:11 +0100] "GET /ticket2/opencms/dk/sv/buy/?page=1&edid=3E2F6837-CCFC-9284-0235-725D2AA31D66&sortorder=desc&column=section HTTP/1.1" 404 -
95.217.114.173 - - [07/Mar/2025:03:28:13 +0100] "GET /ticket2/opencms/fi/buy/?page=1&edid=375FABE1-6816-9C9D-9480-DF76DB2054A0 HTTP/1.1" 200 111432
66.249.76.167 - - [07/Mar/2025:03:28:13 +0100] "GET /ticket2/opencms/fi/magazine/article?title=manchester-city-riskii-putoamisen HTTP/1.1" 200 92628
217.182.175.38 - - [07/Mar/2025:03:28:15 +0100] "GET /ticket2/opencms/dk/dk/buy/?page=1&edid=3F3A734D-4382-40A1-90C1-DDCABA9E878B&sortorder=asc&column=row HTTP/1.1" 404 -
192.99.36.61 - - [07/Mar/2025:03:28:18 +0100] "GET /ticket2/opencms/dk/sv/buy/?page=1&edid=3F1A6C2B-B2D9-7835-161A-4AFE62C39C77&sortorder=desc&column=row HTTP/1.1" 404 -
66.249.65.196 - - [07/Mar/2025:03:28:19 +0100] "GET /ticket2/opencms/fi/urheilu/jalkapallo/premier_league/manchester_united HTTP/1.1" 200 100465
95.217.114.173 - - [07/Mar/2025:03:28:20 +0100] "GET /ticket2/opencms/fi/buy/?page=1&edid=37799B2B-8518-5A90-56C3-3D3AAACD58AB HTTP/1.1" 200 110797
114.119.155.118 - - [07/Mar/2025:03:28:22 +0100] "GET /ticket2/opencms/en/buy/?page=1&edid=A34637F6-A2D0-912E-26B6-F992C4C5FF72 HTTP/1.1" 200 110381
217.182.175.38 - - [07/Mar/2025:03:28:23 +0100] "GET /ticket2/opencms/dk/dk/buy/?page=1&edid=3F6B6B17-F159-59CA-9275-25779C692B45&sortorder=asc&column=price HTTP/1.1" 404 -
192.99.36.61 - - [07/Mar/2025:03:28:25 +0100] "GET /ticket2/opencms/dk/sv/buy/?page=1&edid=3F1A6C2B-B2D9-7835-161A-4AFE62C39C77&sortorder=desc&column=section HTTP/1.1" 404 -
95.217.114.173 - - [07/Mar/2025:03:28:30 +0100] "GET /ticket2/opencms/fi/buy/?page=1&edid=37A62C7A-4F64-DC1D-29D1-D3D9E8F83CB5 HTTP/1.1" 200 110578
217.182.175.38 - - [07/Mar/2025:03:28:30 +0100] "GET /ticket2/opencms/dk/dk/buy/?page=1&edid=4057E8A8-6B66-DEE6-87A2-EA5D65CE2004&sortorder=asc&column=section HTTP/1.1" 404 -
192.99.36.61 - - [07/Mar/2025:03:28:31 +0100] "GET /ticket2/opencms/dk/sv/buy/?page=1&edid=3F3A734D-4382-40A1-90C1-DDCABA9E878B&sortorder=desc&column=price HTTP/1.1" 404 -
114.119.136.30 - - [07/Mar/2025:03:28:36 +0100] "GET /ticket2/opencms/cs/buy?page=1&=5595A96D-9F00-CDE0-D156-0165E9F7FC70 HTTP/1.1" 200 -
40.77.167.254 - - [07/Mar/2025:03:28:36 +0100] "GET /ticket2/opencms/mt/buy/?page=1&edid=467AD8BD-9746-1FC6-18BE-8BFA3E2345DF HTTP/1.1" 200 108859
66.249.74.3 - - [07/Mar/2025:03:28:37 +0100] "GET /ticket2/opencms/it/magazine/article/ HTTP/1.1" 200 89127
95.217.114.173 - - [07/Mar/2025:03:28:37 +0100] "GET /ticket2/opencms/fi/buy/?page=1&edid=37CCBCCA-CDAD-6DBB-02E4-092F4F3842E9 HTTP/1.1" 200 111803
217.182.175.38 - - [07/Mar/2025:03:28:37 +0100] "GET /ticket2/opencms/dk/dk/buy/?page=1&edid=41BEA64D-1BA5-5F3A-682B-157416A5458B&sortorder=desc&column=row HTTP/1.1" 404 -
192.99.36.61 - - [07/Mar/2025:03:28:39 +0100] "GET /ticket2/opencms/dk/sv/buy/?page=1&edid=3F3A734D-4382-40A1-90C1-DDCABA9E878B&sortorder=desc&column=section HTTP/1.1" 404 -
40.77.167.7 - - [07/Mar/2025:03:28:41 +0100] "GET /ticket2/opencms/nl/buy/?page=6&comcatid=A17713B6-D984-201A-4143-ED4DB5ED5C2E&catid=D08E96E8-A514-9E09-4E22-63713911E0B8 HTTP/1.1" 200 101963
95.217.114.173 - - [07/Mar/2025:03:28:41 +0100] "GET /ticket2/opencms/fi/buy/?page=1&edid=380A647D-D09F-827D-7B94-EB033087B198 HTTP/1.1" 200 112258
66.220.149.20 - - [07/Mar/2025:03:28:42 +0100] "GET /ticket2/opencms/cs/buy?page=1&edid=382200F9-A319-F215-14F8-C7B4677A39A9 HTTP/1.1" 200 108779
20.171.207.36 - - [07/Mar/2025:03:28:43 +0100] "GET /ticket2/opencms/sk/sport/futbalove-listky/premier-league/west-ham HTTP/1.1" 404 -
217.182.175.38 - - [07/Mar/2025:03:28:44 +0100] "GET /ticket2/opencms/dk/dk/buy/?page=1&edid=42B4FA5E-16E8-1BBB-7074-4F94B4A8F703&sortorder=asc&column=section HTTP/1.1" 404 -
95.217.114.173 - - [07/Mar/2025:03:28:46 +0100] "GET /ticket2/opencms/fi/buy/?page=1&edid=381DD8CC-712A-5B07-5994-8E1FD053F48A HTTP/1.1" 200 111154
173.252.107.112 - - [07/Mar/2025:03:28:47 +0100] "GET /ticket2/opencms/cs/sport/fotbalove-listky/la-liga/real_betis/ HTTP/1.1" 200 102450
192.99.36.61 - - [07/Mar/2025:03:28:47 +0100] "GET /ticket2/opencms/dk/sv/buy/?page=1&edid=3F822738-BD55-10B1-3185-42149CD278B9&sortorder=desc&column=row HTTP/1.1" 404 -
185.191.171.5 - - [07/Mar/2025:03:28:49 +0100] "GET /ticket2/opencms/el/athlitismos/eisitiria-podosfairou/serie-a/frosinone HTTP/1.1" 500 -
40.77.167.7 - - [07/Mar/2025:03:28:50 +0100] "GET /ticket2/opencms/ka/buy?page=1&edid=FA6F95C7-9080-870C-723D-76629BBF54DD HTTP/1.1" 200 118125
18.199.90.122 - - [07/Mar/2025:03:28:50 +0100] "HEAD /ticket2/opencms/en/buy?page=1&edid=A2A4078E-C8E8-C113-199B-69C1FEB231B0 HTTP/1.1" 200 -
18.199.90.122 - - [07/Mar/2025:03:28:51 +0100] "GET /ticket2/opencms/en/buy?page=1&edid=A2A4078E-C8E8-C113-199B-69C1FEB231B0 HTTP/1.1" 200 133741
95.217.114.173 - - [07/Mar/2025:03:28:51 +0100] "GET /ticket2/opencms/fi/buy/?page=1&edid=3830122A-8C0B-09CA-A7F9-62032F84F3E5 HTTP/1.1" 200 111175
217.182.175.38 - - [07/Mar/2025:03:28:52 +0100] "GET /ticket2/opencms/dk/dk/buy/?page=1&edid=437F7F57-119B-3C88-4AE1-DB313FC6EF55&sortorder=asc&column=price HTTP/1.1" 404 -
192.99.36.61 - - [07/Mar/2025:03:28:54 +0100] "GET /ticket2/opencms/dk/sv/buy/?page=1&edid=3FBB7D7B-D75F-7C1C-78F5-08C145E9FDB1&sortorder=asc&column=price HTTP/1.1" 404 -
114.119.152.134 - - [07/Mar/2025:03:28:55 +0100] "GET /ticket2/opencms/pl/buy/?comcatid=A17713B6-D984-201A-4143-ED4DB5ED5C2E HTTP/1.1" 200 261184
114.119.140.111 - - [07/Mar/2025:03:28:56 +0100] "GET /ticket2/opencms/en/venue/?venueid=734040E5-A24F-A3CB-551E-29ED256DF723 HTTP/1.1" 200 85410
85.208.96.203 - - [07/Mar/2025:03:28:58 +0100] "GET /ticket2/opencms/mo/magazine/article?title=manchester-city-7 HTTP/1.1" 200 96716
95.217.114.173 - - [07/Mar/2025:03:28:58 +0100] "GET /ticket2/opencms/fi/buy/?page=1&edid=383B78D7-9494-2298-4876-E7F35CEDFAD4 HTTP/1.1" 200 111071
217.182.175.38 - - [07/Mar/2025:03:28:59 +0100] "GET /ticket2/opencms/dk/dk/buy/?page=1&edid=4707B237-2172-6DED-7054-CEC9CFBB0C66&sortorder=asc&column=price HTTP/1.1" 404 -
194.120.230.215 - - [07/Mar/2025:03:29:00 +0100] "GET /ticket2/opencms/de/cgi-bin/luci/;stok=/locale HTTP/1.1" 404 -
40.77.167.7 - - [07/Mar/2025:03:29:00 +0100] "GET /ticket2/opencms/lt/buy/?page=1&edid=91822FE2-DE87-A84A-2822-E8AA69FE74C1 HTTP/1.1" 200 108802
192.99.36.61 - - [07/Mar/2025:03:29:01 +0100] "GET /ticket2/opencms/dk/sv/buy/?page=1&edid=3FBB7D7B-D75F-7C1C-78F5-08C145E9FDB1&sortorder=desc&column=row HTTP/1.1" 404 -
95.217.114.173 - - [07/Mar/2025:03:29:05 +0100] "GET /ticket2/opencms/fi/buy/?page=1&edid=38840956-EFC1-54B2-1AFC-CD9DE095FCE8 HTTP/1.1" 200 108426
217.182.175.38 - - [07/Mar/2025:03:29:06 +0100] "GET /ticket2/opencms/dk/dk/buy/?page=1&edid=4733CC89-BE57-D0F5-4043-F4F18330B564&sortorder=desc&column=row HTTP/1.1" 404 -
192.99.36.61 - - [07/Mar/2025:03:29:08 +0100] "GET /ticket2/opencms/dk/sv/buy/?page=1&edid=3FBB7D7B-D75F-7C1C-78F5-08C145E9FDB1&sortorder=desc&column=section HTTP/1.1" 404 -
95.217.114.173 - - [07/Mar/2025:03:29:10 +0100] "GET /ticket2/opencms/fi/buy/?page=1&edid=38AEE53A-EA89-0B18-C3E4-E60D1C3A4BDA HTTP/1.1" 200 111689
85.208.96.205 - - [07/Mar/2025:03:29:10 +0100] "GET /ticket2/opencms/fr/sport/billets-football/la_liga/celta_vigo HTTP/1.1" 200 102584
114.119.150.86 - - [07/Mar/2025:03:29:13 +0100] "GET /ticket2/opencms/bs/buy?page=1&=3F245B75-1DCF-320F-93F3-D63AC2E239C1 HTTP/1.1" 200 -
217.182.175.38 - - [07/Mar/2025:03:29:14 +0100] "GET /ticket2/opencms/dk/dk/buy/?page=1&edid=4733CC89-BE57-D0F5-4043-F4F18330B564&sortorder=desc&column=section HTTP/1.1" 404 -
192.99.36.61 - - [07/Mar/2025:03:29:14 +0100] "GET /ticket2/opencms/dk/sv/buy/?page=1&edid=40274787-4880-2FAF-9245-ACEA41C493B4&sortorder=asc&column=price HTTP/1.1" 404 -
47.128.51.210 - - [07/Mar/2025:03:29:15 +0100] "GET /ticket2/opencms/hr/?comcatid=B41CCF2B-5558-7AEE-3602-09BBDE417D65 HTTP/1.1" 200 105618
85.208.96.195 - - [07/Mar/2025:03:29:16 +0100] "GET /ticket2/opencms/robots.txt HTTP/1.1" 200 773
185.191.171.17 - - [07/Mar/2025:03:29:17 +0100] "GET /ticket2/opencms/no/magazine/article?title=newcastle-upon-tyne HTTP/1.1" 200 92182
95.217.114.173 - - [07/Mar/2025:03:29:17 +0100] "GET /ticket2/opencms/fi/buy/?page=1&edid=38E52D71-F4B2-A667-B8F5-6488BFA2E9AD HTTP/1.1" 200 108520
114.119.131.180 - - [07/Mar/2025:03:29:18 +0100] "GET /ticket2/opencms/ru/buy/?comcatid=A17713B6-D984-201A-4143-ED4DB5ED5C2E&catid&npage=1 HTTP/1.1" 200 261457
185.191.171.9 - - [07/Mar/2025:03:29:18 +0100] "GET /ticket2/opencms/sk/magazine/article?title=desat-zapasov-z-toho-devat-vitazstiev HTTP/1.1" 200 92914
217.182.175.38 - - [07/Mar/2025:03:29:21 +0100] "GET /ticket2/opencms/dk/dk/buy/?page=1&edid=4767511A-7A13-FE82-852A-E42C79A7D688&sortorder=asc&column=price HTTP/1.1" 404 -
192.99.36.61 - - [07/Mar/2025:03:29:21 +0100] "GET /ticket2/opencms/dk/sv/buy/?page=1&edid=40274787-4880-2FAF-9245-ACEA41C493B4&sortorder=asc&column=row HTTP/1.1" 404 -
185.191.171.3 - - [07/Mar/2025:03:29:21 +0100] "GET /ticket2/opencms/lt/sport/futbolo-bilietai/english-championship/watford/ HTTP/1.1" 500 -
185.191.171.4 - - [07/Mar/2025:03:29:22 +0100] "GET /ticket2/opencms/fi/search.html?searchQuery=Colorado%2BAvalanche HTTP/1.1" 200 98518
95.217.114.173 - - [07/Mar/2025:03:29:22 +0100] "GET /ticket2/opencms/fi/buy/?page=1&edid=39083131-8632-F8DF-B271-1D574322B64F HTTP/1.1" 200 108374
192.99.36.61 - - [07/Mar/2025:03:29:28 +0100] "GET /ticket2/opencms/dk/sv/buy/?page=1&edid=40274787-4880-2FAF-9245-ACEA41C493B4&sortorder=asc&column=section HTTP/1.1" 404 -
95.217.114.173 - - [07/Mar/2025:03:29:28 +0100] "GET /ticket2/opencms/fi/buy/?page=1&edid=39168B9C-E36E-857F-42A1-E431E428BADA HTTP/1.1" 200 111012
217.182.175.38 - - [07/Mar/2025:03:29:28 +0100] "GET /ticket2/opencms/dk/dk/buy/?page=1&edid=4767511A-7A13-FE82-852A-E42C79A7D688&sortorder=asc&column=row HTTP/1.1" 404 -
66.249.76.168 - - [07/Mar/2025:03:29:30 +0100] "GET /ticket2/opencms/sq/magazine/article?title=viktor-gyokeres-tek-manchester-united HTTP/1.1" 200 93542
85.208.96.198 - - [07/Mar/2025:03:29:30 +0100] "GET /ticket2/opencms/el/magazine/article?title=kristiano-ronalnto HTTP/1.1" 200 97073
52.167.144.218 - - [07/Mar/2025:03:29:34 +0100] "GET /ticket2/opencms/it/magazine/article?title=please-provide-the-text-you-would-like-to-have-translated-into-italian HTTP/1.1" 200 93542
114.119.130.91 - - [07/Mar/2025:03:29:34 +0100] "GET /ticket2/opencms/en/buy/?page=1&edid=E1965183-0A48-4447-AB23-0EA8BEA65874 HTTP/1.1" 200 110153
47.128.127.195 - - [07/Mar/2025:03:29:35 +0100] "GET /ticket2/opencms/is/buy/?edid=490A3EB7-122E-45F6-B34E-808127A7B906 HTTP/1.1" 200 91518
192.99.36.61 - - [07/Mar/2025:03:29:35 +0100] "GET /ticket2/opencms/dk/sv/buy/?page=1&edid=40274787-4880-2FAF-9245-ACEA41C493B4&sortorder=desc&column=section HTTP/1.1" 404 -
52.167.144.192 - - [07/Mar/2025:03:29:35 +0100] "GET /ticket2/opencms/hu/buy?page=1&edid=3EF40FD0-EAD7-50C1-053D-AADF897D5FB0 HTTP/1.1" 200 108828
66.249.65.195 - - [07/Mar/2025:03:29:35 +0100] "GET /ticket2/opencms/bg/sport/futbolni-bileti/champions-league/manchester-city HTTP/1.1" 500 -
217.182.175.38 - - [07/Mar/2025:03:29:35 +0100] "GET /ticket2/opencms/dk/dk/buy/?page=1&edid=47C5221C-D928-A354-3BAB-DBCEA1F436C4&sortorder=asc&column=price HTTP/1.1" 404 -
95.217.114.173 - - [07/Mar/2025:03:29:36 +0100] "GET /ticket2/opencms/fi/buy/?page=1&edid=391E8F77-0345-E2F5-869C-543F72982348 HTTP/1.1" 200 110992
66.249.65.195 - - [07/Mar/2025:03:29:36 +0100] "GET /ticket2/opencms/is/sport/fotbolti/ligue-1/paris-saint-germain HTTP/1.1" 500 -
185.191.171.16 - - [07/Mar/2025:03:29:36 +0100] "GET /ticket2/opencms/sv/magazine/article?title=andra-plats-andra-aret-i-rad HTTP/1.1" 200 89365
95.217.114.173 - - [07/Mar/2025:03:29:42 +0100] "GET /ticket2/opencms/fi/buy/?page=1&edid=3950061E-10D0-1370-F4D5-47E1041A5F57 HTTP/1.1" 200 111784
217.182.175.38 - - [07/Mar/2025:03:29:42 +0100] "GET /ticket2/opencms/dk/dk/buy/?page=1&edid=47C5221C-D928-A354-3BAB-DBCEA1F436C4&sortorder=asc&column=row HTTP/1.1" 404 -
192.99.36.61 - - [07/Mar/2025:03:29:42 +0100] "GET /ticket2/opencms/dk/sv/buy/?page=1&edid=412FDB60-9870-0CA3-D6DE-428EE343A262&sortorder=desc&column=price HTTP/1.1" 404 -
85.208.96.196 - - [07/Mar/2025:03:29:46 +0100] "GET /ticket2/opencms/it/sport/biglietti-calcio/english-championship/sunderland/ HTTP/1.1" 500 -
54.36.149.101 - - [07/Mar/2025:03:29:46 +0100] "GET /ticket2/opencms/no/sport/fotballsbilletter/la_liga/mallorca/ HTTP/1.1" 200 98790
40.77.167.254 - - [07/Mar/2025:03:29:47 +0100] "GET /ticket2/opencms/ro/buy/?page=1&edid=62CBCFCE-73FC-4032-B8DE-55B860E31698 HTTP/1.1" 200 108971
20.171.207.36 - - [07/Mar/2025:03:29:47 +0100] "GET /ticket2/opencms/sr/sport/fudbalske-karte/champions-league/arsenal HTTP/1.1" 404 -
185.191.171.8 - - [07/Mar/2025:03:29:47 +0100] "GET /ticket2/opencms/fi/search.html?searchQuery=edmonton%2Boilers&submit.x=0&submit.y=0 HTTP/1.1" 200 98912
40.77.167.254 - - [07/Mar/2025:03:29:47 +0100] "GET /ticket2/opencms/hy/buy?page=1&edid=38AEE53A-EA89-0B18-C3E4-E60D1C3A4BDA HTTP/1.1" 404 -
114.119.153.152 - - [07/Mar/2025:03:29:48 +0100] "GET /ticket2/opencms/be/buy?page=1&edid=29E9F2D8-9DB7-1D0F-D367-7A346F6698E3 HTTP/1.1" 200 113397
114.119.139.202 - - [07/Mar/2025:03:29:48 +0100] "GET /ticket2/opencms/it/about/contact/ HTTP/1.1" 200 89407
192.99.36.61 - - [07/Mar/2025:03:29:49 +0100] "GET /ticket2/opencms/dk/sv/buy/?page=1&edid=412FDB60-9870-0CA3-D6DE-428EE343A262&sortorder=desc&column=row HTTP/1.1" 404 -
217.182.175.38 - - [07/Mar/2025:03:29:50 +0100] "GET /ticket2/opencms/dk/dk/buy/?page=1&edid=47D4702F-48AA-DF69-B934-17BA6AAC0460&sortorder=desc&column=price HTTP/1.1" 404 -
95.217.114.173 - - [07/Mar/2025:03:29:50 +0100] "GET /ticket2/opencms/fi/buy/?page=1&edid=399D5857-E3F3-B9C2-E01C-0D17705EC245 HTTP/1.1" 200 111065
192.99.36.61 - - [07/Mar/2025:03:29:56 +0100] "GET /ticket2/opencms/dk/sv/buy/?page=1&edid=412FDB60-9870-0CA3-D6DE-428EE343A262&sortorder=desc&column=section HTTP/1.1" 404 -
95.217.114.173 - - [07/Mar/2025:03:29:56 +0100] "GET /ticket2/opencms/fi/buy/?page=1&edid=39B3FDFE-605F-AB33-1E1E-D42ECC2DB323 HTTP/1.1" 200 111562
217.182.175.38 - - [07/Mar/2025:03:29:57 +0100] "GET /ticket2/opencms/dk/dk/buy/?page=1&edid=47D4702F-48AA-DF69-B934-17BA6AAC0460&sortorder=desc&column=section HTTP/1.1" 404 -
3.69.27.119 - - [07/Mar/2025:03:29:58 +0100] "GET /ticket2/opencms/en/ HTTP/1.1" 200 103659
95.217.114.173 - - [07/Mar/2025:03:30:01 +0100] "GET /ticket2/opencms/fi/buy/?page=1&edid=39CE18F1-523A-9D20-B500-C2DA07819EFF HTTP/1.1" 200 111166
192.99.36.61 - - [07/Mar/2025:03:30:03 +0100] "GET /ticket2/opencms/dk/sv/buy/?page=1&edid=413316C1-341C-FAC4-7C06-164A881E9743 HTTP/1.1" 404 -
185.191.171.12 - - [07/Mar/2025:03:30:05 +0100] "GET /ticket2/opencms/dk/sport/fodboldbilletter/bundesliga/wolfsburg/ HTTP/1.1" 500 -
85.208.96.203 - - [07/Mar/2025:03:30:05 +0100] "GET /ticket2/opencms/it/magazine/article?title=villa-park-con-una-capacita-di-oltre-42000-spettatori HTTP/1.1" 200 92301
95.217.114.173 - - [07/Mar/2025:03:30:06 +0100] "GET /ticket2/opencms/fi/buy/?page=1&edid=39E08466-3157-8796-4667-43E78BDCCF55 HTTP/1.1" 200 112101
40.77.167.254 - - [07/Mar/2025:03:30:08 +0100] "GET /ticket2/opencms/hr/buy/?page=1&edid=96B9A105-F32B-ABB0-A0C5-02A5402C313A HTTP/1.1" 200 108612
217.182.175.38 - - [07/Mar/2025:03:30:08 +0100] "GET /ticket2/opencms/dk/dk/buy/?page=1&edid=47EAF487-CAC8-F299-35A2-B620095260CC&sortorder=asc&column=section HTTP/1.1" 404 -
185.191.171.4 - - [07/Mar/2025:03:30:08 +0100] "GET /ticket2/opencms/az/magazine/article?title=arsenal-liverpoola-yaxinlasir HTTP/1.1" 200 93219
192.99.36.61 - - [07/Mar/2025:03:30:10 +0100] "GET /ticket2/opencms/dk/sv/buy/?page=1&edid=413316C1-341C-FAC4-7C06-164A881E9743&sortorder=desc&column=price HTTP/1.1" 404 -
95.217.114.173 - - [07/Mar/2025:03:30:12 +0100] "GET /ticket2/opencms/fi/buy/?page=1&edid=3A0CF5B2-91E7-D746-AACF-C2240A7CE5B4 HTTP/1.1" 200 111621
217.182.175.38 - - [07/Mar/2025:03:30:15 +0100] "GET /ticket2/opencms/dk/dk/buy/?page=1&edid=47EAF487-CAC8-F299-35A2-B620095260CC&sortorder=desc&column=price HTTP/1.1" 404 -
192.99.36.61 - - [07/Mar/2025:03:30:16 +0100] "GET /ticket2/opencms/dk/sv/buy/?page=1&edid=413316C1-341C-FAC4-7C06-164A881E9743&sortorder=desc&column=row HTTP/1.1" 404 -
95.217.114.173 - - [07/Mar/2025:03:30:19 +0100] "GET /ticket2/opencms/fi/buy/?page=1&edid=3A110332-FE13-BFF7-BBB7-371F88615FD0 HTTP/1.1" 200 110961
217.182.175.38 - - [07/Mar/2025:03:30:22 +0100] "GET /ticket2/opencms/dk/dk/buy/?page=1&edid=47F132D7-ED44-6182-A4BB-A6671EF2E9E5 HTTP/1.1" 404 -
114.119.130.23 - - [07/Mar/2025:03:30:22 +0100] "GET /ticket2/opencms/en/venue/?venueid=668FA348-5F37-61C1-5A07-66229040EC65 HTTP/1.1" 200 85379
192.99.36.61 - - [07/Mar/2025:03:30:23 +0100] "GET /ticket2/opencms/dk/sv/buy/?page=1&edid=413316C1-341C-FAC4-7C06-164A881E9743&sortorder=desc&column=section HTTP/1.1" 404 -
95.217.114.173 - - [07/Mar/2025:03:30:24 +0100] "GET /ticket2/opencms/fi/buy/?page=1&edid=3A112EC8-7546-89A9-6CF8-1988F07DBDBE HTTP/1.1" 200 111671
173.252.87.4 - - [07/Mar/2025:03:30:25 +0100] "GET /ticket2/opencms/de/sport/fussball-tickets/serie_a/bologna/ HTTP/1.1" 500 -
185.191.171.14 - - [07/Mar/2025:03:30:25 +0100] "GET /ticket2/opencms/robots.txt HTTP/1.1" 200 773
185.191.171.12 - - [07/Mar/2025:03:30:27 +0100] "GET /ticket2/opencms/mt/magazine/article?title=michail-antonio-wea-wara-inident-bil-karozza HTTP/1.1" 200 93677
185.191.171.12 - - [07/Mar/2025:03:30:27 +0100] "GET /ticket2/opencms/it/magazine/article?title=jurgen-klopp-lascia-il-liverpool-una-favola-di-successo-ad-anfield HTTP/1.1" 200 96322
217.182.175.38 - - [07/Mar/2025:03:30:29 +0100] "GET /ticket2/opencms/dk/dk/buy/?page=1&edid=4826A287-E992-0C32-C836-2BE23EC4A7E1 HTTP/1.1" 404 -
192.99.36.61 - - [07/Mar/2025:03:30:30 +0100] "GET /ticket2/opencms/dk/sv/buy/?page=1&edid=437F7F57-119B-3C88-4AE1-DB313FC6EF55&sortorder=asc&column=price HTTP/1.1" 404 -
95.217.114.173 - - [07/Mar/2025:03:30:33 +0100] "GET /ticket2/opencms/fi/buy/?page=1&edid=3A113BA6-0F4C-889C-CC91-8E29F25F6706 HTTP/1.1" 200 110608
217.182.175.38 - - [07/Mar/2025:03:30:36 +0100] "GET /ticket2/opencms/dk/dk/buy/?page=1&edid=4843A1B1-5DFE-6325-FBD6-98BB977A514A&sortorder=desc&column=section HTTP/1.1" 404 -
185.191.171.11 - - [07/Mar/2025:03:30:36 +0100] "GET /ticket2/opencms/sk/magazine/article?title=chelsea-proti-tottenhamu-2-0 HTTP/1.1" 200 94190
192.99.36.61 - - [07/Mar/2025:03:30:37 +0100] "GET /ticket2/opencms/dk/sv/buy/?page=1&edid=437F7F57-119B-3C88-4AE1-DB313FC6EF55&sortorder=asc&column=section HTTP/1.1" 404 -
66.249.65.237 - - [07/Mar/2025:03:30:37 +0100] "GET /ticket2/opencms/ga/buy?page=1&edid=66C22035-E7EA-E10A-4BFC-2C30733037DC HTTP/1.1" 200 136681
66.249.76.169 - - [07/Mar/2025:03:30:38 +0100] "GET /ticket2/opencms/is/sport/fotbolti/premier-league/west-ham HTTP/1.1" 404 -
95.217.114.173 - - [07/Mar/2025:03:30:39 +0100] "GET /ticket2/opencms/fi/buy/?page=1&edid=3A2C20BD-B176-205A-D392-221F9F943892 HTTP/1.1" 200 111062
47.128.47.169 - - [07/Mar/2025:03:30:40 +0100] "GET /ticket2/opencms/ga/magazine/article?title=luton HTTP/1.1" 200 92986
40.77.167.79 - - [07/Mar/2025:03:30:41 +0100] "GET /ticket2/opencms/dk/buy?page=1&edid=3289C097-2261-9433-8644-DF033A9EE354 HTTP/1.1" 200 139572
114.119.136.30 - - [07/Mar/2025:03:30:41 +0100] "GET /ticket2/opencms/az/buy?page=1&edid=6E2D7CB4-12E0-AD72-BA3F-A5F3489E3A5B HTTP/1.1" 200 112912
85.208.96.193 - - [07/Mar/2025:03:30:41 +0100] "GET /ticket2/opencms/et/sport/jalgpallipiletid/english-championship/huddersfield-town HTTP/1.1" 404 -
217.182.175.38 - - [07/Mar/2025:03:30:43 +0100] "GET /ticket2/opencms/dk/dk/buy/?page=1&edid=616E0307-EF5A-C0BC-E2E4-858595D5400D&sortorder=desc&column=section HTTP/1.1" 404 -
192.99.36.61 - - [07/Mar/2025:03:30:44 +0100] "GET /ticket2/opencms/dk/sv/buy/?page=1&edid=4457AAA5-B79C-4CFF-795B-48A1890E4376&sortorder=asc&column=section HTTP/1.1" 404 -
47.128.47.169 - - [07/Mar/2025:03:30:44 +0100] "GET /ticket2/opencms/img/luton_pic.jpg HTTP/1.1" 200 1215162
95.217.114.173 - - [07/Mar/2025:03:30:45 +0100] "GET /ticket2/opencms/fi/buy/?page=1&edid=3A37BCE8-6529-D527-7A05-B4A6F4329BC8 HTTP/1.1" 200 111219
85.208.96.212 - - [07/Mar/2025:03:30:45 +0100] "GET /ticket2/opencms/sq/magazine/article?title=michail-antonio-i-lenduar-pas-aksidentit-me-makine HTTP/1.1" 200 94493
114.119.154.13 - - [07/Mar/2025:03:30:48 +0100] "GET /ticket2/opencms/en/venue/?countryid=3074CB3F-D378-D1B1-5E17-3ED6547AC5E1 HTTP/1.1" 200 114727
85.208.96.197 - - [07/Mar/2025:03:30:48 +0100] "GET /ticket2/opencms/it/magazine/article?title=calendario-delle-partite-della-premier-league-premier-league-fixtures-20242025 HTTP/1.1" 200 92795
217.182.175.38 - - [07/Mar/2025:03:30:49 +0100] "GET /ticket2/opencms/dk/dk/buy/?page=1&edid=63198291-7B51-5C06-A4B8-F136F690F083&sortorder=desc&column=section HTTP/1.1" 404 -
192.99.36.61 - - [07/Mar/2025:03:30:51 +0100] "GET /ticket2/opencms/dk/sv/buy/?page=1&edid=44971AE9-5124-1C58-6B99-DC530ED3B88F&sortorder=asc&column=price HTTP/1.1" 404 -
20.171.207.36 - - [07/Mar/2025:03:30:52 +0100] "GET /ticket2/opencms/sk/sport/futbalove-listky/champions-league/arsenal HTTP/1.1" 404 -
95.217.114.173 - - [07/Mar/2025:03:30:54 +0100] "GET /ticket2/opencms/fi/buy/?page=1&edid=3A4D2CA5-2B56-3E29-4EDC-D306A4664520 HTTP/1.1" 200 111802
217.182.175.38 - - [07/Mar/2025:03:30:56 +0100] "GET /ticket2/opencms/dk/dk/buy/?page=1&edid=6326CAFF-362E-A99E-6697-584B7A2696A0&sortorder=asc&column=row HTTP/1.1" 404 -
114.119.130.91 - - [07/Mar/2025:03:30:59 +0100] "GET /ticket2/opencms/en/buy/?page=1&edid=E13803E2-464F-8EAD-9DB0-209A5E87E23E HTTP/1.1" 200 106743
192.99.36.61 - - [07/Mar/2025:03:31:01 +0100] "GET /ticket2/opencms/dk/sv/buy/?page=1&edid=44F4C9F9-5112-7CAE-9B3C-DC669A3F4679&sortorder=asc&column=section HTTP/1.1" 404 -
47.128.58.4 - - [07/Mar/2025:03:31:02 +0100] "GET /ticket2/opencms/sv/sport/fotbollsbiljetter/la_liga/almeria/ HTTP/1.1" 500 -
95.217.114.173 - - [07/Mar/2025:03:31:02 +0100] "GET /ticket2/opencms/fi/buy/?page=1&edid=3A59B299-F29E-669F-D8D0-FA3EC5F2E5B3 HTTP/1.1" 200 111635
47.128.98.243 - - [07/Mar/2025:03:31:07 +0100] "GET /ticket2/opencms/fi/venue/?venueid=205AE9EF-F1A4-58AB-6496-028A3EA231DB HTTP/1.1" 200 87059
185.191.171.11 - - [07/Mar/2025:03:31:07 +0100] "GET /ticket2/opencms/fi/urheilu/jalkapallo/ligue_1/nice/ HTTP/1.1" 404 -
192.99.36.61 - - [07/Mar/2025:03:31:08 +0100] "GET /ticket2/opencms/dk/sv/buy/?page=1&edid=457A4AFF-A6EF-C071-9DEF-1F13C05D6B21&sortorder=asc&column=price HTTP/1.1" 404 -
95.217.114.173 - - [07/Mar/2025:03:31:08 +0100] "GET /ticket2/opencms/fi/buy/?page=1&edid=3A5DF028-980C-D59A-1107-8DAC66680633 HTTP/1.1" 200 111655
217.182.175.38 - - [07/Mar/2025:03:31:08 +0100] "GET /ticket2/opencms/dk/dk/buy/?page=1&edid=633F01D0-5A5C-9D0B-88C4-F93446CDE176&sortorder=asc&column=row HTTP/1.1" 404 -
47.128.98.243 - - [07/Mar/2025:03:31:09 +0100] "GET /ticket2/opencms/system/galleries/pics/st_pauli.png HTTP/1.1" 200 152270
114.119.130.154 - - [07/Mar/2025:03:31:10 +0100] "GET /ticket2/opencms/az/buy?page=1&edid=6E0E607E-1672-92ED-4ADC-66D609CB45A8 HTTP/1.1" 200 111636
66.220.149.113 - - [07/Mar/2025:03:31:13 +0100] "GET /ticket2/opencms/de/sport/fussball-tickets/bundesliga/borussia-dortmund HTTP/1.1" 200 101782
192.99.36.61 - - [07/Mar/2025:03:31:15 +0100] "GET /ticket2/opencms/dk/sv/buy/?page=1&edid=46734271-901E-98C7-732C-5B62B085A633&sortorder=asc&column=section HTTP/1.1" 404 -
217.182.175.38 - - [07/Mar/2025:03:31:15 +0100] "GET /ticket2/opencms/dk/dk/buy/?page=1&edid=633F01D0-5A5C-9D0B-88C4-F93446CDE176&sortorder=asc&column=section HTTP/1.1" 404 -
95.217.114.173 - - [07/Mar/2025:03:31:16 +0100] "GET /ticket2/opencms/fi/buy/?page=1&edid=3A85009F-4B19-76F7-2AAC-B26C4616B175 HTTP/1.1" 200 108388
217.182.175.38 - - [07/Mar/2025:03:31:22 +0100] "GET /ticket2/opencms/dk/dk/buy/?page=1&edid=635AA585-25E7-8B92-FFF5-B98A8D491D6C&sortorder=asc&column=row HTTP/1.1" 404 -
192.99.36.61 - - [07/Mar/2025:03:31:22 +0100] "GET /ticket2/opencms/dk/sv/buy/?page=1&edid=46734271-901E-98C7-732C-5B62B085A633&sortorder=desc&column=price HTTP/1.1" 404 -
85.208.96.194 - - [07/Mar/2025:03:31:23 +0100] "GET /ticket2/opencms/fi/urheilu/jalkapallo/la-liga/ HTTP/1.1" 200 98687
95.217.114.173 - - [07/Mar/2025:03:31:24 +0100] "GET /ticket2/opencms/fi/buy/?page=1&edid=3A964659-3C4E-1817-B8A9-9E7BABEABD62 HTTP/1.1" 200 112388
185.191.171.5 - - [07/Mar/2025:03:31:25 +0100] "GET /ticket2/opencms/ga/magazine/article?title=emirates-stadium-en-knikn-ffo HTTP/1.1" 200 97562
192.99.36.61 - - [07/Mar/2025:03:31:28 +0100] "GET /ticket2/opencms/dk/sv/buy/?page=1&edid=46734271-901E-98C7-732C-5B62B085A633&sortorder=desc&column=row HTTP/1.1" 404 -
