2.71.50.205 - - [07/Mar/2025:02:58:49 +0100] "GET /ticket2/opencms/system/modules/com.gridnine.opencms.ticketbrokerage.site/resources/js/calendar.js HTTP/1.1" 200 49229
2.71.50.205 - - [07/Mar/2025:02:58:49 +0100] "GET /ticket2/opencms/system/modules/com.gridnine.opencms.ticketbrokerage.site/resources/js/stickyfill.min.js HTTP/1.1" 200 5672
2.71.50.205 - - [07/Mar/2025:02:58:49 +0100] "GET /ticket2/opencms/system/modules/com.gridnine.opencms.ticketbrokerage.site/resources/js/calendar-setup.js HTTP/1.1" 200 4923
2.71.50.205 - - [07/Mar/2025:02:58:49 +0100] "GET /ticket2/opencms/system/modules/com.gridnine.opencms.ticketbrokerage.site/resources/js/jquery.fancybox.pack.js HTTP/1.1" 200 23187
2.71.50.205 - - [07/Mar/2025:02:58:49 +0100] "GET /ticket2/opencms/img/icons/en.png HTTP/1.1" 200 2415
2.71.50.205 - - [07/Mar/2025:02:58:49 +0100] "GET /ticket2/opencms/img/icons/se.png HTTP/1.1" 200 1258
2.71.50.205 - - [07/Mar/2025:02:58:49 +0100] "GET /ticket2/opencms/system/modules/com.gridnine.opencms.ticketbrokerage.site/resources/js/standard.js HTTP/1.1" 200 3983
2.71.50.205 - - [07/Mar/2025:02:58:49 +0100] "GET /ticket2/opencms/system/modules/com.gridnine.opencms.ticketbrokerage.site/resources/js/jquery.placeholder.min.js HTTP/1.1" 200 1737
2.71.50.205 - - [07/Mar/2025:02:58:49 +0100] "GET /ticket2/opencms/system/modules/com.gridnine.opencms.ticketbrokerage.site/resources/js/common-ajax.js HTTP/1.1" 200 20175
2.71.50.205 - - [07/Mar/2025:02:58:49 +0100] "GET /ticket2/opencms/img/icons/no.png HTTP/1.1" 200 1958
2.71.50.205 - - [07/Mar/2025:02:58:49 +0100] "GET /ticket2/opencms/img/icons/fi.png HTTP/1.1" 200 1785
2.71.50.205 - - [07/Mar/2025:02:58:49 +0100] "GET /ticket2/opencms/img/fb.png HTTP/1.1" 200 1269
2.71.50.205 - - [07/Mar/2025:02:58:49 +0100] "GET /ticket2/opencms/img/insta.png HTTP/1.1" 200 3967
2.71.50.205 - - [07/Mar/2025:02:58:49 +0100] "GET /ticket2/opencms/system/modules/com.gridnine.opencms.ticketbrokerage.site/resources/pics/banners/sv/football_sv.png HTTP/1.1" 200 13104
2.71.50.205 - - [07/Mar/2025:02:58:49 +0100] "GET /ticket2/opencms/system/modules/com.gridnine.opencms.ticketbrokerage.site/resources/pics/logo-new.png HTTP/1.1" 200 13541
2.71.50.205 - - [07/Mar/2025:02:58:49 +0100] "GET /ticket2/opencms/system/modules/com.gridnine.opencms.ticketbrokerage.site/resources/pics/footer-img.jpg HTTP/1.1" 200 67642
2.71.50.205 - - [07/Mar/2025:02:58:49 +0100] "GET /ticket2/opencms/img/check.png HTTP/1.1" 200 548
2.71.50.205 - - [07/Mar/2025:02:58:49 +0100] "GET /ticket2/opencms/img/mail.png HTTP/1.1" 200 403
2.71.50.205 - - [07/Mar/2025:02:58:49 +0100] "GET /ticket2/opencms/img/chat.png HTTP/1.1" 200 416
2.71.50.205 - - [07/Mar/2025:02:58:49 +0100] "GET /ticket2/opencms/img/arrow.png HTTP/1.1" 200 753
2.71.50.205 - - [07/Mar/2025:02:58:50 +0100] "GET /ticket2/opencms/img/icons/no.png HTTP/1.1" 200 1958
2.71.50.205 - - [07/Mar/2025:02:58:50 +0100] "GET /ticket2/opencms/img/icons/fi.png HTTP/1.1" 200 1785
2.71.50.205 - - [07/Mar/2025:02:58:50 +0100] "GET /ticket2/opencms/img/icons/nl.png HTTP/1.1" 200 1255
2.71.50.205 - - [07/Mar/2025:02:58:50 +0100] "GET /ticket2/opencms/img/icons/dk.png HTTP/1.1" 200 1706
2.71.50.205 - - [07/Mar/2025:02:58:50 +0100] "GET /ticket2/opencms/img/icons/globe-white.png HTTP/1.1" 200 947
2.71.50.205 - - [07/Mar/2025:02:58:50 +0100] "GET /ticket2/opencms/img/icons/de.png HTTP/1.1" 200 1124
2.71.50.205 - - [07/Mar/2025:02:58:50 +0100] "GET /ticket2/opencms/img/icons/fr.png HTTP/1.1" 200 1764
2.71.50.205 - - [07/Mar/2025:02:58:50 +0100] "GET /ticket2/opencms/img/icons/es.png HTTP/1.1" 200 1005
2.71.50.205 - - [07/Mar/2025:02:58:50 +0100] "GET /ticket2/opencms/img/icons/sq.png HTTP/1.1" 200 1619
2.71.50.205 - - [07/Mar/2025:02:58:50 +0100] "GET /ticket2/opencms/img/icons/az.png HTTP/1.1" 200 1445
2.71.50.205 - - [07/Mar/2025:02:58:50 +0100] "GET /ticket2/opencms/img/icons/it.png HTTP/1.1" 200 2040
2.71.50.205 - - [07/Mar/2025:02:58:50 +0100] "GET /ticket2/opencms/img/icons/pl.png HTTP/1.1" 200 1578
2.71.50.205 - - [07/Mar/2025:02:58:51 +0100] "GET /ticket2/opencms/img/icons/be.png HTTP/1.1" 200 1663
2.71.50.205 - - [07/Mar/2025:02:58:51 +0100] "GET /ticket2/opencms/img/icons/bs.png HTTP/1.1" 200 1014
2.71.50.205 - - [07/Mar/2025:02:58:51 +0100] "GET /ticket2/opencms/img/icons/hr.png HTTP/1.1" 200 2024
2.71.50.205 - - [07/Mar/2025:02:58:51 +0100] "GET /ticket2/opencms/img/icons/bg.png HTTP/1.1" 200 788
2.71.50.205 - - [07/Mar/2025:02:58:51 +0100] "GET /ticket2/opencms/img/icons/cs.png HTTP/1.1" 200 1883
2.71.50.205 - - [07/Mar/2025:02:58:51 +0100] "GET /ticket2/opencms/img/icons/et.png HTTP/1.1" 200 754
2.71.50.205 - - [07/Mar/2025:02:58:51 +0100] "GET /ticket2/opencms/img/icons/ka.png HTTP/1.1" 200 860
2.71.50.205 - - [07/Mar/2025:02:58:51 +0100] "GET /ticket2/opencms/img/icons/el.png HTTP/1.1" 200 1637
40.77.167.116 - - [07/Mar/2025:02:58:51 +0100] "GET /ticket2/opencms/is/buy?page=1&edid=8002875D-E399-25EC-C7DC-8B3FB3E1B048 HTTP/1.1" 200 111964
2.71.50.205 - - [07/Mar/2025:02:58:51 +0100] "GET /ticket2/opencms/img/icons/is.png HTTP/1.1" 200 1884
2.71.50.205 - - [07/Mar/2025:02:58:51 +0100] "GET /ticket2/opencms/img/icons/ga.png HTTP/1.1" 200 1759
2.71.50.205 - - [07/Mar/2025:02:58:51 +0100] "GET /ticket2/opencms/img/icons/hu.png HTTP/1.1" 200 733
2.71.50.205 - - [07/Mar/2025:02:58:51 +0100] "GET /ticket2/opencms/img/icons/lv.png HTTP/1.1" 200 716
2.71.50.205 - - [07/Mar/2025:02:58:51 +0100] "GET /ticket2/opencms/img/icons/lt.png HTTP/1.1" 200 733
2.71.50.205 - - [07/Mar/2025:02:58:51 +0100] "GET /ticket2/opencms/img/icons/mt.png HTTP/1.1" 200 920
2.71.50.205 - - [07/Mar/2025:02:58:51 +0100] "GET /ticket2/opencms/img/icons/mo.png HTTP/1.1" 200 1468
2.71.50.205 - - [07/Mar/2025:02:58:51 +0100] "GET /ticket2/opencms/img/icons/sk.png HTTP/1.1" 200 1283
2.71.50.205 - - [07/Mar/2025:02:58:51 +0100] "GET /ticket2/opencms/img/icons/ro.png HTTP/1.1" 200 1393
2.71.50.205 - - [07/Mar/2025:02:58:51 +0100] "GET /ticket2/opencms/img/icons/sr.png HTTP/1.1" 200 1602
2.71.50.205 - - [07/Mar/2025:02:58:51 +0100] "GET /ticket2/opencms/img/icons/sl.png HTTP/1.1" 200 966
2.71.50.205 - - [07/Mar/2025:02:58:51 +0100] "GET /ticket2/opencms/img/icons/uk.png HTTP/1.1" 200 1272
2.71.50.205 - - [07/Mar/2025:02:58:51 +0100] "GET /ticket2/opencms/img/icons/tr.png HTTP/1.1" 200 1636
192.99.35.94 - - [07/Mar/2025:02:58:51 +0100] "GET /ticket2/opencms/en/venue/?venueid=8F226E17-13FE-CC18-B0C6-2591DA99778F HTTP/1.1" 200 85324
95.217.114.173 - - [07/Mar/2025:02:58:51 +0100] "GET /ticket2/opencms/fi/buy/?page=1&edid=1C36F885-B0DA-599D-85B2-4A2C8FCB715F HTTP/1.1" 200 110640
2.71.50.205 - - [07/Mar/2025:02:58:52 +0100] "GET /ticket2/opencms/system/modules/com.gridnine.opencms.ticketbrokerage.site/resources/js/standard.js HTTP/1.1" 200 3983
2.71.50.205 - - [07/Mar/2025:02:58:52 +0100] "GET /ticket2/opencms/img/icons/ticket2.thumbnail.png HTTP/1.1" 200 21519
40.77.167.9 - - [07/Mar/2025:02:58:55 +0100] "GET /ticket2/opencms/tr/buy/?page=1&edid=0241D08A-A885-DD1A-F234-099E565AB7B3 HTTP/1.1" 200 108800
114.119.145.123 - - [07/Mar/2025:02:58:56 +0100] "GET /ticket2/opencms/es/magazine/article?title=lionel-messi HTTP/1.1" 200 94011
192.99.35.94 - - [07/Mar/2025:02:58:56 +0100] "GET /ticket2/opencms/en/venue/?venueid=9105DCA9-DA89-4D98-8EC3-D0773C34A12F HTTP/1.1" 200 85358
40.77.167.9 - - [07/Mar/2025:02:58:56 +0100] "GET /ticket2/opencms/mo/buy?page=1&edid=7E5949EF-95A5-3BC5-902F-4262D7088F1B HTTP/1.1" 200 108723
95.217.114.173 - - [07/Mar/2025:02:58:58 +0100] "GET /ticket2/opencms/fi/buy/?page=1&edid=1C4D0063-1C0C-2AAD-17F9-0EF25E36554C HTTP/1.1" 200 111683
66.249.65.33 - - [07/Mar/2025:02:58:59 +0100] "GET /ticket2/opencms/sv/affiliateprogram HTTP/1.1" 200 86993
114.119.130.154 - - [07/Mar/2025:02:59:00 +0100] "GET /ticket2/opencms/az/buy?page=1&edid=939FCE8D-90FF-C6DA-8BEE-B4E9DB00F993 HTTP/1.1" 200 111787
40.77.167.9 - - [07/Mar/2025:02:59:00 +0100] "GET /ticket2/opencms/ga/buy/?page=1&edid=E5EF9377-5B91-6B93-FCE0-C5E2E0DD63D6 HTTP/1.1" 200 109132
192.99.35.94 - - [07/Mar/2025:02:59:00 +0100] "GET /ticket2/opencms/en/venue/?venueid=912F0069-B2C0-0AC0-F2EF-4265D10E9B2C HTTP/1.1" 200 85311
47.128.113.190 - - [07/Mar/2025:02:59:02 +0100] "GET /ticket2/opencms/sv/sport/fotbollsbiljetter/capital_one_cup/capital_one_cup.html HTTP/1.1" 200 88176
2.71.50.205 - - [07/Mar/2025:02:59:02 +0100] "GET /ticket2/opencms/sv/search.html?searchQuery=Manchester+United+&submit= HTTP/1.1" 200 107127
2.71.50.205 - - [07/Mar/2025:02:59:02 +0100] "GET /ticket2/opencms/system/modules/com.gridnine.opencms.ticketbrokerage.site/resources/css/calendar.css HTTP/1.1" 200 6871
2.71.50.205 - - [07/Mar/2025:02:59:02 +0100] "GET /ticket2/opencms/system/modules/com.gridnine.opencms.ticketbrokerage.site/resources/css/ticketbrokerage.css HTTP/1.1" 200 39339
2.71.50.205 - - [07/Mar/2025:02:59:02 +0100] "GET /ticket2/opencms/system/modules/com.gridnine.opencms.ticketbrokerage.site/resources/css/standard.css HTTP/1.1" 200 74449
2.71.50.205 - - [07/Mar/2025:02:59:02 +0100] "GET /ticket2/opencms/system/modules/com.gridnine.opencms.ticketbrokerage.site/resources/js/functions.js HTTP/1.1" 200 1583
2.71.50.205 - - [07/Mar/2025:02:59:02 +0100] "GET /ticket2/opencms/system/modules/com.gridnine.opencms.ticketbrokerage.site/resources/js/calendar.js HTTP/1.1" 200 49229
2.71.50.205 - - [07/Mar/2025:02:59:02 +0100] "GET /ticket2/opencms/system/modules/com.gridnine.opencms.ticketbrokerage.site/resources/js/calendar-en.js HTTP/1.1" 200 3338
2.71.50.205 - - [07/Mar/2025:02:59:02 +0100] "GET /ticket2/opencms/system/modules/com.gridnine.opencms.ticketbrokerage.site/resources/js/standard.js HTTP/1.1" 200 3983
2.71.50.205 - - [07/Mar/2025:02:59:02 +0100] "GET /ticket2/opencms/system/modules/com.gridnine.opencms.ticketbrokerage.site/resources/js/calendar-setup.js HTTP/1.1" 200 4923
2.71.50.205 - - [07/Mar/2025:02:59:03 +0100] "GET /ticket2/opencms/system/modules/com.gridnine.opencms.ticketbrokerage.site/resources/pics/bank_1_nordea.png HTTP/1.1" 200 4807
2.71.50.205 - - [07/Mar/2025:02:59:03 +0100] "GET /ticket2/opencms/system/modules/com.gridnine.opencms.ticketbrokerage.site/resources/pics/bank_5_visa_mastercard.png HTTP/1.1" 200 8196
2.71.50.205 - - [07/Mar/2025:02:59:03 +0100] "GET /ticket2/opencms/system/modules/com.gridnine.opencms.ticketbrokerage.site/resources/pics/bank_4_seb.png HTTP/1.1" 200 2487
2.71.50.205 - - [07/Mar/2025:02:59:03 +0100] "GET /ticket2/opencms/system/modules/com.gridnine.opencms.ticketbrokerage.site/resources/pics/bank_2_handelsbanken.png HTTP/1.1" 200 4509
2.71.50.205 - - [07/Mar/2025:02:59:03 +0100] "GET /ticket2/opencms/system/modules/com.gridnine.opencms.ticketbrokerage.site/resources/pics/bank_3_swedbank.png HTTP/1.1" 200 5740
2.71.50.205 - - [07/Mar/2025:02:59:03 +0100] "GET /ticket2/opencms/sv/ask-form.html HTTP/1.1" 200 2950
2.71.50.205 - - [07/Mar/2025:02:59:03 +0100] "GET /ticket2/opencms/system/modules/com.gridnine.opencms.ticketbrokerage.site/resources/pics/bank_6_american_express.png HTTP/1.1" 200 5570
2.71.50.205 - - [07/Mar/2025:02:59:03 +0100] "GET /ticket2/opencms/system/modules/com.gridnine.opencms.ticketbrokerage.site/resources/css/images/ui-bg_flat_75_ffffff_40x100.png HTTP/1.1" 404 -
2.71.50.205 - - [07/Mar/2025:02:59:03 +0100] "GET /ticket2/opencms/system/modules/com.gridnine.opencms.ticketbrokerage.site/resources/pics/arrow.gif HTTP/1.1" 200 344
2.71.50.205 - - [07/Mar/2025:02:59:03 +0100] "GET /ticket2/opencms/system/modules/com.gridnine.opencms.ticketbrokerage.site/resources/css/ticketbrokerage.css HTTP/1.1" 200 39339
2.71.50.205 - - [07/Mar/2025:02:59:03 +0100] "GET /ticket2/opencms/system/modules/com.gridnine.opencms.ticketbrokerage.site/resources/pics/form_marker.gif HTTP/1.1" 200 43
2.71.50.205 - - [07/Mar/2025:02:59:03 +0100] "GET /ticket2/opencms/system/modules/com.gridnine.opencms.ticketbrokerage.site/resources/pics/button1_left.gif HTTP/1.1" 200 232
2.71.50.205 - - [07/Mar/2025:02:59:03 +0100] "GET /ticket2/opencms/system/modules/com.gridnine.opencms.ticketbrokerage.site/resources/pics/button1_right.gif HTTP/1.1" 200 232
2.71.50.205 - - [07/Mar/2025:02:59:03 +0100] "GET /ticket2/opencms/system/modules/com.gridnine.opencms.ticketbrokerage.site/resources/pics/button1_center.gif HTTP/1.1" 200 66
192.99.35.94 - - [07/Mar/2025:02:59:05 +0100] "GET /ticket2/opencms/en/venue/?venueid=924F6A71-B6FB-26C5-04CA-1B49F86B9FF1 HTTP/1.1" 200 85384
40.77.167.116 - - [07/Mar/2025:02:59:06 +0100] "GET /ticket2/opencms/ka/buy/?page=1&edid=FDD5D133-9F97-9AB4-1F94-3480DDAE2781 HTTP/1.1" 200 114294
192.99.35.94 - - [07/Mar/2025:02:59:09 +0100] "GET /ticket2/opencms/en/venue/?venueid=931B960B-87A9-7EDC-AD2E-1CCD2CDDC26D HTTP/1.1" 200 85302
185.191.171.12 - - [07/Mar/2025:02:59:09 +0100] "GET /ticket2/opencms/hu/lepjen-kapcsolatba-velunk/ HTTP/1.1" 200 89282
95.217.114.173 - - [07/Mar/2025:02:59:09 +0100] "GET /ticket2/opencms/fi/buy/?page=1&edid=1C57D46E-6939-E0A3-6942-91BB491B842E HTTP/1.1" 200 110468
66.249.76.8 - - [07/Mar/2025:02:59:10 +0100] "GET /ticket2/opencms/el/magazine/article?title=hmitelikos-gallia-enantion-ispania HTTP/1.1" 200 98030
20.171.207.36 - - [07/Mar/2025:02:59:12 +0100] "GET /ticket2/opencms/sq/sport/bileta-per-futboll HTTP/1.1" 500 -
192.99.35.94 - - [07/Mar/2025:02:59:13 +0100] "GET /ticket2/opencms/en/venue/?venueid=93DAAAF3-1B74-84EC-84B9-59E298EE51A3 HTTP/1.1" 200 85338
192.99.35.94 - - [07/Mar/2025:02:59:18 +0100] "GET /ticket2/opencms/en/venue/?venueid=950EE001-B436-52E3-8102-457AB519569A HTTP/1.1" 200 85327
2.71.50.205 - - [07/Mar/2025:02:59:18 +0100] "GET /ticket2/opencms/sv/buy/?page=1&edid=F1463EBE-6C18-CF49-B2AE-F79868BCA4F5 HTTP/1.1" 200 140331
2.71.50.205 - - [07/Mar/2025:02:59:18 +0100] "GET /ticket2/opencms/system/modules/com.gridnine.opencms.ticketbrokerage.site/resources/css/ticketbrokerage.css HTTP/1.1" 200 39339
2.71.50.205 - - [07/Mar/2025:02:59:18 +0100] "GET /ticket2/opencms/system/modules/com.gridnine.opencms.ticketbrokerage.site/resources/css/calendar.css HTTP/1.1" 200 6871
2.71.50.205 - - [07/Mar/2025:02:59:18 +0100] "GET /ticket2/opencms/system/modules/com.gridnine.opencms.ticketbrokerage.site/resources/css/standard.css HTTP/1.1" 200 74449
2.71.50.205 - - [07/Mar/2025:02:59:18 +0100] "GET /ticket2/opencms/system/modules/com.gridnine.opencms.ticketbrokerage.site/resources/js/functions.js HTTP/1.1" 200 1583
2.71.50.205 - - [07/Mar/2025:02:59:18 +0100] "GET /ticket2/opencms/system/modules/com.gridnine.opencms.ticketbrokerage.site/resources/js/calendar.js HTTP/1.1" 200 49229
2.71.50.205 - - [07/Mar/2025:02:59:18 +0100] "GET /ticket2/opencms/system/modules/com.gridnine.opencms.ticketbrokerage.site/resources/js/calendar-en.js HTTP/1.1" 200 3338
2.71.50.205 - - [07/Mar/2025:02:59:18 +0100] "GET /ticket2/opencms/system/modules/com.gridnine.opencms.ticketbrokerage.site/resources/js/calendar-setup.js HTTP/1.1" 200 4923
2.71.50.205 - - [07/Mar/2025:02:59:18 +0100] "GET /ticket2/opencms/system/modules/com.gridnine.opencms.ticketbrokerage.site/resources/js/standard.js HTTP/1.1" 200 3983
2.71.50.205 - - [07/Mar/2025:02:59:18 +0100] "GET /ticket2/opencms/venue/old_trafford.png HTTP/1.1" 200 89001
2.71.50.205 - - [07/Mar/2025:02:59:18 +0100] "GET /ticket2/opencms/system/modules/com.gridnine.opencms.ticketbrokerage.site/resources/pics/0.gif HTTP/1.1" 200 43
2.71.50.205 - - [07/Mar/2025:02:59:18 +0100] "GET /ticket2/opencms/system/modules/com.gridnine.opencms.ticketbrokerage.site/resources/pics/two_man.png HTTP/1.1" 200 3407
2.71.50.205 - - [07/Mar/2025:02:59:19 +0100] "GET /ticket2/opencms/system/modules/com.gridnine.opencms.ticketbrokerage.site/resources/pics/ticket_info_button.png HTTP/1.1" 200 3820
2.71.50.205 - - [07/Mar/2025:02:59:19 +0100] "GET /ticket2/opencms/sv/ask-form.html HTTP/1.1" 200 2950
2.71.50.205 - - [07/Mar/2025:02:59:19 +0100] "GET /ticket2/opencms/system/modules/com.gridnine.opencms.ticketbrokerage.site/resources/css/ticketbrokerage.css HTTP/1.1" 200 39339
2.71.50.205 - - [07/Mar/2025:02:59:19 +0100] "GET /ticket2/opencms/img/arrow-down.png HTTP/1.1" 200 192
95.217.114.173 - - [07/Mar/2025:02:59:21 +0100] "GET /ticket2/opencms/fi/buy/?page=1&edid=1C5A703A-8358-300E-42E9-531340E8D2C6 HTTP/1.1" 200 108409
192.99.35.94 - - [07/Mar/2025:02:59:22 +0100] "GET /ticket2/opencms/en/venue/?venueid=99BBDD03-B532-23A3-9D30-60E65F950CC5 HTTP/1.1" 200 85323
52.167.144.142 - - [07/Mar/2025:02:59:23 +0100] "GET /ticket2/opencms/bg/buy?page=1&edid=49FEC43E-3E83-185B-C185-BAAB3CE353B1 HTTP/1.1" 200 113243
52.167.144.142 - - [07/Mar/2025:02:59:24 +0100] "GET /ticket2/opencms/fr/buy?page=1&edid=9E6B40C5-4DED-B6A2-4412-16601F0EAAEF HTTP/1.1" 200 111050
192.99.35.94 - - [07/Mar/2025:02:59:27 +0100] "GET /ticket2/opencms/en/venue/?venueid=9BA72295-2DDF-9809-9F6B-30A7553066D1 HTTP/1.1" 200 85301
185.191.171.19 - - [07/Mar/2025:02:59:31 +0100] "GET /ticket2/opencms/et/magazine/article?title=lionel-messi-uks-koige-ihaldatumaid-talente-labi-aegade HTTP/1.1" 200 93936
192.99.35.94 - - [07/Mar/2025:02:59:31 +0100] "GET /ticket2/opencms/en/venue/?venueid=A003754C-3E1C-9E13-64E9-6F827A08D00B HTTP/1.1" 200 85276
95.217.114.173 - - [07/Mar/2025:02:59:32 +0100] "GET /ticket2/opencms/fi/buy/?page=1&edid=1C6C7307-F0C0-8D62-48A5-E1BE315A876A HTTP/1.1" 200 111069
114.119.130.61 - - [07/Mar/2025:02:59:32 +0100] "GET /ticket2/opencms/en/sell/?edid=3D5B375E-E3C1-ED96-5ADC-E32F0024FBA0 HTTP/1.1" 302 -
192.99.35.94 - - [07/Mar/2025:02:59:36 +0100] "GET /ticket2/opencms/en/venue/?venueid=AF7AB334-FB2A-404A-5CA9-FF51802C5A92 HTTP/1.1" 200 85384
173.252.87.9 - - [07/Mar/2025:02:59:36 +0100] "GET /ticket2/opencms/no/konsertbilletter/acdc/ HTTP/1.1" 200 89692
114.119.130.61 - - [07/Mar/2025:02:59:36 +0100] "GET /ticket2/opencms/en/login/?url=/en/sell/ HTTP/1.1" 200 90110
192.99.35.94 - - [07/Mar/2025:02:59:40 +0100] "GET /ticket2/opencms/en/venue/?venueid=B5425E3E-A83E-2358-1060-BB53AC7EEFC3 HTTP/1.1" 200 85317
95.217.114.173 - - [07/Mar/2025:02:59:43 +0100] "GET /ticket2/opencms/fi/buy/?page=1&edid=1C915206-ABF4-4EE6-0DB4-3CA1A47C2341 HTTP/1.1" 200 111474
47.128.51.183 - - [07/Mar/2025:02:59:43 +0100] "GET /ticket2/opencms/hu/buy/?edid=10597F35-2AC7-31D2-FB61-15A36BB6D73B HTTP/1.1" 200 91787
192.99.35.94 - - [07/Mar/2025:02:59:44 +0100] "GET /ticket2/opencms/en/venue/?venueid=B5F81AEB-3F90-FA50-5453-F474EEB5E0C1 HTTP/1.1" 200 85369
66.249.72.128 - - [07/Mar/2025:02:59:48 +0100] "GET /ticket2/opencms/uk/magazine/article/ HTTP/1.1" 200 89948
192.99.35.94 - - [07/Mar/2025:02:59:49 +0100] "GET /ticket2/opencms/en/venue/?venueid=B5F8506A-F94F-2596-19B1-8EAC93A69524 HTTP/1.1" 200 85337
114.119.141.206 - - [07/Mar/2025:02:59:49 +0100] "GET /ticket2/opencms/en/venue/?venueid=955ADC9C-78E1-F9EA-9BBA-CAE06CDA40D4 HTTP/1.1" 200 85316
52.167.144.156 - - [07/Mar/2025:02:59:49 +0100] "GET /ticket2/opencms/en/buy/?page=1&edid=9250B98C-3D5F-37E6-7B39-001C84B580C7 HTTP/1.1" 200 110112
66.249.76.8 - - [07/Mar/2025:02:59:50 +0100] "GET /ticket2/opencms/et/buy?page=1&edid=66C22035-E7EA-E10A-4BFC-2C30733037DC HTTP/1.1" 200 135961
95.217.114.173 - - [07/Mar/2025:02:59:52 +0100] "GET /ticket2/opencms/fi/buy/?page=1&edid=1CACEC5F-B994-32DD-19DD-67E5A3F13C44 HTTP/1.1" 200 108459
192.99.35.94 - - [07/Mar/2025:02:59:53 +0100] "GET /ticket2/opencms/en/venue/?venueid=B6FFF904-2AA1-1BEB-9F7A-E1A69E4D2AA1 HTTP/1.1" 200 85358
40.77.167.151 - - [07/Mar/2025:02:59:54 +0100] "GET /ticket2/opencms/fi/magazine/article?title=miten-manchester-unitedin-tulisi-kasitella-kriisia HTTP/1.1" 200 93179
47.128.61.84 - - [07/Mar/2025:02:59:55 +0100] "GET /ticket2/opencms/hr/magazine/sv/sport/fotbollsbiljetter/premier_league/liverpool/ HTTP/1.1" 404 -
40.77.167.116 - - [07/Mar/2025:02:59:55 +0100] "GET /ticket2/opencms/dk/buy?page=1&edid=8701DED9-C6C5-115C-9F7F-169A227BD7E2 HTTP/1.1" 200 107256
192.99.35.94 - - [07/Mar/2025:02:59:58 +0100] "GET /ticket2/opencms/en/venue/?venueid=B7E496D3-47D0-180C-FDEA-256FBD380F8B HTTP/1.1" 200 85472
20.171.207.36 - - [07/Mar/2025:02:59:59 +0100] "GET /ticket2/opencms/cs/sport/fotbalove-listky/fa-cup HTTP/1.1" 404 -
114.119.141.178 - - [07/Mar/2025:02:59:59 +0100] "GET /ticket2/opencms/az/buy?page=1&edid=9252AFA0-65A5-5406-DF68-FCF1AD67F3F1 HTTP/1.1" 200 111795
40.77.167.9 - - [07/Mar/2025:03:00:00 +0100] "GET /ticket2/opencms/lt/buy/?page=1&edid=9576732A-F5D5-F141-9D9C-CCA5D74DCCC4 HTTP/1.1" 200 111337
40.77.167.9 - - [07/Mar/2025:03:00:01 +0100] "GET /ticket2/opencms/de/buy?page=1&edid=8D1D6CEE-AFE2-1FB4-E378-1C71A0852032 HTTP/1.1" 200 108341
192.99.35.94 - - [07/Mar/2025:03:00:02 +0100] "GET /ticket2/opencms/en/venue/?venueid=B894268C-0147-908A-EB38-2DA2340DCC68 HTTP/1.1" 200 85494
95.217.114.173 - - [07/Mar/2025:03:00:04 +0100] "GET /ticket2/opencms/fi/buy/?page=1&edid=1CD2F4DD-3AA9-DD8C-76B2-3631EB8E917D HTTP/1.1" 200 112339
192.99.35.94 - - [07/Mar/2025:03:00:06 +0100] "GET /ticket2/opencms/en/venue/?venueid=B8C41EE7-7AF6-8871-AC03-F6E6E3E6DF47 HTTP/1.1" 200 85365
192.99.35.94 - - [07/Mar/2025:03:00:11 +0100] "GET /ticket2/opencms/en/venue/?venueid=B9A3249B-A407-83D8-700C-4E1EE9D257A8 HTTP/1.1" 200 85382
85.208.96.207 - - [07/Mar/2025:03:00:12 +0100] "GET /ticket2/opencms/de/magazine/article?title=champions-league-tickets-auf-ticket2 HTTP/1.1" 200 98095
52.167.144.142 - - [07/Mar/2025:03:00:13 +0100] "GET /ticket2/opencms/lt/buy?page=1&edid=72F5EE57-6737-2BB6-5B75-3DED7510D7EB HTTP/1.1" 200 108771
185.191.171.3 - - [07/Mar/2025:03:00:13 +0100] "GET /ticket2/opencms/it/magazine/article?title=puo-viktor-gyokeres-lasciare-lo-sporting-prima-del-previsto HTTP/1.1" 200 94015
85.208.96.212 - - [07/Mar/2025:03:00:14 +0100] "GET /ticket2/opencms/es/buying_tickets/ HTTP/1.1" 200 92090
192.99.35.94 - - [07/Mar/2025:03:00:15 +0100] "GET /ticket2/opencms/en/venue/?venueid=B9CBF21D-9B28-7AD2-F7DC-55BCA317CA29 HTTP/1.1" 200 85360
95.217.114.173 - - [07/Mar/2025:03:00:15 +0100] "GET /ticket2/opencms/fi/buy/?page=1&edid=1CD45B26-42BC-1DAA-4F00-6506E7EEA7FD HTTP/1.1" 200 108424
85.208.96.199 - - [07/Mar/2025:03:00:17 +0100] "GET /ticket2/opencms/no/handbook_seller/ HTTP/1.1" 200 94052
194.120.230.215 - - [07/Mar/2025:03:00:17 +0100] "GET /ticket2/opencms/de/cgi-bin/luci/;stok=/locale HTTP/1.1" 404 -
185.191.171.15 - - [07/Mar/2025:03:00:19 +0100] "GET /ticket2/opencms/ro/magazine/article?title=kylian-mbappe HTTP/1.1" 200 94201
192.99.35.94 - - [07/Mar/2025:03:00:20 +0100] "GET /ticket2/opencms/en/venue/?venueid=BA726E61-6088-DAC3-1BB7-35F85C751C16 HTTP/1.1" 200 85373
2.71.50.205 - - [07/Mar/2025:03:00:20 +0100] "GET /ticket2/opencms/sv/buy?page=2&sodvid=666c8071-de8c-4ca4-9590-6bcf0a01000f HTTP/1.1" 200 120105
2.71.50.205 - - [07/Mar/2025:03:00:20 +0100] "GET /ticket2/opencms/system/modules/com.gridnine.opencms.ticketbrokerage.site/resources/css/calendar.css HTTP/1.1" 200 6871
2.71.50.205 - - [07/Mar/2025:03:00:20 +0100] "GET /ticket2/opencms/system/modules/com.gridnine.opencms.ticketbrokerage.site/resources/css/ticketbrokerage.css HTTP/1.1" 200 39339
2.71.50.205 - - [07/Mar/2025:03:00:20 +0100] "GET /ticket2/opencms/system/modules/com.gridnine.opencms.ticketbrokerage.site/resources/css/standard.css HTTP/1.1" 200 74449
2.71.50.205 - - [07/Mar/2025:03:00:20 +0100] "GET /ticket2/opencms/system/modules/com.gridnine.opencms.ticketbrokerage.site/resources/js/functions.js HTTP/1.1" 200 1583
2.71.50.205 - - [07/Mar/2025:03:00:20 +0100] "GET /ticket2/opencms/system/modules/com.gridnine.opencms.ticketbrokerage.site/resources/js/calendar-en.js HTTP/1.1" 200 3338
2.71.50.205 - - [07/Mar/2025:03:00:20 +0100] "GET /ticket2/opencms/system/modules/com.gridnine.opencms.ticketbrokerage.site/resources/js/calendar.js HTTP/1.1" 200 49229
2.71.50.205 - - [07/Mar/2025:03:00:20 +0100] "GET /ticket2/opencms/system/modules/com.gridnine.opencms.ticketbrokerage.site/resources/js/calendar-setup.js HTTP/1.1" 200 4923
2.71.50.205 - - [07/Mar/2025:03:00:20 +0100] "GET /ticket2/opencms/system/modules/com.gridnine.opencms.ticketbrokerage.site/resources/js/standard.js HTTP/1.1" 200 3983
114.119.145.123 - - [07/Mar/2025:03:00:21 +0100] "GET /ticket2/opencms/es/magazine/article?title=liga-de-campeones-entradas-en-ticket2 HTTP/1.1" 200 98299
2.71.50.205 - - [07/Mar/2025:03:00:21 +0100] "GET /ticket2/opencms/img/icons/mk.png HTTP/1.1" 200 1405
2.71.50.205 - - [07/Mar/2025:03:00:21 +0100] "GET /ticket2/opencms/img/icons/hy.png HTTP/1.1" 200 1170
114.119.133.220 - - [07/Mar/2025:03:00:22 +0100] "GET /ticket2/opencms/en/buy/?page=1&edid=FF78E5AF-B575-E137-254B-7D951914395E HTTP/1.1" 200 110098
66.249.65.195 - - [07/Mar/2025:03:00:23 +0100] "GET /ticket2/opencms/et/sport/jalgpallipiletid/premier-league/chelsea HTTP/1.1" 200 101832
192.99.35.94 - - [07/Mar/2025:03:00:24 +0100] "GET /ticket2/opencms/en/venue/?venueid=BA793AD9-A454-8FFD-47A5-AE4980F853A5 HTTP/1.1" 200 85394
95.217.114.173 - - [07/Mar/2025:03:00:25 +0100] "GET /ticket2/opencms/fi/buy/?page=1&edid=1CEB7967-C20C-A921-EEEC-CF529EC1E8C1 HTTP/1.1" 200 111308
192.99.35.94 - - [07/Mar/2025:03:00:28 +0100] "GET /ticket2/opencms/en/venue/?venueid=BA7F5070-8E85-86F6-14CE-D436C8666BBE HTTP/1.1" 200 85251
66.249.76.167 - - [07/Mar/2025:03:00:30 +0100] "GET /ticket2/opencms/es/deporte/entradas-futbol/premier-league/west-ham HTTP/1.1" 404 -
95.217.114.173 - - [07/Mar/2025:03:00:32 +0100] "GET /ticket2/opencms/fi/buy/?page=1&edid=1D655237-217E-C5C5-21D7-85A16C37AFF4 HTTP/1.1" 200 110581
192.99.35.94 - - [07/Mar/2025:03:00:33 +0100] "GET /ticket2/opencms/en/venue/?venueid=BB4E41F7-ED8B-8F32-5D05-ADA090F513A1 HTTP/1.1" 200 85293
192.99.35.94 - - [07/Mar/2025:03:00:37 +0100] "GET /ticket2/opencms/en/venue/?venueid=BB4F9455-CDA6-66FB-561C-A3A9BC4EB96F HTTP/1.1" 200 85419
114.119.150.86 - - [07/Mar/2025:03:00:38 +0100] "GET /ticket2/opencms/az/buy?page=1&edid=91131440-6E9B-EF94-52C2-EDE415172430 HTTP/1.1" 200 112488
192.99.35.94 - - [07/Mar/2025:03:00:42 +0100] "GET /ticket2/opencms/en/venue/?venueid=BB60E449-528D-3AE9-B113-A6ED9AB7DBD0 HTTP/1.1" 200 85287
52.167.144.142 - - [07/Mar/2025:03:00:42 +0100] "GET /ticket2/opencms/system/modules/com.gridnine.opencms.ticketbrokerage.site/resources/pics/koptrygg_box_sv.png HTTP/1.1" 200 55130
95.217.114.173 - - [07/Mar/2025:03:00:43 +0100] "GET /ticket2/opencms/fi/buy/?page=1&edid=1D7E50D2-9B6E-4D35-719B-139DAFD527BF HTTP/1.1" 200 112285
192.99.35.94 - - [07/Mar/2025:03:00:46 +0100] "GET /ticket2/opencms/en/venue/?venueid=BB736B8D-452E-548C-9145-71E4BC7BD986 HTTP/1.1" 200 85315
114.119.154.81 - - [07/Mar/2025:03:00:47 +0100] "GET /ticket2/opencms/en/venue/?venueid=94B9F6FE-7443-D0F6-C2F4-D9C31A4AF293 HTTP/1.1" 200 85396
185.191.171.13 - - [07/Mar/2025:03:00:48 +0100] "GET /ticket2/opencms/cs/magazine/article?title=em-vysilani HTTP/1.1" 200 94781
95.217.114.173 - - [07/Mar/2025:03:00:50 +0100] "GET /ticket2/opencms/fi/buy/?page=1&edid=1D9CA4BE-FB3D-C126-7D02-F28EBE7434B9 HTTP/1.1" 200 111879
192.99.35.94 - - [07/Mar/2025:03:00:51 +0100] "GET /ticket2/opencms/en/venue/?venueid=BBEC82D1-C9A9-40E1-98A5-6357ECE4EFA5 HTTP/1.1" 200 85379
192.99.35.94 - - [07/Mar/2025:03:00:55 +0100] "GET /ticket2/opencms/en/venue/?venueid=BBFDFA62-30E5-0CF7-5C31-22BFF847E1A4 HTTP/1.1" 200 88603
192.99.35.94 - - [07/Mar/2025:03:01:00 +0100] "GET /ticket2/opencms/en/venue/?venueid=BC1A9CCA-795F-F200-591F-A9E7F125D0C8 HTTP/1.1" 200 85319
20.171.207.36 - - [07/Mar/2025:03:01:00 +0100] "GET /ticket2/opencms/cs/sport/fotbalove-listky/eredivisie HTTP/1.1" 500 -
95.217.114.173 - - [07/Mar/2025:03:01:03 +0100] "GET /ticket2/opencms/fi/buy/?page=1&edid=1DA488AB-9EEC-BDBF-9AEB-C7841A873692 HTTP/1.1" 200 110620
192.99.35.94 - - [07/Mar/2025:03:01:04 +0100] "GET /ticket2/opencms/en/venue/?venueid=BC292235-0368-F4B6-A5B1-8737AD416345 HTTP/1.1" 200 85265
152.53.2.88 - - [07/Mar/2025:03:01:04 +0100] "GET /ticket2/opencms/sr/magazine/article?title=majkl-antonio-povredjen-nakon-saobracajne-nesrece HTTP/1.1" 200 93966
185.191.171.3 - - [07/Mar/2025:03:01:06 +0100] "GET /ticket2/opencms/lt/magazine/article?title=apie-arsenal-fc HTTP/1.1" 200 93413
192.99.35.94 - - [07/Mar/2025:03:01:09 +0100] "GET /ticket2/opencms/en/venue/?venueid=BC2CC518-91EF-AA50-803C-4CF19EFA0DC6 HTTP/1.1" 200 85422
66.249.76.1 - - [07/Mar/2025:03:01:09 +0100] "GET /ticket2/opencms/el/magazine/article?title=h-lista-me-toys-ypopshfioys-gia-th-xrysh-mpala HTTP/1.1" 200 97252
114.119.136.8 - - [07/Mar/2025:03:01:11 +0100] "GET /ticket2/opencms/en/sell/?edid=2FD314DB-D16F-8C23-B2AF-B3343415D5C2 HTTP/1.1" 302 -
95.217.114.173 - - [07/Mar/2025:03:01:12 +0100] "GET /ticket2/opencms/fi/buy/?page=1&edid=1DBF14B5-C823-5399-D365-712859C1D3D3 HTTP/1.1" 200 111832
40.77.167.7 - - [07/Mar/2025:03:01:13 +0100] "GET /ticket2/opencms/tr/buy/?page=1&edid=4D379F8B-AE2A-EBF4-6C2E-EB40FFD2EAEF HTTP/1.1" 200 111476
192.99.35.94 - - [07/Mar/2025:03:01:13 +0100] "GET /ticket2/opencms/en/venue/?venueid=BCA44AE3-0AA2-97FD-825B-60825F01067E HTTP/1.1" 200 85373
114.119.151.93 - - [07/Mar/2025:03:01:14 +0100] "GET /ticket2/opencms/az/buy?page=1&edid=8FCD35F0-8E12-2973-163C-4E40E7B9297B HTTP/1.1" 200 109025
40.77.167.7 - - [07/Mar/2025:03:01:14 +0100] "GET /ticket2/opencms/hu/buy?page=1&edid=7B851125-AE77-B307-573A-420FFBA49AB8 HTTP/1.1" 200 111974
114.119.136.8 - - [07/Mar/2025:03:01:16 +0100] "GET /ticket2/opencms/en/login/?url=/en/sell/ HTTP/1.1" 200 90135
192.99.35.94 - - [07/Mar/2025:03:01:18 +0100] "GET /ticket2/opencms/en/venue/?venueid=BDC9D29C-8F6E-EC95-33C8-597D26A28E7C HTTP/1.1" 200 85276
47.128.50.71 - - [07/Mar/2025:03:01:21 +0100] "GET /ticket2/opencms/it/buy?edid=4DF0D9FC-63B4-BC0C-C1C6-5A8F2E684398 HTTP/1.1" 200 91484
192.99.35.94 - - [07/Mar/2025:03:01:22 +0100] "GET /ticket2/opencms/en/venue/?venueid=BF7CF0C6-184F-C149-0464-300615C1A80F HTTP/1.1" 200 85305
192.99.35.94 - - [07/Mar/2025:03:01:26 +0100] "GET /ticket2/opencms/en/venue/?venueid=C6D8F33E-E17F-AB76-DAA0-0AEF57419F32 HTTP/1.1" 200 85351
194.120.230.215 - - [07/Mar/2025:03:01:27 +0100] "GET /ticket2/opencms/de/cgi-bin/luci/;stok=/locale HTTP/1.1" 404 -
185.191.171.18 - - [07/Mar/2025:03:01:27 +0100] "GET /ticket2/opencms/lv/magazine/article?title=aston-villa-viens-no-vecakajiem-klubiem-premier-league HTTP/1.1" 200 93957
95.217.114.173 - - [07/Mar/2025:03:01:27 +0100] "GET /ticket2/opencms/fi/buy/?page=1&edid=1DD2FB8C-6182-8BDB-87C5-B8D6E862FA4D HTTP/1.1" 200 108454
66.249.65.235 - - [07/Mar/2025:03:01:27 +0100] "GET /ticket2/opencms/sv/buy/?page=1&edid=4D0E8B6F-4A4C-13EE-EC78-4C4A42CB13B0 HTTP/1.1" 200 110246
192.99.35.94 - - [07/Mar/2025:03:01:31 +0100] "GET /ticket2/opencms/en/venue/?venueid=C739F0C3-3AC2-C330-A99C-F40369E33E70 HTTP/1.1" 200 85267
114.119.152.134 - - [07/Mar/2025:03:01:32 +0100] "GET /ticket2/opencms/es/magazine/article?title=declan-rice HTTP/1.1" 200 93407
85.208.96.205 - - [07/Mar/2025:03:01:35 +0100] "GET /ticket2/opencms/nl/magazine/article?title=raphael-varane-beeindigt-zijn-carriere-op-31-jarige-leeftijd HTTP/1.1" 200 91271
192.99.35.94 - - [07/Mar/2025:03:01:35 +0100] "GET /ticket2/opencms/en/venue/?venueid=C7742FBF-52AC-AE6B-D02B-68464EB70BEB HTTP/1.1" 200 85409
207.46.13.141 - - [07/Mar/2025:03:01:36 +0100] "GET /ticket2/opencms/fi/buy/?page=1&edid=5130AA30-8F4F-96F4-18F0-73196247FCC5 HTTP/1.1" 200 108452
185.191.171.16 - - [07/Mar/2025:03:01:38 +0100] "GET /ticket2/opencms/fr/magazine/article?title=fc-liverpool-reflexion-de-la-saison HTTP/1.1" 200 95196
40.77.167.116 - - [07/Mar/2025:03:01:38 +0100] "GET /ticket2/opencms/fr/buy/?page=1&edid=5160EF60-35C4-C5A3-CB79-9915EF9DD088 HTTP/1.1" 200 111768
85.208.96.196 - - [07/Mar/2025:03:01:38 +0100] "GET /ticket2/opencms/pl/magazine/article?title=abdul-fatawu-bedzie-pauzowac-do-konca-sezonu HTTP/1.1" 200 94118
95.217.114.173 - - [07/Mar/2025:03:01:39 +0100] "GET /ticket2/opencms/fi/buy/?page=1&edid=1E25B326-4F8F-7BA0-5AB1-018D89AC8C22 HTTP/1.1" 200 111275
192.99.35.94 - - [07/Mar/2025:03:01:40 +0100] "GET /ticket2/opencms/fi/buy/?page=1&edid=2C4C8FD9-D258-441B-A3AB-3A6EDF25D53E&sortorder=asc&column=price HTTP/1.1" 200 109295
114.119.130.91 - - [07/Mar/2025:03:01:41 +0100] "GET /ticket2/opencms/en/buy/?page=1&edid=FF27455A-A259-2E61-E278-C658588A9BEE HTTP/1.1" 200 110549
40.77.167.9 - - [07/Mar/2025:03:01:41 +0100] "GET /ticket2/opencms/sk/buy?page=10&eventid=D0A9601D-3651-9BBC-A356-BE476DAC1559 HTTP/1.1" 200 93250
192.99.35.94 - - [07/Mar/2025:03:01:44 +0100] "GET /ticket2/opencms/fi/buy/?page=1&edid=2C4C8FD9-D258-441B-A3AB-3A6EDF25D53E&sortorder=asc&column=section HTTP/1.1" 200 109405
40.77.167.116 - - [07/Mar/2025:03:01:46 +0100] "GET /ticket2/opencms/sr/buy/?page=1&edid=C2E0FED9-872C-CDB5-EA69-F93F12F9C91F HTTP/1.1" 200 112447
192.99.35.94 - - [07/Mar/2025:03:01:48 +0100] "GET /ticket2/opencms/fi/buy/?page=1&edid=2C4C8FD9-D258-441B-A3AB-3A6EDF25D53E&sortorder=desc&column=price HTTP/1.1" 200 109337
95.217.114.173 - - [07/Mar/2025:03:01:51 +0100] "GET /ticket2/opencms/fi/buy/?page=1&edid=1E3D68D0-19F7-185F-FFBF-951DC098077A HTTP/1.1" 200 111102
192.99.35.94 - - [07/Mar/2025:03:01:51 +0100] "GET /ticket2/opencms/fi/buy/?page=1&edid=7A6F1724-A53B-FE6F-BE6F-DFFCE84563FE&sortorder=asc&column=price HTTP/1.1" 200 112540
114.119.130.154 - - [07/Mar/2025:03:01:54 +0100] "GET /ticket2/opencms/uk/buy?page=1&edid=0FDA018D-B8AF-3F2B-04D5-9F590D681B22 HTTP/1.1" 200 113173
192.99.35.94 - - [07/Mar/2025:03:01:55 +0100] "GET /ticket2/opencms/fi/login/?edid=14D7D04C-1BD0-962E-2036-77899BCAD3C5 HTTP/1.1" 200 91929
47.128.20.18 - - [07/Mar/2025:03:01:56 +0100] "GET /ticket2/opencms/nl/buy?page=1&edid=B5C7399B-C087-FF38-4294-BB861C1DB4F9 HTTP/1.1" 200 108867
47.128.20.18 - - [07/Mar/2025:03:01:58 +0100] "GET /ticket2/opencms/nl/ask-form.html HTTP/1.1" 200 3015
192.99.35.94 - - [07/Mar/2025:03:01:59 +0100] "GET /ticket2/opencms/fi/login/?edid=1F639E94-CF6E-403B-2FCC-FBB087375287 HTTP/1.1" 200 91886
47.128.110.146 - - [07/Mar/2025:03:02:01 +0100] "GET /ticket2/opencms/fr/buy/?edid=9BBBC99D-9BE8-492C-BD4A-8B73CDBF11B6 HTTP/1.1" 200 91070
20.171.207.36 - - [07/Mar/2025:03:02:01 +0100] "GET /ticket2/opencms/cs/sport/fotbalove-listky/premier-league/west-ham HTTP/1.1" 404 -
95.217.114.173 - - [07/Mar/2025:03:02:03 +0100] "GET /ticket2/opencms/fi/buy/?page=1&edid=1E498197-A80E-41C4-F7D6-0B75E6B404DF HTTP/1.1" 200 111570
192.99.35.94 - - [07/Mar/2025:03:02:04 +0100] "GET /ticket2/opencms/fi/login/?edid=211429E0-D08B-1E8E-1EA3-8D59AD6D932A HTTP/1.1" 200 91824
114.119.130.23 - - [07/Mar/2025:03:02:06 +0100] "GET /ticket2/opencms/pl/faq HTTP/1.1" 200 90169
40.77.167.9 - - [07/Mar/2025:03:02:06 +0100] "GET /ticket2/opencms/uk/sell/?edid=2197E523-8740-2A01-BD5D-12E3C3F2DBFE HTTP/1.1" 302 -
192.99.35.94 - - [07/Mar/2025:03:02:08 +0100] "GET /ticket2/opencms/fi/login/?edid=2504116F-9B00-F8B9-A7E6-66686A6BE7BB HTTP/1.1" 200 91845
185.191.171.11 - - [07/Mar/2025:03:02:09 +0100] "GET /ticket2/opencms/nl/magazine/article?title=mohamed-salah-verlengen-met-liverpool HTTP/1.1" 200 93306
66.249.76.2 - - [07/Mar/2025:03:02:12 +0100] "GET /ticket2/opencms/el/magazine/article?title=em-paiktes-poy-3exwrizoyn HTTP/1.1" 200 96528
192.99.35.94 - - [07/Mar/2025:03:02:12 +0100] "GET /ticket2/opencms/fi/login/?edid=29E18AE9-D6E0-6828-8918-77C9018A5E60 HTTP/1.1" 200 91864
95.217.114.173 - - [07/Mar/2025:03:02:13 +0100] "GET /ticket2/opencms/fi/buy/?page=1&edid=1E779CD0-B181-DF0A-C0F1-0F4838D81E3C HTTP/1.1" 200 112169
185.191.171.16 - - [07/Mar/2025:03:02:15 +0100] "GET /ticket2/opencms/es/magazine/article?title=final-de-la-em-2024 HTTP/1.1" 200 94723
192.99.35.94 - - [07/Mar/2025:03:02:16 +0100] "GET /ticket2/opencms/fi/login/?edid=2D726398-C836-8BED-AF4C-01D0E7436418 HTTP/1.1" 200 91849
66.249.65.33 - - [07/Mar/2025:03:02:17 +0100] "GET /ticket2/opencms/fi/venue/?venueid=FECA8F49-02CA-5614-CDE6-83282EC6D5D0 HTTP/1.1" 200 86841
173.252.87.2 - - [07/Mar/2025:03:02:20 +0100] "GET /ticket2/opencms/mo/buy/?page=1&edid=B971CA22-B907-9DDA-615B-B7F75124D039 HTTP/1.1" 200 108778
192.99.35.94 - - [07/Mar/2025:03:02:20 +0100] "GET /ticket2/opencms/fi/login/?edid=32A8F56D-1146-586D-D282-0D84CEE4FD54 HTTP/1.1" 200 91823
85.208.96.195 - - [07/Mar/2025:03:02:21 +0100] "GET /ticket2/opencms/sv/sport/fotbollsbiljetter/bundesliga/ HTTP/1.1" 200 102623
185.191.171.9 - - [07/Mar/2025:03:02:22 +0100] "GET /ticket2/opencms/sv/magazine/article?title=andra-plats-andra-aret-i-rad HTTP/1.1" 200 89272
185.191.171.14 - - [07/Mar/2025:03:02:22 +0100] "GET /ticket2/opencms/el/athlitismos/eisitiria-podosfairou/premier-league/manchester-city HTTP/1.1" 200 103857
95.217.114.173 - - [07/Mar/2025:03:02:23 +0100] "GET /ticket2/opencms/fi/buy/?page=1&edid=1EBB0FE5-436D-AE74-CBB0-5C241270F5C0 HTTP/1.1" 200 108427
192.99.35.94 - - [07/Mar/2025:03:02:24 +0100] "GET /ticket2/opencms/fi/login/?edid=363E9E9B-AD53-FBF5-F36A-1146A7420E97 HTTP/1.1" 200 91881
192.99.35.94 - - [07/Mar/2025:03:02:29 +0100] "GET /ticket2/opencms/fi/login/?edid=39168B9C-E36E-857F-42A1-E431E428BADA HTTP/1.1" 200 91840
192.99.35.94 - - [07/Mar/2025:03:02:33 +0100] "GET /ticket2/opencms/fi/login/?edid=3E20A61C-CB72-59DD-3B89-2D3668109906 HTTP/1.1" 200 91850
40.77.167.7 - - [07/Mar/2025:03:02:33 +0100] "GET /ticket2/opencms/az/buy/?page=1&edid=042BC021-36D6-73D9-19EF-5A196C199ABC HTTP/1.1" 200 112162
95.217.114.173 - - [07/Mar/2025:03:02:33 +0100] "GET /ticket2/opencms/fi/buy/?page=1&edid=1F0062E5-B41B-134F-9FBF-4A7B26C9CCE3 HTTP/1.1" 200 111587
114.119.130.210 - - [07/Mar/2025:03:02:34 +0100] "GET /ticket2/opencms/en/magazine/article?title=bournemouth HTTP/1.1" 200 91514
40.77.167.68 - - [07/Mar/2025:03:02:36 +0100] "GET /ticket2/opencms/en/buy/?page=1&edid=9AD6E1E6-FB1D-3EDD-D6AB-CD76FAA24E1B HTTP/1.1" 200 109966
192.99.35.94 - - [07/Mar/2025:03:02:37 +0100] "GET /ticket2/opencms/fi/login/?edid=3E844C64-2B32-A35E-237A-EDAC48338BDA HTTP/1.1" 200 91754
85.208.96.211 - - [07/Mar/2025:03:02:40 +0100] "GET /ticket2/opencms/robots.txt HTTP/1.1" 200 773
185.191.171.13 - - [07/Mar/2025:03:02:41 +0100] "GET /ticket2/opencms/sk/magazine/article?title=tottenham-burnley-2024-05-11 HTTP/1.1" 200 91891
192.99.35.94 - - [07/Mar/2025:03:02:41 +0100] "GET /ticket2/opencms/fi/login/?edid=3F03396F-3992-F037-AAF5-4DAE8D2B17F4 HTTP/1.1" 200 91886
185.191.171.3 - - [07/Mar/2025:03:02:42 +0100] "GET /ticket2/opencms/tr/spor/futbol-biletleri/bundesliga/wolfsburg/ HTTP/1.1" 500 -
192.99.35.94 - - [07/Mar/2025:03:02:45 +0100] "GET /ticket2/opencms/fi/login/?edid=3F81A579-C5D8-A8AE-791F-F6F1E7AD279B HTTP/1.1" 200 91811
104.28.219.137 - - [07/Mar/2025:03:02:47 +0100] "GET /ticket2/opencms/xmlrpc.php HTTP/1.1" 404 -
95.217.114.173 - - [07/Mar/2025:03:02:47 +0100] "GET /ticket2/opencms/fi/buy/?page=1&edid=1F03C0A9-DA5E-BA0E-F804-AF1D0BD0F989 HTTP/1.1" 200 111783
47.128.16.199 - - [07/Mar/2025:03:02:47 +0100] "GET /ticket2/opencms/robots.txt HTTP/1.1" 200 773
185.191.171.8 - - [07/Mar/2025:03:02:48 +0100] "GET /ticket2/opencms/lt/about/contact HTTP/1.1" 200 86423
192.99.35.94 - - [07/Mar/2025:03:02:49 +0100] "GET /ticket2/opencms/fi/login/?edid=43CBC4C0-E5B1-CD57-35C4-0C49D165E36B HTTP/1.1" 200 91821
192.99.35.94 - - [07/Mar/2025:03:02:53 +0100] "GET /ticket2/opencms/fi/login/?edid=4762DED1-D0F0-E02F-7740-40C01DC51B7B HTTP/1.1" 200 91821
40.77.167.32 - - [07/Mar/2025:03:02:54 +0100] "GET /ticket2/opencms/sq/magazine/article???%20Error%20reading%20resource%20from%20path HTTP/1.1" 200 89447
114.119.150.86 - - [07/Mar/2025:03:02:55 +0100] "GET /ticket2/opencms/ru/buy/?page=1&edid=F2AAEAC6-0FA1-D834-2990-EDC1FBE1D38B HTTP/1.1" 200 109572
95.217.114.173 - - [07/Mar/2025:03:02:56 +0100] "GET /ticket2/opencms/fi/buy/?page=1&edid=1F546517-7633-42B2-A140-E9D704EF0B28 HTTP/1.1" 200 111609
192.99.35.94 - - [07/Mar/2025:03:02:57 +0100] "GET /ticket2/opencms/fi/login/?edid=498207D5-8BE5-9D2E-9FF0-3383CEB347D8 HTTP/1.1" 200 91859
114.119.139.202 - - [07/Mar/2025:03:02:59 +0100] "GET /ticket2/opencms/ru/sell/?edid=055941D5-AAA9-3559-090F-26D27D65FBDA HTTP/1.1" 302 -
192.99.35.94 - - [07/Mar/2025:03:03:01 +0100] "GET /ticket2/opencms/fi/login/?edid=53761E65-F89B-BBEE-6188-DCF95DA0DC4F HTTP/1.1" 200 91884
185.191.171.6 - - [07/Mar/2025:03:03:02 +0100] "GET /ticket2/opencms/ka/magazine/article?title=niderlandebi-vs-anglia-semifinalshi HTTP/1.1" 200 97944
47.128.47.237 - - [07/Mar/2025:03:03:02 +0100] "GET /ticket2/opencms/fi/venue/?venueid=EA804EE9-079E-9D15-9A71-C89C6269C331 HTTP/1.1" 200 86870
85.208.96.195 - - [07/Mar/2025:03:03:03 +0100] "GET /ticket2/opencms/ro/magazine/article?title=bukayo-ayoyinka-t-m-saka HTTP/1.1" 200 93702
114.119.139.202 - - [07/Mar/2025:03:03:03 +0100] "GET /ticket2/opencms/ru/login/?url=/ru/sell/ HTTP/1.1" 200 87724
95.217.114.173 - - [07/Mar/2025:03:03:05 +0100] "GET /ticket2/opencms/fi/buy/?page=1&edid=1F8EBC51-A83D-D3B0-BA39-A6AA3192BC78 HTTP/1.1" 200 110494
20.171.207.36 - - [07/Mar/2025:03:03:05 +0100] "GET /ticket2/opencms/sk/sport/futbalove-listky/premier-league/fulham/ HTTP/1.1" 200 101979
192.99.35.94 - - [07/Mar/2025:03:03:05 +0100] "GET /ticket2/opencms/fi/login/?edid=53E45983-CD38-167B-CB85-BCE8E68486E1 HTTP/1.1" 200 91905
114.119.148.14 - - [07/Mar/2025:03:03:06 +0100] "GET /ticket2/opencms/en/buy/?page=1&edid=FEC55A08-67DE-52B7-7760-E96A945C9969 HTTP/1.1" 200 109487
66.249.65.233 - - [07/Mar/2025:03:03:07 +0100] "GET /ticket2/opencms/et/buy?page=1&edid=FDE2CB1B-737B-857F-7431-BD450E7D3BBB HTTP/1.1" 200 135014
192.99.35.94 - - [07/Mar/2025:03:03:09 +0100] "GET /ticket2/opencms/fi/login/?edid=71F8EE29-FA8F-FD46-7D27-26F4014317BC HTTP/1.1" 200 91776
66.220.149.34 - - [07/Mar/2025:03:03:13 +0100] "GET /ticket2/opencms/is/buy_safety HTTP/1.1" 200 89445
192.99.35.94 - - [07/Mar/2025:03:03:13 +0100] "GET /ticket2/opencms/fi/login/?edid=83F2E8A0-DC7B-A3A3-A729-75E740E82055 HTTP/1.1" 200 91781
95.217.114.173 - - [07/Mar/2025:03:03:14 +0100] "GET /ticket2/opencms/fi/buy/?page=1&edid=1F908A3A-B7C8-1ADB-3565-9A1E3C2E8619 HTTP/1.1" 200 108447
185.191.171.14 - - [07/Mar/2025:03:03:16 +0100] "GET /ticket2/opencms/pl/sport/bilety-futbol/english-championship/blackburn-rovers HTTP/1.1" 404 -
40.77.167.116 - - [07/Mar/2025:03:03:17 +0100] "GET /ticket2/opencms/uk/buy?page=1&edid=789B0C2E-7EE9-275D-500F-4FA5025F2F5B HTTP/1.1" 200 114653
192.99.35.94 - - [07/Mar/2025:03:03:17 +0100] "GET /ticket2/opencms/fi/login/?edid=85C49B56-0E7B-16F6-66E3-E0CA735F0D13 HTTP/1.1" 200 91851
95.217.114.173 - - [07/Mar/2025:03:03:21 +0100] "GET /ticket2/opencms/fi/buy/?page=1&edid=1FBDB794-B347-DB02-D8D5-2A81C43AD27B HTTP/1.1" 200 90259
192.99.35.94 - - [07/Mar/2025:03:03:22 +0100] "GET /ticket2/opencms/fi/login/?edid=8658E1FC-AEE0-692C-386F-78725205AC72 HTTP/1.1" 200 91835
192.99.35.94 - - [07/Mar/2025:03:03:26 +0100] "GET /ticket2/opencms/fi/login/?edid=95CACFD9-29C2-1708-57C5-046FA498506B HTTP/1.1" 200 91849
95.217.114.173 - - [07/Mar/2025:03:03:29 +0100] "GET /ticket2/opencms/fi/buy/?page=1&edid=1FCA645A-DEE0-EC18-0DE3-82C0541BBA3A HTTP/1.1" 200 111078
114.119.130.154 - - [07/Mar/2025:03:03:29 +0100] "GET /ticket2/opencms/it/buy?page=1&edid=76B00707-D3EA-3D94-DEEA-CEE4CD43DF30 HTTP/1.1" 200 108380
192.99.35.94 - - [07/Mar/2025:03:03:31 +0100] "GET /ticket2/opencms/fi/login/?edid=9BCFA842-8EB3-2895-3674-5E046AE9AE63 HTTP/1.1" 200 91885
85.208.96.206 - - [07/Mar/2025:03:03:31 +0100] "GET /ticket2/opencms/es/magazine/article?title=la-promesa-sueca-lucas-bergvall-ficha-por-el-tottenham-hotspur HTTP/1.1" 200 95753
192.99.35.94 - - [07/Mar/2025:03:03:35 +0100] "GET /ticket2/opencms/fi/login/?edid=9CF69F2A-D1E9-E97E-3CC5-627B124BA0D4 HTTP/1.1" 200 91841
192.99.35.94 - - [07/Mar/2025:03:03:39 +0100] "GET /ticket2/opencms/fi/login/?edid=A34637F6-A2D0-912E-26B6-F992C4C5FF72 HTTP/1.1" 200 91850
95.217.114.173 - - [07/Mar/2025:03:03:40 +0100] "GET /ticket2/opencms/fi/buy/?page=1&edid=1FCB4B3B-2F91-5FA8-7C18-A8B33BC1BAEA HTTP/1.1" 200 110767
185.191.171.9 - - [07/Mar/2025:03:03:40 +0100] "GET /ticket2/opencms/sq/about/press HTTP/1.1" 200 89434
216.244.66.196 - - [07/Mar/2025:03:03:42 +0100] "GET /ticket2/opencms/en/buy?page=1&edid=ACE0111C-6B99-CC8A-A851-A31348B3D091 HTTP/1.1" 200 110559
192.99.35.94 - - [07/Mar/2025:03:03:43 +0100] "GET /ticket2/opencms/fi/login/?edid=AC0F73E1-0232-61EB-B03D-E2D48293DDC3 HTTP/1.1" 200 91836
85.208.96.201 - - [07/Mar/2025:03:03:44 +0100] "GET /ticket2/opencms/cs/magazine/article?title=jak-by-mel-manchester-united-resit-krizi HTTP/1.1" 200 93199
46.232.250.88 - - [07/Mar/2025:03:03:47 +0100] "GET /ticket2/opencms/de/buy/?page=1&edid=66C22035-E7EA-E10A-4BFC-2C30733037DC HTTP/1.1" 200 135707
192.99.35.94 - - [07/Mar/2025:03:03:48 +0100] "GET /ticket2/opencms/fi/login/?edid=AF97ABE2-861D-FC72-98BD-465ED5205D7B HTTP/1.1" 200 91754
95.217.114.173 - - [07/Mar/2025:03:03:49 +0100] "GET /ticket2/opencms/fi/buy/?page=1&edid=200DEA95-C913-C4D4-21B2-9E21A42B9886 HTTP/1.1" 200 110582
114.119.130.23 - - [07/Mar/2025:03:03:51 +0100] "GET /ticket2/opencms/it/magazine/article?title=una-riflessione-sulla-stagione-del-manchester-united-202324 HTTP/1.1" 200 93697
192.99.35.94 - - [07/Mar/2025:03:03:52 +0100] "GET /ticket2/opencms/fi/login/?edid=FD9F7521-FAF6-CC18-E57A-C791478603D9 HTTP/1.1" 200 91906
114.119.150.86 - - [07/Mar/2025:03:03:52 +0100] "GET /ticket2/opencms/hy/buy?page=1&edid=5DD7BC42-DB22-EC66-CE5D-0464D20DDDB4 HTTP/1.1" 404 -
185.191.171.2 - - [07/Mar/2025:03:03:55 +0100] "GET /ticket2/opencms/lt/magazine/article?title=manchester-city-7-rungtynes-be-pergales HTTP/1.1" 200 94791
95.217.114.173 - - [07/Mar/2025:03:03:56 +0100] "GET /ticket2/opencms/fi/buy/?page=1&edid=2011FF90-8A57-6A2F-9B46-947EE7103FE5 HTTP/1.1" 200 112211
40.77.167.116 - - [07/Mar/2025:03:03:56 +0100] "GET /ticket2/opencms/mt/buy/?page=1&edid=3A899F3D-4563-653B-4B43-C09A35CA2BD9 HTTP/1.1" 200 111113
192.99.35.94 - - [07/Mar/2025:03:03:56 +0100] "GET /ticket2/opencms/fi/login/?edid=FFB8928A-995C-1A51-9879-FC93880C037F HTTP/1.1" 200 91903
66.249.76.8 - - [07/Mar/2025:03:03:56 +0100] "GET /ticket2/opencms/sv/buy/?page=1&edid=24658CB7-0503-4139-A73F-444B9F961692 HTTP/1.1" 200 108109
54.36.148.243 - - [07/Mar/2025:03:03:57 +0100] "GET /ticket2/opencms/no/login/ HTTP/1.1" 200 91360
192.99.35.94 - - [07/Mar/2025:03:04:00 +0100] "GET /ticket2/opencms/fi/login/?edid=FFD295A3-4EEF-0AC4-F4B4-46E2317B286E HTTP/1.1" 200 91808
95.217.114.173 - - [07/Mar/2025:03:04:03 +0100] "GET /ticket2/opencms/fi/buy/?page=1&edid=2023F726-4311-DF16-2C0C-AE4A78BC8014 HTTP/1.1" 200 108435
192.99.36.61 - - [07/Mar/2025:03:04:04 +0100] "GET /ticket2/opencms/dk/robots.txt HTTP/1.1" 404 -
192.99.35.94 - - [07/Mar/2025:03:04:04 +0100] "GET /ticket2/opencms/sv/buy/?page=1&edid=11D1149A-F4B7-F104-E5AE-C70D8A130A49&sortorder=desc&column=section HTTP/1.1" 200 112400
114.119.129.189 - - [07/Mar/2025:03:04:06 +0100] "GET /ticket2/opencms/ru/buy/?page=1&edid=654D2182-3B85-F3F4-D72D-8B1FD3247FEF HTTP/1.1" 200 106965
20.171.207.36 - - [07/Mar/2025:03:04:09 +0100] "GET /ticket2/opencms/sq/sport/bileta-per-futboll/champions-league/malmo HTTP/1.1" 404 -
95.217.114.173 - - [07/Mar/2025:03:04:09 +0100] "GET /ticket2/opencms/fi/buy/?page=1&edid=206313F9-F1C3-43C5-E48A-FCCE37D5461A HTTP/1.1" 200 111014
192.99.36.61 - - [07/Mar/2025:03:04:14 +0100] "GET /ticket2/opencms/dk/ru/buy/?page=1&edid=1EC4EA00-5B50-3E4E-4998-2E9FED4368A1&sortorder=desc&column=section HTTP/1.1" 404 -
68.234.221.21 - - [07/Mar/2025:03:04:16 +0100] "GET /ticket2/opencms/set_aff_cookie.jsp?partner=53673ED6-1455-FA54-818F-B1F67121E37C&url=/en/buy/index.html%3Fpage%3D1%26edid%3D46F37BE7-B2F6-BEA5-12C9-E1FFD36B0DD0%26hlv%3D668678b9-78b0-4db7-81e0-7c9a0a01000f%23v978205828 HTTP/1.1" 200 224
68.234.221.21 - - [07/Mar/2025:03:04:17 +0100] "GET /ticket2/opencms/en/buy/?page=1&edid=46F37BE7-B2F6-BEA5-12C9-E1FFD36B0DD0&hlv=668678b9-78b0-4db7-81e0-7c9a0a01000f HTTP/1.1" 200 117245
68.234.221.21 - - [07/Mar/2025:03:04:17 +0100] "GET /ticket2/opencms/system/modules/com.gridnine.opencms.ticketbrokerage.site/resources/css/ticketbrokerage.css HTTP/1.1" 200 39339
68.234.221.21 - - [07/Mar/2025:03:04:17 +0100] "GET /ticket2/opencms/system/modules/com.gridnine.opencms.ticketbrokerage.site/resources/css/calendar.css HTTP/1.1" 200 6871
68.234.221.21 - - [07/Mar/2025:03:04:17 +0100] "GET /ticket2/opencms/system/modules/com.gridnine.opencms.ticketbrokerage.site/resources/css/jquery-ui.css HTTP/1.1" 200 33221
68.234.221.21 - - [07/Mar/2025:03:04:17 +0100] "GET /ticket2/opencms/system/modules/com.gridnine.opencms.ticketbrokerage.site/resources/css/standard.css HTTP/1.1" 200 74449
68.234.221.21 - - [07/Mar/2025:03:04:17 +0100] "GET /ticket2/opencms/system/modules/com.gridnine.opencms.ticketbrokerage.site/resources/css/jquery.fancybox.css HTTP/1.1" 200 4939
68.234.221.21 - - [07/Mar/2025:03:04:17 +0100] "GET /ticket2/opencms/system/modules/com.gridnine.opencms.ticketbrokerage.site/resources/js/jquery/jquery.js HTTP/1.1" 200 93868
68.234.221.21 - - [07/Mar/2025:03:04:17 +0100] "GET /ticket2/opencms/system/modules/com.gridnine.opencms.ticketbrokerage.site/resources/js/jquery/jquery-ui.js HTTP/1.1" 200 228088
68.234.221.21 - - [07/Mar/2025:03:04:17 +0100] "GET /ticket2/opencms/system/modules/com.gridnine.opencms.ticketbrokerage.site/resources/js/functions.js HTTP/1.1" 200 1583
68.234.221.21 - - [07/Mar/2025:03:04:17 +0100] "GET /ticket2/opencms/system/modules/com.gridnine.opencms.ticketbrokerage.site/resources/js/calendar.js HTTP/1.1" 200 49229
68.234.221.21 - - [07/Mar/2025:03:04:17 +0100] "GET /ticket2/opencms/system/modules/com.gridnine.opencms.ticketbrokerage.site/resources/js/calendar-setup.js HTTP/1.1" 200 4923
68.234.221.21 - - [07/Mar/2025:03:04:17 +0100] "GET /ticket2/opencms/system/modules/com.gridnine.opencms.ticketbrokerage.site/resources/js/calendar-en.js HTTP/1.1" 200 3338
68.234.221.21 - - [07/Mar/2025:03:04:17 +0100] "GET /ticket2/opencms/system/modules/com.gridnine.opencms.ticketbrokerage.site/resources/js/jquery.fancybox.pack.js HTTP/1.1" 200 23187
68.234.221.21 - - [07/Mar/2025:03:04:17 +0100] "GET /ticket2/opencms/system/modules/com.gridnine.opencms.ticketbrokerage.site/resources/js/stickyfill.min.js HTTP/1.1" 200 5672
95.217.114.173 - - [07/Mar/2025:03:04:17 +0100] "GET /ticket2/opencms/fi/buy/?page=1&edid=208620A3-CAD7-367C-C114-D9C4D84F40F8 HTTP/1.1" 200 110469
68.234.221.21 - - [07/Mar/2025:03:04:18 +0100] "GET /ticket2/opencms/img/icons/en.png HTTP/1.1" 200 2415
